216.73.216.32 - - [25/Aug/2026:18:43:55 +0500] "GET /uz/component/search/?Itemid=117&format=opensearch&r=o4p3p7o6n5e7n9t6504 HTTP/1.1" 200 798 "-" "Mozilla/5.0 AppleWebKit/537.36 (KHTML, like Gecko; compatible; ClaudeBot/1.0; +claudebot@anthropic.com)"
51.75.119.173 - - [25/Aug/2026:18:44:00 +0500] "GET /uz/?r=g9r1o8u1t7i5n7g1532&start=28 HTTP/1.1" 200 68463 "-" "Mozilla/5.0 (compatible; MJ12bot/v1.4.8; http://mj12bot.com/)"
51.75.119.173 - - [25/Aug/2026:18:44:14 +0500] "GET /uz/?r=g9r1o8u1t7i5n7g1532&start=32 HTTP/1.1" 200 68414 "-" "Mozilla/5.0 (compatible; MJ12bot/v1.4.8; http://mj12bot.com/)"
216.73.216.32 - - [25/Aug/2026:18:44:17 +0500] "GET /uz/?r=p4a1t2r9i9c9i5a5n8s7&start=12 HTTP/1.1" 200 68422 "-" "Mozilla/5.0 AppleWebKit/537.36 (KHTML, like Gecko; compatible; ClaudeBot/1.0; +claudebot@anthropic.com)"
51.75.119.173 - - [25/Aug/2026:18:44:21 +0500] "GET /uz/?r=g9r1o8u1t7i5n7g1532&start=36 HTTP/1.1" 200 69941 "-" "Mozilla/5.0 (compatible; MJ12bot/v1.4.8; http://mj12bot.com/)"
51.75.119.173 - - [25/Aug/2026:18:44:28 +0500] "GET /uz/?yandex-source=desktop-maps&start=12 HTTP/1.1" 200 68454 "-" "Mozilla/5.0 (compatible; MJ12bot/v1.4.8; http://mj12bot.com/)"
216.73.216.32 - - [25/Aug/2026:18:44:28 +0500] "GET /index.php?r=m4e3l8a8n4o7x0y3l3o8n2 HTTP/1.1" 301 - "-" "Mozilla/5.0 AppleWebKit/537.36 (KHTML, like Gecko; compatible; ClaudeBot/1.0; +claudebot@anthropic.com)"
216.73.216.32 - - [25/Aug/2026:18:44:31 +0500] "GET /uz/?r=m4e3l8a8n4o7x0y3l3o8n2 HTTP/1.1" 200 68402 "http://eski.uzbekgidroenergoqurilish.uz/index.php?r=m4e3l8a8n4o7x0y3l3o8n2" "Mozilla/5.0 AppleWebKit/537.36 (KHTML, like Gecko; compatible; ClaudeBot/1.0; +claudebot@anthropic.com)"
216.73.216.32 - - [25/Aug/2026:18:44:51 +0500] "GET /index.php?r=s4e2r5a8p7h7s44072 HTTP/1.1" 301 - "-" "Mozilla/5.0 AppleWebKit/537.36 (KHTML, like Gecko; compatible; ClaudeBot/1.0; +claudebot@anthropic.com)"
216.73.216.32 - - [25/Aug/2026:18:45:01 +0500] "GET /uz/?r=p9o3l1y2s8t5o0m9e78&start=12 HTTP/1.1" 508 288 "-" "Mozilla/5.0 AppleWebKit/537.36 (KHTML, like Gecko; compatible; ClaudeBot/1.0; +claudebot@anthropic.com)"
216.73.216.32 - - [25/Aug/2026:18:44:57 +0500] "GET /uz/?r=s4e2r5a8p7h7s44072 HTTP/1.1" 200 68405 "http://eski.uzbekgidroenergoqurilish.uz/index.php?r=s4e2r5a8p7h7s44072" "Mozilla/5.0 AppleWebKit/537.36 (KHTML, like Gecko; compatible; ClaudeBot/1.0; +claudebot@anthropic.com)"
216.73.216.32 - - [25/Aug/2026:18:45:11 +0500] "GET /index.php?r=b4a7r7i8u5m29862 HTTP/1.1" 301 - "-" "Mozilla/5.0 AppleWebKit/537.36 (KHTML, like Gecko; compatible; ClaudeBot/1.0; +claudebot@anthropic.com)"
216.73.216.32 - - [25/Aug/2026:18:45:15 +0500] "GET /uz/?r=b4a7r7i8u5m29862 HTTP/1.1" 200 68403 "http://eski.uzbekgidroenergoqurilish.uz/index.php?r=b4a7r7i8u5m29862" "Mozilla/5.0 AppleWebKit/537.36 (KHTML, like Gecko; compatible; ClaudeBot/1.0; +claudebot@anthropic.com)"
216.73.216.32 - - [25/Aug/2026:18:45:33 +0500] "GET /index.php?r=s4e4l1f5a0p9p8l8a5u9se HTTP/1.1" 301 - "-" "Mozilla/5.0 AppleWebKit/537.36 (KHTML, like Gecko; compatible; ClaudeBot/1.0; +claudebot@anthropic.com)"
216.73.216.32 - - [25/Aug/2026:18:45:37 +0500] "GET /uz/?r=s4e4l1f5a0p9p8l8a5u9se HTTP/1.1" 200 68409 "http://eski.uzbekgidroenergoqurilish.uz/index.php?r=s4e4l1f5a0p9p8l8a5u9se" "Mozilla/5.0 AppleWebKit/537.36 (KHTML, like Gecko; compatible; ClaudeBot/1.0; +claudebot@anthropic.com)"
216.73.216.32 - - [25/Aug/2026:18:45:42 +0500] "GET /index.php?r=a4d2v0i8s9a1b7l1e135 HTTP/1.1" 301 - "-" "Mozilla/5.0 AppleWebKit/537.36 (KHTML, like Gecko; compatible; ClaudeBot/1.0; +claudebot@anthropic.com)"
216.73.216.32 - - [25/Aug/2026:18:45:46 +0500] "GET /uz/?r=a4d2v0i8s9a1b7l1e135 HTTP/1.1" 200 68407 "http://eski.uzbekgidroenergoqurilish.uz/index.php?r=a4d2v0i8s9a1b7l1e135" "Mozilla/5.0 AppleWebKit/537.36 (KHTML, like Gecko; compatible; ClaudeBot/1.0; +claudebot@anthropic.com)"
216.73.216.32 - - [25/Aug/2026:18:46:04 +0500] "GET /index.php?r=h4a3i9l0s0t0o7r7m38 HTTP/1.1" 301 - "-" "Mozilla/5.0 AppleWebKit/537.36 (KHTML, like Gecko; compatible; ClaudeBot/1.0; +claudebot@anthropic.com)"
216.73.216.32 - - [25/Aug/2026:18:46:09 +0500] "GET /uz/?r=h4a3i9l0s0t0o7r7m38 HTTP/1.1" 200 68406 "http://eski.uzbekgidroenergoqurilish.uz/index.php?r=h4a3i9l0s0t0o7r7m38" "Mozilla/5.0 AppleWebKit/537.36 (KHTML, like Gecko; compatible; ClaudeBot/1.0; +claudebot@anthropic.com)"
216.73.216.32 - - [25/Aug/2026:18:46:17 +0500] "GET /index.php?r=h4e8r8m0i5t1e2s3s57 HTTP/1.1" 508 288 "-" "Mozilla/5.0 AppleWebKit/537.36 (KHTML, like Gecko; compatible; ClaudeBot/1.0; +claudebot@anthropic.com)"
44.215.235.20 - - [25/Aug/2026:18:46:13 +0500] "GET /uz/?amp;start=12&template=yoo_master2 HTTP/1.1" 200 68422 "-" "Mozilla/5.0 AppleWebKit/537.36 (KHTML, like Gecko; compatible; Amazonbot/0.1; +https://developer.amazon.com/support/amazonbot) Chrome/119.0.6045.214 Safari/537.36"
216.73.216.32 - - [25/Aug/2026:18:46:39 +0500] "GET /index.php?r=g4r2a5n2d3e840850 HTTP/1.1" 301 - "-" "Mozilla/5.0 AppleWebKit/537.36 (KHTML, like Gecko; compatible; ClaudeBot/1.0; +claudebot@anthropic.com)"
216.73.216.32 - - [25/Aug/2026:18:46:44 +0500] "GET /uz/?r=g4r2a5n2d3e840850 HTTP/1.1" 200 68648 "http://eski.uzbekgidroenergoqurilish.uz/index.php?r=g4r2a5n2d3e840850" "Mozilla/5.0 AppleWebKit/537.36 (KHTML, like Gecko; compatible; ClaudeBot/1.0; +claudebot@anthropic.com)"
216.73.216.32 - - [25/Aug/2026:18:46:49 +0500] "GET /index.php?r=s4u3b8e8r6079020 HTTP/1.1" 301 - "-" "Mozilla/5.0 AppleWebKit/537.36 (KHTML, like Gecko; compatible; ClaudeBot/1.0; +claudebot@anthropic.com)"
216.73.216.32 - - [25/Aug/2026:18:46:55 +0500] "GET /uz/?r=s4u3b8e8r6079020 HTTP/1.1" 200 68403 "http://eski.uzbekgidroenergoqurilish.uz/index.php?r=s4u3b8e8r6079020" "Mozilla/5.0 AppleWebKit/537.36 (KHTML, like Gecko; compatible; ClaudeBot/1.0; +claudebot@anthropic.com)"
216.73.216.32 - - [25/Aug/2026:18:47:11 +0500] "GET /index.php?r=r4e4h4a9b0i8l1i1t9ate HTTP/1.1" 301 - "-" "Mozilla/5.0 AppleWebKit/537.36 (KHTML, like Gecko; compatible; ClaudeBot/1.0; +claudebot@anthropic.com)"
216.73.216.32 - - [25/Aug/2026:18:47:17 +0500] "GET /uz/?r=r4e4h4a9b0i8l1i1t9ate HTTP/1.1" 200 68408 "http://eski.uzbekgidroenergoqurilish.uz/index.php?r=r4e4h4a9b0i8l1i1t9ate" "Mozilla/5.0 AppleWebKit/537.36 (KHTML, like Gecko; compatible; ClaudeBot/1.0; +claudebot@anthropic.com)"
216.73.216.32 - - [25/Aug/2026:18:47:23 +0500] "GET /index.php?r=w4e8i3g6h4l6o3c3k49 HTTP/1.1" 301 - "-" "Mozilla/5.0 AppleWebKit/537.36 (KHTML, like Gecko; compatible; ClaudeBot/1.0; +claudebot@anthropic.com)"
216.73.216.32 - - [25/Aug/2026:18:47:29 +0500] "GET /uz/?r=w4e8i3g6h4l6o3c3k49 HTTP/1.1" 200 68406 "http://eski.uzbekgidroenergoqurilish.uz/index.php?r=w4e8i3g6h4l6o3c3k49" "Mozilla/5.0 AppleWebKit/537.36 (KHTML, like Gecko; compatible; ClaudeBot/1.0; +claudebot@anthropic.com)"
216.73.216.32 - - [25/Aug/2026:18:47:45 +0500] "GET /index.php?r=p4e6t5i1t5i3o1n15 HTTP/1.1" 301 - "-" "Mozilla/5.0 AppleWebKit/537.36 (KHTML, like Gecko; compatible; ClaudeBot/1.0; +claudebot@anthropic.com)"
216.73.216.32 - - [25/Aug/2026:18:47:52 +0500] "GET /uz/?r=p4e6t5i1t5i3o1n15 HTTP/1.1" 200 68404 "http://eski.uzbekgidroenergoqurilish.uz/index.php?r=p4e6t5i1t5i3o1n15" "Mozilla/5.0 AppleWebKit/537.36 (KHTML, like Gecko; compatible; ClaudeBot/1.0; +claudebot@anthropic.com)"
216.73.216.32 - - [25/Aug/2026:18:47:56 +0500] "GET /index.php?r=a4v3o8c5a4t1e8950 HTTP/1.1" 301 - "-" "Mozilla/5.0 AppleWebKit/537.36 (KHTML, like Gecko; compatible; ClaudeBot/1.0; +claudebot@anthropic.com)"
216.73.216.32 - - [25/Aug/2026:18:48:02 +0500] "GET /uz/?r=a4v3o8c5a4t1e8950 HTTP/1.1" 200 68404 "http://eski.uzbekgidroenergoqurilish.uz/index.php?r=a4v3o8c5a4t1e8950" "Mozilla/5.0 AppleWebKit/537.36 (KHTML, like Gecko; compatible; ClaudeBot/1.0; +claudebot@anthropic.com)"
216.73.216.32 - - [25/Aug/2026:18:48:24 +0500] "GET /index.php?r=i4n1t5e0r2s0e9p1t9a4l3 HTTP/1.1" 301 - "-" "Mozilla/5.0 AppleWebKit/537.36 (KHTML, like Gecko; compatible; ClaudeBot/1.0; +claudebot@anthropic.com)"
216.73.216.32 - - [25/Aug/2026:18:48:32 +0500] "GET /uz/?r=i4n1t5e0r2s0e9p1t9a4l3 HTTP/1.1" 200 68409 "http://eski.uzbekgidroenergoqurilish.uz/index.php?r=i4n1t5e0r2s0e9p1t9a4l3" "Mozilla/5.0 AppleWebKit/537.36 (KHTML, like Gecko; compatible; ClaudeBot/1.0; +claudebot@anthropic.com)"
216.73.216.32 - - [25/Aug/2026:18:48:46 +0500] "GET /index.php?r=c4o1a9s7t3w3i0s6e344 HTTP/1.1" 301 - "-" "Mozilla/5.0 AppleWebKit/537.36 (KHTML, like Gecko; compatible; ClaudeBot/1.0; +claudebot@anthropic.com)"
216.73.216.32 - - [25/Aug/2026:18:48:58 +0500] "GET /index.php?r=d4a2t3i4v0e8l1y9588 HTTP/1.1" 508 288 "-" "Mozilla/5.0 AppleWebKit/537.36 (KHTML, like Gecko; compatible; ClaudeBot/1.0; +claudebot@anthropic.com)"
216.73.216.32 - - [25/Aug/2026:18:48:53 +0500] "GET /uz/?r=c4o1a9s7t3w3i0s6e344 HTTP/1.1" 200 68407 "http://eski.uzbekgidroenergoqurilish.uz/index.php?r=c4o1a9s7t3w3i0s6e344" "Mozilla/5.0 AppleWebKit/537.36 (KHTML, like Gecko; compatible; ClaudeBot/1.0; +claudebot@anthropic.com)"
216.73.216.32 - - [25/Aug/2026:18:49:20 +0500] "GET /index.php?r=a4n3c0i6l0l1e17624 HTTP/1.1" 301 - "-" "Mozilla/5.0 AppleWebKit/537.36 (KHTML, like Gecko; compatible; ClaudeBot/1.0; +claudebot@anthropic.com)"
216.73.216.32 - - [25/Aug/2026:18:49:25 +0500] "GET /uz/?r=a4n3c0i6l0l1e17624 HTTP/1.1" 200 68405 "http://eski.uzbekgidroenergoqurilish.uz/index.php?r=a4n3c0i6l0l1e17624" "Mozilla/5.0 AppleWebKit/537.36 (KHTML, like Gecko; compatible; ClaudeBot/1.0; +claudebot@anthropic.com)"
216.73.216.32 - - [25/Aug/2026:18:49:28 +0500] "GET /index.php?r=a4n1n6e5x6278500 HTTP/1.1" 301 - "-" "Mozilla/5.0 AppleWebKit/537.36 (KHTML, like Gecko; compatible; ClaudeBot/1.0; +claudebot@anthropic.com)"
216.73.216.32 - - [25/Aug/2026:18:49:34 +0500] "GET /uz/?r=a4n1n6e5x6278500 HTTP/1.1" 200 68403 "http://eski.uzbekgidroenergoqurilish.uz/index.php?r=a4n1n6e5x6278500" "Mozilla/5.0 AppleWebKit/537.36 (KHTML, like Gecko; compatible; ClaudeBot/1.0; +claudebot@anthropic.com)"
216.73.216.32 - - [25/Aug/2026:18:49:50 +0500] "GET /index.php?r=w4o2o6r9a4l1i22739 HTTP/1.1" 301 - "-" "Mozilla/5.0 AppleWebKit/537.36 (KHTML, like Gecko; compatible; ClaudeBot/1.0; +claudebot@anthropic.com)"
216.73.216.32 - - [25/Aug/2026:18:49:55 +0500] "GET /uz/?r=w4o2o6r9a4l1i22739 HTTP/1.1" 200 68405 "http://eski.uzbekgidroenergoqurilish.uz/index.php?r=w4o2o6r9a4l1i22739" "Mozilla/5.0 AppleWebKit/537.36 (KHTML, like Gecko; compatible; ClaudeBot/1.0; +claudebot@anthropic.com)"
216.73.216.32 - - [25/Aug/2026:18:49:58 +0500] "GET /index.php?r=e4n3r3i9p6e4n6795 HTTP/1.1" 301 - "-" "Mozilla/5.0 AppleWebKit/537.36 (KHTML, like Gecko; compatible; ClaudeBot/1.0; +claudebot@anthropic.com)"
216.73.216.32 - - [25/Aug/2026:18:50:04 +0500] "GET /uz/?r=e4n3r3i9p6e4n6795 HTTP/1.1" 200 68404 "http://eski.uzbekgidroenergoqurilish.uz/index.php?r=e4n3r3i9p6e4n6795" "Mozilla/5.0 AppleWebKit/537.36 (KHTML, like Gecko; compatible; ClaudeBot/1.0; +claudebot@anthropic.com)"
34.61.96.6 - - [25/Aug/2026:18:50:25 +0500] "GET /docs/2026/balans-2025.pdf HTTP/1.1" 200 119227 "-" "Mozilla/5.0 (Macintosh; Intel Mac OS X 10_15_7) AppleWebKit/537.36 (KHTML, like Gecko) Chrome/120.0.0.0 Safari/537.36"
216.73.216.32 - - [25/Aug/2026:18:50:21 +0500] "GET /index.php?r=r4u9g5o1s3u7s5649 HTTP/1.1" 301 - "-" "Mozilla/5.0 AppleWebKit/537.36 (KHTML, like Gecko; compatible; ClaudeBot/1.0; +claudebot@anthropic.com)"
216.73.216.32 - - [25/Aug/2026:18:50:27 +0500] "GET /uz/?r=r4u9g5o1s3u7s5649 HTTP/1.1" 200 68404 "http://eski.uzbekgidroenergoqurilish.uz/index.php?r=r4u9g5o1s3u7s5649" "Mozilla/5.0 AppleWebKit/537.36 (KHTML, like Gecko; compatible; ClaudeBot/1.0; +claudebot@anthropic.com)"
216.73.216.32 - - [25/Aug/2026:18:50:42 +0500] "GET /index.php?r=n4a2u2g5h5t7y96144 HTTP/1.1" 301 - "-" "Mozilla/5.0 AppleWebKit/537.36 (KHTML, like Gecko; compatible; ClaudeBot/1.0; +claudebot@anthropic.com)"
216.73.216.32 - - [25/Aug/2026:18:50:48 +0500] "GET /uz/?r=n4a2u2g5h5t7y96144 HTTP/1.1" 200 68405 "http://eski.uzbekgidroenergoqurilish.uz/index.php?r=n4a2u2g5h5t7y96144" "Mozilla/5.0 AppleWebKit/537.36 (KHTML, like Gecko; compatible; ClaudeBot/1.0; +claudebot@anthropic.com)"
216.73.216.32 - - [25/Aug/2026:18:51:04 +0500] "GET /index.php?r=f4u1l5g2u5r411423 HTTP/1.1" 301 - "-" "Mozilla/5.0 AppleWebKit/537.36 (KHTML, like Gecko; compatible; ClaudeBot/1.0; +claudebot@anthropic.com)"
216.73.216.32 - - [25/Aug/2026:18:51:09 +0500] "GET /uz/?r=f4u1l5g2u5r411423 HTTP/1.1" 200 68404 "http://eski.uzbekgidroenergoqurilish.uz/index.php?r=f4u1l5g2u5r411423" "Mozilla/5.0 AppleWebKit/537.36 (KHTML, like Gecko; compatible; ClaudeBot/1.0; +claudebot@anthropic.com)"
216.73.216.32 - - [25/Aug/2026:18:51:44 +0500] "GET /index.php?r=b4r2u3t6a1l1i5z5e3d28 HTTP/1.1" 301 - "-" "Mozilla/5.0 AppleWebKit/537.36 (KHTML, like Gecko; compatible; ClaudeBot/1.0; +claudebot@anthropic.com)"
216.73.216.32 - - [25/Aug/2026:18:51:50 +0500] "GET /uz/?r=b4r2u3t6a1l1i5z5e3d28 HTTP/1.1" 200 68408 "http://eski.uzbekgidroenergoqurilish.uz/index.php?r=b4r2u3t6a1l1i5z5e3d28" "Mozilla/5.0 AppleWebKit/537.36 (KHTML, like Gecko; compatible; ClaudeBot/1.0; +claudebot@anthropic.com)"
216.73.216.32 - - [25/Aug/2026:18:52:06 +0500] "GET /index.php?r=m4o2n7s9t0r6o9u7s3l1y2 HTTP/1.1" 301 - "-" "Mozilla/5.0 AppleWebKit/537.36 (KHTML, like Gecko; compatible; ClaudeBot/1.0; +claudebot@anthropic.com)"
216.73.216.32 - - [25/Aug/2026:18:52:12 +0500] "GET /uz/?r=m4o2n7s9t0r6o9u7s3l1y2 HTTP/1.1" 200 68409 "http://eski.uzbekgidroenergoqurilish.uz/index.php?r=m4o2n7s9t0r6o9u7s3l1y2" "Mozilla/5.0 AppleWebKit/537.36 (KHTML, like Gecko; compatible; ClaudeBot/1.0; +claudebot@anthropic.com)"
216.73.216.32 - - [25/Aug/2026:18:52:15 +0500] "GET /index.php?r=s4u3l2p9h3o5n6a3l135 HTTP/1.1" 301 - "-" "Mozilla/5.0 AppleWebKit/537.36 (KHTML, like Gecko; compatible; ClaudeBot/1.0; +claudebot@anthropic.com)"
216.73.216.32 - - [25/Aug/2026:18:52:21 +0500] "GET /uz/?r=s4u3l2p9h3o5n6a3l135 HTTP/1.1" 200 68407 "http://eski.uzbekgidroenergoqurilish.uz/index.php?r=s4u3l2p9h3o5n6a3l135" "Mozilla/5.0 AppleWebKit/537.36 (KHTML, like Gecko; compatible; ClaudeBot/1.0; +claudebot@anthropic.com)"
216.73.216.32 - - [25/Aug/2026:18:52:37 +0500] "GET /index.php?r=s4t1r1i7n2g5y92138 HTTP/1.1" 508 288 "-" "Mozilla/5.0 AppleWebKit/537.36 (KHTML, like Gecko; compatible; ClaudeBot/1.0; +claudebot@anthropic.com)"
216.73.216.32 - - [25/Aug/2026:18:52:47 +0500] "GET /uz/?format=feed&r=t9h1r3e1a2t69058&type=rss HTTP/1.1" 200 5932 "-" "Mozilla/5.0 AppleWebKit/537.36 (KHTML, like Gecko; compatible; ClaudeBot/1.0; +claudebot@anthropic.com)"
216.73.216.32 - - [25/Aug/2026:18:53:09 +0500] "GET /index.php?r=e4x2t0i9r0p3a4t0i0n9g7 HTTP/1.1" 301 - "-" "Mozilla/5.0 AppleWebKit/537.36 (KHTML, like Gecko; compatible; ClaudeBot/1.0; +claudebot@anthropic.com)"
216.73.216.32 - - [25/Aug/2026:18:53:15 +0500] "GET /uz/?r=e4x2t0i9r0p3a4t0i0n9g7 HTTP/1.1" 200 68409 "http://eski.uzbekgidroenergoqurilish.uz/index.php?r=e4x2t0i9r0p3a4t0i0n9g7" "Mozilla/5.0 AppleWebKit/537.36 (KHTML, like Gecko; compatible; ClaudeBot/1.0; +claudebot@anthropic.com)"
216.73.216.32 - - [25/Aug/2026:18:53:22 +0500] "GET /index.php?r=o4u3t5f6l2i9n8g3447 HTTP/1.1" 301 - "-" "Mozilla/5.0 AppleWebKit/537.36 (KHTML, like Gecko; compatible; ClaudeBot/1.0; +claudebot@anthropic.com)"
216.73.216.32 - - [25/Aug/2026:18:53:29 +0500] "GET /uz/?r=o4u3t5f6l2i9n8g3447 HTTP/1.1" 200 68406 "http://eski.uzbekgidroenergoqurilish.uz/index.php?r=o4u3t5f6l2i9n8g3447" "Mozilla/5.0 AppleWebKit/537.36 (KHTML, like Gecko; compatible; ClaudeBot/1.0; +claudebot@anthropic.com)"
54.198.33.233 - - [25/Aug/2026:18:53:38 +0500] "GET /uz/?amp;start=12&start=4&template=yoo_master2 HTTP/1.1" 200 68276 "-" "Mozilla/5.0 AppleWebKit/537.36 (KHTML, like Gecko; compatible; Amazonbot/0.1; +https://developer.amazon.com/support/amazonbot) Chrome/119.0.6045.214 Safari/537.36"
216.73.216.32 - - [25/Aug/2026:18:53:41 +0500] "GET /index.php?r=p4o1i0n4t6e3r16168 HTTP/1.1" 301 - "-" "Mozilla/5.0 AppleWebKit/537.36 (KHTML, like Gecko; compatible; ClaudeBot/1.0; +claudebot@anthropic.com)"
216.73.216.32 - - [25/Aug/2026:18:53:46 +0500] "GET /uz/?r=p4o1i0n4t6e3r16168 HTTP/1.1" 200 68405 "http://eski.uzbekgidroenergoqurilish.uz/index.php?r=p4o1i0n4t6e3r16168" "Mozilla/5.0 AppleWebKit/537.36 (KHTML, like Gecko; compatible; ClaudeBot/1.0; +claudebot@anthropic.com)"
216.73.216.32 - - [25/Aug/2026:18:54:03 +0500] "GET /index.php?r=t4o1t4t7l8i5n9g0660 HTTP/1.1" 301 - "-" "Mozilla/5.0 AppleWebKit/537.36 (KHTML, like Gecko; compatible; ClaudeBot/1.0; +claudebot@anthropic.com)"
216.73.216.32 - - [25/Aug/2026:18:54:08 +0500] "GET /uz/?r=t4o1t4t7l8i5n9g0660 HTTP/1.1" 200 68406 "http://eski.uzbekgidroenergoqurilish.uz/index.php?r=t4o1t4t7l8i5n9g0660" "Mozilla/5.0 AppleWebKit/537.36 (KHTML, like Gecko; compatible; ClaudeBot/1.0; +claudebot@anthropic.com)"
216.73.216.32 - - [25/Aug/2026:18:54:49 +0500] "GET /uz/?r=p4o8i5n2t8r3e6l905&start=32 HTTP/1.1" 200 68385 "-" "Mozilla/5.0 AppleWebKit/537.36 (KHTML, like Gecko; compatible; ClaudeBot/1.0; +claudebot@anthropic.com)"
216.73.216.32 - - [25/Aug/2026:18:55:12 +0500] "GET /uz/component/search/?Itemid=117&format=opensearch&r=s4t1r9i5c2t9u2r3e3d50 HTTP/1.1" 508 288 "-" "Mozilla/5.0 AppleWebKit/537.36 (KHTML, like Gecko; compatible; ClaudeBot/1.0; +claudebot@anthropic.com)"
34.42.229.145 - - [25/Aug/2026:18:55:44 +0500] "GET /ru/prospectus-rus/211-prospectus-change-15-09-14-rus HTTP/1.1" 200 56423 "-" "Mozilla/5.0 (Macintosh; Intel Mac OS X 10_15_7) AppleWebKit/537.36 (KHTML, like Gecko) Chrome/120.0.0.0 Safari/537.36"
34.30.223.149 - - [25/Aug/2026:18:55:58 +0500] "GET /ru/component/search/?Itemid=128&catid=34&format=opensearch&id=79 HTTP/1.1" 200 796 "-" "Mozilla/5.0 (Macintosh; Intel Mac OS X 10_15_7) AppleWebKit/537.36 (KHTML, like Gecko) Chrome/120.0.0.0 Safari/537.36"
216.73.216.32 - - [25/Aug/2026:18:56:41 +0500] "GET /index.php?r=a4b8a0c2u0l3u1s145 HTTP/1.1" 508 288 "-" "Mozilla/5.0 AppleWebKit/537.36 (KHTML, like Gecko; compatible; ClaudeBot/1.0; +claudebot@anthropic.com)"
216.73.216.32 - - [25/Aug/2026:18:57:03 +0500] "GET /index.php?r=r4e1r1e1d5e4m1a2i9n22 HTTP/1.1" 301 - "-" "Mozilla/5.0 AppleWebKit/537.36 (KHTML, like Gecko; compatible; ClaudeBot/1.0; +claudebot@anthropic.com)"
216.73.216.32 - - [25/Aug/2026:18:57:07 +0500] "GET /uz/?r=r4e1r1e1d5e4m1a2i9n22 HTTP/1.1" 200 68408 "http://eski.uzbekgidroenergoqurilish.uz/index.php?r=r4e1r1e1d5e4m1a2i9n22" "Mozilla/5.0 AppleWebKit/537.36 (KHTML, like Gecko; compatible; ClaudeBot/1.0; +claudebot@anthropic.com)"
34.30.223.149 - - [25/Aug/2026:18:57:37 +0500] "GET /ru/2-uncategorised/7-under-construction HTTP/1.1" 200 61071 "-" "Mozilla/5.0 (Macintosh; Intel Mac OS X 10_15_7) AppleWebKit/537.36 (KHTML, like Gecko) Chrome/120.0.0.0 Safari/537.36"
216.73.216.32 - - [25/Aug/2026:18:57:47 +0500] "GET /index.php?r=o4p3e7r8a8t1i2o8n8s25 HTTP/1.1" 301 - "-" "Mozilla/5.0 AppleWebKit/537.36 (KHTML, like Gecko; compatible; ClaudeBot/1.0; +claudebot@anthropic.com)"
216.73.216.32 - - [25/Aug/2026:18:57:51 +0500] "GET /uz/?r=o4p3e7r8a8t1i2o8n8s25 HTTP/1.1" 200 68408 "http://eski.uzbekgidroenergoqurilish.uz/index.php?r=o4p3e7r8a8t1i2o8n8s25" "Mozilla/5.0 AppleWebKit/537.36 (KHTML, like Gecko; compatible; ClaudeBot/1.0; +claudebot@anthropic.com)"
216.73.216.32 - - [25/Aug/2026:18:58:09 +0500] "GET /index.php?r=t4h3u1r8g4h3f8a9r3e03 HTTP/1.1" 301 - "-" "Mozilla/5.0 AppleWebKit/537.36 (KHTML, like Gecko; compatible; ClaudeBot/1.0; +claudebot@anthropic.com)"
216.73.216.32 - - [25/Aug/2026:18:58:12 +0500] "GET /uz/?r=t4h3u1r8g4h3f8a9r3e03 HTTP/1.1" 200 68408 "http://eski.uzbekgidroenergoqurilish.uz/index.php?r=t4h3u1r8g4h3f8a9r3e03" "Mozilla/5.0 AppleWebKit/537.36 (KHTML, like Gecko; compatible; ClaudeBot/1.0; +claudebot@anthropic.com)"
34.42.229.145 - - [25/Aug/2026:18:58:42 +0500] "GET /docs/2025/bayon_osa-15_04_2025-ej.pdf HTTP/1.1" 200 919249 "-" "Mozilla/5.0 (Macintosh; Intel Mac OS X 10_15_7) AppleWebKit/537.36 (KHTML, like Gecko) Chrome/120.0.0.0 Safari/537.36"
185.191.171.9 - - [25/Aug/2026:19:00:14 +0500] "GET /uz/?Command=NOOP&InternalFile=..%2F..%2F..%2F..%2F..%2F..%2F..%2F..%2F..%2F..%2F..%2F..%2F..%2F..%2FWindows%2Fwin.ini&NewWebClient=1&start=32 HTTP/1.1" 200 69549 "-" "Mozilla/5.0 (compatible; SemrushBot/7~bl; +http://www.semrush.com/bot.html)"
129.146.116.58 - - [25/Aug/2026:19:00:44 +0500] "GET /uz/jsc-docs-uzb?template=accessibility HTTP/1.1" 200 - "-" "Mozilla/5.0 (X11; Linux aarch64) AppleWebKit/537.36 (KHTML, like Gecko) Chrome/139.0.0.0 Safari/537.36"
34.42.229.145 - - [25/Aug/2026:19:01:04 +0500] "GET /ru/component/search/?Itemid=160&catid=19&format=opensearch&id=379 HTTP/1.1" 200 809 "-" "Mozilla/5.0 (Macintosh; Intel Mac OS X 10_15_7) AppleWebKit/537.36 (KHTML, like Gecko) Chrome/120.0.0.0 Safari/537.36"
34.56.53.225 - - [25/Aug/2026:19:03:11 +0500] "GET /ru/facts-rus/433-sush-fakt-06-16-07-2024-pdf HTTP/1.1" 200 56051 "-" "Mozilla/5.0 (Macintosh; Intel Mac OS X 10_15_7) AppleWebKit/537.36 (KHTML, like Gecko) Chrome/120.0.0.0 Safari/537.36"
88.90.243.36 - - [25/Aug/2026:19:04:17 +0500] "GET /robots.txt HTTP/1.1" 200 111 "-" "Mozilla/5.0 (compatible; MJ12bot/v1.4.8; http://mj12bot.com/)"
88.90.243.36 - - [25/Aug/2026:19:04:20 +0500] "GET /uz/?r=h9a4r0d9w9o1n59294&start=16 HTTP/1.1" 200 67893 "-" "Mozilla/5.0 (compatible; MJ12bot/v1.4.8; http://mj12bot.com/)"
88.90.243.36 - - [25/Aug/2026:19:04:31 +0500] "GET /uz/?r=h9a4r0d9w9o1n59294&start=32 HTTP/1.1" 200 69461 "-" "Mozilla/5.0 (compatible; MJ12bot/v1.4.8; http://mj12bot.com/)"
88.90.243.36 - - [25/Aug/2026:19:04:56 +0500] "GET /uz/?r=h9a4r0d9w9o1n59294&start=48 HTTP/1.1" 200 69275 "-" "Mozilla/5.0 (compatible; MJ12bot/v1.4.8; http://mj12bot.com/)"
88.90.243.36 - - [25/Aug/2026:19:05:17 +0500] "GET /uz/?r=m9u8m0p9e1d56468 HTTP/1.1" 200 68319 "-" "Mozilla/5.0 (compatible; MJ12bot/v1.4.8; http://mj12bot.com/)"
88.90.243.36 - - [25/Aug/2026:19:05:28 +0500] "GET /uz/?r=m9u8m0p9e1d56468&start=16 HTTP/1.1" 200 67891 "-" "Mozilla/5.0 (compatible; MJ12bot/v1.4.8; http://mj12bot.com/)"
88.90.243.36 - - [25/Aug/2026:19:05:40 +0500] "GET /uz/?r=m9u8m0p9e1d56468&start=20 HTTP/1.1" 508 288 "-" "Mozilla/5.0 (compatible; MJ12bot/v1.4.8; http://mj12bot.com/)"
88.90.243.36 - - [25/Aug/2026:19:05:44 +0500] "GET /uz/?r=m9u8m0p9e1d56468&start=24 HTTP/1.1" 200 67899 "-" "Mozilla/5.0 (compatible; MJ12bot/v1.4.8; http://mj12bot.com/)"
88.90.243.36 - - [25/Aug/2026:19:05:56 +0500] "GET /uz/?r=m9u8m0p9e1d56468&start=32 HTTP/1.1" 200 69459 "-" "Mozilla/5.0 (compatible; MJ12bot/v1.4.8; http://mj12bot.com/)"
88.90.243.36 - - [25/Aug/2026:19:06:06 +0500] "GET /uz/?r=m9u8m0p9e1d56468&start=36 HTTP/1.1" 200 69668 "-" "Mozilla/5.0 (compatible; MJ12bot/v1.4.8; http://mj12bot.com/)"
185.191.171.6 - - [25/Aug/2026:19:06:15 +0500] "GET /ru/facts-rus/129-08-fact-12-07-16 HTTP/1.1" 200 60583 "-" "Mozilla/5.0 (compatible; SemrushBot/7~bl; +http://www.semrush.com/bot.html)"
88.90.243.36 - - [25/Aug/2026:19:06:21 +0500] "GET /uz/?r=m9u8m0p9e1d56468&start=40 HTTP/1.1" 200 68779 "-" "Mozilla/5.0 (compatible; MJ12bot/v1.4.8; http://mj12bot.com/)"
88.90.243.36 - - [25/Aug/2026:19:06:45 +0500] "GET /uz/?r=m9u8m0p9e1d56468&start=44 HTTP/1.1" 200 69511 "-" "Mozilla/5.0 (compatible; MJ12bot/v1.4.8; http://mj12bot.com/)"
88.90.243.36 - - [25/Aug/2026:19:07:09 +0500] "GET /uz/?r=m9u8m0p9e1d56468&start=48 HTTP/1.1" 508 288 "-" "Mozilla/5.0 (compatible; MJ12bot/v1.4.8; http://mj12bot.com/)"
88.90.243.36 - - [25/Aug/2026:19:07:12 +0500] "GET /uz/?r=m9y4r0r3h3a18877&format=feed&type=atom HTTP/1.1" 508 288 "-" "Mozilla/5.0 (compatible; MJ12bot/v1.4.8; http://mj12bot.com/)"
88.90.243.36 - - [25/Aug/2026:19:07:16 +0500] "GET /uz/?r=m9y4r0r3h3a18877&format=feed&type=rss HTTP/1.1" 200 5988 "-" "Mozilla/5.0 (compatible; MJ12bot/v1.4.8; http://mj12bot.com/)"
88.90.243.36 - - [25/Aug/2026:19:07:25 +0500] "GET /uz/?r=m9y4r0r3h3a18877&start=16 HTTP/1.1" 200 67891 "-" "Mozilla/5.0 (compatible; MJ12bot/v1.4.8; http://mj12bot.com/)"
88.90.243.36 - - [25/Aug/2026:19:07:36 +0500] "GET /uz/?r=m9y4r0r3h3a18877&start=20 HTTP/1.1" 200 68282 "-" "Mozilla/5.0 (compatible; MJ12bot/v1.4.8; http://mj12bot.com/)"
88.90.243.36 - - [25/Aug/2026:19:07:47 +0500] "GET /uz/?r=m9y4r0r3h3a18877&start=24 HTTP/1.1" 200 67899 "-" "Mozilla/5.0 (compatible; MJ12bot/v1.4.8; http://mj12bot.com/)"
88.90.243.36 - - [25/Aug/2026:19:07:59 +0500] "GET /uz/?r=m9y4r0r3h3a18877&start=32 HTTP/1.1" 200 69459 "-" "Mozilla/5.0 (compatible; MJ12bot/v1.4.8; http://mj12bot.com/)"
88.90.243.36 - - [25/Aug/2026:19:08:10 +0500] "GET /uz/?r=m9y4r0r3h3a18877&start=36 HTTP/1.1" 200 69668 "-" "Mozilla/5.0 (compatible; MJ12bot/v1.4.8; http://mj12bot.com/)"
88.90.243.36 - - [25/Aug/2026:19:08:20 +0500] "GET /uz/?r=m9y4r0r3h3a18877&start=40 HTTP/1.1" 200 68779 "-" "Mozilla/5.0 (compatible; MJ12bot/v1.4.8; http://mj12bot.com/)"
161.153.81.184 - - [25/Aug/2026:19:08:24 +0500] "GET /uz/jsc-docs-uzb?template=yoo_master2 HTTP/1.1" 200 15601 "-" "Mozilla/5.0 (X11; Linux aarch64) AppleWebKit/537.36 (KHTML, like Gecko) Chrome/139.0.0.0 Safari/537.36"
88.90.243.36 - - [25/Aug/2026:19:08:30 +0500] "GET /uz/?r=m9y4r0r3h3a18877&start=52 HTTP/1.1" 200 69216 "-" "Mozilla/5.0 (compatible; MJ12bot/v1.4.8; http://mj12bot.com/)"
161.153.81.184 - - [25/Aug/2026:19:08:45 +0500] "GET /uz/jsc-docs-uzb?template=yoo_master2 HTTP/1.1" 200 15601 "-" "Mozilla/5.0 (X11; Linux aarch64) AppleWebKit/537.36 (KHTML, like Gecko) Chrome/139.0.0.0 Safari/537.36"
88.90.243.36 - - [25/Aug/2026:19:09:33 +0500] "GET /uz/?r=p4o3p8e1l1o4t4e8305 HTTP/1.1" 508 288 "-" "Mozilla/5.0 (compatible; MJ12bot/v1.4.8; http://mj12bot.com/)"
216.73.216.32 - - [25/Aug/2026:19:09:52 +0500] "GET /robots.txt HTTP/1.1" 200 111 "-" "Mozilla/5.0 AppleWebKit/537.36 (KHTML, like Gecko; compatible; ClaudeBot/1.0; +claudebot@anthropic.com)"
88.90.243.36 - - [25/Aug/2026:19:09:50 +0500] "GET /uz/?r=p4o3p8e1l1o4t4e8305&format=feed&type=atom HTTP/1.1" 200 9181 "-" "Mozilla/5.0 (compatible; MJ12bot/v1.4.8; http://mj12bot.com/)"
216.73.216.32 - - [25/Aug/2026:19:09:57 +0500] "GET /uz/?function=call_user_func_array&start=32&vars%5B0%5D=phpinfo HTTP/1.1" 200 69466 "-" "Mozilla/5.0 AppleWebKit/537.36 (KHTML, like Gecko; compatible; ClaudeBot/1.0; +claudebot@anthropic.com)"
129.146.116.58 - - [25/Aug/2026:19:10:03 +0500] "GET /uz/jsc-docs-uzb?template=accessibility HTTP/1.1" 200 15601 "-" "Mozilla/5.0 (X11; Linux aarch64) AppleWebKit/537.36 (KHTML, like Gecko) Chrome/139.0.0.0 Safari/537.36"
88.90.243.36 - - [25/Aug/2026:19:10:09 +0500] "GET /uz/?r=p4o3p8e1l1o4t4e8305&format=feed&type=rss HTTP/1.1" 200 5991 "-" "Mozilla/5.0 (compatible; MJ12bot/v1.4.8; http://mj12bot.com/)"
88.90.243.36 - - [25/Aug/2026:19:10:30 +0500] "GET /uz/?r=p4o3p8e1l1o4t4e8305&start=12 HTTP/1.1" 200 68629 "-" "Mozilla/5.0 (compatible; MJ12bot/v1.4.8; http://mj12bot.com/)"
88.90.243.36 - - [25/Aug/2026:19:10:54 +0500] "GET /uz/?r=p4o3p8e1l1o4t4e8305&start=16 HTTP/1.1" 200 67894 "-" "Mozilla/5.0 (compatible; MJ12bot/v1.4.8; http://mj12bot.com/)"
88.90.243.36 - - [25/Aug/2026:19:11:15 +0500] "GET /uz/?r=p4o3p8e1l1o4t4e8305&start=20 HTTP/1.1" 508 288 "-" "Mozilla/5.0 (compatible; MJ12bot/v1.4.8; http://mj12bot.com/)"
88.90.243.36 - - [25/Aug/2026:19:11:23 +0500] "GET /uz/?r=p4o3p8e1l1o4t4e8305&start=4 HTTP/1.1" 200 67986 "-" "Mozilla/5.0 (compatible; MJ12bot/v1.4.8; http://mj12bot.com/)"
216.73.216.32 - - [25/Aug/2026:19:11:25 +0500] "GET /uz/?function=call_user_func_array&start=8&vars%5B0%5D=phpinfo HTTP/1.1" 200 68083 "-" "Mozilla/5.0 AppleWebKit/537.36 (KHTML, like Gecko; compatible; ClaudeBot/1.0; +claudebot@anthropic.com)"
88.90.243.36 - - [25/Aug/2026:19:11:38 +0500] "GET /uz/?r=p4o3p8e1l1o4t4e8305&start=52 HTTP/1.1" 200 69219 "-" "Mozilla/5.0 (compatible; MJ12bot/v1.4.8; http://mj12bot.com/)"
216.73.216.32 - - [25/Aug/2026:19:12:43 +0500] "GET /index.php?r=d4i7s4s1i8d4e0n3c9e0 HTTP/1.1" 301 - "-" "Mozilla/5.0 AppleWebKit/537.36 (KHTML, like Gecko; compatible; ClaudeBot/1.0; +claudebot@anthropic.com)"
216.73.216.32 - - [25/Aug/2026:19:12:47 +0500] "GET /uz/?r=d4i7s4s1i8d4e0n3c9e0 HTTP/1.1" 200 68295 "http://eski.uzbekgidroenergoqurilish.uz/index.php?r=d4i7s4s1i8d4e0n3c9e0" "Mozilla/5.0 AppleWebKit/537.36 (KHTML, like Gecko; compatible; ClaudeBot/1.0; +claudebot@anthropic.com)"
216.73.216.32 - - [25/Aug/2026:19:12:54 +0500] "GET /index.php?r=v4e2s5p4e4r3t7i7n5a42 HTTP/1.1" 301 - "-" "Mozilla/5.0 AppleWebKit/537.36 (KHTML, like Gecko; compatible; ClaudeBot/1.0; +claudebot@anthropic.com)"
216.73.216.32 - - [25/Aug/2026:19:13:00 +0500] "GET /uz/?r=v4e2s5p4e4r3t7i7n5a42 HTTP/1.1" 200 68296 "http://eski.uzbekgidroenergoqurilish.uz/index.php?r=v4e2s5p4e4r3t7i7n5a42" "Mozilla/5.0 AppleWebKit/537.36 (KHTML, like Gecko; compatible; ClaudeBot/1.0; +claudebot@anthropic.com)"
216.73.216.32 - - [25/Aug/2026:19:13:07 +0500] "GET /index.php?r=m4e1d6o8c1302588 HTTP/1.1" 301 - "-" "Mozilla/5.0 AppleWebKit/537.36 (KHTML, like Gecko; compatible; ClaudeBot/1.0; +claudebot@anthropic.com)"
216.73.216.32 - - [25/Aug/2026:19:13:14 +0500] "GET /uz/?r=m4e1d6o8c1302588 HTTP/1.1" 200 68291 "http://eski.uzbekgidroenergoqurilish.uz/index.php?r=m4e1d6o8c1302588" "Mozilla/5.0 AppleWebKit/537.36 (KHTML, like Gecko; compatible; ClaudeBot/1.0; +claudebot@anthropic.com)"
216.73.216.32 - - [25/Aug/2026:19:13:43 +0500] "GET /index.php?r=j4a4b2b2e5r7m4e1n3t02 HTTP/1.1" 508 288 "-" "Mozilla/5.0 AppleWebKit/537.36 (KHTML, like Gecko; compatible; ClaudeBot/1.0; +claudebot@anthropic.com)"
216.73.216.32 - - [25/Aug/2026:19:13:45 +0500] "GET /index.php?r=m4o1b9l4e6923080 HTTP/1.1" 301 - "-" "Mozilla/5.0 AppleWebKit/537.36 (KHTML, like Gecko; compatible; ClaudeBot/1.0; +claudebot@anthropic.com)"
216.73.216.32 - - [25/Aug/2026:19:13:52 +0500] "GET /uz/?r=m4o1b9l4e6923080 HTTP/1.1" 200 68291 "http://eski.uzbekgidroenergoqurilish.uz/index.php?r=m4o1b9l4e6923080" "Mozilla/5.0 AppleWebKit/537.36 (KHTML, like Gecko; compatible; ClaudeBot/1.0; +claudebot@anthropic.com)"
185.191.171.7 - - [25/Aug/2026:19:15:05 +0500] "GET /uz/news-uzb?start=12&template=eskijuva HTTP/1.1" 200 62036 "-" "Mozilla/5.0 (compatible; SemrushBot/7~bl; +http://www.semrush.com/bot.html)"
170.106.180.246 - - [25/Aug/2026:19:15:37 +0500] "GET /uz/officially-uzb/vacancies-uzb HTTP/1.1" 508 288 "-" "Mozilla/5.0 (iPhone; CPU iPhone OS 13_2_3 like Mac OS X) AppleWebKit/605.1.15 (KHTML, like Gecko) Version/13.0.3 Mobile/15E148 Safari/604.1"
34.171.68.95 - - [25/Aug/2026:19:15:41 +0500] "GET /uz/news-uzb/397-meeting-31-03-2023 HTTP/1.1" 200 58305 "-" "Mozilla/5.0 (Macintosh; Intel Mac OS X 10_15_7) AppleWebKit/537.36 (KHTML, like Gecko) Chrome/120.0.0.0 Safari/537.36"
144.24.32.112 - - [25/Aug/2026:19:16:16 +0500] "GET /uz/jsc-docs-uzb/183-inf-pol-28-06-16-uzb HTTP/1.1" 200 15601 "-" "Mozilla/5.0 (X11; Linux aarch64) AppleWebKit/537.36 (KHTML, like Gecko) Chrome/139.0.0.0 Safari/537.36"
144.24.32.112 - - [25/Aug/2026:19:16:19 +0500] "GET /uz/jsc-docs-uzb/183-inf-pol-28-06-16-uzb HTTP/1.1" 200 - "-" "Mozilla/5.0 (X11; Linux aarch64) AppleWebKit/537.36 (KHTML, like Gecko) Chrome/139.0.0.0 Safari/537.36"
216.73.216.32 - - [25/Aug/2026:19:16:56 +0500] "GET /index.php?r=i4n5t2e8r4m2i1t3t0i5ngly HTTP/1.1" 508 288 "-" "Mozilla/5.0 AppleWebKit/537.36 (KHTML, like Gecko; compatible; ClaudeBot/1.0; +claudebot@anthropic.com)"
216.73.216.32 - - [25/Aug/2026:19:16:58 +0500] "GET /uz/?r=t9e5a6c6h075845&start=52 HTTP/1.1" 200 69187 "-" "Mozilla/5.0 AppleWebKit/537.36 (KHTML, like Gecko; compatible; ClaudeBot/1.0; +claudebot@anthropic.com)"
144.24.27.163 - - [25/Aug/2026:19:18:38 +0500] "GET /uz?function=call_user_func_array&s=index%2Fthink%2Fapp%2Finvokefunction&start=24&vars%5B1%5D%5B0%5D=1 HTTP/1.1" 200 68908 "-" "Mozilla/5.0 (X11; Linux aarch64) AppleWebKit/537.36 (KHTML, like Gecko) Chrome/139.0.0.0 Safari/537.36"
51.89.72.3 - - [25/Aug/2026:19:18:59 +0500] "GET /index.php/sitemap.xml HTTP/1.1" 508 288 "-" "Mozilla/5.0 (compatible; AhrefsBot/7.0; +http://ahrefs.com/robot/)"
216.73.216.32 - - [25/Aug/2026:19:19:09 +0500] "GET /uz/?r=h9u1m6a7n8i9z0a7t2i6o4n&start=20 HTTP/1.1" 200 68509 "-" "Mozilla/5.0 AppleWebKit/537.36 (KHTML, like Gecko; compatible; ClaudeBot/1.0; +claudebot@anthropic.com)"
216.73.216.32 - - [25/Aug/2026:19:19:21 +0500] "GET /uz/?r=e9x3t7r6e3m2i3t7y235&start=28 HTTP/1.1" 200 68390 "-" "Mozilla/5.0 AppleWebKit/537.36 (KHTML, like Gecko; compatible; ClaudeBot/1.0; +claudebot@anthropic.com)"
34.10.180.98 - - [25/Aug/2026:19:19:32 +0500] "GET /docs/2020/rahbariyat-30.06.2020.pdf HTTP/1.1" 200 73834 "-" "Mozilla/5.0 (Macintosh; Intel Mac OS X 10_15_7) AppleWebKit/537.36 (KHTML, like Gecko) Chrome/120.0.0.0 Safari/537.36"
34.123.149.87 - - [25/Aug/2026:19:19:30 +0500] "GET /uz/about-org-uzb/strategy-uzb?template=accessibility HTTP/1.1" 200 32525 "-" "Mozilla/5.0 (Macintosh; Intel Mac OS X 10_15_7) AppleWebKit/537.36 (KHTML, like Gecko) Chrome/120.0.0.0 Safari/537.36"
216.73.216.32 - - [25/Aug/2026:19:19:33 +0500] "GET /uz/?r=h9u1m6a7n8i9z0a7t2i6o4n&start=52 HTTP/1.1" 200 69195 "-" "Mozilla/5.0 AppleWebKit/537.36 (KHTML, like Gecko; compatible; ClaudeBot/1.0; +claudebot@anthropic.com)"
216.73.216.32 - - [25/Aug/2026:19:19:46 +0500] "GET /ru/?r=h4y1m1e0n7i4u3m6444&start=12 HTTP/1.1" 200 67521 "-" "Mozilla/5.0 AppleWebKit/537.36 (KHTML, like Gecko; compatible; ClaudeBot/1.0; +claudebot@anthropic.com)"
216.73.216.32 - - [25/Aug/2026:19:20:09 +0500] "GET /ru/?r=h4y1m1e0n7i4u3m6444&start=16 HTTP/1.1" 200 68689 "-" "Mozilla/5.0 AppleWebKit/537.36 (KHTML, like Gecko; compatible; ClaudeBot/1.0; +claudebot@anthropic.com)"
216.73.216.32 - - [25/Aug/2026:19:20:35 +0500] "GET /uz/?r=t4e3n7d7r3o0n05149&start=48 HTTP/1.1" 200 68837 "-" "Mozilla/5.0 AppleWebKit/537.36 (KHTML, like Gecko; compatible; ClaudeBot/1.0; +claudebot@anthropic.com)"
216.73.216.32 - - [25/Aug/2026:19:21:00 +0500] "GET /uz/?r=p4o3p8e1l1o4t4e8305&start=4 HTTP/1.1" 200 67958 "-" "Mozilla/5.0 AppleWebKit/537.36 (KHTML, like Gecko; compatible; ClaudeBot/1.0; +claudebot@anthropic.com)"
216.73.216.32 - - [25/Aug/2026:19:21:30 +0500] "GET /uz/?p=1&start=44 HTTP/1.1" 200 69646 "-" "Mozilla/5.0 AppleWebKit/537.36 (KHTML, like Gecko; compatible; ClaudeBot/1.0; +claudebot@anthropic.com)"
34.123.149.87 - - [25/Aug/2026:19:21:33 +0500] "GET /uz/component/search/?Itemid=175&catid=31&format=opensearch&id=342 HTTP/1.1" 200 808 "-" "Mozilla/5.0 (Macintosh; Intel Mac OS X 10_15_7) AppleWebKit/537.36 (KHTML, like Gecko) Chrome/120.0.0.0 Safari/537.36"
216.73.216.32 - - [25/Aug/2026:19:21:56 +0500] "GET /uz/?p=1&start=40 HTTP/1.1" 508 288 "-" "Mozilla/5.0 AppleWebKit/537.36 (KHTML, like Gecko; compatible; ClaudeBot/1.0; +claudebot@anthropic.com)"
34.123.149.87 - - [25/Aug/2026:19:23:42 +0500] "GET /ru/17-russian/shareholders-rus?start=8 HTTP/1.1" 200 65889 "-" "Mozilla/5.0 (Macintosh; Intel Mac OS X 10_15_7) AppleWebKit/537.36 (KHTML, like Gecko) Chrome/120.0.0.0 Safari/537.36"
34.123.149.87 - - [25/Aug/2026:19:26:37 +0500] "GET /uz/?format=feed&r=t4e3n7d7r3o0n05149&type=rss HTTP/1.1" 508 288 "-" "Mozilla/5.0 (Macintosh; Intel Mac OS X 10_15_7) AppleWebKit/537.36 (KHTML, like Gecko) Chrome/120.0.0.0 Safari/537.36"
144.24.27.163 - - [25/Aug/2026:19:27:11 +0500] "GET /uz?function=call_user_func_array&s=index%2Fthink%2Fapp%2Finvokefunction&start=24&vars%5B1%5D%5B0%5D=1 HTTP/1.1" 508 288 "-" "Mozilla/5.0 (X11; Linux aarch64) AppleWebKit/537.36 (KHTML, like Gecko) Chrome/139.0.0.0 Safari/537.36"
216.73.216.32 - - [25/Aug/2026:19:27:16 +0500] "GET /index.php?r=m4e4r2o9s1o0m3e0918 HTTP/1.1" 508 288 "-" "Mozilla/5.0 AppleWebKit/537.36 (KHTML, like Gecko; compatible; ClaudeBot/1.0; +claudebot@anthropic.com)"
216.73.216.32 - - [25/Aug/2026:19:27:42 +0500] "GET /index.php?r=f4e2u0d4a0l8i7z9e205 HTTP/1.1" 301 - "-" "Mozilla/5.0 AppleWebKit/537.36 (KHTML, like Gecko; compatible; ClaudeBot/1.0; +claudebot@anthropic.com)"
34.42.229.145 - - [25/Aug/2026:19:27:48 +0500] "GET /ru/component/search/?Itemid=161&catid=25&format=opensearch&id=406 HTTP/1.1" 200 797 "-" "Mozilla/5.0 (Macintosh; Intel Mac OS X 10_15_7) AppleWebKit/537.36 (KHTML, like Gecko) Chrome/120.0.0.0 Safari/537.36"
34.123.149.87 - - [25/Aug/2026:19:27:47 +0500] "GET /uz/news-uzb/396-news-09-06-2022 HTTP/1.1" 200 58529 "-" "Mozilla/5.0 (Macintosh; Intel Mac OS X 10_15_7) AppleWebKit/537.36 (KHTML, like Gecko) Chrome/120.0.0.0 Safari/537.36"
216.73.216.32 - - [25/Aug/2026:19:27:48 +0500] "GET /uz/?r=f4e2u0d4a0l8i7z9e205 HTTP/1.1" 200 68524 "http://eski.uzbekgidroenergoqurilish.uz/index.php?r=f4e2u0d4a0l8i7z9e205" "Mozilla/5.0 AppleWebKit/537.36 (KHTML, like Gecko; compatible; ClaudeBot/1.0; +claudebot@anthropic.com)"
216.73.216.32 - - [25/Aug/2026:19:28:14 +0500] "GET /index.php?r=t4e5n8d0i0n5g9100 HTTP/1.1" 301 - "-" "Mozilla/5.0 AppleWebKit/537.36 (KHTML, like Gecko; compatible; ClaudeBot/1.0; +claudebot@anthropic.com)"
216.73.216.32 - - [25/Aug/2026:19:28:19 +0500] "GET /uz/?r=t4e5n8d0i0n5g9100 HTTP/1.1" 200 68521 "http://eski.uzbekgidroenergoqurilish.uz/index.php?r=t4e5n8d0i0n5g9100" "Mozilla/5.0 AppleWebKit/537.36 (KHTML, like Gecko; compatible; ClaudeBot/1.0; +claudebot@anthropic.com)"
85.208.96.198 - - [25/Aug/2026:19:28:21 +0500] "GET /ru/info-for-shareholders-rus?start=10&template=yoo_master2 HTTP/1.1" 200 63797 "-" "Mozilla/5.0 (compatible; SemrushBot/7~bl; +http://www.semrush.com/bot.html)"
34.10.180.98 - - [25/Aug/2026:19:28:48 +0500] "GET /docs/2022/osa-ru.docx HTTP/1.1" 200 61852 "-" "Mozilla/5.0 (Macintosh; Intel Mac OS X 10_15_7) AppleWebKit/537.36 (KHTML, like Gecko) Chrome/120.0.0.0 Safari/537.36"
52.45.92.83 - - [25/Aug/2026:19:28:51 +0500] "GET /uz/?function=call_user_func_array&s=index/think/app/invokefunction&start=12&vars[0]=phpinfo&vars[1][0]=1 HTTP/1.1" 508 288 "-" "Mozilla/5.0 AppleWebKit/537.36 (KHTML, like Gecko; compatible; Amazonbot/0.1; +https://developer.amazon.com/support/amazonbot) Chrome/119.0.6045.214 Safari/537.36"
216.73.216.32 - - [25/Aug/2026:19:29:02 +0500] "GET /index.php?r=e4x1p8l7a6n3a2t4e767 HTTP/1.1" 508 288 "-" "Mozilla/5.0 AppleWebKit/537.36 (KHTML, like Gecko; compatible; ClaudeBot/1.0; +claudebot@anthropic.com)"
216.73.216.32 - - [25/Aug/2026:19:29:23 +0500] "GET /index.php?r=m4a2x2i6m0u0s90672 HTTP/1.1" 301 - "-" "Mozilla/5.0 AppleWebKit/537.36 (KHTML, like Gecko; compatible; ClaudeBot/1.0; +claudebot@anthropic.com)"
216.73.216.32 - - [25/Aug/2026:19:29:29 +0500] "GET /uz/?r=m4a2x2i6m0u0s90672 HTTP/1.1" 200 68522 "http://eski.uzbekgidroenergoqurilish.uz/index.php?r=m4a2x2i6m0u0s90672" "Mozilla/5.0 AppleWebKit/537.36 (KHTML, like Gecko; compatible; ClaudeBot/1.0; +claudebot@anthropic.com)"
216.73.216.32 - - [25/Aug/2026:19:30:04 +0500] "GET /index.php?r=i4n3t6e0r9o7p3e6r7c7ulum HTTP/1.1" 508 288 "-" "Mozilla/5.0 AppleWebKit/537.36 (KHTML, like Gecko; compatible; ClaudeBot/1.0; +claudebot@anthropic.com)"
216.73.216.32 - - [25/Aug/2026:19:30:38 +0500] "GET /index.php?r=l4a3v0e0e7r896495 HTTP/1.1" 301 - "-" "Mozilla/5.0 AppleWebKit/537.36 (KHTML, like Gecko; compatible; ClaudeBot/1.0; +claudebot@anthropic.com)"
216.73.216.32 - - [25/Aug/2026:19:30:44 +0500] "GET /uz/?r=l4a3v0e0e7r896495 HTTP/1.1" 200 68521 "http://eski.uzbekgidroenergoqurilish.uz/index.php?r=l4a3v0e0e7r896495" "Mozilla/5.0 AppleWebKit/537.36 (KHTML, like Gecko; compatible; ClaudeBot/1.0; +claudebot@anthropic.com)"
35.254.159.230 - - [25/Aug/2026:19:30:51 +0500] "GET /docs/2022/profit-plan-2021.docx HTTP/1.1" 200 49185 "-" "Mozilla/5.0 (Macintosh; Intel Mac OS X 10_15_7) AppleWebKit/537.36 (KHTML, like Gecko) Chrome/120.0.0.0 Safari/537.36"
216.73.216.32 - - [25/Aug/2026:19:31:11 +0500] "GET /index.php?r=t4e2n2a1c6u0l7u6m0s3 HTTP/1.1" 301 - "-" "Mozilla/5.0 AppleWebKit/537.36 (KHTML, like Gecko; compatible; ClaudeBot/1.0; +claudebot@anthropic.com)"
216.73.216.32 - - [25/Aug/2026:19:31:17 +0500] "GET /uz/?r=t4e2n2a1c6u0l7u6m0s3 HTTP/1.1" 200 68421 "http://eski.uzbekgidroenergoqurilish.uz/index.php?r=t4e2n2a1c6u0l7u6m0s3" "Mozilla/5.0 AppleWebKit/537.36 (KHTML, like Gecko; compatible; ClaudeBot/1.0; +claudebot@anthropic.com)"
216.73.216.32 - - [25/Aug/2026:19:31:45 +0500] "GET /index.php?r=s4c3e4p6t5i6c2i3s8m68 HTTP/1.1" 301 - "-" "Mozilla/5.0 AppleWebKit/537.36 (KHTML, like Gecko; compatible; ClaudeBot/1.0; +claudebot@anthropic.com)"
216.73.216.32 - - [25/Aug/2026:19:31:51 +0500] "GET /uz/?r=s4c3e4p6t5i6c2i3s8m68 HTTP/1.1" 200 68422 "http://eski.uzbekgidroenergoqurilish.uz/index.php?r=s4c3e4p6t5i6c2i3s8m68" "Mozilla/5.0 AppleWebKit/537.36 (KHTML, like Gecko; compatible; ClaudeBot/1.0; +claudebot@anthropic.com)"
216.73.216.32 - - [25/Aug/2026:19:32:20 +0500] "GET /index.php?r=o4r8d0o2n9n4a8n9c8e4 HTTP/1.1" 508 288 "-" "Mozilla/5.0 AppleWebKit/537.36 (KHTML, like Gecko; compatible; ClaudeBot/1.0; +claudebot@anthropic.com)"
216.73.216.32 - - [25/Aug/2026:19:32:50 +0500] "GET /index.php?r=a4s2w9o5o8n8e7d7030 HTTP/1.1" 508 288 "-" "Mozilla/5.0 AppleWebKit/537.36 (KHTML, like Gecko; compatible; ClaudeBot/1.0; +claudebot@anthropic.com)"
216.73.216.32 - - [25/Aug/2026:19:33:04 +0500] "GET /index.php?r=t4i1c8h9o7r3r3h2i7n9e3 HTTP/1.1" 508 288 "-" "Mozilla/5.0 AppleWebKit/537.36 (KHTML, like Gecko; compatible; ClaudeBot/1.0; +claudebot@anthropic.com)"
216.73.216.32 - - [25/Aug/2026:19:33:35 +0500] "GET /index.php?r=s4y2n8a5l6o8e9p4h5a35 HTTP/1.1" 508 288 "-" "Mozilla/5.0 AppleWebKit/537.36 (KHTML, like Gecko; compatible; ClaudeBot/1.0; +claudebot@anthropic.com)"
34.123.149.87 - - [25/Aug/2026:19:33:32 +0500] "GET /ru/info-for-shareholders-rus/277-kpe-3-2019-ej HTTP/1.1" 200 55485 "-" "Mozilla/5.0 (Macintosh; Intel Mac OS X 10_15_7) AppleWebKit/537.36 (KHTML, like Gecko) Chrome/120.0.0.0 Safari/537.36"
34.10.180.98 - - [25/Aug/2026:19:33:43 +0500] "GET /uz/officially-uzb/tenders-uzb?format=feed&template=accessibility&type=rss HTTP/1.1" 200 5911 "-" "Mozilla/5.0 (Macintosh; Intel Mac OS X 10_15_7) AppleWebKit/537.36 (KHTML, like Gecko) Chrome/120.0.0.0 Safari/537.36"
216.73.216.32 - - [25/Aug/2026:19:33:50 +0500] "GET /index.php?r=p4o3l0a2r2i1z8e0d209 HTTP/1.1" 301 - "-" "Mozilla/5.0 AppleWebKit/537.36 (KHTML, like Gecko; compatible; ClaudeBot/1.0; +claudebot@anthropic.com)"
216.73.216.32 - - [25/Aug/2026:19:33:56 +0500] "GET /uz/?r=p4o3l0a2r2i1z8e0d209 HTTP/1.1" 200 68421 "http://eski.uzbekgidroenergoqurilish.uz/index.php?r=p4o3l0a2r2i1z8e0d209" "Mozilla/5.0 AppleWebKit/537.36 (KHTML, like Gecko; compatible; ClaudeBot/1.0; +claudebot@anthropic.com)"
216.73.216.32 - - [25/Aug/2026:19:34:21 +0500] "GET /index.php?r=s4h8a5r9p4s8a8w553 HTTP/1.1" 301 - "-" "Mozilla/5.0 AppleWebKit/537.36 (KHTML, like Gecko; compatible; ClaudeBot/1.0; +claudebot@anthropic.com)"
216.73.216.32 - - [25/Aug/2026:19:34:27 +0500] "GET /uz/?r=s4h8a5r9p4s8a8w553 HTTP/1.1" 200 68419 "http://eski.uzbekgidroenergoqurilish.uz/index.php?r=s4h8a5r9p4s8a8w553" "Mozilla/5.0 AppleWebKit/537.36 (KHTML, like Gecko; compatible; ClaudeBot/1.0; +claudebot@anthropic.com)"
216.73.216.32 - - [25/Aug/2026:19:34:44 +0500] "GET /index.php?r=e4n2c0e8p9h2a5l7o4i0d9 HTTP/1.1" 301 - "-" "Mozilla/5.0 AppleWebKit/537.36 (KHTML, like Gecko; compatible; ClaudeBot/1.0; +claudebot@anthropic.com)"
216.73.216.32 - - [25/Aug/2026:19:34:51 +0500] "GET /uz/?r=e4n2c0e8p9h2a5l7o4i0d9 HTTP/1.1" 200 68423 "http://eski.uzbekgidroenergoqurilish.uz/index.php?r=e4n2c0e8p9h2a5l7o4i0d9" "Mozilla/5.0 AppleWebKit/537.36 (KHTML, like Gecko; compatible; ClaudeBot/1.0; +claudebot@anthropic.com)"
216.73.216.32 - - [25/Aug/2026:19:35:18 +0500] "GET /index.php?r=v4u1l7n8e4r9a2b8l1e57 HTTP/1.1" 508 288 "-" "Mozilla/5.0 AppleWebKit/537.36 (KHTML, like Gecko; compatible; ClaudeBot/1.0; +claudebot@anthropic.com)"
216.73.216.32 - - [25/Aug/2026:19:35:50 +0500] "GET /index.php?r=p4i3g6e0y3e6d22773 HTTP/1.1" 301 - "-" "Mozilla/5.0 AppleWebKit/537.36 (KHTML, like Gecko; compatible; ClaudeBot/1.0; +claudebot@anthropic.com)"
216.73.216.32 - - [25/Aug/2026:19:35:59 +0500] "GET /uz/?r=p4i3g6e0y3e6d22773 HTTP/1.1" 508 288 "http://eski.uzbekgidroenergoqurilish.uz/index.php?r=p4i3g6e0y3e6d22773" "Mozilla/5.0 AppleWebKit/537.36 (KHTML, like Gecko; compatible; ClaudeBot/1.0; +claudebot@anthropic.com)"
216.73.216.32 - - [25/Aug/2026:19:36:54 +0500] "GET /index.php?r=d4r3o4p1p0e1r1384 HTTP/1.1" 301 - "-" "Mozilla/5.0 AppleWebKit/537.36 (KHTML, like Gecko; compatible; ClaudeBot/1.0; +claudebot@anthropic.com)"
216.73.216.32 - - [25/Aug/2026:19:37:02 +0500] "GET /uz/?r=d4r3o4p1p0e1r1384 HTTP/1.1" 200 68418 "http://eski.uzbekgidroenergoqurilish.uz/index.php?r=d4r3o4p1p0e1r1384" "Mozilla/5.0 AppleWebKit/537.36 (KHTML, like Gecko; compatible; ClaudeBot/1.0; +claudebot@anthropic.com)"
216.73.216.32 - - [25/Aug/2026:19:37:09 +0500] "GET /index.php?r=a4c3i7p6e5n3s8e1r874 HTTP/1.1" 301 - "-" "Mozilla/5.0 AppleWebKit/537.36 (KHTML, like Gecko; compatible; ClaudeBot/1.0; +claudebot@anthropic.com)"
216.73.216.32 - - [25/Aug/2026:19:37:15 +0500] "GET /uz/?r=a4c3i7p6e5n3s8e1r874 HTTP/1.1" 200 68421 "http://eski.uzbekgidroenergoqurilish.uz/index.php?r=a4c3i7p6e5n3s8e1r874" "Mozilla/5.0 AppleWebKit/537.36 (KHTML, like Gecko; compatible; ClaudeBot/1.0; +claudebot@anthropic.com)"
216.73.216.32 - - [25/Aug/2026:19:37:42 +0500] "GET /uz/?r=p9o3l1y2s8t5o0m9e78&start=44 HTTP/1.1" 200 69658 "-" "Mozilla/5.0 AppleWebKit/537.36 (KHTML, like Gecko; compatible; ClaudeBot/1.0; +claudebot@anthropic.com)"
216.73.216.32 - - [25/Aug/2026:19:38:30 +0500] "GET /index.php?r=g4o3o6d6s7622110 HTTP/1.1" 301 - "-" "Mozilla/5.0 AppleWebKit/537.36 (KHTML, like Gecko; compatible; ClaudeBot/1.0; +claudebot@anthropic.com)"
216.73.216.32 - - [25/Aug/2026:19:38:35 +0500] "GET /uz/?r=g4o3o6d6s7622110 HTTP/1.1" 200 68417 "http://eski.uzbekgidroenergoqurilish.uz/index.php?r=g4o3o6d6s7622110" "Mozilla/5.0 AppleWebKit/537.36 (KHTML, like Gecko; compatible; ClaudeBot/1.0; +claudebot@anthropic.com)"
85.208.96.198 - - [25/Aug/2026:19:38:37 +0500] "GET /uz/?function=call_user_func_array&s=index%2Fthink%5C%5C%5C%5C%5C%5C%5C%5C%5C%5C%5C%5C%5C%5C%5C%5C%5C%5C%5C%5C%5C%5C%5C%5C%5C%5C%5C%5C%5C%5C%5C%5Capp%2Finvokefunction&start=48&vars%5B0%5D=phpinfo&vars%5B1%5D%5B0%5D=1 HTTP/1.1" 200 68977 "-" "Mozilla/5.0 (compatible; SemrushBot/7~bl; +http://www.semrush.com/bot.html)"
216.73.216.32 - - [25/Aug/2026:19:39:36 +0500] "GET /index.php?r=m4a2s6t8e4r8l6y7914 HTTP/1.1" 508 288 "-" "Mozilla/5.0 AppleWebKit/537.36 (KHTML, like Gecko; compatible; ClaudeBot/1.0; +claudebot@anthropic.com)"
216.73.216.32 - - [25/Aug/2026:19:40:09 +0500] "GET /index.php?r=s4t2y9l3i6o2l7a6355 HTTP/1.1" 301 - "-" "Mozilla/5.0 AppleWebKit/537.36 (KHTML, like Gecko; compatible; ClaudeBot/1.0; +claudebot@anthropic.com)"
216.73.216.32 - - [25/Aug/2026:19:40:16 +0500] "GET /uz/?r=s4t2y9l3i6o2l7a6355 HTTP/1.1" 200 68420 "http://eski.uzbekgidroenergoqurilish.uz/index.php?r=s4t2y9l3i6o2l7a6355" "Mozilla/5.0 AppleWebKit/537.36 (KHTML, like Gecko; compatible; ClaudeBot/1.0; +claudebot@anthropic.com)"
216.73.216.32 - - [25/Aug/2026:19:40:54 +0500] "GET /index.php?r=l4a1u7d0a1n9u7m1223 HTTP/1.1" 301 - "-" "Mozilla/5.0 AppleWebKit/537.36 (KHTML, like Gecko; compatible; ClaudeBot/1.0; +claudebot@anthropic.com)"
34.150.177.123 - - [25/Aug/2026:19:41:06 +0500] "GET /media/system/js/core.js HTTP/1.1" 200 8735 "-" "Mozilla/5.0 (Macintosh; Intel Mac OS X 10_10_1) AppleWebKit/537.36 (KHTML, like Gecko) Chrome/39.0.2171.95 Safari/537.36"
34.150.177.123 - - [25/Aug/2026:19:41:06 +0500] "GET /wp-includes/js/jquery/jquery.js HTTP/1.1" 508 288 "-" "Mozilla/5.0 (Macintosh; Intel Mac OS X 10_10_1) AppleWebKit/537.36 (KHTML, like Gecko) Chrome/39.0.2171.95 Safari/537.36"
216.73.216.32 - - [25/Aug/2026:19:41:01 +0500] "GET /uz/?r=l4a1u7d0a1n9u7m1223 HTTP/1.1" 200 68420 "http://eski.uzbekgidroenergoqurilish.uz/index.php?r=l4a1u7d0a1n9u7m1223" "Mozilla/5.0 AppleWebKit/537.36 (KHTML, like Gecko; compatible; ClaudeBot/1.0; +claudebot@anthropic.com)"
34.30.223.149 - - [25/Aug/2026:19:41:09 +0500] "GET /ru/facts-rus/455-sush-fakt-36-07-04-2025-pdf HTTP/1.1" 200 55664 "-" "Mozilla/5.0 (Macintosh; Intel Mac OS X 10_15_7) AppleWebKit/537.36 (KHTML, like Gecko) Chrome/120.0.0.0 Safari/537.36"
216.73.216.32 - - [25/Aug/2026:19:41:40 +0500] "GET /index.php?r=w4i3s3l0y8488110 HTTP/1.1" 508 288 "-" "Mozilla/5.0 AppleWebKit/537.36 (KHTML, like Gecko; compatible; ClaudeBot/1.0; +claudebot@anthropic.com)"
34.10.180.98 - - [25/Aug/2026:19:42:10 +0500] "GET /ru/14-uzbek/news-uzb/139-meeting-15-11-16 HTTP/1.1" 200 64586 "-" "Mozilla/5.0 (Macintosh; Intel Mac OS X 10_15_7) AppleWebKit/537.36 (KHTML, like Gecko) Chrome/120.0.0.0 Safari/537.36"
216.73.216.32 - - [25/Aug/2026:19:42:23 +0500] "GET /index.php?r=v4i4l2l2o2s3u6s4613 HTTP/1.1" 301 - "-" "Mozilla/5.0 AppleWebKit/537.36 (KHTML, like Gecko; compatible; ClaudeBot/1.0; +claudebot@anthropic.com)"
216.73.216.32 - - [25/Aug/2026:19:42:29 +0500] "GET /uz/?r=v4i4l2l2o2s3u6s4613 HTTP/1.1" 200 68420 "http://eski.uzbekgidroenergoqurilish.uz/index.php?r=v4i4l2l2o2s3u6s4613" "Mozilla/5.0 AppleWebKit/537.36 (KHTML, like Gecko; compatible; ClaudeBot/1.0; +claudebot@anthropic.com)"
216.73.216.32 - - [25/Aug/2026:19:43:00 +0500] "GET /index.php?r=f4a1c8t6o4r6i5e6s745 HTTP/1.1" 508 288 "-" "Mozilla/5.0 AppleWebKit/537.36 (KHTML, like Gecko; compatible; ClaudeBot/1.0; +claudebot@anthropic.com)"
216.73.216.32 - - [25/Aug/2026:19:43:14 +0500] "GET /index.php?r=n4u2b0e9c7u3l6a7e213 HTTP/1.1" 301 - "-" "Mozilla/5.0 AppleWebKit/537.36 (KHTML, like Gecko; compatible; ClaudeBot/1.0; +claudebot@anthropic.com)"
216.73.216.32 - - [25/Aug/2026:19:43:19 +0500] "GET /uz/?r=n4u2b0e9c7u3l6a7e213 HTTP/1.1" 200 68421 "http://eski.uzbekgidroenergoqurilish.uz/index.php?r=n4u2b0e9c7u3l6a7e213" "Mozilla/5.0 AppleWebKit/537.36 (KHTML, like Gecko; compatible; ClaudeBot/1.0; +claudebot@anthropic.com)"
216.73.216.32 - - [25/Aug/2026:19:43:27 +0500] "GET /index.php?r=f4o4r1e5t9e7l9l3e8r60 HTTP/1.1" 301 - "-" "Mozilla/5.0 AppleWebKit/537.36 (KHTML, like Gecko; compatible; ClaudeBot/1.0; +claudebot@anthropic.com)"
216.73.216.32 - - [25/Aug/2026:19:43:32 +0500] "GET /uz/?r=f4o4r1e5t9e7l9l3e8r60 HTTP/1.1" 200 68422 "http://eski.uzbekgidroenergoqurilish.uz/index.php?r=f4o4r1e5t9e7l9l3e8r60" "Mozilla/5.0 AppleWebKit/537.36 (KHTML, like Gecko; compatible; ClaudeBot/1.0; +claudebot@anthropic.com)"
