216.73.216.32 - - [25/Aug/2026:17:57:49 +0500] "GET /index.php?r=h4o2n4e6y3c4r3e8e9p4e9r HTTP/1.1" 508 288 "-" "Mozilla/5.0 AppleWebKit/537.36 (KHTML, like Gecko; compatible; ClaudeBot/1.0; +claudebot@anthropic.com)"
216.73.216.32 - - [25/Aug/2026:17:57:56 +0500] "GET /index.php?r=r4e3t5a9k5e710258 HTTP/1.1" 508 288 "-" "Mozilla/5.0 AppleWebKit/537.36 (KHTML, like Gecko; compatible; ClaudeBot/1.0; +claudebot@anthropic.com)"
216.73.216.32 - - [25/Aug/2026:17:58:06 +0500] "GET /index.php?r=m4e3m1b6e7r23638 HTTP/1.1" 301 - "-" "Mozilla/5.0 AppleWebKit/537.36 (KHTML, like Gecko; compatible; ClaudeBot/1.0; +claudebot@anthropic.com)"
216.73.216.32 - - [25/Aug/2026:17:58:15 +0500] "GET /index.php?r=s4a2d4d6l8e0s2h7a7p3e7d HTTP/1.1" 508 288 "-" "Mozilla/5.0 AppleWebKit/537.36 (KHTML, like Gecko; compatible; ClaudeBot/1.0; +claudebot@anthropic.com)"
216.73.216.32 - - [25/Aug/2026:17:58:10 +0500] "GET /uz/?r=m4e3m1b6e7r23638 HTTP/1.1" 200 68144 "http://eski.uzbekgidroenergoqurilish.uz/index.php?r=m4e3m1b6e7r23638" "Mozilla/5.0 AppleWebKit/537.36 (KHTML, like Gecko; compatible; ClaudeBot/1.0; +claudebot@anthropic.com)"
216.73.216.32 - - [25/Aug/2026:17:58:23 +0500] "GET /index.php?r=f4i3b5b0e1d214863 HTTP/1.1" 301 - "-" "Mozilla/5.0 AppleWebKit/537.36 (KHTML, like Gecko; compatible; ClaudeBot/1.0; +claudebot@anthropic.com)"
216.73.216.32 - - [25/Aug/2026:17:58:26 +0500] "GET /uz/?r=f4i3b5b0e1d214863 HTTP/1.1" 200 68145 "http://eski.uzbekgidroenergoqurilish.uz/index.php?r=f4i3b5b0e1d214863" "Mozilla/5.0 AppleWebKit/537.36 (KHTML, like Gecko; compatible; ClaudeBot/1.0; +claudebot@anthropic.com)"
216.73.216.32 - - [25/Aug/2026:17:58:39 +0500] "GET /index.php?r=c4l2e0c5h8e397782 HTTP/1.1" 301 - "-" "Mozilla/5.0 AppleWebKit/537.36 (KHTML, like Gecko; compatible; ClaudeBot/1.0; +claudebot@anthropic.com)"
216.73.216.32 - - [25/Aug/2026:17:58:48 +0500] "GET /index.php?r=r4e2i3n1v8e8s2t013 HTTP/1.1" 508 288 "-" "Mozilla/5.0 AppleWebKit/537.36 (KHTML, like Gecko; compatible; ClaudeBot/1.0; +claudebot@anthropic.com)"
216.73.216.32 - - [25/Aug/2026:17:58:42 +0500] "GET /uz/?r=c4l2e0c5h8e397782 HTTP/1.1" 200 68145 "http://eski.uzbekgidroenergoqurilish.uz/index.php?r=c4l2e0c5h8e397782" "Mozilla/5.0 AppleWebKit/537.36 (KHTML, like Gecko; compatible; ClaudeBot/1.0; +claudebot@anthropic.com)"
216.73.216.32 - - [25/Aug/2026:17:58:56 +0500] "GET /index.php?r=e4y4e5s7t0a3l6k558 HTTP/1.1" 508 288 "-" "Mozilla/5.0 AppleWebKit/537.36 (KHTML, like Gecko; compatible; ClaudeBot/1.0; +claudebot@anthropic.com)"
216.73.216.32 - - [25/Aug/2026:17:59:04 +0500] "GET /index.php?r=b4a1y4a1d0e8r4e5673 HTTP/1.1" 301 - "-" "Mozilla/5.0 AppleWebKit/537.36 (KHTML, like Gecko; compatible; ClaudeBot/1.0; +claudebot@anthropic.com)"
216.73.216.32 - - [25/Aug/2026:17:59:07 +0500] "GET /uz/?r=b4a1y4a1d0e8r4e5673 HTTP/1.1" 508 288 "http://eski.uzbekgidroenergoqurilish.uz/index.php?r=b4a1y4a1d0e8r4e5673" "Mozilla/5.0 AppleWebKit/537.36 (KHTML, like Gecko; compatible; ClaudeBot/1.0; +claudebot@anthropic.com)"
216.73.216.32 - - [25/Aug/2026:17:59:11 +0500] "GET /index.php?r=p4e3c7k9l1e4d70878 HTTP/1.1" 301 - "-" "Mozilla/5.0 AppleWebKit/537.36 (KHTML, like Gecko; compatible; ClaudeBot/1.0; +claudebot@anthropic.com)"
216.73.216.32 - - [25/Aug/2026:17:59:15 +0500] "GET /uz/?r=p4e3c7k9l1e4d70878 HTTP/1.1" 200 68146 "http://eski.uzbekgidroenergoqurilish.uz/index.php?r=p4e3c7k9l1e4d70878" "Mozilla/5.0 AppleWebKit/537.36 (KHTML, like Gecko; compatible; ClaudeBot/1.0; +claudebot@anthropic.com)"
216.73.216.32 - - [25/Aug/2026:17:59:19 +0500] "GET /index.php?r=e4r2a8s4u1r4e55482 HTTP/1.1" 301 - "-" "Mozilla/5.0 AppleWebKit/537.36 (KHTML, like Gecko; compatible; ClaudeBot/1.0; +claudebot@anthropic.com)"
216.73.216.32 - - [25/Aug/2026:17:59:23 +0500] "GET /uz/?r=e4r2a8s4u1r4e55482 HTTP/1.1" 200 68405 "http://eski.uzbekgidroenergoqurilish.uz/index.php?r=e4r2a8s4u1r4e55482" "Mozilla/5.0 AppleWebKit/537.36 (KHTML, like Gecko; compatible; ClaudeBot/1.0; +claudebot@anthropic.com)"
44.215.235.20 - - [25/Aug/2026:17:59:30 +0500] "GET /uz/?author=5&start=32 HTTP/1.1" 200 68297 "-" "Mozilla/5.0 AppleWebKit/537.36 (KHTML, like Gecko; compatible; Amazonbot/0.1; +https://developer.amazon.com/support/amazonbot) Chrome/119.0.6045.214 Safari/537.36"
216.73.216.32 - - [25/Aug/2026:17:59:36 +0500] "GET /index.php?r=s4l4a2p6e6f5a3c4e547 HTTP/1.1" 301 - "-" "Mozilla/5.0 AppleWebKit/537.36 (KHTML, like Gecko; compatible; ClaudeBot/1.0; +claudebot@anthropic.com)"
216.73.216.32 - - [25/Aug/2026:17:59:40 +0500] "GET /uz/?r=s4l4a2p6e6f5a3c4e547 HTTP/1.1" 200 68407 "http://eski.uzbekgidroenergoqurilish.uz/index.php?r=s4l4a2p6e6f5a3c4e547" "Mozilla/5.0 AppleWebKit/537.36 (KHTML, like Gecko; compatible; ClaudeBot/1.0; +claudebot@anthropic.com)"
216.73.216.32 - - [25/Aug/2026:17:59:48 +0500] "GET /index.php?r=f4l4e4m3i1s5h9617 HTTP/1.1" 301 - "-" "Mozilla/5.0 AppleWebKit/537.36 (KHTML, like Gecko; compatible; ClaudeBot/1.0; +claudebot@anthropic.com)"
216.73.216.32 - - [25/Aug/2026:17:59:54 +0500] "GET /uz/?r=f4l4e4m3i1s5h9617 HTTP/1.1" 508 288 "http://eski.uzbekgidroenergoqurilish.uz/index.php?r=f4l4e4m3i1s5h9617" "Mozilla/5.0 AppleWebKit/537.36 (KHTML, like Gecko; compatible; ClaudeBot/1.0; +claudebot@anthropic.com)"
216.73.216.32 - - [25/Aug/2026:17:59:56 +0500] "GET /index.php?r=m4e3e2t1l2y166834 HTTP/1.1" 508 288 "-" "Mozilla/5.0 AppleWebKit/537.36 (KHTML, like Gecko; compatible; ClaudeBot/1.0; +claudebot@anthropic.com)"
216.73.216.32 - - [25/Aug/2026:18:00:04 +0500] "GET /index.php?r=i4s3o7c2y8a8n6i4c523 HTTP/1.1" 301 - "-" "Mozilla/5.0 AppleWebKit/537.36 (KHTML, like Gecko; compatible; ClaudeBot/1.0; +claudebot@anthropic.com)"
216.73.216.32 - - [25/Aug/2026:18:00:08 +0500] "GET /uz/?r=i4s3o7c2y8a8n6i4c523 HTTP/1.1" 200 68407 "http://eski.uzbekgidroenergoqurilish.uz/index.php?r=i4s3o7c2y8a8n6i4c523" "Mozilla/5.0 AppleWebKit/537.36 (KHTML, like Gecko; compatible; ClaudeBot/1.0; +claudebot@anthropic.com)"
216.73.216.32 - - [25/Aug/2026:18:00:09 +0500] "GET /ru/component/search/?Itemid=124&format=opensearch&id=15 HTTP/1.1" 200 783 "-" "Mozilla/5.0 AppleWebKit/537.36 (KHTML, like Gecko; compatible; ClaudeBot/1.0; +claudebot@anthropic.com)"
216.73.216.32 - - [25/Aug/2026:18:00:25 +0500] "GET /uz/?r=d9e5m3o0n3i2a0c5i2s5m&start=12 HTTP/1.1" 200 68193 "-" "Mozilla/5.0 AppleWebKit/537.36 (KHTML, like Gecko; compatible; ClaudeBot/1.0; +claudebot@anthropic.com)"
216.73.216.32 - - [25/Aug/2026:18:00:34 +0500] "GET /uz/?r=d9e5m3o0n3i2a0c5i2s5m&start=52 HTTP/1.1" 200 69132 "-" "Mozilla/5.0 AppleWebKit/537.36 (KHTML, like Gecko; compatible; ClaudeBot/1.0; +claudebot@anthropic.com)"
216.73.216.32 - - [25/Aug/2026:18:00:42 +0500] "GET /uz/?r=d9e5m3o0n3i2a0c5i2s5m&start=8 HTTP/1.1" 508 288 "-" "Mozilla/5.0 AppleWebKit/537.36 (KHTML, like Gecko; compatible; ClaudeBot/1.0; +claudebot@anthropic.com)"
216.73.216.32 - - [25/Aug/2026:18:00:50 +0500] "GET /uz/?r=d9e5m3o0n3i2a0c5i2s5m&start=4 HTTP/1.1" 200 68144 "-" "Mozilla/5.0 AppleWebKit/537.36 (KHTML, like Gecko; compatible; ClaudeBot/1.0; +claudebot@anthropic.com)"
216.73.216.32 - - [25/Aug/2026:18:01:16 +0500] "GET /uz/?format=feed&r=d9e5m3o0n3i2a0c5i2s5m&type=atom HTTP/1.1" 200 9107 "-" "Mozilla/5.0 AppleWebKit/537.36 (KHTML, like Gecko; compatible; ClaudeBot/1.0; +claudebot@anthropic.com)"
34.61.96.6 - - [25/Aug/2026:18:03:04 +0500] "GET /ru/component/search/?Itemid=283&format=opensearch HTTP/1.1" 200 785 "-" "Mozilla/5.0 (Macintosh; Intel Mac OS X 10_15_7) AppleWebKit/537.36 (KHTML, like Gecko) Chrome/120.0.0.0 Safari/537.36"
141.148.129.90 - - [25/Aug/2026:18:03:19 +0500] "GET /ru/news-rus/472-meeting-31-03-2022-ru-2 HTTP/1.1" 200 15601 "-" "Mozilla/5.0 (X11; Linux aarch64) AppleWebKit/537.36 (KHTML, like Gecko) Chrome/139.0.0.0 Safari/537.36"
185.191.171.7 - - [25/Aug/2026:18:04:09 +0500] "GET /uz/?function=call_user_func_array&s=index%2Fthink%5C%5C%5C%5Capp%2Finvokefunction&start=48&vars%5B0%5D=phpinfo&vars%5B1%5D%5B0%5D=1 HTTP/1.1" 200 68996 "-" "Mozilla/5.0 (compatible; SemrushBot/7~bl; +http://www.semrush.com/bot.html)"
34.123.149.87 - - [25/Aug/2026:18:04:53 +0500] "GET /ru/news-rus/17-russian/shareholders-rus HTTP/1.1" 508 288 "-" "Mozilla/5.0 (Macintosh; Intel Mac OS X 10_15_7) AppleWebKit/537.36 (KHTML, like Gecko) Chrome/120.0.0.0 Safari/537.36"
216.73.216.32 - - [25/Aug/2026:18:05:18 +0500] "GET /index.php?r=s4e1d2u6l0o2u8s5607 HTTP/1.1" 301 - "-" "Mozilla/5.0 AppleWebKit/537.36 (KHTML, like Gecko; compatible; ClaudeBot/1.0; +claudebot@anthropic.com)"
216.73.216.32 - - [25/Aug/2026:18:05:30 +0500] "GET /index.php?r=t4h4r3e2n5o0d4e979 HTTP/1.1" 508 288 "-" "Mozilla/5.0 AppleWebKit/537.36 (KHTML, like Gecko; compatible; ClaudeBot/1.0; +claudebot@anthropic.com)"
216.73.216.32 - - [25/Aug/2026:18:05:24 +0500] "GET /uz/?r=s4e1d2u6l0o2u8s5607 HTTP/1.1" 200 68433 "http://eski.uzbekgidroenergoqurilish.uz/index.php?r=s4e1d2u6l0o2u8s5607" "Mozilla/5.0 AppleWebKit/537.36 (KHTML, like Gecko; compatible; ClaudeBot/1.0; +claudebot@anthropic.com)"
216.73.216.32 - - [25/Aug/2026:18:05:43 +0500] "GET /index.php?r=p4e2d5r5a8i7l53148 HTTP/1.1" 301 - "-" "Mozilla/5.0 AppleWebKit/537.36 (KHTML, like Gecko; compatible; ClaudeBot/1.0; +claudebot@anthropic.com)"
216.73.216.32 - - [25/Aug/2026:18:05:53 +0500] "GET /index.php?r=r4e1f6a1s3t5e8n8758 HTTP/1.1" 508 288 "-" "Mozilla/5.0 AppleWebKit/537.36 (KHTML, like Gecko; compatible; ClaudeBot/1.0; +claudebot@anthropic.com)"
216.73.216.32 - - [25/Aug/2026:18:05:48 +0500] "GET /uz/?r=p4e2d5r5a8i7l53148 HTTP/1.1" 200 68432 "http://eski.uzbekgidroenergoqurilish.uz/index.php?r=p4e2d5r5a8i7l53148" "Mozilla/5.0 AppleWebKit/537.36 (KHTML, like Gecko; compatible; ClaudeBot/1.0; +claudebot@anthropic.com)"
216.73.216.32 - - [25/Aug/2026:18:06:03 +0500] "GET /index.php?r=t4e2t5r7a8h6e2x8a2h3e3dron HTTP/1.1" 301 - "-" "Mozilla/5.0 AppleWebKit/537.36 (KHTML, like Gecko; compatible; ClaudeBot/1.0; +claudebot@anthropic.com)"
216.73.216.32 - - [25/Aug/2026:18:06:09 +0500] "GET /uz/?r=t4e2t5r7a8h6e2x8a2h3e3dron HTTP/1.1" 200 68440 "http://eski.uzbekgidroenergoqurilish.uz/index.php?r=t4e2t5r7a8h6e2x8a2h3e3dron" "Mozilla/5.0 AppleWebKit/537.36 (KHTML, like Gecko; compatible; ClaudeBot/1.0; +claudebot@anthropic.com)"
216.73.216.32 - - [25/Aug/2026:18:06:12 +0500] "GET /index.php?r=s4e3d8i3l9i1a81024 HTTP/1.1" 301 - "-" "Mozilla/5.0 AppleWebKit/537.36 (KHTML, like Gecko; compatible; ClaudeBot/1.0; +claudebot@anthropic.com)"
216.73.216.32 - - [25/Aug/2026:18:06:18 +0500] "GET /uz/?r=s4e3d8i3l9i1a81024 HTTP/1.1" 200 68432 "http://eski.uzbekgidroenergoqurilish.uz/index.php?r=s4e3d8i3l9i1a81024" "Mozilla/5.0 AppleWebKit/537.36 (KHTML, like Gecko; compatible; ClaudeBot/1.0; +claudebot@anthropic.com)"
216.73.216.32 - - [25/Aug/2026:18:06:24 +0500] "GET /index.php?r=s4e1a8l2s6k6i6n8900 HTTP/1.1" 508 288 "-" "Mozilla/5.0 AppleWebKit/537.36 (KHTML, like Gecko; compatible; ClaudeBot/1.0; +claudebot@anthropic.com)"
216.73.216.32 - - [25/Aug/2026:18:06:32 +0500] "GET /index.php?r=s4h2e2a8t3h8e0r6155 HTTP/1.1" 301 - "-" "Mozilla/5.0 AppleWebKit/537.36 (KHTML, like Gecko; compatible; ClaudeBot/1.0; +claudebot@anthropic.com)"
216.73.216.32 - - [25/Aug/2026:18:06:39 +0500] "GET /uz/?r=s4h2e2a8t3h8e0r6155 HTTP/1.1" 200 68433 "http://eski.uzbekgidroenergoqurilish.uz/index.php?r=s4h2e2a8t3h8e0r6155" "Mozilla/5.0 AppleWebKit/537.36 (KHTML, like Gecko; compatible; ClaudeBot/1.0; +claudebot@anthropic.com)"
216.73.216.32 - - [25/Aug/2026:18:06:48 +0500] "GET /index.php?r=b4e1n5e8f8i4c5e9n2t00 HTTP/1.1" 508 288 "-" "Mozilla/5.0 AppleWebKit/537.36 (KHTML, like Gecko; compatible; ClaudeBot/1.0; +claudebot@anthropic.com)"
216.73.216.32 - - [25/Aug/2026:18:06:55 +0500] "GET /robots.txt HTTP/1.1" 200 111 "-" "Mozilla/5.0 AppleWebKit/537.36 (KHTML, like Gecko; compatible; ClaudeBot/1.0; +claudebot@anthropic.com)"
216.73.216.32 - - [25/Aug/2026:18:06:56 +0500] "GET /index.php?r=m4a3i6a1n7716183 HTTP/1.1" 301 - "-" "Mozilla/5.0 AppleWebKit/537.36 (KHTML, like Gecko; compatible; ClaudeBot/1.0; +claudebot@anthropic.com)"
216.73.216.32 - - [25/Aug/2026:18:07:01 +0500] "GET /uz/?r=m4a3i6a1n7716183 HTTP/1.1" 200 68430 "http://eski.uzbekgidroenergoqurilish.uz/index.php?r=m4a3i6a1n7716183" "Mozilla/5.0 AppleWebKit/537.36 (KHTML, like Gecko; compatible; ClaudeBot/1.0; +claudebot@anthropic.com)"
34.123.149.87 - - [25/Aug/2026:18:07:10 +0500] "GET /ru/news-rus/9-russian?format=feed&type=atom HTTP/1.1" 200 6031 "-" "Mozilla/5.0 (Macintosh; Intel Mac OS X 10_15_7) AppleWebKit/537.36 (KHTML, like Gecko) Chrome/120.0.0.0 Safari/537.36"
216.73.216.32 - - [25/Aug/2026:18:07:13 +0500] "GET /index.php?r=g4a3l1l2o7m1a4n6i4a4c4 HTTP/1.1" 301 - "-" "Mozilla/5.0 AppleWebKit/537.36 (KHTML, like Gecko; compatible; ClaudeBot/1.0; +claudebot@anthropic.com)"
216.73.216.32 - - [25/Aug/2026:18:07:17 +0500] "GET /uz/?r=g4a3l1l2o7m1a4n6i4a4c4 HTTP/1.1" 200 68436 "http://eski.uzbekgidroenergoqurilish.uz/index.php?r=g4a3l1l2o7m1a4n6i4a4c4" "Mozilla/5.0 AppleWebKit/537.36 (KHTML, like Gecko; compatible; ClaudeBot/1.0; +claudebot@anthropic.com)"
216.73.216.32 - - [25/Aug/2026:18:07:25 +0500] "GET /index.php?r=b4r2o8a0d5e0r39313 HTTP/1.1" 301 - "-" "Mozilla/5.0 AppleWebKit/537.36 (KHTML, like Gecko; compatible; ClaudeBot/1.0; +claudebot@anthropic.com)"
216.73.216.32 - - [25/Aug/2026:18:07:30 +0500] "GET /uz/?r=b4r2o8a0d5e0r39313 HTTP/1.1" 200 68432 "http://eski.uzbekgidroenergoqurilish.uz/index.php?r=b4r2o8a0d5e0r39313" "Mozilla/5.0 AppleWebKit/537.36 (KHTML, like Gecko; compatible; ClaudeBot/1.0; +claudebot@anthropic.com)"
216.73.216.32 - - [25/Aug/2026:18:07:42 +0500] "GET /uz/?Command=NOOP&NewWebClient=1&start=4 HTTP/1.1" 200 68179 "-" "Mozilla/5.0 AppleWebKit/537.36 (KHTML, like Gecko; compatible; ClaudeBot/1.0; +claudebot@anthropic.com)"
216.73.216.32 - - [25/Aug/2026:18:07:50 +0500] "GET /index.php?r=p4r3e9e1f4089015 HTTP/1.1" 301 - "-" "Mozilla/5.0 AppleWebKit/537.36 (KHTML, like Gecko; compatible; ClaudeBot/1.0; +claudebot@anthropic.com)"
216.73.216.32 - - [25/Aug/2026:18:07:56 +0500] "GET /uz/?r=p4r3e9e1f4089015 HTTP/1.1" 200 68430 "http://eski.uzbekgidroenergoqurilish.uz/index.php?r=p4r3e9e1f4089015" "Mozilla/5.0 AppleWebKit/537.36 (KHTML, like Gecko; compatible; ClaudeBot/1.0; +claudebot@anthropic.com)"
216.73.216.32 - - [25/Aug/2026:18:08:08 +0500] "GET /index.php?r=c4o7r2u3n0d6u1m4s55 HTTP/1.1" 301 - "-" "Mozilla/5.0 AppleWebKit/537.36 (KHTML, like Gecko; compatible; ClaudeBot/1.0; +claudebot@anthropic.com)"
216.73.216.32 - - [25/Aug/2026:18:08:13 +0500] "GET /uz/?r=c4o7r2u3n0d6u1m4s55 HTTP/1.1" 200 68433 "http://eski.uzbekgidroenergoqurilish.uz/index.php?r=c4o7r2u3n0d6u1m4s55" "Mozilla/5.0 AppleWebKit/537.36 (KHTML, like Gecko; compatible; ClaudeBot/1.0; +claudebot@anthropic.com)"
216.73.216.32 - - [25/Aug/2026:18:08:20 +0500] "GET /index.php?r=v4e1s4p6i6l7l9o3e5s38 HTTP/1.1" 301 - "-" "Mozilla/5.0 AppleWebKit/537.36 (KHTML, like Gecko; compatible; ClaudeBot/1.0; +claudebot@anthropic.com)"
216.73.216.32 - - [25/Aug/2026:18:08:24 +0500] "GET /uz/?r=v4e1s4p6i6l7l9o3e5s38 HTTP/1.1" 200 68435 "http://eski.uzbekgidroenergoqurilish.uz/index.php?r=v4e1s4p6i6l7l9o3e5s38" "Mozilla/5.0 AppleWebKit/537.36 (KHTML, like Gecko; compatible; ClaudeBot/1.0; +claudebot@anthropic.com)"
216.73.216.32 - - [25/Aug/2026:18:08:30 +0500] "GET /index.php?r=p4e1r2s3i5c3u4s5610 HTTP/1.1" 301 - "-" "Mozilla/5.0 AppleWebKit/537.36 (KHTML, like Gecko; compatible; ClaudeBot/1.0; +claudebot@anthropic.com)"
216.73.216.32 - - [25/Aug/2026:18:08:35 +0500] "GET /uz/?r=p4e1r2s3i5c3u4s5610 HTTP/1.1" 200 68433 "http://eski.uzbekgidroenergoqurilish.uz/index.php?r=p4e1r2s3i5c3u4s5610" "Mozilla/5.0 AppleWebKit/537.36 (KHTML, like Gecko; compatible; ClaudeBot/1.0; +claudebot@anthropic.com)"
216.73.216.32 - - [25/Aug/2026:18:08:42 +0500] "GET /index.php?r=f4o2e8t3i8d4a23483 HTTP/1.1" 508 288 "-" "Mozilla/5.0 AppleWebKit/537.36 (KHTML, like Gecko; compatible; ClaudeBot/1.0; +claudebot@anthropic.com)"
216.73.216.32 - - [25/Aug/2026:18:08:50 +0500] "GET /index.php?r=d4a4b1b9l6e2r75609 HTTP/1.1" 301 - "-" "Mozilla/5.0 AppleWebKit/537.36 (KHTML, like Gecko; compatible; ClaudeBot/1.0; +claudebot@anthropic.com)"
216.73.216.32 - - [25/Aug/2026:18:09:02 +0500] "GET /index.php?r=g4l1a9c3i4e1r44415 HTTP/1.1" 508 288 "-" "Mozilla/5.0 AppleWebKit/537.36 (KHTML, like Gecko; compatible; ClaudeBot/1.0; +claudebot@anthropic.com)"
216.73.216.32 - - [25/Aug/2026:18:08:55 +0500] "GET /uz/?r=d4a4b1b9l6e2r75609 HTTP/1.1" 200 68432 "http://eski.uzbekgidroenergoqurilish.uz/index.php?r=d4a4b1b9l6e2r75609" "Mozilla/5.0 AppleWebKit/537.36 (KHTML, like Gecko; compatible; ClaudeBot/1.0; +claudebot@anthropic.com)"
216.73.216.32 - - [25/Aug/2026:18:09:10 +0500] "GET /index.php?r=s4k1e9l1e8t4o7n9i1z9e8d HTTP/1.1" 508 288 "-" "Mozilla/5.0 AppleWebKit/537.36 (KHTML, like Gecko; compatible; ClaudeBot/1.0; +claudebot@anthropic.com)"
216.73.216.32 - - [25/Aug/2026:18:09:18 +0500] "GET /index.php?r=m4e3d1r8i1c0k98888 HTTP/1.1" 301 - "-" "Mozilla/5.0 AppleWebKit/537.36 (KHTML, like Gecko; compatible; ClaudeBot/1.0; +claudebot@anthropic.com)"
216.73.216.32 - - [25/Aug/2026:18:09:22 +0500] "GET /uz/?r=m4e3d1r8i1c0k98888 HTTP/1.1" 200 68432 "http://eski.uzbekgidroenergoqurilish.uz/index.php?r=m4e3d1r8i1c0k98888" "Mozilla/5.0 AppleWebKit/537.36 (KHTML, like Gecko; compatible; ClaudeBot/1.0; +claudebot@anthropic.com)"
216.73.216.32 - - [25/Aug/2026:18:09:32 +0500] "GET /index.php?r=u4n3m1e6m9b9e3r4875 HTTP/1.1" 301 - "-" "Mozilla/5.0 AppleWebKit/537.36 (KHTML, like Gecko; compatible; ClaudeBot/1.0; +claudebot@anthropic.com)"
216.73.216.32 - - [25/Aug/2026:18:09:37 +0500] "GET /uz/?r=u4n3m1e6m9b9e3r4875 HTTP/1.1" 200 68433 "http://eski.uzbekgidroenergoqurilish.uz/index.php?r=u4n3m1e6m9b9e3r4875" "Mozilla/5.0 AppleWebKit/537.36 (KHTML, like Gecko; compatible; ClaudeBot/1.0; +claudebot@anthropic.com)"
216.73.216.32 - - [25/Aug/2026:18:09:44 +0500] "GET /index.php?r=p4i2k3e9t1a3i2l7730 HTTP/1.1" 301 - "-" "Mozilla/5.0 AppleWebKit/537.36 (KHTML, like Gecko; compatible; ClaudeBot/1.0; +claudebot@anthropic.com)"
216.73.216.32 - - [25/Aug/2026:18:09:49 +0500] "GET /uz/?r=p4i2k3e9t1a3i2l7730 HTTP/1.1" 200 68433 "http://eski.uzbekgidroenergoqurilish.uz/index.php?r=p4i2k3e9t1a3i2l7730" "Mozilla/5.0 AppleWebKit/537.36 (KHTML, like Gecko; compatible; ClaudeBot/1.0; +claudebot@anthropic.com)"
216.73.216.32 - - [25/Aug/2026:18:10:00 +0500] "GET /index.php?r=a4u4m2a9i3l706255 HTTP/1.1" 301 - "-" "Mozilla/5.0 AppleWebKit/537.36 (KHTML, like Gecko; compatible; ClaudeBot/1.0; +claudebot@anthropic.com)"
216.73.216.32 - - [25/Aug/2026:18:10:04 +0500] "GET /index.php?r=d4e1a3m8b1u9l5a1t2i6o9n HTTP/1.1" 301 - "-" "Mozilla/5.0 AppleWebKit/537.36 (KHTML, like Gecko; compatible; ClaudeBot/1.0; +claudebot@anthropic.com)"
216.73.216.32 - - [25/Aug/2026:18:10:05 +0500] "GET /uz/?r=a4u4m2a9i3l706255 HTTP/1.1" 200 68431 "http://eski.uzbekgidroenergoqurilish.uz/index.php?r=a4u4m2a9i3l706255" "Mozilla/5.0 AppleWebKit/537.36 (KHTML, like Gecko; compatible; ClaudeBot/1.0; +claudebot@anthropic.com)"
216.73.216.32 - - [25/Aug/2026:18:10:09 +0500] "GET /uz/?r=d4e1a3m8b1u9l5a1t2i6o9n HTTP/1.1" 200 68437 "http://eski.uzbekgidroenergoqurilish.uz/index.php?r=d4e1a3m8b1u9l5a1t2i6o9n" "Mozilla/5.0 AppleWebKit/537.36 (KHTML, like Gecko; compatible; ClaudeBot/1.0; +claudebot@anthropic.com)"
216.73.216.32 - - [25/Aug/2026:18:10:16 +0500] "GET /index.php?r=d4e2g4r9a3d3a4t6i0o6n9 HTTP/1.1" 301 - "-" "Mozilla/5.0 AppleWebKit/537.36 (KHTML, like Gecko; compatible; ClaudeBot/1.0; +claudebot@anthropic.com)"
216.73.216.32 - - [25/Aug/2026:18:10:21 +0500] "GET /uz/?r=d4e2g4r9a3d3a4t6i0o6n9 HTTP/1.1" 200 68436 "http://eski.uzbekgidroenergoqurilish.uz/index.php?r=d4e2g4r9a3d3a4t6i0o6n9" "Mozilla/5.0 AppleWebKit/537.36 (KHTML, like Gecko; compatible; ClaudeBot/1.0; +claudebot@anthropic.com)"
216.73.216.32 - - [25/Aug/2026:18:10:32 +0500] "GET /index.php?r=t4h6r0e9a5d8e5r670 HTTP/1.1" 301 - "-" "Mozilla/5.0 AppleWebKit/537.36 (KHTML, like Gecko; compatible; ClaudeBot/1.0; +claudebot@anthropic.com)"
216.73.216.32 - - [25/Aug/2026:18:10:35 +0500] "GET /index.php?r=c4r2a5v9e4n409850 HTTP/1.1" 301 - "-" "Mozilla/5.0 AppleWebKit/537.36 (KHTML, like Gecko; compatible; ClaudeBot/1.0; +claudebot@anthropic.com)"
216.73.216.32 - - [25/Aug/2026:18:10:36 +0500] "GET /uz/?r=t4h6r0e9a5d8e5r670 HTTP/1.1" 200 68432 "http://eski.uzbekgidroenergoqurilish.uz/index.php?r=t4h6r0e9a5d8e5r670" "Mozilla/5.0 AppleWebKit/537.36 (KHTML, like Gecko; compatible; ClaudeBot/1.0; +claudebot@anthropic.com)"
216.73.216.32 - - [25/Aug/2026:18:10:40 +0500] "GET /uz/?r=c4r2a5v9e4n409850 HTTP/1.1" 200 68431 "http://eski.uzbekgidroenergoqurilish.uz/index.php?r=c4r2a5v9e4n409850" "Mozilla/5.0 AppleWebKit/537.36 (KHTML, like Gecko; compatible; ClaudeBot/1.0; +claudebot@anthropic.com)"
216.73.216.32 - - [25/Aug/2026:18:10:47 +0500] "GET /index.php?r=l4a3n8d4a1w224688 HTTP/1.1" 301 - "-" "Mozilla/5.0 AppleWebKit/537.36 (KHTML, like Gecko; compatible; ClaudeBot/1.0; +claudebot@anthropic.com)"
216.73.216.32 - - [25/Aug/2026:18:10:52 +0500] "GET /uz/?r=l4a3n8d4a1w224688 HTTP/1.1" 200 68431 "http://eski.uzbekgidroenergoqurilish.uz/index.php?r=l4a3n8d4a1w224688" "Mozilla/5.0 AppleWebKit/537.36 (KHTML, like Gecko; compatible; ClaudeBot/1.0; +claudebot@anthropic.com)"
216.73.216.32 - - [25/Aug/2026:18:11:03 +0500] "GET /index.php?r=e4n1c8o4m8p5a7s6s8m9e8nt HTTP/1.1" 508 288 "-" "Mozilla/5.0 AppleWebKit/537.36 (KHTML, like Gecko; compatible; ClaudeBot/1.0; +claudebot@anthropic.com)"
34.56.53.225 - - [25/Aug/2026:18:11:04 +0500] "GET /uz/facts-uzb/264-36-fact-05-00-2019 HTTP/1.1" 200 56951 "-" "Mozilla/5.0 (Macintosh; Intel Mac OS X 10_15_7) AppleWebKit/537.36 (KHTML, like Gecko) Chrome/120.0.0.0 Safari/537.36"
216.73.216.32 - - [25/Aug/2026:18:11:09 +0500] "GET /index.php?r=g4r3a1f1f4216655 HTTP/1.1" 301 - "-" "Mozilla/5.0 AppleWebKit/537.36 (KHTML, like Gecko; compatible; ClaudeBot/1.0; +claudebot@anthropic.com)"
216.73.216.32 - - [25/Aug/2026:18:11:14 +0500] "GET /uz/?r=g4r3a1f1f4216655 HTTP/1.1" 200 68430 "http://eski.uzbekgidroenergoqurilish.uz/index.php?r=g4r3a1f1f4216655" "Mozilla/5.0 AppleWebKit/537.36 (KHTML, like Gecko; compatible; ClaudeBot/1.0; +claudebot@anthropic.com)"
216.73.216.32 - - [25/Aug/2026:18:11:20 +0500] "GET /index.php?r=c4l3o4u9d2i8e8r8048 HTTP/1.1" 301 - "-" "Mozilla/5.0 AppleWebKit/537.36 (KHTML, like Gecko; compatible; ClaudeBot/1.0; +claudebot@anthropic.com)"
216.73.216.32 - - [25/Aug/2026:18:11:24 +0500] "GET /uz/?r=c4l3o4u9d2i8e8r8048 HTTP/1.1" 200 68433 "http://eski.uzbekgidroenergoqurilish.uz/index.php?r=c4l3o4u9d2i8e8r8048" "Mozilla/5.0 AppleWebKit/537.36 (KHTML, like Gecko; compatible; ClaudeBot/1.0; +claudebot@anthropic.com)"
216.73.216.32 - - [25/Aug/2026:18:11:37 +0500] "GET /index.php?r=p4e1n9n1y3475748 HTTP/1.1" 301 - "-" "Mozilla/5.0 AppleWebKit/537.36 (KHTML, like Gecko; compatible; ClaudeBot/1.0; +claudebot@anthropic.com)"
34.171.68.95 - - [25/Aug/2026:18:11:38 +0500] "GET /ru/component/search/?Itemid=161&format=opensearch HTTP/1.1" 200 785 "-" "Mozilla/5.0 (Macintosh; Intel Mac OS X 10_15_7) AppleWebKit/537.36 (KHTML, like Gecko) Chrome/120.0.0.0 Safari/537.36"
216.73.216.32 - - [25/Aug/2026:18:11:39 +0500] "GET /uz/?r=p4e1n9n1y3475748 HTTP/1.1" 200 68430 "http://eski.uzbekgidroenergoqurilish.uz/index.php?r=p4e1n9n1y3475748" "Mozilla/5.0 AppleWebKit/537.36 (KHTML, like Gecko; compatible; ClaudeBot/1.0; +claudebot@anthropic.com)"
216.73.216.32 - - [25/Aug/2026:18:11:44 +0500] "GET /index.php?r=s4t5o4w3e0d83955 HTTP/1.1" 301 - "-" "Mozilla/5.0 AppleWebKit/537.36 (KHTML, like Gecko; compatible; ClaudeBot/1.0; +claudebot@anthropic.com)"
216.73.216.32 - - [25/Aug/2026:18:11:47 +0500] "GET /uz/?r=s4t5o4w3e0d83955 HTTP/1.1" 200 68430 "http://eski.uzbekgidroenergoqurilish.uz/index.php?r=s4t5o4w3e0d83955" "Mozilla/5.0 AppleWebKit/537.36 (KHTML, like Gecko; compatible; ClaudeBot/1.0; +claudebot@anthropic.com)"
216.73.216.32 - - [25/Aug/2026:18:11:52 +0500] "GET /index.php?r=e4f1f2l9o1w8e1r9488 HTTP/1.1" 301 - "-" "Mozilla/5.0 AppleWebKit/537.36 (KHTML, like Gecko; compatible; ClaudeBot/1.0; +claudebot@anthropic.com)"
216.73.216.32 - - [25/Aug/2026:18:11:54 +0500] "GET /uz/?r=e4f1f2l9o1w8e1r9488 HTTP/1.1" 200 68433 "http://eski.uzbekgidroenergoqurilish.uz/index.php?r=e4f1f2l9o1w8e1r9488" "Mozilla/5.0 AppleWebKit/537.36 (KHTML, like Gecko; compatible; ClaudeBot/1.0; +claudebot@anthropic.com)"
216.73.216.32 - - [25/Aug/2026:18:12:00 +0500] "GET /index.php?r=m4o5g3e1n667257 HTTP/1.1" 301 - "-" "Mozilla/5.0 AppleWebKit/537.36 (KHTML, like Gecko; compatible; ClaudeBot/1.0; +claudebot@anthropic.com)"
216.73.216.32 - - [25/Aug/2026:18:12:03 +0500] "GET /uz/?r=m4o5g3e1n667257 HTTP/1.1" 200 68429 "http://eski.uzbekgidroenergoqurilish.uz/index.php?r=m4o5g3e1n667257" "Mozilla/5.0 AppleWebKit/537.36 (KHTML, like Gecko; compatible; ClaudeBot/1.0; +claudebot@anthropic.com)"
216.73.216.32 - - [25/Aug/2026:18:12:12 +0500] "GET /index.php?r=h4u4g2e0n5e6s1s6708 HTTP/1.1" 301 - "-" "Mozilla/5.0 AppleWebKit/537.36 (KHTML, like Gecko; compatible; ClaudeBot/1.0; +claudebot@anthropic.com)"
216.73.216.32 - - [25/Aug/2026:18:12:15 +0500] "GET /uz/?r=h4u4g2e0n5e6s1s6708 HTTP/1.1" 200 68433 "http://eski.uzbekgidroenergoqurilish.uz/index.php?r=h4u4g2e0n5e6s1s6708" "Mozilla/5.0 AppleWebKit/537.36 (KHTML, like Gecko; compatible; ClaudeBot/1.0; +claudebot@anthropic.com)"
216.73.216.32 - - [25/Aug/2026:18:12:19 +0500] "GET /index.php?r=d4e3v4i9a1t5i1n2g410 HTTP/1.1" 301 - "-" "Mozilla/5.0 AppleWebKit/537.36 (KHTML, like Gecko; compatible; ClaudeBot/1.0; +claudebot@anthropic.com)"
216.73.216.32 - - [25/Aug/2026:18:12:21 +0500] "GET /uz/?r=d4e3v4i9a1t5i1n2g410 HTTP/1.1" 200 68434 "http://eski.uzbekgidroenergoqurilish.uz/index.php?r=d4e3v4i9a1t5i1n2g410" "Mozilla/5.0 AppleWebKit/537.36 (KHTML, like Gecko; compatible; ClaudeBot/1.0; +claudebot@anthropic.com)"
216.73.216.32 - - [25/Aug/2026:18:12:27 +0500] "GET /index.php?r=d4o1l9e2f0u6l52273 HTTP/1.1" 301 - "-" "Mozilla/5.0 AppleWebKit/537.36 (KHTML, like Gecko; compatible; ClaudeBot/1.0; +claudebot@anthropic.com)"
216.73.216.32 - - [25/Aug/2026:18:12:30 +0500] "GET /uz/?r=d4o1l9e2f0u6l52273 HTTP/1.1" 200 68432 "http://eski.uzbekgidroenergoqurilish.uz/index.php?r=d4o1l9e2f0u6l52273" "Mozilla/5.0 AppleWebKit/537.36 (KHTML, like Gecko; compatible; ClaudeBot/1.0; +claudebot@anthropic.com)"
216.73.216.32 - - [25/Aug/2026:18:12:35 +0500] "GET /index.php?r=s4e1c7r2e1t4i9o0n867 HTTP/1.1" 301 - "-" "Mozilla/5.0 AppleWebKit/537.36 (KHTML, like Gecko; compatible; ClaudeBot/1.0; +claudebot@anthropic.com)"
216.73.216.32 - - [25/Aug/2026:18:12:37 +0500] "GET /uz/?r=s4e1c7r2e1t4i9o0n867 HTTP/1.1" 200 68434 "http://eski.uzbekgidroenergoqurilish.uz/index.php?r=s4e1c7r2e1t4i9o0n867" "Mozilla/5.0 AppleWebKit/537.36 (KHTML, like Gecko; compatible; ClaudeBot/1.0; +claudebot@anthropic.com)"
216.73.216.32 - - [25/Aug/2026:18:12:43 +0500] "GET /index.php?r=l4a3r1v4a8t8e63655 HTTP/1.1" 301 - "-" "Mozilla/5.0 AppleWebKit/537.36 (KHTML, like Gecko; compatible; ClaudeBot/1.0; +claudebot@anthropic.com)"
216.73.216.32 - - [25/Aug/2026:18:12:46 +0500] "GET /uz/?r=l4a3r1v4a8t8e63655 HTTP/1.1" 200 68432 "http://eski.uzbekgidroenergoqurilish.uz/index.php?r=l4a3r1v4a8t8e63655" "Mozilla/5.0 AppleWebKit/537.36 (KHTML, like Gecko; compatible; ClaudeBot/1.0; +claudebot@anthropic.com)"
216.73.216.32 - - [25/Aug/2026:18:12:51 +0500] "GET /index.php?r=p4a3n8c0a9k9e41930 HTTP/1.1" 301 - "-" "Mozilla/5.0 AppleWebKit/537.36 (KHTML, like Gecko; compatible; ClaudeBot/1.0; +claudebot@anthropic.com)"
216.73.216.32 - - [25/Aug/2026:18:12:54 +0500] "GET /uz/?r=p4a3n8c0a9k9e41930 HTTP/1.1" 200 68432 "http://eski.uzbekgidroenergoqurilish.uz/index.php?r=p4a3n8c0a9k9e41930" "Mozilla/5.0 AppleWebKit/537.36 (KHTML, like Gecko; compatible; ClaudeBot/1.0; +claudebot@anthropic.com)"
216.73.216.32 - - [25/Aug/2026:18:13:01 +0500] "GET /index.php?r=p4a1l2p5l5e6s9s6819 HTTP/1.1" 301 - "-" "Mozilla/5.0 AppleWebKit/537.36 (KHTML, like Gecko; compatible; ClaudeBot/1.0; +claudebot@anthropic.com)"
216.73.216.32 - - [25/Aug/2026:18:13:03 +0500] "GET /uz/?r=p4a1l2p5l5e6s9s6819 HTTP/1.1" 200 68433 "http://eski.uzbekgidroenergoqurilish.uz/index.php?r=p4a1l2p5l5e6s9s6819" "Mozilla/5.0 AppleWebKit/537.36 (KHTML, like Gecko; compatible; ClaudeBot/1.0; +claudebot@anthropic.com)"
216.73.216.32 - - [25/Aug/2026:18:13:09 +0500] "GET /index.php?r=u4n6g4o0r7e0d427 HTTP/1.1" 301 - "-" "Mozilla/5.0 AppleWebKit/537.36 (KHTML, like Gecko; compatible; ClaudeBot/1.0; +claudebot@anthropic.com)"
216.73.216.32 - - [25/Aug/2026:18:13:11 +0500] "GET /uz/?r=u4n6g4o0r7e0d427 HTTP/1.1" 200 68430 "http://eski.uzbekgidroenergoqurilish.uz/index.php?r=u4n6g4o0r7e0d427" "Mozilla/5.0 AppleWebKit/537.36 (KHTML, like Gecko; compatible; ClaudeBot/1.0; +claudebot@anthropic.com)"
216.73.216.32 - - [25/Aug/2026:18:13:17 +0500] "GET /index.php?r=a4s2t2a7t5i6c2a6l4l7y8 HTTP/1.1" 301 - "-" "Mozilla/5.0 AppleWebKit/537.36 (KHTML, like Gecko; compatible; ClaudeBot/1.0; +claudebot@anthropic.com)"
216.73.216.32 - - [25/Aug/2026:18:13:19 +0500] "GET /uz/?r=a4s2t2a7t5i6c2a6l4l7y8 HTTP/1.1" 200 68436 "http://eski.uzbekgidroenergoqurilish.uz/index.php?r=a4s2t2a7t5i6c2a6l4l7y8" "Mozilla/5.0 AppleWebKit/537.36 (KHTML, like Gecko; compatible; ClaudeBot/1.0; +claudebot@anthropic.com)"
216.73.216.32 - - [25/Aug/2026:18:13:25 +0500] "GET /index.php?r=h4i9g6h5r7e8d5630 HTTP/1.1" 301 - "-" "Mozilla/5.0 AppleWebKit/537.36 (KHTML, like Gecko; compatible; ClaudeBot/1.0; +claudebot@anthropic.com)"
216.73.216.32 - - [25/Aug/2026:18:13:27 +0500] "GET /uz/?r=h4i9g6h5r7e8d5630 HTTP/1.1" 200 68431 "http://eski.uzbekgidroenergoqurilish.uz/index.php?r=h4i9g6h5r7e8d5630" "Mozilla/5.0 AppleWebKit/537.36 (KHTML, like Gecko; compatible; ClaudeBot/1.0; +claudebot@anthropic.com)"
216.73.216.32 - - [25/Aug/2026:18:13:33 +0500] "GET /index.php?r=b4i1l5a9b0i6a2t3e790 HTTP/1.1" 301 - "-" "Mozilla/5.0 AppleWebKit/537.36 (KHTML, like Gecko; compatible; ClaudeBot/1.0; +claudebot@anthropic.com)"
216.73.216.32 - - [25/Aug/2026:18:13:36 +0500] "GET /uz/?r=b4i1l5a9b0i6a2t3e790 HTTP/1.1" 200 68434 "http://eski.uzbekgidroenergoqurilish.uz/index.php?r=b4i1l5a9b0i6a2t3e790" "Mozilla/5.0 AppleWebKit/537.36 (KHTML, like Gecko; compatible; ClaudeBot/1.0; +claudebot@anthropic.com)"
216.73.216.32 - - [25/Aug/2026:18:13:41 +0500] "GET /index.php?r=o4v1e7r1a6g9e0d2095 HTTP/1.1" 301 - "-" "Mozilla/5.0 AppleWebKit/537.36 (KHTML, like Gecko; compatible; ClaudeBot/1.0; +claudebot@anthropic.com)"
216.73.216.32 - - [25/Aug/2026:18:13:43 +0500] "GET /uz/?r=o4v1e7r1a6g9e0d2095 HTTP/1.1" 200 68433 "http://eski.uzbekgidroenergoqurilish.uz/index.php?r=o4v1e7r1a6g9e0d2095" "Mozilla/5.0 AppleWebKit/537.36 (KHTML, like Gecko; compatible; ClaudeBot/1.0; +claudebot@anthropic.com)"
216.73.216.32 - - [25/Aug/2026:18:13:50 +0500] "GET /index.php?r=b4r3e6s4t2s6u4m3m7e6r5 HTTP/1.1" 301 - "-" "Mozilla/5.0 AppleWebKit/537.36 (KHTML, like Gecko; compatible; ClaudeBot/1.0; +claudebot@anthropic.com)"
216.73.216.32 - - [25/Aug/2026:18:13:52 +0500] "GET /uz/?r=b4r3e6s4t2s6u4m3m7e6r5 HTTP/1.1" 200 68436 "http://eski.uzbekgidroenergoqurilish.uz/index.php?r=b4r3e6s4t2s6u4m3m7e6r5" "Mozilla/5.0 AppleWebKit/537.36 (KHTML, like Gecko; compatible; ClaudeBot/1.0; +claudebot@anthropic.com)"
141.148.129.90 - - [25/Aug/2026:18:13:53 +0500] "GET /ru/news-rus/472-meeting-31-03-2022-ru-2 HTTP/1.1" 200 55435 "-" "Mozilla/5.0 (X11; Linux aarch64) AppleWebKit/537.36 (KHTML, like Gecko) Chrome/139.0.0.0 Safari/537.36"
216.73.216.32 - - [25/Aug/2026:18:13:58 +0500] "GET /index.php?r=w4o3u6n6d394030 HTTP/1.1" 301 - "-" "Mozilla/5.0 AppleWebKit/537.36 (KHTML, like Gecko; compatible; ClaudeBot/1.0; +claudebot@anthropic.com)"
216.73.216.32 - - [25/Aug/2026:18:14:00 +0500] "GET /uz/?r=w4o3u6n6d394030 HTTP/1.1" 200 68429 "http://eski.uzbekgidroenergoqurilish.uz/index.php?r=w4o3u6n6d394030" "Mozilla/5.0 AppleWebKit/537.36 (KHTML, like Gecko; compatible; ClaudeBot/1.0; +claudebot@anthropic.com)"
216.73.216.32 - - [25/Aug/2026:18:14:06 +0500] "GET /index.php?r=g4i1b9b2i9e5r55627 HTTP/1.1" 301 - "-" "Mozilla/5.0 AppleWebKit/537.36 (KHTML, like Gecko; compatible; ClaudeBot/1.0; +claudebot@anthropic.com)"
216.73.216.32 - - [25/Aug/2026:18:14:08 +0500] "GET /uz/?r=g4i1b9b2i9e5r55627 HTTP/1.1" 200 68432 "http://eski.uzbekgidroenergoqurilish.uz/index.php?r=g4i1b9b2i9e5r55627" "Mozilla/5.0 AppleWebKit/537.36 (KHTML, like Gecko; compatible; ClaudeBot/1.0; +claudebot@anthropic.com)"
216.73.216.32 - - [25/Aug/2026:18:14:15 +0500] "GET /index.php?r=s4a2n2d1i9n6e8s1s643 HTTP/1.1" 301 - "-" "Mozilla/5.0 AppleWebKit/537.36 (KHTML, like Gecko; compatible; ClaudeBot/1.0; +claudebot@anthropic.com)"
216.73.216.32 - - [25/Aug/2026:18:14:16 +0500] "GET /uz/?r=s4a2n2d1i9n6e8s1s643 HTTP/1.1" 200 68434 "http://eski.uzbekgidroenergoqurilish.uz/index.php?r=s4a2n2d1i9n6e8s1s643" "Mozilla/5.0 AppleWebKit/537.36 (KHTML, like Gecko; compatible; ClaudeBot/1.0; +claudebot@anthropic.com)"
216.73.216.32 - - [25/Aug/2026:18:14:22 +0500] "GET /index.php?r=w4e1l1l2w9i4l4l2e3r85 HTTP/1.1" 301 - "-" "Mozilla/5.0 AppleWebKit/537.36 (KHTML, like Gecko; compatible; ClaudeBot/1.0; +claudebot@anthropic.com)"
216.73.216.32 - - [25/Aug/2026:18:14:24 +0500] "GET /uz/?r=w4e1l1l2w9i4l4l2e3r85 HTTP/1.1" 200 68435 "http://eski.uzbekgidroenergoqurilish.uz/index.php?r=w4e1l1l2w9i4l4l2e3r85" "Mozilla/5.0 AppleWebKit/537.36 (KHTML, like Gecko; compatible; ClaudeBot/1.0; +claudebot@anthropic.com)"
216.73.216.32 - - [25/Aug/2026:18:14:30 +0500] "GET /index.php?r=p4r2i8v4a7t0e9e0r4ing HTTP/1.1" 301 - "-" "Mozilla/5.0 AppleWebKit/537.36 (KHTML, like Gecko; compatible; ClaudeBot/1.0; +claudebot@anthropic.com)"
216.73.216.32 - - [25/Aug/2026:18:14:32 +0500] "GET /uz/?r=p4r2i8v4a7t0e9e0r4ing HTTP/1.1" 200 68456 "http://eski.uzbekgidroenergoqurilish.uz/index.php?r=p4r2i8v4a7t0e9e0r4ing" "Mozilla/5.0 AppleWebKit/537.36 (KHTML, like Gecko; compatible; ClaudeBot/1.0; +claudebot@anthropic.com)"
216.73.216.32 - - [25/Aug/2026:18:14:39 +0500] "GET /index.php?r=c4h1a1m4f3e2r8i7n4g0 HTTP/1.1" 301 - "-" "Mozilla/5.0 AppleWebKit/537.36 (KHTML, like Gecko; compatible; ClaudeBot/1.0; +claudebot@anthropic.com)"
216.73.216.32 - - [25/Aug/2026:18:14:41 +0500] "GET /uz/?r=c4h1a1m4f3e2r8i7n4g0 HTTP/1.1" 200 68455 "http://eski.uzbekgidroenergoqurilish.uz/index.php?r=c4h1a1m4f3e2r8i7n4g0" "Mozilla/5.0 AppleWebKit/537.36 (KHTML, like Gecko; compatible; ClaudeBot/1.0; +claudebot@anthropic.com)"
216.73.216.32 - - [25/Aug/2026:18:14:49 +0500] "GET /index.php?r=c4r3o8c5o9d5i3l2i2a17 HTTP/1.1" 301 - "-" "Mozilla/5.0 AppleWebKit/537.36 (KHTML, like Gecko; compatible; ClaudeBot/1.0; +claudebot@anthropic.com)"
216.73.216.32 - - [25/Aug/2026:18:14:51 +0500] "GET /uz/?r=c4r3o8c5o9d5i3l2i2a17 HTTP/1.1" 200 68456 "http://eski.uzbekgidroenergoqurilish.uz/index.php?r=c4r3o8c5o9d5i3l2i2a17" "Mozilla/5.0 AppleWebKit/537.36 (KHTML, like Gecko; compatible; ClaudeBot/1.0; +claudebot@anthropic.com)"
51.68.234.131 - - [25/Aug/2026:18:15:00 +0500] "GET /robots.txt HTTP/1.1" 200 111 "-" "Mozilla/5.0 (compatible; MJ12bot/v1.4.8; http://mj12bot.com/)"
51.68.234.131 - - [25/Aug/2026:18:15:04 +0500] "GET /ru/facts-rus/53-emitentning-2013-jil-yakunlari-bujicha-jillik-hisoboti HTTP/1.1" 200 69510 "-" "Mozilla/5.0 (compatible; MJ12bot/v1.4.8; http://mj12bot.com/)"
51.68.234.131 - - [25/Aug/2026:18:15:17 +0500] "GET /ru/facts-rus?start=15 HTTP/1.1" 200 67934 "-" "Mozilla/5.0 (compatible; MJ12bot/v1.4.8; http://mj12bot.com/)"
43.156.37.91 - - [25/Aug/2026:18:15:27 +0500] "GET /uz/news-uzb/486-meeting-07-04-2026 HTTP/1.1" 200 60599 "-" "Mozilla/5.0 (iPhone; CPU iPhone OS 13_2_3 like Mac OS X) AppleWebKit/605.1.15 (KHTML, like Gecko) Version/13.0.3 Mobile/15E148 Safari/604.1"
51.68.234.131 - - [25/Aug/2026:18:15:30 +0500] "GET /ru/info-for-shareholders-rus/186-share-capital-info HTTP/1.1" 200 55694 "-" "Mozilla/5.0 (compatible; MJ12bot/v1.4.8; http://mj12bot.com/)"
51.68.234.131 - - [25/Aug/2026:18:15:46 +0500] "GET /ru/info-for-shareholders-rus/205-performance-indicators-2-kvartal-2017 HTTP/1.1" 200 58634 "-" "Mozilla/5.0 (compatible; MJ12bot/v1.4.8; http://mj12bot.com/)"
51.68.234.131 - - [25/Aug/2026:18:15:54 +0500] "GET /ru/info-for-shareholders-rus/206-performance-indicators-3-kvartal-2017 HTTP/1.1" 200 58966 "-" "Mozilla/5.0 (compatible; MJ12bot/v1.4.8; http://mj12bot.com/)"
34.171.68.95 - - [25/Aug/2026:18:16:01 +0500] "GET /uz/dividends-uzb?start=8&template=accessibility HTTP/1.1" 200 38078 "-" "Mozilla/5.0 (Macintosh; Intel Mac OS X 10_15_7) AppleWebKit/537.36 (KHTML, like Gecko) Chrome/120.0.0.0 Safari/537.36"
216.73.216.32 - - [25/Aug/2026:18:16:08 +0500] "GET /index.php?r=a4z7o3n1i8c58497 HTTP/1.1" 301 - "-" "Mozilla/5.0 AppleWebKit/537.36 (KHTML, like Gecko; compatible; ClaudeBot/1.0; +claudebot@anthropic.com)"
51.68.234.131 - - [25/Aug/2026:18:16:12 +0500] "GET /ru/info-for-shareholders-rus/239-osnovnye-lyuchevye-po-azateli-effe-tivnosti-za-2-vartal-2018 HTTP/1.1" 200 55799 "-" "Mozilla/5.0 (compatible; MJ12bot/v1.4.8; http://mj12bot.com/)"
216.73.216.32 - - [25/Aug/2026:18:16:13 +0500] "GET /uz/?r=a4z7o3n1i8c58497 HTTP/1.1" 200 68451 "http://eski.uzbekgidroenergoqurilish.uz/index.php?r=a4z7o3n1i8c58497" "Mozilla/5.0 AppleWebKit/537.36 (KHTML, like Gecko; compatible; ClaudeBot/1.0; +claudebot@anthropic.com)"
216.73.216.32 - - [25/Aug/2026:18:16:18 +0500] "GET /index.php?r=c4h4a5e9t2i0f1e1r4o8us HTTP/1.1" 301 - "-" "Mozilla/5.0 AppleWebKit/537.36 (KHTML, like Gecko; compatible; ClaudeBot/1.0; +claudebot@anthropic.com)"
216.73.216.32 - - [25/Aug/2026:18:16:23 +0500] "GET /uz/?r=c4h4a5e9t2i0f1e1r4o8us HTTP/1.1" 200 68457 "http://eski.uzbekgidroenergoqurilish.uz/index.php?r=c4h4a5e9t2i0f1e1r4o8us" "Mozilla/5.0 AppleWebKit/537.36 (KHTML, like Gecko; compatible; ClaudeBot/1.0; +claudebot@anthropic.com)"
216.73.216.32 - - [25/Aug/2026:18:16:29 +0500] "GET /index.php?r=b4a6r1r2e4n5n6e6s3s4 HTTP/1.1" 301 - "-" "Mozilla/5.0 AppleWebKit/537.36 (KHTML, like Gecko; compatible; ClaudeBot/1.0; +claudebot@anthropic.com)"
51.68.234.131 - - [25/Aug/2026:18:16:30 +0500] "GET /ru/info-for-shareholders-rus/240-osnovnye-lyuchevye-po-azateli-effe-tivnosti-za-1-vartal-2018 HTTP/1.1" 200 80173 "-" "Mozilla/5.0 (compatible; MJ12bot/v1.4.8; http://mj12bot.com/)"
216.73.216.32 - - [25/Aug/2026:18:16:34 +0500] "GET /uz/?r=b4a6r1r2e4n5n6e6s3s4 HTTP/1.1" 200 68455 "http://eski.uzbekgidroenergoqurilish.uz/index.php?r=b4a6r1r2e4n5n6e6s3s4" "Mozilla/5.0 AppleWebKit/537.36 (KHTML, like Gecko; compatible; ClaudeBot/1.0; +claudebot@anthropic.com)"
51.68.234.131 - - [25/Aug/2026:18:16:51 +0500] "GET /ru/info-for-shareholders-rus/251-share-capital-info-2019 HTTP/1.1" 200 55751 "-" "Mozilla/5.0 (compatible; MJ12bot/v1.4.8; http://mj12bot.com/)"
51.68.234.131 - - [25/Aug/2026:18:17:00 +0500] "GET /ru/info-for-shareholders-rus/256-kpe-4-2018-ej HTTP/1.1" 200 55661 "-" "Mozilla/5.0 (compatible; MJ12bot/v1.4.8; http://mj12bot.com/)"
51.68.234.131 - - [25/Aug/2026:18:17:07 +0500] "GET /ru/info-for-shareholders-rus/275-kpe-2-2019-ej HTTP/1.1" 200 55480 "-" "Mozilla/5.0 (compatible; MJ12bot/v1.4.8; http://mj12bot.com/)"
216.73.216.32 - - [25/Aug/2026:18:17:11 +0500] "GET /index.php?r=d4i2t2o3l0y1l05414 HTTP/1.1" 301 - "-" "Mozilla/5.0 AppleWebKit/537.36 (KHTML, like Gecko; compatible; ClaudeBot/1.0; +claudebot@anthropic.com)"
216.73.216.32 - - [25/Aug/2026:18:17:15 +0500] "GET /uz/?r=d4i2t2o3l0y1l05414 HTTP/1.1" 200 68453 "http://eski.uzbekgidroenergoqurilish.uz/index.php?r=d4i2t2o3l0y1l05414" "Mozilla/5.0 AppleWebKit/537.36 (KHTML, like Gecko; compatible; ClaudeBot/1.0; +claudebot@anthropic.com)"
216.73.216.32 - - [25/Aug/2026:18:17:22 +0500] "GET /index.php?r=l4e3p6i4d7o7d5e7n4d1r4ales HTTP/1.1" 301 - "-" "Mozilla/5.0 AppleWebKit/537.36 (KHTML, like Gecko; compatible; ClaudeBot/1.0; +claudebot@anthropic.com)"
51.68.234.131 - - [25/Aug/2026:18:17:24 +0500] "GET /ru/info-for-shareholders-rus/277-kpe-3-2019-ej HTTP/1.1" 200 55658 "-" "Mozilla/5.0 (compatible; MJ12bot/v1.4.8; http://mj12bot.com/)"
216.73.216.32 - - [25/Aug/2026:18:17:26 +0500] "GET /uz/?r=l4e3p6i4d7o7d5e7n4d1r4ales HTTP/1.1" 200 68461 "http://eski.uzbekgidroenergoqurilish.uz/index.php?r=l4e3p6i4d7o7d5e7n4d1r4ales" "Mozilla/5.0 AppleWebKit/537.36 (KHTML, like Gecko; compatible; ClaudeBot/1.0; +claudebot@anthropic.com)"
216.73.216.32 - - [25/Aug/2026:18:17:33 +0500] "GET /index.php?r=d4e7o4x2i1d6i5z8e84 HTTP/1.1" 301 - "-" "Mozilla/5.0 AppleWebKit/537.36 (KHTML, like Gecko; compatible; ClaudeBot/1.0; +claudebot@anthropic.com)"
216.73.216.32 - - [25/Aug/2026:18:17:37 +0500] "GET /uz/?r=d4e7o4x2i1d6i5z8e84 HTTP/1.1" 200 68454 "http://eski.uzbekgidroenergoqurilish.uz/index.php?r=d4e7o4x2i1d6i5z8e84" "Mozilla/5.0 AppleWebKit/537.36 (KHTML, like Gecko; compatible; ClaudeBot/1.0; +claudebot@anthropic.com)"
216.73.216.32 - - [25/Aug/2026:18:17:44 +0500] "GET /index.php?r=d4i2s8a0b3l4e8m2e1n7t8 HTTP/1.1" 301 - "-" "Mozilla/5.0 AppleWebKit/537.36 (KHTML, like Gecko; compatible; ClaudeBot/1.0; +claudebot@anthropic.com)"
51.68.234.131 - - [25/Aug/2026:18:17:43 +0500] "GET /ru/info-for-shareholders-rus/321-kpe-1-2021 HTTP/1.1" 200 55645 "-" "Mozilla/5.0 (compatible; MJ12bot/v1.4.8; http://mj12bot.com/)"
216.73.216.32 - - [25/Aug/2026:18:17:49 +0500] "GET /uz/?r=d4i2s8a0b3l4e8m2e1n7t8 HTTP/1.1" 200 68457 "http://eski.uzbekgidroenergoqurilish.uz/index.php?r=d4i2s8a0b3l4e8m2e1n7t8" "Mozilla/5.0 AppleWebKit/537.36 (KHTML, like Gecko; compatible; ClaudeBot/1.0; +claudebot@anthropic.com)"
51.68.234.131 - - [25/Aug/2026:18:18:05 +0500] "GET /ru/info-for-shareholders-rus/322-kpe-3-2020 HTTP/1.1" 200 55645 "-" "Mozilla/5.0 (compatible; MJ12bot/v1.4.8; http://mj12bot.com/)"
51.68.234.131 - - [25/Aug/2026:18:18:25 +0500] "GET /ru/info-for-shareholders-rus/345-dividend-2020 HTTP/1.1" 200 57514 "-" "Mozilla/5.0 (compatible; MJ12bot/v1.4.8; http://mj12bot.com/)"
51.68.234.131 - - [25/Aug/2026:18:19:03 +0500] "GET /ru/info-for-shareholders-rus?start=20 HTTP/1.1" 200 60008 "-" "Mozilla/5.0 (compatible; MJ12bot/v1.4.8; http://mj12bot.com/)"
185.191.171.12 - - [25/Aug/2026:18:19:13 +0500] "GET /ru/news-rus/9-russian?start=8 HTTP/1.1" 200 63497 "-" "Mozilla/5.0 (compatible; SemrushBot/7~bl; +http://www.semrush.com/bot.html)"
51.68.234.131 - - [25/Aug/2026:18:19:15 +0500] "GET /ru/info-for-shareholders-rus?template=yoo_master2 HTTP/1.1" 200 63053 "-" "Mozilla/5.0 (compatible; MJ12bot/v1.4.8; http://mj12bot.com/)"
34.61.96.6 - - [25/Aug/2026:18:19:28 +0500] "GET /docs/2024/audit-2023.pdf HTTP/1.1" 200 535332 "-" "Mozilla/5.0 (Macintosh; Intel Mac OS X 10_15_7) AppleWebKit/537.36 (KHTML, like Gecko) Chrome/120.0.0.0 Safari/537.36"
216.73.216.32 - - [25/Aug/2026:18:19:23 +0500] "GET /index.php?r=c4r2a4m4p1b6a7r6k274 HTTP/1.1" 301 - "-" "Mozilla/5.0 AppleWebKit/537.36 (KHTML, like Gecko; compatible; ClaudeBot/1.0; +claudebot@anthropic.com)"
216.73.216.32 - - [25/Aug/2026:18:19:28 +0500] "GET /uz/?r=c4r2a4m4p1b6a7r6k274 HTTP/1.1" 200 68429 "http://eski.uzbekgidroenergoqurilish.uz/index.php?r=c4r2a4m4p1b6a7r6k274" "Mozilla/5.0 AppleWebKit/537.36 (KHTML, like Gecko; compatible; ClaudeBot/1.0; +claudebot@anthropic.com)"
216.73.216.32 - - [25/Aug/2026:18:19:40 +0500] "GET /uz/?r=a4u4r0i8u0m574357 HTTP/1.1" 508 288 "http://eski.uzbekgidroenergoqurilish.uz/index.php?r=a4u4r0i8u0m574357" "Mozilla/5.0 AppleWebKit/537.36 (KHTML, like Gecko; compatible; ClaudeBot/1.0; +claudebot@anthropic.com)"
216.73.216.32 - - [25/Aug/2026:18:19:35 +0500] "GET /index.php?r=a4u4r0i8u0m574357 HTTP/1.1" 301 - "-" "Mozilla/5.0 AppleWebKit/537.36 (KHTML, like Gecko; compatible; ClaudeBot/1.0; +claudebot@anthropic.com)"
51.68.234.131 - - [25/Aug/2026:18:19:36 +0500] "GET /ru/info-for-shareholders-rus?template=yoo_master2&start=10 HTTP/1.1" 200 63398 "-" "Mozilla/5.0 (compatible; MJ12bot/v1.4.8; http://mj12bot.com/)"
51.68.234.131 - - [25/Aug/2026:18:19:55 +0500] "GET /ru/interactive-rus/faq-rus?template=yoo_master2 HTTP/1.1" 200 58042 "-" "Mozilla/5.0 (compatible; MJ12bot/v1.4.8; http://mj12bot.com/)"
216.73.216.32 - - [25/Aug/2026:18:20:00 +0500] "GET /index.php?r=p4u3n2i6c3a526604 HTTP/1.1" 301 - "-" "Mozilla/5.0 AppleWebKit/537.36 (KHTML, like Gecko; compatible; ClaudeBot/1.0; +claudebot@anthropic.com)"
51.68.234.131 - - [25/Aug/2026:18:20:03 +0500] "GET /ru/invest-rus?template=yoo_master2 HTTP/1.1" 200 55143 "-" "Mozilla/5.0 (compatible; MJ12bot/v1.4.8; http://mj12bot.com/)"
216.73.216.32 - - [25/Aug/2026:18:20:04 +0500] "GET /uz/?r=p4u3n2i6c3a526604 HTTP/1.1" 200 68426 "http://eski.uzbekgidroenergoqurilish.uz/index.php?r=p4u3n2i6c3a526604" "Mozilla/5.0 AppleWebKit/537.36 (KHTML, like Gecko; compatible; ClaudeBot/1.0; +claudebot@anthropic.com)"
216.73.216.32 - - [25/Aug/2026:18:20:12 +0500] "GET /index.php?r=s4y2n7t4a3x073440 HTTP/1.1" 301 - "-" "Mozilla/5.0 AppleWebKit/537.36 (KHTML, like Gecko; compatible; ClaudeBot/1.0; +claudebot@anthropic.com)"
216.73.216.32 - - [25/Aug/2026:18:20:17 +0500] "GET /uz/?r=s4y2n7t4a3x073440 HTTP/1.1" 200 68426 "http://eski.uzbekgidroenergoqurilish.uz/index.php?r=s4y2n7t4a3x073440" "Mozilla/5.0 AppleWebKit/537.36 (KHTML, like Gecko; compatible; ClaudeBot/1.0; +claudebot@anthropic.com)"
51.68.234.131 - - [25/Aug/2026:18:20:21 +0500] "GET /ru/jsc-docs-rus/135-direction-add-28-06-16-rus HTTP/1.1" 200 56612 "-" "Mozilla/5.0 (compatible; MJ12bot/v1.4.8; http://mj12bot.com/)"
216.73.216.32 - - [25/Aug/2026:18:20:32 +0500] "GET /index.php?r=t4a9p0e1r8n0e5s9s13 HTTP/1.1" 301 - "-" "Mozilla/5.0 AppleWebKit/537.36 (KHTML, like Gecko; compatible; ClaudeBot/1.0; +claudebot@anthropic.com)"
216.73.216.32 - - [25/Aug/2026:18:20:37 +0500] "GET /uz/?r=t4a9p0e1r8n0e5s9s13 HTTP/1.1" 200 68428 "http://eski.uzbekgidroenergoqurilish.uz/index.php?r=t4a9p0e1r8n0e5s9s13" "Mozilla/5.0 AppleWebKit/537.36 (KHTML, like Gecko; compatible; ClaudeBot/1.0; +claudebot@anthropic.com)"
51.68.234.131 - - [25/Aug/2026:18:20:40 +0500] "GET /ru/jsc-docs-rus/137-obsh-sobr-add-28-06-16-rus HTTP/1.1" 200 57507 "-" "Mozilla/5.0 (compatible; MJ12bot/v1.4.8; http://mj12bot.com/)"
51.68.234.131 - - [25/Aug/2026:18:20:49 +0500] "GET /ru/jsc-docs-rus/178-div-pol-28-06-16-rus HTTP/1.1" 200 82765 "-" "Mozilla/5.0 (compatible; MJ12bot/v1.4.8; http://mj12bot.com/)"
216.73.216.32 - - [25/Aug/2026:18:20:52 +0500] "GET /index.php?r=m4e4l2a9m4p9y1r8u3m54 HTTP/1.1" 301 - "-" "Mozilla/5.0 AppleWebKit/537.36 (KHTML, like Gecko; compatible; ClaudeBot/1.0; +claudebot@anthropic.com)"
216.73.216.32 - - [25/Aug/2026:18:20:57 +0500] "GET /uz/?r=m4e4l2a9m4p9y1r8u3m54 HTTP/1.1" 200 68430 "http://eski.uzbekgidroenergoqurilish.uz/index.php?r=m4e4l2a9m4p9y1r8u3m54" "Mozilla/5.0 AppleWebKit/537.36 (KHTML, like Gecko; compatible; ClaudeBot/1.0; +claudebot@anthropic.com)"
216.73.216.32 - - [25/Aug/2026:18:21:03 +0500] "GET /index.php?r=c4i4c0i2n3n0u7s3812 HTTP/1.1" 301 - "-" "Mozilla/5.0 AppleWebKit/537.36 (KHTML, like Gecko; compatible; ClaudeBot/1.0; +claudebot@anthropic.com)"
216.73.216.32 - - [25/Aug/2026:18:21:08 +0500] "GET /uz/?r=c4i4c0i2n3n0u7s3812 HTTP/1.1" 200 68428 "http://eski.uzbekgidroenergoqurilish.uz/index.php?r=c4i4c0i2n3n0u7s3812" "Mozilla/5.0 AppleWebKit/537.36 (KHTML, like Gecko; compatible; ClaudeBot/1.0; +claudebot@anthropic.com)"
51.68.234.131 - - [25/Aug/2026:18:21:08 +0500] "GET /ru/jsc-docs-rus/180-conf-int-28-06-16-rus HTTP/1.1" 200 95380 "-" "Mozilla/5.0 (compatible; MJ12bot/v1.4.8; http://mj12bot.com/)"
35.254.159.230 - - [25/Aug/2026:18:21:10 +0500] "GET /uz/?start=40 HTTP/1.1" 200 69451 "-" "Mozilla/5.0 (Macintosh; Intel Mac OS X 10_15_7) AppleWebKit/537.36 (KHTML, like Gecko) Chrome/120.0.0.0 Safari/537.36"
216.73.216.32 - - [25/Aug/2026:18:21:15 +0500] "GET /index.php?r=r4u4b0i5f2y502582 HTTP/1.1" 301 - "-" "Mozilla/5.0 AppleWebKit/537.36 (KHTML, like Gecko; compatible; ClaudeBot/1.0; +claudebot@anthropic.com)"
216.73.216.32 - - [25/Aug/2026:18:21:21 +0500] "GET /uz/?r=r4u4b0i5f2y502582 HTTP/1.1" 200 68426 "http://eski.uzbekgidroenergoqurilish.uz/index.php?r=r4u4b0i5f2y502582" "Mozilla/5.0 AppleWebKit/537.36 (KHTML, like Gecko; compatible; ClaudeBot/1.0; +claudebot@anthropic.com)"
51.68.234.131 - - [25/Aug/2026:18:21:29 +0500] "GET /ru/jsc-docs-rus/182-inf-pol-28-06-16-rus HTTP/1.1" 200 79364 "-" "Mozilla/5.0 (compatible; MJ12bot/v1.4.8; http://mj12bot.com/)"
216.73.216.32 - - [25/Aug/2026:18:21:33 +0500] "GET /index.php?r=d4e2n0t8i5c5u8l7a7t7i0on HTTP/1.1" 301 - "-" "Mozilla/5.0 AppleWebKit/537.36 (KHTML, like Gecko; compatible; ClaudeBot/1.0; +claudebot@anthropic.com)"
216.73.216.32 - - [25/Aug/2026:18:21:39 +0500] "GET /uz/?r=d4e2n0t8i5c5u8l7a7t7i0on HTTP/1.1" 200 68433 "http://eski.uzbekgidroenergoqurilish.uz/index.php?r=d4e2n0t8i5c5u8l7a7t7i0on" "Mozilla/5.0 AppleWebKit/537.36 (KHTML, like Gecko; compatible; ClaudeBot/1.0; +claudebot@anthropic.com)"
216.73.216.32 - - [25/Aug/2026:18:21:45 +0500] "GET /index.php?r=a4r2u1n8d9i7n7e4o5u2s3 HTTP/1.1" 301 - "-" "Mozilla/5.0 AppleWebKit/537.36 (KHTML, like Gecko; compatible; ClaudeBot/1.0; +claudebot@anthropic.com)"
51.68.234.131 - - [25/Aug/2026:18:21:50 +0500] "GET /ru/jsc-docs-rus/28-nabl-kom-14-07-14-rus HTTP/1.1" 200 91117 "-" "Mozilla/5.0 (compatible; MJ12bot/v1.4.8; http://mj12bot.com/)"
216.73.216.32 - - [25/Aug/2026:18:21:51 +0500] "GET /uz/?r=a4r2u1n8d9i7n7e4o5u2s3 HTTP/1.1" 200 68431 "http://eski.uzbekgidroenergoqurilish.uz/index.php?r=a4r2u1n8d9i7n7e4o5u2s3" "Mozilla/5.0 AppleWebKit/537.36 (KHTML, like Gecko; compatible; ClaudeBot/1.0; +claudebot@anthropic.com)"
129.146.127.234 - - [25/Aug/2026:18:21:53 +0500] "GET /uz/facts-uzb/333-06-fact-02-04-2021 HTTP/1.1" 200 - "-" "Mozilla/5.0 (X11; Linux aarch64) AppleWebKit/537.36 (KHTML, like Gecko) Chrome/139.0.0.0 Safari/537.36"
129.146.127.234 - - [25/Aug/2026:18:21:57 +0500] "GET /uz/facts-uzb/333-06-fact-02-04-2021 HTTP/1.1" 200 15996 "-" "Mozilla/5.0 (X11; Linux aarch64) AppleWebKit/537.36 (KHTML, like Gecko) Chrome/139.0.0.0 Safari/537.36"
51.68.234.131 - - [25/Aug/2026:18:22:11 +0500] "GET /ru/jsc-docs-rus/30-obsh-sobr-14-07-14-rus HTTP/1.1" 200 122322 "-" "Mozilla/5.0 (compatible; MJ12bot/v1.4.8; http://mj12bot.com/)"
