34.10.180.98 - - [25/Aug/2026:19:43:54 +0500] "GET /uz/component/search/?Itemid=175&catid=31&format=opensearch&id=310 HTTP/1.1" 200 808 "-" "Mozilla/5.0 (Macintosh; Intel Mac OS X 10_15_7) AppleWebKit/537.36 (KHTML, like Gecko) Chrome/120.0.0.0 Safari/537.36"
216.73.216.32 - - [25/Aug/2026:19:43:57 +0500] "GET /index.php?r=v4o2l0z0t9i8a2l3e6s90 HTTP/1.1" 301 - "-" "Mozilla/5.0 AppleWebKit/537.36 (KHTML, like Gecko; compatible; ClaudeBot/1.0; +claudebot@anthropic.com)"
216.73.216.32 - - [25/Aug/2026:19:44:05 +0500] "GET /index.php?r=s4e3l7a1c2h0o1s6t4o6m0i HTTP/1.1" 508 288 "-" "Mozilla/5.0 AppleWebKit/537.36 (KHTML, like Gecko; compatible; ClaudeBot/1.0; +claudebot@anthropic.com)"
216.73.216.32 - - [25/Aug/2026:19:44:03 +0500] "GET /uz/?r=v4o2l0z0t9i8a2l3e6s90 HTTP/1.1" 200 68422 "http://eski.uzbekgidroenergoqurilish.uz/index.php?r=v4o2l0z0t9i8a2l3e6s90" "Mozilla/5.0 AppleWebKit/537.36 (KHTML, like Gecko; compatible; ClaudeBot/1.0; +claudebot@anthropic.com)"
34.171.68.95 - - [25/Aug/2026:19:44:40 +0500] "GET /uz/about-org-uzb/indexes-uzb/409-reports-2023-uzb HTTP/1.1" 508 288 "-" "Mozilla/5.0 (Macintosh; Intel Mac OS X 10_15_7) AppleWebKit/537.36 (KHTML, like Gecko) Chrome/120.0.0.0 Safari/537.36"
216.73.216.32 - - [25/Aug/2026:19:44:50 +0500] "GET /index.php?r=h4e3l1i8o6s9c3o3p9i0a3 HTTP/1.1" 508 288 "-" "Mozilla/5.0 AppleWebKit/537.36 (KHTML, like Gecko; compatible; ClaudeBot/1.0; +claudebot@anthropic.com)"
216.73.216.32 - - [25/Aug/2026:19:45:30 +0500] "GET /uz/?r=h4o8l8s5t0e7r2138 HTTP/1.1" 508 288 "http://eski.uzbekgidroenergoqurilish.uz/index.php?r=h4o8l8s5t0e7r2138" "Mozilla/5.0 AppleWebKit/537.36 (KHTML, like Gecko; compatible; ClaudeBot/1.0; +claudebot@anthropic.com)"
216.73.216.32 - - [25/Aug/2026:19:45:24 +0500] "GET /index.php?r=h4o8l8s5t0e7r2138 HTTP/1.1" 301 - "-" "Mozilla/5.0 AppleWebKit/537.36 (KHTML, like Gecko; compatible; ClaudeBot/1.0; +claudebot@anthropic.com)"
216.73.216.32 - - [25/Aug/2026:19:45:53 +0500] "GET /index.php?r=s4p3i9r5i6t484513 HTTP/1.1" 301 - "-" "Mozilla/5.0 AppleWebKit/537.36 (KHTML, like Gecko; compatible; ClaudeBot/1.0; +claudebot@anthropic.com)"
216.73.216.32 - - [25/Aug/2026:19:46:01 +0500] "GET /uz/?r=s4p3i9r5i6t484513 HTTP/1.1" 200 68418 "http://eski.uzbekgidroenergoqurilish.uz/index.php?r=s4p3i9r5i6t484513" "Mozilla/5.0 AppleWebKit/537.36 (KHTML, like Gecko; compatible; ClaudeBot/1.0; +claudebot@anthropic.com)"
216.73.216.32 - - [25/Aug/2026:19:46:55 +0500] "GET /index.php?r=a4c1c3e4n8t8o8r2288 HTTP/1.1" 301 - "-" "Mozilla/5.0 AppleWebKit/537.36 (KHTML, like Gecko; compatible; ClaudeBot/1.0; +claudebot@anthropic.com)"
216.73.216.32 - - [25/Aug/2026:19:47:03 +0500] "GET /uz/?r=a4c1c3e4n8t8o8r2288 HTTP/1.1" 508 288 "http://eski.uzbekgidroenergoqurilish.uz/index.php?r=a4c1c3e4n8t8o8r2288" "Mozilla/5.0 AppleWebKit/537.36 (KHTML, like Gecko; compatible; ClaudeBot/1.0; +claudebot@anthropic.com)"
100.28.204.82 - - [25/Aug/2026:19:47:02 +0500] "GET /ru/jsc-docs-rus/382-io-ru-docx HTTP/1.1" 200 54655 "-" "Mozilla/5.0 AppleWebKit/537.36 (KHTML, like Gecko; compatible; Amazonbot/0.1; +https://developer.amazon.com/support/amazonbot) Chrome/119.0.6045.214 Safari/537.36"
100.29.107.38 - - [25/Aug/2026:19:47:14 +0500] "GET /uz/?start=16&x=ooo HTTP/1.1" 508 288 "-" "Mozilla/5.0 AppleWebKit/537.36 (KHTML, like Gecko; compatible; Amazonbot/0.1; +https://developer.amazon.com/support/amazonbot) Chrome/119.0.6045.214 Safari/537.36"
34.123.149.87 - - [25/Aug/2026:19:48:28 +0500] "GET /ru/news-rus/9-russian?start=40 HTTP/1.1" 200 63943 "-" "Mozilla/5.0 (Macintosh; Intel Mac OS X 10_15_7) AppleWebKit/537.36 (KHTML, like Gecko) Chrome/120.0.0.0 Safari/537.36"
216.73.216.32 - - [25/Aug/2026:19:48:38 +0500] "GET /index.php?r=c4a3s0s1i4o1b5e2r6r1y7 HTTP/1.1" 301 - "-" "Mozilla/5.0 AppleWebKit/537.36 (KHTML, like Gecko; compatible; ClaudeBot/1.0; +claudebot@anthropic.com)"
216.73.216.32 - - [25/Aug/2026:19:48:45 +0500] "GET /uz/?r=c4a3s0s1i4o1b5e2r6r1y7 HTTP/1.1" 200 68761 "http://eski.uzbekgidroenergoqurilish.uz/index.php?r=c4a3s0s1i4o1b5e2r6r1y7" "Mozilla/5.0 AppleWebKit/537.36 (KHTML, like Gecko; compatible; ClaudeBot/1.0; +claudebot@anthropic.com)"
216.73.216.32 - - [25/Aug/2026:19:49:11 +0500] "GET /uz/?author=1&format=feed&type=atom HTTP/1.1" 508 288 "-" "Mozilla/5.0 AppleWebKit/537.36 (KHTML, like Gecko; compatible; ClaudeBot/1.0; +claudebot@anthropic.com)"
216.73.216.32 - - [25/Aug/2026:19:50:00 +0500] "GET /index.php?r=m4o2l9o9s7s2i2d3a2e15 HTTP/1.1" 508 288 "-" "Mozilla/5.0 AppleWebKit/537.36 (KHTML, like Gecko; compatible; ClaudeBot/1.0; +claudebot@anthropic.com)"
216.73.216.32 - - [25/Aug/2026:19:50:31 +0500] "GET /uz/audit-uzb/10-uzbek?start=80 HTTP/1.1" 508 288 "-" "Mozilla/5.0 AppleWebKit/537.36 (KHTML, like Gecko; compatible; ClaudeBot/1.0; +claudebot@anthropic.com)"
34.56.53.225 - - [25/Aug/2026:19:51:09 +0500] "GET /ru/news-rus/15-russian/officially-rus?format=feed&type=atom HTTP/1.1" 508 288 "-" "Mozilla/5.0 (Macintosh; Intel Mac OS X 10_15_7) AppleWebKit/537.36 (KHTML, like Gecko) Chrome/120.0.0.0 Safari/537.36"
216.73.216.32 - - [25/Aug/2026:19:51:22 +0500] "GET /uz/component/search/?Itemid=175&format=opensearch&id=10 HTTP/1.1" 200 782 "-" "Mozilla/5.0 AppleWebKit/537.36 (KHTML, like Gecko; compatible; ClaudeBot/1.0; +claudebot@anthropic.com)"
216.73.216.32 - - [25/Aug/2026:19:51:39 +0500] "GET /uz/audit-uzb/10-uzbek?start=40 HTTP/1.1" 200 67689 "-" "Mozilla/5.0 AppleWebKit/537.36 (KHTML, like Gecko; compatible; ClaudeBot/1.0; +claudebot@anthropic.com)"
141.94.101.142 - - [25/Aug/2026:19:51:49 +0500] "GET /robots.txt HTTP/1.1" 200 111 "-" "Mozilla/5.0 (compatible; MJ12bot/v1.4.8; http://mj12bot.com/)"
141.94.101.142 - - [25/Aug/2026:19:51:52 +0500] "GET /uz/?3x=3x&start=40 HTTP/1.1" 200 68582 "-" "Mozilla/5.0 (compatible; MJ12bot/v1.4.8; http://mj12bot.com/)"
141.94.101.142 - - [25/Aug/2026:19:52:41 +0500] "GET /uz/?%60=f3u1c5k1e6d9u9p0460&format=feed&type=atom HTTP/1.1" 508 288 "-" "Mozilla/5.0 (compatible; MJ12bot/v1.4.8; http://mj12bot.com/)"
141.94.101.142 - - [25/Aug/2026:19:52:57 +0500] "GET /uz/?%60=f3u1c5k1e6d9u9p0460&start=36 HTTP/1.1" 508 288 "-" "Mozilla/5.0 (compatible; MJ12bot/v1.4.8; http://mj12bot.com/)"
141.94.101.142 - - [25/Aug/2026:19:53:01 +0500] "GET /uz/?%60=f3u1c5k1e6d9u9p0460&start=44 HTTP/1.1" 200 69712 "-" "Mozilla/5.0 (compatible; MJ12bot/v1.4.8; http://mj12bot.com/)"
141.94.101.142 - - [25/Aug/2026:19:53:18 +0500] "GET /uz/?author=1 HTTP/1.1" 508 288 "-" "Mozilla/5.0 (compatible; MJ12bot/v1.4.8; http://mj12bot.com/)"
216.73.216.32 - - [25/Aug/2026:19:53:21 +0500] "GET /index.php?r=b4r1e0a5k4s9t3o4n1e69 HTTP/1.1" 508 288 "-" "Mozilla/5.0 AppleWebKit/537.36 (KHTML, like Gecko; compatible; ClaudeBot/1.0; +claudebot@anthropic.com)"
141.94.101.142 - - [25/Aug/2026:19:53:29 +0500] "GET /uz/?function=call_user_func_array&s=index/think%5C%5C%5C%5C%5C%5C%5C%5C%5C%5C%5C%5C%5C%5C%5C%5C%5C%5C%5C%5C%5C%5C%5C%5C%5C%5C%5C%5C%5C%5C%5C%5C%5C%5C%5C%5C%5C%5C%5C%5C%5C%5C%5C%5C%5C%5C%5C%5C%5C%5C%5C%5C%5C%5C%5C%5C%5C%5C%5C%5C%5C%5C%5C%5Capp/invokefunction&vars[0]=phpinfo&vars[1][0]=1&start=4 HTTP/1.1" 508 288 "-" "Mozilla/5.0 (compatible; MJ12bot/v1.4.8; http://mj12bot.com/)"
34.10.180.98 - - [25/Aug/2026:19:53:22 +0500] "GET /ru/facts-rus?start=90 HTTP/1.1" 200 62506 "-" "Mozilla/5.0 (Macintosh; Intel Mac OS X 10_15_7) AppleWebKit/537.36 (KHTML, like Gecko) Chrome/120.0.0.0 Safari/537.36"
141.94.101.142 - - [25/Aug/2026:19:53:32 +0500] "GET /uz/?function=call_user_func_array&s=index/think%5C%5C%5C%5C%5C%5C%5C%5C%5C%5C%5C%5C%5C%5C%5C%5Capp/invokefunction&vars[0]=phpinfo&vars[1][0]=1&start=40 HTTP/1.1" 508 288 "-" "Mozilla/5.0 (compatible; MJ12bot/v1.4.8; http://mj12bot.com/)"
216.73.216.32 - - [25/Aug/2026:19:53:34 +0500] "GET /index.php?r=e4f2f1e9r1v6e8s9c6e0n4t HTTP/1.1" 301 - "-" "Mozilla/5.0 AppleWebKit/537.36 (KHTML, like Gecko; compatible; ClaudeBot/1.0; +claudebot@anthropic.com)"
216.73.216.32 - - [25/Aug/2026:19:53:42 +0500] "GET /index.php?r=v4a3s8t0i3t5y69102 HTTP/1.1" 508 288 "-" "Mozilla/5.0 AppleWebKit/537.36 (KHTML, like Gecko; compatible; ClaudeBot/1.0; +claudebot@anthropic.com)"
216.73.216.32 - - [25/Aug/2026:19:53:40 +0500] "GET /uz/?r=e4f2f1e9r1v6e8s9c6e0n4t HTTP/1.1" 200 68513 "http://eski.uzbekgidroenergoqurilish.uz/index.php?r=e4f2f1e9r1v6e8s9c6e0n4t" "Mozilla/5.0 AppleWebKit/537.36 (KHTML, like Gecko; compatible; ClaudeBot/1.0; +claudebot@anthropic.com)"
216.73.216.32 - - [25/Aug/2026:19:53:55 +0500] "GET /index.php?r=t4h3u0m8m6i1m3834 HTTP/1.1" 508 288 "-" "Mozilla/5.0 AppleWebKit/537.36 (KHTML, like Gecko; compatible; ClaudeBot/1.0; +claudebot@anthropic.com)"
216.73.216.32 - - [25/Aug/2026:19:54:27 +0500] "GET /index.php?r=l4a3c1e1r4t9i23013 HTTP/1.1" 508 288 "-" "Mozilla/5.0 AppleWebKit/537.36 (KHTML, like Gecko; compatible; ClaudeBot/1.0; +claudebot@anthropic.com)"
216.73.216.32 - - [25/Aug/2026:19:54:26 +0500] "GET /index.php?r=l4o3r1d0l6i6k3e1712 HTTP/1.1" 301 - "-" "Mozilla/5.0 AppleWebKit/537.36 (KHTML, like Gecko; compatible; ClaudeBot/1.0; +claudebot@anthropic.com)"
185.191.171.14 - - [25/Aug/2026:19:54:38 +0500] "GET /uz/?ismobile=1&start=44 HTTP/1.1" 200 69671 "-" "Mozilla/5.0 (compatible; SemrushBot/7~bl; +http://www.semrush.com/bot.html)"
141.94.101.142 - - [25/Aug/2026:19:54:52 +0500] "GET /uz/?r=a9c4c1e0p9t4i0n0g44&start=16 HTTP/1.1" 508 288 "-" "Mozilla/5.0 (compatible; MJ12bot/v1.4.8; http://mj12bot.com/)"
216.73.216.32 - - [25/Aug/2026:19:55:00 +0500] "GET /index.php?r=o4r2a1b3a7s0s7u3244 HTTP/1.1" 508 288 "-" "Mozilla/5.0 AppleWebKit/537.36 (KHTML, like Gecko; compatible; ClaudeBot/1.0; +claudebot@anthropic.com)"
85.208.96.193 - - [25/Aug/2026:19:55:01 +0500] "GET /robots.txt HTTP/1.1" 200 111 "-" "Mozilla/5.0 (compatible; SemrushBot/7~bl; +http://www.semrush.com/bot.html)"
85.208.96.200 - - [25/Aug/2026:19:55:02 +0500] "GET /ru/news-rus?start=8 HTTP/1.1" 200 58793 "-" "Mozilla/5.0 (compatible; SemrushBot/7~bl; +http://www.semrush.com/bot.html)"
141.94.101.142 - - [25/Aug/2026:19:55:03 +0500] "GET /uz/?r=a9c4c1e0p9t4i0n0g44&start=24 HTTP/1.1" 200 68142 "-" "Mozilla/5.0 (compatible; MJ12bot/v1.4.8; http://mj12bot.com/)"
216.73.216.32 - - [25/Aug/2026:19:55:06 +0500] "GET /index.php?r=m4o1n1i3l7i9a3l2e7s07 HTTP/1.1" 301 - "-" "Mozilla/5.0 AppleWebKit/537.36 (KHTML, like Gecko; compatible; ClaudeBot/1.0; +claudebot@anthropic.com)"
216.73.216.32 - - [25/Aug/2026:19:55:11 +0500] "GET /uz/?r=m4o1n1i3l7i9a3l2e7s07 HTTP/1.1" 200 68511 "http://eski.uzbekgidroenergoqurilish.uz/index.php?r=m4o1n1i3l7i9a3l2e7s07" "Mozilla/5.0 AppleWebKit/537.36 (KHTML, like Gecko; compatible; ClaudeBot/1.0; +claudebot@anthropic.com)"
141.94.101.142 - - [25/Aug/2026:19:55:26 +0500] "GET /uz/?r=a9c4c1e0p9t4i0n0g44&start=28 HTTP/1.1" 200 68463 "-" "Mozilla/5.0 (compatible; MJ12bot/v1.4.8; http://mj12bot.com/)"
216.73.216.32 - - [25/Aug/2026:19:55:49 +0500] "GET /index.php?r=a4l4a8r7m3i9s0t444 HTTP/1.1" 301 - "-" "Mozilla/5.0 AppleWebKit/537.36 (KHTML, like Gecko; compatible; ClaudeBot/1.0; +claudebot@anthropic.com)"
141.94.101.142 - - [25/Aug/2026:19:55:50 +0500] "GET /uz/?r=c9h1a4t4e8a7u3b2r5i7a5nd&start=28 HTTP/1.1" 200 68468 "-" "Mozilla/5.0 (compatible; MJ12bot/v1.4.8; http://mj12bot.com/)"
216.73.216.32 - - [25/Aug/2026:19:55:56 +0500] "GET /index.php?r=a4l3t1e6r0a4b3l0y253 HTTP/1.1" 301 - "-" "Mozilla/5.0 AppleWebKit/537.36 (KHTML, like Gecko; compatible; ClaudeBot/1.0; +claudebot@anthropic.com)"
216.73.216.32 - - [25/Aug/2026:19:55:55 +0500] "GET /uz/?r=a4l4a8r7m3i9s0t444 HTTP/1.1" 200 68508 "http://eski.uzbekgidroenergoqurilish.uz/index.php?r=a4l4a8r7m3i9s0t444" "Mozilla/5.0 AppleWebKit/537.36 (KHTML, like Gecko; compatible; ClaudeBot/1.0; +claudebot@anthropic.com)"
141.94.101.142 - - [25/Aug/2026:19:56:05 +0500] "GET /uz/?r=c9h1a4t4e8a7u3b2r5i7a5nd&start=32 HTTP/1.1" 200 68473 "-" "Mozilla/5.0 (compatible; MJ12bot/v1.4.8; http://mj12bot.com/)"
216.73.216.32 - - [25/Aug/2026:19:56:03 +0500] "GET /uz/?r=a4l3t1e6r0a4b3l0y253 HTTP/1.1" 200 68510 "http://eski.uzbekgidroenergoqurilish.uz/index.php?r=a4l3t1e6r0a4b3l0y253" "Mozilla/5.0 AppleWebKit/537.36 (KHTML, like Gecko; compatible; ClaudeBot/1.0; +claudebot@anthropic.com)"
216.73.216.32 - - [25/Aug/2026:19:56:15 +0500] "GET /index.php?r=c4r1i8m6e8s900875 HTTP/1.1" 301 - "-" "Mozilla/5.0 AppleWebKit/537.36 (KHTML, like Gecko; compatible; ClaudeBot/1.0; +claudebot@anthropic.com)"
34.30.223.149 - - [25/Aug/2026:19:56:29 +0500] "GET /docs/2024/audit-2022.pdf HTTP/1.1" 200 487767 "-" "Mozilla/5.0 (Macintosh; Intel Mac OS X 10_15_7) AppleWebKit/537.36 (KHTML, like Gecko) Chrome/120.0.0.0 Safari/537.36"
216.73.216.32 - - [25/Aug/2026:19:56:22 +0500] "GET /uz/?r=c4r1i8m6e8s900875 HTTP/1.1" 200 68507 "http://eski.uzbekgidroenergoqurilish.uz/index.php?r=c4r1i8m6e8s900875" "Mozilla/5.0 AppleWebKit/537.36 (KHTML, like Gecko; compatible; ClaudeBot/1.0; +claudebot@anthropic.com)"
141.94.101.142 - - [25/Aug/2026:19:56:38 +0500] "GET /uz/?r=d4a2u6p2h5i7n94338&format=feed&type=rss HTTP/1.1" 508 288 "-" "Mozilla/5.0 (compatible; MJ12bot/v1.4.8; http://mj12bot.com/)"
141.94.101.142 - - [25/Aug/2026:19:56:42 +0500] "GET /robots.txt HTTP/1.1" 200 111 "-" "Mozilla/5.0 (compatible; MJ12bot/v1.4.8; http://mj12bot.com/)"
141.94.101.142 - - [25/Aug/2026:19:56:46 +0500] "GET /uz/?3x=3x&start=40 HTTP/1.1" 508 288 "-" "Mozilla/5.0 (compatible; MJ12bot/v1.4.8; http://mj12bot.com/)"
216.73.216.32 - - [25/Aug/2026:19:56:54 +0500] "GET /index.php?r=t4h1o8r8i8a372228 HTTP/1.1" 508 288 "-" "Mozilla/5.0 AppleWebKit/537.36 (KHTML, like Gecko; compatible; ClaudeBot/1.0; +claudebot@anthropic.com)"
141.94.101.142 - - [25/Aug/2026:19:56:52 +0500] "GET /uz/?r=d4a2u6p2h5i7n94338&start=28 HTTP/1.1" 200 68462 "-" "Mozilla/5.0 (compatible; MJ12bot/v1.4.8; http://mj12bot.com/)"
141.94.101.142 - - [25/Aug/2026:19:57:08 +0500] "GET /uz/?r=d4a2u6p2h5i7n94338&start=32 HTTP/1.1" 200 68467 "-" "Mozilla/5.0 (compatible; MJ12bot/v1.4.8; http://mj12bot.com/)"
141.94.101.142 - - [25/Aug/2026:19:57:22 +0500] "GET /uz/?%60=f3u1c5k1e6d9u9p0460&format=feed&type=atom HTTP/1.1" 200 9181 "-" "Mozilla/5.0 (compatible; MJ12bot/v1.4.8; http://mj12bot.com/)"
141.94.101.142 - - [25/Aug/2026:19:57:23 +0500] "GET /uz/?r=e4d2u9c8a4t8i3o6n6a3l9ist&start=48 HTTP/1.1" 200 68738 "-" "Mozilla/5.0 (compatible; MJ12bot/v1.4.8; http://mj12bot.com/)"
141.94.101.142 - - [25/Aug/2026:19:57:33 +0500] "GET /uz/?r=e4x1t3r3o2v6e2r4t0e6d9 HTTP/1.1" 200 68540 "-" "Mozilla/5.0 (compatible; MJ12bot/v1.4.8; http://mj12bot.com/)"
141.94.101.142 - - [25/Aug/2026:19:57:41 +0500] "GET /uz/?%60=f3u1c5k1e6d9u9p0460&start=36 HTTP/1.1" 508 288 "-" "Mozilla/5.0 (compatible; MJ12bot/v1.4.8; http://mj12bot.com/)"
216.73.216.32 - - [25/Aug/2026:19:57:39 +0500] "GET /index.php?r=s4a2r3c4o3r0h6a1m9p5hus HTTP/1.1" 301 - "-" "Mozilla/5.0 AppleWebKit/537.36 (KHTML, like Gecko; compatible; ClaudeBot/1.0; +claudebot@anthropic.com)"
141.94.101.142 - - [25/Aug/2026:19:57:44 +0500] "GET /uz/?r=e9x3t7r6e3m2i3t7y235&start=12 HTTP/1.1" 200 68546 "-" "Mozilla/5.0 (compatible; MJ12bot/v1.4.8; http://mj12bot.com/)"
141.94.101.142 - - [25/Aug/2026:19:57:45 +0500] "GET /uz/?%60=f3u1c5k1e6d9u9p0460&start=44 HTTP/1.1" 200 69712 "-" "Mozilla/5.0 (compatible; MJ12bot/v1.4.8; http://mj12bot.com/)"
216.73.216.32 - - [25/Aug/2026:19:57:46 +0500] "GET /uz/?r=s4a2r3c4o3r0h6a1m9p5hus HTTP/1.1" 200 68513 "http://eski.uzbekgidroenergoqurilish.uz/index.php?r=s4a2r3c4o3r0h6a1m9p5hus" "Mozilla/5.0 AppleWebKit/537.36 (KHTML, like Gecko; compatible; ClaudeBot/1.0; +claudebot@anthropic.com)"
216.73.216.32 - - [25/Aug/2026:19:57:51 +0500] "GET /index.php?r=a4p1h5t5h3o8n1g2a1l68 HTTP/1.1" 301 - "-" "Mozilla/5.0 AppleWebKit/537.36 (KHTML, like Gecko; compatible; ClaudeBot/1.0; +claudebot@anthropic.com)"
216.73.216.32 - - [25/Aug/2026:19:57:58 +0500] "GET /uz/?r=a4p1h5t5h3o8n1g2a1l68 HTTP/1.1" 200 68511 "http://eski.uzbekgidroenergoqurilish.uz/index.php?r=a4p1h5t5h3o8n1g2a1l68" "Mozilla/5.0 AppleWebKit/537.36 (KHTML, like Gecko; compatible; ClaudeBot/1.0; +claudebot@anthropic.com)"
141.94.101.142 - - [25/Aug/2026:19:58:06 +0500] "GET /uz/?r=g9r1o8u1t7i5n7g1532&start=52 HTTP/1.1" 200 69202 "-" "Mozilla/5.0 (compatible; MJ12bot/v1.4.8; http://mj12bot.com/)"
141.94.101.142 - - [25/Aug/2026:19:58:07 +0500] "GET /uz/?author=1 HTTP/1.1" 200 68524 "-" "Mozilla/5.0 (compatible; MJ12bot/v1.4.8; http://mj12bot.com/)"
141.94.101.142 - - [25/Aug/2026:19:58:28 +0500] "GET /uz/?r=p4o3p8e1l1o4t4e8305&start=8 HTTP/1.1" 508 288 "-" "Mozilla/5.0 (compatible; MJ12bot/v1.4.8; http://mj12bot.com/)"
216.73.216.32 - - [25/Aug/2026:19:58:24 +0500] "GET /index.php?r=m4a3n4u5b6r2i8u2m7s69 HTTP/1.1" 301 - "-" "Mozilla/5.0 AppleWebKit/537.36 (KHTML, like Gecko; compatible; ClaudeBot/1.0; +claudebot@anthropic.com)"
141.94.101.142 - - [25/Aug/2026:19:58:33 +0500] "GET /uz/?function=call_user_func_array&s=index/think%5C%5C%5C%5C%5C%5C%5C%5C%5C%5C%5C%5C%5C%5C%5C%5C%5C%5C%5C%5C%5C%5C%5C%5C%5C%5C%5C%5C%5C%5C%5C%5C%5C%5C%5C%5C%5C%5C%5C%5C%5C%5C%5C%5C%5C%5C%5C%5C%5C%5C%5C%5C%5C%5C%5C%5C%5C%5C%5C%5C%5C%5C%5C%5Capp/invokefunction&vars[0]=phpinfo&vars[1][0]=1&start=4 HTTP/1.1" 508 288 "-" "Mozilla/5.0 (compatible; MJ12bot/v1.4.8; http://mj12bot.com/)"
216.73.216.32 - - [25/Aug/2026:19:58:33 +0500] "GET /index.php?r=s4t1a7t4u0e6l6i2k9e70 HTTP/1.1" 508 288 "-" "Mozilla/5.0 AppleWebKit/537.36 (KHTML, like Gecko; compatible; ClaudeBot/1.0; +claudebot@anthropic.com)"
216.73.216.32 - - [25/Aug/2026:19:58:30 +0500] "GET /uz/?r=m4a3n4u5b6r2i8u2m7s69 HTTP/1.1" 200 68511 "http://eski.uzbekgidroenergoqurilish.uz/index.php?r=m4a3n4u5b6r2i8u2m7s69" "Mozilla/5.0 AppleWebKit/537.36 (KHTML, like Gecko; compatible; ClaudeBot/1.0; +claudebot@anthropic.com)"
141.94.101.142 - - [25/Aug/2026:19:58:36 +0500] "GET /uz/?function=call_user_func_array&s=index/think%5C%5C%5C%5C%5C%5C%5C%5C%5C%5C%5C%5C%5C%5C%5C%5Capp/invokefunction&vars[0]=phpinfo&vars[1][0]=1&start=40 HTTP/1.1" 200 70111 "-" "Mozilla/5.0 (compatible; MJ12bot/v1.4.8; http://mj12bot.com/)"
216.73.216.32 - - [25/Aug/2026:19:59:13 +0500] "GET /index.php?r=r4e3s6t4i2t2u9t4o4r0 HTTP/1.1" 508 288 "-" "Mozilla/5.0 AppleWebKit/537.36 (KHTML, like Gecko; compatible; ClaudeBot/1.0; +claudebot@anthropic.com)"
141.94.101.142 - - [25/Aug/2026:19:59:19 +0500] "GET /uz/?function=call_user_func_array&s=index/think%5Capp/invokefunction&vars[0]=phpinfo&vars[1][0]=1&start=4 HTTP/1.1" 200 68134 "-" "Mozilla/5.0 (compatible; MJ12bot/v1.4.8; http://mj12bot.com/)"
141.94.101.142 - - [25/Aug/2026:19:59:43 +0500] "GET /uz/?r=s9a7c3c3h2a6r2i9f9y3ing&start=12 HTTP/1.1" 200 68549 "-" "Mozilla/5.0 (compatible; MJ12bot/v1.4.8; http://mj12bot.com/)"
141.94.101.142 - - [25/Aug/2026:19:59:53 +0500] "GET /uz/?r=s9a7c3c3h2a6r2i9f9y3ing&start=4 HTTP/1.1" 200 68054 "-" "Mozilla/5.0 (compatible; MJ12bot/v1.4.8; http://mj12bot.com/)"
141.94.101.142 - - [25/Aug/2026:20:00:02 +0500] "GET /uz/?r=s9a7c3c3h2a6r2i9f9y3ing&start=8 HTTP/1.1" 200 67625 "-" "Mozilla/5.0 (compatible; MJ12bot/v1.4.8; http://mj12bot.com/)"
216.73.216.32 - - [25/Aug/2026:20:00:07 +0500] "GET /index.php?r=p4y2r0o1c8a9t9e8c4h5o5l HTTP/1.1" 301 - "-" "Mozilla/5.0 AppleWebKit/537.36 (KHTML, like Gecko; compatible; ClaudeBot/1.0; +claudebot@anthropic.com)"
141.94.101.142 - - [25/Aug/2026:20:00:11 +0500] "GET /uz/?r=t9e5a6c6h075845&start=20 HTTP/1.1" 200 68301 "-" "Mozilla/5.0 (compatible; MJ12bot/v1.4.8; http://mj12bot.com/)"
216.73.216.32 - - [25/Aug/2026:20:00:11 +0500] "GET /uz/?r=p4y2r0o1c8a9t9e8c4h5o5l HTTP/1.1" 200 68513 "http://eski.uzbekgidroenergoqurilish.uz/index.php?r=p4y2r0o1c8a9t9e8c4h5o5l" "Mozilla/5.0 AppleWebKit/537.36 (KHTML, like Gecko; compatible; ClaudeBot/1.0; +claudebot@anthropic.com)"
141.94.101.142 - - [25/Aug/2026:20:00:09 +0500] "GET /uz/?r=a9c4c1e0p9t4i0n0g44&start=16 HTTP/1.1" 200 67906 "-" "Mozilla/5.0 (compatible; MJ12bot/v1.4.8; http://mj12bot.com/)"
216.73.216.32 - - [25/Aug/2026:20:00:17 +0500] "GET /index.php?r=t4h9e9r0m0o5t7a5c8t5ic HTTP/1.1" 301 - "-" "Mozilla/5.0 AppleWebKit/537.36 (KHTML, like Gecko; compatible; ClaudeBot/1.0; +claudebot@anthropic.com)"
216.73.216.32 - - [25/Aug/2026:20:00:22 +0500] "GET /uz/?r=t4h9e9r0m0o5t7a5c8t5ic HTTP/1.1" 200 68512 "http://eski.uzbekgidroenergoqurilish.uz/index.php?r=t4h9e9r0m0o5t7a5c8t5ic" "Mozilla/5.0 AppleWebKit/537.36 (KHTML, like Gecko; compatible; ClaudeBot/1.0; +claudebot@anthropic.com)"
141.94.101.142 - - [25/Aug/2026:20:00:31 +0500] "GET /uz/?r=t9e5a6c6h075845&start=40 HTTP/1.1" 200 69978 "-" "Mozilla/5.0 (compatible; MJ12bot/v1.4.8; http://mj12bot.com/)"
216.73.216.32 - - [25/Aug/2026:20:00:41 +0500] "GET /index.php?r=c4o3l8u0m6e2l3l5a18 HTTP/1.1" 301 - "-" "Mozilla/5.0 AppleWebKit/537.36 (KHTML, like Gecko; compatible; ClaudeBot/1.0; +claudebot@anthropic.com)"
141.94.101.142 - - [25/Aug/2026:20:00:45 +0500] "GET /uz/?r=t9e5a6c6h075845&start=48 HTTP/1.1" 200 68728 "-" "Mozilla/5.0 (compatible; MJ12bot/v1.4.8; http://mj12bot.com/)"
141.94.101.142 - - [25/Aug/2026:20:00:47 +0500] "GET /uz/?r=a9c4c1e0p9t4i0n0g44&start=24 HTTP/1.1" 200 68142 "-" "Mozilla/5.0 (compatible; MJ12bot/v1.4.8; http://mj12bot.com/)"
216.73.216.32 - - [25/Aug/2026:20:00:47 +0500] "GET /uz/?r=c4o3l8u0m6e2l3l5a18 HTTP/1.1" 200 68509 "http://eski.uzbekgidroenergoqurilish.uz/index.php?r=c4o3l8u0m6e2l3l5a18" "Mozilla/5.0 AppleWebKit/537.36 (KHTML, like Gecko; compatible; ClaudeBot/1.0; +claudebot@anthropic.com)"
141.94.101.142 - - [25/Aug/2026:20:01:06 +0500] "GET /uz/?r=v9e1n3t3r2a6d17099&start=16 HTTP/1.1" 200 67905 "-" "Mozilla/5.0 (compatible; MJ12bot/v1.4.8; http://mj12bot.com/)"
141.94.101.142 - - [25/Aug/2026:20:01:06 +0500] "GET /uz/?r=a9c4c1e0p9t4i0n0g44&start=28 HTTP/1.1" 200 68463 "-" "Mozilla/5.0 (compatible; MJ12bot/v1.4.8; http://mj12bot.com/)"
216.73.216.32 - - [25/Aug/2026:20:01:10 +0500] "GET /index.php?r=c4h7u8c6k7f2u5l9l4p0redicate HTTP/1.1" 301 - "-" "Mozilla/5.0 AppleWebKit/537.36 (KHTML, like Gecko; compatible; ClaudeBot/1.0; +claudebot@anthropic.com)"
216.73.216.32 - - [25/Aug/2026:20:01:15 +0500] "GET /uz/?r=c4h7u8c6k7f2u5l9l4p0redicate HTTP/1.1" 200 68518 "http://eski.uzbekgidroenergoqurilish.uz/index.php?r=c4h7u8c6k7f2u5l9l4p0redicate" "Mozilla/5.0 AppleWebKit/537.36 (KHTML, like Gecko; compatible; ClaudeBot/1.0; +claudebot@anthropic.com)"
141.94.101.142 - - [25/Aug/2026:20:01:20 +0500] "GET /uz/?r=c9h1a4t4e8a7u3b2r5i7a5nd&start=28 HTTP/1.1" 200 68468 "-" "Mozilla/5.0 (compatible; MJ12bot/v1.4.8; http://mj12bot.com/)"
34.171.68.95 - - [25/Aug/2026:20:01:25 +0500] "GET /uz/news-uzb/453-meeting-15-04-2025 HTTP/1.1" 200 57455 "-" "Mozilla/5.0 (Macintosh; Intel Mac OS X 10_15_7) AppleWebKit/537.36 (KHTML, like Gecko) Chrome/120.0.0.0 Safari/537.36"
141.94.101.142 - - [25/Aug/2026:20:01:28 +0500] "GET /uz/?r=v9e1n3t3r2a6d17099&start=32 HTTP/1.1" 200 68467 "-" "Mozilla/5.0 (compatible; MJ12bot/v1.4.8; http://mj12bot.com/)"
141.94.101.142 - - [25/Aug/2026:20:01:36 +0500] "GET /uz/?r=c9h1a4t4e8a7u3b2r5i7a5nd&start=32 HTTP/1.1" 200 68473 "-" "Mozilla/5.0 (compatible; MJ12bot/v1.4.8; http://mj12bot.com/)"
141.94.101.142 - - [25/Aug/2026:20:01:39 +0500] "GET /uz/?vars[1][0]=1&start=24 HTTP/1.1" 200 68133 "-" "Mozilla/5.0 (compatible; MJ12bot/v1.4.8; http://mj12bot.com/)"
141.94.101.142 - - [25/Aug/2026:20:02:04 +0500] "GET /uz/?r=d4a2u6p2h5i7n94338&format=feed&type=rss HTTP/1.1" 508 288 "-" "Mozilla/5.0 (compatible; MJ12bot/v1.4.8; http://mj12bot.com/)"
216.73.216.32 - - [25/Aug/2026:20:01:57 +0500] "GET /index.php?r=s4n2i3f1f8i1n0g8497 HTTP/1.1" 301 - "-" "Mozilla/5.0 AppleWebKit/537.36 (KHTML, like Gecko; compatible; ClaudeBot/1.0; +claudebot@anthropic.com)"
216.73.216.32 - - [25/Aug/2026:20:02:08 +0500] "GET /index.php?r=e4x4o0c7c6i6p3i9t5a0l HTTP/1.1" 508 288 "-" "Mozilla/5.0 AppleWebKit/537.36 (KHTML, like Gecko; compatible; ClaudeBot/1.0; +claudebot@anthropic.com)"
216.73.216.32 - - [25/Aug/2026:20:02:05 +0500] "GET /uz/?r=s4n2i3f1f8i1n0g8497 HTTP/1.1" 200 68509 "http://eski.uzbekgidroenergoqurilish.uz/index.php?r=s4n2i3f1f8i1n0g8497" "Mozilla/5.0 AppleWebKit/537.36 (KHTML, like Gecko; compatible; ClaudeBot/1.0; +claudebot@anthropic.com)"
141.94.101.142 - - [25/Aug/2026:20:02:11 +0500] "GET /uz/?r=d4a2u6p2h5i7n94338&start=28 HTTP/1.1" 200 68462 "-" "Mozilla/5.0 (compatible; MJ12bot/v1.4.8; http://mj12bot.com/)"
141.94.101.142 - - [25/Aug/2026:20:02:18 +0500] "GET /uz/dividends-uzb?format=feed&type=atom HTTP/1.1" 200 4102 "-" "Mozilla/5.0 (compatible; MJ12bot/v1.4.8; http://mj12bot.com/)"
141.94.101.142 - - [25/Aug/2026:20:02:36 +0500] "GET /uz/?r=d4a2u6p2h5i7n94338&start=32 HTTP/1.1" 200 68467 "-" "Mozilla/5.0 (compatible; MJ12bot/v1.4.8; http://mj12bot.com/)"
141.94.101.142 - - [25/Aug/2026:20:02:39 +0500] "GET /uz/dividends-uzb?format=feed&type=rss HTTP/1.1" 200 3604 "-" "Mozilla/5.0 (compatible; MJ12bot/v1.4.8; http://mj12bot.com/)"
216.73.216.32 - - [25/Aug/2026:20:02:54 +0500] "GET /index.php?r=l4a3g0e0n1o2r7h2y5n2c8us HTTP/1.1" 508 288 "-" "Mozilla/5.0 AppleWebKit/537.36 (KHTML, like Gecko; compatible; ClaudeBot/1.0; +claudebot@anthropic.com)"
141.94.101.142 - - [25/Aug/2026:20:03:00 +0500] "GET /uz/?r=e4d2u9c8a4t8i3o6n6a3l9ist&start=48 HTTP/1.1" 200 68738 "-" "Mozilla/5.0 (compatible; MJ12bot/v1.4.8; http://mj12bot.com/)"
141.94.101.142 - - [25/Aug/2026:20:03:11 +0500] "GET /uz/?r=e4x1t3r3o2v6e2r4t0e6d9 HTTP/1.1" 200 68489 "-" "Mozilla/5.0 (compatible; MJ12bot/v1.4.8; http://mj12bot.com/)"
141.94.101.142 - - [25/Aug/2026:20:03:22 +0500] "GET /uz/?r=e9x3t7r6e3m2i3t7y235&start=12 HTTP/1.1" 200 68546 "-" "Mozilla/5.0 (compatible; MJ12bot/v1.4.8; http://mj12bot.com/)"
141.94.101.142 - - [25/Aug/2026:20:03:38 +0500] "GET /uz/?r=g9r1o8u1t7i5n7g1532&start=52 HTTP/1.1" 200 69202 "-" "Mozilla/5.0 (compatible; MJ12bot/v1.4.8; http://mj12bot.com/)"
216.73.216.32 - - [25/Aug/2026:20:03:54 +0500] "GET /index.php?r=i4n1s2t8i9n6c8t7002 HTTP/1.1" 508 288 "-" "Mozilla/5.0 AppleWebKit/537.36 (KHTML, like Gecko; compatible; ClaudeBot/1.0; +claudebot@anthropic.com)"
23.23.212.212 - - [25/Aug/2026:20:03:47 +0500] "GET /uz/?Command=NOOP&NewWebClient=1&start=28 HTTP/1.1" 200 68733 "-" "Mozilla/5.0 AppleWebKit/537.36 (KHTML, like Gecko; compatible; Amazonbot/0.1; +https://developer.amazon.com/support/amazonbot) Chrome/119.0.6045.214 Safari/537.36"
216.73.216.32 - - [25/Aug/2026:20:04:01 +0500] "GET /index.php?r=s4t7i1p1e7l33903 HTTP/1.1" 508 288 "-" "Mozilla/5.0 AppleWebKit/537.36 (KHTML, like Gecko; compatible; ClaudeBot/1.0; +claudebot@anthropic.com)"
141.94.101.142 - - [25/Aug/2026:20:04:02 +0500] "GET /uz/?r=p4o3p8e1l1o4t4e8305&start=8 HTTP/1.1" 508 288 "-" "Mozilla/5.0 (compatible; MJ12bot/v1.4.8; http://mj12bot.com/)"
216.73.216.32 - - [25/Aug/2026:20:04:26 +0500] "GET /index.php?r=b4o3t4t7l2e7s4c7r0e6w9 HTTP/1.1" 301 - "-" "Mozilla/5.0 AppleWebKit/537.36 (KHTML, like Gecko; compatible; ClaudeBot/1.0; +claudebot@anthropic.com)"
216.73.216.32 - - [25/Aug/2026:20:04:33 +0500] "GET /uz/?r=b4o3t4t7l2e7s4c7r0e6w9 HTTP/1.1" 508 288 "http://eski.uzbekgidroenergoqurilish.uz/index.php?r=b4o3t4t7l2e7s4c7r0e6w9" "Mozilla/5.0 AppleWebKit/537.36 (KHTML, like Gecko; compatible; ClaudeBot/1.0; +claudebot@anthropic.com)"
85.208.96.204 - - [25/Aug/2026:20:04:26 +0500] "GET /uz/?function=call_user_func_array&s=index%2Fthink%5C%5C%5C%5C%5C%5C%5C%5Capp%2Finvokefunction&start=52&vars%5B0%5D=phpinfo&vars%5B1%5D%5B0%5D=1 HTTP/1.1" 200 69295 "-" "Mozilla/5.0 (compatible; SemrushBot/7~bl; +http://www.semrush.com/bot.html)"
216.73.216.32 - - [25/Aug/2026:20:04:45 +0500] "GET /index.php?r=p4r6e1n9a4s6a9l620 HTTP/1.1" 508 288 "-" "Mozilla/5.0 AppleWebKit/537.36 (KHTML, like Gecko; compatible; ClaudeBot/1.0; +claudebot@anthropic.com)"
85.208.96.194 - - [25/Aug/2026:20:05:08 +0500] "GET /uz/about-org-uzb/strategy-uzb/12-uzbek/about-org-uzb/52-filials-uzb HTTP/1.1" 508 288 "-" "Mozilla/5.0 (compatible; SemrushBot/7~bl; +http://www.semrush.com/bot.html)"
141.94.101.142 - - [25/Aug/2026:20:05:08 +0500] "GET /uz/?r=s9a7c3c3h2a6r2i9f9y3ing&start=12 HTTP/1.1" 200 68487 "-" "Mozilla/5.0 (compatible; MJ12bot/v1.4.8; http://mj12bot.com/)"
216.73.216.32 - - [25/Aug/2026:20:05:23 +0500] "GET /index.php?r=k4e2y5w5o7r3d09530 HTTP/1.1" 508 288 "-" "Mozilla/5.0 AppleWebKit/537.36 (KHTML, like Gecko; compatible; ClaudeBot/1.0; +claudebot@anthropic.com)"
141.94.101.142 - - [25/Aug/2026:20:05:21 +0500] "GET /uz/?r=s9a7c3c3h2a6r2i9f9y3ing&start=4 HTTP/1.1" 200 68054 "-" "Mozilla/5.0 (compatible; MJ12bot/v1.4.8; http://mj12bot.com/)"
216.73.216.32 - - [25/Aug/2026:20:05:26 +0500] "GET /index.php?r=d4e2n0e2g2a3t7e5144 HTTP/1.1" 301 - "-" "Mozilla/5.0 AppleWebKit/537.36 (KHTML, like Gecko; compatible; ClaudeBot/1.0; +claudebot@anthropic.com)"
216.73.216.32 - - [25/Aug/2026:20:05:31 +0500] "GET /uz/?r=d4e2n0e2g2a3t7e5144 HTTP/1.1" 200 68458 "http://eski.uzbekgidroenergoqurilish.uz/index.php?r=d4e2n0e2g2a3t7e5144" "Mozilla/5.0 AppleWebKit/537.36 (KHTML, like Gecko; compatible; ClaudeBot/1.0; +claudebot@anthropic.com)"
141.94.101.142 - - [25/Aug/2026:20:05:32 +0500] "GET /uz/?r=s9a7c3c3h2a6r2i9f9y3ing&start=8 HTTP/1.1" 200 67625 "-" "Mozilla/5.0 (compatible; MJ12bot/v1.4.8; http://mj12bot.com/)"
141.94.101.142 - - [25/Aug/2026:20:05:43 +0500] "GET /uz/?r=t9e5a6c6h075845&start=20 HTTP/1.1" 508 288 "-" "Mozilla/5.0 (compatible; MJ12bot/v1.4.8; http://mj12bot.com/)"
216.73.216.32 - - [25/Aug/2026:20:05:38 +0500] "GET /index.php?r=b4l4e2s4s83937 HTTP/1.1" 301 - "-" "Mozilla/5.0 AppleWebKit/537.36 (KHTML, like Gecko; compatible; ClaudeBot/1.0; +claudebot@anthropic.com)"
216.73.216.32 - - [25/Aug/2026:20:05:50 +0500] "GET /index.php?r=d4e2l6a1y7e2d09765 HTTP/1.1" 508 288 "-" "Mozilla/5.0 AppleWebKit/537.36 (KHTML, like Gecko; compatible; ClaudeBot/1.0; +claudebot@anthropic.com)"
216.73.216.32 - - [25/Aug/2026:20:05:44 +0500] "GET /uz/?r=b4l4e2s4s83937 HTTP/1.1" 200 68453 "http://eski.uzbekgidroenergoqurilish.uz/index.php?r=b4l4e2s4s83937" "Mozilla/5.0 AppleWebKit/537.36 (KHTML, like Gecko; compatible; ClaudeBot/1.0; +claudebot@anthropic.com)"
141.94.101.142 - - [25/Aug/2026:20:05:57 +0500] "GET /uz/?r=t9e5a6c6h075845&start=40 HTTP/1.1" 508 288 "-" "Mozilla/5.0 (compatible; MJ12bot/v1.4.8; http://mj12bot.com/)"
216.73.216.32 - - [25/Aug/2026:20:05:53 +0500] "GET /index.php?r=l4e2c2t5i1c0a4e3817 HTTP/1.1" 301 - "-" "Mozilla/5.0 AppleWebKit/537.36 (KHTML, like Gecko; compatible; ClaudeBot/1.0; +claudebot@anthropic.com)"
216.73.216.32 - - [25/Aug/2026:20:05:59 +0500] "GET /uz/?r=l4e2c2t5i1c0a4e3817 HTTP/1.1" 200 68458 "http://eski.uzbekgidroenergoqurilish.uz/index.php?r=l4e2c2t5i1c0a4e3817" "Mozilla/5.0 AppleWebKit/537.36 (KHTML, like Gecko; compatible; ClaudeBot/1.0; +claudebot@anthropic.com)"
216.73.216.32 - - [25/Aug/2026:20:06:05 +0500] "GET /index.php?r=b4e3w2a2r2e092098 HTTP/1.1" 301 - "-" "Mozilla/5.0 AppleWebKit/537.36 (KHTML, like Gecko; compatible; ClaudeBot/1.0; +claudebot@anthropic.com)"
141.94.101.142 - - [25/Aug/2026:20:06:12 +0500] "GET /uz/?r=t9e5a6c6h075845&start=48 HTTP/1.1" 508 288 "-" "Mozilla/5.0 (compatible; MJ12bot/v1.4.8; http://mj12bot.com/)"
216.73.216.32 - - [25/Aug/2026:20:06:10 +0500] "GET /uz/?r=b4e3w2a2r2e092098 HTTP/1.1" 200 68456 "http://eski.uzbekgidroenergoqurilish.uz/index.php?r=b4e3w2a2r2e092098" "Mozilla/5.0 AppleWebKit/537.36 (KHTML, like Gecko; compatible; ClaudeBot/1.0; +claudebot@anthropic.com)"
216.73.216.32 - - [25/Aug/2026:20:06:17 +0500] "GET /index.php?r=r4e2a5m0e6d028013 HTTP/1.1" 301 - "-" "Mozilla/5.0 AppleWebKit/537.36 (KHTML, like Gecko; compatible; ClaudeBot/1.0; +claudebot@anthropic.com)"
141.94.101.142 - - [25/Aug/2026:20:06:19 +0500] "GET /uz/?r=v9e1n3t3r2a6d17099&start=16 HTTP/1.1" 200 67905 "-" "Mozilla/5.0 (compatible; MJ12bot/v1.4.8; http://mj12bot.com/)"
216.73.216.32 - - [25/Aug/2026:20:06:22 +0500] "GET /uz/?r=r4e2a5m0e6d028013 HTTP/1.1" 200 68456 "http://eski.uzbekgidroenergoqurilish.uz/index.php?r=r4e2a5m0e6d028013" "Mozilla/5.0 AppleWebKit/537.36 (KHTML, like Gecko; compatible; ClaudeBot/1.0; +claudebot@anthropic.com)"
216.73.216.32 - - [25/Aug/2026:20:06:24 +0500] "GET /index.php?r=c4o1m5o2c2l9a8d7i2a09 HTTP/1.1" 301 - "-" "Mozilla/5.0 AppleWebKit/537.36 (KHTML, like Gecko; compatible; ClaudeBot/1.0; +claudebot@anthropic.com)"
141.94.101.142 - - [25/Aug/2026:20:06:34 +0500] "GET /uz/?r=v9e1n3t3r2a6d17099&start=32 HTTP/1.1" 508 288 "-" "Mozilla/5.0 (compatible; MJ12bot/v1.4.8; http://mj12bot.com/)"
216.73.216.32 - - [25/Aug/2026:20:06:29 +0500] "GET /uz/?r=c4o1m5o2c2l9a8d7i2a09 HTTP/1.1" 200 68460 "http://eski.uzbekgidroenergoqurilish.uz/index.php?r=c4o1m5o2c2l9a8d7i2a09" "Mozilla/5.0 AppleWebKit/537.36 (KHTML, like Gecko; compatible; ClaudeBot/1.0; +claudebot@anthropic.com)"
216.73.216.32 - - [25/Aug/2026:20:06:36 +0500] "GET /index.php?r=p4a2c6i2f4i7e7d4769 HTTP/1.1" 301 - "-" "Mozilla/5.0 AppleWebKit/537.36 (KHTML, like Gecko; compatible; ClaudeBot/1.0; +claudebot@anthropic.com)"
141.94.101.142 - - [25/Aug/2026:20:06:37 +0500] "GET /uz/?vars[1][0]=1&start=24 HTTP/1.1" 200 68133 "-" "Mozilla/5.0 (compatible; MJ12bot/v1.4.8; http://mj12bot.com/)"
216.73.216.32 - - [25/Aug/2026:20:06:43 +0500] "GET /index.php?r=k4a3a9b1a2h382224 HTTP/1.1" 301 - "-" "Mozilla/5.0 AppleWebKit/537.36 (KHTML, like Gecko; compatible; ClaudeBot/1.0; +claudebot@anthropic.com)"
216.73.216.32 - - [25/Aug/2026:20:06:42 +0500] "GET /uz/?r=p4a2c6i2f4i7e7d4769 HTTP/1.1" 200 68458 "http://eski.uzbekgidroenergoqurilish.uz/index.php?r=p4a2c6i2f4i7e7d4769" "Mozilla/5.0 AppleWebKit/537.36 (KHTML, like Gecko; compatible; ClaudeBot/1.0; +claudebot@anthropic.com)"
216.73.216.32 - - [25/Aug/2026:20:06:55 +0500] "GET /index.php?r=d4e2l8p6h4i9n37277 HTTP/1.1" 508 288 "-" "Mozilla/5.0 AppleWebKit/537.36 (KHTML, like Gecko; compatible; ClaudeBot/1.0; +claudebot@anthropic.com)"
216.73.216.32 - - [25/Aug/2026:20:06:49 +0500] "GET /uz/?r=k4a3a9b1a2h382224 HTTP/1.1" 200 68456 "http://eski.uzbekgidroenergoqurilish.uz/index.php?r=k4a3a9b1a2h382224" "Mozilla/5.0 AppleWebKit/537.36 (KHTML, like Gecko; compatible; ClaudeBot/1.0; +claudebot@anthropic.com)"
141.94.101.142 - - [25/Aug/2026:20:07:06 +0500] "GET /uz/dividends-uzb?format=feed&type=atom HTTP/1.1" 200 4102 "-" "Mozilla/5.0 (compatible; MJ12bot/v1.4.8; http://mj12bot.com/)"
216.73.216.32 - - [25/Aug/2026:20:07:07 +0500] "GET /index.php?r=b4e3l1l7w7e0t5h1e5r2 HTTP/1.1" 301 - "-" "Mozilla/5.0 AppleWebKit/537.36 (KHTML, like Gecko; compatible; ClaudeBot/1.0; +claudebot@anthropic.com)"
216.73.216.32 - - [25/Aug/2026:20:07:13 +0500] "GET /index.php?r=v4a1m4o7s9e802759 HTTP/1.1" 508 288 "-" "Mozilla/5.0 AppleWebKit/537.36 (KHTML, like Gecko; compatible; ClaudeBot/1.0; +claudebot@anthropic.com)"
216.73.216.32 - - [25/Aug/2026:20:07:12 +0500] "GET /uz/?r=b4e3l1l7w7e0t5h1e5r2 HTTP/1.1" 200 68459 "http://eski.uzbekgidroenergoqurilish.uz/index.php?r=b4e3l1l7w7e0t5h1e5r2" "Mozilla/5.0 AppleWebKit/537.36 (KHTML, like Gecko; compatible; ClaudeBot/1.0; +claudebot@anthropic.com)"
141.94.101.142 - - [25/Aug/2026:20:07:19 +0500] "GET /uz/dividends-uzb?format=feed&type=rss HTTP/1.1" 200 3604 "-" "Mozilla/5.0 (compatible; MJ12bot/v1.4.8; http://mj12bot.com/)"
216.73.216.32 - - [25/Aug/2026:20:07:39 +0500] "GET /index.php?r=a4c6r4a1n3i2a8394 HTTP/1.1" 508 288 "-" "Mozilla/5.0 AppleWebKit/537.36 (KHTML, like Gecko; compatible; ClaudeBot/1.0; +claudebot@anthropic.com)"
216.73.216.32 - - [25/Aug/2026:20:08:03 +0500] "GET /index.php?r=b4o3t0c8h5y27560 HTTP/1.1" 301 - "-" "Mozilla/5.0 AppleWebKit/537.36 (KHTML, like Gecko; compatible; ClaudeBot/1.0; +claudebot@anthropic.com)"
216.73.216.32 - - [25/Aug/2026:20:08:07 +0500] "GET /uz/?r=b4o3t0c8h5y27560 HTTP/1.1" 200 68455 "http://eski.uzbekgidroenergoqurilish.uz/index.php?r=b4o3t0c8h5y27560" "Mozilla/5.0 AppleWebKit/537.36 (KHTML, like Gecko; compatible; ClaudeBot/1.0; +claudebot@anthropic.com)"
216.73.216.32 - - [25/Aug/2026:20:08:09 +0500] "GET /index.php?r=p4a2r8e8t4i0c66227 HTTP/1.1" 301 - "-" "Mozilla/5.0 AppleWebKit/537.36 (KHTML, like Gecko; compatible; ClaudeBot/1.0; +claudebot@anthropic.com)"
216.73.216.32 - - [25/Aug/2026:20:08:15 +0500] "GET /uz/?r=p4a2r8e8t4i0c66227 HTTP/1.1" 200 68457 "http://eski.uzbekgidroenergoqurilish.uz/index.php?r=p4a2r8e8t4i0c66227" "Mozilla/5.0 AppleWebKit/537.36 (KHTML, like Gecko; compatible; ClaudeBot/1.0; +claudebot@anthropic.com)"
216.73.216.32 - - [25/Aug/2026:20:08:33 +0500] "GET /index.php?r=e4a6r5t1h9s6252 HTTP/1.1" 301 - "-" "Mozilla/5.0 AppleWebKit/537.36 (KHTML, like Gecko; compatible; ClaudeBot/1.0; +claudebot@anthropic.com)"
216.73.216.32 - - [25/Aug/2026:20:08:38 +0500] "GET /uz/?r=e4a6r5t1h9s6252 HTTP/1.1" 200 68454 "http://eski.uzbekgidroenergoqurilish.uz/index.php?r=e4a6r5t1h9s6252" "Mozilla/5.0 AppleWebKit/537.36 (KHTML, like Gecko; compatible; ClaudeBot/1.0; +claudebot@anthropic.com)"
216.73.216.32 - - [25/Aug/2026:20:08:39 +0500] "GET /index.php?r=c4u5r0c7h084612 HTTP/1.1" 301 - "-" "Mozilla/5.0 AppleWebKit/537.36 (KHTML, like Gecko; compatible; ClaudeBot/1.0; +claudebot@anthropic.com)"
216.73.216.32 - - [25/Aug/2026:20:08:46 +0500] "GET /uz/?r=c4u5r0c7h084612 HTTP/1.1" 200 68454 "http://eski.uzbekgidroenergoqurilish.uz/index.php?r=c4u5r0c7h084612" "Mozilla/5.0 AppleWebKit/537.36 (KHTML, like Gecko; compatible; ClaudeBot/1.0; +claudebot@anthropic.com)"
216.73.216.32 - - [25/Aug/2026:20:09:06 +0500] "GET /index.php?r=h4a2p1t5i0c669760 HTTP/1.1" 301 - "-" "Mozilla/5.0 AppleWebKit/537.36 (KHTML, like Gecko; compatible; ClaudeBot/1.0; +claudebot@anthropic.com)"
216.73.216.32 - - [25/Aug/2026:20:09:11 +0500] "GET /uz/?r=h4a2p1t5i0c669760 HTTP/1.1" 200 68456 "http://eski.uzbekgidroenergoqurilish.uz/index.php?r=h4a2p1t5i0c669760" "Mozilla/5.0 AppleWebKit/537.36 (KHTML, like Gecko; compatible; ClaudeBot/1.0; +claudebot@anthropic.com)"
216.73.216.32 - - [25/Aug/2026:20:09:30 +0500] "GET /index.php?r=e4v1e3r5s6e718354 HTTP/1.1" 301 - "-" "Mozilla/5.0 AppleWebKit/537.36 (KHTML, like Gecko; compatible; ClaudeBot/1.0; +claudebot@anthropic.com)"
216.73.216.32 - - [25/Aug/2026:20:09:36 +0500] "GET /uz/?r=e4v1e3r5s6e718354 HTTP/1.1" 200 68456 "http://eski.uzbekgidroenergoqurilish.uz/index.php?r=e4v1e3r5s6e718354" "Mozilla/5.0 AppleWebKit/537.36 (KHTML, like Gecko; compatible; ClaudeBot/1.0; +claudebot@anthropic.com)"
216.73.216.32 - - [25/Aug/2026:20:09:41 +0500] "GET /index.php?r=r4o1a9m7e5r634457 HTTP/1.1" 301 - "-" "Mozilla/5.0 AppleWebKit/537.36 (KHTML, like Gecko; compatible; ClaudeBot/1.0; +claudebot@anthropic.com)"
216.73.216.32 - - [25/Aug/2026:20:09:46 +0500] "GET /uz/?r=r4o1a9m7e5r634457 HTTP/1.1" 200 68456 "http://eski.uzbekgidroenergoqurilish.uz/index.php?r=r4o1a9m7e5r634457" "Mozilla/5.0 AppleWebKit/537.36 (KHTML, like Gecko; compatible; ClaudeBot/1.0; +claudebot@anthropic.com)"
216.73.216.32 - - [25/Aug/2026:20:10:00 +0500] "GET /robots.txt HTTP/1.1" 200 111 "-" "Mozilla/5.0 AppleWebKit/537.36 (KHTML, like Gecko; compatible; ClaudeBot/1.0; +claudebot@anthropic.com)"
216.73.216.32 - - [25/Aug/2026:20:10:01 +0500] "GET /index.php?r=g4u9y5l0e163550 HTTP/1.1" 301 - "-" "Mozilla/5.0 AppleWebKit/537.36 (KHTML, like Gecko; compatible; ClaudeBot/1.0; +claudebot@anthropic.com)"
216.73.216.32 - - [25/Aug/2026:20:10:07 +0500] "GET /uz/?r=g4u9y5l0e163550 HTTP/1.1" 200 68454 "http://eski.uzbekgidroenergoqurilish.uz/index.php?r=g4u9y5l0e163550" "Mozilla/5.0 AppleWebKit/537.36 (KHTML, like Gecko; compatible; ClaudeBot/1.0; +claudebot@anthropic.com)"
216.73.216.32 - - [25/Aug/2026:20:10:25 +0500] "GET /index.php?r=s4a3r4c3i1t8e7l0l0a7 HTTP/1.1" 301 - "-" "Mozilla/5.0 AppleWebKit/537.36 (KHTML, like Gecko; compatible; ClaudeBot/1.0; +claudebot@anthropic.com)"
216.73.216.32 - - [25/Aug/2026:20:10:31 +0500] "GET /uz/?r=s4a3r4c3i1t8e7l0l0a7 HTTP/1.1" 200 68459 "http://eski.uzbekgidroenergoqurilish.uz/index.php?r=s4a3r4c3i1t8e7l0l0a7" "Mozilla/5.0 AppleWebKit/537.36 (KHTML, like Gecko; compatible; ClaudeBot/1.0; +claudebot@anthropic.com)"
216.73.216.32 - - [25/Aug/2026:20:11:01 +0500] "GET /index.php?r=s4a1r9c5o3b1a8s1e7s50 HTTP/1.1" 301 - "-" "Mozilla/5.0 AppleWebKit/537.36 (KHTML, like Gecko; compatible; ClaudeBot/1.0; +claudebot@anthropic.com)"
216.73.216.32 - - [25/Aug/2026:20:11:07 +0500] "GET /uz/?r=s4a1r9c5o3b1a8s1e7s50 HTTP/1.1" 200 68460 "http://eski.uzbekgidroenergoqurilish.uz/index.php?r=s4a1r9c5o3b1a8s1e7s50" "Mozilla/5.0 AppleWebKit/537.36 (KHTML, like Gecko; compatible; ClaudeBot/1.0; +claudebot@anthropic.com)"
216.73.216.32 - - [25/Aug/2026:20:11:21 +0500] "GET /index.php?r=a4l3p8h8o1l032449 HTTP/1.1" 301 - "-" "Mozilla/5.0 AppleWebKit/537.36 (KHTML, like Gecko; compatible; ClaudeBot/1.0; +claudebot@anthropic.com)"
216.73.216.32 - - [25/Aug/2026:20:11:26 +0500] "GET /uz/?r=a4l3p8h8o1l032449 HTTP/1.1" 200 68456 "http://eski.uzbekgidroenergoqurilish.uz/index.php?r=a4l3p8h8o1l032449" "Mozilla/5.0 AppleWebKit/537.36 (KHTML, like Gecko; compatible; ClaudeBot/1.0; +claudebot@anthropic.com)"
216.73.216.32 - - [25/Aug/2026:20:11:46 +0500] "GET /index.php?r=d4u6r1o3m2e5t6e6r35 HTTP/1.1" 301 - "-" "Mozilla/5.0 AppleWebKit/537.36 (KHTML, like Gecko; compatible; ClaudeBot/1.0; +claudebot@anthropic.com)"
216.73.216.32 - - [25/Aug/2026:20:11:51 +0500] "GET /uz/?r=d4u6r1o3m2e5t6e6r35 HTTP/1.1" 200 68458 "http://eski.uzbekgidroenergoqurilish.uz/index.php?r=d4u6r1o3m2e5t6e6r35" "Mozilla/5.0 AppleWebKit/537.36 (KHTML, like Gecko; compatible; ClaudeBot/1.0; +claudebot@anthropic.com)"
34.10.180.98 - - [25/Aug/2026:20:12:01 +0500] "GET /ru/info-for-shareholders-rus/287-kpe-2019-ej HTTP/1.1" 200 55833 "-" "Mozilla/5.0 (Macintosh; Intel Mac OS X 10_15_7) AppleWebKit/537.36 (KHTML, like Gecko) Chrome/120.0.0.0 Safari/537.36"
85.208.96.202 - - [25/Aug/2026:20:12:46 +0500] "GET /robots.txt HTTP/1.1" 200 111 "-" "Mozilla/5.0 (compatible; SemrushBot/7~bl; +http://www.semrush.com/bot.html)"
85.208.96.206 - - [25/Aug/2026:20:12:47 +0500] "GET /ru/audit-rus/9-russian?start=20 HTTP/1.1" 508 288 "-" "Mozilla/5.0 (compatible; SemrushBot/7~bl; +http://www.semrush.com/bot.html)"
216.73.216.32 - - [25/Aug/2026:20:12:42 +0500] "GET /index.php?r=c4o4u3n3t7e1d7078 HTTP/1.1" 301 - "-" "Mozilla/5.0 AppleWebKit/537.36 (KHTML, like Gecko; compatible; ClaudeBot/1.0; +claudebot@anthropic.com)"
216.73.216.32 - - [25/Aug/2026:20:12:49 +0500] "GET /uz/?r=c4o4u3n3t7e1d7078 HTTP/1.1" 508 288 "http://eski.uzbekgidroenergoqurilish.uz/index.php?r=c4o4u3n3t7e1d7078" "Mozilla/5.0 AppleWebKit/537.36 (KHTML, like Gecko; compatible; ClaudeBot/1.0; +claudebot@anthropic.com)"
216.73.216.32 - - [25/Aug/2026:20:13:07 +0500] "GET /index.php?r=b4l1a5s5t7i7n1g3718 HTTP/1.1" 301 - "-" "Mozilla/5.0 AppleWebKit/537.36 (KHTML, like Gecko; compatible; ClaudeBot/1.0; +claudebot@anthropic.com)"
216.73.216.32 - - [25/Aug/2026:20:13:12 +0500] "GET /uz/?r=b4l1a5s5t7i7n1g3718 HTTP/1.1" 508 288 "http://eski.uzbekgidroenergoqurilish.uz/index.php?r=b4l1a5s5t7i7n1g3718" "Mozilla/5.0 AppleWebKit/537.36 (KHTML, like Gecko; compatible; ClaudeBot/1.0; +claudebot@anthropic.com)"
216.73.216.32 - - [25/Aug/2026:20:13:16 +0500] "GET /index.php?r=o4v3e5r9c1o6m2p7l1i9c5ated HTTP/1.1" 301 - "-" "Mozilla/5.0 AppleWebKit/537.36 (KHTML, like Gecko; compatible; ClaudeBot/1.0; +claudebot@anthropic.com)"
216.73.216.32 - - [25/Aug/2026:20:13:21 +0500] "GET /uz/?r=o4v3e5r9c1o6m2p7l1i9c5ated HTTP/1.1" 200 68465 "http://eski.uzbekgidroenergoqurilish.uz/index.php?r=o4v3e5r9c1o6m2p7l1i9c5ated" "Mozilla/5.0 AppleWebKit/537.36 (KHTML, like Gecko; compatible; ClaudeBot/1.0; +claudebot@anthropic.com)"
216.73.216.32 - - [25/Aug/2026:20:13:40 +0500] "GET /index.php?r=d4e1s3t6r6u1c6t9i6o5n2ist HTTP/1.1" 301 - "-" "Mozilla/5.0 AppleWebKit/537.36 (KHTML, like Gecko; compatible; ClaudeBot/1.0; +claudebot@anthropic.com)"
216.73.216.32 - - [25/Aug/2026:20:13:46 +0500] "GET /index.php?r=a4n2t7i0p2a3t1h8i8e3s3 HTTP/1.1" 508 288 "-" "Mozilla/5.0 AppleWebKit/537.36 (KHTML, like Gecko; compatible; ClaudeBot/1.0; +claudebot@anthropic.com)"
216.73.216.32 - - [25/Aug/2026:20:13:44 +0500] "GET /uz/?r=d4e1s3t6r6u1c6t9i6o5n2ist HTTP/1.1" 200 68464 "http://eski.uzbekgidroenergoqurilish.uz/index.php?r=d4e1s3t6r6u1c6t9i6o5n2ist" "Mozilla/5.0 AppleWebKit/537.36 (KHTML, like Gecko; compatible; ClaudeBot/1.0; +claudebot@anthropic.com)"
216.73.216.32 - - [25/Aug/2026:20:14:10 +0500] "GET /index.php?r=t4o3r1s5a9l762195 HTTP/1.1" 508 288 "-" "Mozilla/5.0 AppleWebKit/537.36 (KHTML, like Gecko; compatible; ClaudeBot/1.0; +claudebot@anthropic.com)"
216.73.216.32 - - [25/Aug/2026:20:14:17 +0500] "GET /index.php?r=a4m1i6n3o2p9y5r9i0n5e2 HTTP/1.1" 508 288 "-" "Mozilla/5.0 AppleWebKit/537.36 (KHTML, like Gecko; compatible; ClaudeBot/1.0; +claudebot@anthropic.com)"
216.73.216.32 - - [25/Aug/2026:20:14:41 +0500] "GET /index.php?r=d4i4g1e9s8t8i9b7l9e9n8ess HTTP/1.1" 301 - "-" "Mozilla/5.0 AppleWebKit/537.36 (KHTML, like Gecko; compatible; ClaudeBot/1.0; +claudebot@anthropic.com)"
216.73.216.32 - - [25/Aug/2026:20:14:45 +0500] "GET /uz/?r=d4i4g1e9s8t8i9b7l9e9n8ess HTTP/1.1" 200 68464 "http://eski.uzbekgidroenergoqurilish.uz/index.php?r=d4i4g1e9s8t8i9b7l9e9n8ess" "Mozilla/5.0 AppleWebKit/537.36 (KHTML, like Gecko; compatible; ClaudeBot/1.0; +claudebot@anthropic.com)"
216.73.216.32 - - [25/Aug/2026:20:14:50 +0500] "GET /index.php?r=h4i5b1e0r6n9i1a9n18 HTTP/1.1" 301 - "-" "Mozilla/5.0 AppleWebKit/537.36 (KHTML, like Gecko; compatible; ClaudeBot/1.0; +claudebot@anthropic.com)"
216.73.216.32 - - [25/Aug/2026:20:14:54 +0500] "GET /uz/?r=h4i5b1e0r6n9i1a9n18 HTTP/1.1" 200 68458 "http://eski.uzbekgidroenergoqurilish.uz/index.php?r=h4i5b1e0r6n9i1a9n18" "Mozilla/5.0 AppleWebKit/537.36 (KHTML, like Gecko; compatible; ClaudeBot/1.0; +claudebot@anthropic.com)"
216.73.216.32 - - [25/Aug/2026:20:15:14 +0500] "GET /index.php?r=s4t1e7r0n6179477 HTTP/1.1" 301 - "-" "Mozilla/5.0 AppleWebKit/537.36 (KHTML, like Gecko; compatible; ClaudeBot/1.0; +claudebot@anthropic.com)"
216.73.216.32 - - [25/Aug/2026:20:15:18 +0500] "GET /uz/?r=s4t1e7r0n6179477 HTTP/1.1" 200 68455 "http://eski.uzbekgidroenergoqurilish.uz/index.php?r=s4t1e7r0n6179477" "Mozilla/5.0 AppleWebKit/537.36 (KHTML, like Gecko; compatible; ClaudeBot/1.0; +claudebot@anthropic.com)"
216.73.216.32 - - [25/Aug/2026:20:15:22 +0500] "GET /index.php?r=s4p1e7i9s1k0o5b5a7l7t0 HTTP/1.1" 301 - "-" "Mozilla/5.0 AppleWebKit/537.36 (KHTML, like Gecko; compatible; ClaudeBot/1.0; +claudebot@anthropic.com)"
216.73.216.32 - - [25/Aug/2026:20:15:27 +0500] "GET /uz/?r=s4p1e7i9s1k0o5b5a7l7t0 HTTP/1.1" 200 68461 "http://eski.uzbekgidroenergoqurilish.uz/index.php?r=s4p1e7i9s1k0o5b5a7l7t0" "Mozilla/5.0 AppleWebKit/537.36 (KHTML, like Gecko; compatible; ClaudeBot/1.0; +claudebot@anthropic.com)"
185.191.171.12 - - [25/Aug/2026:20:15:29 +0500] "GET /ru/about-org-rus/structure-rus/11-russian/about-org-rus HTTP/1.1" 200 65662 "-" "Mozilla/5.0 (compatible; SemrushBot/7~bl; +http://www.semrush.com/bot.html)"
216.73.216.32 - - [25/Aug/2026:20:15:46 +0500] "GET /index.php?r=f4l3u0m8i4n8o4u4s23 HTTP/1.1" 301 - "-" "Mozilla/5.0 AppleWebKit/537.36 (KHTML, like Gecko; compatible; ClaudeBot/1.0; +claudebot@anthropic.com)"
216.73.216.32 - - [25/Aug/2026:20:15:51 +0500] "GET /uz/?r=f4l3u0m8i4n8o4u4s23 HTTP/1.1" 200 68458 "http://eski.uzbekgidroenergoqurilish.uz/index.php?r=f4l3u0m8i4n8o4u4s23" "Mozilla/5.0 AppleWebKit/537.36 (KHTML, like Gecko; compatible; ClaudeBot/1.0; +claudebot@anthropic.com)"
216.73.216.32 - - [25/Aug/2026:20:15:57 +0500] "GET /index.php?r=c4a1r4p0o3p9h9o4r3e52 HTTP/1.1" 301 - "-" "Mozilla/5.0 AppleWebKit/537.36 (KHTML, like Gecko; compatible; ClaudeBot/1.0; +claudebot@anthropic.com)"
216.73.216.32 - - [25/Aug/2026:20:16:01 +0500] "GET /uz/?r=c4a1r4p0o3p9h9o4r3e52 HTTP/1.1" 200 68460 "http://eski.uzbekgidroenergoqurilish.uz/index.php?r=c4a1r4p0o3p9h9o4r3e52" "Mozilla/5.0 AppleWebKit/537.36 (KHTML, like Gecko; compatible; ClaudeBot/1.0; +claudebot@anthropic.com)"
34.10.180.98 - - [25/Aug/2026:20:15:58 +0500] "GET /uz/audit-uzb/115-audit-2013-uzb HTTP/1.1" 200 56132 "-" "Mozilla/5.0 (Macintosh; Intel Mac OS X 10_15_7) AppleWebKit/537.36 (KHTML, like Gecko) Chrome/120.0.0.0 Safari/537.36"
216.73.216.32 - - [25/Aug/2026:20:16:19 +0500] "GET /index.php?r=a4s3y8n2c9h4r2o6n9y09 HTTP/1.1" 301 - "-" "Mozilla/5.0 AppleWebKit/537.36 (KHTML, like Gecko; compatible; ClaudeBot/1.0; +claudebot@anthropic.com)"
216.73.216.32 - - [25/Aug/2026:20:16:24 +0500] "GET /uz/?r=a4s3y8n2c9h4r2o6n9y09 HTTP/1.1" 200 68460 "http://eski.uzbekgidroenergoqurilish.uz/index.php?r=a4s3y8n2c9h4r2o6n9y09" "Mozilla/5.0 AppleWebKit/537.36 (KHTML, like Gecko; compatible; ClaudeBot/1.0; +claudebot@anthropic.com)"
216.73.216.32 - - [25/Aug/2026:20:16:36 +0500] "GET /index.php?r=t4r1i1o3n5a7l87329 HTTP/1.1" 301 - "-" "Mozilla/5.0 AppleWebKit/537.36 (KHTML, like Gecko; compatible; ClaudeBot/1.0; +claudebot@anthropic.com)"
216.73.216.32 - - [25/Aug/2026:20:16:42 +0500] "GET /uz/?r=t4r1i1o3n5a7l87329 HTTP/1.1" 200 68457 "http://eski.uzbekgidroenergoqurilish.uz/index.php?r=t4r1i1o3n5a7l87329" "Mozilla/5.0 AppleWebKit/537.36 (KHTML, like Gecko; compatible; ClaudeBot/1.0; +claudebot@anthropic.com)"
216.73.216.32 - - [25/Aug/2026:20:17:00 +0500] "GET /index.php?r=t4o2u5c0h7w4o0o3d619 HTTP/1.1" 301 - "-" "Mozilla/5.0 AppleWebKit/537.36 (KHTML, like Gecko; compatible; ClaudeBot/1.0; +claudebot@anthropic.com)"
216.73.216.32 - - [25/Aug/2026:20:17:05 +0500] "GET /uz/?r=t4o2u5c0h7w4o0o3d619 HTTP/1.1" 200 68459 "http://eski.uzbekgidroenergoqurilish.uz/index.php?r=t4o2u5c0h7w4o0o3d619" "Mozilla/5.0 AppleWebKit/537.36 (KHTML, like Gecko; compatible; ClaudeBot/1.0; +claudebot@anthropic.com)"
34.30.223.149 - - [25/Aug/2026:20:17:09 +0500] "GET /ru/news-rus/17-russian/shareholders-rus?start=32 HTTP/1.1" 200 59538 "-" "Mozilla/5.0 (Macintosh; Intel Mac OS X 10_15_7) AppleWebKit/537.36 (KHTML, like Gecko) Chrome/120.0.0.0 Safari/537.36"
216.73.216.32 - - [25/Aug/2026:20:17:35 +0500] "GET /index.php?r=m4y3t6h4o2l8o0g7u2e88 HTTP/1.1" 301 - "-" "Mozilla/5.0 AppleWebKit/537.36 (KHTML, like Gecko; compatible; ClaudeBot/1.0; +claudebot@anthropic.com)"
216.73.216.32 - - [25/Aug/2026:20:17:41 +0500] "GET /uz/?r=m4y3t6h4o2l8o0g7u2e88 HTTP/1.1" 200 68460 "http://eski.uzbekgidroenergoqurilish.uz/index.php?r=m4y3t6h4o2l8o0g7u2e88" "Mozilla/5.0 AppleWebKit/537.36 (KHTML, like Gecko; compatible; ClaudeBot/1.0; +claudebot@anthropic.com)"
