216.73.216.32 - - [25/Aug/2026:18:22:24 +0500] "GET /index.php?r=c4a3l9c8u6l9a3b5l6e74 HTTP/1.1" 508 288 "-" "Mozilla/5.0 AppleWebKit/537.36 (KHTML, like Gecko; compatible; ClaudeBot/1.0; +claudebot@anthropic.com)"
51.68.234.131 - - [25/Aug/2026:18:22:21 +0500] "GET /ru/jsc-docs-rus/32-o-direktore-14-07-14-rus HTTP/1.1" 200 73108 "-" "Mozilla/5.0 (compatible; MJ12bot/v1.4.8; http://mj12bot.com/)"
216.73.216.32 - - [25/Aug/2026:18:22:35 +0500] "GET /index.php?r=p4h2o1t5o9g1e7n8e450 HTTP/1.1" 301 - "-" "Mozilla/5.0 AppleWebKit/537.36 (KHTML, like Gecko; compatible; ClaudeBot/1.0; +claudebot@anthropic.com)"
216.73.216.32 - - [25/Aug/2026:18:22:41 +0500] "GET /uz/?r=p4h2o1t5o9g1e7n8e450 HTTP/1.1" 200 68429 "http://eski.uzbekgidroenergoqurilish.uz/index.php?r=p4h2o1t5o9g1e7n8e450" "Mozilla/5.0 AppleWebKit/537.36 (KHTML, like Gecko; compatible; ClaudeBot/1.0; +claudebot@anthropic.com)"
51.68.234.131 - - [25/Aug/2026:18:22:44 +0500] "GET /ru/jsc-docs-rus/376-vn-kontrol-ru-docx HTTP/1.1" 200 54680 "-" "Mozilla/5.0 (compatible; MJ12bot/v1.4.8; http://mj12bot.com/)"
216.73.216.32 - - [25/Aug/2026:18:22:52 +0500] "GET /index.php?r=e4x5t5i9l8l31860 HTTP/1.1" 301 - "-" "Mozilla/5.0 AppleWebKit/537.36 (KHTML, like Gecko; compatible; ClaudeBot/1.0; +claudebot@anthropic.com)"
51.68.234.131 - - [25/Aug/2026:18:22:54 +0500] "GET /ru/jsc-docs-rus/377-div-polit-ru-docx HTTP/1.1" 200 54475 "-" "Mozilla/5.0 (compatible; MJ12bot/v1.4.8; http://mj12bot.com/)"
216.73.216.32 - - [25/Aug/2026:18:22:56 +0500] "GET /uz/?r=e4x5t5i9l8l31860 HTTP/1.1" 200 68425 "http://eski.uzbekgidroenergoqurilish.uz/index.php?r=e4x5t5i9l8l31860" "Mozilla/5.0 AppleWebKit/537.36 (KHTML, like Gecko; compatible; ClaudeBot/1.0; +claudebot@anthropic.com)"
216.73.216.32 - - [25/Aug/2026:18:23:04 +0500] "GET /index.php?r=m4i8l6i6t2a2r7i3z1e7d HTTP/1.1" 301 - "-" "Mozilla/5.0 AppleWebKit/537.36 (KHTML, like Gecko; compatible; ClaudeBot/1.0; +claudebot@anthropic.com)"
161.153.25.200 - - [25/Aug/2026:18:23:05 +0500] "GET /uz/officially-uzb/old-acts-uzb HTTP/1.1" 200 15601 "-" "Mozilla/5.0 (X11; Linux aarch64) AppleWebKit/537.36 (KHTML, like Gecko) Chrome/139.0.0.0 Safari/537.36"
216.73.216.32 - - [25/Aug/2026:18:23:08 +0500] "GET /uz/?r=m4i8l6i6t2a2r7i3z1e7d HTTP/1.1" 200 68430 "http://eski.uzbekgidroenergoqurilish.uz/index.php?r=m4i8l6i6t2a2r7i3z1e7d" "Mozilla/5.0 AppleWebKit/537.36 (KHTML, like Gecko; compatible; ClaudeBot/1.0; +claudebot@anthropic.com)"
51.68.234.131 - - [25/Aug/2026:18:23:11 +0500] "GET /ru/jsc-docs-rus/378-nam-sovet-ru-docx HTTP/1.1" 200 54690 "-" "Mozilla/5.0 (compatible; MJ12bot/v1.4.8; http://mj12bot.com/)"
216.73.216.32 - - [25/Aug/2026:18:23:14 +0500] "GET /index.php?r=c4o2w8p9o1c5k53982 HTTP/1.1" 301 - "-" "Mozilla/5.0 AppleWebKit/537.36 (KHTML, like Gecko; compatible; ClaudeBot/1.0; +claudebot@anthropic.com)"
216.73.216.32 - - [25/Aug/2026:18:23:19 +0500] "GET /uz/?r=c4o2w8p9o1c5k53982 HTTP/1.1" 200 68427 "http://eski.uzbekgidroenergoqurilish.uz/index.php?r=c4o2w8p9o1c5k53982" "Mozilla/5.0 AppleWebKit/537.36 (KHTML, like Gecko; compatible; ClaudeBot/1.0; +claudebot@anthropic.com)"
51.68.234.131 - - [25/Aug/2026:18:23:29 +0500] "GET /ru/jsc-docs-rus/379-konf-int-ru-docx HTTP/1.1" 508 288 "-" "Mozilla/5.0 (compatible; MJ12bot/v1.4.8; http://mj12bot.com/)"
216.73.216.32 - - [25/Aug/2026:18:23:25 +0500] "GET /index.php?r=p4o1r0i8t5e426370 HTTP/1.1" 301 - "-" "Mozilla/5.0 AppleWebKit/537.36 (KHTML, like Gecko; compatible; ClaudeBot/1.0; +claudebot@anthropic.com)"
216.73.216.32 - - [25/Aug/2026:18:23:31 +0500] "GET /uz/?r=p4o1r0i8t5e426370 HTTP/1.1" 200 68426 "http://eski.uzbekgidroenergoqurilish.uz/index.php?r=p4o1r0i8t5e426370" "Mozilla/5.0 AppleWebKit/537.36 (KHTML, like Gecko; compatible; ClaudeBot/1.0; +claudebot@anthropic.com)"
51.68.234.131 - - [25/Aug/2026:18:23:33 +0500] "GET /ru/jsc-docs-rus/380-rk-ru-docx HTTP/1.1" 200 54654 "-" "Mozilla/5.0 (compatible; MJ12bot/v1.4.8; http://mj12bot.com/)"
216.73.216.32 - - [25/Aug/2026:18:23:46 +0500] "GET /index.php?r=i4n9w8a7r7d2m9o4v7i2ng HTTP/1.1" 301 - "-" "Mozilla/5.0 AppleWebKit/537.36 (KHTML, like Gecko; compatible; ClaudeBot/1.0; +claudebot@anthropic.com)"
216.73.216.32 - - [25/Aug/2026:18:23:50 +0500] "GET /uz/?r=i4n9w8a7r7d2m9o4v7i2ng HTTP/1.1" 200 68431 "http://eski.uzbekgidroenergoqurilish.uz/index.php?r=i4n9w8a7r7d2m9o4v7i2ng" "Mozilla/5.0 AppleWebKit/537.36 (KHTML, like Gecko; compatible; ClaudeBot/1.0; +claudebot@anthropic.com)"
51.68.234.131 - - [25/Aug/2026:18:23:51 +0500] "GET /ru/jsc-docs-rus/381-inf-pol-ru-docx HTTP/1.1" 200 54700 "-" "Mozilla/5.0 (compatible; MJ12bot/v1.4.8; http://mj12bot.com/)"
51.68.234.131 - - [25/Aug/2026:18:24:20 +0500] "GET /ru/jsc-docs-rus/383-osa-ru-docx HTTP/1.1" 200 54693 "-" "Mozilla/5.0 (compatible; MJ12bot/v1.4.8; http://mj12bot.com/)"
161.153.25.200 - - [25/Aug/2026:18:24:21 +0500] "GET /uz/officially-uzb/old-acts-uzb HTTP/1.1" 200 15996 "-" "Mozilla/5.0 (X11; Linux aarch64) AppleWebKit/537.36 (KHTML, like Gecko) Chrome/139.0.0.0 Safari/537.36"
216.73.216.32 - - [25/Aug/2026:18:24:29 +0500] "GET /index.php?r=m4y2s2t3i8c5e2t6i158 HTTP/1.1" 301 - "-" "Mozilla/5.0 AppleWebKit/537.36 (KHTML, like Gecko; compatible; ClaudeBot/1.0; +claudebot@anthropic.com)"
51.68.234.131 - - [25/Aug/2026:18:24:32 +0500] "GET /ru/jsc-docs-rus/384-the-audit-commission-doc HTTP/1.1" 200 54585 "-" "Mozilla/5.0 (compatible; MJ12bot/v1.4.8; http://mj12bot.com/)"
216.73.216.32 - - [25/Aug/2026:18:24:35 +0500] "GET /uz/?r=m4y2s2t3i8c5e2t6i158 HTTP/1.1" 200 68429 "http://eski.uzbekgidroenergoqurilish.uz/index.php?r=m4y2s2t3i8c5e2t6i158" "Mozilla/5.0 AppleWebKit/537.36 (KHTML, like Gecko; compatible; ClaudeBot/1.0; +claudebot@anthropic.com)"
216.73.216.32 - - [25/Aug/2026:18:24:41 +0500] "GET /index.php?r=s4u1t6u0r0e1d27190 HTTP/1.1" 301 - "-" "Mozilla/5.0 AppleWebKit/537.36 (KHTML, like Gecko; compatible; ClaudeBot/1.0; +claudebot@anthropic.com)"
51.68.234.131 - - [25/Aug/2026:18:24:42 +0500] "GET /ru/jsc-docs-rus/385-the-conflicts-of-interest HTTP/1.1" 200 54610 "-" "Mozilla/5.0 (compatible; MJ12bot/v1.4.8; http://mj12bot.com/)"
216.73.216.32 - - [25/Aug/2026:18:24:46 +0500] "GET /uz/?r=s4u1t6u0r0e1d27190 HTTP/1.1" 200 68427 "http://eski.uzbekgidroenergoqurilish.uz/index.php?r=s4u1t6u0r0e1d27190" "Mozilla/5.0 AppleWebKit/537.36 (KHTML, like Gecko; compatible; ClaudeBot/1.0; +claudebot@anthropic.com)"
216.73.216.32 - - [25/Aug/2026:18:24:50 +0500] "GET /index.php?r=a4m3r1i5t1a191768 HTTP/1.1" 301 - "-" "Mozilla/5.0 AppleWebKit/537.36 (KHTML, like Gecko; compatible; ClaudeBot/1.0; +claudebot@anthropic.com)"
216.73.216.32 - - [25/Aug/2026:18:24:55 +0500] "GET /uz/?r=a4m3r1i5t1a191768 HTTP/1.1" 200 68426 "http://eski.uzbekgidroenergoqurilish.uz/index.php?r=a4m3r1i5t1a191768" "Mozilla/5.0 AppleWebKit/537.36 (KHTML, like Gecko; compatible; ClaudeBot/1.0; +claudebot@anthropic.com)"
216.73.216.32 - - [25/Aug/2026:18:25:02 +0500] "GET /index.php?r=h4a6r5p2o0o6n8e7e6r8 HTTP/1.1" 301 - "-" "Mozilla/5.0 AppleWebKit/537.36 (KHTML, like Gecko; compatible; ClaudeBot/1.0; +claudebot@anthropic.com)"
216.73.216.32 - - [25/Aug/2026:18:25:06 +0500] "GET /uz/?r=h4a6r5p2o0o6n8e7e6r8 HTTP/1.1" 200 68429 "http://eski.uzbekgidroenergoqurilish.uz/index.php?r=h4a6r5p2o0o6n8e7e6r8" "Mozilla/5.0 AppleWebKit/537.36 (KHTML, like Gecko; compatible; ClaudeBot/1.0; +claudebot@anthropic.com)"
216.73.216.32 - - [25/Aug/2026:18:25:13 +0500] "GET /index.php?r=i4n3d4i0g1n295228 HTTP/1.1" 301 - "-" "Mozilla/5.0 AppleWebKit/537.36 (KHTML, like Gecko; compatible; ClaudeBot/1.0; +claudebot@anthropic.com)"
51.68.234.131 - - [25/Aug/2026:18:25:14 +0500] "GET /ru/jsc-docs-rus?template=yoo_master2&start=20 HTTP/1.1" 200 58768 "-" "Mozilla/5.0 (compatible; MJ12bot/v1.4.8; http://mj12bot.com/)"
216.73.216.32 - - [25/Aug/2026:18:25:17 +0500] "GET /uz/?r=i4n3d4i0g1n295228 HTTP/1.1" 200 68426 "http://eski.uzbekgidroenergoqurilish.uz/index.php?r=i4n3d4i0g1n295228" "Mozilla/5.0 AppleWebKit/537.36 (KHTML, like Gecko; compatible; ClaudeBot/1.0; +claudebot@anthropic.com)"
51.68.234.131 - - [25/Aug/2026:18:25:25 +0500] "GET /ru/officially-rus/arkhiv?template=yoo_master2 HTTP/1.1" 200 57338 "-" "Mozilla/5.0 (compatible; MJ12bot/v1.4.8; http://mj12bot.com/)"
216.73.216.32 - - [25/Aug/2026:18:25:51 +0500] "GET /index.php?r=c4o3l2u2g1o424040 HTTP/1.1" 301 - "-" "Mozilla/5.0 AppleWebKit/537.36 (KHTML, like Gecko; compatible; ClaudeBot/1.0; +claudebot@anthropic.com)"
216.73.216.32 - - [25/Aug/2026:18:25:55 +0500] "GET /uz/?r=c4o3l2u2g1o424040 HTTP/1.1" 200 68426 "http://eski.uzbekgidroenergoqurilish.uz/index.php?r=c4o3l2u2g1o424040" "Mozilla/5.0 AppleWebKit/537.36 (KHTML, like Gecko; compatible; ClaudeBot/1.0; +claudebot@anthropic.com)"
51.68.234.131 - - [25/Aug/2026:18:26:08 +0500] "GET /ru/officially-rus/tenders-rus?template=yoo_master2&start=4 HTTP/1.1" 200 61166 "-" "Mozilla/5.0 (compatible; MJ12bot/v1.4.8; http://mj12bot.com/)"
51.68.234.131 - - [25/Aug/2026:18:26:27 +0500] "GET /ru/prospectus-rus/17-russian/shareholders-rus/48-changes-rus HTTP/1.1" 200 60166 "-" "Mozilla/5.0 (compatible; MJ12bot/v1.4.8; http://mj12bot.com/)"
51.68.234.131 - - [25/Aug/2026:18:26:47 +0500] "GET /ru/prospectus-rus/17-russian/shareholders-rus?start=10 HTTP/1.1" 200 63421 "-" "Mozilla/5.0 (compatible; MJ12bot/v1.4.8; http://mj12bot.com/)"
96.125.146.227 - - [25/Aug/2026:18:26:57 +0500] "GET /images/design/ayuda.gif HTTP/1.1" 200 1761 "http://eski.uzbekgidroenergoqurilish.uz/uz/korp-upr-uzb/314-corp-upr-rating-2019" "Mozilla/5.0 (Macintosh; Intel Mac OS X 10_15_7) AppleWebKit/537.36 (KHTML, like Gecko) Chrome/131.0.0.0 Safari/537.36"
216.73.216.32 - - [25/Aug/2026:18:26:54 +0500] "GET /index.php?r=l4o3z3e0n0g7e3d9644 HTTP/1.1" 301 - "-" "Mozilla/5.0 AppleWebKit/537.36 (KHTML, like Gecko; compatible; ClaudeBot/1.0; +claudebot@anthropic.com)"
216.73.216.32 - - [25/Aug/2026:18:26:58 +0500] "GET /uz/?r=l4o3z3e0n0g7e3d9644 HTTP/1.1" 200 68428 "http://eski.uzbekgidroenergoqurilish.uz/index.php?r=l4o3z3e0n0g7e3d9644" "Mozilla/5.0 AppleWebKit/537.36 (KHTML, like Gecko; compatible; ClaudeBot/1.0; +claudebot@anthropic.com)"
216.73.216.32 - - [25/Aug/2026:18:27:05 +0500] "GET /index.php?r=p4a2r1a1m1e8n0t6185 HTTP/1.1" 301 - "-" "Mozilla/5.0 AppleWebKit/537.36 (KHTML, like Gecko; compatible; ClaudeBot/1.0; +claudebot@anthropic.com)"
216.73.216.32 - - [25/Aug/2026:18:27:10 +0500] "GET /uz/?r=p4a2r1a1m1e8n0t6185 HTTP/1.1" 200 68428 "http://eski.uzbekgidroenergoqurilish.uz/index.php?r=p4a2r1a1m1e8n0t6185" "Mozilla/5.0 AppleWebKit/537.36 (KHTML, like Gecko; compatible; ClaudeBot/1.0; +claudebot@anthropic.com)"
51.68.234.131 - - [25/Aug/2026:18:27:17 +0500] "GET /ru/prospectus-rus/17-russian/shareholders-rus?start=30 HTTP/1.1" 200 60659 "-" "Mozilla/5.0 (compatible; MJ12bot/v1.4.8; http://mj12bot.com/)"
51.68.234.131 - - [25/Aug/2026:18:27:37 +0500] "GET /ru/prospectus-rus/9-russian?start=50 HTTP/1.1" 508 288 "-" "Mozilla/5.0 (compatible; MJ12bot/v1.4.8; http://mj12bot.com/)"
34.171.68.95 - - [25/Aug/2026:18:27:34 +0500] "GET /uz/facts-uzb/279-08-fact-20-11-2019-ns HTTP/1.1" 200 57597 "-" "Mozilla/5.0 (Macintosh; Intel Mac OS X 10_15_7) AppleWebKit/537.36 (KHTML, like Gecko) Chrome/120.0.0.0 Safari/537.36"
216.73.216.32 - - [25/Aug/2026:18:27:41 +0500] "GET /index.php?r=i4n4t1u2m2e5s1c2e0n4t3 HTTP/1.1" 301 - "-" "Mozilla/5.0 AppleWebKit/537.36 (KHTML, like Gecko; compatible; ClaudeBot/1.0; +claudebot@anthropic.com)"
216.73.216.32 - - [25/Aug/2026:18:27:45 +0500] "GET /uz/?r=i4n4t1u2m2e5s1c2e0n4t3 HTTP/1.1" 200 68431 "http://eski.uzbekgidroenergoqurilish.uz/index.php?r=i4n4t1u2m2e5s1c2e0n4t3" "Mozilla/5.0 AppleWebKit/537.36 (KHTML, like Gecko; compatible; ClaudeBot/1.0; +claudebot@anthropic.com)"
51.68.234.131 - - [25/Aug/2026:18:27:46 +0500] "GET /ru/votes-rus/198-poll-07-06-17 HTTP/1.1" 200 55638 "-" "Mozilla/5.0 (compatible; MJ12bot/v1.4.8; http://mj12bot.com/)"
51.68.234.131 - - [25/Aug/2026:18:28:03 +0500] "GET /uz/?function=call_user_func_array&s=index/think%5C%5C%5C%5C%5C%5C%5C%5C%5C%5C%5C%5C%5C%5C%5C%5C%5C%5C%5C%5C%5C%5C%5C%5C%5C%5C%5C%5C%5C%5C%5C%5C%5C%5C%5C%5C%5C%5C%5C%5C%5C%5C%5C%5C%5C%5C%5C%5C%5C%5C%5C%5C%5C%5C%5C%5C%5C%5C%5C%5C%5C%5C%5C%5Capp/invokefunction&vars[0]=phpinfo&vars[1][0]=1&start=44 HTTP/1.1" 200 71579 "-" "Mozilla/5.0 (compatible; MJ12bot/v1.4.8; http://mj12bot.com/)"
216.73.216.32 - - [25/Aug/2026:18:28:16 +0500] "GET /index.php?r=m4y1r4i1a4p7o1d1a363 HTTP/1.1" 508 288 "-" "Mozilla/5.0 AppleWebKit/537.36 (KHTML, like Gecko; compatible; ClaudeBot/1.0; +claudebot@anthropic.com)"
51.68.234.131 - - [25/Aug/2026:18:28:14 +0500] "GET /uz/?function=call_user_func_array&s=index/think/app/invokefunction&vars[0]=phpinfo&vars[1][0]=1&start=20 HTTP/1.1" 200 68398 "-" "Mozilla/5.0 (compatible; MJ12bot/v1.4.8; http://mj12bot.com/)"
51.68.234.131 - - [25/Aug/2026:18:28:24 +0500] "GET /uz/?function=call_user_func_array&s=index/think/app/invokefunction&vars[0]=phpinfo&vars[1][0]=1&start=28 HTTP/1.1" 200 69530 "-" "Mozilla/5.0 (compatible; MJ12bot/v1.4.8; http://mj12bot.com/)"
216.73.216.32 - - [25/Aug/2026:18:28:27 +0500] "GET /index.php?r=q4u2i7n0i3b0l0e6055 HTTP/1.1" 301 - "-" "Mozilla/5.0 AppleWebKit/537.36 (KHTML, like Gecko; compatible; ClaudeBot/1.0; +claudebot@anthropic.com)"
216.73.216.32 - - [25/Aug/2026:18:28:30 +0500] "GET /uz/?r=q4u2i7n0i3b0l0e6055 HTTP/1.1" 200 68428 "http://eski.uzbekgidroenergoqurilish.uz/index.php?r=q4u2i7n0i3b0l0e6055" "Mozilla/5.0 AppleWebKit/537.36 (KHTML, like Gecko; compatible; ClaudeBot/1.0; +claudebot@anthropic.com)"
216.73.216.32 - - [25/Aug/2026:18:28:37 +0500] "GET /index.php?r=p4r1e9g4n8a2n9t8718 HTTP/1.1" 301 - "-" "Mozilla/5.0 AppleWebKit/537.36 (KHTML, like Gecko; compatible; ClaudeBot/1.0; +claudebot@anthropic.com)"
216.73.216.32 - - [25/Aug/2026:18:28:40 +0500] "GET /uz/?r=p4r1e9g4n8a2n9t8718 HTTP/1.1" 200 68428 "http://eski.uzbekgidroenergoqurilish.uz/index.php?r=p4r1e9g4n8a2n9t8718" "Mozilla/5.0 AppleWebKit/537.36 (KHTML, like Gecko; compatible; ClaudeBot/1.0; +claudebot@anthropic.com)"
51.68.234.131 - - [25/Aug/2026:18:28:42 +0500] "GET /uz/?v=1&start=24 HTTP/1.1" 200 67909 "-" "Mozilla/5.0 (compatible; MJ12bot/v1.4.8; http://mj12bot.com/)"
51.68.234.131 - - [25/Aug/2026:18:28:51 +0500] "GET /uz/?v=1&start=32 HTTP/1.1" 200 68221 "-" "Mozilla/5.0 (compatible; MJ12bot/v1.4.8; http://mj12bot.com/)"
216.73.216.32 - - [25/Aug/2026:18:28:55 +0500] "GET /index.php?r=h4e1u2r9i5s4t6i9c915 HTTP/1.1" 301 - "-" "Mozilla/5.0 AppleWebKit/537.36 (KHTML, like Gecko; compatible; ClaudeBot/1.0; +claudebot@anthropic.com)"
216.73.216.32 - - [25/Aug/2026:18:28:59 +0500] "GET /uz/?r=h4e1u2r9i5s4t6i9c915 HTTP/1.1" 200 68429 "http://eski.uzbekgidroenergoqurilish.uz/index.php?r=h4e1u2r9i5s4t6i9c915" "Mozilla/5.0 AppleWebKit/537.36 (KHTML, like Gecko; compatible; ClaudeBot/1.0; +claudebot@anthropic.com)"
51.68.234.131 - - [25/Aug/2026:18:29:00 +0500] "GET /uz/about-org-uzb/indexes-uzb/270-reports-2019-uzb HTTP/1.1" 200 58168 "-" "Mozilla/5.0 (compatible; MJ12bot/v1.4.8; http://mj12bot.com/)"
216.73.216.32 - - [25/Aug/2026:18:29:06 +0500] "GET /index.php?r=s4o5o6t4i6n2e0s0s47 HTTP/1.1" 301 - "-" "Mozilla/5.0 AppleWebKit/537.36 (KHTML, like Gecko; compatible; ClaudeBot/1.0; +claudebot@anthropic.com)"
51.68.234.131 - - [25/Aug/2026:18:29:07 +0500] "GET /uz/about-org-uzb/indexes-uzb/434-reports-2024-uzb HTTP/1.1" 200 58207 "-" "Mozilla/5.0 (compatible; MJ12bot/v1.4.8; http://mj12bot.com/)"
216.73.216.32 - - [25/Aug/2026:18:29:09 +0500] "GET /uz/?r=s4o5o6t4i6n2e0s0s47 HTTP/1.1" 200 68428 "http://eski.uzbekgidroenergoqurilish.uz/index.php?r=s4o5o6t4i6n2e0s0s47" "Mozilla/5.0 AppleWebKit/537.36 (KHTML, like Gecko; compatible; ClaudeBot/1.0; +claudebot@anthropic.com)"
216.73.216.32 - - [25/Aug/2026:18:29:17 +0500] "GET /index.php?r=a4c3e2t2o5n8u8r3i4a17 HTTP/1.1" 301 - "-" "Mozilla/5.0 AppleWebKit/537.36 (KHTML, like Gecko; compatible; ClaudeBot/1.0; +claudebot@anthropic.com)"
216.73.216.32 - - [25/Aug/2026:18:29:20 +0500] "GET /uz/?r=a4c3e2t2o5n8u8r3i4a17 HTTP/1.1" 200 68430 "http://eski.uzbekgidroenergoqurilish.uz/index.php?r=a4c3e2t2o5n8u8r3i4a17" "Mozilla/5.0 AppleWebKit/537.36 (KHTML, like Gecko; compatible; ClaudeBot/1.0; +claudebot@anthropic.com)"
51.68.234.131 - - [25/Aug/2026:18:29:23 +0500] "GET /uz/about-org-uzb/strategy-uzb/10-uzbek?start=10 HTTP/1.1" 200 65747 "-" "Mozilla/5.0 (compatible; MJ12bot/v1.4.8; http://mj12bot.com/)"
216.73.216.32 - - [25/Aug/2026:18:29:26 +0500] "GET /index.php?r=t4i1t7m7i5c7e03007 HTTP/1.1" 301 - "-" "Mozilla/5.0 AppleWebKit/537.36 (KHTML, like Gecko; compatible; ClaudeBot/1.0; +claudebot@anthropic.com)"
216.73.216.32 - - [25/Aug/2026:18:29:28 +0500] "GET /uz/?r=t4i1t7m7i5c7e03007 HTTP/1.1" 200 68427 "http://eski.uzbekgidroenergoqurilish.uz/index.php?r=t4i1t7m7i5c7e03007" "Mozilla/5.0 AppleWebKit/537.36 (KHTML, like Gecko; compatible; ClaudeBot/1.0; +claudebot@anthropic.com)"
51.68.234.131 - - [25/Aug/2026:18:29:29 +0500] "GET /uz/about-org-uzb/strategy-uzb/10-uzbek?start=40 HTTP/1.1" 200 66250 "-" "Mozilla/5.0 (compatible; MJ12bot/v1.4.8; http://mj12bot.com/)"
216.73.216.32 - - [25/Aug/2026:18:29:32 +0500] "GET /index.php?r=f4o1u8l9l2y580498 HTTP/1.1" 301 - "-" "Mozilla/5.0 AppleWebKit/537.36 (KHTML, like Gecko; compatible; ClaudeBot/1.0; +claudebot@anthropic.com)"
216.73.216.32 - - [25/Aug/2026:18:29:35 +0500] "GET /uz/?r=f4o1u8l9l2y580498 HTTP/1.1" 200 68398 "http://eski.uzbekgidroenergoqurilish.uz/index.php?r=f4o1u8l9l2y580498" "Mozilla/5.0 AppleWebKit/537.36 (KHTML, like Gecko; compatible; ClaudeBot/1.0; +claudebot@anthropic.com)"
216.73.216.32 - - [25/Aug/2026:18:29:43 +0500] "GET /index.php?r=s4c2l6e4r7o1b3a1s0i1c5 HTTP/1.1" 301 - "-" "Mozilla/5.0 AppleWebKit/537.36 (KHTML, like Gecko; compatible; ClaudeBot/1.0; +claudebot@anthropic.com)"
136.119.35.120 - - [25/Aug/2026:18:29:44 +0500] "GET /ru/news-rus/15-russian/officially-rus?start=4 HTTP/1.1" 200 59259 "-" "Mozilla/5.0 (Macintosh; Intel Mac OS X 10_15_7) AppleWebKit/537.36 (KHTML, like Gecko) Chrome/120.0.0.0 Safari/537.36"
216.73.216.32 - - [25/Aug/2026:18:29:45 +0500] "GET /uz/?r=s4c2l6e4r7o1b3a1s0i1c5 HTTP/1.1" 200 68403 "http://eski.uzbekgidroenergoqurilish.uz/index.php?r=s4c2l6e4r7o1b3a1s0i1c5" "Mozilla/5.0 AppleWebKit/537.36 (KHTML, like Gecko; compatible; ClaudeBot/1.0; +claudebot@anthropic.com)"
51.68.234.131 - - [25/Aug/2026:18:29:46 +0500] "GET /uz/about-org-uzb/strategy-uzb/10-uzbek?start=50 HTTP/1.1" 200 66515 "-" "Mozilla/5.0 (compatible; MJ12bot/v1.4.8; http://mj12bot.com/)"
216.73.216.32 - - [25/Aug/2026:18:29:56 +0500] "GET /index.php?r=p4r3e5s2e1n6t8i4a4l93 HTTP/1.1" 301 - "-" "Mozilla/5.0 AppleWebKit/537.36 (KHTML, like Gecko; compatible; ClaudeBot/1.0; +claudebot@anthropic.com)"
216.73.216.32 - - [25/Aug/2026:18:29:59 +0500] "GET /uz/?r=p4r3e5s2e1n6t8i4a4l93 HTTP/1.1" 200 68402 "http://eski.uzbekgidroenergoqurilish.uz/index.php?r=p4r3e5s2e1n6t8i4a4l93" "Mozilla/5.0 AppleWebKit/537.36 (KHTML, like Gecko; compatible; ClaudeBot/1.0; +claudebot@anthropic.com)"
51.68.234.131 - - [25/Aug/2026:18:30:01 +0500] "GET /uz/about-org-uzb/strategy-uzb/10-uzbek?start=60 HTTP/1.1" 200 66078 "-" "Mozilla/5.0 (compatible; MJ12bot/v1.4.8; http://mj12bot.com/)"
216.73.216.32 - - [25/Aug/2026:18:30:07 +0500] "GET /index.php?r=p4r2e7s7e3n5t9n0e8s4s9 HTTP/1.1" 301 - "-" "Mozilla/5.0 AppleWebKit/537.36 (KHTML, like Gecko; compatible; ClaudeBot/1.0; +claudebot@anthropic.com)"
216.73.216.32 - - [25/Aug/2026:18:30:11 +0500] "GET /uz/?r=p4r2e7s7e3n5t9n0e8s4s9 HTTP/1.1" 200 68403 "http://eski.uzbekgidroenergoqurilish.uz/index.php?r=p4r2e7s7e3n5t9n0e8s4s9" "Mozilla/5.0 AppleWebKit/537.36 (KHTML, like Gecko; compatible; ClaudeBot/1.0; +claudebot@anthropic.com)"
216.73.216.32 - - [25/Aug/2026:18:30:18 +0500] "GET /index.php?r=a4z7y6m7o0u4s2773 HTTP/1.1" 301 - "-" "Mozilla/5.0 AppleWebKit/537.36 (KHTML, like Gecko; compatible; ClaudeBot/1.0; +claudebot@anthropic.com)"
216.73.216.32 - - [25/Aug/2026:18:30:22 +0500] "GET /uz/?r=a4z7y6m7o0u4s2773 HTTP/1.1" 200 68398 "http://eski.uzbekgidroenergoqurilish.uz/index.php?r=a4z7y6m7o0u4s2773" "Mozilla/5.0 AppleWebKit/537.36 (KHTML, like Gecko; compatible; ClaudeBot/1.0; +claudebot@anthropic.com)"
51.68.234.131 - - [25/Aug/2026:18:30:21 +0500] "GET /uz/about-org-uzb/strategy-uzb/10-uzbek?start=70 HTTP/1.1" 200 65991 "-" "Mozilla/5.0 (compatible; MJ12bot/v1.4.8; http://mj12bot.com/)"
51.68.234.131 - - [25/Aug/2026:18:30:41 +0500] "GET /uz/about-org-uzb/strategy-uzb/12-uzbek/about-org-uzb/298-direction-30-04-2020-uzb HTTP/1.1" 200 60407 "-" "Mozilla/5.0 (compatible; MJ12bot/v1.4.8; http://mj12bot.com/)"
51.68.234.131 - - [25/Aug/2026:18:31:01 +0500] "GET /uz/about-org-uzb/strategy-uzb/12-uzbek/about-org-uzb/46-direction-uzb HTTP/1.1" 200 64695 "-" "Mozilla/5.0 (compatible; MJ12bot/v1.4.8; http://mj12bot.com/)"
216.73.216.32 - - [25/Aug/2026:18:31:14 +0500] "GET /index.php?r=p4u2r3i8f9i6c2a6t7i3on HTTP/1.1" 301 - "-" "Mozilla/5.0 AppleWebKit/537.36 (KHTML, like Gecko; compatible; ClaudeBot/1.0; +claudebot@anthropic.com)"
216.73.216.32 - - [25/Aug/2026:18:31:17 +0500] "GET /uz/?r=p4u2r3i8f9i6c2a6t7i3on HTTP/1.1" 200 68652 "http://eski.uzbekgidroenergoqurilish.uz/index.php?r=p4u2r3i8f9i6c2a6t7i3on" "Mozilla/5.0 AppleWebKit/537.36 (KHTML, like Gecko; compatible; ClaudeBot/1.0; +claudebot@anthropic.com)"
216.73.216.32 - - [25/Aug/2026:18:31:24 +0500] "GET /index.php?r=f4r3o2s3t1b4o3w3197 HTTP/1.1" 301 - "-" "Mozilla/5.0 AppleWebKit/537.36 (KHTML, like Gecko; compatible; ClaudeBot/1.0; +claudebot@anthropic.com)"
216.73.216.32 - - [25/Aug/2026:18:31:28 +0500] "GET /uz/?r=f4r3o2s3t1b4o3w3197 HTTP/1.1" 200 68400 "http://eski.uzbekgidroenergoqurilish.uz/index.php?r=f4r3o2s3t1b4o3w3197" "Mozilla/5.0 AppleWebKit/537.36 (KHTML, like Gecko; compatible; ClaudeBot/1.0; +claudebot@anthropic.com)"
51.68.234.131 - - [25/Aug/2026:18:31:28 +0500] "GET /uz/about-org-uzb/strategy-uzb/18-uzbek/shareholders-uzb?start=10 HTTP/1.1" 200 63145 "-" "Mozilla/5.0 (compatible; MJ12bot/v1.4.8; http://mj12bot.com/)"
216.73.216.32 - - [25/Aug/2026:18:31:35 +0500] "GET /index.php?r=m4i3s2s8u7g5g8e0s4t2i9on HTTP/1.1" 301 - "-" "Mozilla/5.0 AppleWebKit/537.36 (KHTML, like Gecko; compatible; ClaudeBot/1.0; +claudebot@anthropic.com)"
51.68.234.131 - - [25/Aug/2026:18:31:36 +0500] "GET /uz/about-org-uzb/strategy-uzb/18-uzbek/shareholders-uzb?start=20 HTTP/1.1" 200 61859 "-" "Mozilla/5.0 (compatible; MJ12bot/v1.4.8; http://mj12bot.com/)"
216.73.216.32 - - [25/Aug/2026:18:31:39 +0500] "GET /uz/?r=m4i3s2s8u7g5g8e0s4t2i9on HTTP/1.1" 200 68405 "http://eski.uzbekgidroenergoqurilish.uz/index.php?r=m4i3s2s8u7g5g8e0s4t2i9on" "Mozilla/5.0 AppleWebKit/537.36 (KHTML, like Gecko; compatible; ClaudeBot/1.0; +claudebot@anthropic.com)"
51.68.234.131 - - [25/Aug/2026:18:31:54 +0500] "GET /uz/about-org-uzb/strategy-uzb?start=10 HTTP/1.1" 200 59331 "-" "Mozilla/5.0 (compatible; MJ12bot/v1.4.8; http://mj12bot.com/)"
51.68.234.131 - - [25/Aug/2026:18:32:04 +0500] "GET /uz/audit-uzb/118-audit-2015-uzb HTTP/1.1" 200 56133 "-" "Mozilla/5.0 (compatible; MJ12bot/v1.4.8; http://mj12bot.com/)"
51.68.234.131 - - [25/Aug/2026:18:32:27 +0500] "GET /uz/audit-uzb/249-audit-2018-uzb HTTP/1.1" 200 56823 "-" "Mozilla/5.0 (compatible; MJ12bot/v1.4.8; http://mj12bot.com/)"
216.73.216.32 - - [25/Aug/2026:18:32:31 +0500] "GET /index.php?r=h4u6d4s8o8n2i1c4a90 HTTP/1.1" 301 - "-" "Mozilla/5.0 AppleWebKit/537.36 (KHTML, like Gecko; compatible; ClaudeBot/1.0; +claudebot@anthropic.com)"
216.73.216.32 - - [25/Aug/2026:18:32:34 +0500] "GET /uz/?r=h4u6d4s8o8n2i1c4a90 HTTP/1.1" 200 68400 "http://eski.uzbekgidroenergoqurilish.uz/index.php?r=h4u6d4s8o8n2i1c4a90" "Mozilla/5.0 AppleWebKit/537.36 (KHTML, like Gecko; compatible; ClaudeBot/1.0; +claudebot@anthropic.com)"
51.68.234.131 - - [25/Aug/2026:18:32:50 +0500] "GET /uz/audit-uzb/360-audit-2021-uzb HTTP/1.1" 200 55778 "-" "Mozilla/5.0 (compatible; MJ12bot/v1.4.8; http://mj12bot.com/)"
216.73.216.32 - - [25/Aug/2026:18:32:53 +0500] "GET /index.php?r=p4r6e1n9a4s6a9l620 HTTP/1.1" 301 - "-" "Mozilla/5.0 AppleWebKit/537.36 (KHTML, like Gecko; compatible; ClaudeBot/1.0; +claudebot@anthropic.com)"
216.73.216.32 - - [25/Aug/2026:18:32:56 +0500] "GET /index.php?r=h4o2g0g2e3r5p8i7p2e59 HTTP/1.1" 301 - "-" "Mozilla/5.0 AppleWebKit/537.36 (KHTML, like Gecko; compatible; ClaudeBot/1.0; +claudebot@anthropic.com)"
216.73.216.32 - - [25/Aug/2026:18:32:56 +0500] "GET /uz/?r=p4r6e1n9a4s6a9l620 HTTP/1.1" 200 68399 "http://eski.uzbekgidroenergoqurilish.uz/index.php?r=p4r6e1n9a4s6a9l620" "Mozilla/5.0 AppleWebKit/537.36 (KHTML, like Gecko; compatible; ClaudeBot/1.0; +claudebot@anthropic.com)"
216.73.216.32 - - [25/Aug/2026:18:33:00 +0500] "GET /uz/?r=h4o2g0g2e3r5p8i7p2e59 HTTP/1.1" 200 68402 "http://eski.uzbekgidroenergoqurilish.uz/index.php?r=h4o2g0g2e3r5p8i7p2e59" "Mozilla/5.0 AppleWebKit/537.36 (KHTML, like Gecko; compatible; ClaudeBot/1.0; +claudebot@anthropic.com)"
216.73.216.32 - - [25/Aug/2026:18:33:07 +0500] "GET /index.php?r=h4y1b4o4p3s7i0s0689 HTTP/1.1" 508 288 "-" "Mozilla/5.0 AppleWebKit/537.36 (KHTML, like Gecko; compatible; ClaudeBot/1.0; +claudebot@anthropic.com)"
216.73.216.32 - - [25/Aug/2026:18:33:18 +0500] "GET /index.php?r=c4i3v0i9l4i4t5i3e9s9 HTTP/1.1" 301 - "-" "Mozilla/5.0 AppleWebKit/537.36 (KHTML, like Gecko; compatible; ClaudeBot/1.0; +claudebot@anthropic.com)"
216.73.216.32 - - [25/Aug/2026:18:33:22 +0500] "GET /uz/?r=c4i3v0i9l4i4t5i3e9s9 HTTP/1.1" 200 68401 "http://eski.uzbekgidroenergoqurilish.uz/index.php?r=c4i3v0i9l4i4t5i3e9s9" "Mozilla/5.0 AppleWebKit/537.36 (KHTML, like Gecko; compatible; ClaudeBot/1.0; +claudebot@anthropic.com)"
216.73.216.32 - - [25/Aug/2026:18:33:54 +0500] "GET /index.php?r=u4n2i2v4e0r6s9o0l7o4g8ist HTTP/1.1" 301 - "-" "Mozilla/5.0 AppleWebKit/537.36 (KHTML, like Gecko; compatible; ClaudeBot/1.0; +claudebot@anthropic.com)"
51.75.119.173 - - [25/Aug/2026:18:33:58 +0500] "GET /robots.txt HTTP/1.1" 200 111 "-" "Mozilla/5.0 (compatible; MJ12bot/v1.4.8; http://mj12bot.com/)"
216.73.216.32 - - [25/Aug/2026:18:33:57 +0500] "GET /uz/?r=u4n2i2v4e0r6s9o0l7o4g8ist HTTP/1.1" 200 68406 "http://eski.uzbekgidroenergoqurilish.uz/index.php?r=u4n2i2v4e0r6s9o0l7o4g8ist" "Mozilla/5.0 AppleWebKit/537.36 (KHTML, like Gecko; compatible; ClaudeBot/1.0; +claudebot@anthropic.com)"
216.73.216.32 - - [25/Aug/2026:18:34:05 +0500] "GET /index.php?r=p4o1u9r7e8r307262 HTTP/1.1" 508 288 "-" "Mozilla/5.0 AppleWebKit/537.36 (KHTML, like Gecko; compatible; ClaudeBot/1.0; +claudebot@anthropic.com)"
51.75.119.173 - - [25/Aug/2026:18:34:02 +0500] "GET /ru/officially-rus/tenders-rus?template=yoo_master2&start=12 HTTP/1.1" 200 64089 "-" "Mozilla/5.0 (compatible; MJ12bot/v1.4.8; http://mj12bot.com/)"
51.75.119.173 - - [25/Aug/2026:18:34:11 +0500] "GET /ru/votes-rus/229-poll-24-04-2018 HTTP/1.1" 200 55412 "-" "Mozilla/5.0 (compatible; MJ12bot/v1.4.8; http://mj12bot.com/)"
216.73.216.32 - - [25/Aug/2026:18:34:16 +0500] "GET /index.php?r=m4o5l5u1r9u1s9345 HTTP/1.1" 301 - "-" "Mozilla/5.0 AppleWebKit/537.36 (KHTML, like Gecko; compatible; ClaudeBot/1.0; +claudebot@anthropic.com)"
216.73.216.32 - - [25/Aug/2026:18:34:19 +0500] "GET /uz/?r=m4o5l5u1r9u1s9345 HTTP/1.1" 200 68398 "http://eski.uzbekgidroenergoqurilish.uz/index.php?r=m4o5l5u1r9u1s9345" "Mozilla/5.0 AppleWebKit/537.36 (KHTML, like Gecko; compatible; ClaudeBot/1.0; +claudebot@anthropic.com)"
51.75.119.173 - - [25/Aug/2026:18:34:20 +0500] "GET /uz/?3x=3x&start=8 HTTP/1.1" 200 67604 "-" "Mozilla/5.0 (compatible; MJ12bot/v1.4.8; http://mj12bot.com/)"
51.75.119.173 - - [25/Aug/2026:18:34:28 +0500] "GET /uz/?%60=f3u1c5k1e6d9u9p0460&start=40 HTTP/1.1" 200 68820 "-" "Mozilla/5.0 (compatible; MJ12bot/v1.4.8; http://mj12bot.com/)"
51.75.119.173 - - [25/Aug/2026:18:34:34 +0500] "GET /uz/?%60=f3u1c5k1e6d9u9p0460&start=52 HTTP/1.1" 200 69066 "-" "Mozilla/5.0 (compatible; MJ12bot/v1.4.8; http://mj12bot.com/)"
51.75.119.173 - - [25/Aug/2026:18:34:40 +0500] "GET /uz/?%60=f3u1c5k1e6d9u9p0460&start=8 HTTP/1.1" 200 67621 "-" "Mozilla/5.0 (compatible; MJ12bot/v1.4.8; http://mj12bot.com/)"
51.75.119.173 - - [25/Aug/2026:18:34:53 +0500] "GET /uz/?%60=l3i1p7o6g2r9a5m1m6a4t0ic&start=36 HTTP/1.1" 200 69948 "-" "Mozilla/5.0 (compatible; MJ12bot/v1.4.8; http://mj12bot.com/)"
51.75.119.173 - - [25/Aug/2026:18:35:05 +0500] "GET /uz/?author=1&start=12 HTTP/1.1" 200 68568 "-" "Mozilla/5.0 (compatible; MJ12bot/v1.4.8; http://mj12bot.com/)"
51.75.119.173 - - [25/Aug/2026:18:35:18 +0500] "GET /uz/?author=1&start=36 HTTP/1.1" 200 69928 "-" "Mozilla/5.0 (compatible; MJ12bot/v1.4.8; http://mj12bot.com/)"
216.73.216.32 - - [25/Aug/2026:18:35:29 +0500] "GET /index.php?r=d4u1n0g2h8i9l6l1114 HTTP/1.1" 508 288 "-" "Mozilla/5.0 AppleWebKit/537.36 (KHTML, like Gecko; compatible; ClaudeBot/1.0; +claudebot@anthropic.com)"
51.75.119.173 - - [25/Aug/2026:18:35:25 +0500] "GET /uz/?author=1&start=4 HTTP/1.1" 200 68009 "-" "Mozilla/5.0 (compatible; MJ12bot/v1.4.8; http://mj12bot.com/)"
51.75.119.173 - - [25/Aug/2026:18:35:34 +0500] "GET /uz/?author=1&start=44 HTTP/1.1" 200 71292 "-" "Mozilla/5.0 (compatible; MJ12bot/v1.4.8; http://mj12bot.com/)"
216.73.216.32 - - [25/Aug/2026:18:35:40 +0500] "GET /index.php?r=b4l2a5m7e1w3o4r1t5h0i9ness HTTP/1.1" 301 - "-" "Mozilla/5.0 AppleWebKit/537.36 (KHTML, like Gecko; compatible; ClaudeBot/1.0; +claudebot@anthropic.com)"
51.75.119.173 - - [25/Aug/2026:18:35:41 +0500] "GET /uz/?author=1&start=48 HTTP/1.1" 200 68747 "-" "Mozilla/5.0 (compatible; MJ12bot/v1.4.8; http://mj12bot.com/)"
216.73.216.32 - - [25/Aug/2026:18:35:44 +0500] "GET /uz/?r=b4l2a5m7e1w3o4r1t5h0i9ness HTTP/1.1" 200 68406 "http://eski.uzbekgidroenergoqurilish.uz/index.php?r=b4l2a5m7e1w3o4r1t5h0i9ness" "Mozilla/5.0 AppleWebKit/537.36 (KHTML, like Gecko; compatible; ClaudeBot/1.0; +claudebot@anthropic.com)"
51.75.119.173 - - [25/Aug/2026:18:35:51 +0500] "GET /uz/?author=1&start=8 HTTP/1.1" 200 67606 "-" "Mozilla/5.0 (compatible; MJ12bot/v1.4.8; http://mj12bot.com/)"
216.73.216.32 - - [25/Aug/2026:18:36:00 +0500] "GET /index.php?r=c4o2r5p9u5l8e7n3c0y88 HTTP/1.1" 508 288 "-" "Mozilla/5.0 AppleWebKit/537.36 (KHTML, like Gecko; compatible; ClaudeBot/1.0; +claudebot@anthropic.com)"
216.73.216.32 - - [25/Aug/2026:18:36:11 +0500] "GET /index.php?r=i4s3o0c5h6e5i3m4275 HTTP/1.1" 301 - "-" "Mozilla/5.0 AppleWebKit/537.36 (KHTML, like Gecko; compatible; ClaudeBot/1.0; +claudebot@anthropic.com)"
216.73.216.32 - - [25/Aug/2026:18:36:15 +0500] "GET /uz/?r=i4s3o0c5h6e5i3m4275 HTTP/1.1" 508 288 "http://eski.uzbekgidroenergoqurilish.uz/index.php?r=i4s3o0c5h6e5i3m4275" "Mozilla/5.0 AppleWebKit/537.36 (KHTML, like Gecko; compatible; ClaudeBot/1.0; +claudebot@anthropic.com)"
51.75.119.173 - - [25/Aug/2026:18:36:17 +0500] "GET /uz/?function=call_user_func_array&s=index/think%5C%5C%5C%5C%5C%5C%5C%5C%5C%5C%5C%5C%5C%5C%5C%5Capp/invokefunction&vars[0]=phpinfo&vars[1][0]=1&start=44 HTTP/1.1" 508 288 "-" "Mozilla/5.0 (compatible; MJ12bot/v1.4.8; http://mj12bot.com/)"
51.75.119.173 - - [25/Aug/2026:18:36:20 +0500] "GET /uz/?r=d4a2u6p2h5i7n94338 HTTP/1.1" 508 288 "-" "Mozilla/5.0 (compatible; MJ12bot/v1.4.8; http://mj12bot.com/)"
216.73.216.32 - - [25/Aug/2026:18:36:22 +0500] "GET /index.php?r=c4a7p4r6i8c4o5r0n2 HTTP/1.1" 301 - "-" "Mozilla/5.0 AppleWebKit/537.36 (KHTML, like Gecko; compatible; ClaudeBot/1.0; +claudebot@anthropic.com)"
51.75.119.173 - - [25/Aug/2026:18:36:23 +0500] "GET /uz/?r=d4a2u6p2h5i7n94338&format=feed&type=atom HTTP/1.1" 200 9180 "-" "Mozilla/5.0 (compatible; MJ12bot/v1.4.8; http://mj12bot.com/)"
216.73.216.32 - - [25/Aug/2026:18:36:26 +0500] "GET /uz/?r=c4a7p4r6i8c4o5r0n2 HTTP/1.1" 200 68398 "http://eski.uzbekgidroenergoqurilish.uz/index.php?r=c4a7p4r6i8c4o5r0n2" "Mozilla/5.0 AppleWebKit/537.36 (KHTML, like Gecko; compatible; ClaudeBot/1.0; +claudebot@anthropic.com)"
216.73.216.32 - - [25/Aug/2026:18:36:33 +0500] "GET /index.php?r=b4e4f1i9t0t7i8n7g5l9y8 HTTP/1.1" 508 288 "-" "Mozilla/5.0 AppleWebKit/537.36 (KHTML, like Gecko; compatible; ClaudeBot/1.0; +claudebot@anthropic.com)"
51.75.119.173 - - [25/Aug/2026:18:36:35 +0500] "GET /uz/?r=d4a2u6p2h5i7n94338&start=36 HTTP/1.1" 200 69940 "-" "Mozilla/5.0 (compatible; MJ12bot/v1.4.8; http://mj12bot.com/)"
216.73.216.32 - - [25/Aug/2026:18:36:44 +0500] "GET /index.php?r=s4u3b2t3r4i1p2l2e632 HTTP/1.1" 301 - "-" "Mozilla/5.0 AppleWebKit/537.36 (KHTML, like Gecko; compatible; ClaudeBot/1.0; +claudebot@anthropic.com)"
216.73.216.32 - - [25/Aug/2026:18:36:49 +0500] "GET /uz/?r=s4u3b2t3r4i1p2l2e632 HTTP/1.1" 200 68400 "http://eski.uzbekgidroenergoqurilish.uz/index.php?r=s4u3b2t3r4i1p2l2e632" "Mozilla/5.0 AppleWebKit/537.36 (KHTML, like Gecko; compatible; ClaudeBot/1.0; +claudebot@anthropic.com)"
51.75.119.173 - - [25/Aug/2026:18:36:51 +0500] "GET /uz/?r=d4a2u6p2h5i7n94338&start=40 HTTP/1.1" 200 68817 "-" "Mozilla/5.0 (compatible; MJ12bot/v1.4.8; http://mj12bot.com/)"
216.73.216.32 - - [25/Aug/2026:18:36:55 +0500] "GET /index.php?r=c4h1a8s1t5i0s1i6n7g74 HTTP/1.1" 301 - "-" "Mozilla/5.0 AppleWebKit/537.36 (KHTML, like Gecko; compatible; ClaudeBot/1.0; +claudebot@anthropic.com)"
216.73.216.32 - - [25/Aug/2026:18:37:00 +0500] "GET /uz/?r=c4h1a8s1t5i0s1i6n7g74 HTTP/1.1" 200 68401 "http://eski.uzbekgidroenergoqurilish.uz/index.php?r=c4h1a8s1t5i0s1i6n7g74" "Mozilla/5.0 AppleWebKit/537.36 (KHTML, like Gecko; compatible; ClaudeBot/1.0; +claudebot@anthropic.com)"
34.30.223.149 - - [25/Aug/2026:18:37:08 +0500] "GET /ru/invest-rus?template=accessibility HTTP/1.1" 200 25446 "-" "Mozilla/5.0 (Macintosh; Intel Mac OS X 10_15_7) AppleWebKit/537.36 (KHTML, like Gecko) Chrome/120.0.0.0 Safari/537.36"
51.75.119.173 - - [25/Aug/2026:18:37:12 +0500] "GET /uz/?r=d4a2u6p2h5i7n94338&start=44 HTTP/1.1" 200 71304 "-" "Mozilla/5.0 (compatible; MJ12bot/v1.4.8; http://mj12bot.com/)"
51.75.119.173 - - [25/Aug/2026:18:37:29 +0500] "GET /uz/?r=d4a2u6p2h5i7n94338&start=48 HTTP/1.1" 200 68759 "-" "Mozilla/5.0 (compatible; MJ12bot/v1.4.8; http://mj12bot.com/)"
216.73.216.32 - - [25/Aug/2026:18:37:36 +0500] "GET /index.php?r=c4a2l7c2i5n8i1n9g810 HTTP/1.1" 301 - "-" "Mozilla/5.0 AppleWebKit/537.36 (KHTML, like Gecko; compatible; ClaudeBot/1.0; +claudebot@anthropic.com)"
216.73.216.32 - - [25/Aug/2026:18:37:40 +0500] "GET /uz/?r=c4a2l7c2i5n8i1n9g810 HTTP/1.1" 200 68400 "http://eski.uzbekgidroenergoqurilish.uz/index.php?r=c4a2l7c2i5n8i1n9g810" "Mozilla/5.0 AppleWebKit/537.36 (KHTML, like Gecko; compatible; ClaudeBot/1.0; +claudebot@anthropic.com)"
216.73.216.32 - - [25/Aug/2026:18:37:48 +0500] "GET /index.php?r=s4c2u1t6e4l8l2a9t9u2s8 HTTP/1.1" 301 - "-" "Mozilla/5.0 AppleWebKit/537.36 (KHTML, like Gecko; compatible; ClaudeBot/1.0; +claudebot@anthropic.com)"
216.73.216.32 - - [25/Aug/2026:18:37:52 +0500] "GET /uz/?r=s4c2u1t6e4l8l2a9t9u2s8 HTTP/1.1" 508 288 "http://eski.uzbekgidroenergoqurilish.uz/index.php?r=s4c2u1t6e4l8l2a9t9u2s8" "Mozilla/5.0 AppleWebKit/537.36 (KHTML, like Gecko; compatible; ClaudeBot/1.0; +claudebot@anthropic.com)"
51.75.119.173 - - [25/Aug/2026:18:37:49 +0500] "GET /uz/?r=d4a2u6p2h5i7n94338&start=52 HTTP/1.1" 200 69063 "-" "Mozilla/5.0 (compatible; MJ12bot/v1.4.8; http://mj12bot.com/)"
216.73.216.32 - - [25/Aug/2026:18:38:00 +0500] "GET /index.php?r=a4l1e2u6r1o6m6e1t2e4r5 HTTP/1.1" 301 - "-" "Mozilla/5.0 AppleWebKit/537.36 (KHTML, like Gecko; compatible; ClaudeBot/1.0; +claudebot@anthropic.com)"
51.75.119.173 - - [25/Aug/2026:18:38:07 +0500] "GET /uz/?r=e4d2u9c8a4t8i3o6n6a3l9ist HTTP/1.1" 508 288 "-" "Mozilla/5.0 (compatible; MJ12bot/v1.4.8; http://mj12bot.com/)"
216.73.216.32 - - [25/Aug/2026:18:38:04 +0500] "GET /uz/?r=a4l1e2u6r1o6m6e1t2e4r5 HTTP/1.1" 200 68402 "http://eski.uzbekgidroenergoqurilish.uz/index.php?r=a4l1e2u6r1o6m6e1t2e4r5" "Mozilla/5.0 AppleWebKit/537.36 (KHTML, like Gecko; compatible; ClaudeBot/1.0; +claudebot@anthropic.com)"
51.75.119.173 - - [25/Aug/2026:18:38:10 +0500] "GET /uz/?r=e4d2u9c8a4t8i3o6n6a3l9ist&format=feed&type=atom HTTP/1.1" 200 9187 "-" "Mozilla/5.0 (compatible; MJ12bot/v1.4.8; http://mj12bot.com/)"
216.73.216.32 - - [25/Aug/2026:18:38:19 +0500] "GET /index.php?r=p4o2l3i4s3h2m0e0n6t49 HTTP/1.1" 301 - "-" "Mozilla/5.0 AppleWebKit/537.36 (KHTML, like Gecko; compatible; ClaudeBot/1.0; +claudebot@anthropic.com)"
216.73.216.32 - - [25/Aug/2026:18:38:24 +0500] "GET /uz/?r=p4o2l3i4s3h2m0e0n6t49 HTTP/1.1" 508 288 "http://eski.uzbekgidroenergoqurilish.uz/index.php?r=p4o2l3i4s3h2m0e0n6t49" "Mozilla/5.0 AppleWebKit/537.36 (KHTML, like Gecko; compatible; ClaudeBot/1.0; +claudebot@anthropic.com)"
51.75.119.173 - - [25/Aug/2026:18:38:19 +0500] "GET /uz/?r=e4d2u9c8a4t8i3o6n6a3l9ist&format=feed&type=rss HTTP/1.1" 200 5997 "-" "Mozilla/5.0 (compatible; MJ12bot/v1.4.8; http://mj12bot.com/)"
51.75.119.173 - - [25/Aug/2026:18:38:29 +0500] "GET /uz/?r=e4d2u9c8a4t8i3o6n6a3l9ist&start=32 HTTP/1.1" 200 68244 "-" "Mozilla/5.0 (compatible; MJ12bot/v1.4.8; http://mj12bot.com/)"
216.73.216.32 - - [25/Aug/2026:18:38:30 +0500] "GET /index.php?r=f4o4r2e6k7n9o1w0e1r69 HTTP/1.1" 301 - "-" "Mozilla/5.0 AppleWebKit/537.36 (KHTML, like Gecko; compatible; ClaudeBot/1.0; +claudebot@anthropic.com)"
216.73.216.32 - - [25/Aug/2026:18:38:35 +0500] "GET /uz/?r=f4o4r2e6k7n9o1w0e1r69 HTTP/1.1" 200 68401 "http://eski.uzbekgidroenergoqurilish.uz/index.php?r=f4o4r2e6k7n9o1w0e1r69" "Mozilla/5.0 AppleWebKit/537.36 (KHTML, like Gecko; compatible; ClaudeBot/1.0; +claudebot@anthropic.com)"
51.75.119.173 - - [25/Aug/2026:18:38:38 +0500] "GET /uz/?r=e4d2u9c8a4t8i3o6n6a3l9ist&start=36 HTTP/1.1" 200 69947 "-" "Mozilla/5.0 (compatible; MJ12bot/v1.4.8; http://mj12bot.com/)"
51.75.119.173 - - [25/Aug/2026:18:38:47 +0500] "GET /uz/?r=e4d2u9c8a4t8i3o6n6a3l9ist&start=40 HTTP/1.1" 200 68824 "-" "Mozilla/5.0 (compatible; MJ12bot/v1.4.8; http://mj12bot.com/)"
51.75.119.173 - - [25/Aug/2026:18:38:57 +0500] "GET /uz/?r=e4d2u9c8a4t8i3o6n6a3l9ist&start=52 HTTP/1.1" 200 69070 "-" "Mozilla/5.0 (compatible; MJ12bot/v1.4.8; http://mj12bot.com/)"
216.73.216.32 - - [25/Aug/2026:18:39:00 +0500] "GET /index.php?r=j4u1d2i1c5i9o2u4s9n1e8ss HTTP/1.1" 301 - "-" "Mozilla/5.0 AppleWebKit/537.36 (KHTML, like Gecko; compatible; ClaudeBot/1.0; +claudebot@anthropic.com)"
216.73.216.32 - - [25/Aug/2026:18:39:04 +0500] "GET /uz/?r=j4u1d2i1c5i9o2u4s9n1e8ss HTTP/1.1" 200 68404 "http://eski.uzbekgidroenergoqurilish.uz/index.php?r=j4u1d2i1c5i9o2u4s9n1e8ss" "Mozilla/5.0 AppleWebKit/537.36 (KHTML, like Gecko; compatible; ClaudeBot/1.0; +claudebot@anthropic.com)"
216.73.216.32 - - [25/Aug/2026:18:39:11 +0500] "GET /index.php?r=o4b1l8a9t9r8a0t2i0o3n HTTP/1.1" 301 - "-" "Mozilla/5.0 AppleWebKit/537.36 (KHTML, like Gecko; compatible; ClaudeBot/1.0; +claudebot@anthropic.com)"
216.73.216.32 - - [25/Aug/2026:18:39:16 +0500] "GET /uz/?r=o4b1l8a9t9r8a0t2i0o3n HTTP/1.1" 200 68401 "http://eski.uzbekgidroenergoqurilish.uz/index.php?r=o4b1l8a9t9r8a0t2i0o3n" "Mozilla/5.0 AppleWebKit/537.36 (KHTML, like Gecko; compatible; ClaudeBot/1.0; +claudebot@anthropic.com)"
51.75.119.173 - - [25/Aug/2026:18:39:17 +0500] "GET /uz/?r=e4x1t3r3o2v6e2r4t0e6d9&format=feed&type=atom HTTP/1.1" 200 9184 "-" "Mozilla/5.0 (compatible; MJ12bot/v1.4.8; http://mj12bot.com/)"
216.73.216.32 - - [25/Aug/2026:18:39:30 +0500] "GET /index.php?r=u4n2c9o2n9t0i6n7e7n4t2 HTTP/1.1" 301 - "-" "Mozilla/5.0 AppleWebKit/537.36 (KHTML, like Gecko; compatible; ClaudeBot/1.0; +claudebot@anthropic.com)"
51.75.119.173 - - [25/Aug/2026:18:39:30 +0500] "GET /uz/?r=e4x1t3r3o2v6e2r4t0e6d9&format=feed&type=rss HTTP/1.1" 200 5994 "-" "Mozilla/5.0 (compatible; MJ12bot/v1.4.8; http://mj12bot.com/)"
216.73.216.32 - - [25/Aug/2026:18:39:35 +0500] "GET /uz/?r=u4n2c9o2n9t0i6n7e7n4t2 HTTP/1.1" 200 68402 "http://eski.uzbekgidroenergoqurilish.uz/index.php?r=u4n2c9o2n9t0i6n7e7n4t2" "Mozilla/5.0 AppleWebKit/537.36 (KHTML, like Gecko; compatible; ClaudeBot/1.0; +claudebot@anthropic.com)"
216.73.216.32 - - [25/Aug/2026:18:39:42 +0500] "GET /index.php?r=s4u7r0p1a8s3s3i3n0gly HTTP/1.1" 301 - "-" "Mozilla/5.0 AppleWebKit/537.36 (KHTML, like Gecko; compatible; ClaudeBot/1.0; +claudebot@anthropic.com)"
216.73.216.32 - - [25/Aug/2026:18:39:48 +0500] "GET /uz/?r=s4u7r0p1a8s3s3i3n0gly HTTP/1.1" 508 288 "http://eski.uzbekgidroenergoqurilish.uz/index.php?r=s4u7r0p1a8s3s3i3n0gly" "Mozilla/5.0 AppleWebKit/537.36 (KHTML, like Gecko; compatible; ClaudeBot/1.0; +claudebot@anthropic.com)"
34.56.53.225 - - [25/Aug/2026:18:39:52 +0500] "GET /media/aridocsviewer/pdfjs/web/viewer.html?file=http://www.eski.uzbekgidroenergoqurilish.uz/docs/2019/bayon-25.04.2019-ej.pdf HTTP/1.1" 200 19712 "-" "Mozilla/5.0 (Macintosh; Intel Mac OS X 10_15_7) AppleWebKit/537.36 (KHTML, like Gecko) Chrome/120.0.0.0 Safari/537.36"
51.75.119.173 - - [25/Aug/2026:18:39:48 +0500] "GET /uz/?r=e4x1t3r3o2v6e2r4t0e6d9&start=12 HTTP/1.1" 200 68584 "-" "Mozilla/5.0 (compatible; MJ12bot/v1.4.8; http://mj12bot.com/)"
216.73.216.32 - - [25/Aug/2026:18:39:53 +0500] "GET /index.php?r=i4s1u1r0e4t1i7n5e342 HTTP/1.1" 301 - "-" "Mozilla/5.0 AppleWebKit/537.36 (KHTML, like Gecko; compatible; ClaudeBot/1.0; +claudebot@anthropic.com)"
216.73.216.32 - - [25/Aug/2026:18:39:58 +0500] "GET /uz/?r=i4s1u1r0e4t1i7n5e342 HTTP/1.1" 200 68400 "http://eski.uzbekgidroenergoqurilish.uz/index.php?r=i4s1u1r0e4t1i7n5e342" "Mozilla/5.0 AppleWebKit/537.36 (KHTML, like Gecko; compatible; ClaudeBot/1.0; +claudebot@anthropic.com)"
51.75.119.173 - - [25/Aug/2026:18:40:02 +0500] "GET /uz/?r=e4x1t3r3o2v6e2r4t0e6d9&start=16 HTTP/1.1" 200 67945 "-" "Mozilla/5.0 (compatible; MJ12bot/v1.4.8; http://mj12bot.com/)"
51.75.119.173 - - [25/Aug/2026:18:40:20 +0500] "GET /uz/?r=e4x1t3r3o2v6e2r4t0e6d9&start=20 HTTP/1.1" 200 68450 "-" "Mozilla/5.0 (compatible; MJ12bot/v1.4.8; http://mj12bot.com/)"
216.73.216.32 - - [25/Aug/2026:18:40:30 +0500] "GET /index.php?r=a4p1p6r1e0n6t5i8c8e3h5ood HTTP/1.1" 301 - "-" "Mozilla/5.0 AppleWebKit/537.36 (KHTML, like Gecko; compatible; ClaudeBot/1.0; +claudebot@anthropic.com)"
216.73.216.32 - - [25/Aug/2026:18:40:34 +0500] "GET /uz/?r=a4p1p6r1e0n6t5i8c8e3h5ood HTTP/1.1" 200 68405 "http://eski.uzbekgidroenergoqurilish.uz/index.php?r=a4p1p6r1e0n6t5i8c8e3h5ood" "Mozilla/5.0 AppleWebKit/537.36 (KHTML, like Gecko; compatible; ClaudeBot/1.0; +claudebot@anthropic.com)"
51.75.119.173 - - [25/Aug/2026:18:40:36 +0500] "GET /uz/?r=e4x1t3r3o2v6e2r4t0e6d9&start=28 HTTP/1.1" 200 69450 "-" "Mozilla/5.0 (compatible; MJ12bot/v1.4.8; http://mj12bot.com/)"
216.73.216.32 - - [25/Aug/2026:18:40:41 +0500] "GET /index.php?r=p4l1a9i4n9s5p1o0k8e1n7 HTTP/1.1" 301 - "-" "Mozilla/5.0 AppleWebKit/537.36 (KHTML, like Gecko; compatible; ClaudeBot/1.0; +claudebot@anthropic.com)"
216.73.216.32 - - [25/Aug/2026:18:40:44 +0500] "GET /uz/?r=p4l1a9i4n9s5p1o0k8e1n7 HTTP/1.1" 200 68402 "http://eski.uzbekgidroenergoqurilish.uz/index.php?r=p4l1a9i4n9s5p1o0k8e1n7" "Mozilla/5.0 AppleWebKit/537.36 (KHTML, like Gecko; compatible; ClaudeBot/1.0; +claudebot@anthropic.com)"
51.75.119.173 - - [25/Aug/2026:18:40:51 +0500] "GET /uz/?r=e4x1t3r3o2v6e2r4t0e6d9&start=32 HTTP/1.1" 200 68241 "-" "Mozilla/5.0 (compatible; MJ12bot/v1.4.8; http://mj12bot.com/)"
216.73.216.32 - - [25/Aug/2026:18:40:51 +0500] "GET /index.php?r=h4a1l4m5a4t4u1r7u4s10 HTTP/1.1" 301 - "-" "Mozilla/5.0 AppleWebKit/537.36 (KHTML, like Gecko; compatible; ClaudeBot/1.0; +claudebot@anthropic.com)"
216.73.216.32 - - [25/Aug/2026:18:40:55 +0500] "GET /uz/?r=h4a1l4m5a4t4u1r7u4s10 HTTP/1.1" 200 68401 "http://eski.uzbekgidroenergoqurilish.uz/index.php?r=h4a1l4m5a4t4u1r7u4s10" "Mozilla/5.0 AppleWebKit/537.36 (KHTML, like Gecko; compatible; ClaudeBot/1.0; +claudebot@anthropic.com)"
216.73.216.32 - - [25/Aug/2026:18:41:02 +0500] "GET /index.php?r=p4o1l2y1p8t0e5r3o6i6d4ei HTTP/1.1" 301 - "-" "Mozilla/5.0 AppleWebKit/537.36 (KHTML, like Gecko; compatible; ClaudeBot/1.0; +claudebot@anthropic.com)"
51.75.119.173 - - [25/Aug/2026:18:41:05 +0500] "GET /uz/?r=e4x1t3r3o2v6e2r4t0e6d9&start=36 HTTP/1.1" 200 69944 "-" "Mozilla/5.0 (compatible; MJ12bot/v1.4.8; http://mj12bot.com/)"
216.73.216.32 - - [25/Aug/2026:18:41:06 +0500] "GET /uz/?r=p4o1l2y1p8t0e5r3o6i6d4ei HTTP/1.1" 200 68404 "http://eski.uzbekgidroenergoqurilish.uz/index.php?r=p4o1l2y1p8t0e5r3o6i6d4ei" "Mozilla/5.0 AppleWebKit/537.36 (KHTML, like Gecko; compatible; ClaudeBot/1.0; +claudebot@anthropic.com)"
216.73.216.32 - - [25/Aug/2026:18:41:14 +0500] "GET /index.php?r=t4u2r7f5i3n9g71980 HTTP/1.1" 301 - "-" "Mozilla/5.0 AppleWebKit/537.36 (KHTML, like Gecko; compatible; ClaudeBot/1.0; +claudebot@anthropic.com)"
216.73.216.32 - - [25/Aug/2026:18:41:17 +0500] "GET /uz/?r=t4u2r7f5i3n9g71980 HTTP/1.1" 200 68398 "http://eski.uzbekgidroenergoqurilish.uz/index.php?r=t4u2r7f5i3n9g71980" "Mozilla/5.0 AppleWebKit/537.36 (KHTML, like Gecko; compatible; ClaudeBot/1.0; +claudebot@anthropic.com)"
51.75.119.173 - - [25/Aug/2026:18:41:24 +0500] "GET /uz/?r=e4x1t3r3o2v6e2r4t0e6d9&start=52 HTTP/1.1" 200 69264 "-" "Mozilla/5.0 (compatible; MJ12bot/v1.4.8; http://mj12bot.com/)"
216.73.216.32 - - [25/Aug/2026:18:41:25 +0500] "GET /index.php?r=m4a1h5o3o0h4o1o2309 HTTP/1.1" 301 - "-" "Mozilla/5.0 AppleWebKit/537.36 (KHTML, like Gecko; compatible; ClaudeBot/1.0; +claudebot@anthropic.com)"
216.73.216.32 - - [25/Aug/2026:18:41:27 +0500] "GET /uz/?r=m4a1h5o3o0h4o1o2309 HTTP/1.1" 200 68399 "http://eski.uzbekgidroenergoqurilish.uz/index.php?r=m4a1h5o3o0h4o1o2309" "Mozilla/5.0 AppleWebKit/537.36 (KHTML, like Gecko; compatible; ClaudeBot/1.0; +claudebot@anthropic.com)"
216.73.216.32 - - [25/Aug/2026:18:41:36 +0500] "GET /index.php?r=p4i1k5e6d6e3v5a1n8t35 HTTP/1.1" 301 - "-" "Mozilla/5.0 AppleWebKit/537.36 (KHTML, like Gecko; compatible; ClaudeBot/1.0; +claudebot@anthropic.com)"
51.75.119.173 - - [25/Aug/2026:18:41:37 +0500] "GET /uz/?r=e9x3t7r6e3m2i3t7y235 HTTP/1.1" 200 68428 "-" "Mozilla/5.0 (compatible; MJ12bot/v1.4.8; http://mj12bot.com/)"
216.73.216.32 - - [25/Aug/2026:18:41:38 +0500] "GET /uz/?r=p4i1k5e6d6e3v5a1n8t35 HTTP/1.1" 200 68401 "http://eski.uzbekgidroenergoqurilish.uz/index.php?r=p4i1k5e6d6e3v5a1n8t35" "Mozilla/5.0 AppleWebKit/537.36 (KHTML, like Gecko; compatible; ClaudeBot/1.0; +claudebot@anthropic.com)"
216.73.216.32 - - [25/Aug/2026:18:41:45 +0500] "GET /index.php?r=c4o3m7m6e5n4d1a7t7o1r8y HTTP/1.1" 301 - "-" "Mozilla/5.0 AppleWebKit/537.36 (KHTML, like Gecko; compatible; ClaudeBot/1.0; +claudebot@anthropic.com)"
216.73.216.32 - - [25/Aug/2026:18:41:48 +0500] "GET /uz/?r=c4o3m7m6e5n4d1a7t7o1r8y HTTP/1.1" 200 68403 "http://eski.uzbekgidroenergoqurilish.uz/index.php?r=c4o3m7m6e5n4d1a7t7o1r8y" "Mozilla/5.0 AppleWebKit/537.36 (KHTML, like Gecko; compatible; ClaudeBot/1.0; +claudebot@anthropic.com)"
51.75.119.173 - - [25/Aug/2026:18:41:51 +0500] "GET /uz/?r=e9x3t7r6e3m2i3t7y235&format=feed&type=atom HTTP/1.1" 200 9182 "-" "Mozilla/5.0 (compatible; MJ12bot/v1.4.8; http://mj12bot.com/)"
216.73.216.32 - - [25/Aug/2026:18:41:56 +0500] "GET /index.php?r=s4h1u3t5t1e9r1e4d303 HTTP/1.1" 301 - "-" "Mozilla/5.0 AppleWebKit/537.36 (KHTML, like Gecko; compatible; ClaudeBot/1.0; +claudebot@anthropic.com)"
216.73.216.32 - - [25/Aug/2026:18:42:01 +0500] "GET /uz/?r=s4h1u3t5t1e9r1e4d303 HTTP/1.1" 200 68400 "http://eski.uzbekgidroenergoqurilish.uz/index.php?r=s4h1u3t5t1e9r1e4d303" "Mozilla/5.0 AppleWebKit/537.36 (KHTML, like Gecko; compatible; ClaudeBot/1.0; +claudebot@anthropic.com)"
51.75.119.173 - - [25/Aug/2026:18:42:05 +0500] "GET /uz/?r=e9x3t7r6e3m2i3t7y235&format=feed&type=rss HTTP/1.1" 200 5992 "-" "Mozilla/5.0 (compatible; MJ12bot/v1.4.8; http://mj12bot.com/)"
216.73.216.32 - - [25/Aug/2026:18:42:07 +0500] "GET /index.php?r=g4r1a5v6e5l1i3n9g720 HTTP/1.1" 301 - "-" "Mozilla/5.0 AppleWebKit/537.36 (KHTML, like Gecko; compatible; ClaudeBot/1.0; +claudebot@anthropic.com)"
216.73.216.32 - - [25/Aug/2026:18:42:10 +0500] "GET /uz/?r=g4r1a5v6e5l1i3n9g720 HTTP/1.1" 200 68400 "http://eski.uzbekgidroenergoqurilish.uz/index.php?r=g4r1a5v6e5l1i3n9g720" "Mozilla/5.0 AppleWebKit/537.36 (KHTML, like Gecko; compatible; ClaudeBot/1.0; +claudebot@anthropic.com)"
51.75.119.173 - - [25/Aug/2026:18:42:23 +0500] "GET /uz/?r=e9x3t7r6e3m2i3t7y235&start=16 HTTP/1.1" 200 67943 "-" "Mozilla/5.0 (compatible; MJ12bot/v1.4.8; http://mj12bot.com/)"
51.75.119.173 - - [25/Aug/2026:18:42:30 +0500] "GET /uz/?r=e9x3t7r6e3m2i3t7y235&start=20 HTTP/1.1" 200 68448 "-" "Mozilla/5.0 (compatible; MJ12bot/v1.4.8; http://mj12bot.com/)"
51.75.119.173 - - [25/Aug/2026:18:42:44 +0500] "GET /uz/?r=e9x3t7r6e3m2i3t7y235&start=4 HTTP/1.1" 200 68023 "-" "Mozilla/5.0 (compatible; MJ12bot/v1.4.8; http://mj12bot.com/)"
51.75.119.173 - - [25/Aug/2026:18:42:58 +0500] "GET /uz/?r=e9x3t7r6e3m2i3t7y235&start=52 HTTP/1.1" 200 69262 "-" "Mozilla/5.0 (compatible; MJ12bot/v1.4.8; http://mj12bot.com/)"
51.75.119.173 - - [25/Aug/2026:18:43:14 +0500] "GET /uz/?r=g9r1o8u1t7i5n7g1532 HTTP/1.1" 200 68427 "-" "Mozilla/5.0 (compatible; MJ12bot/v1.4.8; http://mj12bot.com/)"
51.75.119.173 - - [25/Aug/2026:18:43:20 +0500] "GET /uz/?r=g9r1o8u1t7i5n7g1532&format=feed&type=atom HTTP/1.1" 200 9181 "-" "Mozilla/5.0 (compatible; MJ12bot/v1.4.8; http://mj12bot.com/)"
216.73.216.32 - - [25/Aug/2026:18:43:24 +0500] "GET /index.php?r=d4e2i7c9e5698198 HTTP/1.1" 301 - "-" "Mozilla/5.0 AppleWebKit/537.36 (KHTML, like Gecko; compatible; ClaudeBot/1.0; +claudebot@anthropic.com)"
51.75.119.173 - - [25/Aug/2026:18:43:27 +0500] "GET /uz/?r=g9r1o8u1t7i5n7g1532&format=feed&type=rss HTTP/1.1" 200 5991 "-" "Mozilla/5.0 (compatible; MJ12bot/v1.4.8; http://mj12bot.com/)"
216.73.216.32 - - [25/Aug/2026:18:43:27 +0500] "GET /uz/?r=d4e2i7c9e5698198 HTTP/1.1" 200 68396 "http://eski.uzbekgidroenergoqurilish.uz/index.php?r=d4e2i7c9e5698198" "Mozilla/5.0 AppleWebKit/537.36 (KHTML, like Gecko; compatible; ClaudeBot/1.0; +claudebot@anthropic.com)"
51.75.119.173 - - [25/Aug/2026:18:43:34 +0500] "GET /uz/?r=g9r1o8u1t7i5n7g1532&start=12 HTTP/1.1" 200 68449 "-" "Mozilla/5.0 (compatible; MJ12bot/v1.4.8; http://mj12bot.com/)"
51.75.119.173 - - [25/Aug/2026:18:43:47 +0500] "GET /uz/?r=g9r1o8u1t7i5n7g1532&start=16 HTTP/1.1" 200 67942 "-" "Mozilla/5.0 (compatible; MJ12bot/v1.4.8; http://mj12bot.com/)"
51.75.119.173 - - [25/Aug/2026:18:43:54 +0500] "GET /uz/?r=g9r1o8u1t7i5n7g1532&start=20 HTTP/1.1" 200 68447 "-" "Mozilla/5.0 (compatible; MJ12bot/v1.4.8; http://mj12bot.com/)"
