216.73.216.32 - - [25/Aug/2026:20:18:54 +0500] "GET /index.php?r=i4n3v9e7n7t0i8v6e378 HTTP/1.1" 301 - "-" "Mozilla/5.0 AppleWebKit/537.36 (KHTML, like Gecko; compatible; ClaudeBot/1.0; +claudebot@anthropic.com)"
216.73.216.32 - - [25/Aug/2026:20:18:58 +0500] "GET /uz/?r=i4n3v9e7n7t0i8v6e378 HTTP/1.1" 200 68771 "http://eski.uzbekgidroenergoqurilish.uz/index.php?r=i4n3v9e7n7t0i8v6e378" "Mozilla/5.0 AppleWebKit/537.36 (KHTML, like Gecko; compatible; ClaudeBot/1.0; +claudebot@anthropic.com)"
216.73.216.32 - - [25/Aug/2026:20:19:18 +0500] "GET /index.php?r=o4r3t9h5o3d4r0o2m0y68 HTTP/1.1" 301 - "-" "Mozilla/5.0 AppleWebKit/537.36 (KHTML, like Gecko; compatible; ClaudeBot/1.0; +claudebot@anthropic.com)"
216.73.216.32 - - [25/Aug/2026:20:19:23 +0500] "GET /uz/?r=o4r3t9h5o3d4r0o2m0y68 HTTP/1.1" 200 68525 "http://eski.uzbekgidroenergoqurilish.uz/index.php?r=o4r3t9h5o3d4r0o2m0y68" "Mozilla/5.0 AppleWebKit/537.36 (KHTML, like Gecko; compatible; ClaudeBot/1.0; +claudebot@anthropic.com)"
34.123.149.87 - - [25/Aug/2026:20:19:54 +0500] "GET /uz/?destination=node HTTP/1.1" 200 68546 "-" "Mozilla/5.0 (Macintosh; Intel Mac OS X 10_15_7) AppleWebKit/537.36 (KHTML, like Gecko) Chrome/120.0.0.0 Safari/537.36"
216.73.216.32 - - [25/Aug/2026:20:20:00 +0500] "GET /uz/component/search/?Itemid=117&format=opensearch&r=u4n1t9r9e6n7c7h8e3d14 HTTP/1.1" 200 800 "-" "Mozilla/5.0 AppleWebKit/537.36 (KHTML, like Gecko; compatible; ClaudeBot/1.0; +claudebot@anthropic.com)"
216.73.216.32 - - [25/Aug/2026:20:20:24 +0500] "GET /uz/?r=p4a1t2r9i9c9i5a5n8s7&start=52 HTTP/1.1" 200 69086 "-" "Mozilla/5.0 AppleWebKit/537.36 (KHTML, like Gecko; compatible; ClaudeBot/1.0; +claudebot@anthropic.com)"
216.73.216.32 - - [25/Aug/2026:20:20:33 +0500] "GET /index.php?r=p4r4e0v9e8048138 HTTP/1.1" 301 - "-" "Mozilla/5.0 AppleWebKit/537.36 (KHTML, like Gecko; compatible; ClaudeBot/1.0; +claudebot@anthropic.com)"
216.73.216.32 - - [25/Aug/2026:20:20:37 +0500] "GET /uz/?r=p4r4e0v9e8048138 HTTP/1.1" 200 68520 "http://eski.uzbekgidroenergoqurilish.uz/index.php?r=p4r4e0v9e8048138" "Mozilla/5.0 AppleWebKit/537.36 (KHTML, like Gecko; compatible; ClaudeBot/1.0; +claudebot@anthropic.com)"
216.73.216.32 - - [25/Aug/2026:20:20:57 +0500] "GET /index.php?r=p4l2a2t4e4r558532 HTTP/1.1" 301 - "-" "Mozilla/5.0 AppleWebKit/537.36 (KHTML, like Gecko; compatible; ClaudeBot/1.0; +claudebot@anthropic.com)"
216.73.216.32 - - [25/Aug/2026:20:21:02 +0500] "GET /uz/?r=p4l2a2t4e4r558532 HTTP/1.1" 200 68521 "http://eski.uzbekgidroenergoqurilish.uz/index.php?r=p4l2a2t4e4r558532" "Mozilla/5.0 AppleWebKit/537.36 (KHTML, like Gecko; compatible; ClaudeBot/1.0; +claudebot@anthropic.com)"
216.73.216.32 - - [25/Aug/2026:20:21:44 +0500] "GET /index.php?r=p4e2l8t4a7e384048 HTTP/1.1" 301 - "-" "Mozilla/5.0 AppleWebKit/537.36 (KHTML, like Gecko; compatible; ClaudeBot/1.0; +claudebot@anthropic.com)"
216.73.216.32 - - [25/Aug/2026:20:21:47 +0500] "GET /uz/?r=p4e2l8t4a7e384048 HTTP/1.1" 200 68521 "http://eski.uzbekgidroenergoqurilish.uz/index.php?r=p4e2l8t4a7e384048" "Mozilla/5.0 AppleWebKit/537.36 (KHTML, like Gecko; compatible; ClaudeBot/1.0; +claudebot@anthropic.com)"
54.84.102.81 - - [25/Aug/2026:20:22:50 +0500] "GET /uz/?author=5&start=16 HTTP/1.1" 200 67751 "-" "Mozilla/5.0 AppleWebKit/537.36 (KHTML, like Gecko; compatible; Amazonbot/0.1; +https://developer.amazon.com/support/amazonbot) Chrome/119.0.6045.214 Safari/537.36"
216.73.216.32 - - [25/Aug/2026:20:25:15 +0500] "GET /index.php?r=c4a3p0u8t4898084 HTTP/1.1" 301 - "-" "Mozilla/5.0 AppleWebKit/537.36 (KHTML, like Gecko; compatible; ClaudeBot/1.0; +claudebot@anthropic.com)"
216.73.216.32 - - [25/Aug/2026:20:25:19 +0500] "GET /uz/?r=c4a3p0u8t4898084 HTTP/1.1" 200 68520 "http://eski.uzbekgidroenergoqurilish.uz/index.php?r=c4a3p0u8t4898084" "Mozilla/5.0 AppleWebKit/537.36 (KHTML, like Gecko; compatible; ClaudeBot/1.0; +claudebot@anthropic.com)"
216.73.216.32 - - [25/Aug/2026:20:25:39 +0500] "GET /index.php?r=m4o6n2e4t2a2r1i9s4m7 HTTP/1.1" 301 - "-" "Mozilla/5.0 AppleWebKit/537.36 (KHTML, like Gecko; compatible; ClaudeBot/1.0; +claudebot@anthropic.com)"
216.73.216.32 - - [25/Aug/2026:20:25:43 +0500] "GET /uz/?r=m4o6n2e4t2a2r1i9s4m7 HTTP/1.1" 200 68524 "http://eski.uzbekgidroenergoqurilish.uz/index.php?r=m4o6n2e4t2a2r1i9s4m7" "Mozilla/5.0 AppleWebKit/537.36 (KHTML, like Gecko; compatible; ClaudeBot/1.0; +claudebot@anthropic.com)"
216.73.216.32 - - [25/Aug/2026:20:26:04 +0500] "GET /index.php?r=c4h1r9y0s5o8i2d3i1n4e7 HTTP/1.1" 301 - "-" "Mozilla/5.0 AppleWebKit/537.36 (KHTML, like Gecko; compatible; ClaudeBot/1.0; +claudebot@anthropic.com)"
216.73.216.32 - - [25/Aug/2026:20:26:08 +0500] "GET /uz/?r=c4h1r9y0s5o8i2d3i1n4e7 HTTP/1.1" 200 68526 "http://eski.uzbekgidroenergoqurilish.uz/index.php?r=c4h1r9y0s5o8i2d3i1n4e7" "Mozilla/5.0 AppleWebKit/537.36 (KHTML, like Gecko; compatible; ClaudeBot/1.0; +claudebot@anthropic.com)"
216.73.216.32 - - [25/Aug/2026:20:26:45 +0500] "GET /index.php?r=i4l4i9o3n106247 HTTP/1.1" 301 - "-" "Mozilla/5.0 AppleWebKit/537.36 (KHTML, like Gecko; compatible; ClaudeBot/1.0; +claudebot@anthropic.com)"
216.73.216.32 - - [25/Aug/2026:20:26:49 +0500] "GET /uz/?r=i4l4i9o3n106247 HTTP/1.1" 200 68519 "http://eski.uzbekgidroenergoqurilish.uz/index.php?r=i4l4i9o3n106247" "Mozilla/5.0 AppleWebKit/537.36 (KHTML, like Gecko; compatible; ClaudeBot/1.0; +claudebot@anthropic.com)"
216.73.216.32 - - [25/Aug/2026:20:27:09 +0500] "GET /index.php?r=c4r1o2k1o8s3e47908 HTTP/1.1" 301 - "-" "Mozilla/5.0 AppleWebKit/537.36 (KHTML, like Gecko; compatible; ClaudeBot/1.0; +claudebot@anthropic.com)"
216.73.216.32 - - [25/Aug/2026:20:27:13 +0500] "GET /uz/?r=c4r1o2k1o8s3e47908 HTTP/1.1" 200 68522 "http://eski.uzbekgidroenergoqurilish.uz/index.php?r=c4r1o2k1o8s3e47908" "Mozilla/5.0 AppleWebKit/537.36 (KHTML, like Gecko; compatible; ClaudeBot/1.0; +claudebot@anthropic.com)"
185.191.171.7 - - [25/Aug/2026:20:27:47 +0500] "GET /uz/korp-upr-uzb?start=10&template=accessibility HTTP/1.1" 200 28986 "-" "Mozilla/5.0 (compatible; SemrushBot/7~bl; +http://www.semrush.com/bot.html)"
216.73.216.32 - - [25/Aug/2026:20:27:51 +0500] "GET /index.php?r=i4r3a4n1i0112292 HTTP/1.1" 301 - "-" "Mozilla/5.0 AppleWebKit/537.36 (KHTML, like Gecko; compatible; ClaudeBot/1.0; +claudebot@anthropic.com)"
85.208.96.209 - - [25/Aug/2026:20:27:58 +0500] "GET /uz/?start=16&template=yoo_master2 HTTP/1.1" 508 288 "-" "Mozilla/5.0 (compatible; SemrushBot/7~bl; +http://www.semrush.com/bot.html)"
216.73.216.32 - - [25/Aug/2026:20:27:55 +0500] "GET /uz/?r=i4r3a4n1i0112292 HTTP/1.1" 200 68520 "http://eski.uzbekgidroenergoqurilish.uz/index.php?r=i4r3a4n1i0112292" "Mozilla/5.0 AppleWebKit/537.36 (KHTML, like Gecko; compatible; ClaudeBot/1.0; +claudebot@anthropic.com)"
216.73.216.32 - - [25/Aug/2026:20:28:14 +0500] "GET /index.php?r=p4l2a8c5a8b0i2l0i3t6y0 HTTP/1.1" 508 288 "-" "Mozilla/5.0 AppleWebKit/537.36 (KHTML, like Gecko; compatible; ClaudeBot/1.0; +claudebot@anthropic.com)"
216.73.216.32 - - [25/Aug/2026:20:28:27 +0500] "GET /index.php?r=n4e3u0r6e4r7g0i6c428 HTTP/1.1" 508 288 "-" "Mozilla/5.0 AppleWebKit/537.36 (KHTML, like Gecko; compatible; ClaudeBot/1.0; +claudebot@anthropic.com)"
216.73.216.32 - - [25/Aug/2026:20:28:39 +0500] "GET /uz/?format=feed&route=account%2Flogin&type=rss HTTP/1.1" 200 5933 "-" "Mozilla/5.0 AppleWebKit/537.36 (KHTML, like Gecko; compatible; ClaudeBot/1.0; +claudebot@anthropic.com)"
216.73.216.32 - - [25/Aug/2026:20:29:02 +0500] "GET /index.php?r=i4m3p5r6o8b8a6t1e599 HTTP/1.1" 301 - "-" "Mozilla/5.0 AppleWebKit/537.36 (KHTML, like Gecko; compatible; ClaudeBot/1.0; +claudebot@anthropic.com)"
216.73.216.32 - - [25/Aug/2026:20:29:11 +0500] "GET /index.php?r=c4a1l4c8i1t9r6a7n3s49 HTTP/1.1" 508 288 "-" "Mozilla/5.0 AppleWebKit/537.36 (KHTML, like Gecko; compatible; ClaudeBot/1.0; +claudebot@anthropic.com)"
216.73.216.32 - - [25/Aug/2026:20:29:06 +0500] "GET /uz/?r=i4m3p5r6o8b8a6t1e599 HTTP/1.1" 200 68524 "http://eski.uzbekgidroenergoqurilish.uz/index.php?r=i4m3p5r6o8b8a6t1e599" "Mozilla/5.0 AppleWebKit/537.36 (KHTML, like Gecko; compatible; ClaudeBot/1.0; +claudebot@anthropic.com)"
34.57.162.91 - - [25/Aug/2026:20:29:27 +0500] "GET /docs/audit/audit-2019.pdf HTTP/1.1" 200 475741 "-" "Mozilla/5.0 (Macintosh; Intel Mac OS X 10_15_7) AppleWebKit/537.36 (KHTML, like Gecko) Chrome/120.0.0.0 Safari/537.36"
216.73.216.32 - - [25/Aug/2026:20:30:31 +0500] "GET /index.php?r=o4c1e3l5l5a5t4u9s392 HTTP/1.1" 301 - "-" "Mozilla/5.0 AppleWebKit/537.36 (KHTML, like Gecko; compatible; ClaudeBot/1.0; +claudebot@anthropic.com)"
216.73.216.32 - - [25/Aug/2026:20:30:36 +0500] "GET /uz/?r=o4c1e3l5l5a5t4u9s392 HTTP/1.1" 200 68524 "http://eski.uzbekgidroenergoqurilish.uz/index.php?r=o4c1e3l5l5a5t4u9s392" "Mozilla/5.0 AppleWebKit/537.36 (KHTML, like Gecko; compatible; ClaudeBot/1.0; +claudebot@anthropic.com)"
216.73.216.32 - - [25/Aug/2026:20:30:55 +0500] "GET /index.php?r=u4n2c9l8o9a0k27137 HTTP/1.1" 301 - "-" "Mozilla/5.0 AppleWebKit/537.36 (KHTML, like Gecko; compatible; ClaudeBot/1.0; +claudebot@anthropic.com)"
216.73.216.32 - - [25/Aug/2026:20:31:02 +0500] "GET /index.php?r=o4r3g0a9n5i3z0a4b1l6e0 HTTP/1.1" 301 - "-" "Mozilla/5.0 AppleWebKit/537.36 (KHTML, like Gecko; compatible; ClaudeBot/1.0; +claudebot@anthropic.com)"
216.73.216.32 - - [25/Aug/2026:20:31:08 +0500] "GET /uz/?r=o4r3g0a9n5i3z0a4b1l6e0 HTTP/1.1" 508 288 "http://eski.uzbekgidroenergoqurilish.uz/index.php?r=o4r3g0a9n5i3z0a4b1l6e0" "Mozilla/5.0 AppleWebKit/537.36 (KHTML, like Gecko; compatible; ClaudeBot/1.0; +claudebot@anthropic.com)"
216.73.216.32 - - [25/Aug/2026:20:31:01 +0500] "GET /uz/?r=u4n2c9l8o9a0k27137 HTTP/1.1" 200 68522 "http://eski.uzbekgidroenergoqurilish.uz/index.php?r=u4n2c9l8o9a0k27137" "Mozilla/5.0 AppleWebKit/537.36 (KHTML, like Gecko; compatible; ClaudeBot/1.0; +claudebot@anthropic.com)"
216.73.216.32 - - [25/Aug/2026:20:31:26 +0500] "GET /index.php?r=i4n3c2r5e5p0a1t7i8o9n8 HTTP/1.1" 301 - "-" "Mozilla/5.0 AppleWebKit/537.36 (KHTML, like Gecko; compatible; ClaudeBot/1.0; +claudebot@anthropic.com)"
216.73.216.32 - - [25/Aug/2026:20:31:32 +0500] "GET /uz/?r=i4n3c2r5e5p0a1t7i8o9n8 HTTP/1.1" 508 288 "http://eski.uzbekgidroenergoqurilish.uz/index.php?r=i4n3c2r5e5p0a1t7i8o9n8" "Mozilla/5.0 AppleWebKit/537.36 (KHTML, like Gecko; compatible; ClaudeBot/1.0; +claudebot@anthropic.com)"
216.73.216.32 - - [25/Aug/2026:20:31:50 +0500] "GET /index.php?r=g4l3o0t8t1i0s5637 HTTP/1.1" 508 288 "-" "Mozilla/5.0 AppleWebKit/537.36 (KHTML, like Gecko; compatible; ClaudeBot/1.0; +claudebot@anthropic.com)"
34.30.223.149 - - [25/Aug/2026:20:34:41 +0500] "GET /ru/jsc-docs-rus/378-nam-sovet-ru-docx HTTP/1.1" 200 54929 "-" "Mozilla/5.0 (Macintosh; Intel Mac OS X 10_15_7) AppleWebKit/537.36 (KHTML, like Gecko) Chrome/120.0.0.0 Safari/537.36"
185.191.171.12 - - [25/Aug/2026:20:35:08 +0500] "GET /ru/prospectus-rus/17-russian/shareholders-rus?start=30 HTTP/1.1" 200 60878 "-" "Mozilla/5.0 (compatible; SemrushBot/7~bl; +http://www.semrush.com/bot.html)"
34.61.96.6 - - [25/Aug/2026:20:36:21 +0500] "GET /ru/jsc-docs-rus?format=feed&type=atom HTTP/1.1" 200 10177 "-" "Mozilla/5.0 (Macintosh; Intel Mac OS X 10_15_7) AppleWebKit/537.36 (KHTML, like Gecko) Chrome/120.0.0.0 Safari/537.36"
216.73.216.32 - - [25/Aug/2026:20:36:26 +0500] "GET /uz/?author=16&start=4 HTTP/1.1" 200 68974 "-" "Mozilla/5.0 AppleWebKit/537.36 (KHTML, like Gecko; compatible; ClaudeBot/1.0; +claudebot@anthropic.com)"
216.73.216.32 - - [25/Aug/2026:20:36:34 +0500] "GET /uz/?format=feed&route=account%2Flogin&type=atom HTTP/1.1" 200 9103 "-" "Mozilla/5.0 AppleWebKit/537.36 (KHTML, like Gecko; compatible; ClaudeBot/1.0; +claudebot@anthropic.com)"
216.73.216.32 - - [25/Aug/2026:20:37:47 +0500] "GET /index.php?r=c4o5l2o4n7i8z5a0t2i4onist HTTP/1.1" 301 - "-" "Mozilla/5.0 AppleWebKit/537.36 (KHTML, like Gecko; compatible; ClaudeBot/1.0; +claudebot@anthropic.com)"
34.42.229.145 - - [25/Aug/2026:20:37:53 +0500] "GET /ru/component/search/?Itemid=126&format=opensearch&id=9 HTTP/1.1" 200 782 "-" "Mozilla/5.0 (Macintosh; Intel Mac OS X 10_15_7) AppleWebKit/537.36 (KHTML, like Gecko) Chrome/120.0.0.0 Safari/537.36"
216.73.216.32 - - [25/Aug/2026:20:37:53 +0500] "GET /uz/?r=c4o5l2o4n7i8z5a0t2i4onist HTTP/1.1" 200 68571 "http://eski.uzbekgidroenergoqurilish.uz/index.php?r=c4o5l2o4n7i8z5a0t2i4onist" "Mozilla/5.0 AppleWebKit/537.36 (KHTML, like Gecko; compatible; ClaudeBot/1.0; +claudebot@anthropic.com)"
216.73.216.32 - - [25/Aug/2026:20:37:59 +0500] "GET /index.php?r=a4c1t8i0n8o9l7o5g0y4 HTTP/1.1" 301 - "-" "Mozilla/5.0 AppleWebKit/537.36 (KHTML, like Gecko; compatible; ClaudeBot/1.0; +claudebot@anthropic.com)"
34.10.180.98 - - [25/Aug/2026:20:38:03 +0500] "GET /ru/about-org-rus/indexes-rus/410-reports-2023-ru HTTP/1.1" 200 56845 "-" "Mozilla/5.0 (Macintosh; Intel Mac OS X 10_15_7) AppleWebKit/537.36 (KHTML, like Gecko) Chrome/120.0.0.0 Safari/537.36"
216.73.216.32 - - [25/Aug/2026:20:38:05 +0500] "GET /uz/?r=a4c1t8i0n8o9l7o5g0y4 HTTP/1.1" 200 68566 "http://eski.uzbekgidroenergoqurilish.uz/index.php?r=a4c1t8i0n8o9l7o5g0y4" "Mozilla/5.0 AppleWebKit/537.36 (KHTML, like Gecko; compatible; ClaudeBot/1.0; +claudebot@anthropic.com)"
216.73.216.32 - - [25/Aug/2026:20:38:11 +0500] "GET /index.php?r=m4u2l3t9i7s2i9l2i1q4u0ous HTTP/1.1" 301 - "-" "Mozilla/5.0 AppleWebKit/537.36 (KHTML, like Gecko; compatible; ClaudeBot/1.0; +claudebot@anthropic.com)"
216.73.216.32 - - [25/Aug/2026:20:38:15 +0500] "GET /uz/?r=m4u2l3t9i7s2i9l2i1q4u0ous HTTP/1.1" 200 68571 "http://eski.uzbekgidroenergoqurilish.uz/index.php?r=m4u2l3t9i7s2i9l2i1q4u0ous" "Mozilla/5.0 AppleWebKit/537.36 (KHTML, like Gecko; compatible; ClaudeBot/1.0; +claudebot@anthropic.com)"
216.73.216.32 - - [25/Aug/2026:20:38:52 +0500] "GET /uz/?format=feed&r=g9r1o8u1t7i5n7g1532&type=rss HTTP/1.1" 200 5935 "-" "Mozilla/5.0 AppleWebKit/537.36 (KHTML, like Gecko; compatible; ClaudeBot/1.0; +claudebot@anthropic.com)"
216.73.216.32 - - [25/Aug/2026:20:38:57 +0500] "GET /uz/?r=p4o3p8e1l1o4t4e8305&start=52 HTTP/1.1" 200 69188 "-" "Mozilla/5.0 AppleWebKit/537.36 (KHTML, like Gecko; compatible; ClaudeBot/1.0; +claudebot@anthropic.com)"
216.73.216.32 - - [25/Aug/2026:20:39:03 +0500] "GET /uz/?r=t4e3n7d7r3o0n05149&start=44 HTTP/1.1" 200 69646 "-" "Mozilla/5.0 AppleWebKit/537.36 (KHTML, like Gecko; compatible; ClaudeBot/1.0; +claudebot@anthropic.com)"
216.73.216.32 - - [25/Aug/2026:20:39:09 +0500] "GET /uz/?r=t4e3n7d7r3o0n05149&start=40 HTTP/1.1" 200 68753 "-" "Mozilla/5.0 AppleWebKit/537.36 (KHTML, like Gecko; compatible; ClaudeBot/1.0; +claudebot@anthropic.com)"
216.73.216.32 - - [25/Aug/2026:20:39:18 +0500] "GET /uz/?format=feed&r=h9u1m6a7n8i9z0a7t2i6o4n&type=atom HTTP/1.1" 200 9109 "-" "Mozilla/5.0 AppleWebKit/537.36 (KHTML, like Gecko; compatible; ClaudeBot/1.0; +claudebot@anthropic.com)"
216.73.216.32 - - [25/Aug/2026:20:39:48 +0500] "GET /uz/?r=p4o3p8e1l1o4t4e8305&start=8 HTTP/1.1" 200 67743 "-" "Mozilla/5.0 AppleWebKit/537.36 (KHTML, like Gecko; compatible; ClaudeBot/1.0; +claudebot@anthropic.com)"
216.73.216.32 - - [25/Aug/2026:20:39:58 +0500] "GET /uz/?r=d4o2c7k9y3a0r7d8357&start=12 HTTP/1.1" 200 68505 "-" "Mozilla/5.0 AppleWebKit/537.36 (KHTML, like Gecko; compatible; ClaudeBot/1.0; +claudebot@anthropic.com)"
147.135.213.153 - - [25/Aug/2026:20:40:33 +0500] "GET /robots.txt HTTP/1.1" 200 111 "-" "Mozilla/5.0 (compatible; MJ12bot/v1.4.8; http://mj12bot.com/)"
147.135.213.153 - - [25/Aug/2026:20:40:37 +0500] "GET /uz/?r=e9x3t7r6e3m2i3t7y235&start=24 HTTP/1.1" 200 68265 "-" "Mozilla/5.0 (compatible; MJ12bot/v1.4.8; http://mj12bot.com/)"
216.73.216.32 - - [25/Aug/2026:20:41:41 +0500] "GET /uz/?format=feed&rest_route=%2Fwp%2Fv2%2Fusers&type=atom HTTP/1.1" 200 9107 "-" "Mozilla/5.0 AppleWebKit/537.36 (KHTML, like Gecko; compatible; ClaudeBot/1.0; +claudebot@anthropic.com)"
216.73.216.32 - - [25/Aug/2026:20:41:41 +0500] "GET /uz/?phpinfo=16arSsAYV HTTP/1.1" 200 68561 "-" "Mozilla/5.0 AppleWebKit/537.36 (KHTML, like Gecko; compatible; ClaudeBot/1.0; +claudebot@anthropic.com)"
216.73.216.32 - - [25/Aug/2026:20:41:46 +0500] "GET /uz/?function=call_user_func_array&start=36&vars%5B1%5D%5B0%5D=1 HTTP/1.1" 200 69936 "-" "Mozilla/5.0 AppleWebKit/537.36 (KHTML, like Gecko; compatible; ClaudeBot/1.0; +claudebot@anthropic.com)"
216.73.216.32 - - [25/Aug/2026:20:41:46 +0500] "GET /uz/jsc-docs-uzb?format=feed&template=accessibility&type=atom HTTP/1.1" 200 333659 "-" "Mozilla/5.0 AppleWebKit/537.36 (KHTML, like Gecko; compatible; ClaudeBot/1.0; +claudebot@anthropic.com)"
185.191.171.17 - - [25/Aug/2026:20:41:48 +0500] "GET /uz/?yandex-source=desktop-maps HTTP/1.1" 200 68570 "-" "Mozilla/5.0 (compatible; SemrushBot/7~bl; +http://www.semrush.com/bot.html)"
216.73.216.32 - - [25/Aug/2026:20:41:52 +0500] "GET /uz/?function=call_user_func_array&start=32&vars%5B1%5D%5B0%5D=1 HTTP/1.1" 200 31627 "-" "Mozilla/5.0 AppleWebKit/537.36 (KHTML, like Gecko; compatible; ClaudeBot/1.0; +claudebot@anthropic.com)"
216.73.216.32 - - [25/Aug/2026:20:41:53 +0500] "GET /ru/component/search/?template=accessibility HTTP/1.1" 200 26703 "-" "Mozilla/5.0 AppleWebKit/537.36 (KHTML, like Gecko; compatible; ClaudeBot/1.0; +claudebot@anthropic.com)"
216.73.216.32 - - [25/Aug/2026:20:41:56 +0500] "GET /uz/?function=call_user_func_array&start=8&vars%5B1%5D%5B0%5D=1 HTTP/1.1" 200 30955 "-" "Mozilla/5.0 AppleWebKit/537.36 (KHTML, like Gecko; compatible; ClaudeBot/1.0; +claudebot@anthropic.com)"
216.73.216.32 - - [25/Aug/2026:20:42:00 +0500] "GET /uz/?function=call_user_func_array&start=4&vars%5B1%5D%5B0%5D=1 HTTP/1.1" 200 32198 "-" "Mozilla/5.0 AppleWebKit/537.36 (KHTML, like Gecko; compatible; ClaudeBot/1.0; +claudebot@anthropic.com)"
216.73.216.32 - - [25/Aug/2026:20:42:04 +0500] "GET /uz/?format=feed&phpinfo=16arSsAYV&type=rss HTTP/1.1" 200 5931 "-" "Mozilla/5.0 AppleWebKit/537.36 (KHTML, like Gecko; compatible; ClaudeBot/1.0; +claudebot@anthropic.com)"
216.73.216.32 - - [25/Aug/2026:20:42:10 +0500] "GET /uz/?function=call_user_func_array&vars%5B0%5D=phpinfo&vars%5B1%5D%5B0%5D=1 HTTP/1.1" 200 31801 "-" "Mozilla/5.0 AppleWebKit/537.36 (KHTML, like Gecko; compatible; ClaudeBot/1.0; +claudebot@anthropic.com)"
158.101.36.39 - - [25/Aug/2026:20:43:16 +0500] "GET /ru/about-org-rus/general-info-rus HTTP/1.1" 508 288 "-" "Mozilla/5.0 (X11; Linux aarch64) AppleWebKit/537.36 (KHTML, like Gecko) Chrome/139.0.0.0 Safari/537.36"
216.73.216.32 - - [25/Aug/2026:20:43:21 +0500] "GET /Windows/win.ini&NewWebClient=1&start=24 HTTP/1.1" 301 - "-" "Mozilla/5.0 AppleWebKit/537.36 (KHTML, like Gecko; compatible; ClaudeBot/1.0; +claudebot@anthropic.com)"
147.135.213.153 - - [25/Aug/2026:20:43:30 +0500] "GET /uz/?r=e9x3t7r6e3m2i3t7y235&start=8 HTTP/1.1" 508 288 "-" "Mozilla/5.0 (compatible; MJ12bot/v1.4.8; http://mj12bot.com/)"
216.73.216.32 - - [25/Aug/2026:20:43:25 +0500] "GET /uz/Windows/win.ini&NewWebClient=1&start=24 HTTP/1.1" 404 1777 "http://eski.uzbekgidroenergoqurilish.uz/Windows/win.ini&NewWebClient=1&start=24" "Mozilla/5.0 AppleWebKit/537.36 (KHTML, like Gecko; compatible; ClaudeBot/1.0; +claudebot@anthropic.com)"
216.73.216.32 - - [25/Aug/2026:20:43:29 +0500] "GET /uz/?phpinfo=16arSsAYV&start=20 HTTP/1.1" 200 68307 "-" "Mozilla/5.0 AppleWebKit/537.36 (KHTML, like Gecko; compatible; ClaudeBot/1.0; +claudebot@anthropic.com)"
216.73.216.32 - - [25/Aug/2026:20:43:33 +0500] "GET /Windows/win.ini&NewWebClient=1&start=44 HTTP/1.1" 301 - "-" "Mozilla/5.0 AppleWebKit/537.36 (KHTML, like Gecko; compatible; ClaudeBot/1.0; +claudebot@anthropic.com)"
216.73.216.32 - - [25/Aug/2026:20:43:38 +0500] "GET /uz/Windows/win.ini&NewWebClient=1&start=44 HTTP/1.1" 404 1777 "http://eski.uzbekgidroenergoqurilish.uz/Windows/win.ini&NewWebClient=1&start=44" "Mozilla/5.0 AppleWebKit/537.36 (KHTML, like Gecko; compatible; ClaudeBot/1.0; +claudebot@anthropic.com)"
147.135.213.153 - - [25/Aug/2026:20:43:39 +0500] "GET /uz/?r=f4o1u8l9l2y580498&format=feed&type=atom HTTP/1.1" 200 9179 "-" "Mozilla/5.0 (compatible; MJ12bot/v1.4.8; http://mj12bot.com/)"
34.10.180.98 - - [25/Aug/2026:20:43:47 +0500] "GET /uz/news-uzb?start=12 HTTP/1.1" 200 61861 "-" "Mozilla/5.0 (Macintosh; Intel Mac OS X 10_15_7) AppleWebKit/537.36 (KHTML, like Gecko) Chrome/120.0.0.0 Safari/537.36"
147.135.213.153 - - [25/Aug/2026:20:43:57 +0500] "GET /uz/?r=f4o1u8l9l2y580498&format=feed&type=rss HTTP/1.1" 200 5989 "-" "Mozilla/5.0 (compatible; MJ12bot/v1.4.8; http://mj12bot.com/)"
147.135.213.153 - - [25/Aug/2026:20:44:14 +0500] "GET /uz/?r=f4o1u8l9l2y580498&start=12 HTTP/1.1" 508 288 "-" "Mozilla/5.0 (compatible; MJ12bot/v1.4.8; http://mj12bot.com/)"
216.73.216.32 - - [25/Aug/2026:20:44:11 +0500] "GET /Windows/win.ini&NewWebClient=1&start=40 HTTP/1.1" 301 - "-" "Mozilla/5.0 AppleWebKit/537.36 (KHTML, like Gecko; compatible; ClaudeBot/1.0; +claudebot@anthropic.com)"
216.73.216.32 - - [25/Aug/2026:20:44:15 +0500] "GET /uz/Windows/win.ini&NewWebClient=1&start=40 HTTP/1.1" 508 288 "http://eski.uzbekgidroenergoqurilish.uz/Windows/win.ini&NewWebClient=1&start=40" "Mozilla/5.0 AppleWebKit/537.36 (KHTML, like Gecko; compatible; ClaudeBot/1.0; +claudebot@anthropic.com)"
34.123.149.87 - - [25/Aug/2026:20:44:23 +0500] "GET /ru/14-uzbek/news-uzb/110-obshee-sobranie-28-06-16 HTTP/1.1" 200 66511 "-" "Mozilla/5.0 (Macintosh; Intel Mac OS X 10_15_7) AppleWebKit/537.36 (KHTML, like Gecko) Chrome/120.0.0.0 Safari/537.36"
147.135.213.153 - - [25/Aug/2026:20:44:27 +0500] "GET /uz/?r=f4o1u8l9l2y580498&start=4 HTTP/1.1" 200 68130 "-" "Mozilla/5.0 (compatible; MJ12bot/v1.4.8; http://mj12bot.com/)"
147.135.213.153 - - [25/Aug/2026:20:44:42 +0500] "GET /uz/?r=f4o1u8l9l2y580498&start=52 HTTP/1.1" 200 69214 "-" "Mozilla/5.0 (compatible; MJ12bot/v1.4.8; http://mj12bot.com/)"
147.135.213.153 - - [25/Aug/2026:20:45:03 +0500] "GET /uz/?r=f4o1u8l9l2y580498&start=8 HTTP/1.1" 508 288 "-" "Mozilla/5.0 (compatible; MJ12bot/v1.4.8; http://mj12bot.com/)"
147.135.213.153 - - [25/Aug/2026:20:45:17 +0500] "GET /uz/?r=g9r1o8u1t7i5n7g1532&start=24 HTTP/1.1" 200 68264 "-" "Mozilla/5.0 (compatible; MJ12bot/v1.4.8; http://mj12bot.com/)"
147.135.213.153 - - [25/Aug/2026:20:45:24 +0500] "GET /uz/?r=g9r1o8u1t7i5n7g1532&start=40 HTTP/1.1" 200 68782 "-" "Mozilla/5.0 (compatible; MJ12bot/v1.4.8; http://mj12bot.com/)"
147.135.213.153 - - [25/Aug/2026:20:45:33 +0500] "GET /uz/?r=h9a4r0d9w9o1n59294&start=12 HTTP/1.1" 508 288 "-" "Mozilla/5.0 (compatible; MJ12bot/v1.4.8; http://mj12bot.com/)"
147.135.213.153 - - [25/Aug/2026:20:45:45 +0500] "GET /uz/?r=h9a4r0d9w9o1n59294&start=4 HTTP/1.1" 200 68131 "-" "Mozilla/5.0 (compatible; MJ12bot/v1.4.8; http://mj12bot.com/)"
216.73.216.32 - - [25/Aug/2026:20:45:58 +0500] "GET /index.php?r=s4u2d5d2e2n695813 HTTP/1.1" 301 - "-" "Mozilla/5.0 AppleWebKit/537.36 (KHTML, like Gecko; compatible; ClaudeBot/1.0; +claudebot@anthropic.com)"
216.73.216.32 - - [25/Aug/2026:20:46:02 +0500] "GET /uz/?r=s4u2d5d2e2n695813 HTTP/1.1" 200 68563 "http://eski.uzbekgidroenergoqurilish.uz/index.php?r=s4u2d5d2e2n695813" "Mozilla/5.0 AppleWebKit/537.36 (KHTML, like Gecko; compatible; ClaudeBot/1.0; +claudebot@anthropic.com)"
147.135.213.153 - - [25/Aug/2026:20:46:06 +0500] "GET /uz/?r=h9a4r0d9w9o1n59294&start=8 HTTP/1.1" 200 67770 "-" "Mozilla/5.0 (compatible; MJ12bot/v1.4.8; http://mj12bot.com/)"
216.73.216.32 - - [25/Aug/2026:20:46:09 +0500] "GET /index.php?r=s4p1a7d8e7r601832 HTTP/1.1" 301 - "-" "Mozilla/5.0 AppleWebKit/537.36 (KHTML, like Gecko; compatible; ClaudeBot/1.0; +claudebot@anthropic.com)"
216.73.216.32 - - [25/Aug/2026:20:46:13 +0500] "GET /uz/?r=s4p1a7d8e7r601832 HTTP/1.1" 200 68563 "http://eski.uzbekgidroenergoqurilish.uz/index.php?r=s4p1a7d8e7r601832" "Mozilla/5.0 AppleWebKit/537.36 (KHTML, like Gecko; compatible; ClaudeBot/1.0; +claudebot@anthropic.com)"
216.73.216.32 - - [25/Aug/2026:20:46:21 +0500] "GET /index.php?r=c4e1p6o1l2a376659 HTTP/1.1" 301 - "-" "Mozilla/5.0 AppleWebKit/537.36 (KHTML, like Gecko; compatible; ClaudeBot/1.0; +claudebot@anthropic.com)"
147.135.213.153 - - [25/Aug/2026:20:46:24 +0500] "GET /uz/?r=m9u8m0p9e1d56468&start=28 HTTP/1.1" 200 68582 "-" "Mozilla/5.0 (compatible; MJ12bot/v1.4.8; http://mj12bot.com/)"
216.73.216.32 - - [25/Aug/2026:20:46:25 +0500] "GET /uz/?r=c4e1p6o1l2a376659 HTTP/1.1" 200 68563 "http://eski.uzbekgidroenergoqurilish.uz/index.php?r=c4e1p6o1l2a376659" "Mozilla/5.0 AppleWebKit/537.36 (KHTML, like Gecko; compatible; ClaudeBot/1.0; +claudebot@anthropic.com)"
216.73.216.32 - - [25/Aug/2026:20:46:28 +0500] "GET /index.php?r=s4w1o7r1n5276964 HTTP/1.1" 301 - "-" "Mozilla/5.0 AppleWebKit/537.36 (KHTML, like Gecko; compatible; ClaudeBot/1.0; +claudebot@anthropic.com)"
216.73.216.32 - - [25/Aug/2026:20:46:32 +0500] "GET /uz/?r=s4w1o7r1n5276964 HTTP/1.1" 200 68562 "http://eski.uzbekgidroenergoqurilish.uz/index.php?r=s4w1o7r1n5276964" "Mozilla/5.0 AppleWebKit/537.36 (KHTML, like Gecko; compatible; ClaudeBot/1.0; +claudebot@anthropic.com)"
216.73.216.32 - - [25/Aug/2026:20:46:34 +0500] "GET /index.php?r=m4a3l0a3c4o7s1t9e8o4n4 HTTP/1.1" 301 - "-" "Mozilla/5.0 AppleWebKit/537.36 (KHTML, like Gecko; compatible; ClaudeBot/1.0; +claudebot@anthropic.com)"
216.73.216.32 - - [25/Aug/2026:20:46:38 +0500] "GET /uz/?r=m4a3l0a3c4o7s1t9e8o4n4 HTTP/1.1" 200 68568 "http://eski.uzbekgidroenergoqurilish.uz/index.php?r=m4a3l0a3c4o7s1t9e8o4n4" "Mozilla/5.0 AppleWebKit/537.36 (KHTML, like Gecko; compatible; ClaudeBot/1.0; +claudebot@anthropic.com)"
216.73.216.32 - - [25/Aug/2026:20:46:46 +0500] "GET /index.php?r=m4e7m2o9r0a2n5d8u4m9s HTTP/1.1" 301 - "-" "Mozilla/5.0 AppleWebKit/537.36 (KHTML, like Gecko; compatible; ClaudeBot/1.0; +claudebot@anthropic.com)"
216.73.216.32 - - [25/Aug/2026:20:46:50 +0500] "GET /uz/?r=m4e7m2o9r0a2n5d8u4m9s HTTP/1.1" 508 288 "http://eski.uzbekgidroenergoqurilish.uz/index.php?r=m4e7m2o9r0a2n5d8u4m9s" "Mozilla/5.0 AppleWebKit/537.36 (KHTML, like Gecko; compatible; ClaudeBot/1.0; +claudebot@anthropic.com)"
216.73.216.32 - - [25/Aug/2026:20:46:53 +0500] "GET /index.php?r=r4e2v3o9c5a4b1l0e777 HTTP/1.1" 508 288 "-" "Mozilla/5.0 AppleWebKit/537.36 (KHTML, like Gecko; compatible; ClaudeBot/1.0; +claudebot@anthropic.com)"
216.73.216.32 - - [25/Aug/2026:20:46:57 +0500] "GET /index.php?r=l4e6v6u4l0i2n9708 HTTP/1.1" 301 - "-" "Mozilla/5.0 AppleWebKit/537.36 (KHTML, like Gecko; compatible; ClaudeBot/1.0; +claudebot@anthropic.com)"
216.73.216.32 - - [25/Aug/2026:20:47:01 +0500] "GET /uz/?r=l4e6v6u4l0i2n9708 HTTP/1.1" 200 68563 "http://eski.uzbekgidroenergoqurilish.uz/index.php?r=l4e6v6u4l0i2n9708" "Mozilla/5.0 AppleWebKit/537.36 (KHTML, like Gecko; compatible; ClaudeBot/1.0; +claudebot@anthropic.com)"
51.89.69.46 - - [25/Aug/2026:20:47:11 +0500] "GET /index.php/sitemap.xml HTTP/1.1" 508 288 "-" "Mozilla/5.0 (compatible; AhrefsBot/7.0; +http://ahrefs.com/robot/)"
216.73.216.32 - - [25/Aug/2026:20:47:08 +0500] "GET /uz/?author=17&format=feed&type=rss HTTP/1.1" 200 5923 "-" "Mozilla/5.0 AppleWebKit/537.36 (KHTML, like Gecko; compatible; ClaudeBot/1.0; +claudebot@anthropic.com)"
216.73.216.32 - - [25/Aug/2026:20:47:13 +0500] "GET /index.php?r=d4o1r8e2t3r1e2e8704 HTTP/1.1" 301 - "-" "Mozilla/5.0 AppleWebKit/537.36 (KHTML, like Gecko; compatible; ClaudeBot/1.0; +claudebot@anthropic.com)"
147.135.213.153 - - [25/Aug/2026:20:47:15 +0500] "GET /uz/?r=m9y4r0r3h3a18877&start=44 HTTP/1.1" 200 69672 "-" "Mozilla/5.0 (compatible; MJ12bot/v1.4.8; http://mj12bot.com/)"
216.73.216.32 - - [25/Aug/2026:20:47:17 +0500] "GET /uz/?r=d4o1r8e2t3r1e2e8704 HTTP/1.1" 200 68565 "http://eski.uzbekgidroenergoqurilish.uz/index.php?r=d4o1r8e2t3r1e2e8704" "Mozilla/5.0 AppleWebKit/537.36 (KHTML, like Gecko; compatible; ClaudeBot/1.0; +claudebot@anthropic.com)"
34.56.53.225 - - [25/Aug/2026:20:47:24 +0500] "GET /ru/component/search/?Itemid=124&format=opensearch HTTP/1.1" 200 785 "-" "Mozilla/5.0 (Macintosh; Intel Mac OS X 10_15_7) AppleWebKit/537.36 (KHTML, like Gecko) Chrome/120.0.0.0 Safari/537.36"
216.73.216.32 - - [25/Aug/2026:20:47:25 +0500] "GET /index.php?r=s4e1r4o8y5411132 HTTP/1.1" 301 - "-" "Mozilla/5.0 AppleWebKit/537.36 (KHTML, like Gecko; compatible; ClaudeBot/1.0; +claudebot@anthropic.com)"
216.73.216.32 - - [25/Aug/2026:20:47:30 +0500] "GET /uz/?r=s4e1r4o8y5411132 HTTP/1.1" 200 68562 "http://eski.uzbekgidroenergoqurilish.uz/index.php?r=s4e1r4o8y5411132" "Mozilla/5.0 AppleWebKit/537.36 (KHTML, like Gecko; compatible; ClaudeBot/1.0; +claudebot@anthropic.com)"
147.135.213.153 - - [25/Aug/2026:20:47:33 +0500] "GET /uz/?r=m9y4r0r3h3a18877&start=48 HTTP/1.1" 200 68919 "-" "Mozilla/5.0 (compatible; MJ12bot/v1.4.8; http://mj12bot.com/)"
216.73.216.32 - - [25/Aug/2026:20:47:36 +0500] "GET /index.php?r=j4u7i3c3e776954 HTTP/1.1" 301 - "-" "Mozilla/5.0 AppleWebKit/537.36 (KHTML, like Gecko; compatible; ClaudeBot/1.0; +claudebot@anthropic.com)"
216.73.216.32 - - [25/Aug/2026:20:47:38 +0500] "GET /index.php?r=y4e2a5r5n9f9u6l5247 HTTP/1.1" 301 - "-" "Mozilla/5.0 AppleWebKit/537.36 (KHTML, like Gecko; compatible; ClaudeBot/1.0; +claudebot@anthropic.com)"
216.73.216.32 - - [25/Aug/2026:20:47:40 +0500] "GET /uz/?r=j4u7i3c3e776954 HTTP/1.1" 200 68561 "http://eski.uzbekgidroenergoqurilish.uz/index.php?r=j4u7i3c3e776954" "Mozilla/5.0 AppleWebKit/537.36 (KHTML, like Gecko; compatible; ClaudeBot/1.0; +claudebot@anthropic.com)"
216.73.216.32 - - [25/Aug/2026:20:47:41 +0500] "GET /uz/?r=y4e2a5r5n9f9u6l5247 HTTP/1.1" 200 68565 "http://eski.uzbekgidroenergoqurilish.uz/index.php?r=y4e2a5r5n9f9u6l5247" "Mozilla/5.0 AppleWebKit/537.36 (KHTML, like Gecko; compatible; ClaudeBot/1.0; +claudebot@anthropic.com)"
216.73.216.32 - - [25/Aug/2026:20:47:50 +0500] "GET /index.php?r=t4e5t4r3a7n9d0r3i2a9 HTTP/1.1" 301 - "-" "Mozilla/5.0 AppleWebKit/537.36 (KHTML, like Gecko; compatible; ClaudeBot/1.0; +claudebot@anthropic.com)"
216.73.216.32 - - [25/Aug/2026:20:47:54 +0500] "GET /uz/?r=t4e5t4r3a7n9d0r3i2a9 HTTP/1.1" 200 68566 "http://eski.uzbekgidroenergoqurilish.uz/index.php?r=t4e5t4r3a7n9d0r3i2a9" "Mozilla/5.0 AppleWebKit/537.36 (KHTML, like Gecko; compatible; ClaudeBot/1.0; +claudebot@anthropic.com)"
216.73.216.32 - - [25/Aug/2026:20:48:01 +0500] "GET /index.php?r=c4h8a1l2c5e0d4o2n9i9ca HTTP/1.1" 508 288 "-" "Mozilla/5.0 AppleWebKit/537.36 (KHTML, like Gecko; compatible; ClaudeBot/1.0; +claudebot@anthropic.com)"
216.73.216.32 - - [25/Aug/2026:20:48:05 +0500] "GET /index.php?r=h4e3r3b5y4621603 HTTP/1.1" 508 288 "-" "Mozilla/5.0 AppleWebKit/537.36 (KHTML, like Gecko; compatible; ClaudeBot/1.0; +claudebot@anthropic.com)"
216.73.216.32 - - [25/Aug/2026:20:48:09 +0500] "GET /index.php?r=f4l3a2g7o2n652424 HTTP/1.1" 508 288 "-" "Mozilla/5.0 AppleWebKit/537.36 (KHTML, like Gecko; compatible; ClaudeBot/1.0; +claudebot@anthropic.com)"
216.73.216.32 - - [25/Aug/2026:20:48:12 +0500] "GET /index.php?r=m4o3u5s1e6769849 HTTP/1.1" 301 - "-" "Mozilla/5.0 AppleWebKit/537.36 (KHTML, like Gecko; compatible; ClaudeBot/1.0; +claudebot@anthropic.com)"
216.73.216.32 - - [25/Aug/2026:20:48:16 +0500] "GET /uz/?r=m4o3u5s1e6769849 HTTP/1.1" 200 68562 "http://eski.uzbekgidroenergoqurilish.uz/index.php?r=m4o3u5s1e6769849" "Mozilla/5.0 AppleWebKit/537.36 (KHTML, like Gecko; compatible; ClaudeBot/1.0; +claudebot@anthropic.com)"
34.10.180.98 - - [25/Aug/2026:20:48:22 +0500] "GET /uz/component/search/?Itemid=385&format=opensearch&template=yoo_master2 HTTP/1.1" 200 797 "-" "Mozilla/5.0 (Macintosh; Intel Mac OS X 10_15_7) AppleWebKit/537.36 (KHTML, like Gecko) Chrome/120.0.0.0 Safari/537.36"
216.73.216.32 - - [25/Aug/2026:20:48:24 +0500] "GET /index.php?r=a4r1m0u2r2e552410 HTTP/1.1" 301 - "-" "Mozilla/5.0 AppleWebKit/537.36 (KHTML, like Gecko; compatible; ClaudeBot/1.0; +claudebot@anthropic.com)"
216.73.216.32 - - [25/Aug/2026:20:48:27 +0500] "GET /uz/?r=a4r1m0u2r2e552410 HTTP/1.1" 508 288 "http://eski.uzbekgidroenergoqurilish.uz/index.php?r=a4r1m0u2r2e552410" "Mozilla/5.0 AppleWebKit/537.36 (KHTML, like Gecko; compatible; ClaudeBot/1.0; +claudebot@anthropic.com)"
216.73.216.32 - - [25/Aug/2026:20:48:33 +0500] "GET /index.php?r=c4o1a4l7e9s3c4e4n9t92 HTTP/1.1" 301 - "-" "Mozilla/5.0 AppleWebKit/537.36 (KHTML, like Gecko; compatible; ClaudeBot/1.0; +claudebot@anthropic.com)"
216.73.216.32 - - [25/Aug/2026:20:48:37 +0500] "GET /uz/?r=c4o1a4l7e9s3c4e4n9t92 HTTP/1.1" 200 68567 "http://eski.uzbekgidroenergoqurilish.uz/index.php?r=c4o1a4l7e9s3c4e4n9t92" "Mozilla/5.0 AppleWebKit/537.36 (KHTML, like Gecko; compatible; ClaudeBot/1.0; +claudebot@anthropic.com)"
216.73.216.32 - - [25/Aug/2026:20:48:46 +0500] "GET /index.php?r=d4i8a5l2e3c1t2i0c60 HTTP/1.1" 301 - "-" "Mozilla/5.0 AppleWebKit/537.36 (KHTML, like Gecko; compatible; ClaudeBot/1.0; +claudebot@anthropic.com)"
216.73.216.32 - - [25/Aug/2026:20:48:58 +0500] "GET /index.php?r=d4i3e6t8e8r415952 HTTP/1.1" 508 288 "-" "Mozilla/5.0 AppleWebKit/537.36 (KHTML, like Gecko; compatible; ClaudeBot/1.0; +claudebot@anthropic.com)"
216.73.216.32 - - [25/Aug/2026:20:48:51 +0500] "GET /uz/?r=d4i8a5l2e3c1t2i0c60 HTTP/1.1" 200 68413 "http://eski.uzbekgidroenergoqurilish.uz/index.php?r=d4i8a5l2e3c1t2i0c60" "Mozilla/5.0 AppleWebKit/537.36 (KHTML, like Gecko; compatible; ClaudeBot/1.0; +claudebot@anthropic.com)"
216.73.216.32 - - [25/Aug/2026:20:49:02 +0500] "GET /index.php?r=f4r2u9i3t9l4e0s5s677 HTTP/1.1" 508 288 "-" "Mozilla/5.0 AppleWebKit/537.36 (KHTML, like Gecko; compatible; ClaudeBot/1.0; +claudebot@anthropic.com)"
216.73.216.32 - - [25/Aug/2026:20:49:06 +0500] "GET /index.php?r=m4e1s6o3c0e7p5h1a3l2o5us HTTP/1.1" 301 - "-" "Mozilla/5.0 AppleWebKit/537.36 (KHTML, like Gecko; compatible; ClaudeBot/1.0; +claudebot@anthropic.com)"
216.73.216.32 - - [25/Aug/2026:20:49:11 +0500] "GET /uz/?r=m4e1s6o3c0e7p5h1a3l2o5us HTTP/1.1" 200 68418 "http://eski.uzbekgidroenergoqurilish.uz/index.php?r=m4e1s6o3c0e7p5h1a3l2o5us" "Mozilla/5.0 AppleWebKit/537.36 (KHTML, like Gecko; compatible; ClaudeBot/1.0; +claudebot@anthropic.com)"
34.61.96.6 - - [25/Aug/2026:20:49:20 +0500] "GET /docs/2025/balans-1-2025-ej.pdf HTTP/1.1" 200 104253 "-" "Mozilla/5.0 (Macintosh; Intel Mac OS X 10_15_7) AppleWebKit/537.36 (KHTML, like Gecko) Chrome/120.0.0.0 Safari/537.36"
216.73.216.32 - - [25/Aug/2026:20:49:17 +0500] "GET /uz/?Command=NOOP&NewWebClient=1&start=12 HTTP/1.1" 200 68513 "-" "Mozilla/5.0 AppleWebKit/537.36 (KHTML, like Gecko; compatible; ClaudeBot/1.0; +claudebot@anthropic.com)"
216.73.216.32 - - [25/Aug/2026:20:49:25 +0500] "GET /uz/?Command=NOOP&NewWebClient=1&start=16 HTTP/1.1" 200 67984 "-" "Mozilla/5.0 AppleWebKit/537.36 (KHTML, like Gecko; compatible; ClaudeBot/1.0; +claudebot@anthropic.com)"
216.73.216.32 - - [25/Aug/2026:20:49:34 +0500] "GET /index.php?r=c4o2o6p1e1e538305 HTTP/1.1" 508 288 "-" "Mozilla/5.0 AppleWebKit/537.36 (KHTML, like Gecko; compatible; ClaudeBot/1.0; +claudebot@anthropic.com)"
216.73.216.32 - - [25/Aug/2026:20:49:38 +0500] "GET /index.php?r=g4r2a6m7m7e8r76497 HTTP/1.1" 508 288 "-" "Mozilla/5.0 AppleWebKit/537.36 (KHTML, like Gecko; compatible; ClaudeBot/1.0; +claudebot@anthropic.com)"
216.73.216.32 - - [25/Aug/2026:20:49:42 +0500] "GET /index.php?r=l4e3a4t5h8e8r3j6a3c6k2et HTTP/1.1" 301 - "-" "Mozilla/5.0 AppleWebKit/537.36 (KHTML, like Gecko; compatible; ClaudeBot/1.0; +claudebot@anthropic.com)"
216.73.216.32 - - [25/Aug/2026:20:49:47 +0500] "GET /uz/?r=l4e3a4t5h8e8r3j6a3c6k2et HTTP/1.1" 200 68418 "http://eski.uzbekgidroenergoqurilish.uz/index.php?r=l4e3a4t5h8e8r3j6a3c6k2et" "Mozilla/5.0 AppleWebKit/537.36 (KHTML, like Gecko; compatible; ClaudeBot/1.0; +claudebot@anthropic.com)"
216.73.216.32 - - [25/Aug/2026:20:49:53 +0500] "GET /index.php?r=r4a2d6i5c7a7t5a1903 HTTP/1.1" 301 - "-" "Mozilla/5.0 AppleWebKit/537.36 (KHTML, like Gecko; compatible; ClaudeBot/1.0; +claudebot@anthropic.com)"
216.73.216.32 - - [25/Aug/2026:20:49:59 +0500] "GET /uz/?r=r4a2d6i5c7a7t5a1903 HTTP/1.1" 200 68413 "http://eski.uzbekgidroenergoqurilish.uz/index.php?r=r4a2d6i5c7a7t5a1903" "Mozilla/5.0 AppleWebKit/537.36 (KHTML, like Gecko; compatible; ClaudeBot/1.0; +claudebot@anthropic.com)"
216.73.216.32 - - [25/Aug/2026:20:50:06 +0500] "GET /index.php?r=f4l1u1t8e5s248205 HTTP/1.1" 301 - "-" "Mozilla/5.0 AppleWebKit/537.36 (KHTML, like Gecko; compatible; ClaudeBot/1.0; +claudebot@anthropic.com)"
216.73.216.32 - - [25/Aug/2026:20:50:11 +0500] "GET /uz/?r=f4l1u1t8e5s248205 HTTP/1.1" 200 68411 "http://eski.uzbekgidroenergoqurilish.uz/index.php?r=f4l1u1t8e5s248205" "Mozilla/5.0 AppleWebKit/537.36 (KHTML, like Gecko; compatible; ClaudeBot/1.0; +claudebot@anthropic.com)"
216.73.216.32 - - [25/Aug/2026:20:50:18 +0500] "GET /index.php?r=b4e1t7a1k7i9n8g4783 HTTP/1.1" 301 - "-" "Mozilla/5.0 AppleWebKit/537.36 (KHTML, like Gecko; compatible; ClaudeBot/1.0; +claudebot@anthropic.com)"
216.73.216.32 - - [25/Aug/2026:20:50:29 +0500] "GET /index.php?r=e4p1e1n3t5h3e1s2i8s7 HTTP/1.1" 508 288 "-" "Mozilla/5.0 AppleWebKit/537.36 (KHTML, like Gecko; compatible; ClaudeBot/1.0; +claudebot@anthropic.com)"
216.73.216.32 - - [25/Aug/2026:20:50:23 +0500] "GET /uz/?r=b4e1t7a1k7i9n8g4783 HTTP/1.1" 200 68413 "http://eski.uzbekgidroenergoqurilish.uz/index.php?r=b4e1t7a1k7i9n8g4783" "Mozilla/5.0 AppleWebKit/537.36 (KHTML, like Gecko; compatible; ClaudeBot/1.0; +claudebot@anthropic.com)"
216.73.216.32 - - [25/Aug/2026:20:50:33 +0500] "GET /index.php?r=d4e3c8a6r2b1o1n9i9z5i4ng HTTP/1.1" 508 288 "-" "Mozilla/5.0 AppleWebKit/537.36 (KHTML, like Gecko; compatible; ClaudeBot/1.0; +claudebot@anthropic.com)"
216.73.216.32 - - [25/Aug/2026:20:50:37 +0500] "GET /index.php?r=s4a3l5v7a3b1l5e6n1e2s7s HTTP/1.1" 508 288 "-" "Mozilla/5.0 AppleWebKit/537.36 (KHTML, like Gecko; compatible; ClaudeBot/1.0; +claudebot@anthropic.com)"
216.73.216.32 - - [25/Aug/2026:20:50:41 +0500] "GET /index.php?r=u4n3d8e3r1s0p5e2n0d08 HTTP/1.1" 301 - "-" "Mozilla/5.0 AppleWebKit/537.36 (KHTML, like Gecko; compatible; ClaudeBot/1.0; +claudebot@anthropic.com)"
216.73.216.32 - - [25/Aug/2026:20:50:47 +0500] "GET /uz/?r=u4n3d8e3r1s0p5e2n0d08 HTTP/1.1" 200 68415 "http://eski.uzbekgidroenergoqurilish.uz/index.php?r=u4n3d8e3r1s0p5e2n0d08" "Mozilla/5.0 AppleWebKit/537.36 (KHTML, like Gecko; compatible; ClaudeBot/1.0; +claudebot@anthropic.com)"
216.73.216.32 - - [25/Aug/2026:20:50:52 +0500] "GET /index.php?r=s4h3o8w4b5r8e1a3d460 HTTP/1.1" 301 - "-" "Mozilla/5.0 AppleWebKit/537.36 (KHTML, like Gecko; compatible; ClaudeBot/1.0; +claudebot@anthropic.com)"
216.73.216.32 - - [25/Aug/2026:20:50:59 +0500] "GET /uz/?r=s4h3o8w4b5r8e1a3d460 HTTP/1.1" 200 68414 "http://eski.uzbekgidroenergoqurilish.uz/index.php?r=s4h3o8w4b5r8e1a3d460" "Mozilla/5.0 AppleWebKit/537.36 (KHTML, like Gecko; compatible; ClaudeBot/1.0; +claudebot@anthropic.com)"
216.73.216.32 - - [25/Aug/2026:20:51:07 +0500] "GET /index.php?r=a4n1a5t2i0f5a2e8359 HTTP/1.1" 301 - "-" "Mozilla/5.0 AppleWebKit/537.36 (KHTML, like Gecko; compatible; ClaudeBot/1.0; +claudebot@anthropic.com)"
216.73.216.32 - - [25/Aug/2026:20:51:12 +0500] "GET /uz/?r=a4n1a5t2i0f5a2e8359 HTTP/1.1" 508 288 "http://eski.uzbekgidroenergoqurilish.uz/index.php?r=a4n1a5t2i0f5a2e8359" "Mozilla/5.0 AppleWebKit/537.36 (KHTML, like Gecko; compatible; ClaudeBot/1.0; +claudebot@anthropic.com)"
216.73.216.32 - - [25/Aug/2026:20:51:14 +0500] "GET /uz/?r=i4n2c7o7n1t1r0a0c4t0e3d HTTP/1.1" 508 288 "http://eski.uzbekgidroenergoqurilish.uz/index.php?r=i4n2c7o7n1t1r0a0c4t0e3d" "Mozilla/5.0 AppleWebKit/537.36 (KHTML, like Gecko; compatible; ClaudeBot/1.0; +claudebot@anthropic.com)"
216.73.216.32 - - [25/Aug/2026:20:51:08 +0500] "GET /index.php?r=i4n2c7o7n1t1r0a0c4t0e3d HTTP/1.1" 301 - "-" "Mozilla/5.0 AppleWebKit/537.36 (KHTML, like Gecko; compatible; ClaudeBot/1.0; +claudebot@anthropic.com)"
216.73.216.32 - - [25/Aug/2026:20:51:17 +0500] "GET /index.php?r=p4e1r0i5o8d8o1s9c9o5p9e HTTP/1.1" 301 - "-" "Mozilla/5.0 AppleWebKit/537.36 (KHTML, like Gecko; compatible; ClaudeBot/1.0; +claudebot@anthropic.com)"
216.73.216.32 - - [25/Aug/2026:20:51:23 +0500] "GET /uz/?r=p4e1r0i5o8d8o1s9c9o5p9e HTTP/1.1" 200 68417 "http://eski.uzbekgidroenergoqurilish.uz/index.php?r=p4e1r0i5o8d8o1s9c9o5p9e" "Mozilla/5.0 AppleWebKit/537.36 (KHTML, like Gecko; compatible; ClaudeBot/1.0; +claudebot@anthropic.com)"
216.73.216.32 - - [25/Aug/2026:20:51:37 +0500] "GET /index.php?r=p4l3a7c6k1337127 HTTP/1.1" 301 - "-" "Mozilla/5.0 AppleWebKit/537.36 (KHTML, like Gecko; compatible; ClaudeBot/1.0; +claudebot@anthropic.com)"
216.73.216.32 - - [25/Aug/2026:20:51:43 +0500] "GET /uz/?r=p4l3a7c6k1337127 HTTP/1.1" 200 68410 "http://eski.uzbekgidroenergoqurilish.uz/index.php?r=p4l3a7c6k1337127" "Mozilla/5.0 AppleWebKit/537.36 (KHTML, like Gecko; compatible; ClaudeBot/1.0; +claudebot@anthropic.com)"
216.73.216.32 - - [25/Aug/2026:20:52:04 +0500] "GET /index.php?r=c4o2q8u6e4t0t7e1d044 HTTP/1.1" 508 288 "-" "Mozilla/5.0 AppleWebKit/537.36 (KHTML, like Gecko; compatible; ClaudeBot/1.0; +claudebot@anthropic.com)"
216.73.216.32 - - [25/Aug/2026:20:52:23 +0500] "GET /index.php?r=r4a1n5s9o1m4a5b5l3e55 HTTP/1.1" 301 - "-" "Mozilla/5.0 AppleWebKit/537.36 (KHTML, like Gecko; compatible; ClaudeBot/1.0; +claudebot@anthropic.com)"
216.73.216.32 - - [25/Aug/2026:20:52:31 +0500] "GET /uz/?r=r4a1n5s9o1m4a5b5l3e55 HTTP/1.1" 200 68415 "http://eski.uzbekgidroenergoqurilish.uz/index.php?r=r4a1n5s9o1m4a5b5l3e55" "Mozilla/5.0 AppleWebKit/537.36 (KHTML, like Gecko; compatible; ClaudeBot/1.0; +claudebot@anthropic.com)"
216.73.216.32 - - [25/Aug/2026:20:52:38 +0500] "GET /index.php?r=p4a1n3d3e4r2o4u7s090 HTTP/1.1" 301 - "-" "Mozilla/5.0 AppleWebKit/537.36 (KHTML, like Gecko; compatible; ClaudeBot/1.0; +claudebot@anthropic.com)"
216.73.216.32 - - [25/Aug/2026:20:52:45 +0500] "GET /uz/?r=p4a1n3d3e4r2o4u7s090 HTTP/1.1" 200 68414 "http://eski.uzbekgidroenergoqurilish.uz/index.php?r=p4a1n3d3e4r2o4u7s090" "Mozilla/5.0 AppleWebKit/537.36 (KHTML, like Gecko; compatible; ClaudeBot/1.0; +claudebot@anthropic.com)"
216.73.216.32 - - [25/Aug/2026:20:52:57 +0500] "GET /index.php?r=f4o1r9e5g1o0n3e39 HTTP/1.1" 508 288 "-" "Mozilla/5.0 AppleWebKit/537.36 (KHTML, like Gecko; compatible; ClaudeBot/1.0; +claudebot@anthropic.com)"
216.73.216.32 - - [25/Aug/2026:20:53:09 +0500] "GET /index.php?r=b4i1b3l6i2o6p8o2l7e64 HTTP/1.1" 301 - "-" "Mozilla/5.0 AppleWebKit/537.36 (KHTML, like Gecko; compatible; ClaudeBot/1.0; +claudebot@anthropic.com)"
216.73.216.32 - - [25/Aug/2026:20:53:16 +0500] "GET /uz/?r=b4i1b3l6i2o6p8o2l7e64 HTTP/1.1" 200 68415 "http://eski.uzbekgidroenergoqurilish.uz/index.php?r=b4i1b3l6i2o6p8o2l7e64" "Mozilla/5.0 AppleWebKit/537.36 (KHTML, like Gecko; compatible; ClaudeBot/1.0; +claudebot@anthropic.com)"
216.73.216.32 - - [25/Aug/2026:20:53:28 +0500] "GET /index.php?r=s4t4e3n7o3g5r8a7p1h4 HTTP/1.1" 301 - "-" "Mozilla/5.0 AppleWebKit/537.36 (KHTML, like Gecko; compatible; ClaudeBot/1.0; +claudebot@anthropic.com)"
216.73.216.32 - - [25/Aug/2026:20:53:36 +0500] "GET /uz/?r=s4t4e3n7o3g5r8a7p1h4 HTTP/1.1" 200 68414 "http://eski.uzbekgidroenergoqurilish.uz/index.php?r=s4t4e3n7o3g5r8a7p1h4" "Mozilla/5.0 AppleWebKit/537.36 (KHTML, like Gecko; compatible; ClaudeBot/1.0; +claudebot@anthropic.com)"
161.153.48.160 - - [25/Aug/2026:20:54:30 +0500] "GET /uz/officially-uzb/tenders-uzb/423-vacancy-director-2024-uzb HTTP/1.1" 508 288 "-" "Mozilla/5.0 (X11; Linux aarch64) AppleWebKit/537.36 (KHTML, like Gecko) Chrome/139.0.0.0 Safari/537.36"
216.73.216.32 - - [25/Aug/2026:20:55:29 +0500] "GET /uz/?r=e4r2a8s4u1r4e55482&start=12 HTTP/1.1" 508 288 "-" "Mozilla/5.0 AppleWebKit/537.36 (KHTML, like Gecko; compatible; ClaudeBot/1.0; +claudebot@anthropic.com)"
216.73.216.32 - - [25/Aug/2026:20:55:48 +0500] "GET /uz/?r=e4r2a8s4u1r4e55482&start=52 HTTP/1.1" 200 69180 "-" "Mozilla/5.0 AppleWebKit/537.36 (KHTML, like Gecko; compatible; ClaudeBot/1.0; +claudebot@anthropic.com)"
216.73.216.32 - - [25/Aug/2026:20:55:59 +0500] "GET /index.php?r=e4u3p6h4u3i1s0t1i5c64 HTTP/1.1" 301 - "-" "Mozilla/5.0 AppleWebKit/537.36 (KHTML, like Gecko; compatible; ClaudeBot/1.0; +claudebot@anthropic.com)"
216.73.216.32 - - [25/Aug/2026:20:56:06 +0500] "GET /uz/?r=e4u3p6h4u3i1s0t1i5c64 HTTP/1.1" 200 68415 "http://eski.uzbekgidroenergoqurilish.uz/index.php?r=e4u3p6h4u3i1s0t1i5c64" "Mozilla/5.0 AppleWebKit/537.36 (KHTML, like Gecko; compatible; ClaudeBot/1.0; +claudebot@anthropic.com)"
216.73.216.32 - - [25/Aug/2026:20:56:19 +0500] "GET /index.php?r=w4i2t0h6o1u6t4f5o0r6t0h HTTP/1.1" 301 - "-" "Mozilla/5.0 AppleWebKit/537.36 (KHTML, like Gecko; compatible; ClaudeBot/1.0; +claudebot@anthropic.com)"
216.73.216.32 - - [25/Aug/2026:20:56:24 +0500] "GET /uz/?r=w4i2t0h6o1u6t4f5o0r6t0h HTTP/1.1" 200 68417 "http://eski.uzbekgidroenergoqurilish.uz/index.php?r=w4i2t0h6o1u6t4f5o0r6t0h" "Mozilla/5.0 AppleWebKit/537.36 (KHTML, like Gecko; compatible; ClaudeBot/1.0; +claudebot@anthropic.com)"
216.73.216.32 - - [25/Aug/2026:20:56:30 +0500] "GET /uz/?r=e4r2a8s4u1r4e55482&start=8 HTTP/1.1" 200 67731 "-" "Mozilla/5.0 AppleWebKit/537.36 (KHTML, like Gecko; compatible; ClaudeBot/1.0; +claudebot@anthropic.com)"
216.73.216.32 - - [25/Aug/2026:20:57:27 +0500] "GET /index.php?r=g4u3e2l7d1e7r6r5o8s1e9 HTTP/1.1" 301 - "-" "Mozilla/5.0 AppleWebKit/537.36 (KHTML, like Gecko; compatible; ClaudeBot/1.0; +claudebot@anthropic.com)"
216.73.216.32 - - [25/Aug/2026:20:57:33 +0500] "GET /uz/?r=g4u3e2l7d1e7r6r5o8s1e9 HTTP/1.1" 200 68416 "http://eski.uzbekgidroenergoqurilish.uz/index.php?r=g4u3e2l7d1e7r6r5o8s1e9" "Mozilla/5.0 AppleWebKit/537.36 (KHTML, like Gecko; compatible; ClaudeBot/1.0; +claudebot@anthropic.com)"
216.73.216.32 - - [25/Aug/2026:20:57:46 +0500] "GET /index.php?r=p4r1e3t8e1n2d6i4n0g47 HTTP/1.1" 301 - "-" "Mozilla/5.0 AppleWebKit/537.36 (KHTML, like Gecko; compatible; ClaudeBot/1.0; +claudebot@anthropic.com)"
216.73.216.32 - - [25/Aug/2026:20:57:52 +0500] "GET /uz/?r=p4r1e3t8e1n2d6i4n0g47 HTTP/1.1" 200 68415 "http://eski.uzbekgidroenergoqurilish.uz/index.php?r=p4r1e3t8e1n2d6i4n0g47" "Mozilla/5.0 AppleWebKit/537.36 (KHTML, like Gecko; compatible; ClaudeBot/1.0; +claudebot@anthropic.com)"
216.73.216.32 - - [25/Aug/2026:20:57:59 +0500] "GET /index.php?r=r4i1b1o2s9e478229 HTTP/1.1" 301 - "-" "Mozilla/5.0 AppleWebKit/537.36 (KHTML, like Gecko; compatible; ClaudeBot/1.0; +claudebot@anthropic.com)"
216.73.216.32 - - [25/Aug/2026:20:58:03 +0500] "GET /uz/?r=r4i1b1o2s9e478229 HTTP/1.1" 200 68411 "http://eski.uzbekgidroenergoqurilish.uz/index.php?r=r4i1b1o2s9e478229" "Mozilla/5.0 AppleWebKit/537.36 (KHTML, like Gecko; compatible; ClaudeBot/1.0; +claudebot@anthropic.com)"
216.73.216.32 - - [25/Aug/2026:20:58:18 +0500] "GET /index.php?r=p4o2e4c6i6l8i1i5i6d3a8e HTTP/1.1" 301 - "-" "Mozilla/5.0 AppleWebKit/537.36 (KHTML, like Gecko; compatible; ClaudeBot/1.0; +claudebot@anthropic.com)"
216.73.216.32 - - [25/Aug/2026:20:58:24 +0500] "GET /uz/?r=p4o2e4c6i6l8i1i5i6d3a8e HTTP/1.1" 200 68417 "http://eski.uzbekgidroenergoqurilish.uz/index.php?r=p4o2e4c6i6l8i1i5i6d3a8e" "Mozilla/5.0 AppleWebKit/537.36 (KHTML, like Gecko; compatible; ClaudeBot/1.0; +claudebot@anthropic.com)"
216.73.216.32 - - [25/Aug/2026:20:58:37 +0500] "GET /index.php?r=f4u1l1m6i9n5a2t3i3o7n HTTP/1.1" 301 - "-" "Mozilla/5.0 AppleWebKit/537.36 (KHTML, like Gecko; compatible; ClaudeBot/1.0; +claudebot@anthropic.com)"
216.73.216.32 - - [25/Aug/2026:20:58:43 +0500] "GET /uz/?r=f4u1l1m6i9n5a2t3i3o7n HTTP/1.1" 508 288 "http://eski.uzbekgidroenergoqurilish.uz/index.php?r=f4u1l1m6i9n5a2t3i3o7n" "Mozilla/5.0 AppleWebKit/537.36 (KHTML, like Gecko; compatible; ClaudeBot/1.0; +claudebot@anthropic.com)"
216.73.216.32 - - [25/Aug/2026:20:58:57 +0500] "GET /index.php?r=e4x1a7m0p6l0e5d1814 HTTP/1.1" 301 - "-" "Mozilla/5.0 AppleWebKit/537.36 (KHTML, like Gecko; compatible; ClaudeBot/1.0; +claudebot@anthropic.com)"
216.73.216.32 - - [25/Aug/2026:20:59:02 +0500] "GET /uz/?r=e4x1a7m0p6l0e5d1814 HTTP/1.1" 200 68413 "http://eski.uzbekgidroenergoqurilish.uz/index.php?r=e4x1a7m0p6l0e5d1814" "Mozilla/5.0 AppleWebKit/537.36 (KHTML, like Gecko; compatible; ClaudeBot/1.0; +claudebot@anthropic.com)"
216.73.216.32 - - [25/Aug/2026:20:59:08 +0500] "GET /index.php?r=c4o2r0o4n3e911220 HTTP/1.1" 301 - "-" "Mozilla/5.0 AppleWebKit/537.36 (KHTML, like Gecko; compatible; ClaudeBot/1.0; +claudebot@anthropic.com)"
216.73.216.32 - - [25/Aug/2026:20:59:13 +0500] "GET /uz/?r=c4o2r0o4n3e911220 HTTP/1.1" 200 68411 "http://eski.uzbekgidroenergoqurilish.uz/index.php?r=c4o2r0o4n3e911220" "Mozilla/5.0 AppleWebKit/537.36 (KHTML, like Gecko; compatible; ClaudeBot/1.0; +claudebot@anthropic.com)"
216.73.216.32 - - [25/Aug/2026:20:59:27 +0500] "GET /index.php?r=l4i1t8e4r8a6l1n2e7s4s2 HTTP/1.1" 508 288 "-" "Mozilla/5.0 AppleWebKit/537.36 (KHTML, like Gecko; compatible; ClaudeBot/1.0; +claudebot@anthropic.com)"
216.73.216.32 - - [25/Aug/2026:20:59:47 +0500] "GET /index.php?r=h4y8e7t9a0l41874 HTTP/1.1" 301 - "-" "Mozilla/5.0 AppleWebKit/537.36 (KHTML, like Gecko; compatible; ClaudeBot/1.0; +claudebot@anthropic.com)"
216.73.216.32 - - [25/Aug/2026:20:59:53 +0500] "GET /uz/?r=h4y8e7t9a0l41874 HTTP/1.1" 200 68410 "http://eski.uzbekgidroenergoqurilish.uz/index.php?r=h4y8e7t9a0l41874" "Mozilla/5.0 AppleWebKit/537.36 (KHTML, like Gecko; compatible; ClaudeBot/1.0; +claudebot@anthropic.com)"
216.73.216.32 - - [25/Aug/2026:21:00:06 +0500] "GET /index.php?r=i4s2l9a8n9d9i8c0u8s20 HTTP/1.1" 301 - "-" "Mozilla/5.0 AppleWebKit/537.36 (KHTML, like Gecko; compatible; ClaudeBot/1.0; +claudebot@anthropic.com)"
216.73.216.32 - - [25/Aug/2026:21:00:09 +0500] "GET /uz/?r=i4s2l9a8n9d9i8c0u8s20 HTTP/1.1" 200 68415 "http://eski.uzbekgidroenergoqurilish.uz/index.php?r=i4s2l9a8n9d9i8c0u8s20" "Mozilla/5.0 AppleWebKit/537.36 (KHTML, like Gecko; compatible; ClaudeBot/1.0; +claudebot@anthropic.com)"
216.73.216.32 - - [25/Aug/2026:21:00:18 +0500] "GET /index.php?r=w4o1o8d6c7r5a2c5k2e3r7 HTTP/1.1" 301 - "-" "Mozilla/5.0 AppleWebKit/537.36 (KHTML, like Gecko; compatible; ClaudeBot/1.0; +claudebot@anthropic.com)"
216.73.216.32 - - [25/Aug/2026:21:00:22 +0500] "GET /uz/?r=w4o1o8d6c7r5a2c5k2e3r7 HTTP/1.1" 200 68416 "http://eski.uzbekgidroenergoqurilish.uz/index.php?r=w4o1o8d6c7r5a2c5k2e3r7" "Mozilla/5.0 AppleWebKit/537.36 (KHTML, like Gecko; compatible; ClaudeBot/1.0; +claudebot@anthropic.com)"
216.73.216.32 - - [25/Aug/2026:21:00:38 +0500] "GET /index.php?r=l4i1t9o8t4e6s02127 HTTP/1.1" 301 - "-" "Mozilla/5.0 AppleWebKit/537.36 (KHTML, like Gecko; compatible; ClaudeBot/1.0; +claudebot@anthropic.com)"
