207.46.13.6 - - [25/Aug/2026:21:49:38 +0500] "GET /uz/?_cb=6689739457058942012&start=44 HTTP/1.1" 200 217678 "-" "Mozilla/5.0 AppleWebKit/537.36 (KHTML, like Gecko; compatible; bingbot/2.0; +http://www.bing.com/bingbot.htm) Chrome/116.0.1938.76 Safari/537.36"
207.46.13.6 - - [25/Aug/2026:21:49:43 +0500] "GET /uz/?author=19&start=4 HTTP/1.1" 200 218569 "-" "Mozilla/5.0 AppleWebKit/537.36 (KHTML, like Gecko; compatible; bingbot/2.0; +http://www.bing.com/bingbot.htm) Chrome/116.0.1938.76 Safari/537.36"
66.249.69.137 - - [25/Aug/2026:21:50:04 +0500] "GET /shops/dallier/b7o2l9l6i6n6g00711 HTTP/1.1" 200 212511 "-" "Mozilla/5.0 (Linux; Android 6.0.1; Nexus 5X Build/MMB29P) AppleWebKit/537.36 (KHTML, like Gecko) Chrome/151.0.7922.173 Mobile Safari/537.36 (compatible; GoogleOther)"
34.171.68.95 - - [25/Aug/2026:21:50:21 +0500] "GET /ru/korp-upr-rus?format=feed&template=accessibility&type=atom HTTP/1.1" 200 16183 "-" "Mozilla/5.0 (Macintosh; Intel Mac OS X 10_15_7) AppleWebKit/537.36 (KHTML, like Gecko) Chrome/120.0.0.0 Safari/537.36"
34.123.149.87 - - [25/Aug/2026:21:50:31 +0500] "GET /uz/facts-uzb/404-sush-fakt-06-31-03-2023-pdf HTTP/1.1" 200 57468 "-" "Mozilla/5.0 (Macintosh; Intel Mac OS X 10_15_7) AppleWebKit/537.36 (KHTML, like Gecko) Chrome/120.0.0.0 Safari/537.36"
66.249.69.137 - - [25/Aug/2026:21:50:45 +0500] "GET /?r=c4o3n1n1u1s1a6n9t182 HTTP/1.1" 200 199134 "-" "Mozilla/5.0 (Linux; Android 6.0.1; Nexus 5X Build/MMB29P) AppleWebKit/537.36 (KHTML, like Gecko) Chrome/151.0.7922.173 Mobile Safari/537.36 (compatible; GoogleOther)"
66.249.64.97 - - [25/Aug/2026:21:51:26 +0500] "GET /?r=l4e1m3m7a5n468458 HTTP/1.1" 200 213935 "-" "Mozilla/5.0 (Linux; Android 6.0.1; Nexus 5X Build/MMB29P) AppleWebKit/537.36 (KHTML, like Gecko) Chrome/151.0.7922.173 Mobile Safari/537.36 (compatible; GoogleOther)"
185.191.171.15 - - [25/Aug/2026:21:51:33 +0500] "GET /uz/facts-uzb/55-05-mansabdor-shaxslarning-shaxsij-tarkibidagi-uzgarishlar HTTP/1.1" 508 288 "-" "Mozilla/5.0 (compatible; SemrushBot/7~bl; +http://www.semrush.com/bot.html)"
66.249.69.137 - - [25/Aug/2026:21:52:08 +0500] "GET /?r=d1o3w7n3f4a0l9l0e4n97 HTTP/1.1" 200 199535 "-" "Mozilla/5.0 (Linux; Android 6.0.1; Nexus 5X Build/MMB29P) AppleWebKit/537.36 (KHTML, like Gecko) Chrome/151.0.7922.173 Mobile Safari/537.36 (compatible; GoogleOther)"
66.249.69.137 - - [25/Aug/2026:21:52:22 +0500] "GET /?r=c6o2r8n0e6m0u3s4e503 HTTP/1.1" 200 210587 "-" "Mozilla/5.0 (Linux; Android 6.0.1; Nexus 5X Build/MMB29P) AppleWebKit/537.36 (KHTML, like Gecko) Chrome/151.0.7922.173 Mobile Safari/537.36 (compatible; Googlebot/2.1; +http://www.google.com/bot.html)"
66.249.69.137 - - [25/Aug/2026:21:52:47 +0500] "GET /?imposed/93204013471 HTTP/1.1" 200 213777 "-" "Mozilla/5.0 (Linux; Android 6.0.1; Nexus 5X Build/MMB29P) AppleWebKit/537.36 (KHTML, like Gecko) Chrome/151.0.7922.173 Mobile Safari/537.36 (compatible; GoogleOther)"
65.108.78.33 - - [25/Aug/2026:21:53:08 +0500] "GET /robots.txt HTTP/1.1" 200 111 "-" "Mozilla/5.0 (compatible; MJ12bot/v1.4.8; http://mj12bot.com/)"
65.108.78.33 - - [25/Aug/2026:21:53:12 +0500] "GET /uz/?r=d9e5m3o0n3i2a0c5i2s5m&start=52 HTTP/1.1" 200 69788 "-" "Mozilla/5.0 (compatible; MJ12bot/v1.4.8; http://mj12bot.com/)"
66.249.69.137 - - [25/Aug/2026:21:53:29 +0500] "GET /?drowsy/52214102990 HTTP/1.1" 200 201521 "-" "Mozilla/5.0 (Linux; Android 6.0.1; Nexus 5X Build/MMB29P) AppleWebKit/537.36 (KHTML, like Gecko) Chrome/151.0.7922.173 Mobile Safari/537.36 (compatible; GoogleOther)"
65.108.78.33 - - [25/Aug/2026:21:53:31 +0500] "GET /uz/?r=d9e5m3o0n3i2a0c5i2s5m&start=8 HTTP/1.1" 200 67826 "-" "Mozilla/5.0 (compatible; MJ12bot/v1.4.8; http://mj12bot.com/)"
34.30.223.149 - - [25/Aug/2026:21:53:38 +0500] "GET /uz/news-uzb/241-e-lon-10-09-18 HTTP/1.1" 200 57717 "-" "Mozilla/5.0 (Macintosh; Intel Mac OS X 10_15_7) AppleWebKit/537.36 (KHTML, like Gecko) Chrome/120.0.0.0 Safari/537.36"
65.108.78.33 - - [25/Aug/2026:21:53:47 +0500] "GET /uz/?r=m9o3i5l6i7n2g8588 HTTP/1.1" 200 68397 "-" "Mozilla/5.0 (compatible; MJ12bot/v1.4.8; http://mj12bot.com/)"
34.171.68.95 - - [25/Aug/2026:21:53:50 +0500] "GET /ru/jsc-docs-rus/184-vnutr-contr-28-06-16-rus HTTP/1.1" 200 85937 "-" "Mozilla/5.0 (Macintosh; Intel Mac OS X 10_15_7) AppleWebKit/537.36 (KHTML, like Gecko) Chrome/120.0.0.0 Safari/537.36"
65.108.78.33 - - [25/Aug/2026:21:54:10 +0500] "GET /uz/?r=m9o3i5l6i7n2g8588&format=feed&type=atom HTTP/1.1" 200 9198 "-" "Mozilla/5.0 (compatible; MJ12bot/v1.4.8; http://mj12bot.com/)"
66.249.69.139 - - [25/Aug/2026:21:54:09 +0500] "GET /?r=o7b3j5e2c8t4i5z3e021 HTTP/1.1" 200 198846 "-" "Mozilla/5.0 (Linux; Android 6.0.1; Nexus 5X Build/MMB29P) AppleWebKit/537.36 (KHTML, like Gecko) Chrome/151.0.7922.173 Mobile Safari/537.36 (compatible; GoogleOther)"
65.108.78.33 - - [25/Aug/2026:21:54:24 +0500] "GET /uz/?r=m9o3i5l6i7n2g8588&format=feed&type=rss HTTP/1.1" 200 6003 "-" "Mozilla/5.0 (compatible; MJ12bot/v1.4.8; http://mj12bot.com/)"
65.108.78.33 - - [25/Aug/2026:21:54:48 +0500] "GET /uz/?r=m9o3i5l6i7n2g8588&start=12 HTTP/1.1" 200 68224 "-" "Mozilla/5.0 (compatible; MJ12bot/v1.4.8; http://mj12bot.com/)"
66.249.69.137 - - [25/Aug/2026:21:54:50 +0500] "GET /?r=b5o6r3a6g6e8w2o1r6t3 HTTP/1.1" 200 201720 "-" "Mozilla/5.0 (Linux; Android 6.0.1; Nexus 5X Build/MMB29P) AppleWebKit/537.36 (KHTML, like Gecko) Chrome/151.0.7922.173 Mobile Safari/537.36 (compatible; GoogleOther)"
65.108.78.33 - - [25/Aug/2026:21:55:11 +0500] "GET /uz/?r=m9o3i5l6i7n2g8588&start=16 HTTP/1.1" 200 67875 "-" "Mozilla/5.0 (compatible; MJ12bot/v1.4.8; http://mj12bot.com/)"
65.108.78.33 - - [25/Aug/2026:21:55:27 +0500] "GET /uz/?r=m9o3i5l6i7n2g8588&start=24 HTTP/1.1" 200 67921 "-" "Mozilla/5.0 (compatible; MJ12bot/v1.4.8; http://mj12bot.com/)"
66.249.69.137 - - [25/Aug/2026:21:55:37 +0500] "GET /?r=p1a3m0p8h5l8e7t0573 HTTP/1.1" 200 199273 "-" "Mozilla/5.0 (Linux; Android 6.0.1; Nexus 5X Build/MMB29P) AppleWebKit/537.36 (KHTML, like Gecko) Chrome/151.0.7922.173 Mobile Safari/537.36 (compatible; Googlebot/2.1; +http://www.google.com/bot.html)"
65.108.78.33 - - [25/Aug/2026:21:55:52 +0500] "GET /uz/?r=m9o3i5l6i7n2g8588&start=28 HTTP/1.1" 200 70102 "-" "Mozilla/5.0 (compatible; MJ12bot/v1.4.8; http://mj12bot.com/)"
66.249.69.138 - - [25/Aug/2026:21:56:12 +0500] "GET /?r=f9o2r6g6a3t5h4e1r713 HTTP/1.1" 200 207506 "-" "Mozilla/5.0 (Linux; Android 6.0.1; Nexus 5X Build/MMB29P) AppleWebKit/537.36 (KHTML, like Gecko) Chrome/151.0.7922.173 Mobile Safari/537.36 (compatible; GoogleOther)"
65.108.78.33 - - [25/Aug/2026:21:56:16 +0500] "GET /uz/?r=m9o3i5l6i7n2g8588&start=32 HTTP/1.1" 200 68653 "-" "Mozilla/5.0 (compatible; MJ12bot/v1.4.8; http://mj12bot.com/)"
34.30.223.149 - - [25/Aug/2026:21:56:41 +0500] "GET /uz/facts-uzb/59-01-izmenenie-naimenovaniya-ili-mestonakhozhdeniya-pochtovogo-adresa-emitenta HTTP/1.1" 508 288 "-" "Mozilla/5.0 (Macintosh; Intel Mac OS X 10_15_7) AppleWebKit/537.36 (KHTML, like Gecko) Chrome/120.0.0.0 Safari/537.36"
65.108.78.33 - - [25/Aug/2026:21:56:49 +0500] "GET /uz/?r=m9o3i5l6i7n2g8588&start=8 HTTP/1.1" 200 67822 "-" "Mozilla/5.0 (compatible; MJ12bot/v1.4.8; http://mj12bot.com/)"
66.249.69.139 - - [25/Aug/2026:21:57:29 +0500] "GET /?r=u9n3r8e1g6e3n7e1r8a8t2ed HTTP/1.1" 200 215063 "-" "Mozilla/5.0 (Linux; Android 6.0.1; Nexus 5X Build/MMB29P) AppleWebKit/537.36 (KHTML, like Gecko) Chrome/151.0.7922.173 Mobile Safari/537.36 (compatible; GoogleOther)"
207.46.13.6 - - [25/Aug/2026:21:57:38 +0500] "GET /uz/?function=call_user_func_array&s=index/think%5C%5C%5C%5Capp/invokefunction&vars[0]=phpinfo&vars[1][0]=1 HTTP/1.1" 200 209748 "-" "Mozilla/5.0 AppleWebKit/537.36 (KHTML, like Gecko; compatible; bingbot/2.0; +http://www.bing.com/bingbot.htm) Chrome/116.0.1938.76 Safari/537.36"
66.249.69.138 - - [25/Aug/2026:21:58:39 +0500] "GET /ichnite/charon/i0c3h7n1i1t9e66454 HTTP/1.1" 508 288 "-" "Mozilla/5.0 (Linux; Android 6.0.1; Nexus 5X Build/MMB29P) AppleWebKit/537.36 (KHTML, like Gecko) Chrome/151.0.7922.173 Mobile Safari/537.36 (compatible; GoogleOther)"
66.249.69.138 - - [25/Aug/2026:21:58:53 +0500] "GET /?r=d2e6v2i9l6i8s5h917 HTTP/1.1" 200 212512 "-" "Mozilla/5.0 (Linux; Android 6.0.1; Nexus 5X Build/MMB29P) AppleWebKit/537.36 (KHTML, like Gecko) Chrome/151.0.7922.173 Mobile Safari/537.36 (compatible; Googlebot/2.1; +http://www.google.com/bot.html)"
34.42.229.145 - - [25/Aug/2026:22:00:21 +0500] "GET /docs/reports/2020/balans-1-2-2020.xls HTTP/1.1" 200 53248 "-" "Mozilla/5.0 (Macintosh; Intel Mac OS X 10_15_7) AppleWebKit/537.36 (KHTML, like Gecko) Chrome/120.0.0.0 Safari/537.36"
66.249.69.138 - - [25/Aug/2026:22:00:40 +0500] "GET /?r=v9i4l8l8e5n2a5g2e34 HTTP/1.1" 508 288 "-" "Mozilla/5.0 (Linux; Android 6.0.1; Nexus 5X Build/MMB29P) AppleWebKit/537.36 (KHTML, like Gecko) Chrome/151.0.7922.173 Mobile Safari/537.36 (compatible; GoogleOther)"
34.10.180.98 - - [25/Aug/2026:22:00:52 +0500] "GET /uz/info-for-shareholders-uzb/256-kpe-4-2018-ej HTTP/1.1" 200 57124 "-" "Mozilla/5.0 (Macintosh; Intel Mac OS X 10_15_7) AppleWebKit/537.36 (KHTML, like Gecko) Chrome/120.0.0.0 Safari/537.36"
34.123.149.87 - - [25/Aug/2026:22:01:05 +0500] "GET /uz/component/search/?Itemid=171&catid=25&format=opensearch&id=160 HTTP/1.1" 508 288 "-" "Mozilla/5.0 (Macintosh; Intel Mac OS X 10_15_7) AppleWebKit/537.36 (KHTML, like Gecko) Chrome/120.0.0.0 Safari/537.36"
66.249.69.139 - - [25/Aug/2026:22:01:33 +0500] "GET /throatboll/g7o4o2d4k2i1n3g6h7e8nry HTTP/1.1" 200 211785 "-" "Mozilla/5.0 (Linux; Android 6.0.1; Nexus 5X Build/MMB29P) AppleWebKit/537.36 (KHTML, like Gecko) Chrome/151.0.7922.173 Mobile Safari/537.36 (compatible; GoogleOther)"
66.249.69.137 - - [25/Aug/2026:22:02:09 +0500] "GET /?r=d9i2s4t2o3r6t9e1d005 HTTP/1.1" 200 212894 "-" "Mozilla/5.0 (Linux; Android 6.0.1; Nexus 5X Build/MMB29P) AppleWebKit/537.36 (KHTML, like Gecko) Chrome/151.0.7922.173 Mobile Safari/537.36 (compatible; Googlebot/2.1; +http://www.google.com/bot.html)"
66.249.69.137 - - [25/Aug/2026:22:02:22 +0500] "GET /shops/fleshment/r9e2j4u4v3e0n0a7t5i5o3n HTTP/1.1" 508 288 "-" "Mozilla/5.0 (Linux; Android 6.0.1; Nexus 5X Build/MMB29P) AppleWebKit/537.36 (KHTML, like Gecko) Chrome/151.0.7922.173 Mobile Safari/537.36 (compatible; GoogleOther)"
66.249.69.139 - - [25/Aug/2026:22:03:04 +0500] "GET /shops/dimply/g9a2r9g3o2l134351 HTTP/1.1" 200 210230 "-" "Mozilla/5.0 (Linux; Android 6.0.1; Nexus 5X Build/MMB29P) AppleWebKit/537.36 (KHTML, like Gecko) Chrome/151.0.7922.173 Mobile Safari/537.36 (compatible; GoogleOther)"
66.249.69.138 - - [25/Aug/2026:22:03:43 +0500] "GET /shops/convoke/b9a3m9b2o6o7z9l6e3d24 HTTP/1.1" 200 209891 "-" "Mozilla/5.0 (Linux; Android 6.0.1; Nexus 5X Build/MMB29P) AppleWebKit/537.36 (KHTML, like Gecko) Chrome/151.0.7922.173 Mobile Safari/537.36 (compatible; GoogleOther)"
66.249.69.137 - - [25/Aug/2026:22:04:19 +0500] "GET /?r=i0m1p9a1r2a8d1i4s9i8n3g HTTP/1.1" 200 219891 "-" "Mozilla/5.0 (Linux; Android 6.0.1; Nexus 5X Build/MMB29P) AppleWebKit/537.36 (KHTML, like Gecko) Chrome/151.0.7922.173 Mobile Safari/537.36 (compatible; GoogleOther)"
66.249.69.137 - - [25/Aug/2026:22:04:54 +0500] "GET /selfdeception/cytoblast/93939677635 HTTP/1.1" 200 209689 "-" "Mozilla/5.0 (Linux; Android 6.0.1; Nexus 5X Build/MMB29P) AppleWebKit/537.36 (KHTML, like Gecko) Chrome/151.0.7922.173 Mobile Safari/537.36 (compatible; GoogleOther)"
66.249.69.137 - - [25/Aug/2026:22:05:24 +0500] "GET /requin/wroth/72320788561 HTTP/1.1" 200 209078 "-" "Mozilla/5.0 (Linux; Android 6.0.1; Nexus 5X Build/MMB29P) AppleWebKit/537.36 (KHTML, like Gecko) Chrome/151.0.7922.173 Mobile Safari/537.36 (compatible; Googlebot/2.1; +http://www.google.com/bot.html)"
66.249.69.137 - - [25/Aug/2026:22:05:28 +0500] "GET /shops/macrodon/s9a6l7v0a9t6i5o3n6i9st HTTP/1.1" 200 212538 "-" "Mozilla/5.0 (Linux; Android 6.0.1; Nexus 5X Build/MMB29P) AppleWebKit/537.36 (KHTML, like Gecko) Chrome/151.0.7922.173 Mobile Safari/537.36 (compatible; GoogleOther)"
34.30.223.149 - - [25/Aug/2026:22:05:31 +0500] "GET /ru/component/search/?Itemid=122&format=opensearch&template=accessibility HTTP/1.1" 200 805 "-" "Mozilla/5.0 (Macintosh; Intel Mac OS X 10_15_7) AppleWebKit/537.36 (KHTML, like Gecko) Chrome/120.0.0.0 Safari/537.36"
66.249.69.138 - - [25/Aug/2026:22:06:01 +0500] "GET /shops/shiloh/p8i2n8n3e7r134075 HTTP/1.1" 200 191319 "-" "Mozilla/5.0 (Linux; Android 6.0.1; Nexus 5X Build/MMB29P) AppleWebKit/537.36 (KHTML, like Gecko) Chrome/151.0.7922.173 Mobile Safari/537.36 (compatible; GoogleOther)"
66.249.69.138 - - [25/Aug/2026:22:06:33 +0500] "GET /?pterodactyli/6963473759 HTTP/1.1" 508 288 "-" "Mozilla/5.0 (Linux; Android 6.0.1; Nexus 5X Build/MMB29P) AppleWebKit/537.36 (KHTML, like Gecko) Chrome/151.0.7922.173 Mobile Safari/537.36 (compatible; GoogleOther)"
34.123.149.87 - - [25/Aug/2026:22:06:29 +0500] "GET /uz/about-org-uzb/indexes-uzb?start=20 HTTP/1.1" 200 60422 "-" "Mozilla/5.0 (Macintosh; Intel Mac OS X 10_15_7) AppleWebKit/537.36 (KHTML, like Gecko) Chrome/120.0.0.0 Safari/537.36"
66.249.69.138 - - [25/Aug/2026:22:06:59 +0500] "GET /?r=j7o1h0n6a8n9o6k7e8s54 HTTP/1.1" 200 210931 "-" "Mozilla/5.0 (Linux; Android 6.0.1; Nexus 5X Build/MMB29P) AppleWebKit/537.36 (KHTML, like Gecko) Chrome/151.0.7922.173 Mobile Safari/537.36 (compatible; GoogleOther)"
66.249.69.138 - - [25/Aug/2026:22:07:26 +0500] "GET /shops/kingsize/e6i1g4h5t2v1o48734 HTTP/1.1" 200 214982 "-" "Mozilla/5.0 (Linux; Android 6.0.1; Nexus 5X Build/MMB29P) AppleWebKit/537.36 (KHTML, like Gecko) Chrome/151.0.7922.173 Mobile Safari/537.36 (compatible; GoogleOther)"
66.249.69.137 - - [25/Aug/2026:22:07:53 +0500] "GET /mighties/helpfully/m0i1g3h1t6i4e4s4584 HTTP/1.1" 508 288 "-" "Mozilla/5.0 (Linux; Android 6.0.1; Nexus 5X Build/MMB29P) AppleWebKit/537.36 (KHTML, like Gecko) Chrome/151.0.7922.173 Mobile Safari/537.36 (compatible; GoogleOther)"
66.249.69.138 - - [25/Aug/2026:22:08:17 +0500] "GET /?r=r4a1m3p2i9o3n77229 HTTP/1.1" 508 288 "-" "Mozilla/5.0 (Linux; Android 6.0.1; Nexus 5X Build/MMB29P) AppleWebKit/537.36 (KHTML, like Gecko) Chrome/151.0.7922.173 Mobile Safari/537.36 (compatible; GoogleOther)"
34.123.149.87 - - [25/Aug/2026:22:08:14 +0500] "GET /uz/component/search/?Itemid=171&catid=25&format=opensearch&id=490 HTTP/1.1" 200 811 "-" "Mozilla/5.0 (Macintosh; Intel Mac OS X 10_15_7) AppleWebKit/537.36 (KHTML, like Gecko) Chrome/120.0.0.0 Safari/537.36"
66.249.69.137 - - [25/Aug/2026:22:08:37 +0500] "GET /shops/spirituous/p0a1n2p8i8p3e7s2809 HTTP/1.1" 200 198614 "-" "Mozilla/5.0 (Linux; Android 6.0.1; Nexus 5X Build/MMB29P) AppleWebKit/537.36 (KHTML, like Gecko) Chrome/151.0.7922.173 Mobile Safari/537.36 (compatible; GoogleOther)"
66.249.69.138 - - [25/Aug/2026:22:08:40 +0500] "GET /?r=m0o2n2o4t9h9a2l5a2m6o9us HTTP/1.1" 200 211057 "-" "Mozilla/5.0 (Linux; Android 6.0.1; Nexus 5X Build/MMB29P) AppleWebKit/537.36 (KHTML, like Gecko) Chrome/151.0.7922.173 Mobile Safari/537.36 (compatible; Googlebot/2.1; +http://www.google.com/bot.html)"
66.249.69.139 - - [25/Aug/2026:22:09:19 +0500] "GET /?r=u4n1c3u4t3578567 HTTP/1.1" 200 216810 "-" "Mozilla/5.0 (Linux; Android 6.0.1; Nexus 5X Build/MMB29P) AppleWebKit/537.36 (KHTML, like Gecko) Chrome/151.0.7922.173 Mobile Safari/537.36 (compatible; GoogleOther)"
66.249.69.137 - - [25/Aug/2026:22:09:42 +0500] "GET /shops/misapplying/n3e4a1p8e6d646406 HTTP/1.1" 200 204849 "-" "Mozilla/5.0 (Linux; Android 6.0.1; Nexus 5X Build/MMB29P) AppleWebKit/537.36 (KHTML, like Gecko) Chrome/151.0.7922.173 Mobile Safari/537.36 (compatible; GoogleOther)"
66.249.69.137 - - [25/Aug/2026:22:10:05 +0500] "GET /?r=l6u6s0t3i2h7o7o5d46 HTTP/1.1" 200 220712 "-" "Mozilla/5.0 (Linux; Android 6.0.1; Nexus 5X Build/MMB29P) AppleWebKit/537.36 (KHTML, like Gecko) Chrome/151.0.7922.173 Mobile Safari/537.36 (compatible; GoogleOther)"
66.249.69.137 - - [25/Aug/2026:22:10:28 +0500] "GET /?r=n4a3t0a0n4t434360 HTTP/1.1" 508 288 "-" "Mozilla/5.0 (Linux; Android 6.0.1; Nexus 5X Build/MMB29P) AppleWebKit/537.36 (KHTML, like Gecko) Chrome/151.0.7922.173 Mobile Safari/537.36 (compatible; GoogleOther)"
66.249.69.137 - - [25/Aug/2026:22:10:48 +0500] "GET /shops/repeated/r0i3v9e1t7s16189 HTTP/1.1" 508 288 "-" "Mozilla/5.0 (Linux; Android 6.0.1; Nexus 5X Build/MMB29P) AppleWebKit/537.36 (KHTML, like Gecko) Chrome/151.0.7922.173 Mobile Safari/537.36 (compatible; GoogleOther)"
66.249.69.138 - - [25/Aug/2026:22:11:06 +0500] "GET /shops/escherichia/r4e2f1i8n0e0d93144 HTTP/1.1" 508 288 "-" "Mozilla/5.0 (Linux; Android 6.0.1; Nexus 5X Build/MMB29P) AppleWebKit/537.36 (KHTML, like Gecko) Chrome/151.0.7922.173 Mobile Safari/537.36 (compatible; GoogleOther)"
66.249.69.137 - - [25/Aug/2026:22:11:21 +0500] "GET /shops/communistic/e6d1i7f9i2c8a6t0o3r0y6 HTTP/1.1" 508 288 "-" "Mozilla/5.0 (Linux; Android 6.0.1; Nexus 5X Build/MMB29P) AppleWebKit/537.36 (KHTML, like Gecko) Chrome/151.0.7922.173 Mobile Safari/537.36 (compatible; GoogleOther)"
66.249.69.137 - - [25/Aug/2026:22:11:50 +0500] "GET /?r=n8o1n2h3i1e7r2a8r0c8h9icaladj HTTP/1.1" 200 189206 "-" "Mozilla/5.0 (Linux; Android 6.0.1; Nexus 5X Build/MMB29P) AppleWebKit/537.36 (KHTML, like Gecko) Chrome/151.0.7922.173 Mobile Safari/537.36 (compatible; GoogleOther)"
66.249.69.137 - - [25/Aug/2026:22:11:55 +0500] "GET /troyounce/vicunna/53392505447 HTTP/1.1" 508 288 "-" "Mozilla/5.0 (Linux; Android 6.0.1; Nexus 5X Build/MMB29P) AppleWebKit/537.36 (KHTML, like Gecko) Chrome/151.0.7922.173 Mobile Safari/537.36 (compatible; Googlebot/2.1; +http://www.google.com/bot.html)"
66.249.69.138 - - [25/Aug/2026:22:12:32 +0500] "GET /shops/nothings/s6p3r8e7e7t3t3a0i3l26 HTTP/1.1" 200 207058 "-" "Mozilla/5.0 (Linux; Android 6.0.1; Nexus 5X Build/MMB29P) AppleWebKit/537.36 (KHTML, like Gecko) Chrome/151.0.7922.173 Mobile Safari/537.36 (compatible; GoogleOther)"
66.249.69.137 - - [25/Aug/2026:22:13:17 +0500] "GET /?r=s9e3v5e1n6t3e6e4n9t5h2 HTTP/1.1" 200 210973 "-" "Mozilla/5.0 (Linux; Android 6.0.1; Nexus 5X Build/MMB29P) AppleWebKit/537.36 (KHTML, like Gecko) Chrome/151.0.7922.173 Mobile Safari/537.36 (compatible; GoogleOther)"
34.10.180.98 - - [25/Aug/2026:22:13:28 +0500] "GET /uz/facts-uzb/428-sush-fakt-32-01-04-2024-doc HTTP/1.1" 200 56717 "-" "Mozilla/5.0 (Macintosh; Intel Mac OS X 10_15_7) AppleWebKit/537.36 (KHTML, like Gecko) Chrome/120.0.0.0 Safari/537.36"
66.249.69.138 - - [25/Aug/2026:22:13:54 +0500] "GET /shops/rufilotus/c5o3u6n4c3i0l92583 HTTP/1.1" 200 200966 "-" "Mozilla/5.0 (Linux; Android 6.0.1; Nexus 5X Build/MMB29P) AppleWebKit/537.36 (KHTML, like Gecko) Chrome/151.0.7922.173 Mobile Safari/537.36 (compatible; GoogleOther)"
66.249.69.138 - - [25/Aug/2026:22:14:34 +0500] "GET /?r=i4n1t4e5r2s1p4a8c7e34 HTTP/1.1" 200 218792 "-" "Mozilla/5.0 (Linux; Android 6.0.1; Nexus 5X Build/MMB29P) AppleWebKit/537.36 (KHTML, like Gecko) Chrome/151.0.7922.173 Mobile Safari/537.36 (compatible; GoogleOther)"
34.30.223.149 - - [25/Aug/2026:22:14:52 +0500] "GET /ru/audit-rus/430-audit-2023-uzb HTTP/1.1" 200 54603 "-" "Mozilla/5.0 (Macintosh; Intel Mac OS X 10_15_7) AppleWebKit/537.36 (KHTML, like Gecko) Chrome/120.0.0.0 Safari/537.36"
66.249.69.138 - - [25/Aug/2026:22:15:15 +0500] "GET /?r=s4a2l1i4q6u7e33388 HTTP/1.1" 508 288 "-" "Mozilla/5.0 (Linux; Android 6.0.1; Nexus 5X Build/MMB29P) AppleWebKit/537.36 (KHTML, like Gecko) Chrome/151.0.7922.173 Mobile Safari/537.36 (compatible; GoogleOther)"
66.249.69.137 - - [25/Aug/2026:22:15:56 +0500] "GET /shops/velleda/m1e4a2d3o6w1y96874 HTTP/1.1" 200 199035 "-" "Mozilla/5.0 (Linux; Android 6.0.1; Nexus 5X Build/MMB29P) AppleWebKit/537.36 (KHTML, like Gecko) Chrome/151.0.7922.173 Mobile Safari/537.36 (compatible; GoogleOther)"
66.249.69.137 - - [25/Aug/2026:22:16:37 +0500] "GET /?skiffed/01653234640 HTTP/1.1" 508 288 "-" "Mozilla/5.0 (Linux; Android 6.0.1; Nexus 5X Build/MMB29P) AppleWebKit/537.36 (KHTML, like Gecko) Chrome/151.0.7922.173 Mobile Safari/537.36 (compatible; GoogleOther)"
66.249.69.138 - - [25/Aug/2026:22:17:20 +0500] "GET /shops/reversion/c8y1c5l6o9s8p1o4r7e3a8e HTTP/1.1" 508 288 "-" "Mozilla/5.0 (Linux; Android 6.0.1; Nexus 5X Build/MMB29P) AppleWebKit/537.36 (KHTML, like Gecko) Chrome/151.0.7922.173 Mobile Safari/537.36 (compatible; GoogleOther)"
66.249.69.139 - - [25/Aug/2026:22:18:12 +0500] "GET /effection/v1o3l7u8m4i5s7t704 HTTP/1.1" 200 181525 "-" "Mozilla/5.0 (Linux; Android 6.0.1; Nexus 5X Build/MMB29P) AppleWebKit/537.36 (KHTML, like Gecko) Chrome/151.0.7922.173 Mobile Safari/537.36 (compatible; GoogleOther)"
34.30.223.149 - - [25/Aug/2026:22:18:39 +0500] "GET /ru/about-org-rus/strategy-rus/213-medium-long-term-development-strategy-rus HTTP/1.1" 200 93507 "-" "Mozilla/5.0 (Macintosh; Intel Mac OS X 10_15_7) AppleWebKit/537.36 (KHTML, like Gecko) Chrome/120.0.0.0 Safari/537.36"
66.249.69.138 - - [25/Aug/2026:22:18:40 +0500] "GET /?r=b4a8s0i5c8e1r0i3t4e2 HTTP/1.1" 200 218156 "-" "Mozilla/5.0 (Linux; Android 6.0.1; Nexus 5X Build/MMB29P) AppleWebKit/537.36 (KHTML, like Gecko) Chrome/151.0.7922.173 Mobile Safari/537.36 (compatible; GoogleOther)"
34.61.96.6 - - [25/Aug/2026:22:19:16 +0500] "GET /ru/about-org-rus/strategy-rus?format=feed&template=accessibility&type=rss HTTP/1.1" 200 75506 "-" "Mozilla/5.0 (Macintosh; Intel Mac OS X 10_15_7) AppleWebKit/537.36 (KHTML, like Gecko) Chrome/120.0.0.0 Safari/537.36"
66.249.69.137 - - [25/Aug/2026:22:19:20 +0500] "GET /?r=a3b1r0i3d5g2e0m8e7n0t9 HTTP/1.1" 200 211647 "-" "Mozilla/5.0 (Linux; Android 6.0.1; Nexus 5X Build/MMB29P) AppleWebKit/537.36 (KHTML, like Gecko) Chrome/151.0.7922.173 Mobile Safari/537.36 (compatible; GoogleOther)"
34.10.180.98 - - [25/Aug/2026:22:19:55 +0500] "GET /uz/?start=16 HTTP/1.1" 200 68085 "-" "Mozilla/5.0 (Macintosh; Intel Mac OS X 10_15_7) AppleWebKit/537.36 (KHTML, like Gecko) Chrome/120.0.0.0 Safari/537.36"
66.249.69.137 - - [25/Aug/2026:22:20:01 +0500] "GET /?r=m7o5r4p0h8i9n4a580 HTTP/1.1" 200 215233 "-" "Mozilla/5.0 (Linux; Android 6.0.1; Nexus 5X Build/MMB29P) AppleWebKit/537.36 (KHTML, like Gecko) Chrome/151.0.7922.173 Mobile Safari/537.36 (compatible; GoogleOther)"
185.191.171.11 - - [25/Aug/2026:22:20:22 +0500] "GET /robots.txt HTTP/1.1" 200 111 "-" "Mozilla/5.0 (compatible; SemrushBot/7~bl; +http://www.semrush.com/bot.html)"
85.208.96.201 - - [25/Aug/2026:22:20:23 +0500] "GET /uz/?author=16&start=36 HTTP/1.1" 200 70210 "-" "Mozilla/5.0 (compatible; SemrushBot/7~bl; +http://www.semrush.com/bot.html)"
66.249.69.137 - - [25/Aug/2026:22:20:42 +0500] "GET /threesided/puzzledom/t5r3a8n1s7v7e3c6t8i8on HTTP/1.1" 200 203787 "-" "Mozilla/5.0 (Linux; Android 6.0.1; Nexus 5X Build/MMB29P) AppleWebKit/537.36 (KHTML, like Gecko) Chrome/151.0.7922.173 Mobile Safari/537.36 (compatible; GoogleOther)"
66.249.69.139 - - [25/Aug/2026:22:21:05 +0500] "GET /flexuosum/t4i2t8t9e6r0c8u1m2t8o1tter HTTP/1.1" 200 217607 "-" "Mozilla/5.0 (Linux; Android 6.0.1; Nexus 5X Build/MMB29P) AppleWebKit/537.36 (KHTML, like Gecko) Chrome/151.0.7922.173 Mobile Safari/537.36 (compatible; GoogleOther)"
185.191.171.16 - - [25/Aug/2026:22:21:21 +0500] "GET /uz/?Command=NOOP&NewWebClient=1&start=28 HTTP/1.1" 200 68453 "-" "Mozilla/5.0 (compatible; SemrushBot/7~bl; +http://www.semrush.com/bot.html)"
66.249.69.137 - - [25/Aug/2026:22:21:43 +0500] "GET /?r=a1f3t1e2r0n5o5t3e056 HTTP/1.1" 200 198975 "-" "Mozilla/5.0 (Linux; Android 6.0.1; Nexus 5X Build/MMB29P) AppleWebKit/537.36 (KHTML, like Gecko) Chrome/151.0.7922.173 Mobile Safari/537.36 (compatible; Googlebot/2.1; +http://www.google.com/bot.html)"
66.249.69.137 - - [25/Aug/2026:22:21:55 +0500] "GET /?impreventable/92283223121 HTTP/1.1" 200 210750 "-" "Mozilla/5.0 (Linux; Android 6.0.1; Nexus 5X Build/MMB29P) AppleWebKit/537.36 (KHTML, like Gecko) Chrome/151.0.7922.173 Mobile Safari/537.36 (compatible; GoogleOther)"
66.249.69.137 - - [25/Aug/2026:22:22:19 +0500] "GET /deforcing/p5t3e3r8o4c2l5o7m1o5rphae HTTP/1.1" 508 288 "-" "Mozilla/5.0 (Linux; Android 6.0.1; Nexus 5X Build/MMB29P) AppleWebKit/537.36 (KHTML, like Gecko) Chrome/151.0.7922.173 Mobile Safari/537.36 (compatible; GoogleOther)"
66.249.69.137 - - [25/Aug/2026:22:22:45 +0500] "GET /?r=i6t3a0l6i9a2n5i2s8m63 HTTP/1.1" 200 196922 "-" "Mozilla/5.0 (Linux; Android 6.0.1; Nexus 5X Build/MMB29P) AppleWebKit/537.36 (KHTML, like Gecko) Chrome/151.0.7922.173 Mobile Safari/537.36 (compatible; GoogleOther)"
85.237.212.38 - - [25/Aug/2026:22:22:57 +0500] "GET /.git/config HTTP/1.1" 301 - "-" "Go-http-client/1.1"
85.237.212.38 - - [25/Aug/2026:22:23:01 +0500] "GET /uz/.git/config HTTP/1.1" 404 1230 "https://eski.uzbekgidroenergoqurilish.uz/.git/config" "Go-http-client/1.1"
66.249.69.138 - - [25/Aug/2026:22:23:25 +0500] "GET /?r=i5n1t8r4o7v1e9r3s9i2o3n HTTP/1.1" 200 207319 "-" "Mozilla/5.0 (Linux; Android 6.0.1; Nexus 5X Build/MMB29P) AppleWebKit/537.36 (KHTML, like Gecko) Chrome/151.0.7922.173 Mobile Safari/537.36 (compatible; GoogleOther)"
66.249.69.139 - - [25/Aug/2026:22:24:06 +0500] "GET /shops/prosecutable/p2o1r9t3g7r4e9v5e839 HTTP/1.1" 200 212576 "-" "Mozilla/5.0 (Linux; Android 6.0.1; Nexus 5X Build/MMB29P) AppleWebKit/537.36 (KHTML, like Gecko) Chrome/151.0.7922.173 Mobile Safari/537.36 (compatible; GoogleOther)"
66.249.69.137 - - [25/Aug/2026:22:24:47 +0500] "GET /?r=r2o4y0a4l4i1s3t3956 HTTP/1.1" 200 214175 "-" "Mozilla/5.0 (Linux; Android 6.0.1; Nexus 5X Build/MMB29P) AppleWebKit/537.36 (KHTML, like Gecko) Chrome/151.0.7922.173 Mobile Safari/537.36 (compatible; GoogleOther)"
66.249.69.137 - - [25/Aug/2026:22:25:28 +0500] "GET /?r=e0x1e7r4t2i0o0n1118 HTTP/1.1" 200 214714 "-" "Mozilla/5.0 (Linux; Android 6.0.1; Nexus 5X Build/MMB29P) AppleWebKit/537.36 (KHTML, like Gecko) Chrome/151.0.7922.173 Mobile Safari/537.36 (compatible; GoogleOther)"
66.249.69.138 - - [25/Aug/2026:22:26:09 +0500] "GET /shops/slimness/n2a3s6c4e0n3t94605 HTTP/1.1" 200 212967 "-" "Mozilla/5.0 (Linux; Android 6.0.1; Nexus 5X Build/MMB29P) AppleWebKit/537.36 (KHTML, like Gecko) Chrome/151.0.7922.173 Mobile Safari/537.36 (compatible; GoogleOther)"
34.10.180.98 - - [25/Aug/2026:22:26:45 +0500] "GET /ru/component/search/?Itemid=384&catid=35&format=opensearch&id=321 HTTP/1.1" 200 800 "-" "Mozilla/5.0 (Macintosh; Intel Mac OS X 10_15_7) AppleWebKit/537.36 (KHTML, like Gecko) Chrome/120.0.0.0 Safari/537.36"
66.249.69.137 - - [25/Aug/2026:22:26:50 +0500] "GET /denominative/uniovulate/h6o2s1p3i2t4a8l4i9s2e2 HTTP/1.1" 200 203286 "-" "Mozilla/5.0 (Linux; Android 6.0.1; Nexus 5X Build/MMB29P) AppleWebKit/537.36 (KHTML, like Gecko) Chrome/151.0.7922.173 Mobile Safari/537.36 (compatible; GoogleOther)"
66.249.69.137 - - [25/Aug/2026:22:27:36 +0500] "GET /?r=a1i1d7e9r1278310 HTTP/1.1" 200 214182 "-" "Mozilla/5.0 (Linux; Android 6.0.1; Nexus 5X Build/MMB29P) AppleWebKit/537.36 (KHTML, like Gecko) Chrome/151.0.7922.173 Mobile Safari/537.36 (compatible; GoogleOther)"
66.249.69.138 - - [25/Aug/2026:22:28:12 +0500] "GET /?loricae/9359968646 HTTP/1.1" 200 203982 "-" "Mozilla/5.0 (Linux; Android 6.0.1; Nexus 5X Build/MMB29P) AppleWebKit/537.36 (KHTML, like Gecko) Chrome/151.0.7922.173 Mobile Safari/537.36 (compatible; GoogleOther)"
66.249.69.137 - - [25/Aug/2026:22:28:14 +0500] "GET /?r=a9l3l8o2m2o9r6p2h9i5s9m HTTP/1.1" 200 194153 "-" "Mozilla/5.0 (Linux; Android 6.0.1; Nexus 5X Build/MMB29P) AppleWebKit/537.36 (KHTML, like Gecko) Chrome/151.0.7922.173 Mobile Safari/537.36 (compatible; Googlebot/2.1; +http://www.google.com/bot.html)"
34.10.180.98 - - [25/Aug/2026:22:28:27 +0500] "GET /ru/about-org-rus/strategy-rus?format=feed&type=rss HTTP/1.1" 200 75479 "-" "Mozilla/5.0 (Macintosh; Intel Mac OS X 10_15_7) AppleWebKit/537.36 (KHTML, like Gecko) Chrome/120.0.0.0 Safari/537.36"