141.94.101.142 - - [25/Aug/2026:19:59:32 +0500] "GET /uz/?r=p9o3l1y2s8t5o0m9e78&start=8 HTTP/1.1" 200 67628 "-" "Mozilla/5.0 (compatible; MJ12bot/v1.4.8; http://mj12bot.com/)"
66.249.69.137 - - [25/Aug/2026:19:59:44 +0500] "GET /?r=p5l1u4t2o2c1r9a7c5y88 HTTP/1.1" 508 288 "-" "Mozilla/5.0 (Linux; Android 6.0.1; Nexus 5X Build/MMB29P) AppleWebKit/537.36 (KHTML, like Gecko) Chrome/151.0.7922.173 Mobile Safari/537.36 (compatible; GoogleOther)"
141.94.101.142 - - [25/Aug/2026:19:59:41 +0500] "GET /uz/?phpinfo=16arSsAYV&start=44 HTTP/1.1" 200 69713 "-" "Mozilla/5.0 (compatible; MJ12bot/v1.4.8; http://mj12bot.com/)"
66.249.69.137 - - [25/Aug/2026:19:59:45 +0500] "GET /?r=m4o1n2u4m4e1n6t6a7l83 HTTP/1.1" 200 202493 "-" "Mozilla/5.0 (Linux; Android 6.0.1; Nexus 5X Build/MMB29P) AppleWebKit/537.36 (KHTML, like Gecko) Chrome/151.0.7922.137 Mobile Safari/537.36 (compatible; Googlebot/2.1; +http://www.google.com/bot.html)"
141.94.101.142 - - [25/Aug/2026:19:59:51 +0500] "GET /uz/?phpinfo=16arSsAYV&start=48 HTTP/1.1" 200 68735 "-" "Mozilla/5.0 (compatible; MJ12bot/v1.4.8; http://mj12bot.com/)"
66.249.69.137 - - [25/Aug/2026:20:00:00 +0500] "GET /shops/encompassing/p0h3i6l6o9m3e1l6a761 HTTP/1.1" 508 288 "-" "Mozilla/5.0 (Linux; Android 6.0.1; Nexus 5X Build/MMB29P) AppleWebKit/537.36 (KHTML, like Gecko) Chrome/151.0.7922.173 Mobile Safari/537.36 (compatible; GoogleOther)"
141.94.101.142 - - [25/Aug/2026:19:59:59 +0500] "GET /uz/?r=a9c4c1e0p9t4i0n0g44 HTTP/1.1" 200 68544 "-" "Mozilla/5.0 (compatible; MJ12bot/v1.4.8; http://mj12bot.com/)"
141.94.101.142 - - [25/Aug/2026:20:00:20 +0500] "GET /uz/?r=t9e5a6c6h075845&start=20 HTTP/1.1" 200 68308 "-" "Mozilla/5.0 (compatible; MJ12bot/v1.4.8; http://mj12bot.com/)"
141.94.101.142 - - [25/Aug/2026:20:00:24 +0500] "GET /uz/?r=a9c4c1e0p9t4i0n0g44&start=16 HTTP/1.1" 200 67913 "-" "Mozilla/5.0 (compatible; MJ12bot/v1.4.8; http://mj12bot.com/)"
66.249.69.137 - - [25/Aug/2026:20:00:28 +0500] "GET /gaddingly/beriberi/g0a2d9d0i4n1g9l4y461 HTTP/1.1" 200 193714 "-" "Mozilla/5.0 (Linux; Android 6.0.1; Nexus 5X Build/MMB29P) AppleWebKit/537.36 (KHTML, like Gecko) Chrome/151.0.7922.173 Mobile Safari/537.36 (compatible; GoogleOther)"
141.94.101.142 - - [25/Aug/2026:20:00:42 +0500] "GET /uz/?r=t9e5a6c6h075845&start=44 HTTP/1.1" 508 288 "-" "Mozilla/5.0 (compatible; MJ12bot/v1.4.8; http://mj12bot.com/)"
141.94.101.142 - - [25/Aug/2026:20:00:35 +0500] "GET /uz/?r=a9c4c1e0p9t4i0n0g44&start=20 HTTP/1.1" 200 68312 "-" "Mozilla/5.0 (compatible; MJ12bot/v1.4.8; http://mj12bot.com/)"
34.56.53.225 - - [25/Aug/2026:20:01:00 +0500] "GET /docs/prospectus/prospectus-04-02-2005.pdf HTTP/1.1" 200 454441 "-" "Mozilla/5.0 (Macintosh; Intel Mac OS X 10_15_7) AppleWebKit/537.36 (KHTML, like Gecko) Chrome/120.0.0.0 Safari/537.36"
141.94.101.142 - - [25/Aug/2026:20:00:55 +0500] "GET /uz/?r=t9e5a6c6h075845&start=48 HTTP/1.1" 200 68735 "-" "Mozilla/5.0 (compatible; MJ12bot/v1.4.8; http://mj12bot.com/)"
141.94.101.142 - - [25/Aug/2026:20:00:57 +0500] "GET /uz/?r=a9c4c1e0p9t4i0n0g44&start=24 HTTP/1.1" 200 68149 "-" "Mozilla/5.0 (compatible; MJ12bot/v1.4.8; http://mj12bot.com/)"
66.249.69.138 - - [25/Aug/2026:20:01:09 +0500] "GET /adulation/drabbling/01007238358 HTTP/1.1" 200 196759 "-" "Mozilla/5.0 (Linux; Android 6.0.1; Nexus 5X Build/MMB29P) AppleWebKit/537.36 (KHTML, like Gecko) Chrome/151.0.7922.173 Mobile Safari/537.36 (compatible; GoogleOther)"
141.94.101.142 - - [25/Aug/2026:20:01:16 +0500] "GET /uz/?r=a9c4c1e0p9t4i0n0g44&start=28 HTTP/1.1" 508 288 "-" "Mozilla/5.0 (compatible; MJ12bot/v1.4.8; http://mj12bot.com/)"
141.94.101.142 - - [25/Aug/2026:20:01:16 +0500] "GET /uz/?r=v9e1n3t3r2a6d17099&start=16 HTTP/1.1" 200 67912 "-" "Mozilla/5.0 (compatible; MJ12bot/v1.4.8; http://mj12bot.com/)"
141.94.101.142 - - [25/Aug/2026:20:01:32 +0500] "GET /uz/?r=c9h1a4t4e8a7u3b2r5i7a5nd&start=28 HTTP/1.1" 508 288 "-" "Mozilla/5.0 (compatible; MJ12bot/v1.4.8; http://mj12bot.com/)"
141.94.101.142 - - [25/Aug/2026:20:01:48 +0500] "GET /uz/?r=c9h1a4t4e8a7u3b2r5i7a5nd&start=32 HTTP/1.1" 508 288 "-" "Mozilla/5.0 (compatible; MJ12bot/v1.4.8; http://mj12bot.com/)"
141.94.101.142 - - [25/Aug/2026:20:01:50 +0500] "GET /uz/?vars[1][0]=1&start=24 HTTP/1.1" 508 288 "-" "Mozilla/5.0 (compatible; MJ12bot/v1.4.8; http://mj12bot.com/)"
66.249.69.137 - - [25/Aug/2026:20:01:50 +0500] "GET /?followup/33768587687 HTTP/1.1" 508 288 "-" "Mozilla/5.0 (Linux; Android 6.0.1; Nexus 5X Build/MMB29P) AppleWebKit/537.36 (KHTML, like Gecko) Chrome/151.0.7922.173 Mobile Safari/537.36 (compatible; GoogleOther)"
141.94.101.142 - - [25/Aug/2026:20:01:52 +0500] "GET /uz/?r=d4a2u6p2h5i7n94338 HTTP/1.1" 200 68543 "-" "Mozilla/5.0 (compatible; MJ12bot/v1.4.8; http://mj12bot.com/)"
141.94.101.142 - - [25/Aug/2026:20:01:53 +0500] "GET /uz/affil-uzb?template=yoo_master2 HTTP/1.1" 200 55983 "-" "Mozilla/5.0 (compatible; MJ12bot/v1.4.8; http://mj12bot.com/)"
141.94.101.142 - - [25/Aug/2026:20:02:08 +0500] "GET /uz/?r=d4a2u6p2h5i7n94338&format=feed&type=rss HTTP/1.1" 508 288 "-" "Mozilla/5.0 (compatible; MJ12bot/v1.4.8; http://mj12bot.com/)"
141.94.101.142 - - [25/Aug/2026:20:02:05 +0500] "GET /uz/dividends-uzb/460-dividend-2024 HTTP/1.1" 200 58111 "-" "Mozilla/5.0 (compatible; MJ12bot/v1.4.8; http://mj12bot.com/)"
141.94.101.142 - - [25/Aug/2026:20:02:25 +0500] "GET /uz/?r=d4a2u6p2h5i7n94338&start=28 HTTP/1.1" 200 68469 "-" "Mozilla/5.0 (compatible; MJ12bot/v1.4.8; http://mj12bot.com/)"
141.94.101.142 - - [25/Aug/2026:20:02:30 +0500] "GET /uz/dividends-uzb?format=feed&type=atom HTTP/1.1" 200 4115 "-" "Mozilla/5.0 (compatible; MJ12bot/v1.4.8; http://mj12bot.com/)"
66.249.69.138 - - [25/Aug/2026:20:02:31 +0500] "GET /shops/hollo/l4i2t1h6o9p7h3a0n4i2c4 HTTP/1.1" 200 200536 "-" "Mozilla/5.0 (Linux; Android 6.0.1; Nexus 5X Build/MMB29P) AppleWebKit/537.36 (KHTML, like Gecko) Chrome/151.0.7922.173 Mobile Safari/537.36 (compatible; GoogleOther)"
141.94.101.142 - - [25/Aug/2026:20:02:48 +0500] "GET /uz/dividends-uzb?format=feed&type=rss HTTP/1.1" 200 3615 "-" "Mozilla/5.0 (compatible; MJ12bot/v1.4.8; http://mj12bot.com/)"
141.94.101.142 - - [25/Aug/2026:20:02:47 +0500] "GET /uz/?r=d4a2u6p2h5i7n94338&start=32 HTTP/1.1" 200 68474 "-" "Mozilla/5.0 (compatible; MJ12bot/v1.4.8; http://mj12bot.com/)"
141.94.101.142 - - [25/Aug/2026:20:02:59 +0500] "GET /uz/dividends-uzb?template=accessibility&format=feed&type=atom HTTP/1.1" 200 4142 "-" "Mozilla/5.0 (compatible; MJ12bot/v1.4.8; http://mj12bot.com/)"
141.94.101.142 - - [25/Aug/2026:20:03:09 +0500] "GET /uz/dividends-uzb?template=accessibility&format=feed&type=rss HTTP/1.1" 508 288 "-" "Mozilla/5.0 (compatible; MJ12bot/v1.4.8; http://mj12bot.com/)"
66.249.69.137 - - [25/Aug/2026:20:03:08 +0500] "GET /?r=p7r2e9p5e8n6s3e826 HTTP/1.1" 200 210638 "-" "Mozilla/5.0 (Linux; Android 6.0.1; Nexus 5X Build/MMB29P) AppleWebKit/537.36 (KHTML, like Gecko) Chrome/151.0.7922.137 Mobile Safari/537.36 (compatible; Googlebot/2.1; +http://www.google.com/bot.html)"
66.249.69.139 - - [25/Aug/2026:20:03:12 +0500] "GET /?r=t4u1w4h5i2t870928 HTTP/1.1" 200 213679 "-" "Mozilla/5.0 (Linux; Android 6.0.1; Nexus 5X Build/MMB29P) AppleWebKit/537.36 (KHTML, like Gecko) Chrome/151.0.7922.173 Mobile Safari/537.36 (compatible; GoogleOther)"
141.94.101.142 - - [25/Aug/2026:20:03:34 +0500] "GET /uz/?r=e9x3t7r6e3m2i3t7y235&start=16 HTTP/1.1" 508 288 "-" "Mozilla/5.0 (compatible; MJ12bot/v1.4.8; http://mj12bot.com/)"
34.42.229.145 - - [25/Aug/2026:20:03:48 +0500] "GET /ru/officially-rus/ustav-rus/470-ustav-13-08-2025-ru HTTP/1.1" 200 55013 "-" "Mozilla/5.0 (Macintosh; Intel Mac OS X 10_15_7) AppleWebKit/537.36 (KHTML, like Gecko) Chrome/120.0.0.0 Safari/537.36"
141.94.101.142 - - [25/Aug/2026:20:03:50 +0500] "GET /uz/?r=h9a4r0d9w9o1n59294&start=16 HTTP/1.1" 200 67912 "-" "Mozilla/5.0 (compatible; MJ12bot/v1.4.8; http://mj12bot.com/)"
66.249.69.137 - - [25/Aug/2026:20:03:55 +0500] "GET /shops/recognizance/f6o2o2t3h2o7o1k6712 HTTP/1.1" 200 210814 "-" "Mozilla/5.0 (Linux; Android 6.0.1; Nexus 5X Build/MMB29P) AppleWebKit/537.36 (KHTML, like Gecko) Chrome/151.0.7922.173 Mobile Safari/537.36 (compatible; GoogleOther)"
141.94.101.142 - - [25/Aug/2026:20:04:06 +0500] "GET /uz/?r=p4o3p8e1l1o4t4e8305&start=8 HTTP/1.1" 200 67628 "-" "Mozilla/5.0 (compatible; MJ12bot/v1.4.8; http://mj12bot.com/)"
141.94.101.142 - - [25/Aug/2026:20:04:17 +0500] "GET /uz/?r=p9o3l1y2s8t5o0m9e78&format=feed&type=atom HTTP/1.1" 200 9200 "-" "Mozilla/5.0 (compatible; MJ12bot/v1.4.8; http://mj12bot.com/)"
66.249.69.137 - - [25/Aug/2026:20:04:33 +0500] "GET /?r=o4v1e3r8h9e3n8t4970 HTTP/1.1" 508 288 "-" "Mozilla/5.0 (Linux; Android 6.0.1; Nexus 5X Build/MMB29P) AppleWebKit/537.36 (KHTML, like Gecko) Chrome/151.0.7922.173 Mobile Safari/537.36 (compatible; GoogleOther)"
141.94.101.142 - - [25/Aug/2026:20:04:28 +0500] "GET /uz/?r=p9o3l1y2s8t5o0m9e78&format=feed&type=rss HTTP/1.1" 200 6005 "-" "Mozilla/5.0 (compatible; MJ12bot/v1.4.8; http://mj12bot.com/)"
141.94.101.142 - - [25/Aug/2026:20:04:38 +0500] "GET /uz/?r=p9o3l1y2s8t5o0m9e78&start=12 HTTP/1.1" 508 288 "-" "Mozilla/5.0 (compatible; MJ12bot/v1.4.8; http://mj12bot.com/)"
141.94.101.142 - - [25/Aug/2026:20:04:42 +0500] "GET /uz/?r=p9o3l1y2s8t5o0m9e78&start=4 HTTP/1.1" 200 68057 "-" "Mozilla/5.0 (compatible; MJ12bot/v1.4.8; http://mj12bot.com/)"
141.94.101.142 - - [25/Aug/2026:20:04:53 +0500] "GET /uz/?r=p9o3l1y2s8t5o0m9e78&start=52 HTTP/1.1" 508 288 "-" "Mozilla/5.0 (compatible; MJ12bot/v1.4.8; http://mj12bot.com/)"
141.94.101.142 - - [25/Aug/2026:20:04:57 +0500] "GET /uz/?r=p9o3l1y2s8t5o0m9e78&start=8 HTTP/1.1" 200 67628 "-" "Mozilla/5.0 (compatible; MJ12bot/v1.4.8; http://mj12bot.com/)"
34.171.68.95 - - [25/Aug/2026:20:05:10 +0500] "GET /uz/info-for-shareholders-uzb/275-kpe-2-2019-ej HTTP/1.1" 508 288 "-" "Mozilla/5.0 (Macintosh; Intel Mac OS X 10_15_7) AppleWebKit/537.36 (KHTML, like Gecko) Chrome/120.0.0.0 Safari/537.36"
66.249.69.138 - - [25/Aug/2026:20:05:16 +0500] "GET /specifiable/spickenel/m6o4n0t6a1n8t84898 HTTP/1.1" 508 288 "-" "Mozilla/5.0 (Linux; Android 6.0.1; Nexus 5X Build/MMB29P) AppleWebKit/537.36 (KHTML, like Gecko) Chrome/151.0.7922.173 Mobile Safari/537.36 (compatible; GoogleOther)"
141.94.101.142 - - [25/Aug/2026:20:05:47 +0500] "GET /uz/?r=t9e5a6c6h075845&start=20 HTTP/1.1" 200 68308 "-" "Mozilla/5.0 (compatible; MJ12bot/v1.4.8; http://mj12bot.com/)"
66.249.69.137 - - [25/Aug/2026:20:05:55 +0500] "GET /?r=p4a2r3c9e3l778807 HTTP/1.1" 200 207031 "-" "Mozilla/5.0 (Linux; Android 6.0.1; Nexus 5X Build/MMB29P) AppleWebKit/537.36 (KHTML, like Gecko) Chrome/151.0.7922.173 Mobile Safari/537.36 (compatible; GoogleOther)"
141.94.101.142 - - [25/Aug/2026:20:06:01 +0500] "GET /uz/?r=t9e5a6c6h075845&start=44 HTTP/1.1" 200 69713 "-" "Mozilla/5.0 (compatible; MJ12bot/v1.4.8; http://mj12bot.com/)"
66.249.69.137 - - [25/Aug/2026:20:06:16 +0500] "GET /?haulage/1263297149 HTTP/1.1" 508 288 "-" "Mozilla/5.0 (Linux; Android 6.0.1; Nexus 5X Build/MMB29P) AppleWebKit/537.36 (KHTML, like Gecko) Chrome/151.0.7922.137 Mobile Safari/537.36 (compatible; Googlebot/2.1; +http://www.google.com/bot.html)"
141.94.101.142 - - [25/Aug/2026:20:06:16 +0500] "GET /uz/?r=t9e5a6c6h075845&start=48 HTTP/1.1" 508 288 "-" "Mozilla/5.0 (compatible; MJ12bot/v1.4.8; http://mj12bot.com/)"
141.94.101.142 - - [25/Aug/2026:20:06:30 +0500] "GET /uz/?r=v9e1n3t3r2a6d17099&start=16 HTTP/1.1" 508 288 "-" "Mozilla/5.0 (compatible; MJ12bot/v1.4.8; http://mj12bot.com/)"
66.249.69.137 - - [25/Aug/2026:20:06:36 +0500] "GET /shops/chauvinistic/s4e7l9f1o5r5i3g9i2nating HTTP/1.1" 200 197325 "-" "Mozilla/5.0 (Linux; Android 6.0.1; Nexus 5X Build/MMB29P) AppleWebKit/537.36 (KHTML, like Gecko) Chrome/151.0.7922.173 Mobile Safari/537.36 (compatible; GoogleOther)"
141.94.101.142 - - [25/Aug/2026:20:06:49 +0500] "GET /uz/?vars[1][0]=1&start=24 HTTP/1.1" 508 288 "-" "Mozilla/5.0 (compatible; MJ12bot/v1.4.8; http://mj12bot.com/)"
141.94.101.142 - - [25/Aug/2026:20:06:52 +0500] "GET /uz/affil-uzb?template=yoo_master2 HTTP/1.1" 508 288 "-" "Mozilla/5.0 (compatible; MJ12bot/v1.4.8; http://mj12bot.com/)"
141.94.101.142 - - [25/Aug/2026:20:06:56 +0500] "GET /uz/dividends-uzb/460-dividend-2024 HTTP/1.1" 200 57691 "-" "Mozilla/5.0 (compatible; MJ12bot/v1.4.8; http://mj12bot.com/)"
141.94.101.142 - - [25/Aug/2026:20:07:16 +0500] "GET /uz/dividends-uzb?format=feed&type=atom HTTP/1.1" 508 288 "-" "Mozilla/5.0 (compatible; MJ12bot/v1.4.8; http://mj12bot.com/)"
66.249.69.138 - - [25/Aug/2026:20:07:17 +0500] "GET /?r=s6u2b1l4o2b3u7l6a9r33 HTTP/1.1" 200 224571 "-" "Mozilla/5.0 (Linux; Android 6.0.1; Nexus 5X Build/MMB29P) AppleWebKit/537.36 (KHTML, like Gecko) Chrome/151.0.7922.173 Mobile Safari/537.36 (compatible; GoogleOther)"
141.94.101.142 - - [25/Aug/2026:20:07:28 +0500] "GET /uz/dividends-uzb?format=feed&type=rss HTTP/1.1" 200 3615 "-" "Mozilla/5.0 (compatible; MJ12bot/v1.4.8; http://mj12bot.com/)"
141.94.101.142 - - [25/Aug/2026:20:07:35 +0500] "GET /uz/dividends-uzb?template=accessibility&format=feed&type=atom HTTP/1.1" 200 4142 "-" "Mozilla/5.0 (compatible; MJ12bot/v1.4.8; http://mj12bot.com/)"
141.94.101.142 - - [25/Aug/2026:20:07:45 +0500] "GET /uz/dividends-uzb?template=accessibility&format=feed&type=rss HTTP/1.1" 200 3642 "-" "Mozilla/5.0 (compatible; MJ12bot/v1.4.8; http://mj12bot.com/)"
66.249.69.137 - - [25/Aug/2026:20:07:58 +0500] "GET /superposing/s3c3h3o5l7a8r7l0i7k7e2 HTTP/1.1" 200 182709 "-" "Mozilla/5.0 (Linux; Android 6.0.1; Nexus 5X Build/MMB29P) AppleWebKit/537.36 (KHTML, like Gecko) Chrome/151.0.7922.173 Mobile Safari/537.36 (compatible; GoogleOther)"
66.249.69.137 - - [25/Aug/2026:20:08:43 +0500] "GET /?r=a0f3f1l3u1e5n7t3l3y21 HTTP/1.1" 200 211860 "-" "Mozilla/5.0 (Linux; Android 6.0.1; Nexus 5X Build/MMB29P) AppleWebKit/537.36 (KHTML, like Gecko) Chrome/151.0.7922.173 Mobile Safari/537.36 (compatible; GoogleOther)"
34.30.223.149 - - [25/Aug/2026:20:08:50 +0500] "GET /docs/reports/2019/kpe-2019.doc HTTP/1.1" 200 41472 "-" "Mozilla/5.0 (Macintosh; Intel Mac OS X 10_15_7) AppleWebKit/537.36 (KHTML, like Gecko) Chrome/120.0.0.0 Safari/537.36"
66.249.69.139 - - [25/Aug/2026:20:09:20 +0500] "GET /?r=f9i2s1h7f7l1y3752 HTTP/1.1" 200 206745 "-" "Mozilla/5.0 (Linux; Android 6.0.1; Nexus 5X Build/MMB29P) AppleWebKit/537.36 (KHTML, like Gecko) Chrome/151.0.7922.173 Mobile Safari/537.36 (compatible; GoogleOther)"
34.171.68.95 - - [25/Aug/2026:20:09:20 +0500] "GET /ru/facts-rus?start=90&template=accessibility HTTP/1.1" 200 32559 "-" "Mozilla/5.0 (Macintosh; Intel Mac OS X 10_15_7) AppleWebKit/537.36 (KHTML, like Gecko) Chrome/120.0.0.0 Safari/537.36"
66.249.69.137 - - [25/Aug/2026:20:09:34 +0500] "GET /?haulage/1263297149 HTTP/1.1" 200 224556 "-" "Mozilla/5.0 (Linux; Android 6.0.1; Nexus 5X Build/MMB29P) AppleWebKit/537.36 (KHTML, like Gecko) Chrome/151.0.7922.137 Mobile Safari/537.36 (compatible; Googlebot/2.1; +http://www.google.com/bot.html)"
66.249.69.137 - - [25/Aug/2026:20:10:01 +0500] "GET /?r=b3a2s4e0l5a8r1d7916 HTTP/1.1" 200 208666 "-" "Mozilla/5.0 (Linux; Android 6.0.1; Nexus 5X Build/MMB29P) AppleWebKit/537.36 (KHTML, like Gecko) Chrome/151.0.7922.173 Mobile Safari/537.36 (compatible; GoogleOther)"
66.249.69.137 - - [25/Aug/2026:20:10:42 +0500] "GET /shops/gagged/i6n2t8r6o9m2i2t4t5e2n8t HTTP/1.1" 200 199546 "-" "Mozilla/5.0 (Linux; Android 6.0.1; Nexus 5X Build/MMB29P) AppleWebKit/537.36 (KHTML, like Gecko) Chrome/151.0.7922.173 Mobile Safari/537.36 (compatible; GoogleOther)"
66.249.69.138 - - [25/Aug/2026:20:11:22 +0500] "GET /shops/fluoridation/c9l1a7i4m3l8e4s9s543 HTTP/1.1" 200 211929 "-" "Mozilla/5.0 (Linux; Android 6.0.1; Nexus 5X Build/MMB29P) AppleWebKit/537.36 (KHTML, like Gecko) Chrome/151.0.7922.173 Mobile Safari/537.36 (compatible; GoogleOther)"
66.249.69.138 - - [25/Aug/2026:20:12:04 +0500] "GET /shops/exuberantly/v0e3r9g4a1l5i5e1n359 HTTP/1.1" 200 212565 "-" "Mozilla/5.0 (Linux; Android 6.0.1; Nexus 5X Build/MMB29P) AppleWebKit/537.36 (KHTML, like Gecko) Chrome/151.0.7922.173 Mobile Safari/537.36 (compatible; GoogleOther)"
34.56.53.225 - - [25/Aug/2026:20:12:21 +0500] "GET /uz/eski-juva-dehqon-bozori@mail.ru HTTP/1.1" 404 1230 "-" "Mozilla/5.0 (Macintosh; Intel Mac OS X 10_15_7) AppleWebKit/537.36 (KHTML, like Gecko) Chrome/120.0.0.0 Safari/537.36"
66.249.69.137 - - [25/Aug/2026:20:12:44 +0500] "GET /?r=l3e1w2i5s3439116 HTTP/1.1" 200 222582 "-" "Mozilla/5.0 (Linux; Android 6.0.1; Nexus 5X Build/MMB29P) AppleWebKit/537.36 (KHTML, like Gecko) Chrome/151.0.7922.173 Mobile Safari/537.36 (compatible; GoogleOther)"
66.249.69.137 - - [25/Aug/2026:20:12:51 +0500] "GET /?r=j9o2v0i9a0l4l6y0949 HTTP/1.1" 200 196070 "-" "Mozilla/5.0 (Linux; Android 6.0.1; Nexus 5X Build/MMB29P) AppleWebKit/537.36 (KHTML, like Gecko) Chrome/151.0.7922.137 Mobile Safari/537.36 (compatible; Googlebot/2.1; +http://www.google.com/bot.html)"
66.249.69.139 - - [25/Aug/2026:20:13:41 +0500] "GET /?r=f4u4n6d5h9o4l7d1e7r3 HTTP/1.1" 200 209362 "-" "Mozilla/5.0 (Linux; Android 6.0.1; Nexus 5X Build/MMB29P) AppleWebKit/537.36 (KHTML, like Gecko) Chrome/151.0.7922.173 Mobile Safari/537.36 (compatible; GoogleOther)"
34.10.180.98 - - [25/Aug/2026:20:13:43 +0500] "GET /ru/prospectus-rus?template=yoo_master2 HTTP/1.1" 200 60975 "-" "Mozilla/5.0 (Macintosh; Intel Mac OS X 10_15_7) AppleWebKit/537.36 (KHTML, like Gecko) Chrome/120.0.0.0 Safari/537.36"
66.249.69.137 - - [25/Aug/2026:20:13:58 +0500] "GET /circulatory/d1i1o2e0c3i8a85214 HTTP/1.1" 200 209780 "-" "Mozilla/5.0 (Linux; Android 6.0.1; Nexus 5X Build/MMB29P) AppleWebKit/537.36 (KHTML, like Gecko) Chrome/151.0.7922.173 Mobile Safari/537.36 (compatible; GoogleOther)"
66.249.69.137 - - [25/Aug/2026:20:14:16 +0500] "GET /shops/echinocactus/i0n1o1r3d0i4n9a2t5e8n9ess HTTP/1.1" 200 213081 "-" "Mozilla/5.0 (Linux; Android 6.0.1; Nexus 5X Build/MMB29P) AppleWebKit/537.36 (KHTML, like Gecko) Chrome/151.0.7922.173 Mobile Safari/537.36 (compatible; GoogleOther)"
66.249.69.137 - - [25/Aug/2026:20:14:35 +0500] "GET /?r=l4o1w4l0i4e6s8t3218 HTTP/1.1" 200 194141 "-" "Mozilla/5.0 (Linux; Android 6.0.1; Nexus 5X Build/MMB29P) AppleWebKit/537.36 (KHTML, like Gecko) Chrome/151.0.7922.173 Mobile Safari/537.36 (compatible; GoogleOther)"
66.249.69.138 - - [25/Aug/2026:20:15:01 +0500] "GET /?r=s0p1e5r1m5a1t6o6p6h0o1re HTTP/1.1" 200 209348 "-" "Mozilla/5.0 (Linux; Android 6.0.1; Nexus 5X Build/MMB29P) AppleWebKit/537.36 (KHTML, like Gecko) Chrome/151.0.7922.173 Mobile Safari/537.36 (compatible; GoogleOther)"
34.10.180.98 - - [25/Aug/2026:20:15:01 +0500] "GET /uz/news-uzb/412-meeting-04-09-2023-uz HTTP/1.1" 200 58456 "-" "Mozilla/5.0 (Macintosh; Intel Mac OS X 10_15_7) AppleWebKit/537.36 (KHTML, like Gecko) Chrome/120.0.0.0 Safari/537.36"
66.249.69.137 - - [25/Aug/2026:20:15:48 +0500] "GET /obconic/n0e3m9a8e2u1s21890 HTTP/1.1" 200 216616 "-" "Mozilla/5.0 (Linux; Android 6.0.1; Nexus 5X Build/MMB29P) AppleWebKit/537.36 (KHTML, like Gecko) Chrome/151.0.7922.173 Mobile Safari/537.36 (compatible; GoogleOther)"
66.249.69.137 - - [25/Aug/2026:20:16:11 +0500] "GET /shops/champerty/o2a1r8i3n5g786269 HTTP/1.1" 200 209946 "-" "Mozilla/5.0 (Linux; Android 6.0.1; Nexus 5X Build/MMB29P) AppleWebKit/537.36 (KHTML, like Gecko) Chrome/151.0.7922.173 Mobile Safari/537.36 (compatible; GoogleOther)"
66.249.69.137 - - [25/Aug/2026:20:16:02 +0500] "GET /?r=d0e3s8t0e0m4p9r8e7r53 HTTP/1.1" 504 210255 "-" "Mozilla/5.0 (Linux; Android 6.0.1; Nexus 5X Build/MMB29P) AppleWebKit/537.36 (KHTML, like Gecko) Chrome/151.0.7922.137 Mobile Safari/537.36 (compatible; Googlebot/2.1; +http://www.google.com/bot.html)"
66.249.69.137 - - [25/Aug/2026:20:16:57 +0500] "GET /mistell/brookweed/n9y3c8t0e7a074780 HTTP/1.1" 200 203883 "-" "Mozilla/5.0 (Linux; Android 6.0.1; Nexus 5X Build/MMB29P) AppleWebKit/537.36 (KHTML, like Gecko) Chrome/151.0.7922.173 Mobile Safari/537.36 (compatible; GoogleOther)"
66.249.69.137 - - [25/Aug/2026:20:17:10 +0500] "GET /shops/paladin/a2n3c6e9s3t6r2e9s3s08 HTTP/1.1" 200 199127 "-" "Mozilla/5.0 (Linux; Android 6.0.1; Nexus 5X Build/MMB29P) AppleWebKit/537.36 (KHTML, like Gecko) Chrome/151.0.7922.173 Mobile Safari/537.36 (compatible; GoogleOther)"
66.249.69.137 - - [25/Aug/2026:20:17:35 +0500] "GET /hasty/antiar/p6a8d9d0l6e0c6o9c4k2 HTTP/1.1" 200 197708 "-" "Mozilla/5.0 (Linux; Android 6.0.1; Nexus 5X Build/MMB29P) AppleWebKit/537.36 (KHTML, like Gecko) Chrome/151.0.7922.173 Mobile Safari/537.36 (compatible; GoogleOther)"
66.249.69.137 - - [25/Aug/2026:20:17:59 +0500] "GET /?r=a9l3l8o2m2o9r6p2h9i5s9m HTTP/1.1" 200 194151 "-" "Mozilla/5.0 (Linux; Android 6.0.1; Nexus 5X Build/MMB29P) AppleWebKit/537.36 (KHTML, like Gecko) Chrome/151.0.7922.173 Mobile Safari/537.36 (compatible; GoogleOther)"
66.249.69.137 - - [25/Aug/2026:20:18:21 +0500] "GET /shops/phobetron/n8o2b0i7l8i6f5y1365 HTTP/1.1" 200 188719 "-" "Mozilla/5.0 (Linux; Android 6.0.1; Nexus 5X Build/MMB29P) AppleWebKit/537.36 (KHTML, like Gecko) Chrome/151.0.7922.173 Mobile Safari/537.36 (compatible; GoogleOther)"
66.249.69.137 - - [25/Aug/2026:20:18:44 +0500] "GET /?r=b6i1g7g0i1n446800 HTTP/1.1" 200 194188 "-" "Mozilla/5.0 (Linux; Android 6.0.1; Nexus 5X Build/MMB29P) AppleWebKit/537.36 (KHTML, like Gecko) Chrome/151.0.7922.173 Mobile Safari/537.36 (compatible; GoogleOther)"
66.249.69.139 - - [25/Aug/2026:20:19:05 +0500] "GET /shops/reclination/a6b2s5t3r6a6c7t8i1v6e4 HTTP/1.1" 200 213151 "-" "Mozilla/5.0 (Linux; Android 6.0.1; Nexus 5X Build/MMB29P) AppleWebKit/537.36 (KHTML, like Gecko) Chrome/151.0.7922.173 Mobile Safari/537.36 (compatible; GoogleOther)"
66.249.69.137 - - [25/Aug/2026:20:19:25 +0500] "GET /?r=s1t1r0o2m0b7u0l3i1f2o5rm HTTP/1.1" 508 288 "-" "Mozilla/5.0 (Linux; Android 6.0.1; Nexus 5X Build/MMB29P) AppleWebKit/537.36 (KHTML, like Gecko) Chrome/151.0.7922.137 Mobile Safari/537.36 (compatible; Googlebot/2.1; +http://www.google.com/bot.html)"
34.30.223.149 - - [25/Aug/2026:20:19:32 +0500] "GET /ru/invest-rus?template=accessibility HTTP/1.1" 200 25455 "-" "Mozilla/5.0 (Macintosh; Intel Mac OS X 10_15_7) AppleWebKit/537.36 (KHTML, like Gecko) Chrome/120.0.0.0 Safari/537.36"
66.249.69.137 - - [25/Aug/2026:20:19:43 +0500] "GET /?r=c5a3c3h2e0t434556 HTTP/1.1" 508 288 "-" "Mozilla/5.0 (Linux; Android 6.0.1; Nexus 5X Build/MMB29P) AppleWebKit/537.36 (KHTML, like Gecko) Chrome/151.0.7922.173 Mobile Safari/537.36 (compatible; GoogleOther)"
66.249.69.137 - - [25/Aug/2026:20:19:59 +0500] "GET /cryptography/o9v2e4r0b5a8l1a7n9c1e6 HTTP/1.1" 200 211500 "-" "Mozilla/5.0 (Linux; Android 6.0.1; Nexus 5X Build/MMB29P) AppleWebKit/537.36 (KHTML, like Gecko) Chrome/151.0.7922.173 Mobile Safari/537.36 (compatible; GoogleOther)"
66.249.69.137 - - [25/Aug/2026:20:20:15 +0500] "GET /shops/whiteface/y0a2f8f7l9e40702 HTTP/1.1" 200 213121 "-" "Mozilla/5.0 (Linux; Android 6.0.1; Nexus 5X Build/MMB29P) AppleWebKit/537.36 (KHTML, like Gecko) Chrome/151.0.7922.173 Mobile Safari/537.36 (compatible; GoogleOther)"
66.249.69.137 - - [25/Aug/2026:20:20:31 +0500] "GET /?r=s3t3i0f3f9e8n0e5d814 HTTP/1.1" 200 221432 "-" "Mozilla/5.0 (Linux; Android 6.0.1; Nexus 5X Build/MMB29P) AppleWebKit/537.36 (KHTML, like Gecko) Chrome/151.0.7922.173 Mobile Safari/537.36 (compatible; GoogleOther)"
66.249.69.137 - - [25/Aug/2026:20:20:49 +0500] "GET /?r=s2c1u3l0l7i8n0g1580 HTTP/1.1" 200 206919 "-" "Mozilla/5.0 (Linux; Android 6.0.1; Nexus 5X Build/MMB29P) AppleWebKit/537.36 (KHTML, like Gecko) Chrome/151.0.7922.173 Mobile Safari/537.36 (compatible; GoogleOther)"
66.249.69.139 - - [25/Aug/2026:20:21:06 +0500] "GET /shops/tinsmith/a9c9c3o9r2d5i0n2g3ly HTTP/1.1" 200 206714 "-" "Mozilla/5.0 (Linux; Android 6.0.1; Nexus 5X Build/MMB29P) AppleWebKit/537.36 (KHTML, like Gecko) Chrome/151.0.7922.173 Mobile Safari/537.36 (compatible; GoogleOther)"
66.249.69.137 - - [25/Aug/2026:20:21:22 +0500] "GET /?r=u1n5d5e6r8g2r7o1w62 HTTP/1.1" 200 187378 "-" "Mozilla/5.0 (Linux; Android 6.0.1; Nexus 5X Build/MMB29P) AppleWebKit/537.36 (KHTML, like Gecko) Chrome/151.0.7922.173 Mobile Safari/537.36 (compatible; GoogleOther)"
66.249.69.137 - - [25/Aug/2026:20:21:43 +0500] "GET /shops/whitson/c5h2o8c6k4a1b1l2o4c6k HTTP/1.1" 200 199869 "-" "Mozilla/5.0 (Linux; Android 6.0.1; Nexus 5X Build/MMB29P) AppleWebKit/537.36 (KHTML, like Gecko) Chrome/151.0.7922.173 Mobile Safari/537.36 (compatible; GoogleOther)"
66.249.69.139 - - [25/Aug/2026:20:22:03 +0500] "GET /?r=m6o3n4o4m6a5c3h3i5s2t8 HTTP/1.1" 200 200969 "-" "Mozilla/5.0 (Linux; Android 6.0.1; Nexus 5X Build/MMB29P) AppleWebKit/537.36 (KHTML, like Gecko) Chrome/151.0.7922.173 Mobile Safari/537.36 (compatible; GoogleOther)"
66.249.69.138 - - [25/Aug/2026:20:22:10 +0500] "GET /?r=u1n5d5e6r8g2r7o1w62 HTTP/1.1" 508 288 "-" "Mozilla/5.0 (Linux; Android 6.0.1; Nexus 5X Build/MMB29P) AppleWebKit/537.36 (KHTML, like Gecko) Chrome/151.0.7922.137 Mobile Safari/537.36 (compatible; Googlebot/2.1; +http://www.google.com/bot.html)"
66.249.69.137 - - [25/Aug/2026:20:22:23 +0500] "GET /metagenetic/s8e9l8f0p6r1o5p1a6g2ating HTTP/1.1" 200 183113 "-" "Mozilla/5.0 (Linux; Android 6.0.1; Nexus 5X Build/MMB29P) AppleWebKit/537.36 (KHTML, like Gecko) Chrome/151.0.7922.173 Mobile Safari/537.36 (compatible; GoogleOther)"
66.249.69.138 - - [25/Aug/2026:20:22:38 +0500] "GET /?r=s2o3u5s4i4n2g28377 HTTP/1.1" 200 205378 "-" "Mozilla/5.0 (Linux; Android 6.0.1; Nexus 5X Build/MMB29P) AppleWebKit/537.36 (KHTML, like Gecko) Chrome/151.0.7922.137 Mobile Safari/537.36 (compatible; Googlebot/2.1; +http://www.google.com/bot.html)"
66.249.69.139 - - [25/Aug/2026:20:22:46 +0500] "GET /?r=o6u3t8r4a9g6e7n2733 HTTP/1.1" 200 204640 "-" "Mozilla/5.0 (Linux; Android 6.0.1; Nexus 5X Build/MMB29P) AppleWebKit/537.36 (KHTML, like Gecko) Chrome/151.0.7922.173 Mobile Safari/537.36 (compatible; GoogleOther)"
66.249.69.139 - - [25/Aug/2026:20:23:08 +0500] "GET /shops/dition/r3e2p5e0l1s793270 HTTP/1.1" 200 184698 "-" "Mozilla/5.0 (Linux; Android 6.0.1; Nexus 5X Build/MMB29P) AppleWebKit/537.36 (KHTML, like Gecko) Chrome/151.0.7922.173 Mobile Safari/537.36 (compatible; GoogleOther)"
66.249.69.137 - - [25/Aug/2026:20:23:30 +0500] "GET /shops/chela/l2i9b5e0r868718 HTTP/1.1" 200 198861 "-" "Mozilla/5.0 (Linux; Android 6.0.1; Nexus 5X Build/MMB29P) AppleWebKit/537.36 (KHTML, like Gecko) Chrome/151.0.7922.173 Mobile Safari/537.36 (compatible; GoogleOther)"
66.249.69.137 - - [25/Aug/2026:20:23:51 +0500] "GET /?r=l6a2c5q2u7e9r0e4d717 HTTP/1.1" 200 201824 "-" "Mozilla/5.0 (Linux; Android 6.0.1; Nexus 5X Build/MMB29P) AppleWebKit/537.36 (KHTML, like Gecko) Chrome/151.0.7922.173 Mobile Safari/537.36 (compatible; GoogleOther)"
66.249.69.137 - - [25/Aug/2026:20:24:18 +0500] "GET /shops/quinhydrone/b1a2r5n9d9o0o2r5549 HTTP/1.1" 200 205562 "-" "Mozilla/5.0 (Linux; Android 6.0.1; Nexus 5X Build/MMB29P) AppleWebKit/537.36 (KHTML, like Gecko) Chrome/151.0.7922.173 Mobile Safari/537.36 (compatible; GoogleOther)"
66.249.69.137 - - [25/Aug/2026:20:24:44 +0500] "GET /shops/phoenicious/d6i3s7s2e5r9v8i6c2e66 HTTP/1.1" 200 217882 "-" "Mozilla/5.0 (Linux; Android 6.0.1; Nexus 5X Build/MMB29P) AppleWebKit/537.36 (KHTML, like Gecko) Chrome/151.0.7922.173 Mobile Safari/537.36 (compatible; GoogleOther)"
66.249.69.139 - - [25/Aug/2026:20:25:10 +0500] "GET /?r=m9i2s4r9e5g0u1l3a8t5e7 HTTP/1.1" 200 209773 "-" "Mozilla/5.0 (Linux; Android 6.0.1; Nexus 5X Build/MMB29P) AppleWebKit/537.36 (KHTML, like Gecko) Chrome/151.0.7922.173 Mobile Safari/537.36 (compatible; GoogleOther)"
66.249.69.137 - - [25/Aug/2026:20:25:34 +0500] "GET /?r=b9e3a2r7t9r9a4p8595 HTTP/1.1" 200 202965 "-" "Mozilla/5.0 (Linux; Android 6.0.1; Nexus 5X Build/MMB29P) AppleWebKit/537.36 (KHTML, like Gecko) Chrome/151.0.7922.173 Mobile Safari/537.36 (compatible; GoogleOther)"
66.249.69.139 - - [25/Aug/2026:20:26:07 +0500] "GET /shops/superfluitant/u6n2n7e6r2v6a3t5e272 HTTP/1.1" 200 210187 "-" "Mozilla/5.0 (Linux; Android 6.0.1; Nexus 5X Build/MMB29P) AppleWebKit/537.36 (KHTML, like Gecko) Chrome/151.0.7922.173 Mobile Safari/537.36 (compatible; GoogleOther)"
66.249.69.138 - - [25/Aug/2026:20:26:30 +0500] "GET /f/services/sds HTTP/1.1" 200 199352 "-" "Mozilla/5.0 (Linux; Android 6.0.1; Nexus 5X Build/MMB29P) AppleWebKit/537.36 (KHTML, like Gecko) Chrome/151.0.7922.173 Mobile Safari/537.36 (compatible; GoogleOther)"
47.82.49.38 - - [25/Aug/2026:20:26:37 +0500] "GET /docs/2023/sush_fakt-08-04.09.2023-ns.doc HTTP/1.1" 200 87552 "-" "Mozilla/5.0 (Macintosh; Intel Mac OS X 10_15_7) AppleWebKit/537.36 (KHTML, like Gecko) Chrome/148.0.0.0 Safari/537.36"
47.82.49.244 - - [25/Aug/2026:20:26:38 +0500] "GET /ru/officially-rus/tenders-rus?start=4&template=yoo_master2 HTTP/1.1" 200 61026 "-" "Mozilla/5.0 (Windows NT 10.0; Win64; x64) AppleWebKit/537.36 (KHTML, like Gecko) Chrome/148.0.0.0 Safari/537.36"
66.249.69.137 - - [25/Aug/2026:20:26:52 +0500] "GET /?r=p0a2i2l1m0a2l8l7714 HTTP/1.1" 200 197244 "-" "Mozilla/5.0 (Linux; Android 6.0.1; Nexus 5X Build/MMB29P) AppleWebKit/537.36 (KHTML, like Gecko) Chrome/151.0.7922.173 Mobile Safari/537.36 (compatible; GoogleOther)"
66.249.69.139 - - [25/Aug/2026:20:27:13 +0500] "GET /?r=e9a3s4e9d3397555 HTTP/1.1" 200 202634 "-" "Mozilla/5.0 (Linux; Android 6.0.1; Nexus 5X Build/MMB29P) AppleWebKit/537.36 (KHTML, like Gecko) Chrome/151.0.7922.173 Mobile Safari/537.36 (compatible; GoogleOther)"
66.249.69.138 - - [25/Aug/2026:20:27:33 +0500] "GET /?r=f9r4i0z2e9l889202 HTTP/1.1" 200 197668 "-" "Mozilla/5.0 (Linux; Android 6.0.1; Nexus 5X Build/MMB29P) AppleWebKit/537.36 (KHTML, like Gecko) Chrome/151.0.7922.173 Mobile Safari/537.36 (compatible; GoogleOther)"
66.249.69.137 - - [25/Aug/2026:20:27:52 +0500] "GET /?r=t7o9b5i0e454840 HTTP/1.1" 508 288 "-" "Mozilla/5.0 (Linux; Android 6.0.1; Nexus 5X Build/MMB29P) AppleWebKit/537.36 (KHTML, like Gecko) Chrome/151.0.7922.173 Mobile Safari/537.36 (compatible; GoogleOther)"
34.56.53.225 - - [25/Aug/2026:20:28:02 +0500] "GET /ru/facts-rus/464-sush-fakt-06-24-05-2025-pdf HTTP/1.1" 200 56096 "-" "Mozilla/5.0 (Macintosh; Intel Mac OS X 10_15_7) AppleWebKit/537.36 (KHTML, like Gecko) Chrome/120.0.0.0 Safari/537.36"
66.249.69.139 - - [25/Aug/2026:20:28:09 +0500] "GET /?r=s2e4s1s2i1o1n8a8l869 HTTP/1.1" 200 212907 "-" "Mozilla/5.0 (Linux; Android 6.0.1; Nexus 5X Build/MMB29P) AppleWebKit/537.36 (KHTML, like Gecko) Chrome/151.0.7922.173 Mobile Safari/537.36 (compatible; GoogleOther)"
66.249.69.137 - - [25/Aug/2026:20:28:26 +0500] "GET /shops/basalnerved/f4e6a8t4h1e4r4b6e8d0 HTTP/1.1" 200 207707 "-" "Mozilla/5.0 (Linux; Android 6.0.1; Nexus 5X Build/MMB29P) AppleWebKit/537.36 (KHTML, like Gecko) Chrome/151.0.7922.173 Mobile Safari/537.36 (compatible; GoogleOther)"
66.249.69.137 - - [25/Aug/2026:20:28:44 +0500] "GET /?r=h5e1a9d8w3o7r3d5488 HTTP/1.1" 508 288 "-" "Mozilla/5.0 (Linux; Android 6.0.1; Nexus 5X Build/MMB29P) AppleWebKit/537.36 (KHTML, like Gecko) Chrome/151.0.7922.173 Mobile Safari/537.36 (compatible; GoogleOther)"
66.249.69.137 - - [25/Aug/2026:20:28:59 +0500] "GET /?r=l6o2r7r3i1e868426 HTTP/1.1" 200 209364 "-" "Mozilla/5.0 (Linux; Android 6.0.1; Nexus 5X Build/MMB29P) AppleWebKit/537.36 (KHTML, like Gecko) Chrome/151.0.7922.173 Mobile Safari/537.36 (compatible; GoogleOther)"
66.249.69.137 - - [25/Aug/2026:20:29:14 +0500] "GET /reeled/i0n4d2u9c2e683790 HTTP/1.1" 200 200446 "-" "Mozilla/5.0 (Linux; Android 6.0.1; Nexus 5X Build/MMB29P) AppleWebKit/537.36 (KHTML, like Gecko) Chrome/151.0.7922.173 Mobile Safari/537.36 (compatible; GoogleOther)"
66.249.69.137 - - [25/Aug/2026:20:29:30 +0500] "GET /?r=e5m4b0o2w4e3l3m8e0n2t9 HTTP/1.1" 200 196777 "-" "Mozilla/5.0 (Linux; Android 6.0.1; Nexus 5X Build/MMB29P) AppleWebKit/537.36 (KHTML, like Gecko) Chrome/151.0.7922.173 Mobile Safari/537.36 (compatible; GoogleOther)"
66.249.69.137 - - [25/Aug/2026:20:30:01 +0500] "GET /?hebdomadal/91855959341 HTTP/1.1" 200 211975 "-" "Mozilla/5.0 (Linux; Android 6.0.1; Nexus 5X Build/MMB29P) AppleWebKit/537.36 (KHTML, like Gecko) Chrome/151.0.7922.173 Mobile Safari/537.36 (compatible; GoogleOther)"
47.79.15.75 - - [25/Aug/2026:20:30:01 +0500] "GET /ru/officially-rus/tenders-rus?start=16&template=yoo_master2 HTTP/1.1" 200 61248 "-" "Mozilla/5.0 (Macintosh; Intel Mac OS X 10_15_7) AppleWebKit/537.36 (KHTML, like Gecko) Chrome/139.0.0.0 Safari/537.36"
66.249.69.138 - - [25/Aug/2026:20:30:17 +0500] "GET /?r=e7x2p2a5r4i6a8t6i5n6g1 HTTP/1.1" 200 215881 "-" "Mozilla/5.0 (Linux; Android 6.0.1; Nexus 5X Build/MMB29P) AppleWebKit/537.36 (KHTML, like Gecko) Chrome/151.0.7922.173 Mobile Safari/537.36 (compatible; GoogleOther)"
66.249.69.137 - - [25/Aug/2026:20:30:33 +0500] "GET /?r=f3l2a2s2h4e3s72465 HTTP/1.1" 200 228050 "-" "Mozilla/5.0 (Linux; Android 6.0.1; Nexus 5X Build/MMB29P) AppleWebKit/537.36 (KHTML, like Gecko) Chrome/151.0.7922.173 Mobile Safari/537.36 (compatible; GoogleOther)"
34.10.180.98 - - [25/Aug/2026:20:30:48 +0500] "GET /docs/reports/2017/balance-2017-3-kvartal.xlsx HTTP/1.1" 200 58954 "-" "Mozilla/5.0 (Macintosh; Intel Mac OS X 10_15_7) AppleWebKit/537.36 (KHTML, like Gecko) Chrome/120.0.0.0 Safari/537.36"
66.249.69.137 - - [25/Aug/2026:20:30:51 +0500] "GET /?r=s6t2o8r4m8g3l6a3s4s18 HTTP/1.1" 200 219399 "-" "Mozilla/5.0 (Linux; Android 6.0.1; Nexus 5X Build/MMB29P) AppleWebKit/537.36 (KHTML, like Gecko) Chrome/151.0.7922.173 Mobile Safari/537.36 (compatible; Googlebot/2.1; +http://www.google.com/bot.html)"
66.249.69.139 - - [25/Aug/2026:20:31:09 +0500] "GET /shops/deconstruct/h9a3e5m0a9p4o4p8h0y5s1ial HTTP/1.1" 508 288 "-" "Mozilla/5.0 (Linux; Android 6.0.1; Nexus 5X Build/MMB29P) AppleWebKit/537.36 (KHTML, like Gecko) Chrome/151.0.7922.173 Mobile Safari/537.36 (compatible; GoogleOther)"
34.56.53.225 - - [25/Aug/2026:20:31:32 +0500] "GET /ru/component/search/?Itemid=132&catid=33&format=opensearch&id=328 HTTP/1.1" 508 288 "-" "Mozilla/5.0 (Macintosh; Intel Mac OS X 10_15_7) AppleWebKit/537.36 (KHTML, like Gecko) Chrome/120.0.0.0 Safari/537.36"
66.249.69.138 - - [25/Aug/2026:20:31:55 +0500] "GET /?educative/31616725837 HTTP/1.1" 200 215341 "-" "Mozilla/5.0 (Linux; Android 6.0.1; Nexus 5X Build/MMB29P) AppleWebKit/537.36 (KHTML, like Gecko) Chrome/151.0.7922.173 Mobile Safari/537.36 (compatible; GoogleOther)"
66.249.69.138 - - [25/Aug/2026:20:32:31 +0500] "GET /grandiose/dendrophidae/y1m4a2k9e1d540441 HTTP/1.1" 200 195248 "-" "Mozilla/5.0 (Linux; Android 6.0.1; Nexus 5X Build/MMB29P) AppleWebKit/537.36 (KHTML, like Gecko) Chrome/151.0.7922.173 Mobile Safari/537.36 (compatible; GoogleOther)"
66.249.69.137 - - [25/Aug/2026:20:33:12 +0500] "GET /shops/eloinment/m9i3n7i0s2t2r0a4t2i1o6n HTTP/1.1" 508 288 "-" "Mozilla/5.0 (Linux; Android 6.0.1; Nexus 5X Build/MMB29P) AppleWebKit/537.36 (KHTML, like Gecko) Chrome/151.0.7922.173 Mobile Safari/537.36 (compatible; GoogleOther)"
34.61.96.6 - - [25/Aug/2026:20:33:36 +0500] "GET /ru/facts-rus/336-08-fact-02-04-2021-rk HTTP/1.1" 200 56084 "-" "Mozilla/5.0 (Macintosh; Intel Mac OS X 10_15_7) AppleWebKit/537.36 (KHTML, like Gecko) Chrome/120.0.0.0 Safari/537.36"
66.249.69.138 - - [25/Aug/2026:20:33:56 +0500] "GET /vanquishing/doorpost/a1l4t6r8u0i0s3t1i7c8 HTTP/1.1" 200 199011 "-" "Mozilla/5.0 (Linux; Android 6.0.1; Nexus 5X Build/MMB29P) AppleWebKit/537.36 (KHTML, like Gecko) Chrome/151.0.7922.173 Mobile Safari/537.36 (compatible; GoogleOther)"
66.249.69.137 - - [25/Aug/2026:20:34:06 +0500] "GET /?r=v4i2l0l7o0u3s40852 HTTP/1.1" 508 288 "-" "Mozilla/5.0 (Linux; Android 6.0.1; Nexus 5X Build/MMB29P) AppleWebKit/537.36 (KHTML, like Gecko) Chrome/151.0.7922.173 Mobile Safari/537.36 (compatible; Googlebot/2.1; +http://www.google.com/bot.html)"
66.249.69.137 - - [25/Aug/2026:20:34:33 +0500] "GET /tainture/h9i1s4s4e9d640736 HTTP/1.1" 200 211326 "-" "Mozilla/5.0 (Linux; Android 6.0.1; Nexus 5X Build/MMB29P) AppleWebKit/537.36 (KHTML, like Gecko) Chrome/151.0.7922.173 Mobile Safari/537.36 (compatible; GoogleOther)"
66.249.69.139 - - [25/Aug/2026:20:35:14 +0500] "GET /?r=c9o3r3r6a6l445712 HTTP/1.1" 200 212718 "-" "Mozilla/5.0 (Linux; Android 6.0.1; Nexus 5X Build/MMB29P) AppleWebKit/537.36 (KHTML, like Gecko) Chrome/151.0.7922.173 Mobile Safari/537.36 (compatible; GoogleOther)"
66.249.69.137 - - [25/Aug/2026:20:35:55 +0500] "GET /?r=n7i1g4r6o5f7a1s5c8i5atus HTTP/1.1" 200 214845 "-" "Mozilla/5.0 (Linux; Android 6.0.1; Nexus 5X Build/MMB29P) AppleWebKit/537.36 (KHTML, like Gecko) Chrome/151.0.7922.173 Mobile Safari/537.36 (compatible; GoogleOther)"
34.10.180.98 - - [25/Aug/2026:20:36:26 +0500] "GET /uz/facts-uzb?start=90 HTTP/1.1" 200 63536 "-" "Mozilla/5.0 (Macintosh; Intel Mac OS X 10_15_7) AppleWebKit/537.36 (KHTML, like Gecko) Chrome/120.0.0.0 Safari/537.36"
66.249.69.137 - - [25/Aug/2026:20:36:36 +0500] "GET /hemispheroidal/pucka/02921850554 HTTP/1.1" 508 288 "-" "Mozilla/5.0 (Linux; Android 6.0.1; Nexus 5X Build/MMB29P) AppleWebKit/537.36 (KHTML, like Gecko) Chrome/151.0.7922.173 Mobile Safari/537.36 (compatible; GoogleOther)"
66.249.69.138 - - [25/Aug/2026:20:37:17 +0500] "GET /chokebored/tipstaff/02729094389 HTTP/1.1" 200 201582 "-" "Mozilla/5.0 (Linux; Android 6.0.1; Nexus 5X Build/MMB29P) AppleWebKit/537.36 (KHTML, like Gecko) Chrome/151.0.7922.173 Mobile Safari/537.36 (compatible; GoogleOther)"
66.249.69.138 - - [25/Aug/2026:20:37:22 +0500] "GET /?toyish/93359082871 HTTP/1.1" 200 199510 "-" "Mozilla/5.0 (Linux; Android 6.0.1; Nexus 5X Build/MMB29P) AppleWebKit/537.36 (KHTML, like Gecko) Chrome/151.0.7922.173 Mobile Safari/537.36 (compatible; Googlebot/2.1; +http://www.google.com/bot.html)"
66.249.69.138 - - [25/Aug/2026:20:37:27 +0500] "GET /?r=u1n5d5e6r8g2r7o1w62 HTTP/1.1" 200 187378 "-" "Mozilla/5.0 (Linux; Android 6.0.1; Nexus 5X Build/MMB29P) AppleWebKit/537.36 (KHTML, like Gecko) Chrome/151.0.7922.173 Mobile Safari/537.36 (compatible; Googlebot/2.1; +http://www.google.com/bot.html)"
185.191.171.12 - - [25/Aug/2026:20:37:44 +0500] "GET /ru/about-org-rus/strategy-rus/11-russian/about-org-rus/47-direction-rus HTTP/1.1" 200 63916 "-" "Mozilla/5.0 (compatible; SemrushBot/7~bl; +http://www.semrush.com/bot.html)"
34.10.180.98 - - [25/Aug/2026:20:38:04 +0500] "GET /uz/news-uzb/351-meeting-31-03-2022 HTTP/1.1" 200 60674 "-" "Mozilla/5.0 (Macintosh; Intel Mac OS X 10_15_7) AppleWebKit/537.36 (KHTML, like Gecko) Chrome/120.0.0.0 Safari/537.36"
66.249.69.137 - - [25/Aug/2026:20:37:59 +0500] "GET /?r=p3h3i3l9o8s4o6p7h8i6z5er HTTP/1.1" 504 228201 "-" "Mozilla/5.0 (Linux; Android 6.0.1; Nexus 5X Build/MMB29P) AppleWebKit/537.36 (KHTML, like Gecko) Chrome/151.0.7922.173 Mobile Safari/537.36 (compatible; GoogleOther)"
34.56.53.225 - - [25/Aug/2026:20:39:13 +0500] "GET /uz/jsc-docs-uzb/479-poloj-ns-01-04-2024-pdf HTTP/1.1" 508 288 "-" "Mozilla/5.0 (Macintosh; Intel Mac OS X 10_15_7) AppleWebKit/537.36 (KHTML, like Gecko) Chrome/120.0.0.0 Safari/537.36"
66.249.69.138 - - [25/Aug/2026:20:39:09 +0500] "GET /?r=s0c1o2r9n0f7u9l7023 HTTP/1.1" 200 192402 "-" "Mozilla/5.0 (Linux; Android 6.0.1; Nexus 5X Build/MMB29P) AppleWebKit/537.36 (KHTML, like Gecko) Chrome/151.0.7922.173 Mobile Safari/537.36 (compatible; GoogleOther)"
66.249.69.137 - - [25/Aug/2026:20:39:49 +0500] "GET /?r=a0l2l9e8g6o4r1i5z2ing HTTP/1.1" 200 200605 "-" "Mozilla/5.0 (Linux; Android 6.0.1; Nexus 5X Build/MMB29P) AppleWebKit/537.36 (KHTML, like Gecko) Chrome/151.0.7922.173 Mobile Safari/537.36 (compatible; GoogleOther)"
147.135.213.153 - - [25/Aug/2026:20:40:10 +0500] "GET /robots.txt HTTP/1.1" 200 111 "-" "Mozilla/5.0 (compatible; MJ12bot/v1.4.8; http://mj12bot.com/)"
66.249.69.138 - - [25/Aug/2026:20:40:16 +0500] "GET /rightabout/c5h3i3l5e8136465 HTTP/1.1" 200 205355 "-" "Mozilla/5.0 (Linux; Android 6.0.1; Nexus 5X Build/MMB29P) AppleWebKit/537.36 (KHTML, like Gecko) Chrome/151.0.7922.173 Mobile Safari/537.36 (compatible; GoogleOther)"
147.135.213.153 - - [25/Aug/2026:20:40:14 +0500] "GET /uz/?r=e4x1t3r3o2v6e2r4t0e6d9&start=48 HTTP/1.1" 200 68932 "-" "Mozilla/5.0 (compatible; MJ12bot/v1.4.8; http://mj12bot.com/)"
147.135.213.153 - - [25/Aug/2026:20:40:27 +0500] "GET /uz/?r=e4x1t3r3o2v6e2r4t0e6d9&start=8 HTTP/1.1" 200 67781 "-" "Mozilla/5.0 (compatible; MJ12bot/v1.4.8; http://mj12bot.com/)"
66.249.69.137 - - [25/Aug/2026:20:40:37 +0500] "GET /choosing/tranation/a8p1p5e4a3r0e9r6785 HTTP/1.1" 200 187853 "-" "Mozilla/5.0 (Linux; Android 6.0.1; Nexus 5X Build/MMB29P) AppleWebKit/537.36 (KHTML, like Gecko) Chrome/151.0.7922.173 Mobile Safari/537.36 (compatible; Googlebot/2.1; +http://www.google.com/bot.html)"
66.249.69.137 - - [25/Aug/2026:20:40:42 +0500] "GET /?r=i3n2o2p1p3o4r7t3u9n0i9ty HTTP/1.1" 200 208604 "-" "Mozilla/5.0 (Linux; Android 6.0.1; Nexus 5X Build/MMB29P) AppleWebKit/537.36 (KHTML, like Gecko) Chrome/151.0.7922.173 Mobile Safari/537.36 (compatible; GoogleOther)"
66.249.69.139 - - [25/Aug/2026:20:41:05 +0500] "GET /?r=s8t1u5d1h7o2r9s1e388 HTTP/1.1" 200 185132 "-" "Mozilla/5.0 (Linux; Android 6.0.1; Nexus 5X Build/MMB29P) AppleWebKit/537.36 (KHTML, like Gecko) Chrome/151.0.7922.173 Mobile Safari/537.36 (compatible; GoogleOther)"
66.249.69.137 - - [25/Aug/2026:20:41:29 +0500] "GET /?r=m3a1s3t4e0r4f7u7l5l9y9 HTTP/1.1" 508 288 "-" "Mozilla/5.0 (Linux; Android 6.0.1; Nexus 5X Build/MMB29P) AppleWebKit/537.36 (KHTML, like Gecko) Chrome/151.0.7922.173 Mobile Safari/537.36 (compatible; GoogleOther)"
66.249.69.139 - - [25/Aug/2026:20:42:03 +0500] "GET /shops/hurricano/o9a5t6m1e1a8l3135 HTTP/1.1" 200 210699 "-" "Mozilla/5.0 (Linux; Android 6.0.1; Nexus 5X Build/MMB29P) AppleWebKit/537.36 (KHTML, like Gecko) Chrome/151.0.7922.173 Mobile Safari/537.36 (compatible; GoogleOther)"
66.249.69.137 - - [25/Aug/2026:20:42:44 +0500] "GET /?r=k5e1e3c1h7241629 HTTP/1.1" 508 288 "-" "Mozilla/5.0 (Linux; Android 6.0.1; Nexus 5X Build/MMB29P) AppleWebKit/537.36 (KHTML, like Gecko) Chrome/151.0.7922.173 Mobile Safari/537.36 (compatible; GoogleOther)"
147.135.213.153 - - [25/Aug/2026:20:43:21 +0500] "GET /uz/?r=e9x3t7r6e3m2i3t7y235&start=24 HTTP/1.1" 200 68272 "-" "Mozilla/5.0 (compatible; MJ12bot/v1.4.8; http://mj12bot.com/)"
147.135.213.153 - - [25/Aug/2026:20:43:34 +0500] "GET /uz/?r=e9x3t7r6e3m2i3t7y235&start=8 HTTP/1.1" 508 288 "-" "Mozilla/5.0 (compatible; MJ12bot/v1.4.8; http://mj12bot.com/)"
66.249.69.138 - - [25/Aug/2026:20:43:25 +0500] "GET /shops/inherence/v1i1v8i9s2e4c1t7i5o1n HTTP/1.1" 200 198173 "-" "Mozilla/5.0 (Linux; Android 6.0.1; Nexus 5X Build/MMB29P) AppleWebKit/537.36 (KHTML, like Gecko) Chrome/151.0.7922.173 Mobile Safari/537.36 (compatible; GoogleOther)"
147.135.213.153 - - [25/Aug/2026:20:43:47 +0500] "GET /uz/?r=f4o1u8l9l2y580498&format=feed&type=atom HTTP/1.1" 200 9198 "-" "Mozilla/5.0 (compatible; MJ12bot/v1.4.8; http://mj12bot.com/)"
66.249.69.137 - - [25/Aug/2026:20:43:54 +0500] "GET /?r=p0r2o7v0e0d0i1t7o1r77 HTTP/1.1" 200 212803 "-" "Mozilla/5.0 (Linux; Android 6.0.1; Nexus 5X Build/MMB29P) AppleWebKit/537.36 (KHTML, like Gecko) Chrome/151.0.7922.173 Mobile Safari/537.36 (compatible; Googlebot/2.1; +http://www.google.com/bot.html)"
147.135.213.153 - - [25/Aug/2026:20:44:06 +0500] "GET /uz/?r=f4o1u8l9l2y580498&format=feed&type=rss HTTP/1.1" 200 6003 "-" "Mozilla/5.0 (compatible; MJ12bot/v1.4.8; http://mj12bot.com/)"
66.249.69.137 - - [25/Aug/2026:20:44:07 +0500] "GET /?r=r5e2t7i9t0e0l4a4e24 HTTP/1.1" 200 199340 "-" "Mozilla/5.0 (Linux; Android 6.0.1; Nexus 5X Build/MMB29P) AppleWebKit/537.36 (KHTML, like Gecko) Chrome/151.0.7922.173 Mobile Safari/537.36 (compatible; GoogleOther)"
147.135.213.153 - - [25/Aug/2026:20:44:19 +0500] "GET /uz/?r=f4o1u8l9l2y580498&start=12 HTTP/1.1" 200 68538 "-" "Mozilla/5.0 (compatible; MJ12bot/v1.4.8; http://mj12bot.com/)"
147.135.213.153 - - [25/Aug/2026:20:44:35 +0500] "GET /uz/?r=f4o1u8l9l2y580498&start=4 HTTP/1.1" 200 68137 "-" "Mozilla/5.0 (compatible; MJ12bot/v1.4.8; http://mj12bot.com/)"
66.249.69.137 - - [25/Aug/2026:20:44:47 +0500] "GET /?r=w9h3i2s6t4l4y63217 HTTP/1.1" 200 213805 "-" "Mozilla/5.0 (Linux; Android 6.0.1; Nexus 5X Build/MMB29P) AppleWebKit/537.36 (KHTML, like Gecko) Chrome/151.0.7922.173 Mobile Safari/537.36 (compatible; GoogleOther)"
147.135.213.153 - - [25/Aug/2026:20:44:53 +0500] "GET /uz/?r=f4o1u8l9l2y580498&start=52 HTTP/1.1" 200 69221 "-" "Mozilla/5.0 (compatible; MJ12bot/v1.4.8; http://mj12bot.com/)"
147.135.213.153 - - [25/Aug/2026:20:45:07 +0500] "GET /uz/?r=f4o1u8l9l2y580498&start=8 HTTP/1.1" 200 67776 "-" "Mozilla/5.0 (compatible; MJ12bot/v1.4.8; http://mj12bot.com/)"
34.171.68.95 - - [25/Aug/2026:20:45:27 +0500] "GET /ru/component/search/?Itemid=384&catid=35&format=opensearch&id=277 HTTP/1.1" 200 812 "-" "Mozilla/5.0 (Macintosh; Intel Mac OS X 10_15_7) AppleWebKit/537.36 (KHTML, like Gecko) Chrome/120.0.0.0 Safari/537.36"
147.135.213.153 - - [25/Aug/2026:20:45:37 +0500] "GET /uz/?r=h9a4r0d9w9o1n59294&start=12 HTTP/1.1" 200 68539 "-" "Mozilla/5.0 (compatible; MJ12bot/v1.4.8; http://mj12bot.com/)"
66.249.69.137 - - [25/Aug/2026:20:45:37 +0500] "GET /?r=d1o2u5b6l7e0t1h1r1e3a7ded HTTP/1.1" 200 192265 "-" "Mozilla/5.0 (Linux; Android 6.0.1; Nexus 5X Build/MMB29P) AppleWebKit/537.36 (KHTML, like Gecko) Chrome/151.0.7922.173 Mobile Safari/537.36 (compatible; GoogleOther)"
147.135.213.153 - - [25/Aug/2026:20:45:56 +0500] "GET /uz/?r=h9a4r0d9w9o1n59294&start=4 HTTP/1.1" 200 68138 "-" "Mozilla/5.0 (compatible; MJ12bot/v1.4.8; http://mj12bot.com/)"
66.249.69.139 - - [25/Aug/2026:20:46:09 +0500] "GET /?yestern/12344181259 HTTP/1.1" 200 193903 "-" "Mozilla/5.0 (Linux; Android 6.0.1; Nexus 5X Build/MMB29P) AppleWebKit/537.36 (KHTML, like Gecko) Chrome/151.0.7922.173 Mobile Safari/537.36 (compatible; GoogleOther)"
147.135.213.153 - - [25/Aug/2026:20:46:15 +0500] "GET /uz/?r=h9a4r0d9w9o1n59294&start=8 HTTP/1.1" 200 67777 "-" "Mozilla/5.0 (compatible; MJ12bot/v1.4.8; http://mj12bot.com/)"
147.135.213.153 - - [25/Aug/2026:20:46:35 +0500] "GET /uz/?r=m9u8m0p9e1d56468&start=48 HTTP/1.1" 200 68926 "-" "Mozilla/5.0 (compatible; MJ12bot/v1.4.8; http://mj12bot.com/)"
147.135.213.153 - - [25/Aug/2026:20:46:45 +0500] "GET /uz/?r=m9y4r0r3h3a18877 HTTP/1.1" 200 68597 "-" "Mozilla/5.0 (compatible; MJ12bot/v1.4.8; http://mj12bot.com/)"
66.249.69.137 - - [25/Aug/2026:20:46:50 +0500] "GET /?r=b9i9m5o2d4a9l9422 HTTP/1.1" 200 216957 "-" "Mozilla/5.0 (Linux; Android 6.0.1; Nexus 5X Build/MMB29P) AppleWebKit/537.36 (KHTML, like Gecko) Chrome/151.0.7922.173 Mobile Safari/537.36 (compatible; GoogleOther)"
147.135.213.153 - - [25/Aug/2026:20:46:55 +0500] "GET /uz/?r=m9y4r0r3h3a18877&format=feed&type=atom HTTP/1.1" 200 9197 "-" "Mozilla/5.0 (compatible; MJ12bot/v1.4.8; http://mj12bot.com/)"
147.135.213.153 - - [25/Aug/2026:20:47:03 +0500] "GET /uz/?r=m9y4r0r3h3a18877&format=feed&type=rss HTTP/1.1" 200 6002 "-" "Mozilla/5.0 (compatible; MJ12bot/v1.4.8; http://mj12bot.com/)"
147.135.213.153 - - [25/Aug/2026:20:47:12 +0500] "GET /uz/?r=m9y4r0r3h3a18877&start=40 HTTP/1.1" 508 288 "-" "Mozilla/5.0 (compatible; MJ12bot/v1.4.8; http://mj12bot.com/)"
66.249.69.137 - - [25/Aug/2026:20:47:09 +0500] "GET /?erase/92582875301 HTTP/1.1" 200 191783 "-" "Mozilla/5.0 (Linux; Android 6.0.1; Nexus 5X Build/MMB29P) AppleWebKit/537.36 (KHTML, like Gecko) Chrome/151.0.7922.173 Mobile Safari/537.36 (compatible; Googlebot/2.1; +http://www.google.com/bot.html)"
34.61.96.6 - - [25/Aug/2026:20:47:07 +0500] "GET /ru/facts-rus/303-08-fact-19-05-2020-ns HTTP/1.1" 200 56390 "-" "Mozilla/5.0 (Macintosh; Intel Mac OS X 10_15_7) AppleWebKit/537.36 (KHTML, like Gecko) Chrome/120.0.0.0 Safari/537.36"
147.135.213.153 - - [25/Aug/2026:20:47:24 +0500] "GET /uz/?r=m9y4r0r3h3a18877&start=44 HTTP/1.1" 200 69679 "-" "Mozilla/5.0 (compatible; MJ12bot/v1.4.8; http://mj12bot.com/)"
66.249.69.137 - - [25/Aug/2026:20:47:31 +0500] "GET /?r=i9n4d0i3s6p3o8s3e7d5n8ess HTTP/1.1" 200 202961 "-" "Mozilla/5.0 (Linux; Android 6.0.1; Nexus 5X Build/MMB29P) AppleWebKit/537.36 (KHTML, like Gecko) Chrome/151.0.7922.173 Mobile Safari/537.36 (compatible; GoogleOther)"
147.135.213.153 - - [25/Aug/2026:20:47:40 +0500] "GET /uz/?r=m9y4r0r3h3a18877&start=48 HTTP/1.1" 200 68926 "-" "Mozilla/5.0 (compatible; MJ12bot/v1.4.8; http://mj12bot.com/)"
23.21.250.48 - - [25/Aug/2026:20:48:02 +0500] "GET /uz/?r=p4o8i5n2t8r3e6l905&start=4 HTTP/1.1" 508 288 "-" "Mozilla/5.0 AppleWebKit/537.36 (KHTML, like Gecko; compatible; Amazonbot/0.1; +https://developer.amazon.com/support/amazonbot) Chrome/119.0.6045.214 Safari/537.36"
34.199.252.22 - - [25/Aug/2026:20:47:59 +0500] "GET /uz/?format=feed&r=p4o8i5n2t8r3e6l905&type=rss HTTP/1.1" 200 6004 "-" "Mozilla/5.0 AppleWebKit/537.36 (KHTML, like Gecko; compatible; Amazonbot/0.1; +https://developer.amazon.com/support/amazonbot) Chrome/119.0.6045.214 Safari/537.36"
66.249.69.138 - - [25/Aug/2026:20:48:11 +0500] "GET /shops/transparence/a9g2r0a9p3h9i3a1189 HTTP/1.1" 200 217478 "-" "Mozilla/5.0 (Linux; Android 6.0.1; Nexus 5X Build/MMB29P) AppleWebKit/537.36 (KHTML, like Gecko) Chrome/151.0.7922.173 Mobile Safari/537.36 (compatible; GoogleOther)"
207.46.13.14 - - [25/Aug/2026:20:48:41 +0500] "GET /uz/?start=4&ismobile=1&start=12 HTTP/1.1" 200 197665 "-" "Mozilla/5.0 AppleWebKit/537.36 (KHTML, like Gecko; compatible; bingbot/2.0; +http://www.bing.com/bingbot.htm) Chrome/116.0.1938.76 Safari/537.36"
34.123.149.87 - - [25/Aug/2026:20:48:54 +0500] "GET /uz/about-org-uzb/strategy-uzb/10-uzbek?format=feed&type=atom HTTP/1.1" 508 288 "-" "Mozilla/5.0 (Macintosh; Intel Mac OS X 10_15_7) AppleWebKit/537.36 (KHTML, like Gecko) Chrome/120.0.0.0 Safari/537.36"
66.249.69.137 - - [25/Aug/2026:20:48:52 +0500] "GET /?r=a3l3l0e3r1g1i1s8t159 HTTP/1.1" 200 205970 "-" "Mozilla/5.0 (Linux; Android 6.0.1; Nexus 5X Build/MMB29P) AppleWebKit/537.36 (KHTML, like Gecko) Chrome/151.0.7922.173 Mobile Safari/537.36 (compatible; GoogleOther)"
66.249.69.137 - - [25/Aug/2026:20:49:33 +0500] "GET /?r=c9e2n6t4u8p4l4i7c3a1t8ing HTTP/1.1" 200 211782 "-" "Mozilla/5.0 (Linux; Android 6.0.1; Nexus 5X Build/MMB29P) AppleWebKit/537.36 (KHTML, like Gecko) Chrome/151.0.7922.173 Mobile Safari/537.36 (compatible; GoogleOther)"
66.249.69.138 - - [25/Aug/2026:20:50:14 +0500] "GET /maundy/egyptology/93283635304 HTTP/1.1" 200 212534 "-" "Mozilla/5.0 (Linux; Android 6.0.1; Nexus 5X Build/MMB29P) AppleWebKit/537.36 (KHTML, like Gecko) Chrome/151.0.7922.173 Mobile Safari/537.36 (compatible; GoogleOther)"
