Your IP : 216.73.216.109


Current Path : /home/uzgidenergo/access-logs/
Upload File :
Current File : /home/uzgidenergo/access-logs/eski.uzbekgidroenergoqurilish.uz-ssl_log

66.249.69.139 - - [25/Aug/2026:17:12:19 +0500] "GET /familiarized/a2g1a0l9a2x6y08148 HTTP/1.1" 200 213771 "-" "Mozilla/5.0 (Linux; Android 6.0.1; Nexus 5X Build/MMB29P) AppleWebKit/537.36 (KHTML, like Gecko) Chrome/151.0.7922.137 Mobile Safari/537.36 (compatible; GoogleOther)"
54.242.70.168 - - [25/Aug/2026:17:12:51 +0500] "GET /robots.txt HTTP/1.1" 200 111 "-" "Mozilla/5.0 (compatible; getdomaindata/1.0; +https://getdomaindata.com/bot)"
54.242.70.168 - - [25/Aug/2026:17:12:52 +0500] "GET / HTTP/1.1" 301 - "-" "Mozilla/5.0 (compatible; getdomaindata/1.0; +https://getdomaindata.com/bot)"
66.249.69.137 - - [25/Aug/2026:17:12:52 +0500] "GET /?r=s6t2o8r4m8g3l6a3s4s18 HTTP/1.1" 200 219399 "-" "Mozilla/5.0 (Linux; Android 6.0.1; Nexus 5X Build/MMB29P) AppleWebKit/537.36 (KHTML, like Gecko) Chrome/151.0.7922.137 Mobile Safari/537.36 (compatible; GoogleOther)"
54.242.70.168 - - [25/Aug/2026:17:12:56 +0500] "GET /uz/ HTTP/1.1" 200 68753 "-" "Mozilla/5.0 (compatible; getdomaindata/1.0; +https://getdomaindata.com/bot)"
66.249.69.138 - - [25/Aug/2026:17:13:25 +0500] "GET /stores/ambushment/44167434484 HTTP/1.1" 200 199326 "-" "Mozilla/5.0 (Linux; Android 6.0.1; Nexus 5X Build/MMB29P) AppleWebKit/537.36 (KHTML, like Gecko) Chrome/151.0.7922.137 Mobile Safari/537.36 (compatible; GoogleOther)"
34.30.223.149 - - [25/Aug/2026:17:13:54 +0500] "GET /ru/dividends-rus?start=4 HTTP/1.1" 200 58775 "-" "Mozilla/5.0 (Macintosh; Intel Mac OS X 10_15_7) AppleWebKit/537.36 (KHTML, like Gecko) Chrome/120.0.0.0 Safari/537.36"
66.249.69.137 - - [25/Aug/2026:17:14:05 +0500] "GET /shops/skipjack/r2e3p8r9e3s7s2e4d811 HTTP/1.1" 200 215162 "-" "Mozilla/5.0 (Linux; Android 6.0.1; Nexus 5X Build/MMB29P) AppleWebKit/537.36 (KHTML, like Gecko) Chrome/151.0.7922.137 Mobile Safari/537.36 (compatible; GoogleOther)"
98.84.60.17 - - [25/Aug/2026:17:14:34 +0500] "GET /uz/prospectus-uzb HTTP/1.1" 200 62630 "-" "Mozilla/5.0 AppleWebKit/537.36 (KHTML, like Gecko; compatible; Amazonbot/0.1; +https://developer.amazon.com/support/amazonbot) Chrome/119.0.6045.214 Safari/537.36"
66.249.69.137 - - [25/Aug/2026:17:14:38 +0500] "GET /rutila/heliac/t6r1e3a8c7h6e7r6y053 HTTP/1.1" 200 220843 "-" "Mozilla/5.0 (Linux; Android 6.0.1; Nexus 5X Build/MMB29P) AppleWebKit/537.36 (KHTML, like Gecko) Chrome/151.0.7922.137 Mobile Safari/537.36 (compatible; GoogleOther)"
66.249.69.139 - - [25/Aug/2026:17:15:12 +0500] "GET /paleontology/t3r1a2c3k5m3a5n2887 HTTP/1.1" 200 223651 "-" "Mozilla/5.0 (Linux; Android 6.0.1; Nexus 5X Build/MMB29P) AppleWebKit/537.36 (KHTML, like Gecko) Chrome/151.0.7922.137 Mobile Safari/537.36 (compatible; GoogleOther)"
66.249.69.137 - - [25/Aug/2026:17:15:47 +0500] "GET /?r=t9a5i5l9z2i9e2807 HTTP/1.1" 200 194549 "-" "Mozilla/5.0 (Linux; Android 6.0.1; Nexus 5X Build/MMB29P) AppleWebKit/537.36 (KHTML, like Gecko) Chrome/151.0.7922.137 Mobile Safari/537.36 (compatible; GoogleOther)"
66.249.69.139 - - [25/Aug/2026:17:16:20 +0500] "GET /f/special/isetan/ HTTP/1.1" 200 182168 "-" "Mozilla/5.0 (Linux; Android 6.0.1; Nexus 5X Build/MMB29P) AppleWebKit/537.36 (KHTML, like Gecko) Chrome/151.0.7922.137 Mobile Safari/537.36 (compatible; GoogleOther)"
66.249.69.137 - - [25/Aug/2026:17:16:54 +0500] "GET /shops/lightcoloured/u9n5h7a5l4l3o5w778 HTTP/1.1" 200 195827 "-" "Mozilla/5.0 (Linux; Android 6.0.1; Nexus 5X Build/MMB29P) AppleWebKit/537.36 (KHTML, like Gecko) Chrome/151.0.7922.137 Mobile Safari/537.36 (compatible; GoogleOther)"
66.249.69.138 - - [25/Aug/2026:17:17:27 +0500] "GET /shops/gasburner/a1p2p4o3i9n1t5i8n0g45 HTTP/1.1" 508 288 "-" "Mozilla/5.0 (Linux; Android 6.0.1; Nexus 5X Build/MMB29P) AppleWebKit/537.36 (KHTML, like Gecko) Chrome/151.0.7922.137 Mobile Safari/537.36 (compatible; GoogleOther)"
66.249.69.137 - - [25/Aug/2026:17:18:24 +0500] "GET /?r=c6a3r2u3n1c1u9l3a5r55 HTTP/1.1" 200 215457 "-" "Mozilla/5.0 (Linux; Android 6.0.1; Nexus 5X Build/MMB29P) AppleWebKit/537.36 (KHTML, like Gecko) Chrome/151.0.7922.137 Mobile Safari/537.36 (compatible; GoogleOther)"
85.208.96.212 - - [25/Aug/2026:17:18:35 +0500] "GET /uz/affil-uzb/10-uzbek HTTP/1.1" 200 105875 "-" "Mozilla/5.0 (compatible; SemrushBot/7~bl; +http://www.semrush.com/bot.html)"
66.249.69.137 - - [25/Aug/2026:17:19:02 +0500] "GET /shops/fluidize/l6o3x7o2d9r2o3m3y982 HTTP/1.1" 200 204286 "-" "Mozilla/5.0 (Linux; Android 6.0.1; Nexus 5X Build/MMB29P) AppleWebKit/537.36 (KHTML, like Gecko) Chrome/151.0.7922.137 Mobile Safari/537.36 (compatible; GoogleOther)"
34.56.53.225 - - [25/Aug/2026:17:19:14 +0500] "GET /media/aridocsviewer/pdfjs/web/viewer.html?file=https://www.eski.uzbekgidroenergoqurilish.uz/docs/2023/bayon_kk-03.10.2023.pdf HTTP/1.1" 200 19712 "-" "Mozilla/5.0 (Macintosh; Intel Mac OS X 10_15_7) AppleWebKit/537.36 (KHTML, like Gecko) Chrome/120.0.0.0 Safari/537.36"
66.249.69.137 - - [25/Aug/2026:17:19:50 +0500] "GET /?r=c6a3r1r5i8c2k58386 HTTP/1.1" 200 202076 "-" "Mozilla/5.0 (Linux; Android 6.0.1; Nexus 5X Build/MMB29P) AppleWebKit/537.36 (KHTML, like Gecko) Chrome/151.0.7922.137 Mobile Safari/537.36 (compatible; GoogleOther)"
34.171.68.95 - - [25/Aug/2026:17:19:53 +0500] "GET /ru/about-org-rus/indexes-rus?start=10 HTTP/1.1" 200 63168 "-" "Mozilla/5.0 (Macintosh; Intel Mac OS X 10_15_7) AppleWebKit/537.36 (KHTML, like Gecko) Chrome/120.0.0.0 Safari/537.36"
66.249.69.138 - - [25/Aug/2026:17:20:22 +0500] "GET /immediate/a6l4p1i7n3a311414 HTTP/1.1" 508 288 "-" "Mozilla/5.0 (Linux; Android 6.0.1; Nexus 5X Build/MMB29P) AppleWebKit/537.36 (KHTML, like Gecko) Chrome/151.0.7922.137 Mobile Safari/537.36 (compatible; Googlebot/2.1; +http://www.google.com/bot.html)"
185.191.171.4 - - [25/Aug/2026:17:20:29 +0500] "GET /uz/?function=call_user_func_array&s=index%2Fthink%5C%5C%5C%5C%5C%5C%5C%5C%5C%5C%5C%5C%5C%5C%5C%5C%5C%5C%5C%5C%5C%5C%5C%5C%5C%5C%5C%5C%5C%5C%5C%5C%5C%5C%5C%5C%5C%5C%5C%5C%5C%5C%5C%5C%5C%5C%5C%5C%5C%5C%5C%5C%5C%5C%5C%5C%5C%5C%5C%5C%5C%5C%5C%5C%5C%5C%5C%5C%5C%5C%5C%5C%5C%5C%5C%5C%5C%5C%5C%5C%5C%5C%5C%5C%5C%5C%5C%5C%5C%5C%5C%5C%5C%5C%5C%5C%5C%5C%5C%5C%5C%5C%5C%5C%5C%5C%5C%5C%5C%5C%5C%5C%5C%5C%5C%5C%5C%5C%5C%5C%5C%5C%5C%5C%5C%5C%5C%5Capp%2Finvokefunction&start=36&vars%5B0%5D=phpinfo&vars%5B1%5D%5B0%5D=1 HTTP/1.1" 200 72827 "-" "Mozilla/5.0 (compatible; SemrushBot/7~bl; +http://www.semrush.com/bot.html)"
66.249.69.137 - - [25/Aug/2026:17:20:39 +0500] "GET /f/services/sds/ HTTP/1.1" 200 199352 "-" "Mozilla/5.0 (Linux; Android 6.0.1; Nexus 5X Build/MMB29P) AppleWebKit/537.36 (KHTML, like Gecko) Chrome/151.0.7922.137 Mobile Safari/537.36 (compatible; GoogleOther)"
66.249.69.139 - - [25/Aug/2026:17:21:22 +0500] "GET /?desynonymization/03905798120 HTTP/1.1" 200 215727 "-" "Mozilla/5.0 (Linux; Android 6.0.1; Nexus 5X Build/MMB29P) AppleWebKit/537.36 (KHTML, like Gecko) Chrome/151.0.7922.137 Mobile Safari/537.36 (compatible; GoogleOther)"
66.249.69.139 - - [25/Aug/2026:17:22:07 +0500] "GET /shops/attend/d2a4s5y9p3u8s4289 HTTP/1.1" 200 198734 "-" "Mozilla/5.0 (Linux; Android 6.0.1; Nexus 5X Build/MMB29P) AppleWebKit/537.36 (KHTML, like Gecko) Chrome/151.0.7922.137 Mobile Safari/537.36 (compatible; GoogleOther)"
47.82.48.134 - - [25/Aug/2026:17:22:30 +0500] "GET /ru/officially-rus/old-acts-rus?template=yoo_master2 HTTP/1.1" 508 288 "-" "Mozilla/5.0 (Windows NT 10.0; Win64; x64) AppleWebKit/537.36 (KHTML, like Gecko) Chrome/143.0.0.0 Safari/537.36"
66.249.69.137 - - [25/Aug/2026:17:22:50 +0500] "GET /?r=o4u1t7d6i9d301580 HTTP/1.1" 508 288 "-" "Mozilla/5.0 (Linux; Android 6.0.1; Nexus 5X Build/MMB29P) AppleWebKit/537.36 (KHTML, like Gecko) Chrome/151.0.7922.137 Mobile Safari/537.36 (compatible; GoogleOther)"
35.254.159.230 - - [25/Aug/2026:17:22:49 +0500] "GET /ru/facts-rus/490-sush-fakt-08-07-04-2026-io-pdf HTTP/1.1" 200 55752 "-" "Mozilla/5.0 (Macintosh; Intel Mac OS X 10_15_7) AppleWebKit/537.36 (KHTML, like Gecko) Chrome/120.0.0.0 Safari/537.36"
34.171.68.95 - - [25/Aug/2026:17:23:26 +0500] "GET /uz/acquisition-of-shares-uz?template=accessibility HTTP/1.1" 200 28477 "-" "Mozilla/5.0 (Macintosh; Intel Mac OS X 10_15_7) AppleWebKit/537.36 (KHTML, like Gecko) Chrome/120.0.0.0 Safari/537.36"
66.249.69.139 - - [25/Aug/2026:17:23:28 +0500] "GET /?r=s2a6b2i1n0i6a6n9a96 HTTP/1.1" 200 208399 "-" "Mozilla/5.0 (Linux; Android 6.0.1; Nexus 5X Build/MMB29P) AppleWebKit/537.36 (KHTML, like Gecko) Chrome/151.0.7922.137 Mobile Safari/537.36 (compatible; GoogleOther)"
66.249.69.139 - - [25/Aug/2026:17:24:06 +0500] "GET /shops/trachelipodous/p9e3n3t2a8m4e9r9o2u7s1 HTTP/1.1" 200 207028 "-" "Mozilla/5.0 (Linux; Android 6.0.1; Nexus 5X Build/MMB29P) AppleWebKit/537.36 (KHTML, like Gecko) Chrome/151.0.7922.137 Mobile Safari/537.36 (compatible; GoogleOther)"
34.171.68.95 - - [25/Aug/2026:17:24:29 +0500] "GET /ru/news-rus/85-prodazha-akciy-rus HTTP/1.1" 200 56493 "-" "Mozilla/5.0 (Macintosh; Intel Mac OS X 10_15_7) AppleWebKit/537.36 (KHTML, like Gecko) Chrome/120.0.0.0 Safari/537.36"
66.249.69.137 - - [25/Aug/2026:17:24:45 +0500] "GET /?r=o9b3f9u7s2c4a8t1e348 HTTP/1.1" 200 198687 "-" "Mozilla/5.0 (Linux; Android 6.0.1; Nexus 5X Build/MMB29P) AppleWebKit/537.36 (KHTML, like Gecko) Chrome/151.0.7922.137 Mobile Safari/537.36 (compatible; GoogleOther)"
40.77.167.70 - - [25/Aug/2026:17:25:10 +0500] "GET /uz/?start=48 HTTP/1.1" 200 217842 "-" "Mozilla/5.0 AppleWebKit/537.36 (KHTML, like Gecko; compatible; bingbot/2.0; +http://www.bing.com/bingbot.htm) Chrome/116.0.1938.76 Safari/537.36"
207.46.13.102 - - [25/Aug/2026:17:25:14 +0500] "GET /uz/?start=4&start=4&template=yoo_master2&start=12 HTTP/1.1" 200 201872 "-" "Mozilla/5.0 AppleWebKit/537.36 (KHTML, like Gecko; compatible; bingbot/2.0; +http://www.bing.com/bingbot.htm) Chrome/116.0.1938.76 Safari/537.36"
66.249.69.137 - - [25/Aug/2026:17:26:30 +0500] "GET /?chilliness/03982569020 HTTP/1.1" 200 213019 "-" "Mozilla/5.0 (Linux; Android 6.0.1; Nexus 5X Build/MMB29P) AppleWebKit/537.36 (KHTML, like Gecko) Chrome/151.0.7922.137 Mobile Safari/537.36 (compatible; GoogleOther)"
136.119.35.120 - - [25/Aug/2026:17:26:47 +0500] "GET /uz/component/search/?Itemid=327&catid=32&format=opensearch&id=441 HTTP/1.1" 200 799 "-" "Mozilla/5.0 (Macintosh; Intel Mac OS X 10_15_7) AppleWebKit/537.36 (KHTML, like Gecko) Chrome/120.0.0.0 Safari/537.36"
207.46.13.6 - - [25/Aug/2026:17:26:53 +0500] "GET /uz/?Command=NOOP&InternalFile=../../../../../../../../../../../../../../Windows/win.ini&NewWebClient=1&start=36 HTTP/1.1" 200 187380 "-" "Mozilla/5.0 AppleWebKit/537.36 (KHTML, like Gecko; compatible; bingbot/2.0; +http://www.bing.com/bingbot.htm) Chrome/116.0.1938.76 Safari/537.36"
207.46.13.102 - - [25/Aug/2026:17:26:57 +0500] "GET /uz/?_cb=6689739457058942012&start=20 HTTP/1.1" 200 217671 "-" "Mozilla/5.0 AppleWebKit/537.36 (KHTML, like Gecko; compatible; bingbot/2.0; +http://www.bing.com/bingbot.htm) Chrome/116.0.1938.76 Safari/537.36"
66.249.69.137 - - [25/Aug/2026:17:27:06 +0500] "GET /?sarcophagus/31874495042 HTTP/1.1" 200 214847 "-" "Mozilla/5.0 (Linux; Android 6.0.1; Nexus 5X Build/MMB29P) AppleWebKit/537.36 (KHTML, like Gecko) Chrome/151.0.7922.137 Mobile Safari/537.36 (compatible; GoogleOther)"
66.249.69.138 - - [25/Aug/2026:17:27:52 +0500] "GET /shops/cownosed/z0y3g5a4e6n0i1d6a2e33 HTTP/1.1" 200 213397 "-" "Mozilla/5.0 (Linux; Android 6.0.1; Nexus 5X Build/MMB29P) AppleWebKit/537.36 (KHTML, like Gecko) Chrome/151.0.7922.137 Mobile Safari/537.36 (compatible; GoogleOther)"
66.249.69.137 - - [25/Aug/2026:17:28:36 +0500] "GET /?r=c9h9r8o7m8a4t0o4s5c5ope HTTP/1.1" 200 213833 "-" "Mozilla/5.0 (Linux; Android 6.0.1; Nexus 5X Build/MMB29P) AppleWebKit/537.36 (KHTML, like Gecko) Chrome/151.0.7922.137 Mobile Safari/537.36 (compatible; GoogleOther)"
66.249.69.138 - - [25/Aug/2026:17:29:22 +0500] "GET /paludinous/torch/b1r4u1s2h5i8n4e6s4s23 HTTP/1.1" 200 228874 "-" "Mozilla/5.0 (Linux; Android 6.0.1; Nexus 5X Build/MMB29P) AppleWebKit/537.36 (KHTML, like Gecko) Chrome/151.0.7922.137 Mobile Safari/537.36 (compatible; GoogleOther)"
3.227.180.70 - - [25/Aug/2026:17:29:32 +0500] "GET /uz/?r=p4o8i5n2t8r3e6l905&start=24 HTTP/1.1" 508 288 "-" "Mozilla/5.0 AppleWebKit/537.36 (KHTML, like Gecko; compatible; Amazonbot/0.1; +https://developer.amazon.com/support/amazonbot) Chrome/119.0.6045.214 Safari/537.36"
66.249.69.137 - - [25/Aug/2026:17:29:44 +0500] "GET /shops/namation/m3u3r8d5e6r0o8u2s7l0y3 HTTP/1.1" 200 200902 "-" "Mozilla/5.0 (Linux; Android 6.0.1; Nexus 5X Build/MMB29P) AppleWebKit/537.36 (KHTML, like Gecko) Chrome/151.0.7922.137 Mobile Safari/537.36 (compatible; Googlebot/2.1; +http://www.google.com/bot.html)"
66.249.69.139 - - [25/Aug/2026:17:30:04 +0500] "GET /shops/foliation/c9o3q6u4e7t3r8y947 HTTP/1.1" 200 203087 "-" "Mozilla/5.0 (Linux; Android 6.0.1; Nexus 5X Build/MMB29P) AppleWebKit/537.36 (KHTML, like Gecko) Chrome/151.0.7922.137 Mobile Safari/537.36 (compatible; GoogleOther)"
66.249.69.137 - - [25/Aug/2026:17:30:44 +0500] "GET /?r=s2i3g0n7a2l5i1t6y789 HTTP/1.1" 200 203555 "-" "Mozilla/5.0 (Linux; Android 6.0.1; Nexus 5X Build/MMB29P) AppleWebKit/537.36 (KHTML, like Gecko) Chrome/151.0.7922.137 Mobile Safari/537.36 (compatible; GoogleOther)"
66.249.69.137 - - [25/Aug/2026:17:31:22 +0500] "GET /?r=g3r1e9a4t4h1e4a6r2t1e9d HTTP/1.1" 200 208229 "-" "Mozilla/5.0 (Linux; Android 6.0.1; Nexus 5X Build/MMB29P) AppleWebKit/537.36 (KHTML, like Gecko) Chrome/151.0.7922.137 Mobile Safari/537.36 (compatible; GoogleOther)"
35.254.159.230 - - [25/Aug/2026:17:31:25 +0500] "GET /uz/officially-uzb/tenders-uzb?start=8&template=yoo_master2 HTTP/1.1" 200 63584 "-" "Mozilla/5.0 (Macintosh; Intel Mac OS X 10_15_7) AppleWebKit/537.36 (KHTML, like Gecko) Chrome/120.0.0.0 Safari/537.36"
66.249.69.137 - - [25/Aug/2026:17:32:00 +0500] "GET /?r=a4r1q5u7e9b1u7s8e308 HTTP/1.1" 508 288 "-" "Mozilla/5.0 (Linux; Android 6.0.1; Nexus 5X Build/MMB29P) AppleWebKit/537.36 (KHTML, like Gecko) Chrome/151.0.7922.137 Mobile Safari/537.36 (compatible; GoogleOther)"
66.249.69.137 - - [25/Aug/2026:17:32:33 +0500] "GET /?r=e5l4a4p5i8d0a6t7i5o9n HTTP/1.1" 200 194351 "-" "Mozilla/5.0 (Linux; Android 6.0.1; Nexus 5X Build/MMB29P) AppleWebKit/537.36 (KHTML, like Gecko) Chrome/151.0.7922.137 Mobile Safari/537.36 (compatible; GoogleOther)"
66.249.69.138 - - [25/Aug/2026:17:33:36 +0500] "GET /shops/bovey/d7i3s0c0a9p3a3c5i5t4ate HTTP/1.1" 200 214596 "-" "Mozilla/5.0 (Linux; Android 6.0.1; Nexus 5X Build/MMB29P) AppleWebKit/537.36 (KHTML, like Gecko) Chrome/151.0.7922.137 Mobile Safari/537.36 (compatible; GoogleOther)"
34.171.68.95 - - [25/Aug/2026:17:33:47 +0500] "GET /uz/facts-uzb/56-06-emitentning-filiallari-vakolatkhonalari-shuba-va-tobe-jamiyatlari-rujkhatidagi-uzgarishlar HTTP/1.1" 200 59027 "-" "Mozilla/5.0 (Macintosh; Intel Mac OS X 10_15_7) AppleWebKit/537.36 (KHTML, like Gecko) Chrome/120.0.0.0 Safari/537.36"
66.249.69.139 - - [25/Aug/2026:17:34:07 +0500] "GET /salmis/a2m1a0t3i7v3e0n4e5s3s3 HTTP/1.1" 200 210805 "-" "Mozilla/5.0 (Linux; Android 6.0.1; Nexus 5X Build/MMB29P) AppleWebKit/537.36 (KHTML, like Gecko) Chrome/151.0.7922.137 Mobile Safari/537.36 (compatible; GoogleOther)"
66.249.69.138 - - [25/Aug/2026:17:34:37 +0500] "GET /shops/lactonic/c1o1l2l8a5t5e9d6602 HTTP/1.1" 200 224558 "-" "Mozilla/5.0 (Linux; Android 6.0.1; Nexus 5X Build/MMB29P) AppleWebKit/537.36 (KHTML, like Gecko) Chrome/151.0.7922.137 Mobile Safari/537.36 (compatible; GoogleOther)"
66.249.69.138 - - [25/Aug/2026:17:35:11 +0500] "GET /shops/jarring/r2e3p7r7o4a7c4h2f5u9l1ly HTTP/1.1" 200 197791 "-" "Mozilla/5.0 (Linux; Android 6.0.1; Nexus 5X Build/MMB29P) AppleWebKit/537.36 (KHTML, like Gecko) Chrome/151.0.7922.137 Mobile Safari/537.36 (compatible; GoogleOther)"
66.249.69.137 - - [25/Aug/2026:17:35:45 +0500] "GET /dogbrier/b0y3r1r5h5u3s95525 HTTP/1.1" 200 208901 "-" "Mozilla/5.0 (Linux; Android 6.0.1; Nexus 5X Build/MMB29P) AppleWebKit/537.36 (KHTML, like Gecko) Chrome/151.0.7922.137 Mobile Safari/537.36 (compatible; GoogleOther)"
66.249.69.137 - - [25/Aug/2026:17:36:43 +0500] "GET /odr/order/apiGetCartItems/ HTTP/1.1" 200 184769 "https://www.eski.uzbekgidroenergoqurilish.uz/shops/namation/m3u3r8d5e6r0o8u2s7l0y3" "Mozilla/5.0 (Linux; Android 6.0.1; Nexus 5X Build/MMB29P) AppleWebKit/537.36 (KHTML, like Gecko) Chrome/151.0.7922.137 Mobile Safari/537.36 (compatible; Googlebot/2.1; +http://www.google.com/bot.html)"
66.249.69.137 - - [25/Aug/2026:17:36:57 +0500] "GET /?r=c5r4u0t0c4h4e7d841 HTTP/1.1" 200 199648 "-" "Mozilla/5.0 (Linux; Android 6.0.1; Nexus 5X Build/MMB29P) AppleWebKit/537.36 (KHTML, like Gecko) Chrome/151.0.7922.137 Mobile Safari/537.36 (compatible; GoogleOther)"
66.249.69.137 - - [25/Aug/2026:17:37:33 +0500] "GET /?r=k4a4a1b7a2h555004 HTTP/1.1" 200 212022 "-" "Mozilla/5.0 (Linux; Android 6.0.1; Nexus 5X Build/MMB29P) AppleWebKit/537.36 (KHTML, like Gecko) Chrome/151.0.7922.137 Mobile Safari/537.36 (compatible; GoogleOther)"
157.55.39.204 - - [25/Aug/2026:17:37:44 +0500] "GET /uz/?ismobile=1'&start=12 HTTP/1.1" 200 201961 "-" "Mozilla/5.0 AppleWebKit/537.36 (KHTML, like Gecko; compatible; bingbot/2.0; +http://www.bing.com/bingbot.htm) Chrome/116.0.1938.76 Safari/537.36"
157.55.39.58 - - [25/Aug/2026:17:37:56 +0500] "GET /uz/?s=/home/page/uploadImg&start=24 HTTP/1.1" 200 198196 "-" "Mozilla/5.0 AppleWebKit/537.36 (KHTML, like Gecko; compatible; bingbot/2.0; +http://www.bing.com/bingbot.htm) Chrome/116.0.1938.76 Safari/537.36"
66.249.69.138 - - [25/Aug/2026:17:38:12 +0500] "GET /nutritive/c2r3e5m0e5581473 HTTP/1.1" 200 210435 "-" "Mozilla/5.0 (Linux; Android 6.0.1; Nexus 5X Build/MMB29P) AppleWebKit/537.36 (KHTML, like Gecko) Chrome/151.0.7922.137 Mobile Safari/537.36 (compatible; GoogleOther)"
34.171.68.95 - - [25/Aug/2026:17:38:59 +0500] "GET /ru/component/search/?Itemid=160&catid=19&format=opensearch&id=386 HTTP/1.1" 200 800 "-" "Mozilla/5.0 (Macintosh; Intel Mac OS X 10_15_7) AppleWebKit/537.36 (KHTML, like Gecko) Chrome/120.0.0.0 Safari/537.36"
66.249.69.138 - - [25/Aug/2026:17:38:49 +0500] "GET /?r=a9r2a8b8i3s112544 HTTP/1.1" 200 193936 "-" "Mozilla/5.0 (Linux; Android 6.0.1; Nexus 5X Build/MMB29P) AppleWebKit/537.36 (KHTML, like Gecko) Chrome/151.0.7922.137 Mobile Safari/537.36 (compatible; GoogleOther)"
157.55.39.204 - - [25/Aug/2026:17:39:14 +0500] "GET /uz/?start=4&start=4&template=yoo_master2&start=44 HTTP/1.1" 508 288 "-" "Mozilla/5.0 AppleWebKit/537.36 (KHTML, like Gecko; compatible; bingbot/2.0; +http://www.bing.com/bingbot.htm) Chrome/116.0.1938.76 Safari/537.36"
66.249.69.137 - - [25/Aug/2026:17:39:09 +0500] "GET /?r=s1w3i5f5t2l2e5t5723 HTTP/1.1" 200 206292 "-" "Mozilla/5.0 (Linux; Android 6.0.1; Nexus 5X Build/MMB29P) AppleWebKit/537.36 (KHTML, like Gecko) Chrome/151.0.7922.137 Mobile Safari/537.36 (compatible; Googlebot/2.1; +http://www.google.com/bot.html)"
85.208.96.207 - - [25/Aug/2026:17:39:12 +0500] "GET /ru/?start=16&template=eskijuva HTTP/1.1" 200 68649 "-" "Mozilla/5.0 (compatible; SemrushBot/7~bl; +http://www.semrush.com/bot.html)"
66.249.69.138 - - [25/Aug/2026:17:39:38 +0500] "GET /?senonian/2388751658 HTTP/1.1" 200 213137 "-" "Mozilla/5.0 (Linux; Android 6.0.1; Nexus 5X Build/MMB29P) AppleWebKit/537.36 (KHTML, like Gecko) Chrome/151.0.7922.137 Mobile Safari/537.36 (compatible; GoogleOther)"
66.249.69.138 - - [25/Aug/2026:17:41:06 +0500] "GET /seity/kingii/m3i2s2t3i1t8l4e8021 HTTP/1.1" 200 213337 "-" "Mozilla/5.0 (Linux; Android 6.0.1; Nexus 5X Build/MMB29P) AppleWebKit/537.36 (KHTML, like Gecko) Chrome/151.0.7922.137 Mobile Safari/537.36 (compatible; GoogleOther)"
34.123.149.87 - - [25/Aug/2026:17:41:40 +0500] "GET /ru/jsc-docs-rus/180-conf-int-28-06-16-rus HTTP/1.1" 200 95272 "-" "Mozilla/5.0 (Macintosh; Intel Mac OS X 10_15_7) AppleWebKit/537.36 (KHTML, like Gecko) Chrome/120.0.0.0 Safari/537.36"
66.249.69.137 - - [25/Aug/2026:17:41:47 +0500] "GET /?r=g0r9a3n4n7y2s1936 HTTP/1.1" 200 213049 "-" "Mozilla/5.0 (Linux; Android 6.0.1; Nexus 5X Build/MMB29P) AppleWebKit/537.36 (KHTML, like Gecko) Chrome/151.0.7922.137 Mobile Safari/537.36 (compatible; GoogleOther)"
34.171.68.95 - - [25/Aug/2026:17:41:57 +0500] "GET /ru/info-for-shareholders-rus/145-performance-indicators-1-kvartal-2016 HTTP/1.1" 200 58438 "-" "Mozilla/5.0 (Macintosh; Intel Mac OS X 10_15_7) AppleWebKit/537.36 (KHTML, like Gecko) Chrome/120.0.0.0 Safari/537.36"
185.191.171.3 - - [25/Aug/2026:17:42:08 +0500] "GET /uz/?author=17&start=40 HTTP/1.1" 200 68701 "-" "Mozilla/5.0 (compatible; SemrushBot/7~bl; +http://www.semrush.com/bot.html)"
66.249.69.137 - - [25/Aug/2026:17:42:27 +0500] "GET /steroisomerism/f6u3s8e3l1a4g8e0424 HTTP/1.1" 200 226970 "-" "Mozilla/5.0 (Linux; Android 6.0.1; Nexus 5X Build/MMB29P) AppleWebKit/537.36 (KHTML, like Gecko) Chrome/151.0.7922.137 Mobile Safari/537.36 (compatible; GoogleOther)"
66.249.69.139 - - [25/Aug/2026:17:43:09 +0500] "GET /shops/indicate/d2i8v2i9s2i2b7l8e4n1ess HTTP/1.1" 200 217183 "-" "Mozilla/5.0 (Linux; Android 6.0.1; Nexus 5X Build/MMB29P) AppleWebKit/537.36 (KHTML, like Gecko) Chrome/151.0.7922.137 Mobile Safari/537.36 (compatible; GoogleOther)"
66.249.69.137 - - [25/Aug/2026:17:43:48 +0500] "GET /shops/urinative/h6a1r9b1o1u0r23070 HTTP/1.1" 200 226677 "-" "Mozilla/5.0 (Linux; Android 6.0.1; Nexus 5X Build/MMB29P) AppleWebKit/537.36 (KHTML, like Gecko) Chrome/151.0.7922.137 Mobile Safari/537.36 (compatible; GoogleOther)"
207.46.13.6 - - [25/Aug/2026:17:43:57 +0500] "GET /uz/?author=17&start=52 HTTP/1.1" 200 183013 "-" "Mozilla/5.0 AppleWebKit/537.36 (KHTML, like Gecko; compatible; bingbot/2.0; +http://www.bing.com/bingbot.htm) Chrome/116.0.1938.76 Safari/537.36"
185.191.171.11 - - [25/Aug/2026:17:44:14 +0500] "GET /uz/?author=16&start=28 HTTP/1.1" 200 68544 "-" "Mozilla/5.0 (compatible; SemrushBot/7~bl; +http://www.semrush.com/bot.html)"
66.249.69.137 - - [25/Aug/2026:17:44:26 +0500] "GET /?r=c4l3e7a6v6e5d24783 HTTP/1.1" 200 208510 "-" "Mozilla/5.0 (Linux; Android 6.0.1; Nexus 5X Build/MMB29P) AppleWebKit/537.36 (KHTML, like Gecko) Chrome/151.0.7922.137 Mobile Safari/537.36 (compatible; GoogleOther)"
52.167.144.16 - - [25/Aug/2026:17:44:43 +0500] "GET /uz/officially-uzb/certificates-uzb?template=accessibility HTTP/1.1" 200 183763 "-" "Mozilla/5.0 AppleWebKit/537.36 (KHTML, like Gecko; compatible; bingbot/2.0; +http://www.bing.com/bingbot.htm) Chrome/116.0.1938.76 Safari/537.36"
66.249.69.137 - - [25/Aug/2026:17:45:40 +0500] "GET /?hordeic/13568396479 HTTP/1.1" 200 209335 "-" "Mozilla/5.0 (Linux; Android 6.0.1; Nexus 5X Build/MMB29P) AppleWebKit/537.36 (KHTML, like Gecko) Chrome/151.0.7922.137 Mobile Safari/537.36 (compatible; GoogleOther)"
66.249.69.138 - - [25/Aug/2026:17:46:42 +0500] "GET /shops/poulp/s2i2c9k1e8n450188 HTTP/1.1" 200 213142 "-" "Mozilla/5.0 (Linux; Android 6.0.1; Nexus 5X Build/MMB29P) AppleWebKit/537.36 (KHTML, like Gecko) Chrome/151.0.7922.137 Mobile Safari/537.36 (compatible; GoogleOther)"
66.249.69.137 - - [25/Aug/2026:17:47:40 +0500] "GET /?r=l9a1t2h7y3984849 HTTP/1.1" 200 216945 "-" "Mozilla/5.0 (Linux; Android 6.0.1; Nexus 5X Build/MMB29P) AppleWebKit/537.36 (KHTML, like Gecko) Chrome/151.0.7922.137 Mobile Safari/537.36 (compatible; GoogleOther)"
66.249.69.137 - - [25/Aug/2026:17:48:29 +0500] "GET /shops/coussinet/d6r3e6a4m1e3d6295 HTTP/1.1" 200 212656 "-" "Mozilla/5.0 (Linux; Android 6.0.1; Nexus 5X Build/MMB29P) AppleWebKit/537.36 (KHTML, like Gecko) Chrome/151.0.7922.137 Mobile Safari/537.36 (compatible; Googlebot/2.1; +http://www.google.com/bot.html)"
66.249.69.138 - - [25/Aug/2026:17:48:36 +0500] "GET /piscatorial/bagman/i8m3p9a3r7t63229 HTTP/1.1" 508 288 "-" "Mozilla/5.0 (Linux; Android 6.0.1; Nexus 5X Build/MMB29P) AppleWebKit/537.36 (KHTML, like Gecko) Chrome/151.0.7922.137 Mobile Safari/537.36 (compatible; GoogleOther)"
66.249.69.139 - - [25/Aug/2026:17:49:24 +0500] "GET /?r=p3e8r3v6i8s42135 HTTP/1.1" 508 288 "-" "Mozilla/5.0 (Linux; Android 6.0.1; Nexus 5X Build/MMB29P) AppleWebKit/537.36 (KHTML, like Gecko) Chrome/151.0.7922.137 Mobile Safari/537.36 (compatible; GoogleOther)"
40.77.167.156 - - [25/Aug/2026:17:50:16 +0500] "GET /uz/facts-uzb/464-sush-fakt-06-24-05-2025-pdf HTTP/1.1" 200 211932 "-" "Mozilla/5.0 AppleWebKit/537.36 (KHTML, like Gecko; compatible; bingbot/2.0; +http://www.bing.com/bingbot.htm) Chrome/116.0.1938.76 Safari/537.36"
85.208.96.197 - - [25/Aug/2026:17:50:35 +0500] "GET /uz/?function=call_user_func_array&s=index%2Fthink%5C%5C%5C%5C%5C%5C%5C%5Capp%2Finvokefunction&start=40&vars%5B0%5D=phpinfo&vars%5B1%5D%5B0%5D=1 HTTP/1.1" 200 68888 "-" "Mozilla/5.0 (compatible; SemrushBot/7~bl; +http://www.semrush.com/bot.html)"
34.10.180.98 - - [25/Aug/2026:17:50:44 +0500] "GET /uz/prospectus-uzb/18-uzbek/shareholders-uzb?start=10 HTTP/1.1" 200 64940 "-" "Mozilla/5.0 (Macintosh; Intel Mac OS X 10_15_7) AppleWebKit/537.36 (KHTML, like Gecko) Chrome/120.0.0.0 Safari/537.36"
34.56.53.225 - - [25/Aug/2026:17:53:10 +0500] "GET /uz/news-uzb/453-meeting-15-04-2025 HTTP/1.1" 200 57465 "-" "Mozilla/5.0 (Macintosh; Intel Mac OS X 10_15_7) AppleWebKit/537.36 (KHTML, like Gecko) Chrome/120.0.0.0 Safari/537.36"
34.10.180.98 - - [25/Aug/2026:17:54:27 +0500] "GET /uz/officially-uzb/ustav-uzb/8-ustav-07-07-14-uzb HTTP/1.1" 200 120332 "-" "Mozilla/5.0 (Macintosh; Intel Mac OS X 10_15_7) AppleWebKit/537.36 (KHTML, like Gecko) Chrome/120.0.0.0 Safari/537.36"
66.249.69.137 - - [25/Aug/2026:17:54:42 +0500] "GET /seity/kingii/m3i2s2t3i1t8l4e8021 HTTP/1.1" 200 213337 "-" "Mozilla/5.0 (Linux; Android 6.0.1; Nexus 5X Build/MMB29P) AppleWebKit/537.36 (KHTML, like Gecko) Chrome/151.0.7922.173 Mobile Safari/537.36 (compatible; GoogleOther)"
66.249.69.139 - - [25/Aug/2026:17:55:34 +0500] "GET /?r=g0r9a3n4n7y2s1936 HTTP/1.1" 508 288 "-" "Mozilla/5.0 (Linux; Android 6.0.1; Nexus 5X Build/MMB29P) AppleWebKit/537.36 (KHTML, like Gecko) Chrome/151.0.7922.173 Mobile Safari/537.36 (compatible; GoogleOther)"
66.249.69.138 - - [25/Aug/2026:17:55:59 +0500] "GET /steroisomerism/f6u3s8e3l1a4g8e0424 HTTP/1.1" 508 288 "-" "Mozilla/5.0 (Linux; Android 6.0.1; Nexus 5X Build/MMB29P) AppleWebKit/537.36 (KHTML, like Gecko) Chrome/151.0.7922.173 Mobile Safari/537.36 (compatible; GoogleOther)"
34.61.96.6 - - [25/Aug/2026:17:56:01 +0500] "GET /ru/officially-rus/tenders-rus/282-tender-korp-2020-ru HTTP/1.1" 200 59517 "-" "Mozilla/5.0 (Macintosh; Intel Mac OS X 10_15_7) AppleWebKit/537.36 (KHTML, like Gecko) Chrome/120.0.0.0 Safari/537.36"
66.249.69.139 - - [25/Aug/2026:17:56:20 +0500] "GET /shops/indicate/d2i8v2i9s2i2b7l8e4n1ess HTTP/1.1" 200 217183 "-" "Mozilla/5.0 (Linux; Android 6.0.1; Nexus 5X Build/MMB29P) AppleWebKit/537.36 (KHTML, like Gecko) Chrome/151.0.7922.173 Mobile Safari/537.36 (compatible; GoogleOther)"
34.10.180.98 - - [25/Aug/2026:17:56:37 +0500] "GET /ru/facts-rus/468-sush-fakt-25-24-05-2025-pdf HTTP/1.1" 200 55863 "-" "Mozilla/5.0 (Macintosh; Intel Mac OS X 10_15_7) AppleWebKit/537.36 (KHTML, like Gecko) Chrome/120.0.0.0 Safari/537.36"
66.249.69.138 - - [25/Aug/2026:17:56:40 +0500] "GET /shops/urinative/h6a1r9b1o1u0r23070 HTTP/1.1" 200 226677 "-" "Mozilla/5.0 (Linux; Android 6.0.1; Nexus 5X Build/MMB29P) AppleWebKit/537.36 (KHTML, like Gecko) Chrome/151.0.7922.173 Mobile Safari/537.36 (compatible; GoogleOther)"
34.123.149.87 - - [25/Aug/2026:17:57:09 +0500] "GET /ru/audit-rus?format=feed&type=rss HTTP/1.1" 200 7573 "-" "Mozilla/5.0 (Macintosh; Intel Mac OS X 10_15_7) AppleWebKit/537.36 (KHTML, like Gecko) Chrome/120.0.0.0 Safari/537.36"
66.249.69.138 - - [25/Aug/2026:17:57:10 +0500] "GET /?r=c4l3e7a6v6e5d24783 HTTP/1.1" 200 208510 "-" "Mozilla/5.0 (Linux; Android 6.0.1; Nexus 5X Build/MMB29P) AppleWebKit/537.36 (KHTML, like Gecko) Chrome/151.0.7922.173 Mobile Safari/537.36 (compatible; GoogleOther)"
66.249.69.139 - - [25/Aug/2026:17:58:05 +0500] "GET /?hordeic/13568396479 HTTP/1.1" 200 209335 "-" "Mozilla/5.0 (Linux; Android 6.0.1; Nexus 5X Build/MMB29P) AppleWebKit/537.36 (KHTML, like Gecko) Chrome/151.0.7922.173 Mobile Safari/537.36 (compatible; GoogleOther)"
66.249.69.137 - - [25/Aug/2026:17:58:34 +0500] "GET /shops/poulp/s2i2c9k1e8n450188 HTTP/1.1" 200 213142 "-" "Mozilla/5.0 (Linux; Android 6.0.1; Nexus 5X Build/MMB29P) AppleWebKit/537.36 (KHTML, like Gecko) Chrome/151.0.7922.173 Mobile Safari/537.36 (compatible; GoogleOther)"
66.249.69.137 - - [25/Aug/2026:17:58:58 +0500] "GET /odr/order/apiGetCartItems/ HTTP/1.1" 200 184769 "https://www.eski.uzbekgidroenergoqurilish.uz/shops/coussinet/d6r3e6a4m1e3d6295" "Mozilla/5.0 (Linux; Android 6.0.1; Nexus 5X Build/MMB29P) AppleWebKit/537.36 (KHTML, like Gecko) Chrome/151.0.7922.137 Mobile Safari/537.36 (compatible; Googlebot/2.1; +http://www.google.com/bot.html)"
66.249.69.137 - - [25/Aug/2026:17:59:34 +0500] "GET /?r=l9a1t2h7y3984849 HTTP/1.1" 508 288 "-" "Mozilla/5.0 (Linux; Android 6.0.1; Nexus 5X Build/MMB29P) AppleWebKit/537.36 (KHTML, like Gecko) Chrome/151.0.7922.173 Mobile Safari/537.36 (compatible; GoogleOther)"
34.42.229.145 - - [25/Aug/2026:17:59:44 +0500] "GET /ru/officially-rus/ustav-rus/478-ustav-25-11-2025-ejb-pdf HTTP/1.1" 200 55060 "-" "Mozilla/5.0 (Macintosh; Intel Mac OS X 10_15_7) AppleWebKit/537.36 (KHTML, like Gecko) Chrome/120.0.0.0 Safari/537.36"
66.249.69.137 - - [25/Aug/2026:18:00:04 +0500] "GET /?r=d8e3l9i9c4a5t0e2033 HTTP/1.1" 508 288 "-" "Mozilla/5.0 (Linux; Android 6.0.1; Nexus 5X Build/MMB29P) AppleWebKit/537.36 (KHTML, like Gecko) Chrome/151.0.7922.173 Mobile Safari/537.36 (compatible; GoogleOther)"
34.42.229.145 - - [25/Aug/2026:18:00:13 +0500] "GET /uz/jsc-docs-uzb?template=accessibility HTTP/1.1" 200 34953 "-" "Mozilla/5.0 (Macintosh; Intel Mac OS X 10_15_7) AppleWebKit/537.36 (KHTML, like Gecko) Chrome/120.0.0.0 Safari/537.36"
66.249.69.138 - - [25/Aug/2026:18:00:28 +0500] "GET /piscatorial/bagman/i8m3p9a3r7t63229 HTTP/1.1" 200 191602 "-" "Mozilla/5.0 (Linux; Android 6.0.1; Nexus 5X Build/MMB29P) AppleWebKit/537.36 (KHTML, like Gecko) Chrome/151.0.7922.173 Mobile Safari/537.36 (compatible; GoogleOther)"
66.249.69.137 - - [25/Aug/2026:18:00:52 +0500] "GET /?r=s6t3o9c2k3i1n9g0s488 HTTP/1.1" 200 207646 "-" "Mozilla/5.0 (Linux; Android 6.0.1; Nexus 5X Build/MMB29P) AppleWebKit/537.36 (KHTML, like Gecko) Chrome/151.0.7922.173 Mobile Safari/537.36 (compatible; GoogleOther)"
66.249.69.137 - - [25/Aug/2026:18:01:29 +0500] "GET /?r=s2u1p1e6r5s2u8l9p5h5a2te HTTP/1.1" 200 211036 "-" "Mozilla/5.0 (Linux; Android 6.0.1; Nexus 5X Build/MMB29P) AppleWebKit/537.36 (KHTML, like Gecko) Chrome/151.0.7922.173 Mobile Safari/537.36 (compatible; GoogleOther)"
66.249.69.138 - - [25/Aug/2026:18:02:06 +0500] "GET /?r=a7d4o1n1i3c850845 HTTP/1.1" 200 210960 "-" "Mozilla/5.0 (Linux; Android 6.0.1; Nexus 5X Build/MMB29P) AppleWebKit/537.36 (KHTML, like Gecko) Chrome/151.0.7922.173 Mobile Safari/537.36 (compatible; GoogleOther)"
66.249.69.137 - - [25/Aug/2026:18:02:45 +0500] "GET /?koklass/61277562419 HTTP/1.1" 200 202900 "-" "Mozilla/5.0 (Linux; Android 6.0.1; Nexus 5X Build/MMB29P) AppleWebKit/537.36 (KHTML, like Gecko) Chrome/151.0.7922.173 Mobile Safari/537.36 (compatible; GoogleOther)"
66.249.69.138 - - [25/Aug/2026:18:03:24 +0500] "GET /?r=b0u9r1s9a2r01586 HTTP/1.1" 200 212297 "-" "Mozilla/5.0 (Linux; Android 6.0.1; Nexus 5X Build/MMB29P) AppleWebKit/537.36 (KHTML, like Gecko) Chrome/151.0.7922.173 Mobile Safari/537.36 (compatible; GoogleOther)"
66.249.69.137 - - [25/Aug/2026:18:04:02 +0500] "GET /?r=i4n1d5i4v0i0d2u6a4t2e0d HTTP/1.1" 200 214520 "-" "Mozilla/5.0 (Linux; Android 6.0.1; Nexus 5X Build/MMB29P) AppleWebKit/537.36 (KHTML, like Gecko) Chrome/151.0.7922.173 Mobile Safari/537.36 (compatible; GoogleOther)"
34.10.180.98 - - [25/Aug/2026:18:04:45 +0500] "GET /ru/info-for-shareholders-rus/275-kpe-2-2019-ej HTTP/1.1" 200 55661 "-" "Mozilla/5.0 (Macintosh; Intel Mac OS X 10_15_7) AppleWebKit/537.36 (KHTML, like Gecko) Chrome/120.0.0.0 Safari/537.36"
66.249.69.138 - - [25/Aug/2026:18:04:42 +0500] "GET /?r=s2y3l8l0a5b3i2f8y795 HTTP/1.1" 200 213229 "-" "Mozilla/5.0 (Linux; Android 6.0.1; Nexus 5X Build/MMB29P) AppleWebKit/537.36 (KHTML, like Gecko) Chrome/151.0.7922.173 Mobile Safari/537.36 (compatible; GoogleOther)"
157.55.39.195 - - [25/Aug/2026:18:05:17 +0500] "GET /uz/?start=48&vars[0]=phpinfo&vars[1][0]=1&function=call_user_func_array&start=36 HTTP/1.1" 200 206634 "-" "Mozilla/5.0 AppleWebKit/537.36 (KHTML, like Gecko; compatible; bingbot/2.0; +http://www.bing.com/bingbot.htm) Chrome/116.0.1938.76 Safari/537.36"
34.123.149.87 - - [25/Aug/2026:18:05:46 +0500] "GET /ru/officially-rus/tenders-rus/358-vacancy-director-2022-uzb HTTP/1.1" 508 288 "-" "Mozilla/5.0 (Macintosh; Intel Mac OS X 10_15_7) AppleWebKit/537.36 (KHTML, like Gecko) Chrome/120.0.0.0 Safari/537.36"
66.249.69.137 - - [25/Aug/2026:18:05:45 +0500] "GET /shops/programme/c0i6c1a7d1a0e5223 HTTP/1.1" 200 204928 "-" "Mozilla/5.0 (Linux; Android 6.0.1; Nexus 5X Build/MMB29P) AppleWebKit/537.36 (KHTML, like Gecko) Chrome/151.0.7922.173 Mobile Safari/537.36 (compatible; GoogleOther)"
66.249.69.139 - - [25/Aug/2026:18:06:45 +0500] "GET /shops/impotence/s8u2b4t5e8r1e1t1e741 HTTP/1.1" 200 201130 "-" "Mozilla/5.0 (Linux; Android 6.0.1; Nexus 5X Build/MMB29P) AppleWebKit/537.36 (KHTML, like Gecko) Chrome/151.0.7922.173 Mobile Safari/537.36 (compatible; GoogleOther)"
66.249.69.139 - - [25/Aug/2026:18:07:18 +0500] "GET /perpetrator/p7e2d7a8t3i2f5i0d993 HTTP/1.1" 200 201945 "-" "Mozilla/5.0 (Linux; Android 6.0.1; Nexus 5X Build/MMB29P) AppleWebKit/537.36 (KHTML, like Gecko) Chrome/151.0.7922.137 Mobile Safari/537.36 (compatible; Googlebot/2.1; +http://www.google.com/bot.html)"
85.208.96.210 - - [25/Aug/2026:18:08:05 +0500] "GET /uz/?rest_route=%2Fnotificationx%2Fv1%2Fanalytics&start=36 HTTP/1.1" 200 69924 "-" "Mozilla/5.0 (compatible; SemrushBot/7~bl; +http://www.semrush.com/bot.html)"
66.249.69.137 - - [25/Aug/2026:18:07:42 +0500] "GET /?r=k2i5n8i2c078401 HTTP/1.1" 504 205624 "-" "Mozilla/5.0 (Linux; Android 6.0.1; Nexus 5X Build/MMB29P) AppleWebKit/537.36 (KHTML, like Gecko) Chrome/151.0.7922.173 Mobile Safari/537.36 (compatible; GoogleOther)"
66.249.69.138 - - [25/Aug/2026:18:09:01 +0500] "GET /?r=c5e1d0a4r8w8o0o7d458 HTTP/1.1" 200 215042 "-" "Mozilla/5.0 (Linux; Android 6.0.1; Nexus 5X Build/MMB29P) AppleWebKit/537.36 (KHTML, like Gecko) Chrome/151.0.7922.173 Mobile Safari/537.36 (compatible; GoogleOther)"
34.10.180.98 - - [25/Aug/2026:18:09:43 +0500] "GET /ru/korp-upr-rus?format=feed&template=accessibility&type=rss HTTP/1.1" 200 10620 "-" "Mozilla/5.0 (Macintosh; Intel Mac OS X 10_15_7) AppleWebKit/537.36 (KHTML, like Gecko) Chrome/120.0.0.0 Safari/537.36"
66.249.69.137 - - [25/Aug/2026:18:10:13 +0500] "GET /?r=h0u4f2f0i6s3h82883 HTTP/1.1" 200 212439 "-" "Mozilla/5.0 (Linux; Android 6.0.1; Nexus 5X Build/MMB29P) AppleWebKit/537.36 (KHTML, like Gecko) Chrome/151.0.7922.173 Mobile Safari/537.36 (compatible; GoogleOther)"
34.56.53.225 - - [25/Aug/2026:18:10:59 +0500] "GET /docs/poll-07-06-17.pdf HTTP/1.1" 200 365540 "-" "Mozilla/5.0 (Macintosh; Intel Mac OS X 10_15_7) AppleWebKit/537.36 (KHTML, like Gecko) Chrome/120.0.0.0 Safari/537.36"
66.249.69.137 - - [25/Aug/2026:18:11:21 +0500] "GET /requin/wroth/72320788561 HTTP/1.1" 200 209076 "-" "Mozilla/5.0 (Linux; Android 6.0.1; Nexus 5X Build/MMB29P) AppleWebKit/537.36 (KHTML, like Gecko) Chrome/151.0.7922.173 Mobile Safari/537.36 (compatible; GoogleOther)"
34.123.149.87 - - [25/Aug/2026:18:11:37 +0500] "GET /ru/comissions-rus?template=yoo_master2 HTTP/1.1" 200 57643 "-" "Mozilla/5.0 (Macintosh; Intel Mac OS X 10_15_7) AppleWebKit/537.36 (KHTML, like Gecko) Chrome/120.0.0.0 Safari/537.36"
66.249.69.138 - - [25/Aug/2026:18:12:24 +0500] "GET /centumviri/salacious/83141979658 HTTP/1.1" 200 197737 "-" "Mozilla/5.0 (Linux; Android 6.0.1; Nexus 5X Build/MMB29P) AppleWebKit/537.36 (KHTML, like Gecko) Chrome/151.0.7922.173 Mobile Safari/537.36 (compatible; GoogleOther)"
34.123.149.87 - - [25/Aug/2026:18:13:16 +0500] "GET /uz/korp-upr-uzb/225-corp-upr-rating-2017 HTTP/1.1" 200 56764 "-" "Mozilla/5.0 (Macintosh; Intel Mac OS X 10_15_7) AppleWebKit/537.36 (KHTML, like Gecko) Chrome/120.0.0.0 Safari/537.36"
34.30.223.149 - - [25/Aug/2026:18:13:18 +0500] "GET /ru/facts-rus/454-sush-fakt-08-07-04-2025-io-pdf HTTP/1.1" 200 56462 "-" "Mozilla/5.0 (Macintosh; Intel Mac OS X 10_15_7) AppleWebKit/537.36 (KHTML, like Gecko) Chrome/120.0.0.0 Safari/537.36"
66.249.69.137 - - [25/Aug/2026:18:13:22 +0500] "GET /?r=c0h1e2c4k7e8d44089 HTTP/1.1" 200 211118 "-" "Mozilla/5.0 (Linux; Android 6.0.1; Nexus 5X Build/MMB29P) AppleWebKit/537.36 (KHTML, like Gecko) Chrome/151.0.7922.173 Mobile Safari/537.36 (compatible; GoogleOther)"
34.10.180.98 - - [25/Aug/2026:18:13:31 +0500] "GET /uz/jsc-docs-uzb/29-obsh-sobr-14-07-14-uzb HTTP/1.1" 200 123629 "-" "Mozilla/5.0 (Macintosh; Intel Mac OS X 10_15_7) AppleWebKit/537.36 (KHTML, like Gecko) Chrome/120.0.0.0 Safari/537.36"
34.123.149.87 - - [25/Aug/2026:18:14:10 +0500] "GET /ru/component/search/?Itemid=160&catid=19&format=opensearch&id=386 HTTP/1.1" 200 812 "-" "Mozilla/5.0 (Macintosh; Intel Mac OS X 10_15_7) AppleWebKit/537.36 (KHTML, like Gecko) Chrome/120.0.0.0 Safari/537.36"
66.249.69.139 - - [25/Aug/2026:18:14:15 +0500] "GET /shops/underdelve/s4i2r6o4c7810916 HTTP/1.1" 200 210357 "-" "Mozilla/5.0 (Linux; Android 6.0.1; Nexus 5X Build/MMB29P) AppleWebKit/537.36 (KHTML, like Gecko) Chrome/151.0.7922.173 Mobile Safari/537.36 (compatible; GoogleOther)"
34.56.53.225 - - [25/Aug/2026:18:14:39 +0500] "GET /uz/about-org-uzb/strategy-uzb/481-biznes-plan-2026-ej-pdf HTTP/1.1" 200 56572 "-" "Mozilla/5.0 (Macintosh; Intel Mac OS X 10_15_7) AppleWebKit/537.36 (KHTML, like Gecko) Chrome/120.0.0.0 Safari/537.36"
66.249.69.137 - - [25/Aug/2026:18:15:03 +0500] "GET /vitis/eponym/t6r2e6e4n4a4i1l7217 HTTP/1.1" 200 210859 "-" "Mozilla/5.0 (Linux; Android 6.0.1; Nexus 5X Build/MMB29P) AppleWebKit/537.36 (KHTML, like Gecko) Chrome/151.0.7922.173 Mobile Safari/537.36 (compatible; GoogleOther)"
51.68.234.131 - - [25/Aug/2026:18:15:08 +0500] "GET /robots.txt HTTP/1.1" 200 111 "-" "Mozilla/5.0 (compatible; MJ12bot/v1.4.8; http://mj12bot.com/)"
51.68.234.131 - - [25/Aug/2026:18:15:11 +0500] "GET /ru/facts-rus/57-19-jamiyat-affillangan-shaxslarining-ruyhatidagi-ularga-tegishli-qimmatli-qogozlarning-miqdori-va-nomi-kursatilgan-holdagi-uzgarishlar HTTP/1.1" 200 61260 "-" "Mozilla/5.0 (compatible; MJ12bot/v1.4.8; http://mj12bot.com/)"
51.68.234.131 - - [25/Aug/2026:18:15:24 +0500] "GET /ru/info-for-shareholders-rus/177-performance-indicators-1-kvartal-2017 HTTP/1.1" 200 58957 "-" "Mozilla/5.0 (compatible; MJ12bot/v1.4.8; http://mj12bot.com/)"
51.68.234.131 - - [25/Aug/2026:18:15:39 +0500] "GET /ru/info-for-shareholders-rus/186-share-capital-info HTTP/1.1" 200 55530 "-" "Mozilla/5.0 (compatible; MJ12bot/v1.4.8; http://mj12bot.com/)"
66.249.69.137 - - [25/Aug/2026:18:15:47 +0500] "GET /?r=l9i2c3h6e7n0i8c2670 HTTP/1.1" 200 215102 "-" "Mozilla/5.0 (Linux; Android 6.0.1; Nexus 5X Build/MMB29P) AppleWebKit/537.36 (KHTML, like Gecko) Chrome/151.0.7922.173 Mobile Safari/537.36 (compatible; GoogleOther)"
51.68.234.131 - - [25/Aug/2026:18:16:02 +0500] "GET /ru/info-for-shareholders-rus/216-performance-indicators-2017-full HTTP/1.1" 200 58824 "-" "Mozilla/5.0 (compatible; MJ12bot/v1.4.8; http://mj12bot.com/)"
34.56.53.225 - - [25/Aug/2026:18:16:16 +0500] "GET /uz/officially-uzb/old-acts-uzb?format=feed&template=yoo_master2&type=atom HTTP/1.1" 200 155302 "-" "Mozilla/5.0 (Macintosh; Intel Mac OS X 10_15_7) AppleWebKit/537.36 (KHTML, like Gecko) Chrome/120.0.0.0 Safari/537.36"
51.68.234.131 - - [25/Aug/2026:18:16:21 +0500] "GET /ru/info-for-shareholders-rus/239-osnovnye-lyuchevye-po-azateli-effe-tivnosti-za-2-vartal-2018 HTTP/1.1" 200 55636 "-" "Mozilla/5.0 (compatible; MJ12bot/v1.4.8; http://mj12bot.com/)"
66.249.69.137 - - [25/Aug/2026:18:16:31 +0500] "GET /shops/subepithelial/c5a8n6c4e4l2l2a0t2e9d HTTP/1.1" 200 198389 "-" "Mozilla/5.0 (Linux; Android 6.0.1; Nexus 5X Build/MMB29P) AppleWebKit/537.36 (KHTML, like Gecko) Chrome/151.0.7922.173 Mobile Safari/537.36 (compatible; GoogleOther)"
51.68.234.131 - - [25/Aug/2026:18:16:41 +0500] "GET /ru/info-for-shareholders-rus/243-kpe-3-2018-ej HTTP/1.1" 200 55671 "-" "Mozilla/5.0 (compatible; MJ12bot/v1.4.8; http://mj12bot.com/)"
66.249.69.138 - - [25/Aug/2026:18:17:14 +0500] "GET /?r=c3a2r6u0i700463 HTTP/1.1" 200 204888 "-" "Mozilla/5.0 (Linux; Android 6.0.1; Nexus 5X Build/MMB29P) AppleWebKit/537.36 (KHTML, like Gecko) Chrome/151.0.7922.173 Mobile Safari/537.36 (compatible; GoogleOther)"
51.68.234.131 - - [25/Aug/2026:18:17:15 +0500] "GET /ru/info-for-shareholders-rus/275-kpe-2-2019-ej HTTP/1.1" 200 55488 "-" "Mozilla/5.0 (compatible; MJ12bot/v1.4.8; http://mj12bot.com/)"
51.68.234.131 - - [25/Aug/2026:18:17:33 +0500] "GET /ru/info-for-shareholders-rus/287-kpe-2019-ej HTTP/1.1" 200 55601 "-" "Mozilla/5.0 (compatible; MJ12bot/v1.4.8; http://mj12bot.com/)"
66.249.69.137 - - [25/Aug/2026:18:17:56 +0500] "GET /?r=t7e4r2e2b6i7n8t2h5a5c7eum HTTP/1.1" 508 288 "-" "Mozilla/5.0 (Linux; Android 6.0.1; Nexus 5X Build/MMB29P) AppleWebKit/537.36 (KHTML, like Gecko) Chrome/151.0.7922.173 Mobile Safari/537.36 (compatible; GoogleOther)"
51.68.234.131 - - [25/Aug/2026:18:17:54 +0500] "GET /ru/info-for-shareholders-rus/321-kpe-1-2021 HTTP/1.1" 200 55482 "-" "Mozilla/5.0 (compatible; MJ12bot/v1.4.8; http://mj12bot.com/)"
51.68.234.131 - - [25/Aug/2026:18:18:15 +0500] "GET /ru/info-for-shareholders-rus/322-kpe-3-2020 HTTP/1.1" 200 55482 "-" "Mozilla/5.0 (compatible; MJ12bot/v1.4.8; http://mj12bot.com/)"
51.68.234.131 - - [25/Aug/2026:18:18:34 +0500] "GET /ru/info-for-shareholders-rus/345-dividend-2020 HTTP/1.1" 200 57350 "-" "Mozilla/5.0 (compatible; MJ12bot/v1.4.8; http://mj12bot.com/)"
51.68.234.131 - - [25/Aug/2026:18:18:44 +0500] "GET /ru/info-for-shareholders-rus/350-kpe-3-2021 HTTP/1.1" 200 55759 "-" "Mozilla/5.0 (compatible; MJ12bot/v1.4.8; http://mj12bot.com/)"
66.249.69.137 - - [25/Aug/2026:18:18:32 +0500] "GET /?r=s4l1o4v1e1n8n3e2s9s4 HTTP/1.1" 200 213062 "-" "Mozilla/5.0 (Linux; Android 6.0.1; Nexus 5X Build/MMB29P) AppleWebKit/537.36 (KHTML, like Gecko) Chrome/151.0.7922.173 Mobile Safari/537.36 (compatible; GoogleOther)"
51.68.234.131 - - [25/Aug/2026:18:18:53 +0500] "GET /ru/info-for-shareholders-rus?start=10 HTTP/1.1" 200 63927 "-" "Mozilla/5.0 (compatible; MJ12bot/v1.4.8; http://mj12bot.com/)"
51.68.234.131 - - [25/Aug/2026:18:19:27 +0500] "GET /ru/info-for-shareholders-rus?template=yoo_master2 HTTP/1.1" 200 62889 "-" "Mozilla/5.0 (compatible; MJ12bot/v1.4.8; http://mj12bot.com/)"
66.249.69.139 - - [25/Aug/2026:18:19:41 +0500] "GET /iqr/inquiryInputView/?inquiryId=IQR0015 HTTP/1.1" 200 192039 "-" "Mozilla/5.0 (Linux; Android 6.0.1; Nexus 5X Build/MMB29P) AppleWebKit/537.36 (KHTML, like Gecko) Chrome/151.0.7922.173 Mobile Safari/537.36 (compatible; GoogleOther)"
51.68.234.131 - - [25/Aug/2026:18:19:47 +0500] "GET /ru/info-for-shareholders-rus?template=yoo_master2&start=20 HTTP/1.1" 200 59496 "-" "Mozilla/5.0 (compatible; MJ12bot/v1.4.8; http://mj12bot.com/)"
51.68.234.131 - - [25/Aug/2026:18:20:12 +0500] "GET /ru/invest-rus?template=yoo_master2 HTTP/1.1" 200 54727 "-" "Mozilla/5.0 (compatible; MJ12bot/v1.4.8; http://mj12bot.com/)"
51.68.234.131 - - [25/Aug/2026:18:20:30 +0500] "GET /ru/jsc-docs-rus/135-direction-add-28-06-16-rus HTTP/1.1" 200 56448 "-" "Mozilla/5.0 (compatible; MJ12bot/v1.4.8; http://mj12bot.com/)"
66.249.69.139 - - [25/Aug/2026:18:20:31 +0500] "GET /?r=m6e5n9d7i2c3a5t4e21 HTTP/1.1" 200 214756 "-" "Mozilla/5.0 (Linux; Android 6.0.1; Nexus 5X Build/MMB29P) AppleWebKit/537.36 (KHTML, like Gecko) Chrome/151.0.7922.173 Mobile Safari/537.36 (compatible; GoogleOther)"
51.68.234.131 - - [25/Aug/2026:18:20:58 +0500] "GET /ru/jsc-docs-rus/178-div-pol-28-06-16-rus HTTP/1.1" 200 82601 "-" "Mozilla/5.0 (compatible; MJ12bot/v1.4.8; http://mj12bot.com/)"
157.55.39.7 - - [25/Aug/2026:18:21:08 +0500] "GET /uz/?phpinfo=1&start=4 HTTP/1.1" 200 187049 "-" "Mozilla/5.0 AppleWebKit/537.36 (KHTML, like Gecko; compatible; bingbot/2.0; +http://www.bing.com/bingbot.htm) Chrome/116.0.1938.76 Safari/537.36"
136.119.35.120 - - [25/Aug/2026:18:21:14 +0500] "GET /uz/?rest_route=/wp/v2/users&start=16 HTTP/1.1" 200 67890 "-" "Mozilla/5.0 (Macintosh; Intel Mac OS X 10_15_7) AppleWebKit/537.36 (KHTML, like Gecko) Chrome/120.0.0.0 Safari/537.36"
51.68.234.131 - - [25/Aug/2026:18:21:18 +0500] "GET /ru/jsc-docs-rus/180-conf-int-28-06-16-rus HTTP/1.1" 200 95216 "-" "Mozilla/5.0 (compatible; MJ12bot/v1.4.8; http://mj12bot.com/)"
147.185.132.52 - - [25/Aug/2026:18:21:19 +0500] "GET / HTTP/1.1" 301 - "-" "Hello from Palo Alto Networks, find out more about our scans in https://docs-cortex.paloaltonetworks.com/r/1/Cortex-Xpanse/Scanning-activity"
66.249.69.138 - - [25/Aug/2026:18:21:21 +0500] "GET /shops/bombay/e1n2c5y7c7l3o3p9e3d2i3cal HTTP/1.1" 200 222604 "-" "Mozilla/5.0 (Linux; Android 6.0.1; Nexus 5X Build/MMB29P) AppleWebKit/537.36 (KHTML, like Gecko) Chrome/151.0.7922.173 Mobile Safari/537.36 (compatible; GoogleOther)"
51.68.234.131 - - [25/Aug/2026:18:21:40 +0500] "GET /ru/jsc-docs-rus/184-vnutr-contr-28-06-16-rus HTTP/1.1" 200 85675 "-" "Mozilla/5.0 (compatible; MJ12bot/v1.4.8; http://mj12bot.com/)"
34.171.68.95 - - [25/Aug/2026:18:21:43 +0500] "GET /uz/facts-uzb/477-sush-fakt-40-20-11-2025-pdf HTTP/1.1" 200 57301 "-" "Mozilla/5.0 (Macintosh; Intel Mac OS X 10_15_7) AppleWebKit/537.36 (KHTML, like Gecko) Chrome/120.0.0.0 Safari/537.36"
51.68.234.131 - - [25/Aug/2026:18:22:02 +0500] "GET /ru/jsc-docs-rus/28-nabl-kom-14-07-14-rus HTTP/1.1" 200 90953 "-" "Mozilla/5.0 (compatible; MJ12bot/v1.4.8; http://mj12bot.com/)"
66.249.69.139 - - [25/Aug/2026:18:22:11 +0500] "GET /picumnus/p4o3l4y2m4e0r18486 HTTP/1.1" 200 210578 "-" "Mozilla/5.0 (Linux; Android 6.0.1; Nexus 5X Build/MMB29P) AppleWebKit/537.36 (KHTML, like Gecko) Chrome/151.0.7922.173 Mobile Safari/537.36 (compatible; GoogleOther)"
51.68.234.131 - - [25/Aug/2026:18:22:34 +0500] "GET /ru/jsc-docs-rus/32-o-direktore-14-07-14-rus HTTP/1.1" 200 72944 "-" "Mozilla/5.0 (compatible; MJ12bot/v1.4.8; http://mj12bot.com/)"
34.61.96.6 - - [25/Aug/2026:18:22:43 +0500] "GET /ru/about-org-rus/strategy-rus HTTP/1.1" 200 59923 "-" "Mozilla/5.0 (Macintosh; Intel Mac OS X 10_15_7) AppleWebKit/537.36 (KHTML, like Gecko) Chrome/120.0.0.0 Safari/537.36"
34.56.53.225 - - [25/Aug/2026:18:22:49 +0500] "GET /media/aridocsviewer/pdfjs/web/viewer.html?file=https://eski.uzbekgidroenergoqurilish.uz/docs/prospectus/prospectus-04-02-2005.pdf HTTP/1.1" 200 19712 "-" "Mozilla/5.0 (Macintosh; Intel Mac OS X 10_15_7) AppleWebKit/537.36 (KHTML, like Gecko) Chrome/120.0.0.0 Safari/537.36"
66.249.69.138 - - [25/Aug/2026:18:22:59 +0500] "GET /?r=t5o5t5a4r6a86587 HTTP/1.1" 200 198554 "-" "Mozilla/5.0 (Linux; Android 6.0.1; Nexus 5X Build/MMB29P) AppleWebKit/537.36 (KHTML, like Gecko) Chrome/151.0.7922.173 Mobile Safari/537.36 (compatible; GoogleOther)"
51.68.234.131 - - [25/Aug/2026:18:23:03 +0500] "GET /ru/jsc-docs-rus/377-div-polit-ru-docx HTTP/1.1" 200 54482 "-" "Mozilla/5.0 (compatible; MJ12bot/v1.4.8; http://mj12bot.com/)"
51.68.234.131 - - [25/Aug/2026:18:23:20 +0500] "GET /ru/jsc-docs-rus/378-nam-sovet-ru-docx HTTP/1.1" 200 54526 "-" "Mozilla/5.0 (compatible; MJ12bot/v1.4.8; http://mj12bot.com/)"
51.68.234.131 - - [25/Aug/2026:18:23:42 +0500] "GET /ru/jsc-docs-rus/380-rk-ru-docx HTTP/1.1" 200 54490 "-" "Mozilla/5.0 (compatible; MJ12bot/v1.4.8; http://mj12bot.com/)"
66.249.69.137 - - [25/Aug/2026:18:23:45 +0500] "GET /?r=d0e1c7l5a0r1a1t1i7o3n HTTP/1.1" 200 212836 "-" "Mozilla/5.0 (Linux; Android 6.0.1; Nexus 5X Build/MMB29P) AppleWebKit/537.36 (KHTML, like Gecko) Chrome/151.0.7922.173 Mobile Safari/537.36 (compatible; GoogleOther)"
51.68.234.131 - - [25/Aug/2026:18:23:59 +0500] "GET /ru/jsc-docs-rus/381-inf-pol-ru-docx HTTP/1.1" 200 54536 "-" "Mozilla/5.0 (compatible; MJ12bot/v1.4.8; http://mj12bot.com/)"
51.68.234.131 - - [25/Aug/2026:18:24:08 +0500] "GET /ru/jsc-docs-rus/382-io-ru-docx HTTP/1.1" 200 54677 "-" "Mozilla/5.0 (compatible; MJ12bot/v1.4.8; http://mj12bot.com/)"
66.249.69.138 - - [25/Aug/2026:18:24:31 +0500] "GET /?r=c6o2r8n0e6m0u3s4e503 HTTP/1.1" 200 210587 "-" "Mozilla/5.0 (Linux; Android 6.0.1; Nexus 5X Build/MMB29P) AppleWebKit/537.36 (KHTML, like Gecko) Chrome/151.0.7922.173 Mobile Safari/537.36 (compatible; GoogleOther)"
51.68.234.131 - - [25/Aug/2026:18:24:54 +0500] "GET /ru/jsc-docs-rus/385-the-conflicts-of-interest HTTP/1.1" 200 54446 "-" "Mozilla/5.0 (compatible; MJ12bot/v1.4.8; http://mj12bot.com/)"
51.68.234.131 - - [25/Aug/2026:18:25:04 +0500] "GET /ru/jsc-docs-rus/386-the-information-policy HTTP/1.1" 200 54596 "-" "Mozilla/5.0 (compatible; MJ12bot/v1.4.8; http://mj12bot.com/)"
34.10.180.98 - - [25/Aug/2026:18:25:18 +0500] "GET /uz/prospectus-uzb/12-uzbek/about-org-uzb?start=10 HTTP/1.1" 200 64161 "-" "Mozilla/5.0 (Macintosh; Intel Mac OS X 10_15_7) AppleWebKit/537.36 (KHTML, like Gecko) Chrome/120.0.0.0 Safari/537.36"
66.249.69.138 - - [25/Aug/2026:18:25:18 +0500] "GET /shops/litotes/e4a1r7t2h0c3l3o9s0e0t7 HTTP/1.1" 200 198025 "-" "Mozilla/5.0 (Linux; Android 6.0.1; Nexus 5X Build/MMB29P) AppleWebKit/537.36 (KHTML, like Gecko) Chrome/151.0.7922.173 Mobile Safari/537.36 (compatible; GoogleOther)"
34.42.229.145 - - [25/Aug/2026:18:25:23 +0500] "GET /uz/info-for-shareholders-uzb/321-kpe-1-2021 HTTP/1.1" 200 57105 "-" "Mozilla/5.0 (Macintosh; Intel Mac OS X 10_15_7) AppleWebKit/537.36 (KHTML, like Gecko) Chrome/120.0.0.0 Safari/537.36"
51.68.234.131 - - [25/Aug/2026:18:25:36 +0500] "GET /ru/officially-rus/arkhiv?template=yoo_master2 HTTP/1.1" 200 56922 "-" "Mozilla/5.0 (compatible; MJ12bot/v1.4.8; http://mj12bot.com/)"
51.68.234.131 - - [25/Aug/2026:18:25:48 +0500] "GET /ru/officially-rus/tenders-rus?template=yoo_master2&start=12 HTTP/1.1" 200 64419 "-" "Mozilla/5.0 (compatible; MJ12bot/v1.4.8; http://mj12bot.com/)"
51.68.234.131 - - [25/Aug/2026:18:25:57 +0500] "GET /ru/officially-rus/tenders-rus?template=yoo_master2&start=16 HTTP/1.1" 200 61642 "-" "Mozilla/5.0 (compatible; MJ12bot/v1.4.8; http://mj12bot.com/)"
