88.90.243.36 - - [25/Aug/2026:19:09:37 +0500] "GET /uz/?r=p4o3p8e1l1o4t4e8305 HTTP/1.1" 200 68329 "-" "Mozilla/5.0 (compatible; MJ12bot/v1.4.8; http://mj12bot.com/)"
66.249.69.137 - - [25/Aug/2026:19:09:53 +0500] "GET /?r=f8e7n8n1e9c31336 HTTP/1.1" 200 220410 "-" "Mozilla/5.0 (Linux; Android 6.0.1; Nexus 5X Build/MMB29P) AppleWebKit/537.36 (KHTML, like Gecko) Chrome/151.0.7922.137 Mobile Safari/537.36 (compatible; GoogleOther)"
88.90.243.36 - - [25/Aug/2026:19:09:59 +0500] "GET /uz/?r=p4o3p8e1l1o4t4e8305&format=feed&type=atom HTTP/1.1" 200 9200 "-" "Mozilla/5.0 (compatible; MJ12bot/v1.4.8; http://mj12bot.com/)"
66.249.69.137 - - [25/Aug/2026:19:10:15 +0500] "GET /hibbertia/o2r1c0h7e9s6t1r5i7c18 HTTP/1.1" 508 288 "-" "Mozilla/5.0 (Linux; Android 6.0.1; Nexus 5X Build/MMB29P) AppleWebKit/537.36 (KHTML, like Gecko) Chrome/151.0.7922.173 Mobile Safari/537.36 (compatible; GoogleOther)"
88.90.243.36 - - [25/Aug/2026:19:10:20 +0500] "GET /uz/?r=p4o3p8e1l1o4t4e8305&format=feed&type=rss HTTP/1.1" 200 6005 "-" "Mozilla/5.0 (compatible; MJ12bot/v1.4.8; http://mj12bot.com/)"
66.249.69.137 - - [25/Aug/2026:19:10:34 +0500] "GET /?r=c6e3p3h9a9l8o4p3h5o0r3a HTTP/1.1" 200 212994 "-" "Mozilla/5.0 (Linux; Android 6.0.1; Nexus 5X Build/MMB29P) AppleWebKit/537.36 (KHTML, like Gecko) Chrome/151.0.7922.173 Mobile Safari/537.36 (compatible; GoogleOther)"
66.249.69.137 - - [25/Aug/2026:19:10:50 +0500] "GET /?r=c5h2a9f2f8e1r3i8n8g28 HTTP/1.1" 508 288 "-" "Mozilla/5.0 (Linux; Android 6.0.1; Nexus 5X Build/MMB29P) AppleWebKit/537.36 (KHTML, like Gecko) Chrome/151.0.7922.137 Mobile Safari/537.36 (compatible; Googlebot/2.1; +http://www.google.com/bot.html)"
88.90.243.36 - - [25/Aug/2026:19:10:42 +0500] "GET /uz/?r=p4o3p8e1l1o4t4e8305&start=12 HTTP/1.1" 200 68636 "-" "Mozilla/5.0 (compatible; MJ12bot/v1.4.8; http://mj12bot.com/)"
66.249.69.137 - - [25/Aug/2026:19:10:53 +0500] "GET /shops/ahain/s8u3b9s9e0r9v7e3d084 HTTP/1.1" 200 225288 "-" "Mozilla/5.0 (Linux; Android 6.0.1; Nexus 5X Build/MMB29P) AppleWebKit/537.36 (KHTML, like Gecko) Chrome/151.0.7922.137 Mobile Safari/537.36 (compatible; GoogleOther)"
88.90.243.36 - - [25/Aug/2026:19:11:05 +0500] "GET /uz/?r=p4o3p8e1l1o4t4e8305&start=16 HTTP/1.1" 200 67901 "-" "Mozilla/5.0 (compatible; MJ12bot/v1.4.8; http://mj12bot.com/)"
66.249.69.137 - - [25/Aug/2026:19:11:13 +0500] "GET /shops/litem/r5h1a5c9h0i5t2i8s535 HTTP/1.1" 508 288 "-" "Mozilla/5.0 (Linux; Android 6.0.1; Nexus 5X Build/MMB29P) AppleWebKit/537.36 (KHTML, like Gecko) Chrome/151.0.7922.173 Mobile Safari/537.36 (compatible; GoogleOther)"
88.90.243.36 - - [25/Aug/2026:19:11:19 +0500] "GET /uz/?r=p4o3p8e1l1o4t4e8305&start=20 HTTP/1.1" 508 288 "-" "Mozilla/5.0 (compatible; MJ12bot/v1.4.8; http://mj12bot.com/)"
88.90.243.36 - - [25/Aug/2026:19:11:34 +0500] "GET /uz/?r=p4o3p8e1l1o4t4e8305&start=4 HTTP/1.1" 508 288 "-" "Mozilla/5.0 (compatible; MJ12bot/v1.4.8; http://mj12bot.com/)"
66.249.69.137 - - [25/Aug/2026:19:11:29 +0500] "GET /?r=c9h2l9o6r3i7n5a8t3e30 HTTP/1.1" 200 201111 "-" "Mozilla/5.0 (Linux; Android 6.0.1; Nexus 5X Build/MMB29P) AppleWebKit/537.36 (KHTML, like Gecko) Chrome/151.0.7922.173 Mobile Safari/537.36 (compatible; GoogleOther)"
66.249.69.137 - - [25/Aug/2026:19:11:47 +0500] "GET /?r=d8e6l1u9s9i6o8n008 HTTP/1.1" 200 228272 "-" "Mozilla/5.0 (Linux; Android 6.0.1; Nexus 5X Build/MMB29P) AppleWebKit/537.36 (KHTML, like Gecko) Chrome/151.0.7922.137 Mobile Safari/537.36 (compatible; GoogleOther)"
88.90.243.36 - - [25/Aug/2026:19:11:48 +0500] "GET /uz/?r=p4o3p8e1l1o4t4e8305&start=52 HTTP/1.1" 200 69226 "-" "Mozilla/5.0 (compatible; MJ12bot/v1.4.8; http://mj12bot.com/)"
66.249.69.138 - - [25/Aug/2026:19:12:12 +0500] "GET /shops/sicklier/f4r3i0n4g9e1n4t6929 HTTP/1.1" 200 212620 "-" "Mozilla/5.0 (Linux; Android 6.0.1; Nexus 5X Build/MMB29P) AppleWebKit/537.36 (KHTML, like Gecko) Chrome/151.0.7922.173 Mobile Safari/537.36 (compatible; GoogleOther)"
66.249.69.137 - - [25/Aug/2026:19:12:31 +0500] "GET /shops/gauntlet/c4r2u1n9o6d7e9s4786 HTTP/1.1" 200 214801 "-" "Mozilla/5.0 (Linux; Android 6.0.1; Nexus 5X Build/MMB29P) AppleWebKit/537.36 (KHTML, like Gecko) Chrome/151.0.7922.173 Mobile Safari/537.36 (compatible; GoogleOther)"
66.249.69.137 - - [25/Aug/2026:19:12:50 +0500] "GET /?r=b8l2o1o8d5b6o8l2t9e0r1ed HTTP/1.1" 200 218865 "-" "Mozilla/5.0 (Linux; Android 6.0.1; Nexus 5X Build/MMB29P) AppleWebKit/537.36 (KHTML, like Gecko) Chrome/151.0.7922.137 Mobile Safari/537.36 (compatible; GoogleOther)"
66.249.69.138 - - [25/Aug/2026:19:13:09 +0500] "GET /shops/hecatomb/w4e4a2r6i6e7d05347 HTTP/1.1" 200 207715 "-" "Mozilla/5.0 (Linux; Android 6.0.1; Nexus 5X Build/MMB29P) AppleWebKit/537.36 (KHTML, like Gecko) Chrome/151.0.7922.173 Mobile Safari/537.36 (compatible; GoogleOther)"
66.249.69.137 - - [25/Aug/2026:19:13:29 +0500] "GET /shops/brazil/w6h5e3d3e4r28698 HTTP/1.1" 200 223549 "-" "Mozilla/5.0 (Linux; Android 6.0.1; Nexus 5X Build/MMB29P) AppleWebKit/537.36 (KHTML, like Gecko) Chrome/151.0.7922.173 Mobile Safari/537.36 (compatible; GoogleOther)"
66.249.69.137 - - [25/Aug/2026:19:13:49 +0500] "GET /?r=k8i2n6g4s7t7o4n2150 HTTP/1.1" 508 288 "-" "Mozilla/5.0 (Linux; Android 6.0.1; Nexus 5X Build/MMB29P) AppleWebKit/537.36 (KHTML, like Gecko) Chrome/151.0.7922.137 Mobile Safari/537.36 (compatible; GoogleOther)"
34.10.180.98 - - [25/Aug/2026:19:13:50 +0500] "GET /ru/officially-rus/tenders-rus/284-vacancy-director-2020uzb HTTP/1.1" 508 288 "-" "Mozilla/5.0 (Macintosh; Intel Mac OS X 10_15_7) AppleWebKit/537.36 (KHTML, like Gecko) Chrome/120.0.0.0 Safari/537.36"
40.77.167.48 - - [25/Aug/2026:19:13:59 +0500] "GET /uz/?3x=3x'&start=12 HTTP/1.1" 508 288 "-" "Mozilla/5.0 AppleWebKit/537.36 (KHTML, like Gecko; compatible; bingbot/2.0; +http://www.bing.com/bingbot.htm) Chrome/116.0.1938.76 Safari/537.36"
66.249.69.138 - - [25/Aug/2026:19:14:06 +0500] "GET /?r=p9e4n7t1o9s9a2n110 HTTP/1.1" 508 288 "-" "Mozilla/5.0 (Linux; Android 6.0.1; Nexus 5X Build/MMB29P) AppleWebKit/537.36 (KHTML, like Gecko) Chrome/151.0.7922.173 Mobile Safari/537.36 (compatible; GoogleOther)"
66.249.69.137 - - [25/Aug/2026:19:14:05 +0500] "GET /?r=s3h2a3m0e2l9e0s1s791 HTTP/1.1" 200 183110 "-" "Mozilla/5.0 (Linux; Android 6.0.1; Nexus 5X Build/MMB29P) AppleWebKit/537.36 (KHTML, like Gecko) Chrome/151.0.7922.137 Mobile Safari/537.36 (compatible; Googlebot/2.1; +http://www.google.com/bot.html)"
66.249.69.138 - - [25/Aug/2026:19:14:23 +0500] "GET /?r=w6h1i6r4r5i7n3g080 HTTP/1.1" 200 213283 "-" "Mozilla/5.0 (Linux; Android 6.0.1; Nexus 5X Build/MMB29P) AppleWebKit/537.36 (KHTML, like Gecko) Chrome/151.0.7922.173 Mobile Safari/537.36 (compatible; GoogleOther)"
66.249.69.137 - - [25/Aug/2026:19:14:48 +0500] "GET /?r=e8i2g3h5t9v9o68014 HTTP/1.1" 200 216936 "-" "Mozilla/5.0 (Linux; Android 6.0.1; Nexus 5X Build/MMB29P) AppleWebKit/537.36 (KHTML, like Gecko) Chrome/151.0.7922.137 Mobile Safari/537.36 (compatible; GoogleOther)"
66.249.69.139 - - [25/Aug/2026:19:15:12 +0500] "GET /?r=f9o2r8e7g7u8t77589 HTTP/1.1" 508 288 "-" "Mozilla/5.0 (Linux; Android 6.0.1; Nexus 5X Build/MMB29P) AppleWebKit/537.36 (KHTML, like Gecko) Chrome/151.0.7922.173 Mobile Safari/537.36 (compatible; GoogleOther)"
185.191.171.17 - - [25/Aug/2026:19:15:29 +0500] "GET /uz/news-uzb?ismobile=1&start=16 HTTP/1.1" 200 60768 "-" "Mozilla/5.0 (compatible; SemrushBot/7~bl; +http://www.semrush.com/bot.html)"
66.249.69.137 - - [25/Aug/2026:19:15:31 +0500] "GET /shops/miscalculate/e2p1h3e5m0e5r2i2s7t87 HTTP/1.1" 200 211527 "-" "Mozilla/5.0 (Linux; Android 6.0.1; Nexus 5X Build/MMB29P) AppleWebKit/537.36 (KHTML, like Gecko) Chrome/151.0.7922.173 Mobile Safari/537.36 (compatible; GoogleOther)"
34.56.53.225 - - [25/Aug/2026:19:15:46 +0500] "GET /ru/component/search/?Itemid=133&catid=22&format=opensearch&id=90 HTTP/1.1" 200 799 "-" "Mozilla/5.0 (Macintosh; Intel Mac OS X 10_15_7) AppleWebKit/537.36 (KHTML, like Gecko) Chrome/120.0.0.0 Safari/537.36"
66.249.69.137 - - [25/Aug/2026:19:15:52 +0500] "GET /unflinchingly/s8i4e1g1e0w3o1r0k617 HTTP/1.1" 200 213686 "-" "Mozilla/5.0 (Linux; Android 6.0.1; Nexus 5X Build/MMB29P) AppleWebKit/537.36 (KHTML, like Gecko) Chrome/151.0.7922.137 Mobile Safari/537.36 (compatible; GoogleOther)"
66.249.69.138 - - [25/Aug/2026:19:16:12 +0500] "GET /?r=i9n1f5r8a9m3u1n7d6a6n0e HTTP/1.1" 200 212762 "-" "Mozilla/5.0 (Linux; Android 6.0.1; Nexus 5X Build/MMB29P) AppleWebKit/537.36 (KHTML, like Gecko) Chrome/151.0.7922.173 Mobile Safari/537.36 (compatible; GoogleOther)"
66.249.69.137 - - [25/Aug/2026:19:16:33 +0500] "GET /shops/sparingly/a5n2e8u1r3y6s5m2a1ticadj HTTP/1.1" 508 288 "-" "Mozilla/5.0 (Linux; Android 6.0.1; Nexus 5X Build/MMB29P) AppleWebKit/537.36 (KHTML, like Gecko) Chrome/151.0.7922.137 Mobile Safari/537.36 (compatible; GoogleOther)"
66.249.69.137 - - [25/Aug/2026:19:16:52 +0500] "GET /?r=r1e4f0o3r3e4s1t9i2z4e3 HTTP/1.1" 508 288 "-" "Mozilla/5.0 (Linux; Android 6.0.1; Nexus 5X Build/MMB29P) AppleWebKit/537.36 (KHTML, like Gecko) Chrome/151.0.7922.173 Mobile Safari/537.36 (compatible; GoogleOther)"
66.249.69.138 - - [25/Aug/2026:19:17:07 +0500] "GET /?r=t8r1a9d1i6n8g45116 HTTP/1.1" 508 288 "-" "Mozilla/5.0 (Linux; Android 6.0.1; Nexus 5X Build/MMB29P) AppleWebKit/537.36 (KHTML, like Gecko) Chrome/151.0.7922.137 Mobile Safari/537.36 (compatible; GoogleOther)"
66.249.69.138 - - [25/Aug/2026:19:17:22 +0500] "GET /?r=e6x1p8e0n8s5e6f7u8l0l0y HTTP/1.1" 200 199131 "-" "Mozilla/5.0 (Linux; Android 6.0.1; Nexus 5X Build/MMB29P) AppleWebKit/537.36 (KHTML, like Gecko) Chrome/151.0.7922.137 Mobile Safari/537.36 (compatible; Googlebot/2.1; +http://www.google.com/bot.html)"
66.249.69.138 - - [25/Aug/2026:19:17:21 +0500] "GET /shops/facound/r7a4t2t0e8r822537 HTTP/1.1" 200 208597 "-" "Mozilla/5.0 (Linux; Android 6.0.1; Nexus 5X Build/MMB29P) AppleWebKit/537.36 (KHTML, like Gecko) Chrome/151.0.7922.173 Mobile Safari/537.36 (compatible; GoogleOther)"
66.249.69.137 - - [25/Aug/2026:19:17:39 +0500] "GET /approximatively/stack/m4a1c6r3o3u5r4i2d5a0e8 HTTP/1.1" 200 212115 "-" "Mozilla/5.0 (Linux; Android 6.0.1; Nexus 5X Build/MMB29P) AppleWebKit/537.36 (KHTML, like Gecko) Chrome/151.0.7922.137 Mobile Safari/537.36 (compatible; GoogleOther)"
66.249.69.137 - - [25/Aug/2026:19:17:59 +0500] "GET /?r=d6a3u1c9u9s03010 HTTP/1.1" 200 197476 "-" "Mozilla/5.0 (Linux; Android 6.0.1; Nexus 5X Build/MMB29P) AppleWebKit/537.36 (KHTML, like Gecko) Chrome/151.0.7922.173 Mobile Safari/537.36 (compatible; GoogleOther)"
66.249.69.137 - - [25/Aug/2026:19:18:18 +0500] "GET /?r=m8i2n1g0l6i0n1g2591 HTTP/1.1" 200 208073 "-" "Mozilla/5.0 (Linux; Android 6.0.1; Nexus 5X Build/MMB29P) AppleWebKit/537.36 (KHTML, like Gecko) Chrome/151.0.7922.137 Mobile Safari/537.36 (compatible; GoogleOther)"
66.249.69.137 - - [25/Aug/2026:19:18:38 +0500] "GET /?r=s8o3d5i0u7m721278 HTTP/1.1" 200 195064 "-" "Mozilla/5.0 (Linux; Android 6.0.1; Nexus 5X Build/MMB29P) AppleWebKit/537.36 (KHTML, like Gecko) Chrome/151.0.7922.173 Mobile Safari/537.36 (compatible; GoogleOther)"
66.249.69.137 - - [25/Aug/2026:19:18:57 +0500] "GET /shops/incongruousness/y8o6u0t7h7f6u5l0ly HTTP/1.1" 200 208932 "-" "Mozilla/5.0 (Linux; Android 6.0.1; Nexus 5X Build/MMB29P) AppleWebKit/537.36 (KHTML, like Gecko) Chrome/151.0.7922.137 Mobile Safari/537.36 (compatible; GoogleOther)"
66.249.69.137 - - [25/Aug/2026:19:19:17 +0500] "GET /?r=f7l1u6n4l1y7i9s3m204 HTTP/1.1" 200 197381 "-" "Mozilla/5.0 (Linux; Android 6.0.1; Nexus 5X Build/MMB29P) AppleWebKit/537.36 (KHTML, like Gecko) Chrome/151.0.7922.173 Mobile Safari/537.36 (compatible; GoogleOther)"
66.249.69.137 - - [25/Aug/2026:19:19:37 +0500] "GET /shops/calculate/p4s1a6r4o4l6i0t6e770 HTTP/1.1" 200 213004 "-" "Mozilla/5.0 (Linux; Android 6.0.1; Nexus 5X Build/MMB29P) AppleWebKit/537.36 (KHTML, like Gecko) Chrome/151.0.7922.137 Mobile Safari/537.36 (compatible; GoogleOther)"
66.249.69.137 - - [25/Aug/2026:19:19:57 +0500] "GET /tierod/teakettle/11204950816 HTTP/1.1" 200 214426 "-" "Mozilla/5.0 (Linux; Android 6.0.1; Nexus 5X Build/MMB29P) AppleWebKit/537.36 (KHTML, like Gecko) Chrome/151.0.7922.173 Mobile Safari/537.36 (compatible; GoogleOther)"
66.249.69.137 - - [25/Aug/2026:19:20:26 +0500] "GET /shops/sharing/c8l2i1m4a2t7e03255 HTTP/1.1" 200 203110 "-" "Mozilla/5.0 (Linux; Android 6.0.1; Nexus 5X Build/MMB29P) AppleWebKit/537.36 (KHTML, like Gecko) Chrome/151.0.7922.137 Mobile Safari/537.36 (compatible; GoogleOther)"
66.249.69.137 - - [25/Aug/2026:19:20:37 +0500] "GET /?r=m6a2l4t5w9o7r6m9748 HTTP/1.1" 200 208954 "-" "Mozilla/5.0 (Linux; Android 6.0.1; Nexus 5X Build/MMB29P) AppleWebKit/537.36 (KHTML, like Gecko) Chrome/151.0.7922.137 Mobile Safari/537.36 (compatible; Googlebot/2.1; +http://www.google.com/bot.html)"
66.249.69.137 - - [25/Aug/2026:19:20:55 +0500] "GET /?r=o2r1a9t2o8r7i5o6u9s1l0y HTTP/1.1" 200 212107 "-" "Mozilla/5.0 (Linux; Android 6.0.1; Nexus 5X Build/MMB29P) AppleWebKit/537.36 (KHTML, like Gecko) Chrome/151.0.7922.173 Mobile Safari/537.36 (compatible; GoogleOther)"
34.123.149.87 - - [25/Aug/2026:19:21:17 +0500] "GET /uz/component/search/?Itemid=140&format=opensearch HTTP/1.1" 200 787 "-" "Mozilla/5.0 (Macintosh; Intel Mac OS X 10_15_7) AppleWebKit/537.36 (KHTML, like Gecko) Chrome/120.0.0.0 Safari/537.36"
66.249.69.137 - - [25/Aug/2026:19:21:22 +0500] "GET /?censurably/43614005111 HTTP/1.1" 200 205654 "-" "Mozilla/5.0 (Linux; Android 6.0.1; Nexus 5X Build/MMB29P) AppleWebKit/537.36 (KHTML, like Gecko) Chrome/151.0.7922.137 Mobile Safari/537.36 (compatible; GoogleOther)"
66.249.69.137 - - [25/Aug/2026:19:21:50 +0500] "GET /?r=e3x4e2m2p6t9i4n6g080 HTTP/1.1" 200 214109 "-" "Mozilla/5.0 (Linux; Android 6.0.1; Nexus 5X Build/MMB29P) AppleWebKit/537.36 (KHTML, like Gecko) Chrome/151.0.7922.173 Mobile Safari/537.36 (compatible; GoogleOther)"
136.119.35.120 - - [25/Aug/2026:19:22:00 +0500] "GET /ru/officially-rus/vacancies-rus/90-ao-eski-juva-dehqon-bozori-ob-yavlyaet-konkurs-na-zameshchenie-vakantnoj-dolzhnosti-zamestitelya-direktora-po-ekonomiki HTTP/1.1" 200 58938 "-" "Mozilla/5.0 (Macintosh; Intel Mac OS X 10_15_7) AppleWebKit/537.36 (KHTML, like Gecko) Chrome/120.0.0.0 Safari/537.36"
66.249.69.139 - - [25/Aug/2026:19:22:16 +0500] "GET /contradiction/s8c2h9a7d3e467622 HTTP/1.1" 200 230236 "-" "Mozilla/5.0 (Linux; Android 6.0.1; Nexus 5X Build/MMB29P) AppleWebKit/537.36 (KHTML, like Gecko) Chrome/151.0.7922.137 Mobile Safari/537.36 (compatible; GoogleOther)"
66.249.69.138 - - [25/Aug/2026:19:22:44 +0500] "GET /shops/melitaea/v2o4r1t4e5x950729 HTTP/1.1" 200 217199 "-" "Mozilla/5.0 (Linux; Android 6.0.1; Nexus 5X Build/MMB29P) AppleWebKit/537.36 (KHTML, like Gecko) Chrome/151.0.7922.173 Mobile Safari/537.36 (compatible; GoogleOther)"
66.249.69.139 - - [25/Aug/2026:19:23:09 +0500] "GET /?r=e0r4o2t9i4c221307 HTTP/1.1" 200 214403 "-" "Mozilla/5.0 (Linux; Android 6.0.1; Nexus 5X Build/MMB29P) AppleWebKit/537.36 (KHTML, like Gecko) Chrome/151.0.7922.173 Mobile Safari/537.36 (compatible; GoogleOther)"
66.249.69.137 - - [25/Aug/2026:19:23:35 +0500] "GET /?r=n8o3r8i4c3e218418 HTTP/1.1" 200 199771 "-" "Mozilla/5.0 (Linux; Android 6.0.1; Nexus 5X Build/MMB29P) AppleWebKit/537.36 (KHTML, like Gecko) Chrome/151.0.7922.137 Mobile Safari/537.36 (compatible; GoogleOther)"
85.208.96.212 - - [25/Aug/2026:19:23:43 +0500] "GET /ru/about-org-rus/indexes-rus/228-reports-2018-rus HTTP/1.1" 508 288 "-" "Mozilla/5.0 (compatible; SemrushBot/7~bl; +http://www.semrush.com/bot.html)"
66.249.69.137 - - [25/Aug/2026:19:23:52 +0500] "GET /?r=c0e2l3e0s9t2u3s4378 HTTP/1.1" 200 216124 "-" "Mozilla/5.0 (Linux; Android 6.0.1; Nexus 5X Build/MMB29P) AppleWebKit/537.36 (KHTML, like Gecko) Chrome/151.0.7922.137 Mobile Safari/537.36 (compatible; Googlebot/2.1; +http://www.google.com/bot.html)"
66.249.69.137 - - [25/Aug/2026:19:24:00 +0500] "GET /dhobb/emarginately/h6e9m3i3h0e0d2r8a9l0ly HTTP/1.1" 200 223075 "-" "Mozilla/5.0 (Linux; Android 6.0.1; Nexus 5X Build/MMB29P) AppleWebKit/537.36 (KHTML, like Gecko) Chrome/151.0.7922.173 Mobile Safari/537.36 (compatible; GoogleOther)"
66.249.69.137 - - [25/Aug/2026:19:24:24 +0500] "GET /?r=m8a5r7k2e0d5l9y089 HTTP/1.1" 200 181769 "-" "Mozilla/5.0 (Linux; Android 6.0.1; Nexus 5X Build/MMB29P) AppleWebKit/537.36 (KHTML, like Gecko) Chrome/151.0.7922.173 Mobile Safari/537.36 (compatible; GoogleOther)"
66.249.69.137 - - [25/Aug/2026:19:24:48 +0500] "GET /?r=p4r2i2c0k3e1a5r3e0d00 HTTP/1.1" 200 221559 "-" "Mozilla/5.0 (Linux; Android 6.0.1; Nexus 5X Build/MMB29P) AppleWebKit/537.36 (KHTML, like Gecko) Chrome/151.0.7922.137 Mobile Safari/537.36 (compatible; GoogleOther)"
66.249.69.137 - - [25/Aug/2026:19:25:15 +0500] "GET /shops/bejeweled/p9l9u2m1u9l1e1019 HTTP/1.1" 200 198348 "-" "Mozilla/5.0 (Linux; Android 6.0.1; Nexus 5X Build/MMB29P) AppleWebKit/537.36 (KHTML, like Gecko) Chrome/151.0.7922.173 Mobile Safari/537.36 (compatible; GoogleOther)"
66.249.69.137 - - [25/Aug/2026:19:25:46 +0500] "GET /?r=g9a1l4a3c9t5o8p0h2a2g3ist HTTP/1.1" 508 288 "-" "Mozilla/5.0 (Linux; Android 6.0.1; Nexus 5X Build/MMB29P) AppleWebKit/537.36 (KHTML, like Gecko) Chrome/151.0.7922.173 Mobile Safari/537.36 (compatible; GoogleOther)"
66.249.69.139 - - [25/Aug/2026:19:26:13 +0500] "GET /?r=e4l1e3c5t0i1c01664 HTTP/1.1" 200 209007 "-" "Mozilla/5.0 (Linux; Android 6.0.1; Nexus 5X Build/MMB29P) AppleWebKit/537.36 (KHTML, like Gecko) Chrome/151.0.7922.137 Mobile Safari/537.36 (compatible; GoogleOther)"
66.249.69.138 - - [25/Aug/2026:19:26:39 +0500] "GET /?r=h8a2r7d4s9h2e8l7l749 HTTP/1.1" 200 188801 "-" "Mozilla/5.0 (Linux; Android 6.0.1; Nexus 5X Build/MMB29P) AppleWebKit/537.36 (KHTML, like Gecko) Chrome/151.0.7922.173 Mobile Safari/537.36 (compatible; GoogleOther)"
66.249.69.138 - - [25/Aug/2026:19:27:08 +0500] "GET /?r=n6e1g7i7n2o3t8h6103 HTTP/1.1" 508 288 "-" "Mozilla/5.0 (Linux; Android 6.0.1; Nexus 5X Build/MMB29P) AppleWebKit/537.36 (KHTML, like Gecko) Chrome/151.0.7922.137 Mobile Safari/537.36 (compatible; Googlebot/2.1; +http://www.google.com/bot.html)"
66.249.69.137 - - [25/Aug/2026:19:27:06 +0500] "GET /?r=b6a1c7c0h6i2i67861 HTTP/1.1" 200 194769 "-" "Mozilla/5.0 (Linux; Android 6.0.1; Nexus 5X Build/MMB29P) AppleWebKit/537.36 (KHTML, like Gecko) Chrome/151.0.7922.173 Mobile Safari/537.36 (compatible; GoogleOther)"
66.249.69.137 - - [25/Aug/2026:19:27:30 +0500] "GET /?r=h8o9r5o5m4e9t9e3r01 HTTP/1.1" 200 227850 "-" "Mozilla/5.0 (Linux; Android 6.0.1; Nexus 5X Build/MMB29P) AppleWebKit/537.36 (KHTML, like Gecko) Chrome/151.0.7922.137 Mobile Safari/537.36 (compatible; GoogleOther)"
66.249.69.137 - - [25/Aug/2026:19:27:54 +0500] "GET /?r=a5s2s5u8r7e4d4l3y801 HTTP/1.1" 200 195967 "-" "Mozilla/5.0 (Linux; Android 6.0.1; Nexus 5X Build/MMB29P) AppleWebKit/537.36 (KHTML, like Gecko) Chrome/151.0.7922.173 Mobile Safari/537.36 (compatible; GoogleOther)"
66.249.69.137 - - [25/Aug/2026:19:28:25 +0500] "GET /?r=o4f2f6i6c5e9r6e5d895 HTTP/1.1" 508 288 "-" "Mozilla/5.0 (Linux; Android 6.0.1; Nexus 5X Build/MMB29P) AppleWebKit/537.36 (KHTML, like Gecko) Chrome/151.0.7922.173 Mobile Safari/537.36 (compatible; GoogleOther)"
66.249.69.137 - - [25/Aug/2026:19:28:45 +0500] "GET /?r=m2o1r0o4s5o0p8h7827 HTTP/1.1" 200 198715 "-" "Mozilla/5.0 (Linux; Android 6.0.1; Nexus 5X Build/MMB29P) AppleWebKit/537.36 (KHTML, like Gecko) Chrome/151.0.7922.173 Mobile Safari/537.36 (compatible; GoogleOther)"
66.249.69.139 - - [25/Aug/2026:19:29:06 +0500] "GET /shops/izing/i6n1t4e7r6r1o5g0a8t7e9e HTTP/1.1" 508 288 "-" "Mozilla/5.0 (Linux; Android 6.0.1; Nexus 5X Build/MMB29P) AppleWebKit/537.36 (KHTML, like Gecko) Chrome/151.0.7922.137 Mobile Safari/537.36 (compatible; GoogleOther)"
66.249.69.137 - - [25/Aug/2026:19:29:24 +0500] "GET /?r=f4l3o0r4i2b3u3n1d6a98 HTTP/1.1" 200 216704 "-" "Mozilla/5.0 (Linux; Android 6.0.1; Nexus 5X Build/MMB29P) AppleWebKit/537.36 (KHTML, like Gecko) Chrome/151.0.7922.173 Mobile Safari/537.36 (compatible; GoogleOther)"
66.249.69.137 - - [25/Aug/2026:19:29:43 +0500] "GET /?sparer/61098975359 HTTP/1.1" 200 207975 "-" "Mozilla/5.0 (Linux; Android 6.0.1; Nexus 5X Build/MMB29P) AppleWebKit/537.36 (KHTML, like Gecko) Chrome/151.0.7922.173 Mobile Safari/537.36 (compatible; GoogleOther)"
66.249.69.137 - - [25/Aug/2026:19:30:02 +0500] "GET /?r=e5l5e5n5g8e4n7e3s5s2 HTTP/1.1" 508 288 "-" "Mozilla/5.0 (Linux; Android 6.0.1; Nexus 5X Build/MMB29P) AppleWebKit/537.36 (KHTML, like Gecko) Chrome/151.0.7922.137 Mobile Safari/537.36 (compatible; GoogleOther)"
66.249.69.137 - - [25/Aug/2026:19:30:23 +0500] "GET /debaucher/c5o1r5u2s1c1a1t3e925 HTTP/1.1" 200 204079 "-" "Mozilla/5.0 (Linux; Android 6.0.1; Nexus 5X Build/MMB29P) AppleWebKit/537.36 (KHTML, like Gecko) Chrome/151.0.7922.137 Mobile Safari/537.36 (compatible; Googlebot/2.1; +http://www.google.com/bot.html)"
34.42.229.145 - - [25/Aug/2026:19:30:32 +0500] "GET /ru/prospectus-rus?format=feed&template=accessibility&type=rss HTTP/1.1" 200 10139 "-" "Mozilla/5.0 (Macintosh; Intel Mac OS X 10_15_7) AppleWebKit/537.36 (KHTML, like Gecko) Chrome/120.0.0.0 Safari/537.36"
66.249.69.137 - - [25/Aug/2026:19:30:33 +0500] "GET /?r=b9e5a2u3t8i6f6i2c8a3tion HTTP/1.1" 200 210951 "-" "Mozilla/5.0 (Linux; Android 6.0.1; Nexus 5X Build/MMB29P) AppleWebKit/537.36 (KHTML, like Gecko) Chrome/151.0.7922.173 Mobile Safari/537.36 (compatible; GoogleOther)"
66.249.69.137 - - [25/Aug/2026:19:30:49 +0500] "GET /?r=i9n2c1r8e7a0t9e2755 HTTP/1.1" 200 216709 "-" "Mozilla/5.0 (Linux; Android 6.0.1; Nexus 5X Build/MMB29P) AppleWebKit/537.36 (KHTML, like Gecko) Chrome/151.0.7922.173 Mobile Safari/537.36 (compatible; GoogleOther)"
66.249.69.139 - - [25/Aug/2026:19:31:07 +0500] "GET /?r=h8e2a2d8e0d044390 HTTP/1.1" 508 288 "-" "Mozilla/5.0 (Linux; Android 6.0.1; Nexus 5X Build/MMB29P) AppleWebKit/537.36 (KHTML, like Gecko) Chrome/151.0.7922.137 Mobile Safari/537.36 (compatible; GoogleOther)"
66.249.69.138 - - [25/Aug/2026:19:31:22 +0500] "GET /shops/snarl/c5h4i1a5r1o9s7c6u6r2o8 HTTP/1.1" 200 199223 "-" "Mozilla/5.0 (Linux; Android 6.0.1; Nexus 5X Build/MMB29P) AppleWebKit/537.36 (KHTML, like Gecko) Chrome/151.0.7922.173 Mobile Safari/537.36 (compatible; GoogleOther)"
66.249.69.137 - - [25/Aug/2026:19:31:39 +0500] "GET /shops/cinquespotted/t5r1a3n9s4f0e6r1r2i3b8le HTTP/1.1" 200 197095 "-" "Mozilla/5.0 (Linux; Android 6.0.1; Nexus 5X Build/MMB29P) AppleWebKit/537.36 (KHTML, like Gecko) Chrome/151.0.7922.173 Mobile Safari/537.36 (compatible; GoogleOther)"
66.249.69.137 - - [25/Aug/2026:19:31:56 +0500] "GET /shops/lenticularis/t1e3c0t7l8y762770 HTTP/1.1" 508 288 "-" "Mozilla/5.0 (Linux; Android 6.0.1; Nexus 5X Build/MMB29P) AppleWebKit/537.36 (KHTML, like Gecko) Chrome/151.0.7922.173 Mobile Safari/537.36 (compatible; GoogleOther)"
66.249.69.139 - - [25/Aug/2026:19:32:17 +0500] "GET /?r=l2a1g5t2h5i5n1g451 HTTP/1.1" 508 288 "-" "Mozilla/5.0 (Linux; Android 6.0.1; Nexus 5X Build/MMB29P) AppleWebKit/537.36 (KHTML, like Gecko) Chrome/151.0.7922.173 Mobile Safari/537.36 (compatible; GoogleOther)"
66.249.69.138 - - [25/Aug/2026:19:32:31 +0500] "GET /honestation/e6l2e9c9t8r3i3z3e2d04 HTTP/1.1" 508 288 "-" "Mozilla/5.0 (Linux; Android 6.0.1; Nexus 5X Build/MMB29P) AppleWebKit/537.36 (KHTML, like Gecko) Chrome/151.0.7922.173 Mobile Safari/537.36 (compatible; GoogleOther)"
66.249.69.139 - - [25/Aug/2026:19:33:16 +0500] "GET /shops/harpooning/r9e3d7e9v2e4l9o8p726 HTTP/1.1" 200 209296 "-" "Mozilla/5.0 (Linux; Android 6.0.1; Nexus 5X Build/MMB29P) AppleWebKit/537.36 (KHTML, like Gecko) Chrome/151.0.7922.173 Mobile Safari/537.36 (compatible; GoogleOther)"
66.249.69.138 - - [25/Aug/2026:19:33:47 +0500] "GET /?r=s6c2y3l0l5i0t0e322 HTTP/1.1" 508 288 "-" "Mozilla/5.0 (Linux; Android 6.0.1; Nexus 5X Build/MMB29P) AppleWebKit/537.36 (KHTML, like Gecko) Chrome/151.0.7922.137 Mobile Safari/537.36 (compatible; Googlebot/2.1; +http://www.google.com/bot.html)"
34.10.180.98 - - [25/Aug/2026:19:33:45 +0500] "GET /uz/facts-uzb/414-sush-fakt-08-04-09-2023-ns-doc HTTP/1.1" 200 57217 "-" "Mozilla/5.0 (Macintosh; Intel Mac OS X 10_15_7) AppleWebKit/537.36 (KHTML, like Gecko) Chrome/120.0.0.0 Safari/537.36"
66.249.69.137 - - [25/Aug/2026:19:33:52 +0500] "GET /shops/ramify/l3u3g4g2a4g7e06946 HTTP/1.1" 200 185257 "-" "Mozilla/5.0 (Linux; Android 6.0.1; Nexus 5X Build/MMB29P) AppleWebKit/537.36 (KHTML, like Gecko) Chrome/151.0.7922.173 Mobile Safari/537.36 (compatible; GoogleOther)"
66.249.69.137 - - [25/Aug/2026:19:34:33 +0500] "GET /?r=e4n4a1n3t0i1o9p1a5t3h9y HTTP/1.1" 200 200715 "-" "Mozilla/5.0 (Linux; Android 6.0.1; Nexus 5X Build/MMB29P) AppleWebKit/537.36 (KHTML, like Gecko) Chrome/151.0.7922.173 Mobile Safari/537.36 (compatible; GoogleOther)"
66.249.69.137 - - [25/Aug/2026:19:35:14 +0500] "GET /?r=j6y2m6o9l0d048657 HTTP/1.1" 508 288 "-" "Mozilla/5.0 (Linux; Android 6.0.1; Nexus 5X Build/MMB29P) AppleWebKit/537.36 (KHTML, like Gecko) Chrome/151.0.7922.173 Mobile Safari/537.36 (compatible; GoogleOther)"
66.249.69.138 - - [25/Aug/2026:19:35:56 +0500] "GET /?uncustomable/41803988821 HTTP/1.1" 508 288 "-" "Mozilla/5.0 (Linux; Android 6.0.1; Nexus 5X Build/MMB29P) AppleWebKit/537.36 (KHTML, like Gecko) Chrome/151.0.7922.173 Mobile Safari/537.36 (compatible; GoogleOther)"
66.249.69.139 - - [25/Aug/2026:19:36:36 +0500] "GET /?r=z6a1p4a3t1e9r0a6896 HTTP/1.1" 200 212430 "-" "Mozilla/5.0 (Linux; Android 6.0.1; Nexus 5X Build/MMB29P) AppleWebKit/537.36 (KHTML, like Gecko) Chrome/151.0.7922.173 Mobile Safari/537.36 (compatible; GoogleOther)"
66.249.69.139 - - [25/Aug/2026:19:37:00 +0500] "GET /?r=a4c2c5e5n9t6l8e0s3s58 HTTP/1.1" 200 212677 "-" "Mozilla/5.0 (Linux; Android 6.0.1; Nexus 5X Build/MMB29P) AppleWebKit/537.36 (KHTML, like Gecko) Chrome/151.0.7922.137 Mobile Safari/537.36 (compatible; Googlebot/2.1; +http://www.google.com/bot.html)"
34.10.180.98 - - [25/Aug/2026:19:37:03 +0500] "GET /uz/dividends-uzb?start=8 HTTP/1.1" 200 65450 "-" "Mozilla/5.0 (Macintosh; Intel Mac OS X 10_15_7) AppleWebKit/537.36 (KHTML, like Gecko) Chrome/120.0.0.0 Safari/537.36"
66.249.69.137 - - [25/Aug/2026:19:37:17 +0500] "GET /?r=o8f2f5i0c4i2a7l6e8s6e1 HTTP/1.1" 200 200736 "-" "Mozilla/5.0 (Linux; Android 6.0.1; Nexus 5X Build/MMB29P) AppleWebKit/537.36 (KHTML, like Gecko) Chrome/151.0.7922.173 Mobile Safari/537.36 (compatible; GoogleOther)"
66.249.69.137 - - [25/Aug/2026:19:37:58 +0500] "GET /?r=u6n3d5e3r5t6a5k4i3n1g5 HTTP/1.1" 200 208515 "-" "Mozilla/5.0 (Linux; Android 6.0.1; Nexus 5X Build/MMB29P) AppleWebKit/537.36 (KHTML, like Gecko) Chrome/151.0.7922.173 Mobile Safari/537.36 (compatible; GoogleOther)"
66.249.69.137 - - [25/Aug/2026:19:38:39 +0500] "GET /?r=c9o2a0c9t2i5v3e2l7y74 HTTP/1.1" 200 199664 "-" "Mozilla/5.0 (Linux; Android 6.0.1; Nexus 5X Build/MMB29P) AppleWebKit/537.36 (KHTML, like Gecko) Chrome/151.0.7922.173 Mobile Safari/537.36 (compatible; GoogleOther)"
66.249.69.139 - - [25/Aug/2026:19:39:20 +0500] "GET /?r=g1a3n7g9e8463152 HTTP/1.1" 200 215381 "-" "Mozilla/5.0 (Linux; Android 6.0.1; Nexus 5X Build/MMB29P) AppleWebKit/537.36 (KHTML, like Gecko) Chrome/151.0.7922.173 Mobile Safari/537.36 (compatible; GoogleOther)"
66.249.69.138 - - [25/Aug/2026:19:40:01 +0500] "GET /?r=p9l2e1u3r1o1e3r5a7n2c9hiae HTTP/1.1" 200 207117 "-" "Mozilla/5.0 (Linux; Android 6.0.1; Nexus 5X Build/MMB29P) AppleWebKit/537.36 (KHTML, like Gecko) Chrome/151.0.7922.173 Mobile Safari/537.36 (compatible; GoogleOther)"
66.249.69.137 - - [25/Aug/2026:19:40:13 +0500] "GET /?r=s0m2o1l6d6r1y46231 HTTP/1.1" 200 212156 "-" "Mozilla/5.0 (Linux; Android 6.0.1; Nexus 5X Build/MMB29P) AppleWebKit/537.36 (KHTML, like Gecko) Chrome/151.0.7922.137 Mobile Safari/537.36 (compatible; Googlebot/2.1; +http://www.google.com/bot.html)"
66.249.69.137 - - [25/Aug/2026:19:40:45 +0500] "GET /?dornic/0195299290 HTTP/1.1" 508 288 "-" "Mozilla/5.0 (Linux; Android 6.0.1; Nexus 5X Build/MMB29P) AppleWebKit/537.36 (KHTML, like Gecko) Chrome/151.0.7922.173 Mobile Safari/537.36 (compatible; GoogleOther)"
66.249.69.139 - - [25/Aug/2026:19:41:24 +0500] "GET /?r=r5e8e6m9b5a0r8k7a8t3ion HTTP/1.1" 200 195753 "-" "Mozilla/5.0 (Linux; Android 6.0.1; Nexus 5X Build/MMB29P) AppleWebKit/537.36 (KHTML, like Gecko) Chrome/151.0.7922.173 Mobile Safari/537.36 (compatible; GoogleOther)"
66.249.69.138 - - [25/Aug/2026:19:42:03 +0500] "GET /?r=c6o7r2r6e8s7p5o0n2d7ency HTTP/1.1" 508 288 "-" "Mozilla/5.0 (Linux; Android 6.0.1; Nexus 5X Build/MMB29P) AppleWebKit/537.36 (KHTML, like Gecko) Chrome/151.0.7922.173 Mobile Safari/537.36 (compatible; GoogleOther)"
85.208.96.208 - - [25/Aug/2026:19:42:15 +0500] "GET /uz/?Command=NOOP&NewWebClient=1&start=20 HTTP/1.1" 508 288 "-" "Mozilla/5.0 (compatible; SemrushBot/7~bl; +http://www.semrush.com/bot.html)"
66.249.69.137 - - [25/Aug/2026:19:42:47 +0500] "GET /shops/interalveolar/w4h2i3r0r9y922038 HTTP/1.1" 200 209800 "-" "Mozilla/5.0 (Linux; Android 6.0.1; Nexus 5X Build/MMB29P) AppleWebKit/537.36 (KHTML, like Gecko) Chrome/151.0.7922.173 Mobile Safari/537.36 (compatible; GoogleOther)"
34.61.96.6 - - [25/Aug/2026:19:42:55 +0500] "GET /ru/news-rus?template=accessibility HTTP/1.1" 200 33649 "-" "Mozilla/5.0 (Macintosh; Intel Mac OS X 10_15_7) AppleWebKit/537.36 (KHTML, like Gecko) Chrome/120.0.0.0 Safari/537.36"
47.82.15.97 - - [25/Aug/2026:19:43:14 +0500] "GET /ru/officially-rus/tenders-rus?start=8&template=yoo_master2 HTTP/1.1" 200 63451 "-" "Mozilla/5.0 (Windows NT 10.0; Win64; x64) AppleWebKit/537.36 (KHTML, like Gecko) Chrome/146.0.0.0 Safari/537.36"
66.249.69.138 - - [25/Aug/2026:19:43:18 +0500] "GET /?r=a1f3t1e2r0n5o5t3e056 HTTP/1.1" 200 198977 "-" "Mozilla/5.0 (Linux; Android 6.0.1; Nexus 5X Build/MMB29P) AppleWebKit/537.36 (KHTML, like Gecko) Chrome/151.0.7922.173 Mobile Safari/537.36 (compatible; GoogleOther)"
66.249.69.138 - - [25/Aug/2026:19:43:26 +0500] "GET /shops/twostep/k6i2t4b7a1g128956 HTTP/1.1" 200 226159 "-" "Mozilla/5.0 (Linux; Android 6.0.1; Nexus 5X Build/MMB29P) AppleWebKit/537.36 (KHTML, like Gecko) Chrome/151.0.7922.173 Mobile Safari/537.36 (compatible; GoogleOther)"
66.249.69.137 - - [25/Aug/2026:19:43:32 +0500] "GET /?r=i2n2t2e3g6r1a4b4l6e59 HTTP/1.1" 200 219814 "-" "Mozilla/5.0 (Linux; Android 6.0.1; Nexus 5X Build/MMB29P) AppleWebKit/537.36 (KHTML, like Gecko) Chrome/151.0.7922.137 Mobile Safari/537.36 (compatible; Googlebot/2.1; +http://www.google.com/bot.html)"
66.249.69.139 - - [25/Aug/2026:19:44:06 +0500] "GET /shops/fortuna/s6u3b7s1t5i6t4u4t1i9o8nary HTTP/1.1" 200 206035 "-" "Mozilla/5.0 (Linux; Android 6.0.1; Nexus 5X Build/MMB29P) AppleWebKit/537.36 (KHTML, like Gecko) Chrome/151.0.7922.173 Mobile Safari/537.36 (compatible; GoogleOther)"
66.249.69.137 - - [25/Aug/2026:19:44:47 +0500] "GET /?r=h0y7g6r9o4m4e8t6r7y7 HTTP/1.1" 200 214669 "-" "Mozilla/5.0 (Linux; Android 6.0.1; Nexus 5X Build/MMB29P) AppleWebKit/537.36 (KHTML, like Gecko) Chrome/151.0.7922.173 Mobile Safari/537.36 (compatible; GoogleOther)"
66.249.69.139 - - [25/Aug/2026:19:45:28 +0500] "GET /?r=c3u1i7r9a2s8s5e1d341 HTTP/1.1" 200 213958 "-" "Mozilla/5.0 (Linux; Android 6.0.1; Nexus 5X Build/MMB29P) AppleWebKit/537.36 (KHTML, like Gecko) Chrome/151.0.7922.173 Mobile Safari/537.36 (compatible; GoogleOther)"
34.10.180.98 - - [25/Aug/2026:19:46:08 +0500] "GET /docs/reports/2019/balans-2-2-2019.xls HTTP/1.1" 200 88064 "-" "Mozilla/5.0 (Macintosh; Intel Mac OS X 10_15_7) AppleWebKit/537.36 (KHTML, like Gecko) Chrome/120.0.0.0 Safari/537.36"
66.249.69.138 - - [25/Aug/2026:19:46:10 +0500] "GET /offday/retiform/d4i4d0d6l0e066902 HTTP/1.1" 508 288 "-" "Mozilla/5.0 (Linux; Android 6.0.1; Nexus 5X Build/MMB29P) AppleWebKit/537.36 (KHTML, like Gecko) Chrome/151.0.7922.173 Mobile Safari/537.36 (compatible; GoogleOther)"
34.10.180.98 - - [25/Aug/2026:19:46:22 +0500] "GET /docs/2024/balans-2-2024-ej.pdf HTTP/1.1" 200 104354 "-" "Mozilla/5.0 (Macintosh; Intel Mac OS X 10_15_7) AppleWebKit/537.36 (KHTML, like Gecko) Chrome/120.0.0.0 Safari/537.36"
34.10.180.98 - - [25/Aug/2026:19:46:26 +0500] "GET /ru/facts-rus?start=30&template=accessibility HTTP/1.1" 508 288 "-" "Mozilla/5.0 (Macintosh; Intel Mac OS X 10_15_7) AppleWebKit/537.36 (KHTML, like Gecko) Chrome/120.0.0.0 Safari/537.36"
34.57.162.91 - - [25/Aug/2026:19:46:39 +0500] "GET /uz/about-org-uzb/strategy-uzb/10-uzbek?format=feed&type=rss HTTP/1.1" 508 288 "-" "Mozilla/5.0 (Macintosh; Intel Mac OS X 10_15_7) AppleWebKit/537.36 (KHTML, like Gecko) Chrome/120.0.0.0 Safari/537.36"
66.249.69.137 - - [25/Aug/2026:19:46:50 +0500] "GET /?r=t0h2a7l9a6m5o2p2h9o6r8a HTTP/1.1" 508 288 "-" "Mozilla/5.0 (Linux; Android 6.0.1; Nexus 5X Build/MMB29P) AppleWebKit/537.36 (KHTML, like Gecko) Chrome/151.0.7922.173 Mobile Safari/537.36 (compatible; GoogleOther)"
66.249.69.137 - - [25/Aug/2026:19:46:48 +0500] "GET /shops/solempne/p6i1k1e3m7a3n14733 HTTP/1.1" 200 199524 "-" "Mozilla/5.0 (Linux; Android 6.0.1; Nexus 5X Build/MMB29P) AppleWebKit/537.36 (KHTML, like Gecko) Chrome/151.0.7922.137 Mobile Safari/537.36 (compatible; Googlebot/2.1; +http://www.google.com/bot.html)"
34.57.162.91 - - [25/Aug/2026:19:47:28 +0500] "GET /uz/officially-uzb/norm-baza-uzb?template=accessibility HTTP/1.1" 508 288 "-" "Mozilla/5.0 (Macintosh; Intel Mac OS X 10_15_7) AppleWebKit/537.36 (KHTML, like Gecko) Chrome/120.0.0.0 Safari/537.36"
66.249.69.138 - - [25/Aug/2026:19:47:31 +0500] "GET /plodded/discase/24272094076 HTTP/1.1" 200 214587 "-" "Mozilla/5.0 (Linux; Android 6.0.1; Nexus 5X Build/MMB29P) AppleWebKit/537.36 (KHTML, like Gecko) Chrome/151.0.7922.173 Mobile Safari/537.36 (compatible; GoogleOther)"
34.10.180.98 - - [25/Aug/2026:19:47:51 +0500] "GET /ru/contacts-rus?template=accessibility HTTP/1.1" 508 288 "-" "Mozilla/5.0 (Macintosh; Intel Mac OS X 10_15_7) AppleWebKit/537.36 (KHTML, like Gecko) Chrome/120.0.0.0 Safari/537.36"
34.10.180.98 - - [25/Aug/2026:19:47:58 +0500] "GET /ru/info-for-shareholders-rus?start=10&template=accessibility HTTP/1.1" 200 33610 "-" "Mozilla/5.0 (Macintosh; Intel Mac OS X 10_15_7) AppleWebKit/537.36 (KHTML, like Gecko) Chrome/120.0.0.0 Safari/537.36"
66.249.69.139 - - [25/Aug/2026:19:48:11 +0500] "GET /?lossful/81466922527 HTTP/1.1" 200 183292 "-" "Mozilla/5.0 (Linux; Android 6.0.1; Nexus 5X Build/MMB29P) AppleWebKit/537.36 (KHTML, like Gecko) Chrome/151.0.7922.173 Mobile Safari/537.36 (compatible; GoogleOther)"
34.123.149.87 - - [25/Aug/2026:19:48:36 +0500] "GET /ru/dividends-rus?template=accessibility HTTP/1.1" 200 31107 "-" "Mozilla/5.0 (Macintosh; Intel Mac OS X 10_15_7) AppleWebKit/537.36 (KHTML, like Gecko) Chrome/120.0.0.0 Safari/537.36"
66.249.69.137 - - [25/Aug/2026:19:48:52 +0500] "GET /refait/synergism/42131496629 HTTP/1.1" 200 213258 "-" "Mozilla/5.0 (Linux; Android 6.0.1; Nexus 5X Build/MMB29P) AppleWebKit/537.36 (KHTML, like Gecko) Chrome/151.0.7922.173 Mobile Safari/537.36 (compatible; GoogleOther)"
85.208.96.203 - - [25/Aug/2026:19:49:08 +0500] "GET /ru/about-org-rus/strategy-rus/9-russian?start=50 HTTP/1.1" 200 65310 "-" "Mozilla/5.0 (compatible; SemrushBot/7~bl; +http://www.semrush.com/bot.html)"
66.249.69.137 - - [25/Aug/2026:19:49:33 +0500] "GET /?r=o6n3a2g1o1n489027 HTTP/1.1" 200 214177 "-" "Mozilla/5.0 (Linux; Android 6.0.1; Nexus 5X Build/MMB29P) AppleWebKit/537.36 (KHTML, like Gecko) Chrome/151.0.7922.173 Mobile Safari/537.36 (compatible; GoogleOther)"
66.249.69.139 - - [25/Aug/2026:19:50:14 +0500] "GET /?r=t2h1e0l9p2h6u9s6a81 HTTP/1.1" 508 288 "-" "Mozilla/5.0 (Linux; Android 6.0.1; Nexus 5X Build/MMB29P) AppleWebKit/537.36 (KHTML, like Gecko) Chrome/151.0.7922.173 Mobile Safari/537.36 (compatible; GoogleOther)"
66.249.69.137 - - [25/Aug/2026:19:49:57 +0500] "GET /?r=b2i6l5i1a1t9i1o0n96 HTTP/1.1" 200 207953 "-" "Mozilla/5.0 (Linux; Android 6.0.1; Nexus 5X Build/MMB29P) AppleWebKit/537.36 (KHTML, like Gecko) Chrome/151.0.7922.137 Mobile Safari/537.36 (compatible; Googlebot/2.1; +http://www.google.com/bot.html)"
66.249.69.137 - - [25/Aug/2026:19:50:47 +0500] "GET /regretting/mesne/63161145170 HTTP/1.1" 200 226171 "-" "Mozilla/5.0 (Linux; Android 6.0.1; Nexus 5X Build/MMB29P) AppleWebKit/537.36 (KHTML, like Gecko) Chrome/151.0.7922.173 Mobile Safari/537.36 (compatible; GoogleOther)"
85.208.96.210 - - [25/Aug/2026:19:51:04 +0500] "GET /uz/facts-uzb/58-03-emitentning-olij-boshqaruv-organi-tomonidan-qabul-qilingan-qarorlar-2 HTTP/1.1" 508 288 "-" "Mozilla/5.0 (compatible; SemrushBot/7~bl; +http://www.semrush.com/bot.html)"
40.160.252.52 - - [25/Aug/2026:19:50:57 +0500] "GET / HTTP/1.1" 301 - "-" "Mozilla/5.0 (Windows NT 10.0; Win64; x64) AppleWebKit/537.36 (KHTML, like Gecko) Chrome/131.0.0.0 Safari/537.36"
94.154.43.180 - - [25/Aug/2026:19:51:03 +0500] "GET /.env HTTP/1.1" 301 - "-" "Mozilla/5.0 (Windows NT 10.0; Win64; x64) AppleWebKit/537.36 (KHTML, like Gecko) Chrome/147.0.0.0 Safari/537.36"
66.249.69.138 - - [25/Aug/2026:19:51:08 +0500] "GET /?r=o9v7e1r7f9l5y5i5n0g5 HTTP/1.1" 200 208719 "-" "Mozilla/5.0 (Linux; Android 6.0.1; Nexus 5X Build/MMB29P) AppleWebKit/537.36 (KHTML, like Gecko) Chrome/151.0.7922.173 Mobile Safari/537.36 (compatible; GoogleOther)"
94.154.43.146 - - [25/Aug/2026:19:51:10 +0500] "GET /uz/.env HTTP/1.1" 404 1230 "-" "Mozilla/5.0 (Windows NT 10.0; Win64; x64) AppleWebKit/537.36 (KHTML, like Gecko) Chrome/147.0.0.0 Safari/537.36"
141.94.101.142 - - [25/Aug/2026:19:51:36 +0500] "GET /robots.txt HTTP/1.1" 200 111 "-" "Mozilla/5.0 (compatible; MJ12bot/v1.4.8; http://mj12bot.com/)"
66.249.69.137 - - [25/Aug/2026:19:51:36 +0500] "GET /shops/hendecasyllabic/t2h1e1r8m6o1j8u4n8c1t8ion HTTP/1.1" 508 288 "-" "Mozilla/5.0 (Linux; Android 6.0.1; Nexus 5X Build/MMB29P) AppleWebKit/537.36 (KHTML, like Gecko) Chrome/151.0.7922.173 Mobile Safari/537.36 (compatible; GoogleOther)"
141.94.101.142 - - [25/Aug/2026:19:51:39 +0500] "GET /ru/votes-rus/340-poll-02-04-2021 HTTP/1.1" 200 55762 "-" "Mozilla/5.0 (compatible; MJ12bot/v1.4.8; http://mj12bot.com/)"
141.94.101.142 - - [25/Aug/2026:19:52:04 +0500] "GET /uz/?3x=3x&start=48 HTTP/1.1" 200 68723 "-" "Mozilla/5.0 (compatible; MJ12bot/v1.4.8; http://mj12bot.com/)"
141.94.101.142 - - [25/Aug/2026:19:52:18 +0500] "GET /uz/?3x=3x&start=8 HTTP/1.1" 200 67612 "-" "Mozilla/5.0 (compatible; MJ12bot/v1.4.8; http://mj12bot.com/)"
141.94.101.142 - - [25/Aug/2026:19:52:29 +0500] "GET /uz/?%60=f3u1c5k1e6d9u9p0460 HTTP/1.1" 200 68546 "-" "Mozilla/5.0 (compatible; MJ12bot/v1.4.8; http://mj12bot.com/)"
66.249.69.137 - - [25/Aug/2026:19:52:17 +0500] "GET /?r=k4a3b4a9l1a539305 HTTP/1.1" 200 205173 "-" "Mozilla/5.0 (Linux; Android 6.0.1; Nexus 5X Build/MMB29P) AppleWebKit/537.36 (KHTML, like Gecko) Chrome/151.0.7922.173 Mobile Safari/537.36 (compatible; GoogleOther)"
141.94.101.142 - - [25/Aug/2026:19:52:45 +0500] "GET /uz/?%60=f3u1c5k1e6d9u9p0460&start=32 HTTP/1.1" 200 68477 "-" "Mozilla/5.0 (compatible; MJ12bot/v1.4.8; http://mj12bot.com/)"
66.249.69.137 - - [25/Aug/2026:19:52:58 +0500] "GET /?r=s7o3f0t8l4i3n6g5902 HTTP/1.1" 200 206809 "-" "Mozilla/5.0 (Linux; Android 6.0.1; Nexus 5X Build/MMB29P) AppleWebKit/537.36 (KHTML, like Gecko) Chrome/151.0.7922.173 Mobile Safari/537.36 (compatible; GoogleOther)"
141.94.101.142 - - [25/Aug/2026:19:53:14 +0500] "GET /uz/?%60=f3u1c5k1e6d9u9p0460&start=52 HTTP/1.1" 508 288 "-" "Mozilla/5.0 (compatible; MJ12bot/v1.4.8; http://mj12bot.com/)"
66.249.69.137 - - [25/Aug/2026:19:53:14 +0500] "GET /?r=g5a4r2m0e9n8t4u5r8e46 HTTP/1.1" 508 288 "-" "Mozilla/5.0 (Linux; Android 6.0.1; Nexus 5X Build/MMB29P) AppleWebKit/537.36 (KHTML, like Gecko) Chrome/151.0.7922.137 Mobile Safari/537.36 (compatible; Googlebot/2.1; +http://www.google.com/bot.html)"
141.94.101.142 - - [25/Aug/2026:19:53:22 +0500] "GET /uz/?author=1 HTTP/1.1" 508 288 "-" "Mozilla/5.0 (compatible; MJ12bot/v1.4.8; http://mj12bot.com/)"
141.94.101.142 - - [25/Aug/2026:19:53:25 +0500] "GET /uz/?author=19&start=48 HTTP/1.1" 508 288 "-" "Mozilla/5.0 (compatible; MJ12bot/v1.4.8; http://mj12bot.com/)"
66.249.69.137 - - [25/Aug/2026:19:53:39 +0500] "GET /?seatless/6390925229 HTTP/1.1" 508 288 "-" "Mozilla/5.0 (Linux; Android 6.0.1; Nexus 5X Build/MMB29P) AppleWebKit/537.36 (KHTML, like Gecko) Chrome/151.0.7922.173 Mobile Safari/537.36 (compatible; GoogleOther)"
34.30.223.149 - - [25/Aug/2026:19:53:40 +0500] "GET /uz/dividends-uzb?format=feed&template=accessibility&type=atom HTTP/1.1" 508 288 "-" "Mozilla/5.0 (Macintosh; Intel Mac OS X 10_15_7) AppleWebKit/537.36 (KHTML, like Gecko) Chrome/120.0.0.0 Safari/537.36"
141.94.101.142 - - [25/Aug/2026:19:53:36 +0500] "GET /uz/?function=call_user_func_array&s=index/think%5C%5C%5C%5Capp/invokefunction&vars[0]=phpinfo&vars[1][0]=1&start=12 HTTP/1.1" 200 68645 "-" "Mozilla/5.0 (compatible; MJ12bot/v1.4.8; http://mj12bot.com/)"
141.94.101.142 - - [25/Aug/2026:19:53:47 +0500] "GET /uz/?function=call_user_func_array&s=index/think%5C%5C%5C%5Capp/invokefunction&vars[0]=phpinfo&vars[1][0]=1&start=16 HTTP/1.1" 508 288 "-" "Mozilla/5.0 (compatible; MJ12bot/v1.4.8; http://mj12bot.com/)"
141.94.101.142 - - [25/Aug/2026:19:53:51 +0500] "GET /uz/?function=call_user_func_array&s=index/think%5C%5C%5C%5Capp/invokefunction&vars[0]=phpinfo&vars[1][0]=1&start=20 HTTP/1.1" 508 288 "-" "Mozilla/5.0 (compatible; MJ12bot/v1.4.8; http://mj12bot.com/)"
66.249.69.138 - - [25/Aug/2026:19:54:29 +0500] "GET /shops/worder/t9r3i1l3l9e1d68917 HTTP/1.1" 508 288 "-" "Mozilla/5.0 (Linux; Android 6.0.1; Nexus 5X Build/MMB29P) AppleWebKit/537.36 (KHTML, like Gecko) Chrome/151.0.7922.173 Mobile Safari/537.36 (compatible; GoogleOther)"
141.94.101.142 - - [25/Aug/2026:19:54:23 +0500] "GET /uz/?phpinfo=16arSsAYV&start=40 HTTP/1.1" 200 68601 "-" "Mozilla/5.0 (compatible; MJ12bot/v1.4.8; http://mj12bot.com/)"
141.94.101.142 - - [25/Aug/2026:19:54:33 +0500] "GET /uz/?phpinfo=16arSsAYV&start=44 HTTP/1.1" 200 69713 "-" "Mozilla/5.0 (compatible; MJ12bot/v1.4.8; http://mj12bot.com/)"
141.94.101.142 - - [25/Aug/2026:19:54:44 +0500] "GET /uz/?phpinfo=16arSsAYV&start=48 HTTP/1.1" 508 288 "-" "Mozilla/5.0 (compatible; MJ12bot/v1.4.8; http://mj12bot.com/)"
141.94.101.142 - - [25/Aug/2026:19:54:47 +0500] "GET /uz/?r=a9c4c1e0p9t4i0n0g44 HTTP/1.1" 508 288 "-" "Mozilla/5.0 (compatible; MJ12bot/v1.4.8; http://mj12bot.com/)"
34.10.180.98 - - [25/Aug/2026:19:54:47 +0500] "GET /ru/about-org-rus/indexes-rus?format=feed&template=accessibility&type=rss HTTP/1.1" 200 22023 "-" "Mozilla/5.0 (Macintosh; Intel Mac OS X 10_15_7) AppleWebKit/537.36 (KHTML, like Gecko) Chrome/120.0.0.0 Safari/537.36"
141.94.101.142 - - [25/Aug/2026:19:54:56 +0500] "GET /uz/?r=a9c4c1e0p9t4i0n0g44&start=16 HTTP/1.1" 508 288 "-" "Mozilla/5.0 (compatible; MJ12bot/v1.4.8; http://mj12bot.com/)"
141.94.101.142 - - [25/Aug/2026:19:54:59 +0500] "GET /uz/?r=a9c4c1e0p9t4i0n0g44&start=20 HTTP/1.1" 508 288 "-" "Mozilla/5.0 (compatible; MJ12bot/v1.4.8; http://mj12bot.com/)"
141.94.101.142 - - [25/Aug/2026:19:55:14 +0500] "GET /uz/?r=a9c4c1e0p9t4i0n0g44&start=24 HTTP/1.1" 200 68149 "-" "Mozilla/5.0 (compatible; MJ12bot/v1.4.8; http://mj12bot.com/)"
66.249.69.137 - - [25/Aug/2026:19:55:38 +0500] "GET /?r=r9i4g7o4r1o5u6s7n0e0ss HTTP/1.1" 200 214782 "-" "Mozilla/5.0 (Linux; Android 6.0.1; Nexus 5X Build/MMB29P) AppleWebKit/537.36 (KHTML, like Gecko) Chrome/151.0.7922.173 Mobile Safari/537.36 (compatible; GoogleOther)"
141.94.101.142 - - [25/Aug/2026:19:55:38 +0500] "GET /uz/?r=a9c4c1e0p9t4i0n0g44&start=28 HTTP/1.1" 200 68470 "-" "Mozilla/5.0 (compatible; MJ12bot/v1.4.8; http://mj12bot.com/)"
141.94.101.142 - - [25/Aug/2026:19:56:02 +0500] "GET /uz/?r=c9h1a4t4e8a7u3b2r5i7a5nd&start=28 HTTP/1.1" 508 288 "-" "Mozilla/5.0 (compatible; MJ12bot/v1.4.8; http://mj12bot.com/)"
66.249.69.137 - - [25/Aug/2026:19:56:00 +0500] "GET /?r=o9f3t7e9n0e9r31825 HTTP/1.1" 200 199265 "-" "Mozilla/5.0 (Linux; Android 6.0.1; Nexus 5X Build/MMB29P) AppleWebKit/537.36 (KHTML, like Gecko) Chrome/151.0.7922.173 Mobile Safari/537.36 (compatible; GoogleOther)"
141.94.101.142 - - [25/Aug/2026:19:56:16 +0500] "GET /uz/?r=c9h1a4t4e8a7u3b2r5i7a5nd&start=32 HTTP/1.1" 200 68480 "-" "Mozilla/5.0 (compatible; MJ12bot/v1.4.8; http://mj12bot.com/)"
66.249.69.137 - - [25/Aug/2026:19:56:24 +0500] "GET /?r=e6x6c0e1l5l4e9d567 HTTP/1.1" 508 288 "-" "Mozilla/5.0 (Linux; Android 6.0.1; Nexus 5X Build/MMB29P) AppleWebKit/537.36 (KHTML, like Gecko) Chrome/151.0.7922.173 Mobile Safari/537.36 (compatible; GoogleOther)"
66.249.69.137 - - [25/Aug/2026:19:56:28 +0500] "GET /?r=s9p1i5l7t8267280 HTTP/1.1" 508 288 "-" "Mozilla/5.0 (Linux; Android 6.0.1; Nexus 5X Build/MMB29P) AppleWebKit/537.36 (KHTML, like Gecko) Chrome/151.0.7922.137 Mobile Safari/537.36 (compatible; Googlebot/2.1; +http://www.google.com/bot.html)"
141.94.101.142 - - [25/Aug/2026:19:56:29 +0500] "GET /robots.txt HTTP/1.1" 200 111 "-" "Mozilla/5.0 (compatible; MJ12bot/v1.4.8; http://mj12bot.com/)"
141.94.101.142 - - [25/Aug/2026:19:56:27 +0500] "GET /uz/?r=d4a2u6p2h5i7n94338 HTTP/1.1" 200 68543 "-" "Mozilla/5.0 (compatible; MJ12bot/v1.4.8; http://mj12bot.com/)"
141.94.101.142 - - [25/Aug/2026:19:56:32 +0500] "GET /ru/votes-rus/340-poll-02-04-2021 HTTP/1.1" 200 55352 "-" "Mozilla/5.0 (compatible; MJ12bot/v1.4.8; http://mj12bot.com/)"
141.94.101.142 - - [25/Aug/2026:19:56:42 +0500] "GET /uz/?r=d4a2u6p2h5i7n94338&format=feed&type=rss HTTP/1.1" 200 6004 "-" "Mozilla/5.0 (compatible; MJ12bot/v1.4.8; http://mj12bot.com/)"
141.94.101.142 - - [25/Aug/2026:19:56:49 +0500] "GET /uz/?3x=3x&start=48 HTTP/1.1" 200 68723 "-" "Mozilla/5.0 (compatible; MJ12bot/v1.4.8; http://mj12bot.com/)"
141.94.101.142 - - [25/Aug/2026:19:57:04 +0500] "GET /uz/?r=d4a2u6p2h5i7n94338&start=28 HTTP/1.1" 508 288 "-" "Mozilla/5.0 (compatible; MJ12bot/v1.4.8; http://mj12bot.com/)"
141.94.101.142 - - [25/Aug/2026:19:57:00 +0500] "GET /uz/?3x=3x&start=8 HTTP/1.1" 200 67612 "-" "Mozilla/5.0 (compatible; MJ12bot/v1.4.8; http://mj12bot.com/)"
66.249.69.138 - - [25/Aug/2026:19:57:03 +0500] "GET /?r=p0a3r1e3n7e7t5i9c063 HTTP/1.1" 200 226616 "-" "Mozilla/5.0 (Linux; Android 6.0.1; Nexus 5X Build/MMB29P) AppleWebKit/537.36 (KHTML, like Gecko) Chrome/151.0.7922.173 Mobile Safari/537.36 (compatible; GoogleOther)"
141.94.101.142 - - [25/Aug/2026:19:57:11 +0500] "GET /uz/?%60=f3u1c5k1e6d9u9p0460 HTTP/1.1" 200 68546 "-" "Mozilla/5.0 (compatible; MJ12bot/v1.4.8; http://mj12bot.com/)"
141.94.101.142 - - [25/Aug/2026:19:57:19 +0500] "GET /uz/?r=d4a2u6p2h5i7n94338&start=32 HTTP/1.1" 508 288 "-" "Mozilla/5.0 (compatible; MJ12bot/v1.4.8; http://mj12bot.com/)"
141.94.101.142 - - [25/Aug/2026:19:57:31 +0500] "GET /uz/?%60=f3u1c5k1e6d9u9p0460&start=32 HTTP/1.1" 200 68477 "-" "Mozilla/5.0 (compatible; MJ12bot/v1.4.8; http://mj12bot.com/)"
66.249.69.137 - - [25/Aug/2026:19:57:47 +0500] "GET /?r=p2u1n1g3y4006794 HTTP/1.1" 200 210605 "-" "Mozilla/5.0 (Linux; Android 6.0.1; Nexus 5X Build/MMB29P) AppleWebKit/537.36 (KHTML, like Gecko) Chrome/151.0.7922.173 Mobile Safari/537.36 (compatible; GoogleOther)"
141.94.101.142 - - [25/Aug/2026:19:57:55 +0500] "GET /uz/?r=e9x3t7r6e3m2i3t7y235&start=16 HTTP/1.1" 200 68822 "-" "Mozilla/5.0 (compatible; MJ12bot/v1.4.8; http://mj12bot.com/)"
141.94.101.142 - - [25/Aug/2026:19:57:56 +0500] "GET /uz/?%60=f3u1c5k1e6d9u9p0460&start=52 HTTP/1.1" 200 69211 "-" "Mozilla/5.0 (compatible; MJ12bot/v1.4.8; http://mj12bot.com/)"
141.94.101.142 - - [25/Aug/2026:19:58:16 +0500] "GET /uz/?r=h9a4r0d9w9o1n59294&start=16 HTTP/1.1" 200 68820 "-" "Mozilla/5.0 (compatible; MJ12bot/v1.4.8; http://mj12bot.com/)"
141.94.101.142 - - [25/Aug/2026:19:58:17 +0500] "GET /uz/?author=1 HTTP/1.1" 200 68531 "-" "Mozilla/5.0 (compatible; MJ12bot/v1.4.8; http://mj12bot.com/)"
141.94.101.142 - - [25/Aug/2026:19:58:29 +0500] "GET /uz/?author=19&start=48 HTTP/1.1" 508 288 "-" "Mozilla/5.0 (compatible; MJ12bot/v1.4.8; http://mj12bot.com/)"
66.249.69.138 - - [25/Aug/2026:19:58:25 +0500] "GET /?r=a0l1m5a3c7a6n4t8a2r71 HTTP/1.1" 200 195086 "-" "Mozilla/5.0 (Linux; Android 6.0.1; Nexus 5X Build/MMB29P) AppleWebKit/537.36 (KHTML, like Gecko) Chrome/151.0.7922.173 Mobile Safari/537.36 (compatible; GoogleOther)"
141.94.101.142 - - [25/Aug/2026:19:58:32 +0500] "GET /uz/?r=p4o3p8e1l1o4t4e8305&start=8 HTTP/1.1" 200 67628 "-" "Mozilla/5.0 (compatible; MJ12bot/v1.4.8; http://mj12bot.com/)"
141.94.101.142 - - [25/Aug/2026:19:58:42 +0500] "GET /uz/?r=p9o3l1y2s8t5o0m9e78&format=feed&type=atom HTTP/1.1" 200 9200 "-" "Mozilla/5.0 (compatible; MJ12bot/v1.4.8; http://mj12bot.com/)"
141.94.101.142 - - [25/Aug/2026:19:58:46 +0500] "GET /uz/?function=call_user_func_array&s=index/think%5C%5C%5C%5Capp/invokefunction&vars[0]=phpinfo&vars[1][0]=1&start=12 HTTP/1.1" 200 68645 "-" "Mozilla/5.0 (compatible; MJ12bot/v1.4.8; http://mj12bot.com/)"
141.94.101.142 - - [25/Aug/2026:19:58:52 +0500] "GET /uz/?r=p9o3l1y2s8t5o0m9e78&format=feed&type=rss HTTP/1.1" 200 6005 "-" "Mozilla/5.0 (compatible; MJ12bot/v1.4.8; http://mj12bot.com/)"
141.94.101.142 - - [25/Aug/2026:19:58:58 +0500] "GET /uz/?function=call_user_func_array&s=index/think%5C%5C%5C%5Capp/invokefunction&vars[0]=phpinfo&vars[1][0]=1&start=16 HTTP/1.1" 200 68914 "-" "Mozilla/5.0 (compatible; MJ12bot/v1.4.8; http://mj12bot.com/)"
141.94.101.142 - - [25/Aug/2026:19:59:02 +0500] "GET /uz/?r=p9o3l1y2s8t5o0m9e78&start=12 HTTP/1.1" 200 68552 "-" "Mozilla/5.0 (compatible; MJ12bot/v1.4.8; http://mj12bot.com/)"
66.249.69.139 - - [25/Aug/2026:19:59:06 +0500] "GET /?r=m0e7n9i5n8g4e5s419 HTTP/1.1" 200 199340 "-" "Mozilla/5.0 (Linux; Android 6.0.1; Nexus 5X Build/MMB29P) AppleWebKit/537.36 (KHTML, like Gecko) Chrome/151.0.7922.173 Mobile Safari/537.36 (compatible; GoogleOther)"
141.94.101.142 - - [25/Aug/2026:19:59:09 +0500] "GET /uz/?function=call_user_func_array&s=index/think%5C%5C%5C%5Capp/invokefunction&vars[0]=phpinfo&vars[1][0]=1&start=20 HTTP/1.1" 200 68405 "-" "Mozilla/5.0 (compatible; MJ12bot/v1.4.8; http://mj12bot.com/)"
141.94.101.142 - - [25/Aug/2026:19:59:13 +0500] "GET /uz/?r=p9o3l1y2s8t5o0m9e78&start=4 HTTP/1.1" 200 68057 "-" "Mozilla/5.0 (compatible; MJ12bot/v1.4.8; http://mj12bot.com/)"
141.94.101.142 - - [25/Aug/2026:19:59:22 +0500] "GET /uz/?r=p9o3l1y2s8t5o0m9e78&start=52 HTTP/1.1" 200 69209 "-" "Mozilla/5.0 (compatible; MJ12bot/v1.4.8; http://mj12bot.com/)"
141.94.101.142 - - [25/Aug/2026:19:59:30 +0500] "GET /uz/?phpinfo=16arSsAYV&start=40 HTTP/1.1" 200 69985 "-" "Mozilla/5.0 (compatible; MJ12bot/v1.4.8; http://mj12bot.com/)"
