66.249.69.137 - - [25/Aug/2026:20:50:24 +0500] "GET /?r=m6e8t9a6s2t6e3r4n4a2l HTTP/1.1" 200 198493 "-" "Mozilla/5.0 (Linux; Android 6.0.1; Nexus 5X Build/MMB29P) AppleWebKit/537.36 (KHTML, like Gecko) Chrome/151.0.7922.173 Mobile Safari/537.36 (compatible; Googlebot/2.1; +http://www.google.com/bot.html)"
34.56.53.225 - - [25/Aug/2026:20:50:49 +0500] "GET /docs/reports/2019/kpe-3-2019-ej.doc HTTP/1.1" 200 42496 "-" "Mozilla/5.0 (Macintosh; Intel Mac OS X 10_15_7) AppleWebKit/537.36 (KHTML, like Gecko) Chrome/120.0.0.0 Safari/537.36"
66.249.69.137 - - [25/Aug/2026:20:50:55 +0500] "GET /?r=t4o9r5o6s9i4t1y713 HTTP/1.1" 508 288 "-" "Mozilla/5.0 (Linux; Android 6.0.1; Nexus 5X Build/MMB29P) AppleWebKit/537.36 (KHTML, like Gecko) Chrome/151.0.7922.173 Mobile Safari/537.36 (compatible; GoogleOther)"
66.249.69.138 - - [25/Aug/2026:20:51:36 +0500] "GET /shops/canopes/p9i5e8r0i7s02779 HTTP/1.1" 508 288 "-" "Mozilla/5.0 (Linux; Android 6.0.1; Nexus 5X Build/MMB29P) AppleWebKit/537.36 (KHTML, like Gecko) Chrome/151.0.7922.173 Mobile Safari/537.36 (compatible; GoogleOther)"
34.61.96.6 - - [25/Aug/2026:20:51:53 +0500] "GET /uz/contacts-uzb HTTP/1.1" 508 288 "-" "Mozilla/5.0 (Macintosh; Intel Mac OS X 10_15_7) AppleWebKit/537.36 (KHTML, like Gecko) Chrome/120.0.0.0 Safari/537.36"
85.208.96.196 - - [25/Aug/2026:20:52:13 +0500] "GET /uz/?amp%3Bstart=48&start=12&vars%5B1%5D%5B0%5D=1 HTTP/1.1" 508 288 "-" "Mozilla/5.0 (compatible; SemrushBot/7~bl; +http://www.semrush.com/bot.html)"
66.249.69.137 - - [25/Aug/2026:20:52:19 +0500] "GET /?r=a4m1a9n1d5i7n2e9102 HTTP/1.1" 200 211800 "-" "Mozilla/5.0 (Linux; Android 6.0.1; Nexus 5X Build/MMB29P) AppleWebKit/537.36 (KHTML, like Gecko) Chrome/151.0.7922.173 Mobile Safari/537.36 (compatible; GoogleOther)"
35.254.159.230 - - [25/Aug/2026:20:52:44 +0500] "GET /ru/component/search/?Itemid=161&catid=25&format=opensearch&id=454 HTTP/1.1" 508 288 "-" "Mozilla/5.0 (Macintosh; Intel Mac OS X 10_15_7) AppleWebKit/537.36 (KHTML, like Gecko) Chrome/120.0.0.0 Safari/537.36"
66.249.69.137 - - [25/Aug/2026:20:52:58 +0500] "GET /?r=h9o4s2t5i3l8i5t3i2e8s9 HTTP/1.1" 200 212538 "-" "Mozilla/5.0 (Linux; Android 6.0.1; Nexus 5X Build/MMB29P) AppleWebKit/537.36 (KHTML, like Gecko) Chrome/151.0.7922.173 Mobile Safari/537.36 (compatible; GoogleOther)"
66.249.69.137 - - [25/Aug/2026:20:53:40 +0500] "GET /?r=e1x2o3p4t8a9b5l9e911 HTTP/1.1" 508 288 "-" "Mozilla/5.0 (Linux; Android 6.0.1; Nexus 5X Build/MMB29P) AppleWebKit/537.36 (KHTML, like Gecko) Chrome/151.0.7922.173 Mobile Safari/537.36 (compatible; Googlebot/2.1; +http://www.google.com/bot.html)"
66.249.69.137 - - [25/Aug/2026:20:53:39 +0500] "GET /shops/fretfulness/m0a2n9n7i6t4o0l7352 HTTP/1.1" 200 201401 "-" "Mozilla/5.0 (Linux; Android 6.0.1; Nexus 5X Build/MMB29P) AppleWebKit/537.36 (KHTML, like Gecko) Chrome/151.0.7922.173 Mobile Safari/537.36 (compatible; GoogleOther)"
66.249.69.138 - - [25/Aug/2026:20:54:20 +0500] "GET /?blackamoor/93102850126 HTTP/1.1" 508 288 "-" "Mozilla/5.0 (Linux; Android 6.0.1; Nexus 5X Build/MMB29P) AppleWebKit/537.36 (KHTML, like Gecko) Chrome/151.0.7922.173 Mobile Safari/537.36 (compatible; GoogleOther)"
66.249.69.138 - - [25/Aug/2026:20:55:01 +0500] "GET /?r=c5o3s8t4o7t0o5m1e262 HTTP/1.1" 200 194221 "-" "Mozilla/5.0 (Linux; Android 6.0.1; Nexus 5X Build/MMB29P) AppleWebKit/537.36 (KHTML, like Gecko) Chrome/151.0.7922.173 Mobile Safari/537.36 (compatible; GoogleOther)"
66.249.69.138 - - [25/Aug/2026:20:55:42 +0500] "GET /shops/laboured/c7a6t5a9c2o5l7a67 HTTP/1.1" 200 214032 "-" "Mozilla/5.0 (Linux; Android 6.0.1; Nexus 5X Build/MMB29P) AppleWebKit/537.36 (KHTML, like Gecko) Chrome/151.0.7922.173 Mobile Safari/537.36 (compatible; GoogleOther)"
34.56.53.225 - - [25/Aug/2026:20:56:02 +0500] "GET /ru/officially-rus/tenders-rus/358-vacancy-director-2022-uzb HTTP/1.1" 200 56215 "-" "Mozilla/5.0 (Macintosh; Intel Mac OS X 10_15_7) AppleWebKit/537.36 (KHTML, like Gecko) Chrome/120.0.0.0 Safari/537.36"
66.249.69.138 - - [25/Aug/2026:20:56:22 +0500] "GET /squirming/deploredness/11321102138 HTTP/1.1" 200 195824 "-" "Mozilla/5.0 (Linux; Android 6.0.1; Nexus 5X Build/MMB29P) AppleWebKit/537.36 (KHTML, like Gecko) Chrome/151.0.7922.173 Mobile Safari/537.36 (compatible; GoogleOther)"
34.171.68.95 - - [25/Aug/2026:20:56:35 +0500] "GET /uz/korp-upr-uzb/487-korp-2025-pdf HTTP/1.1" 200 56536 "-" "Mozilla/5.0 (Macintosh; Intel Mac OS X 10_15_7) AppleWebKit/537.36 (KHTML, like Gecko) Chrome/120.0.0.0 Safari/537.36"
85.208.96.210 - - [25/Aug/2026:20:56:52 +0500] "GET /uz/?Command=NOOP&NewWebClient=1&start=16 HTTP/1.1" 508 288 "-" "Mozilla/5.0 (compatible; SemrushBot/7~bl; +http://www.semrush.com/bot.html)"
66.249.69.137 - - [25/Aug/2026:20:57:03 +0500] "GET /anticonvulsive/orbicella/13270961497 HTTP/1.1" 200 181005 "-" "Mozilla/5.0 (Linux; Android 6.0.1; Nexus 5X Build/MMB29P) AppleWebKit/537.36 (KHTML, like Gecko) Chrome/151.0.7922.173 Mobile Safari/537.36 (compatible; GoogleOther)"
66.249.69.137 - - [25/Aug/2026:20:57:47 +0500] "GET /shops/kiddow/f8l8y7b5l9o3w2534 HTTP/1.1" 200 189633 "-" "Mozilla/5.0 (Linux; Android 6.0.1; Nexus 5X Build/MMB29P) AppleWebKit/537.36 (KHTML, like Gecko) Chrome/151.0.7922.173 Mobile Safari/537.36 (compatible; GoogleOther)"
66.249.69.137 - - [25/Aug/2026:20:58:25 +0500] "GET /?r=u1m6b7l2e339580 HTTP/1.1" 200 199318 "-" "Mozilla/5.0 (Linux; Android 6.0.1; Nexus 5X Build/MMB29P) AppleWebKit/537.36 (KHTML, like Gecko) Chrome/151.0.7922.173 Mobile Safari/537.36 (compatible; GoogleOther)"
34.123.149.87 - - [25/Aug/2026:20:58:57 +0500] "GET /ru/facts-rus?start=75&template=accessibility HTTP/1.1" 200 37023 "-" "Mozilla/5.0 (Macintosh; Intel Mac OS X 10_15_7) AppleWebKit/537.36 (KHTML, like Gecko) Chrome/120.0.0.0 Safari/537.36"
157.55.39.48 - - [25/Aug/2026:20:59:06 +0500] "GET /uz/?destination=node&q=node&start=44 HTTP/1.1" 200 197496 "-" "Mozilla/5.0 AppleWebKit/537.36 (KHTML, like Gecko; compatible; bingbot/2.0; +http://www.bing.com/bingbot.htm) Chrome/116.0.1938.76 Safari/537.36"
66.249.69.139 - - [25/Aug/2026:20:59:06 +0500] "GET /cravened/f0o1r0b8a4r0e66990 HTTP/1.1" 200 213065 "-" "Mozilla/5.0 (Linux; Android 6.0.1; Nexus 5X Build/MMB29P) AppleWebKit/537.36 (KHTML, like Gecko) Chrome/151.0.7922.173 Mobile Safari/537.36 (compatible; GoogleOther)"
66.249.69.137 - - [25/Aug/2026:20:59:29 +0500] "GET /?r=j8e3r5v5i9n2e45858 HTTP/1.1" 200 190098 "-" "Mozilla/5.0 (Linux; Android 6.0.1; Nexus 5X Build/MMB29P) AppleWebKit/537.36 (KHTML, like Gecko) Chrome/151.0.7922.173 Mobile Safari/537.36 (compatible; GoogleOther)"
66.249.69.137 - - [25/Aug/2026:20:59:49 +0500] "GET /shops/aspish/v6e4r2t1e7b6r1a3t9e30 HTTP/1.1" 508 288 "-" "Mozilla/5.0 (Linux; Android 6.0.1; Nexus 5X Build/MMB29P) AppleWebKit/537.36 (KHTML, like Gecko) Chrome/151.0.7922.173 Mobile Safari/537.36 (compatible; GoogleOther)"
66.249.69.138 - - [25/Aug/2026:21:00:11 +0500] "GET /?r=b1e1g3o0r1e347671 HTTP/1.1" 200 202232 "-" "Mozilla/5.0 (Linux; Android 6.0.1; Nexus 5X Build/MMB29P) AppleWebKit/537.36 (KHTML, like Gecko) Chrome/151.0.7922.173 Mobile Safari/537.36 (compatible; Googlebot/2.1; +http://www.google.com/bot.html)"
66.249.69.137 - - [25/Aug/2026:21:00:28 +0500] "GET /phlogotic/congregate/03786066767 HTTP/1.1" 200 211703 "-" "Mozilla/5.0 (Linux; Android 6.0.1; Nexus 5X Build/MMB29P) AppleWebKit/537.36 (KHTML, like Gecko) Chrome/151.0.7922.173 Mobile Safari/537.36 (compatible; GoogleOther)"
66.249.69.137 - - [25/Aug/2026:21:01:09 +0500] "GET /nonprofessional/a0r2r8a2i0g4n7e9d705 HTTP/1.1" 200 213056 "-" "Mozilla/5.0 (Linux; Android 6.0.1; Nexus 5X Build/MMB29P) AppleWebKit/537.36 (KHTML, like Gecko) Chrome/151.0.7922.173 Mobile Safari/537.36 (compatible; GoogleOther)"
66.249.69.137 - - [25/Aug/2026:21:01:53 +0500] "GET /?r=u6n4c0o9m7m1i1t1t9e0d5 HTTP/1.1" 200 229287 "-" "Mozilla/5.0 (Linux; Android 6.0.1; Nexus 5X Build/MMB29P) AppleWebKit/537.36 (KHTML, like Gecko) Chrome/151.0.7922.173 Mobile Safari/537.36 (compatible; GoogleOther)"
47.128.116.37 - - [25/Aug/2026:21:02:27 +0500] "GET /robots.txt HTTP/1.1" 200 111 "-" "Mozilla/5.0 (Linux; Android 5.0) AppleWebKit/537.36 (KHTML, like Gecko) Mobile Safari/537.36 (compatible; Bytespider; spider-feedback@bytedance.com)"
66.249.69.138 - - [25/Aug/2026:21:02:31 +0500] "GET /devastating/magnes/42856679710 HTTP/1.1" 200 199700 "-" "Mozilla/5.0 (Linux; Android 6.0.1; Nexus 5X Build/MMB29P) AppleWebKit/537.36 (KHTML, like Gecko) Chrome/151.0.7922.173 Mobile Safari/537.36 (compatible; GoogleOther)"
66.249.69.138 - - [25/Aug/2026:21:03:11 +0500] "GET /shops/infoliate/s8o4a5k5e5r68997 HTTP/1.1" 200 188237 "-" "Mozilla/5.0 (Linux; Android 6.0.1; Nexus 5X Build/MMB29P) AppleWebKit/537.36 (KHTML, like Gecko) Chrome/151.0.7922.173 Mobile Safari/537.36 (compatible; GoogleOther)"
66.249.69.137 - - [25/Aug/2026:21:03:52 +0500] "GET /shops/entries/e0l3s2e7w9i4s6e7655 HTTP/1.1" 508 288 "-" "Mozilla/5.0 (Linux; Android 6.0.1; Nexus 5X Build/MMB29P) AppleWebKit/537.36 (KHTML, like Gecko) Chrome/151.0.7922.173 Mobile Safari/537.36 (compatible; GoogleOther)"
157.55.39.10 - - [25/Aug/2026:21:04:14 +0500] "GET /uz/?author=1 HTTP/1.1" 200 68370 "-" "Mozilla/5.0 AppleWebKit/537.36 (KHTML, like Gecko; compatible; bingbot/2.0; +http://www.bing.com/bingbot.htm) Chrome/116.0.1938.76 Safari/537.36"
66.249.69.137 - - [25/Aug/2026:21:04:33 +0500] "GET /frontier/i6n1a0c9q0u5a2i1n2t8a9nce HTTP/1.1" 508 288 "-" "Mozilla/5.0 (Linux; Android 6.0.1; Nexus 5X Build/MMB29P) AppleWebKit/537.36 (KHTML, like Gecko) Chrome/151.0.7922.173 Mobile Safari/537.36 (compatible; GoogleOther)"
66.249.69.137 - - [25/Aug/2026:21:05:14 +0500] "GET /?r=s4k4e2w1b5a5l1d7320 HTTP/1.1" 200 203129 "-" "Mozilla/5.0 (Linux; Android 6.0.1; Nexus 5X Build/MMB29P) AppleWebKit/537.36 (KHTML, like Gecko) Chrome/151.0.7922.173 Mobile Safari/537.36 (compatible; GoogleOther)"
66.249.69.137 - - [25/Aug/2026:21:05:45 +0500] "GET /?r=w9h7e2r0e3s2o8445 HTTP/1.1" 200 210627 "-" "Mozilla/5.0 (Linux; Android 6.0.1; Nexus 5X Build/MMB29P) AppleWebKit/537.36 (KHTML, like Gecko) Chrome/151.0.7922.173 Mobile Safari/537.36 (compatible; GoogleOther)"
66.249.69.137 - - [25/Aug/2026:21:05:57 +0500] "GET /?r=c4o2l5l6o9q0u9i1e5s05 HTTP/1.1" 200 197903 "-" "Mozilla/5.0 (Linux; Android 6.0.1; Nexus 5X Build/MMB29P) AppleWebKit/537.36 (KHTML, like Gecko) Chrome/151.0.7922.173 Mobile Safari/537.36 (compatible; GoogleOther)"
66.249.69.137 - - [25/Aug/2026:21:06:36 +0500] "GET /?r=e0u1c0a5l0y8n70724 HTTP/1.1" 200 210923 "-" "Mozilla/5.0 (Linux; Android 6.0.1; Nexus 5X Build/MMB29P) AppleWebKit/537.36 (KHTML, like Gecko) Chrome/151.0.7922.173 Mobile Safari/537.36 (compatible; GoogleOther)"
66.249.69.137 - - [25/Aug/2026:21:06:42 +0500] "GET /f/special/shuunou/ HTTP/1.1" 200 194615 "-" "Mozilla/5.0 (Linux; Android 6.0.1; Nexus 5X Build/MMB29P) AppleWebKit/537.36 (KHTML, like Gecko) Chrome/151.0.7922.173 Mobile Safari/537.36 (compatible; Googlebot/2.1; +http://www.google.com/bot.html)"
66.249.69.137 - - [25/Aug/2026:21:07:17 +0500] "GET /?emmarble/02516930380 HTTP/1.1" 200 211699 "-" "Mozilla/5.0 (Linux; Android 6.0.1; Nexus 5X Build/MMB29P) AppleWebKit/537.36 (KHTML, like Gecko) Chrome/151.0.7922.173 Mobile Safari/537.36 (compatible; GoogleOther)"
66.249.69.138 - - [25/Aug/2026:21:07:58 +0500] "GET /shops/moleskin/s0c1i5e8n5c0e98753 HTTP/1.1" 200 206437 "-" "Mozilla/5.0 (Linux; Android 6.0.1; Nexus 5X Build/MMB29P) AppleWebKit/537.36 (KHTML, like Gecko) Chrome/151.0.7922.173 Mobile Safari/537.36 (compatible; GoogleOther)"
34.10.180.98 - - [25/Aug/2026:21:08:26 +0500] "GET /uz/about-org-uzb/strategy-uzb/10-uzbek?start=20 HTTP/1.1" 200 66592 "-" "Mozilla/5.0 (Macintosh; Intel Mac OS X 10_15_7) AppleWebKit/537.36 (KHTML, like Gecko) Chrome/120.0.0.0 Safari/537.36"
185.191.171.15 - - [25/Aug/2026:21:08:30 +0500] "GET /uz/?rest_route=%2Fnotificationx%2Fv1%2Fanalytics&start=8 HTTP/1.1" 200 67815 "-" "Mozilla/5.0 (compatible; SemrushBot/7~bl; +http://www.semrush.com/bot.html)"
66.249.69.137 - - [25/Aug/2026:21:08:39 +0500] "GET /?envyned/61691270744 HTTP/1.1" 200 224783 "-" "Mozilla/5.0 (Linux; Android 6.0.1; Nexus 5X Build/MMB29P) AppleWebKit/537.36 (KHTML, like Gecko) Chrome/151.0.7922.173 Mobile Safari/537.36 (compatible; GoogleOther)"
66.249.69.137 - - [25/Aug/2026:21:09:20 +0500] "GET /?r=c9a3r4a6c4o2r3e2368 HTTP/1.1" 200 213516 "-" "Mozilla/5.0 (Linux; Android 6.0.1; Nexus 5X Build/MMB29P) AppleWebKit/537.36 (KHTML, like Gecko) Chrome/151.0.7922.173 Mobile Safari/537.36 (compatible; GoogleOther)"
94.154.43.135 - - [25/Aug/2026:21:09:32 +0500] "GET /.env HTTP/1.1" 301 - "-" "Mozilla/5.0 (Windows NT 10.0; Win64; x64) AppleWebKit/537.36 (KHTML, like Gecko) Chrome/147.0.0.0 Safari/537.36"
94.154.43.158 - - [25/Aug/2026:21:09:35 +0500] "GET /uz/.env HTTP/1.1" 404 1230 "-" "Mozilla/5.0 (Windows NT 10.0; Win64; x64) AppleWebKit/537.36 (KHTML, like Gecko) Chrome/147.0.0.0 Safari/537.36"
66.249.69.137 - - [25/Aug/2026:21:09:59 +0500] "GET /?r=c8l3a3i9m8e6r31404 HTTP/1.1" 200 203359 "-" "Mozilla/5.0 (Linux; Android 6.0.1; Nexus 5X Build/MMB29P) AppleWebKit/537.36 (KHTML, like Gecko) Chrome/151.0.7922.173 Mobile Safari/537.36 (compatible; Googlebot/2.1; +http://www.google.com/bot.html)"
66.249.69.138 - - [25/Aug/2026:21:10:01 +0500] "GET /?fieldtest/41847847351 HTTP/1.1" 200 217513 "-" "Mozilla/5.0 (Linux; Android 6.0.1; Nexus 5X Build/MMB29P) AppleWebKit/537.36 (KHTML, like Gecko) Chrome/151.0.7922.173 Mobile Safari/537.36 (compatible; GoogleOther)"
66.249.69.137 - - [25/Aug/2026:21:10:42 +0500] "GET /?r=c1a9l4l9o1s6a6n698 HTTP/1.1" 200 201138 "-" "Mozilla/5.0 (Linux; Android 6.0.1; Nexus 5X Build/MMB29P) AppleWebKit/537.36 (KHTML, like Gecko) Chrome/151.0.7922.173 Mobile Safari/537.36 (compatible; GoogleOther)"
66.249.69.138 - - [25/Aug/2026:21:11:22 +0500] "GET /shops/rhopalic/p0e2n1m4e9n698975 HTTP/1.1" 200 214116 "-" "Mozilla/5.0 (Linux; Android 6.0.1; Nexus 5X Build/MMB29P) AppleWebKit/537.36 (KHTML, like Gecko) Chrome/151.0.7922.173 Mobile Safari/537.36 (compatible; GoogleOther)"
66.249.69.138 - - [25/Aug/2026:21:12:03 +0500] "GET /shops/brickmaking/p6e3r2f0u8m4e9r070 HTTP/1.1" 200 202944 "-" "Mozilla/5.0 (Linux; Android 6.0.1; Nexus 5X Build/MMB29P) AppleWebKit/537.36 (KHTML, like Gecko) Chrome/151.0.7922.173 Mobile Safari/537.36 (compatible; GoogleOther)"
66.249.69.138 - - [25/Aug/2026:21:12:20 +0500] "GET /?r=h5i7g8h0a2n8d2m2i7g8hty HTTP/1.1" 200 199186 "-" "Mozilla/5.0 (Linux; Android 6.0.1; Nexus 5X Build/MMB29P) AppleWebKit/537.36 (KHTML, like Gecko) Chrome/151.0.7922.173 Mobile Safari/537.36 (compatible; GoogleOther)"
66.249.69.137 - - [25/Aug/2026:21:12:44 +0500] "GET /shops/nonexploratory/k3o2u3m2y3s9s8375 HTTP/1.1" 200 205544 "-" "Mozilla/5.0 (Linux; Android 6.0.1; Nexus 5X Build/MMB29P) AppleWebKit/537.36 (KHTML, like Gecko) Chrome/151.0.7922.173 Mobile Safari/537.36 (compatible; GoogleOther)"
162.83.113.42 - - [25/Aug/2026:21:13:07 +0500] "GET /robots.txt HTTP/1.1" 200 111 "-" "Mozilla/5.0 (Linux; Android 14; Pixel 8 Pro) AppleWebKit/537.36 (KHTML, like Gecko) EdgA/126.0.2592.68 Mobile Safari/537.36"
66.249.69.138 - - [25/Aug/2026:21:13:14 +0500] "GET /?r=h6e3r7a8c8l4e2u0m131 HTTP/1.1" 200 198733 "-" "Mozilla/5.0 (Linux; Android 6.0.1; Nexus 5X Build/MMB29P) AppleWebKit/537.36 (KHTML, like Gecko) Chrome/151.0.7922.173 Mobile Safari/537.36 (compatible; Googlebot/2.1; +http://www.google.com/bot.html)"
66.249.69.137 - - [25/Aug/2026:21:13:25 +0500] "GET /?r=h1a2u7s0t0e6l7l0u6m21 HTTP/1.1" 200 213105 "-" "Mozilla/5.0 (Linux; Android 6.0.1; Nexus 5X Build/MMB29P) AppleWebKit/537.36 (KHTML, like Gecko) Chrome/151.0.7922.173 Mobile Safari/537.36 (compatible; GoogleOther)"
185.191.171.10 - - [25/Aug/2026:21:14:05 +0500] "GET /robots.txt HTTP/1.1" 200 111 "-" "Mozilla/5.0 (compatible; SemrushBot/7~bl; +http://www.semrush.com/bot.html)"
135.181.213.219 - - [25/Aug/2026:21:14:05 +0500] "GET /robots.txt HTTP/1.1" 200 111 "-" "Mozilla/5.0 (compatible; MJ12bot/v1.4.8; http://mj12bot.com/)"
66.249.69.139 - - [25/Aug/2026:21:14:06 +0500] "GET /?consolida/44211709321 HTTP/1.1" 200 212593 "-" "Mozilla/5.0 (Linux; Android 6.0.1; Nexus 5X Build/MMB29P) AppleWebKit/537.36 (KHTML, like Gecko) Chrome/151.0.7922.173 Mobile Safari/537.36 (compatible; GoogleOther)"
85.208.96.202 - - [25/Aug/2026:21:14:06 +0500] "GET /uz/audit-uzb?start=10&template=yoo_master2 HTTP/1.1" 200 59272 "-" "Mozilla/5.0 (compatible; SemrushBot/7~bl; +http://www.semrush.com/bot.html)"
136.119.35.120 - - [25/Aug/2026:21:14:15 +0500] "GET /ru/about-org-rus/strategy-rus/324-bussiness-plan-2021-ru HTTP/1.1" 200 55577 "-" "Mozilla/5.0 (Macintosh; Intel Mac OS X 10_15_7) AppleWebKit/537.36 (KHTML, like Gecko) Chrome/120.0.0.0 Safari/537.36"
135.181.213.219 - - [25/Aug/2026:21:14:24 +0500] "GET /uz/?%60=f3u1c5k1e6d9u9p0460&start=12 HTTP/1.1" 200 68469 "-" "Mozilla/5.0 (compatible; MJ12bot/v1.4.8; http://mj12bot.com/)"
34.123.149.87 - - [25/Aug/2026:21:14:25 +0500] "GET /uz/korp-upr-uzb/441-corp-upr-rating-2020 HTTP/1.1" 200 56579 "-" "Mozilla/5.0 (Macintosh; Intel Mac OS X 10_15_7) AppleWebKit/537.36 (KHTML, like Gecko) Chrome/120.0.0.0 Safari/537.36"
135.181.213.219 - - [25/Aug/2026:21:14:32 +0500] "GET /uz/?amp;start=4&format=feed&type=rss HTTP/1.1" 200 5995 "-" "Mozilla/5.0 (compatible; MJ12bot/v1.4.8; http://mj12bot.com/)"
135.181.213.219 - - [25/Aug/2026:21:14:44 +0500] "GET /uz/?amp;start=4&start=40 HTTP/1.1" 200 68794 "-" "Mozilla/5.0 (compatible; MJ12bot/v1.4.8; http://mj12bot.com/)"
66.249.69.137 - - [25/Aug/2026:21:14:47 +0500] "GET /?r=s2c3o5w6l7e6d05519 HTTP/1.1" 200 213266 "-" "Mozilla/5.0 (Linux; Android 6.0.1; Nexus 5X Build/MMB29P) AppleWebKit/537.36 (KHTML, like Gecko) Chrome/151.0.7922.173 Mobile Safari/537.36 (compatible; GoogleOther)"
135.181.213.219 - - [25/Aug/2026:21:14:51 +0500] "GET /uz/?amp;start=4&start=44 HTTP/1.1" 200 69681 "-" "Mozilla/5.0 (compatible; MJ12bot/v1.4.8; http://mj12bot.com/)"
34.171.68.95 - - [25/Aug/2026:21:14:59 +0500] "GET /docs/anketa.doc HTTP/1.1" 200 35328 "-" "Mozilla/5.0 (Macintosh; Intel Mac OS X 10_15_7) AppleWebKit/537.36 (KHTML, like Gecko) Chrome/120.0.0.0 Safari/537.36"
135.181.213.219 - - [25/Aug/2026:21:14:58 +0500] "GET /uz/?amp;start=4&start=48 HTTP/1.1" 200 68856 "-" "Mozilla/5.0 (compatible; MJ12bot/v1.4.8; http://mj12bot.com/)"
135.181.213.219 - - [25/Aug/2026:21:15:05 +0500] "GET /uz/?author=16&start=40 HTTP/1.1" 200 68792 "-" "Mozilla/5.0 (compatible; MJ12bot/v1.4.8; http://mj12bot.com/)"
135.181.213.219 - - [25/Aug/2026:21:15:12 +0500] "GET /uz/?author=19&start=4 HTTP/1.1" 200 68036 "-" "Mozilla/5.0 (compatible; MJ12bot/v1.4.8; http://mj12bot.com/)"
135.181.213.219 - - [25/Aug/2026:21:15:22 +0500] "GET /uz/?function=call_user_func_array&s=index/think%5C%5C%5C%5C%5C%5C%5C%5C%5C%5C%5C%5C%5C%5C%5C%5C%5C%5C%5C%5C%5C%5C%5C%5C%5C%5C%5C%5C%5C%5C%5C%5C%5C%5C%5C%5C%5C%5C%5C%5C%5C%5C%5C%5C%5C%5C%5C%5C%5C%5C%5C%5C%5C%5C%5C%5C%5C%5C%5C%5C%5C%5C%5C%5Capp/invokefunction&vars[0]=phpinfo&vars[1][0]=1&start=32 HTTP/1.1" 200 68641 "-" "Mozilla/5.0 (compatible; MJ12bot/v1.4.8; http://mj12bot.com/)"
66.249.69.137 - - [25/Aug/2026:21:15:28 +0500] "GET /?r=g3l2o7o1m2i9e0s7t469 HTTP/1.1" 200 210346 "-" "Mozilla/5.0 (Linux; Android 6.0.1; Nexus 5X Build/MMB29P) AppleWebKit/537.36 (KHTML, like Gecko) Chrome/151.0.7922.173 Mobile Safari/537.36 (compatible; GoogleOther)"
135.181.213.219 - - [25/Aug/2026:21:15:31 +0500] "GET /uz/?function=call_user_func_array&s=index/think%5C%5C%5C%5Capp/invokefunction&vars[0]=phpinfo&vars[1][0]=1&start=8 HTTP/1.1" 200 67759 "-" "Mozilla/5.0 (compatible; MJ12bot/v1.4.8; http://mj12bot.com/)"
135.181.213.219 - - [25/Aug/2026:21:16:01 +0500] "GET /uz/?phpinfo=16arSsAYV&start=28 HTTP/1.1" 200 68589 "-" "Mozilla/5.0 (compatible; MJ12bot/v1.4.8; http://mj12bot.com/)"
66.249.69.137 - - [25/Aug/2026:21:16:09 +0500] "GET /shops/disrooted/a6m2b7r7o6s9i5a8n979 HTTP/1.1" 508 288 "-" "Mozilla/5.0 (Linux; Android 6.0.1; Nexus 5X Build/MMB29P) AppleWebKit/537.36 (KHTML, like Gecko) Chrome/151.0.7922.173 Mobile Safari/537.36 (compatible; GoogleOther)"
34.42.229.145 - - [25/Aug/2026:21:16:04 +0500] "GET /ru/info-for-shareholders-rus?start=20&template=accessibility HTTP/1.1" 200 29821 "-" "Mozilla/5.0 (Macintosh; Intel Mac OS X 10_15_7) AppleWebKit/537.36 (KHTML, like Gecko) Chrome/120.0.0.0 Safari/537.36"
135.181.213.219 - - [25/Aug/2026:21:16:11 +0500] "GET /uz/?phpinfo=16arSsAYV&start=32 HTTP/1.1" 200 68364 "-" "Mozilla/5.0 (compatible; MJ12bot/v1.4.8; http://mj12bot.com/)"
34.61.96.6 - - [25/Aug/2026:21:16:11 +0500] "GET /uz/news-uzb?start=12 HTTP/1.1" 200 62152 "-" "Mozilla/5.0 (Macintosh; Intel Mac OS X 10_15_7) AppleWebKit/537.36 (KHTML, like Gecko) Chrome/120.0.0.0 Safari/537.36"
32.193.60.53 - - [25/Aug/2026:21:16:36 +0500] "GET /robots.txt HTTP/1.1" 200 111 "-" "Mozilla/5.0 (Macintosh; Intel Mac OS X 10_10_1) AppleWebKit/600.2.5 (KHTML, like Gecko) Version/8.0.2 Safari/600.2.5 (Gort)"
135.181.213.219 - - [25/Aug/2026:21:16:35 +0500] "GET /uz/?r=b9e1w6i4g77349&format=feed&type=atom HTTP/1.1" 200 9195 "-" "Mozilla/5.0 (compatible; MJ12bot/v1.4.8; http://mj12bot.com/)"
135.181.213.219 - - [25/Aug/2026:21:16:47 +0500] "GET /uz/?r=b9e1w6i4g77349&format=feed&type=rss HTTP/1.1" 508 288 "-" "Mozilla/5.0 (compatible; MJ12bot/v1.4.8; http://mj12bot.com/)"
66.249.69.138 - - [25/Aug/2026:21:16:30 +0500] "GET /?r=f6r1o1n2s4175806 HTTP/1.1" 200 199240 "-" "Mozilla/5.0 (Linux; Android 6.0.1; Nexus 5X Build/MMB29P) AppleWebKit/537.36 (KHTML, like Gecko) Chrome/151.0.7922.173 Mobile Safari/537.36 (compatible; Googlebot/2.1; +http://www.google.com/bot.html)"
135.181.213.219 - - [25/Aug/2026:21:17:01 +0500] "GET /uz/?r=b9e1w6i4g77349&start=12 HTTP/1.1" 200 68462 "-" "Mozilla/5.0 (compatible; MJ12bot/v1.4.8; http://mj12bot.com/)"
135.181.213.219 - - [25/Aug/2026:21:17:14 +0500] "GET /uz/?r=b9e1w6i4g77349&start=4 HTTP/1.1" 508 288 "-" "Mozilla/5.0 (compatible; MJ12bot/v1.4.8; http://mj12bot.com/)"
66.249.69.137 - - [25/Aug/2026:21:16:51 +0500] "GET /shops/incorporate/m4e3d4u0l3l2a8t8e9d58 HTTP/1.1" 504 205196 "-" "Mozilla/5.0 (Linux; Android 6.0.1; Nexus 5X Build/MMB29P) AppleWebKit/537.36 (KHTML, like Gecko) Chrome/151.0.7922.173 Mobile Safari/537.36 (compatible; GoogleOther)"
135.181.213.219 - - [25/Aug/2026:21:17:29 +0500] "GET /uz/?r=b9e1w6i4g77349&start=52 HTTP/1.1" 508 288 "-" "Mozilla/5.0 (compatible; MJ12bot/v1.4.8; http://mj12bot.com/)"
185.191.171.15 - - [25/Aug/2026:21:17:38 +0500] "GET /robots.txt HTTP/1.1" 200 111 "-" "Mozilla/5.0 (compatible; SemrushBot/7~bl; +http://www.semrush.com/bot.html)"
135.181.213.219 - - [25/Aug/2026:21:17:44 +0500] "GET /uz/?r=b9e1w6i4g77349&start=8 HTTP/1.1" 508 288 "-" "Mozilla/5.0 (compatible; MJ12bot/v1.4.8; http://mj12bot.com/)"
85.208.96.202 - - [25/Aug/2026:21:17:39 +0500] "GET /uz/?author=16&start=40 HTTP/1.1" 200 68792 "-" "Mozilla/5.0 (compatible; SemrushBot/7~bl; +http://www.semrush.com/bot.html)"
135.181.213.219 - - [25/Aug/2026:21:17:58 +0500] "GET /uz/?r=e4x1t3r3o2v6e2r4t0e6d9&start=24 HTTP/1.1" 200 68213 "-" "Mozilla/5.0 (compatible; MJ12bot/v1.4.8; http://mj12bot.com/)"
135.181.213.219 - - [25/Aug/2026:21:18:15 +0500] "GET /uz/?r=e4x1t3r3o2v6e2r4t0e6d9&start=4 HTTP/1.1" 508 288 "-" "Mozilla/5.0 (compatible; MJ12bot/v1.4.8; http://mj12bot.com/)"
66.249.69.137 - - [25/Aug/2026:21:18:20 +0500] "GET /?r=z3e9s6t8e0d2826 HTTP/1.1" 200 197859 "-" "Mozilla/5.0 (Linux; Android 6.0.1; Nexus 5X Build/MMB29P) AppleWebKit/537.36 (KHTML, like Gecko) Chrome/151.0.7922.173 Mobile Safari/537.36 (compatible; GoogleOther)"
135.181.213.219 - - [25/Aug/2026:21:18:28 +0500] "GET /uz/?r=e4x1t3r3o2v6e2r4t0e6d9&start=40 HTTP/1.1" 200 68807 "-" "Mozilla/5.0 (compatible; MJ12bot/v1.4.8; http://mj12bot.com/)"
135.181.213.219 - - [25/Aug/2026:21:18:49 +0500] "GET /uz/?r=e4x1t3r3o2v6e2r4t0e6d9&start=44 HTTP/1.1" 200 69694 "-" "Mozilla/5.0 (compatible; MJ12bot/v1.4.8; http://mj12bot.com/)"
66.249.69.138 - - [25/Aug/2026:21:19:43 +0500] "GET /shops/paraboloid/s7u1r6r4e4b6u0t6770 HTTP/1.1" 200 213054 "-" "Mozilla/5.0 (Linux; Android 6.0.1; Nexus 5X Build/MMB29P) AppleWebKit/537.36 (KHTML, like Gecko) Chrome/151.0.7922.173 Mobile Safari/537.36 (compatible; GoogleOther)"
66.249.69.139 - - [25/Aug/2026:21:19:45 +0500] "GET /?r=h7o2c6o3c4o4o4h8665 HTTP/1.1" 200 212773 "-" "Mozilla/5.0 (Linux; Android 6.0.1; Nexus 5X Build/MMB29P) AppleWebKit/537.36 (KHTML, like Gecko) Chrome/151.0.7922.173 Mobile Safari/537.36 (compatible; Googlebot/2.1; +http://www.google.com/bot.html)"
135.181.213.219 - - [25/Aug/2026:21:19:56 +0500] "GET /uz/?template=yoo_master2&start=48 HTTP/1.1" 508 288 "-" "Mozilla/5.0 (compatible; MJ12bot/v1.4.8; http://mj12bot.com/)"
135.181.213.219 - - [25/Aug/2026:21:19:59 +0500] "GET /uz/?v=1&start=36 HTTP/1.1" 200 69998 "-" "Mozilla/5.0 (compatible; MJ12bot/v1.4.8; http://mj12bot.com/)"
135.181.213.219 - - [25/Aug/2026:21:20:09 +0500] "GET /uz/?x=ooo&start=44 HTTP/1.1" 200 69675 "-" "Mozilla/5.0 (compatible; MJ12bot/v1.4.8; http://mj12bot.com/)"
135.181.213.219 - - [25/Aug/2026:21:20:19 +0500] "GET /uz/about-org-uzb/strategy-uzb/12-uzbek/about-org-uzb/319-direction-30-06-2020-uzb HTTP/1.1" 508 288 "-" "Mozilla/5.0 (compatible; MJ12bot/v1.4.8; http://mj12bot.com/)"
66.249.69.139 - - [25/Aug/2026:21:20:55 +0500] "GET /?r=p7r3o1p8e3l9l0e8r379 HTTP/1.1" 200 204207 "-" "Mozilla/5.0 (Linux; Android 6.0.1; Nexus 5X Build/MMB29P) AppleWebKit/537.36 (KHTML, like Gecko) Chrome/151.0.7922.173 Mobile Safari/537.36 (compatible; GoogleOther)"
66.249.69.138 - - [25/Aug/2026:21:22:01 +0500] "GET /?r=g6e1l8a7t1i7n4i4z5a0t6ion HTTP/1.1" 508 288 "-" "Mozilla/5.0 (Linux; Android 6.0.1; Nexus 5X Build/MMB29P) AppleWebKit/537.36 (KHTML, like Gecko) Chrome/151.0.7922.173 Mobile Safari/537.36 (compatible; GoogleOther)"
47.82.49.80 - - [25/Aug/2026:21:22:52 +0500] "GET /uz/?ismobile=1&start=4 HTTP/1.1" 200 67984 "-" "Mozilla/5.0 (Macintosh; Intel Mac OS X 10_15_7) AppleWebKit/537.36 (KHTML, like Gecko) Chrome/146.0.0.0 Safari/537.36"
66.249.69.139 - - [25/Aug/2026:21:23:01 +0500] "GET /?r=p0o1w6d6e3r2y29167 HTTP/1.1" 200 212251 "-" "Mozilla/5.0 (Linux; Android 6.0.1; Nexus 5X Build/MMB29P) AppleWebKit/537.36 (KHTML, like Gecko) Chrome/151.0.7922.173 Mobile Safari/537.36 (compatible; Googlebot/2.1; +http://www.google.com/bot.html)"
135.181.213.219 - - [25/Aug/2026:21:23:08 +0500] "GET /uz/?3x=3x&start=44 HTTP/1.1" 200 69650 "-" "Mozilla/5.0 (compatible; MJ12bot/v1.4.8; http://mj12bot.com/)"
34.57.162.91 - - [25/Aug/2026:21:23:26 +0500] "GET /docs/prospectus/prospectus-04-02-2005.pdf HTTP/1.1" 200 454441 "-" "Mozilla/5.0 (Macintosh; Intel Mac OS X 10_15_7) AppleWebKit/537.36 (KHTML, like Gecko) Chrome/120.0.0.0 Safari/537.36"
34.123.149.87 - - [25/Aug/2026:21:23:29 +0500] "GET /media/aridocsviewer/pdfjs/web/viewer.html?file=https://eski.uzbekgidroenergoqurilish.uz/docs/2019/bayon-25.04.2019-ej.pdf HTTP/1.1" 200 19712 "-" "Mozilla/5.0 (Macintosh; Intel Mac OS X 10_15_7) AppleWebKit/537.36 (KHTML, like Gecko) Chrome/120.0.0.0 Safari/537.36"
66.249.69.137 - - [25/Aug/2026:21:23:54 +0500] "GET /?r=s6p2e7c2i5f1i4c0a3l3n1ess HTTP/1.1" 508 288 "-" "Mozilla/5.0 (Linux; Android 6.0.1; Nexus 5X Build/MMB29P) AppleWebKit/537.36 (KHTML, like Gecko) Chrome/151.0.7922.173 Mobile Safari/537.36 (compatible; GoogleOther)"
113.44.102.150 - - [25/Aug/2026:21:24:27 +0500] "GET /robots.txt HTTP/1.1" 200 111 "https://www.eski.uzbekgidroenergoqurilish.uz/robots.txt" "Mozilla/5.0 (Macintosh; Intel Mac OS X 10_15_7) AppleWebKit/537.36 (KHTML, like Gecko) Chrome/120.0.0.0 Safari/537.36"
47.82.54.212 - - [25/Aug/2026:21:24:38 +0500] "GET /ru/votes-rus/281-poll-20-11-2019 HTTP/1.1" 200 55863 "-" "Mozilla/5.0 (Macintosh; Intel Mac OS X 10_15_7) AppleWebKit/537.36 (KHTML, like Gecko) Chrome/140.0.0.0 Safari/537.36"
66.249.69.139 - - [25/Aug/2026:21:24:43 +0500] "GET /?r=b5o3l9i2v8i5a9n522 HTTP/1.1" 200 208930 "-" "Mozilla/5.0 (Linux; Android 6.0.1; Nexus 5X Build/MMB29P) AppleWebKit/537.36 (KHTML, like Gecko) Chrome/151.0.7922.173 Mobile Safari/537.36 (compatible; GoogleOther)"
34.56.53.225 - - [25/Aug/2026:21:24:43 +0500] "GET /uz/facts-uzb?start=75&template=yoo_master2 HTTP/1.1" 200 67947 "-" "Mozilla/5.0 (Macintosh; Intel Mac OS X 10_15_7) AppleWebKit/537.36 (KHTML, like Gecko) Chrome/120.0.0.0 Safari/537.36"
34.171.68.95 - - [25/Aug/2026:21:25:09 +0500] "GET /ru/officially-rus/ustav-rus?format=feed&type=rss HTTP/1.1" 200 71184 "-" "Mozilla/5.0 (Macintosh; Intel Mac OS X 10_15_7) AppleWebKit/537.36 (KHTML, like Gecko) Chrome/120.0.0.0 Safari/537.36"
66.249.69.137 - - [25/Aug/2026:21:25:27 +0500] "GET /shops/pierce/h1e2t9e4r0o9s0t7y8l7i4sm HTTP/1.1" 508 288 "-" "Mozilla/5.0 (Linux; Android 6.0.1; Nexus 5X Build/MMB29P) AppleWebKit/537.36 (KHTML, like Gecko) Chrome/151.0.7922.173 Mobile Safari/537.36 (compatible; GoogleOther)"
66.249.69.139 - - [25/Aug/2026:21:26:05 +0500] "GET /shops/minatorially/v1a3n9a6d9i0a7t0e4 HTTP/1.1" 200 202214 "-" "Mozilla/5.0 (Linux; Android 6.0.1; Nexus 5X Build/MMB29P) AppleWebKit/537.36 (KHTML, like Gecko) Chrome/151.0.7922.173 Mobile Safari/537.36 (compatible; GoogleOther)"
66.249.69.137 - - [25/Aug/2026:21:26:15 +0500] "GET /resource/js/json/megadrop_2015new.json HTTP/1.1" 508 288 "https://www.eski.uzbekgidroenergoqurilish.uz/shops/minatorially/v1a3n9a6d9i0a7t0e4" "Mozilla/5.0 (Linux; Android 6.0.1; Nexus 5X Build/MMB29P) AppleWebKit/537.36 (KHTML, like Gecko) Chrome/151.0.7922.173 Mobile Safari/537.36 (compatible; GoogleOther)"
66.249.69.138 - - [25/Aug/2026:21:26:15 +0500] "GET /f/special/chair/ HTTP/1.1" 508 288 "-" "Mozilla/5.0 (Linux; Android 6.0.1; Nexus 5X Build/MMB29P) AppleWebKit/537.36 (KHTML, like Gecko) Chrome/151.0.7922.173 Mobile Safari/537.36 (compatible; Googlebot/2.1; +http://www.google.com/bot.html)"
66.249.69.137 - - [25/Aug/2026:21:26:40 +0500] "GET /shops/sapper/e8m8b9l9a6z3o6n5r6y HTTP/1.1" 508 288 "-" "Mozilla/5.0 (Linux; Android 6.0.1; Nexus 5X Build/MMB29P) AppleWebKit/537.36 (KHTML, like Gecko) Chrome/151.0.7922.173 Mobile Safari/537.36 (compatible; GoogleOther)"
185.191.171.15 - - [25/Aug/2026:21:26:42 +0500] "GET /ru/news-rus/9-russian?start=28 HTTP/1.1" 200 63664 "-" "Mozilla/5.0 (compatible; SemrushBot/7~bl; +http://www.semrush.com/bot.html)"
66.249.69.139 - - [25/Aug/2026:21:27:10 +0500] "GET /?r=v6e3n8t2e5r928988 HTTP/1.1" 200 206738 "-" "Mozilla/5.0 (Linux; Android 6.0.1; Nexus 5X Build/MMB29P) AppleWebKit/537.36 (KHTML, like Gecko) Chrome/151.0.7922.173 Mobile Safari/537.36 (compatible; GoogleOther)"
66.249.69.138 - - [25/Aug/2026:21:27:38 +0500] "GET /bellarmine/gurgoyle/01342375433 HTTP/1.1" 200 205308 "-" "Mozilla/5.0 (Linux; Android 6.0.1; Nexus 5X Build/MMB29P) AppleWebKit/537.36 (KHTML, like Gecko) Chrome/151.0.7922.173 Mobile Safari/537.36 (compatible; GoogleOther)"
66.249.69.138 - - [25/Aug/2026:21:28:03 +0500] "GET /unconspicuous/t4h3a9n6k3f2u7l8161 HTTP/1.1" 200 209654 "-" "Mozilla/5.0 (Linux; Android 6.0.1; Nexus 5X Build/MMB29P) AppleWebKit/537.36 (KHTML, like Gecko) Chrome/151.0.7922.173 Mobile Safari/537.36 (compatible; GoogleOther)"
66.249.69.137 - - [25/Aug/2026:21:28:27 +0500] "GET /?r=c6o1r8i5a6c9e6u5s126 HTTP/1.1" 508 288 "-" "Mozilla/5.0 (Linux; Android 6.0.1; Nexus 5X Build/MMB29P) AppleWebKit/537.36 (KHTML, like Gecko) Chrome/151.0.7922.173 Mobile Safari/537.36 (compatible; GoogleOther)"
34.10.180.98 - - [25/Aug/2026:21:28:55 +0500] "GET /uz/about-org-uzb/direction-uzb?template=accessibility HTTP/1.1" 508 288 "-" "Mozilla/5.0 (Macintosh; Intel Mac OS X 10_15_7) AppleWebKit/537.36 (KHTML, like Gecko) Chrome/120.0.0.0 Safari/537.36"
66.249.69.139 - - [25/Aug/2026:21:29:31 +0500] "GET /f/special/isetan/ HTTP/1.1" 508 288 "-" "Mozilla/5.0 (Linux; Android 6.0.1; Nexus 5X Build/MMB29P) AppleWebKit/537.36 (KHTML, like Gecko) Chrome/151.0.7922.173 Mobile Safari/537.36 (compatible; Googlebot/2.1; +http://www.google.com/bot.html)"
66.249.69.138 - - [25/Aug/2026:21:29:38 +0500] "GET /?r=c6o4p0i1o5u0s5n6e2s3s3 HTTP/1.1" 508 288 "-" "Mozilla/5.0 (Linux; Android 6.0.1; Nexus 5X Build/MMB29P) AppleWebKit/537.36 (KHTML, like Gecko) Chrome/151.0.7922.173 Mobile Safari/537.36 (compatible; GoogleOther)"
66.249.69.137 - - [25/Aug/2026:21:29:56 +0500] "GET /flabbiness/s7a4n2g8u6i9s5u1g6a53 HTTP/1.1" 200 201048 "-" "Mozilla/5.0 (Linux; Android 6.0.1; Nexus 5X Build/MMB29P) AppleWebKit/537.36 (KHTML, like Gecko) Chrome/151.0.7922.173 Mobile Safari/537.36 (compatible; GoogleOther)"
66.249.69.137 - - [25/Aug/2026:21:30:14 +0500] "GET /shops/gauzy/f7u1l9g2u0r1a1t3a204 HTTP/1.1" 200 199666 "-" "Mozilla/5.0 (Linux; Android 6.0.1; Nexus 5X Build/MMB29P) AppleWebKit/537.36 (KHTML, like Gecko) Chrome/151.0.7922.173 Mobile Safari/537.36 (compatible; GoogleOther)"
66.249.69.137 - - [25/Aug/2026:21:30:31 +0500] "GET /?r=s7w7i9n1d4l6i2n9g29 HTTP/1.1" 508 288 "-" "Mozilla/5.0 (Linux; Android 6.0.1; Nexus 5X Build/MMB29P) AppleWebKit/537.36 (KHTML, like Gecko) Chrome/151.0.7922.173 Mobile Safari/537.36 (compatible; GoogleOther)"
66.249.69.137 - - [25/Aug/2026:21:30:56 +0500] "GET /?r=t7e3n0o3r4848849 HTTP/1.1" 200 197384 "-" "Mozilla/5.0 (Linux; Android 6.0.1; Nexus 5X Build/MMB29P) AppleWebKit/537.36 (KHTML, like Gecko) Chrome/151.0.7922.173 Mobile Safari/537.36 (compatible; GoogleOther)"
66.249.69.137 - - [25/Aug/2026:21:31:11 +0500] "GET /shops/durable/b4a1c6k4e1r671492 HTTP/1.1" 200 217137 "-" "Mozilla/5.0 (Linux; Android 6.0.1; Nexus 5X Build/MMB29P) AppleWebKit/537.36 (KHTML, like Gecko) Chrome/151.0.7922.173 Mobile Safari/537.36 (compatible; GoogleOther)"
66.249.69.137 - - [25/Aug/2026:21:31:46 +0500] "GET /cylindricality/c7a4r1p2a3l0e54048 HTTP/1.1" 200 200282 "-" "Mozilla/5.0 (Linux; Android 6.0.1; Nexus 5X Build/MMB29P) AppleWebKit/537.36 (KHTML, like Gecko) Chrome/151.0.7922.173 Mobile Safari/537.36 (compatible; GoogleOther)"
34.30.223.149 - - [25/Aug/2026:21:32:13 +0500] "GET /uz/jsc-docs-uzb/27-nabl-sovet-14-07-14-uzb HTTP/1.1" 200 92185 "-" "Mozilla/5.0 (Macintosh; Intel Mac OS X 10_15_7) AppleWebKit/537.36 (KHTML, like Gecko) Chrome/120.0.0.0 Safari/537.36"
66.249.69.138 - - [25/Aug/2026:21:32:16 +0500] "GET /?rubric/62655446869 HTTP/1.1" 200 212027 "-" "Mozilla/5.0 (Linux; Android 6.0.1; Nexus 5X Build/MMB29P) AppleWebKit/537.36 (KHTML, like Gecko) Chrome/151.0.7922.173 Mobile Safari/537.36 (compatible; GoogleOther)"
66.249.69.137 - - [25/Aug/2026:21:32:47 +0500] "GET /f/services/sds/ HTTP/1.1" 508 288 "-" "Mozilla/5.0 (Linux; Android 6.0.1; Nexus 5X Build/MMB29P) AppleWebKit/537.36 (KHTML, like Gecko) Chrome/151.0.7922.173 Mobile Safari/537.36 (compatible; Googlebot/2.1; +http://www.google.com/bot.html)"
66.249.69.137 - - [25/Aug/2026:21:32:55 +0500] "GET /?r=s4h1o5u6l8d2e2r4s6h3o9tten HTTP/1.1" 200 207166 "-" "Mozilla/5.0 (Linux; Android 6.0.1; Nexus 5X Build/MMB29P) AppleWebKit/537.36 (KHTML, like Gecko) Chrome/151.0.7922.173 Mobile Safari/537.36 (compatible; GoogleOther)"
66.249.69.137 - - [25/Aug/2026:21:33:35 +0500] "GET /?r=f9a2t9i8d9i1c9a8l403 HTTP/1.1" 508 288 "-" "Mozilla/5.0 (Linux; Android 6.0.1; Nexus 5X Build/MMB29P) AppleWebKit/537.36 (KHTML, like Gecko) Chrome/151.0.7922.173 Mobile Safari/537.36 (compatible; GoogleOther)"
185.191.171.15 - - [25/Aug/2026:21:33:31 +0500] "GET /ru/officially-rus/ustav-rus/478-ustav-25-11-2025-ejb-pdf HTTP/1.1" 200 55043 "-" "Mozilla/5.0 (compatible; SemrushBot/7~bl; +http://www.semrush.com/bot.html)"
66.249.69.138 - - [25/Aug/2026:21:34:09 +0500] "GET /?r=b4e3d0w4a8r5d88258 HTTP/1.1" 508 288 "-" "Mozilla/5.0 (Linux; Android 6.0.1; Nexus 5X Build/MMB29P) AppleWebKit/537.36 (KHTML, like Gecko) Chrome/151.0.7922.173 Mobile Safari/537.36 (compatible; GoogleOther)"
66.249.69.137 - - [25/Aug/2026:21:34:39 +0500] "GET /?r=a5n2t8e1p5e4n0d1i7u2m9 HTTP/1.1" 200 198856 "-" "Mozilla/5.0 (Linux; Android 6.0.1; Nexus 5X Build/MMB29P) AppleWebKit/537.36 (KHTML, like Gecko) Chrome/151.0.7922.173 Mobile Safari/537.36 (compatible; GoogleOther)"
34.10.180.98 - - [25/Aug/2026:21:35:02 +0500] "GET /uz/component/search/?Itemid=148&format=opensearch&template=accessibility HTTP/1.1" 200 804 "-" "Mozilla/5.0 (Macintosh; Intel Mac OS X 10_15_7) AppleWebKit/537.36 (KHTML, like Gecko) Chrome/120.0.0.0 Safari/537.36"
66.249.69.137 - - [25/Aug/2026:21:35:09 +0500] "GET /shops/strangulate/m5a3r1s8h8y12185 HTTP/1.1" 508 288 "-" "Mozilla/5.0 (Linux; Android 6.0.1; Nexus 5X Build/MMB29P) AppleWebKit/537.36 (KHTML, like Gecko) Chrome/151.0.7922.173 Mobile Safari/537.36 (compatible; GoogleOther)"
66.249.69.137 - - [25/Aug/2026:21:36:03 +0500] "GET /?r=o9b3f9u7s2c4a8t1e348 HTTP/1.1" 508 288 "-" "Mozilla/5.0 (Linux; Android 6.0.1; Nexus 5X Build/MMB29P) AppleWebKit/537.36 (KHTML, like Gecko) Chrome/151.0.7922.173 Mobile Safari/537.36 (compatible; Googlebot/2.1; +http://www.google.com/bot.html)"
66.249.69.137 - - [25/Aug/2026:21:35:56 +0500] "GET /shops/godelich/e5a5s2t3e3r3n3663 HTTP/1.1" 200 200121 "-" "Mozilla/5.0 (Linux; Android 6.0.1; Nexus 5X Build/MMB29P) AppleWebKit/537.36 (KHTML, like Gecko) Chrome/151.0.7922.173 Mobile Safari/537.36 (compatible; GoogleOther)"
66.249.69.138 - - [25/Aug/2026:21:36:24 +0500] "GET /?r=m7e1n1a6i8a91692 HTTP/1.1" 200 215689 "-" "Mozilla/5.0 (Linux; Android 6.0.1; Nexus 5X Build/MMB29P) AppleWebKit/537.36 (KHTML, like Gecko) Chrome/151.0.7922.173 Mobile Safari/537.36 (compatible; GoogleOther)"
66.249.69.137 - - [25/Aug/2026:21:36:52 +0500] "GET /shops/somewhen/q9u2a3c8k9l1e38761 HTTP/1.1" 200 213439 "-" "Mozilla/5.0 (Linux; Android 6.0.1; Nexus 5X Build/MMB29P) AppleWebKit/537.36 (KHTML, like Gecko) Chrome/151.0.7922.173 Mobile Safari/537.36 (compatible; GoogleOther)"
66.249.69.139 - - [25/Aug/2026:21:37:19 +0500] "GET /shops/aqave/i0m3m5e7n4s7i1v2e898 HTTP/1.1" 200 198225 "-" "Mozilla/5.0 (Linux; Android 6.0.1; Nexus 5X Build/MMB29P) AppleWebKit/537.36 (KHTML, like Gecko) Chrome/151.0.7922.173 Mobile Safari/537.36 (compatible; GoogleOther)"
34.61.96.6 - - [25/Aug/2026:21:37:39 +0500] "GET /uz/dividends-uzb?start=4 HTTP/1.1" 200 59620 "-" "Mozilla/5.0 (Macintosh; Intel Mac OS X 10_15_7) AppleWebKit/537.36 (KHTML, like Gecko) Chrome/120.0.0.0 Safari/537.36"
66.249.69.137 - - [25/Aug/2026:21:37:48 +0500] "GET /?r=f4r2i0z3e6787615 HTTP/1.1" 508 288 "-" "Mozilla/5.0 (Linux; Android 6.0.1; Nexus 5X Build/MMB29P) AppleWebKit/537.36 (KHTML, like Gecko) Chrome/151.0.7922.173 Mobile Safari/537.36 (compatible; GoogleOther)"
66.249.69.138 - - [25/Aug/2026:21:38:14 +0500] "GET /shops/terrae/p6r4e0e6x9i8s5t9e2n8t0ism HTTP/1.1" 508 288 "-" "Mozilla/5.0 (Linux; Android 6.0.1; Nexus 5X Build/MMB29P) AppleWebKit/537.36 (KHTML, like Gecko) Chrome/151.0.7922.173 Mobile Safari/537.36 (compatible; GoogleOther)"
66.249.69.137 - - [25/Aug/2026:21:38:35 +0500] "GET /?r=l8a3w2i2n7g801046 HTTP/1.1" 200 197977 "-" "Mozilla/5.0 (Linux; Android 6.0.1; Nexus 5X Build/MMB29P) AppleWebKit/537.36 (KHTML, like Gecko) Chrome/151.0.7922.173 Mobile Safari/537.36 (compatible; GoogleOther)"
66.249.69.137 - - [25/Aug/2026:21:38:57 +0500] "GET /slanted/d5i2s8c8u0s2s50545 HTTP/1.1" 200 211047 "-" "Mozilla/5.0 (Linux; Android 6.0.1; Nexus 5X Build/MMB29P) AppleWebKit/537.36 (KHTML, like Gecko) Chrome/151.0.7922.173 Mobile Safari/537.36 (compatible; GoogleOther)"
66.249.69.137 - - [25/Aug/2026:21:39:20 +0500] "GET /?r=m9a3l3a6i5s2e33613 HTTP/1.1" 200 214814 "-" "Mozilla/5.0 (Linux; Android 6.0.1; Nexus 5X Build/MMB29P) AppleWebKit/537.36 (KHTML, like Gecko) Chrome/151.0.7922.173 Mobile Safari/537.36 (compatible; GoogleOther)"
207.46.13.107 - - [25/Aug/2026:21:39:28 +0500] "GET /uz/?function=call_user_func_array&s=index/think%5C%5C%5C%5C%5C%5C%5C%5C%5C%5C%5C%5C%5C%5C%5C%5C%5C%5C%5C%5C%5C%5C%5C%5C%5C%5C%5C%5C%5C%5C%5C%5C%5C%5C%5C%5C%5C%5C%5C%5C%5C%5C%5C%5C%5C%5C%5C%5C%5C%5C%5C%5C%5C%5C%5C%5C%5C%5C%5C%5C%5C%5C%5C%5C%5C%5C%5C%5C%5C%5C%5C%5C%5C%5C%5C%5C%5C%5C%5C%5C%5C%5C%5C%5C%5C%5C%5C%5C%5C%5C%5C%5C%5C%5C%5C%5C%5C%5C%5C%5C%5C%5C%5C%5C%5C%5C%5C%5C%5C%5C%5C%5C%5C%5C%5C%5C%5C%5C%5C%5C%5C%5C%5C%5C%5C%5C%5C%5C%5C%5C%5C%5C%5C%5C%5C%5C%5C%5C%5C%5C%5C%5C%5C%5C%5C%5C%5C%5C%5C%5C%5C%5C%5C%5C%5C%5C%5C%5C%5C%5C%5C%5C%5C%5C%5C%5C%5C%5C%5C%5C%5C%5C%5C%5C%5C%5C%5C%5C%5C%5C%5C%5C%5C%5C%5C%5C%5C%5C%5C%5C%5C%5C%5C%5C%5C%5C%5C%5C%5C%5C%5C%5C%5C%5C%5C%5C%5C%5C%5C%5C%5C%5C%5C%5C%5C%5C%5C%5C%5C%5C%5C%5C%5C%5C%5C%5C%5C%5C%5C%5C%5C%5C%5C%5C%5C%5C%5C%5C%5C%5C%5C%5C%5C%5C%5C%5C%5C%5C%5C%5C%5C%5C%5C%5C%5C%5C%5C%5C%5C%5C%5C%5C%5C%5C%5C%5C%5C%5C%5C%5C%5C%5C%5C%5C%5C%5C%5C%5C%5C%5C%5C%5C%5C%5C%5C%5C%5C%5C%5C%5C%5C%5C%5C%5C%5C%5C%5C%5C%5C%5C%5C%5C%5C%5C%5C%5C%5C%5C%5C%5C%5C%5C%5C%5C%5C%5C%5C%5C%5C%5C%5C%5C%5C%5C%5C%5C%5C%5C%5C%5C%5C%5C%5C%5C%5C%5C%5C%5C%5C%5C%5C%5C%5C%5C%5C%5C%5C%5C%5C%5C%5C%5C%5C%5C%5C%5C%5C%5C%5C%5C%5C%5C%5C%5C%5C%5C%5C%5C%5C%5C%5C%5C%5C%5C%5C%5C%5C%5C%5C%5C%5C%5C%5C%5C%5C%5C%5C%5C%5C%5C%5C%5C%5C%5C%5C%5C%5C%5C%5C%5C%5C%5C%5C%5C%5C%5C%5C%5C%5C%5C%5C%5C%5C%5C%5C%5C%5C%5C%5C%5C%5C%5C%5C%5C%5C%5C%5C%5C%5C%5C%5C%5C%5C%5C%5C%5C%5C%5C%5C%5C%5C%5C%5C%5C%5C%5C%5C%5C%5C%5C%5C%5C%5C%5C%5C%5C%5C%5C%5C%5C%5C%5C%5C%5C%5C%5C%5C%5C%5C%5C%5C%5C%5C%5C%5C%5C%5C%5C%5C%5C%5C%5C%5C%5C%5C%5C%5C%5C%5C%5C%5C%5C%5C%5C%5C%5C%5C%5C%5C%5C%5C%5C%5C%5C%5C%5C%5C%5C%5C%5C%5C%5C%5C%5C%5C%5C%5C%5C%5C%5C%5C%5C%5C%5C%5C%5C%5C%5C%5C%5C%5C%5C%5C%5C%5C%5C%5C%5C%5C%5C%5C%5C%5C%5C%5C%5C%5C%5C%5C%5C%5C%5C%5C%5C%5C%5C%5C%5C%5C%5C%5C%5C%5C%5C%5C%5C%5C%5C%5C%5C%5C%5C%5C%5C%5C%5C%5C%5C%5C%5C%5C%5C%5C%5C%5C%5C%5C%5C%5C%5C%5C%5C%5C%5C%5C%5C%5C%5C%5C%5C%5C%5C%5C%5C%5C%5C%5C%5C%5C%5C%5C%5C%5C%5C%5C%5C%5C%5C%5C%5C%5C%5C%5C%5C%5C%5C%5C%5C%5C%5C%5C%5C%5C%5C%5C%5C%5C%5C%5C%5C%5C%5C%5C%5C%5C%5C%5C%5C%5C%5C%5C%5C%5C%5C%5C%5C%5C%5C%5C%5C%5C%5C%5C%5C%5C%5C%5C%5C%5C%5C%5C%5C%5C%5C%5C%5C%5C%5C%5C%5C%5C%5C%5C%5C%5C%5C%5C%5C%5C%5C%5C%5C%5C%5C%5C%5C%5C%5C%5C%5C%5C%5C%5C%5C%5C%5C%5C%5C%5C%5C%5C%5C%5C%5C%5C%5C%5C%5C%5C%5C%5C%5C%5C%5C%5C%5C%5C%5C%5C%5C%5C%5C%5C%5C%5C%5C%5C%5C%5C%5C%5C%5C%5C%5C%5C%5C%5C%5C%5C%5C%5C%5C%5C%5C%5C%5C%5C%5C%5C%5C%5C%5C%5C%5C%5C%5C%5C%5C%5C%5C%5C%5C%5C%5C%5C%5C%5C%5C%5C%5C%5C%5C%5C%5C%5C%5C%5C%5C%5C%5C%5C%5C%5C%5C%5C%5C%5C%5C%5C%5C%5C%5C%5C%5C%5C%5C%5C%5C%5C%5C%5C%5C%5C%5C%5C%5C%5C%5C%5C%5C%5C%5C%5C%5C%5C%5C%5C%5C%5C%5C%5C%5C%5C%5C%5C%5C%5C%5C%5C%5C%5C%5C%5C%5C%5C%5C%5C%5C%5C%5C%5C%5C%5C%5C%5C%5C%5C%5C%5C%5C%5C%5C%5C%5C%5C%5C%5C%5C%5C%5C%5C%5C%5C%5C%5C%5C%5C%5C%5C%5C%5C%5C%5C%5C%5C%5C%5C%5C%5C%5C%5C%5C%5C%5C%5C%5C%5C%5C%5C%5C%5C%5C%5C%5C%5C%5C%5C%5C%5C%5C%5C%5C%5C%5C%5C%5C%5C%5C%5C%5C%5C%5C%5C%5C%5C%5C%5C%5C%5C%5C%5C%5C%5C%5C%5C%5C%5C%5C%5C%5C%5C%5C%5C%5C%5C%5C%5C%5C%5C%5C%5C%5C%5C%5C%5C%5C%5C%5C%5C%5C%5C%5C%5C%5C%5C%5C%5C%5C%5C%5C%5C%5C%5C%5C%5C%5C%5C%5C%5C%5C%5C%5C%5C%5C%5C%5C%5C%5C%5C%5C%5C%5C%5C%5C%5C%5C%5C%5C%5C%5C%5C%5C%5C%5C%5C%5C%5C%5C%5C%5C%5C%5C%5C%5C%5C%5C%5C%5C%5C%5C%5C%5C%5C%5Capp/invokefunction&vars[0]=phpinfo&vars[1][0]=1&start=28 HTTP/1.1" 200 226163 "-" "Mozilla/5.0 AppleWebKit/537.36 (KHTML, like Gecko; compatible; bingbot/2.0; +http://www.bing.com/bingbot.htm) Chrome/116.0.1938.76 Safari/537.36"
66.249.69.137 - - [25/Aug/2026:21:39:51 +0500] "GET /?r=d1a1c8r9y8c0a0r5p8u5s5 HTTP/1.1" 200 197158 "-" "Mozilla/5.0 (Linux; Android 6.0.1; Nexus 5X Build/MMB29P) AppleWebKit/537.36 (KHTML, like Gecko) Chrome/151.0.7922.173 Mobile Safari/537.36 (compatible; GoogleOther)"
66.249.69.138 - - [25/Aug/2026:21:40:31 +0500] "GET /shops/marshaler/c4h3i6o2g9e7n5e5s133 HTTP/1.1" 200 215521 "-" "Mozilla/5.0 (Linux; Android 6.0.1; Nexus 5X Build/MMB29P) AppleWebKit/537.36 (KHTML, like Gecko) Chrome/151.0.7922.173 Mobile Safari/537.36 (compatible; GoogleOther)"
157.55.39.48 - - [25/Aug/2026:21:40:36 +0500] "GET /uz/?destination=node&q=node&start=16 HTTP/1.1" 200 225698 "-" "Mozilla/5.0 AppleWebKit/537.36 (KHTML, like Gecko; compatible; bingbot/2.0; +http://www.bing.com/bingbot.htm) Chrome/116.0.1938.76 Safari/537.36"
66.249.69.138 - - [25/Aug/2026:21:40:41 +0500] "GET /odr/order/apiGetCartItems/ HTTP/1.1" 200 184771 "https://www.eski.uzbekgidroenergoqurilish.uz/?r=m9a3l3a6i5s2e33613" "Mozilla/5.0 (Linux; Android 6.0.1; Nexus 5X Build/MMB29P) AppleWebKit/537.36 (KHTML, like Gecko) Chrome/151.0.7922.173 Mobile Safari/537.36 (compatible; GoogleOther)"
66.249.69.137 - - [25/Aug/2026:21:41:20 +0500] "GET /?r=t3r2a4c8h2e8a9t4a253 HTTP/1.1" 200 203213 "-" "Mozilla/5.0 (Linux; Android 6.0.1; Nexus 5X Build/MMB29P) AppleWebKit/537.36 (KHTML, like Gecko) Chrome/151.0.7922.173 Mobile Safari/537.36 (compatible; GoogleOther)"
66.249.69.137 - - [25/Aug/2026:21:41:57 +0500] "GET /?r=i7d2i4o5t8r9y5394 HTTP/1.1" 200 198757 "-" "Mozilla/5.0 (Linux; Android 6.0.1; Nexus 5X Build/MMB29P) AppleWebKit/537.36 (KHTML, like Gecko) Chrome/151.0.7922.173 Mobile Safari/537.36 (compatible; GoogleOther)"
185.191.171.16 - - [25/Aug/2026:21:42:10 +0500] "GET /uz/?rest_route=%2Fnotificationx%2Fv1%2Fanalytics&start=32 HTTP/1.1" 200 68650 "-" "Mozilla/5.0 (compatible; SemrushBot/7~bl; +http://www.semrush.com/bot.html)"
66.249.69.137 - - [25/Aug/2026:21:42:35 +0500] "GET /?r=b0u9r1s9a2r01586 HTTP/1.1" 200 212297 "-" "Mozilla/5.0 (Linux; Android 6.0.1; Nexus 5X Build/MMB29P) AppleWebKit/537.36 (KHTML, like Gecko) Chrome/151.0.7922.173 Mobile Safari/537.36 (compatible; Googlebot/2.1; +http://www.google.com/bot.html)"
66.249.69.137 - - [25/Aug/2026:21:42:34 +0500] "GET /?r=p7e6r5s0t5r8i0n7g4e5 HTTP/1.1" 200 213253 "-" "Mozilla/5.0 (Linux; Android 6.0.1; Nexus 5X Build/MMB29P) AppleWebKit/537.36 (KHTML, like Gecko) Chrome/151.0.7922.173 Mobile Safari/537.36 (compatible; GoogleOther)"
66.249.69.137 - - [25/Aug/2026:21:43:10 +0500] "GET /shops/serpentaria/c8e3d7e2d426520 HTTP/1.1" 200 198728 "-" "Mozilla/5.0 (Linux; Android 6.0.1; Nexus 5X Build/MMB29P) AppleWebKit/537.36 (KHTML, like Gecko) Chrome/151.0.7922.173 Mobile Safari/537.36 (compatible; GoogleOther)"
66.249.69.137 - - [25/Aug/2026:21:43:44 +0500] "GET /?r=p7o8t6s4d9a8m0700 HTTP/1.1" 200 195563 "-" "Mozilla/5.0 (Linux; Android 6.0.1; Nexus 5X Build/MMB29P) AppleWebKit/537.36 (KHTML, like Gecko) Chrome/151.0.7922.173 Mobile Safari/537.36 (compatible; GoogleOther)"
66.249.69.138 - - [25/Aug/2026:21:44:16 +0500] "GET /?r=m8o9n0a3r4c6h3i9a5n0 HTTP/1.1" 200 191555 "-" "Mozilla/5.0 (Linux; Android 6.0.1; Nexus 5X Build/MMB29P) AppleWebKit/537.36 (KHTML, like Gecko) Chrome/151.0.7922.173 Mobile Safari/537.36 (compatible; GoogleOther)"
34.123.149.87 - - [25/Aug/2026:21:44:18 +0500] "GET /ru/votes-rus/488-bayon-osa-07-04-2026-pdf HTTP/1.1" 200 55006 "-" "Mozilla/5.0 (Macintosh; Intel Mac OS X 10_15_7) AppleWebKit/537.36 (KHTML, like Gecko) Chrome/120.0.0.0 Safari/537.36"
157.55.39.48 - - [25/Aug/2026:21:44:27 +0500] "GET /uz/?app=main&start=48 HTTP/1.1" 200 217720 "-" "Mozilla/5.0 AppleWebKit/537.36 (KHTML, like Gecko; compatible; bingbot/2.0; +http://www.bing.com/bingbot.htm) Chrome/116.0.1938.76 Safari/537.36"
66.249.69.137 - - [25/Aug/2026:21:44:48 +0500] "GET /?r=g4i4a1o0u1r133057 HTTP/1.1" 200 212153 "-" "Mozilla/5.0 (Linux; Android 6.0.1; Nexus 5X Build/MMB29P) AppleWebKit/537.36 (KHTML, like Gecko) Chrome/151.0.7922.173 Mobile Safari/537.36 (compatible; GoogleOther)"
34.123.149.87 - - [25/Aug/2026:21:45:05 +0500] "GET /uz/?%60=d3i3o1m9e5d9e1a1131&format=feed&type=atom HTTP/1.1" 200 9124 "-" "Mozilla/5.0 (Macintosh; Intel Mac OS X 10_15_7) AppleWebKit/537.36 (KHTML, like Gecko) Chrome/120.0.0.0 Safari/537.36"
66.249.69.137 - - [25/Aug/2026:21:45:19 +0500] "GET /shops/textualist/j6e4r2v4i5n0a96852 HTTP/1.1" 200 213841 "-" "Mozilla/5.0 (Linux; Android 6.0.1; Nexus 5X Build/MMB29P) AppleWebKit/537.36 (KHTML, like Gecko) Chrome/151.0.7922.173 Mobile Safari/537.36 (compatible; GoogleOther)"
66.249.69.137 - - [25/Aug/2026:21:45:50 +0500] "GET /vitis/eponym/t6r2e6e4n4a4i1l7217 HTTP/1.1" 200 210857 "-" "Mozilla/5.0 (Linux; Android 6.0.1; Nexus 5X Build/MMB29P) AppleWebKit/537.36 (KHTML, like Gecko) Chrome/151.0.7922.173 Mobile Safari/537.36 (compatible; Googlebot/2.1; +http://www.google.com/bot.html)"
34.171.68.95 - - [25/Aug/2026:21:46:01 +0500] "GET /uz/facts-uzb/399-sush-fakt-08-14-09-2022-ns-pdf HTTP/1.1" 200 57032 "-" "Mozilla/5.0 (Macintosh; Intel Mac OS X 10_15_7) AppleWebKit/537.36 (KHTML, like Gecko) Chrome/120.0.0.0 Safari/537.36"
66.249.69.139 - - [25/Aug/2026:21:46:05 +0500] "GET /?r=s5i3d5e5t6a2k5i2n0g74 HTTP/1.1" 200 197407 "-" "Mozilla/5.0 (Linux; Android 6.0.1; Nexus 5X Build/MMB29P) AppleWebKit/537.36 (KHTML, like Gecko) Chrome/151.0.7922.173 Mobile Safari/537.36 (compatible; GoogleOther)"
66.249.69.138 - - [25/Aug/2026:21:46:39 +0500] "GET /?r=m1e9t9a5n9o8t7u4m45 HTTP/1.1" 200 195260 "-" "Mozilla/5.0 (Linux; Android 6.0.1; Nexus 5X Build/MMB29P) AppleWebKit/537.36 (KHTML, like Gecko) Chrome/151.0.7922.173 Mobile Safari/537.36 (compatible; GoogleOther)"
85.208.96.200 - - [25/Aug/2026:21:47:02 +0500] "GET /uz/?Command=NOOP&NewWebClient=1&start=44 HTTP/1.1" 200 69787 "-" "Mozilla/5.0 (compatible; SemrushBot/7~bl; +http://www.semrush.com/bot.html)"
66.249.69.138 - - [25/Aug/2026:21:47:20 +0500] "GET /corybants/callat/12744698977 HTTP/1.1" 200 198316 "-" "Mozilla/5.0 (Linux; Android 6.0.1; Nexus 5X Build/MMB29P) AppleWebKit/537.36 (KHTML, like Gecko) Chrome/151.0.7922.173 Mobile Safari/537.36 (compatible; GoogleOther)"
66.249.69.138 - - [25/Aug/2026:21:48:03 +0500] "GET /shops/zoolatry/c8o3p9y3r3e7a7d6e3r44 HTTP/1.1" 200 198560 "-" "Mozilla/5.0 (Linux; Android 6.0.1; Nexus 5X Build/MMB29P) AppleWebKit/537.36 (KHTML, like Gecko) Chrome/151.0.7922.173 Mobile Safari/537.36 (compatible; GoogleOther)"
66.249.69.137 - - [25/Aug/2026:21:48:42 +0500] "GET /?r=a3v1a0h7i4648160 HTTP/1.1" 200 198059 "-" "Mozilla/5.0 (Linux; Android 6.0.1; Nexus 5X Build/MMB29P) AppleWebKit/537.36 (KHTML, like Gecko) Chrome/151.0.7922.173 Mobile Safari/537.36 (compatible; GoogleOther)"
66.249.69.137 - - [25/Aug/2026:21:49:06 +0500] "GET /iqr/inquiryInputView/?inquiryId=IQR0015 HTTP/1.1" 200 192039 "-" "Mozilla/5.0 (Linux; Android 6.0.1; Nexus 5X Build/MMB29P) AppleWebKit/537.36 (KHTML, like Gecko) Chrome/151.0.7922.173 Mobile Safari/537.36 (compatible; Googlebot/2.1; +http://www.google.com/bot.html)"
66.249.69.138 - - [25/Aug/2026:21:49:23 +0500] "GET /cobaltine/s9p3e0c8i7e5s44601 HTTP/1.1" 508 288 "-" "Mozilla/5.0 (Linux; Android 6.0.1; Nexus 5X Build/MMB29P) AppleWebKit/537.36 (KHTML, like Gecko) Chrome/151.0.7922.173 Mobile Safari/537.36 (compatible; GoogleOther)"
