216.73.216.101 - - [24/Aug/2026:22:16:38 +0500] "GET /uz/?r=u9n1o5s3s6i7f8i8e4d14 HTTP/1.1" 200 68226 "http://eskijuva-bozori.uz/?r=u9n1o5s3s6i7f8i8e4d14" "Mozilla/5.0 AppleWebKit/537.36 (KHTML, like Gecko; compatible; ClaudeBot/1.0; +claudebot@anthropic.com)"
216.73.216.101 - - [24/Aug/2026:22:16:58 +0500] "GET /metamere/p9u2r3f6l7e943531 HTTP/1.1" 301 - "-" "Mozilla/5.0 AppleWebKit/537.36 (KHTML, like Gecko; compatible; ClaudeBot/1.0; +claudebot@anthropic.com)"
216.73.216.101 - - [24/Aug/2026:22:17:18 +0500] "GET /uz/metamere/p9u2r3f6l7e943531 HTTP/1.1" 404 1215 "http://eskijuva-bozori.uz/metamere/p9u2r3f6l7e943531" "Mozilla/5.0 AppleWebKit/537.36 (KHTML, like Gecko; compatible; ClaudeBot/1.0; +claudebot@anthropic.com)"
216.73.216.101 - - [24/Aug/2026:22:17:38 +0500] "GET /?r=m9a8t9r4o0n5a3l954 HTTP/1.1" 508 288 "-" "Mozilla/5.0 AppleWebKit/537.36 (KHTML, like Gecko; compatible; ClaudeBot/1.0; +claudebot@anthropic.com)"
103.78.255.129 - - [24/Aug/2026:22:17:38 +0500] "GET /wp-login.php HTTP/1.1" 508 288 "-" "Mozilla/5.0"
34.123.149.87 - - [24/Aug/2026:22:17:39 +0500] "GET /ru/facts-rus/129-08-fact-12-07-16 HTTP/1.1" 508 288 "-" "Mozilla/5.0 (Macintosh; Intel Mac OS X 10_15_7) AppleWebKit/537.36 (KHTML, like Gecko) Chrome/120.0.0.0 Safari/537.36"
216.73.216.101 - - [24/Aug/2026:22:17:40 +0500] "GET /?r=h9o2b2g4o6b2l7i7n869 HTTP/1.1" 508 288 "-" "Mozilla/5.0 AppleWebKit/537.36 (KHTML, like Gecko; compatible; ClaudeBot/1.0; +claudebot@anthropic.com)"
85.208.96.196 - - [24/Aug/2026:22:17:42 +0500] "GET /uz/?function=call_user_func_array&s=index%2Fthink%5C%5C%5C%5C%5C%5C%5C%5C%5C%5C%5C%5C%5C%5C%5C%5C%5C%5C%5C%5C%5C%5C%5C%5C%5C%5C%5C%5C%5C%5C%5C%5C%5C%5C%5C%5C%5C%5C%5C%5C%5C%5C%5C%5C%5C%5C%5C%5C%5C%5C%5C%5C%5C%5C%5C%5C%5C%5C%5C%5C%5C%5C%5C%5Capp%2Finvokefunction&start=40&vars%5B0%5D=phpinfo&vars%5B1%5D%5B0%5D=1 HTTP/1.1" 508 288 "-" "Mozilla/5.0 (compatible; SemrushBot/7~bl; +http://www.semrush.com/bot.html)"
34.10.180.98 - - [24/Aug/2026:22:17:49 +0500] "GET /ru/about-org-rus/strategy-rus/9-russian?start=60 HTTP/1.1" 200 64088 "-" "Mozilla/5.0 (Macintosh; Intel Mac OS X 10_15_7) AppleWebKit/537.36 (KHTML, like Gecko) Chrome/120.0.0.0 Safari/537.36"
216.73.216.101 - - [24/Aug/2026:22:18:02 +0500] "GET /?r=f9a1i7t7h6l9e0s8s104 HTTP/1.1" 301 - "-" "Mozilla/5.0 AppleWebKit/537.36 (KHTML, like Gecko; compatible; ClaudeBot/1.0; +claudebot@anthropic.com)"
216.73.216.101 - - [24/Aug/2026:22:18:23 +0500] "GET /?r=i9n6s0t8a1u4r5e329 HTTP/1.1" 508 288 "-" "Mozilla/5.0 AppleWebKit/537.36 (KHTML, like Gecko; compatible; ClaudeBot/1.0; +claudebot@anthropic.com)"
103.78.255.129 - - [24/Aug/2026:22:18:41 +0500] "GET /wp-login.php HTTP/1.1" 508 288 "-" "Mozilla/5.0"
34.171.68.95 - - [24/Aug/2026:22:18:40 +0500] "GET /ru/component/search/?Itemid=131&format=opensearch&template=accessibility HTTP/1.1" 200 775 "-" "Mozilla/5.0 (Macintosh; Intel Mac OS X 10_15_7) AppleWebKit/537.36 (KHTML, like Gecko) Chrome/120.0.0.0 Safari/537.36"
103.78.255.129 - - [24/Aug/2026:22:18:42 +0500] "GET /wp-login.php HTTP/1.1" 301 - "-" "Mozilla/5.0"
103.78.255.129 - - [24/Aug/2026:22:18:49 +0500] "GET /wp-login.php HTTP/1.1" 508 288 "-" "Mozilla/5.0"
216.73.216.101 - - [24/Aug/2026:22:18:45 +0500] "GET /?r=m9a2k4a1r8o5n18690 HTTP/1.1" 301 - "-" "Mozilla/5.0 AppleWebKit/537.36 (KHTML, like Gecko; compatible; ClaudeBot/1.0; +claudebot@anthropic.com)"
34.61.96.6 - - [24/Aug/2026:22:18:46 +0500] "GET /uz/officially-uzb/tenders-uzb/447-tender-korp-2025-uz HTTP/1.1" 200 60188 "-" "Mozilla/5.0 (Macintosh; Intel Mac OS X 10_15_7) AppleWebKit/537.36 (KHTML, like Gecko) Chrome/120.0.0.0 Safari/537.36"
144.24.62.44 - - [24/Aug/2026:22:19:04 +0500] "GET /uz/jsc-docs-uzb/136-obsh-sobr-add-28-06-16-uzb HTTP/1.1" 508 288 "-" "Mozilla/5.0 (X11; Linux aarch64) AppleWebKit/537.36 (KHTML, like Gecko) Chrome/139.0.0.0 Safari/537.36"
216.73.216.101 - - [24/Aug/2026:22:18:54 +0500] "GET /?r=a9d7o9p9t2i4v7e9l6y8 HTTP/1.1" 301 - "-" "Mozilla/5.0 AppleWebKit/537.36 (KHTML, like Gecko; compatible; ClaudeBot/1.0; +claudebot@anthropic.com)"
216.73.216.101 - - [24/Aug/2026:22:19:14 +0500] "GET /?r=c9l3a4p4p0i6n1g2924 HTTP/1.1" 301 - "-" "Mozilla/5.0 AppleWebKit/537.36 (KHTML, like Gecko; compatible; ClaudeBot/1.0; +claudebot@anthropic.com)"
216.73.216.101 - - [24/Aug/2026:22:19:29 +0500] "GET /uz/?r=h9u2r6l8e9r105058 HTTP/1.1" 508 288 "http://eskijuva-bozori.uz/?r=h9u2r6l8e9r105058" "Mozilla/5.0 AppleWebKit/537.36 (KHTML, like Gecko; compatible; ClaudeBot/1.0; +claudebot@anthropic.com)"
216.73.216.101 - - [24/Aug/2026:22:19:21 +0500] "GET /?r=h9u2r6l8e9r105058 HTTP/1.1" 301 - "-" "Mozilla/5.0 AppleWebKit/537.36 (KHTML, like Gecko; compatible; ClaudeBot/1.0; +claudebot@anthropic.com)"
216.73.216.101 - - [24/Aug/2026:22:19:20 +0500] "GET /uz/?r=c9l3a4p4p0i6n1g2924 HTTP/1.1" 200 68456 "http://eskijuva-bozori.uz/?r=c9l3a4p4p0i6n1g2924" "Mozilla/5.0 AppleWebKit/537.36 (KHTML, like Gecko; compatible; ClaudeBot/1.0; +claudebot@anthropic.com)"
216.73.216.101 - - [24/Aug/2026:22:19:52 +0500] "GET /?r=p9e1n1t1a5h1e4d7r5o5u2s HTTP/1.1" 508 288 "-" "Mozilla/5.0 AppleWebKit/537.36 (KHTML, like Gecko; compatible; ClaudeBot/1.0; +claudebot@anthropic.com)"
216.73.216.101 - - [24/Aug/2026:22:19:52 +0500] "GET /uz/?r=l9o1u0v8e7r075777 HTTP/1.1" 508 288 "http://eskijuva-bozori.uz/?r=l9o1u0v8e7r075777" "Mozilla/5.0 AppleWebKit/537.36 (KHTML, like Gecko; compatible; ClaudeBot/1.0; +claudebot@anthropic.com)"
216.73.216.101 - - [24/Aug/2026:22:19:45 +0500] "GET /?r=l9o1u0v8e7r075777 HTTP/1.1" 301 - "-" "Mozilla/5.0 AppleWebKit/537.36 (KHTML, like Gecko; compatible; ClaudeBot/1.0; +claudebot@anthropic.com)"
216.73.216.101 - - [24/Aug/2026:22:20:06 +0500] "GET /?r=m9i2n7i7a5t0i9n0g85 HTTP/1.1" 301 - "-" "Mozilla/5.0 AppleWebKit/537.36 (KHTML, like Gecko; compatible; ClaudeBot/1.0; +claudebot@anthropic.com)"
216.73.216.101 - - [24/Aug/2026:22:20:11 +0500] "GET /uz/?r=m9i2n7i7a5t0i9n0g85 HTTP/1.1" 200 68224 "http://eskijuva-bozori.uz/?r=m9i2n7i7a5t0i9n0g85" "Mozilla/5.0 AppleWebKit/537.36 (KHTML, like Gecko; compatible; ClaudeBot/1.0; +claudebot@anthropic.com)"
136.119.35.120 - - [24/Aug/2026:22:20:23 +0500] "GET /uz/component/search/?Itemid=171&format=opensearch HTTP/1.1" 508 288 "-" "Mozilla/5.0 (Macintosh; Intel Mac OS X 10_15_7) AppleWebKit/537.36 (KHTML, like Gecko) Chrome/120.0.0.0 Safari/537.36"
216.73.216.101 - - [24/Aug/2026:22:20:30 +0500] "GET /?r=i9r3i4c5i1s5m19339 HTTP/1.1" 508 288 "-" "Mozilla/5.0 AppleWebKit/537.36 (KHTML, like Gecko; compatible; ClaudeBot/1.0; +claudebot@anthropic.com)"
216.73.216.101 - - [24/Aug/2026:22:20:51 +0500] "GET /?r=a9n3n6u8n3c8i5a6t0i2n2g HTTP/1.1" 508 288 "-" "Mozilla/5.0 AppleWebKit/537.36 (KHTML, like Gecko; compatible; ClaudeBot/1.0; +claudebot@anthropic.com)"
34.10.180.98 - - [24/Aug/2026:22:21:02 +0500] "GET /uz/facts-uzb/60-05-mansabdor-shaxslarning-shaxsij-tarkibidagi-uzgarishlar-2 HTTP/1.1" 200 60551 "-" "Mozilla/5.0 (Macintosh; Intel Mac OS X 10_15_7) AppleWebKit/537.36 (KHTML, like Gecko) Chrome/120.0.0.0 Safari/537.36"
216.73.216.101 - - [24/Aug/2026:22:21:15 +0500] "GET /?r=e9n1d6o5p6l0a1s3t1i1c4a HTTP/1.1" 508 288 "-" "Mozilla/5.0 AppleWebKit/537.36 (KHTML, like Gecko; compatible; ClaudeBot/1.0; +claudebot@anthropic.com)"
34.10.180.98 - - [24/Aug/2026:22:21:26 +0500] "GET /ru/officially-rus/old-acts-rus/26-ustav-elga-xizmat-2014-rus HTTP/1.1" 508 288 "-" "Mozilla/5.0 (Macintosh; Intel Mac OS X 10_15_7) AppleWebKit/537.36 (KHTML, like Gecko) Chrome/120.0.0.0 Safari/537.36"
216.73.216.101 - - [24/Aug/2026:22:21:22 +0500] "GET /shops/exosmosis/h9a6g0b1e0r4r4y117 HTTP/1.1" 301 - "-" "Mozilla/5.0 AppleWebKit/537.36 (KHTML, like Gecko; compatible; ClaudeBot/1.0; +claudebot@anthropic.com)"
216.73.216.101 - - [24/Aug/2026:22:21:29 +0500] "GET /uz/shops/exosmosis/h9a6g0b1e0r4r4y117 HTTP/1.1" 404 1215 "http://eskijuva-bozori.uz/shops/exosmosis/h9a6g0b1e0r4r4y117" "Mozilla/5.0 AppleWebKit/537.36 (KHTML, like Gecko; compatible; ClaudeBot/1.0; +claudebot@anthropic.com)"
34.57.162.91 - - [24/Aug/2026:22:21:31 +0500] "GET /uz/?rest_route=/wp/v2/users&start=40 HTTP/1.1" 200 68610 "-" "Mozilla/5.0 (Macintosh; Intel Mac OS X 10_15_7) AppleWebKit/537.36 (KHTML, like Gecko) Chrome/120.0.0.0 Safari/537.36"
216.73.216.101 - - [24/Aug/2026:22:21:46 +0500] "GET /?r=c9a5r5r0i1a6g6e4w3a4y HTTP/1.1" 301 - "-" "Mozilla/5.0 AppleWebKit/537.36 (KHTML, like Gecko; compatible; ClaudeBot/1.0; +claudebot@anthropic.com)"
216.73.216.101 - - [24/Aug/2026:22:21:52 +0500] "GET /shops/zymotic/d9i1s7p1r8i9v7i4l6e1g7e HTTP/1.1" 301 - "-" "Mozilla/5.0 AppleWebKit/537.36 (KHTML, like Gecko; compatible; ClaudeBot/1.0; +claudebot@anthropic.com)"
216.73.216.101 - - [24/Aug/2026:22:21:53 +0500] "GET /uz/?r=c9a5r5r0i1a6g6e4w3a4y HTTP/1.1" 200 68226 "http://eskijuva-bozori.uz/?r=c9a5r5r0i1a6g6e4w3a4y" "Mozilla/5.0 AppleWebKit/537.36 (KHTML, like Gecko; compatible; ClaudeBot/1.0; +claudebot@anthropic.com)"
216.73.216.101 - - [24/Aug/2026:22:21:58 +0500] "GET /uz/shops/zymotic/d9i1s7p1r8i9v7i4l6e1g7e HTTP/1.1" 404 1215 "http://eskijuva-bozori.uz/shops/zymotic/d9i1s7p1r8i9v7i4l6e1g7e" "Mozilla/5.0 AppleWebKit/537.36 (KHTML, like Gecko; compatible; ClaudeBot/1.0; +claudebot@anthropic.com)"
34.10.180.98 - - [24/Aug/2026:22:22:08 +0500] "GET /uz/facts-uzb?start=45&template=yoo_master2 HTTP/1.1" 200 68477 "-" "Mozilla/5.0 (Macintosh; Intel Mac OS X 10_15_7) AppleWebKit/537.36 (KHTML, like Gecko) Chrome/120.0.0.0 Safari/537.36"
216.73.216.101 - - [24/Aug/2026:22:22:16 +0500] "GET /animalculum/u9n3g6r1a4t2e04861 HTTP/1.1" 301 - "-" "Mozilla/5.0 AppleWebKit/537.36 (KHTML, like Gecko; compatible; ClaudeBot/1.0; +claudebot@anthropic.com)"
216.73.216.101 - - [24/Aug/2026:22:22:21 +0500] "GET /uz/animalculum/u9n3g6r1a4t2e04861 HTTP/1.1" 404 1215 "http://eskijuva-bozori.uz/animalculum/u9n3g6r1a4t2e04861" "Mozilla/5.0 AppleWebKit/537.36 (KHTML, like Gecko; compatible; ClaudeBot/1.0; +claudebot@anthropic.com)"
216.73.216.101 - - [24/Aug/2026:22:22:32 +0500] "GET /?r=t9r4a0n5s3a9n0i7m0a7t8ing HTTP/1.1" 301 - "-" "Mozilla/5.0 AppleWebKit/537.36 (KHTML, like Gecko; compatible; ClaudeBot/1.0; +claudebot@anthropic.com)"
216.73.216.101 - - [24/Aug/2026:22:22:39 +0500] "GET /uz/?r=t9r4a0n5s3a9n0i7m0a7t8ing HTTP/1.1" 200 68230 "http://eskijuva-bozori.uz/?r=t9r4a0n5s3a9n0i7m0a7t8ing" "Mozilla/5.0 AppleWebKit/537.36 (KHTML, like Gecko; compatible; ClaudeBot/1.0; +claudebot@anthropic.com)"
216.73.216.101 - - [24/Aug/2026:22:22:56 +0500] "GET /shops/pulicene/k9n9e9e3l3i4n2g222 HTTP/1.1" 508 288 "-" "Mozilla/5.0 AppleWebKit/537.36 (KHTML, like Gecko; compatible; ClaudeBot/1.0; +claudebot@anthropic.com)"
44.197.76.210 - - [24/Aug/2026:22:22:52 +0500] "GET /uz/?format=feed&type=rss&yandex-source=desktop-maps HTTP/1.1" 200 6136 "-" "Mozilla/5.0 AppleWebKit/537.36 (KHTML, like Gecko; compatible; Amazonbot/0.1; +https://developer.amazon.com/support/amazonbot) Chrome/119.0.6045.214 Safari/537.36"
34.10.180.98 - - [24/Aug/2026:22:22:51 +0500] "GET /uz/about-org-uzb/strategy-uzb/10-uzbek?start=20 HTTP/1.1" 200 66457 "-" "Mozilla/5.0 (Macintosh; Intel Mac OS X 10_15_7) AppleWebKit/537.36 (KHTML, like Gecko) Chrome/120.0.0.0 Safari/537.36"
216.73.216.101 - - [24/Aug/2026:22:23:20 +0500] "GET /?r=c9t2e5n8o6p3h0o9r7i4c0 HTTP/1.1" 301 - "-" "Mozilla/5.0 AppleWebKit/537.36 (KHTML, like Gecko; compatible; ClaudeBot/1.0; +claudebot@anthropic.com)"
147.224.252.88 - - [24/Aug/2026:22:23:32 +0500] "GET /ru/facts-rus/468-sush-fakt-25-24-05-2025-pdf HTTP/1.1" 508 288 "-" "Mozilla/5.0 (X11; Linux aarch64) AppleWebKit/537.36 (KHTML, like Gecko) Chrome/139.0.0.0 Safari/537.36"
216.73.216.101 - - [24/Aug/2026:22:23:26 +0500] "GET /uz/?r=c9t2e5n8o6p3h0o9r7i4c0 HTTP/1.1" 200 68304 "http://eskijuva-bozori.uz/?r=c9t2e5n8o6p3h0o9r7i4c0" "Mozilla/5.0 AppleWebKit/537.36 (KHTML, like Gecko; compatible; ClaudeBot/1.0; +claudebot@anthropic.com)"
216.73.216.101 - - [24/Aug/2026:22:23:40 +0500] "GET /shops/plictolophus/i9n1d0u9b3i0t4a0t1e87 HTTP/1.1" 508 288 "-" "Mozilla/5.0 AppleWebKit/537.36 (KHTML, like Gecko; compatible; ClaudeBot/1.0; +claudebot@anthropic.com)"
147.224.252.88 - - [24/Aug/2026:22:23:30 +0500] "GET /ru/facts-rus/468-sush-fakt-25-24-05-2025-pdf HTTP/1.1" 200 - "-" "Mozilla/5.0 (X11; Linux aarch64) AppleWebKit/537.36 (KHTML, like Gecko) Chrome/139.0.0.0 Safari/537.36"
34.57.162.91 - - [24/Aug/2026:22:23:31 +0500] "GET /ru/news-rus/374-meeting-31-03-2022-ru HTTP/1.1" 200 59308 "-" "Mozilla/5.0 (Macintosh; Intel Mac OS X 10_15_7) AppleWebKit/537.36 (KHTML, like Gecko) Chrome/120.0.0.0 Safari/537.36"
34.56.53.225 - - [24/Aug/2026:22:23:39 +0500] "GET /uz/facts-uzb/416-sush-fakt-08-03-10-2023-io HTTP/1.1" 200 57017 "-" "Mozilla/5.0 (Macintosh; Intel Mac OS X 10_15_7) AppleWebKit/537.36 (KHTML, like Gecko) Chrome/120.0.0.0 Safari/537.36"
150.109.119.38 - - [24/Aug/2026:22:23:52 +0500] "GET /uz/about-org-uzb/sajt-kharitasi HTTP/1.1" 200 58567 "-" "Mozilla/5.0 (iPhone; CPU iPhone OS 13_2_3 like Mac OS X) AppleWebKit/605.1.15 (KHTML, like Gecko) Version/13.0.3 Mobile/15E148 Safari/604.1"
216.73.216.101 - - [24/Aug/2026:22:24:04 +0500] "GET /shops/haggadoth/h9y3p7o8p1h8y0l5l4o3u6s HTTP/1.1" 301 - "-" "Mozilla/5.0 AppleWebKit/537.36 (KHTML, like Gecko; compatible; ClaudeBot/1.0; +claudebot@anthropic.com)"
216.73.216.101 - - [24/Aug/2026:22:24:09 +0500] "GET /uz/shops/haggadoth/h9y3p7o8p1h8y0l5l4o3u6s HTTP/1.1" 404 1215 "http://eskijuva-bozori.uz/shops/haggadoth/h9y3p7o8p1h8y0l5l4o3u6s" "Mozilla/5.0 AppleWebKit/537.36 (KHTML, like Gecko; compatible; ClaudeBot/1.0; +claudebot@anthropic.com)"
216.73.216.101 - - [24/Aug/2026:22:24:10 +0500] "GET /?r=r9o1v5i5n0g1l1y1152 HTTP/1.1" 301 - "-" "Mozilla/5.0 AppleWebKit/537.36 (KHTML, like Gecko; compatible; ClaudeBot/1.0; +claudebot@anthropic.com)"
216.73.216.101 - - [24/Aug/2026:22:24:17 +0500] "GET /uz/?r=r9o1v5i5n0g1l1y1152 HTTP/1.1" 200 68301 "http://eskijuva-bozori.uz/?r=r9o1v5i5n0g1l1y1152" "Mozilla/5.0 AppleWebKit/537.36 (KHTML, like Gecko; compatible; ClaudeBot/1.0; +claudebot@anthropic.com)"
216.73.216.101 - - [24/Aug/2026:22:24:34 +0500] "GET /?r=o9u3t4g9i3v6e12265 HTTP/1.1" 301 - "-" "Mozilla/5.0 AppleWebKit/537.36 (KHTML, like Gecko; compatible; ClaudeBot/1.0; +claudebot@anthropic.com)"
216.73.216.101 - - [24/Aug/2026:22:24:40 +0500] "GET /uz/?r=o9u3t4g9i3v6e12265 HTTP/1.1" 200 68300 "http://eskijuva-bozori.uz/?r=o9u3t4g9i3v6e12265" "Mozilla/5.0 AppleWebKit/537.36 (KHTML, like Gecko; compatible; ClaudeBot/1.0; +claudebot@anthropic.com)"
216.73.216.101 - - [24/Aug/2026:22:24:50 +0500] "GET /uz/?r=a9c4c1e0p9t4i0n0g44&start=8 HTTP/1.1" 200 67680 "-" "Mozilla/5.0 AppleWebKit/537.36 (KHTML, like Gecko; compatible; ClaudeBot/1.0; +claudebot@anthropic.com)"
34.57.162.91 - - [24/Aug/2026:22:25:03 +0500] "GET /uz/facts-uzb/398-sush-fakt-06-14-09-2022-pdf HTTP/1.1" 200 56931 "-" "Mozilla/5.0 (Macintosh; Intel Mac OS X 10_15_7) AppleWebKit/537.36 (KHTML, like Gecko) Chrome/120.0.0.0 Safari/537.36"
216.73.216.101 - - [24/Aug/2026:22:25:20 +0500] "GET /uz/?r=j9a1c1k8p1u1d3d2i5n2g7&start=8 HTTP/1.1" 200 67683 "-" "Mozilla/5.0 AppleWebKit/537.36 (KHTML, like Gecko; compatible; ClaudeBot/1.0; +claudebot@anthropic.com)"
192.178.7.73 - - [24/Aug/2026:22:25:50 +0500] "GET /robots.txt HTTP/1.1" 200 111 "-" "Mozilla/5.0 (compatible; Googlebot/2.1; +http://www.google.com/bot.html)"
216.73.216.20 - - [24/Aug/2026:22:25:53 +0500] "GET /uz/?r=h9y9d0r0a0u1l8i3c6a4l&start=16 HTTP/1.1" 200 67698 "-" "Mozilla/5.0 AppleWebKit/537.36 (KHTML, like Gecko; compatible; ClaudeBot/1.0; +claudebot@anthropic.com)"
136.119.35.120 - - [24/Aug/2026:22:26:09 +0500] "GET /ru/info-for-shareholders-rus?start=20 HTTP/1.1" 200 59872 "-" "Mozilla/5.0 (Macintosh; Intel Mac OS X 10_15_7) AppleWebKit/537.36 (KHTML, like Gecko) Chrome/120.0.0.0 Safari/537.36"
216.73.216.20 - - [24/Aug/2026:22:26:21 +0500] "GET /uz/?r=h9y9d0r0a0u1l8i3c6a4l&start=20 HTTP/1.1" 200 68203 "-" "Mozilla/5.0 AppleWebKit/537.36 (KHTML, like Gecko; compatible; ClaudeBot/1.0; +claudebot@anthropic.com)"
34.61.96.6 - - [24/Aug/2026:22:26:25 +0500] "GET /uz/?function=call_user_func_array&start=4 HTTP/1.1" 200 67916 "-" "Mozilla/5.0 (Macintosh; Intel Mac OS X 10_15_7) AppleWebKit/537.36 (KHTML, like Gecko) Chrome/120.0.0.0 Safari/537.36"
185.191.171.12 - - [24/Aug/2026:22:26:36 +0500] "GET /uz/audit-uzb?start=10&template=accessibility HTTP/1.1" 200 29359 "-" "Mozilla/5.0 (compatible; SemrushBot/7~bl; +http://www.semrush.com/bot.html)"
34.56.53.225 - - [24/Aug/2026:22:27:50 +0500] "GET /ru/officially-rus/arkhiv?format=feed&template=yoo_master2&type=atom HTTP/1.1" 200 15633 "-" "Mozilla/5.0 (Macintosh; Intel Mac OS X 10_15_7) AppleWebKit/537.36 (KHTML, like Gecko) Chrome/120.0.0.0 Safari/537.36"
129.153.102.89 - - [24/Aug/2026:22:28:11 +0500] "GET /uz/news-uzb/288-news-31-03-2020 HTTP/1.1" 200 15601 "-" "Mozilla/5.0 (X11; Linux aarch64) AppleWebKit/537.36 (KHTML, like Gecko) Chrome/139.0.0.0 Safari/537.36"
129.153.102.89 - - [24/Aug/2026:22:28:13 +0500] "GET /uz/news-uzb/288-news-31-03-2020 HTTP/1.1" 200 15601 "-" "Mozilla/5.0 (X11; Linux aarch64) AppleWebKit/537.36 (KHTML, like Gecko) Chrome/139.0.0.0 Safari/537.36"
34.171.68.95 - - [24/Aug/2026:22:29:06 +0500] "GET /ru/component/search/?Itemid=161&catid=25&format=opensearch&id=107 HTTP/1.1" 200 770 "-" "Mozilla/5.0 (Macintosh; Intel Mac OS X 10_15_7) AppleWebKit/537.36 (KHTML, like Gecko) Chrome/120.0.0.0 Safari/537.36"
185.191.171.17 - - [24/Aug/2026:22:29:32 +0500] "GET /uz/10-uzbek?start=64 HTTP/1.1" 200 70207 "-" "Mozilla/5.0 (compatible; SemrushBot/7~bl; +http://www.semrush.com/bot.html)"
34.123.149.87 - - [24/Aug/2026:22:29:45 +0500] "GET /uz/?3x=3x&start=24 HTTP/1.1" 200 67700 "-" "Mozilla/5.0 (Macintosh; Intel Mac OS X 10_15_7) AppleWebKit/537.36 (KHTML, like Gecko) Chrome/120.0.0.0 Safari/537.36"
216.73.216.20 - - [24/Aug/2026:22:30:25 +0500] "GET /robots.txt HTTP/1.1" 200 111 "-" "Mozilla/5.0 AppleWebKit/537.36 (KHTML, like Gecko; compatible; ClaudeBot/1.0; +claudebot@anthropic.com)"
216.73.216.20 - - [24/Aug/2026:22:30:25 +0500] "GET /unacceptably/signaturist/9297756583 HTTP/1.1" 301 - "-" "Mozilla/5.0 AppleWebKit/537.36 (KHTML, like Gecko; compatible; ClaudeBot/1.0; +claudebot@anthropic.com)"
216.73.216.20 - - [24/Aug/2026:22:30:28 +0500] "GET /uz/unacceptably/signaturist/9297756583 HTTP/1.1" 404 1215 "http://eskijuva-bozori.uz/unacceptably/signaturist/9297756583" "Mozilla/5.0 AppleWebKit/537.36 (KHTML, like Gecko; compatible; ClaudeBot/1.0; +claudebot@anthropic.com)"
216.73.216.20 - - [24/Aug/2026:22:30:32 +0500] "GET /uz/?%60=s3o5l1i5d4u1n1g5u7l0ous HTTP/1.1" 200 68307 "-" "Mozilla/5.0 AppleWebKit/537.36 (KHTML, like Gecko; compatible; ClaudeBot/1.0; +claudebot@anthropic.com)"
34.10.180.98 - - [24/Aug/2026:22:31:52 +0500] "GET /ru/about-org-rus/indexes-rus/192-fin-activity-report-2016-rus HTTP/1.1" 200 60911 "-" "Mozilla/5.0 (Macintosh; Intel Mac OS X 10_15_7) AppleWebKit/537.36 (KHTML, like Gecko) Chrome/120.0.0.0 Safari/537.36"
34.42.229.145 - - [24/Aug/2026:22:32:08 +0500] "GET /ru/prospectus-rus?format=feed&template=accessibility&type=atom HTTP/1.1" 200 18523 "-" "Mozilla/5.0 (Macintosh; Intel Mac OS X 10_15_7) AppleWebKit/537.36 (KHTML, like Gecko) Chrome/120.0.0.0 Safari/537.36"
185.191.171.14 - - [24/Aug/2026:22:32:25 +0500] "GET /uz/?phpinfo=16arSsAYV%27%20OR%20178%3D%28SELECT%20178%20FROM%20PG_SLEEP%2815%29%29--&start=16 HTTP/1.1" 200 67979 "-" "Mozilla/5.0 (compatible; SemrushBot/7~bl; +http://www.semrush.com/bot.html)"
216.73.216.20 - - [24/Aug/2026:22:32:31 +0500] "GET /uz/?r=a9c4c1e0p9t4i0n0g44&start=24 HTTP/1.1" 200 67716 "-" "Mozilla/5.0 AppleWebKit/537.36 (KHTML, like Gecko; compatible; ClaudeBot/1.0; +claudebot@anthropic.com)"
216.73.216.20 - - [24/Aug/2026:22:32:36 +0500] "GET /uz/?r=a9c4c1e0p9t4i0n0g44&start=28 HTTP/1.1" 200 68229 "-" "Mozilla/5.0 AppleWebKit/537.36 (KHTML, like Gecko; compatible; ClaudeBot/1.0; +claudebot@anthropic.com)"
170.106.147.63 - - [24/Aug/2026:22:32:51 +0500] "GET /uz/news-uzb/64-eski-juva-dehqon-bozori-aksiyadorlik-jamiyati-aktsiyadorlari-di-atiga HTTP/1.1" 200 60986 "-" "Mozilla/5.0 (iPhone; CPU iPhone OS 13_2_3 like Mac OS X) AppleWebKit/605.1.15 (KHTML, like Gecko) Version/13.0.3 Mobile/15E148 Safari/604.1"
85.208.96.210 - - [24/Aug/2026:22:33:53 +0500] "GET /uz/?function=call_user_func_array&s=index%2Fthink%5C%5C%5C%5C%5C%5C%5C%5C%5C%5C%5C%5C%5C%5C%5C%5C%5C%5C%5C%5C%5C%5C%5C%5C%5C%5C%5C%5C%5C%5C%5C%5C%5C%5C%5C%5C%5C%5C%5C%5C%5C%5C%5C%5C%5C%5C%5C%5C%5C%5C%5C%5C%5C%5C%5C%5C%5C%5C%5C%5C%5C%5C%5C%5Capp%2Finvokefunction&vars%5B0%5D=phpinfo&vars%5B1%5D%5B0%5D=1 HTTP/1.1" 200 68590 "-" "Mozilla/5.0 (compatible; SemrushBot/7~bl; +http://www.semrush.com/bot.html)"
40.77.167.65 - - [24/Aug/2026:22:34:05 +0500] "GET /docs/reports/2019/balans-2-3-2019.xls HTTP/1.1" 200 51200 "-" "Mozilla/5.0 AppleWebKit/537.36 (KHTML, like Gecko; compatible; bingbot/2.0; +http://www.bing.com/bingbot.htm) Chrome/116.0.1938.76 Safari/537.36"
216.73.216.20 - - [24/Aug/2026:22:35:22 +0500] "GET /uz/?r=a9c4c1e0p9t4i0n0g44&start=20 HTTP/1.1" 200 68201 "-" "Mozilla/5.0 AppleWebKit/537.36 (KHTML, like Gecko; compatible; ClaudeBot/1.0; +claudebot@anthropic.com)"
34.57.162.91 - - [24/Aug/2026:22:36:15 +0500] "GET /docs/bussiness-plan-2017.pdf HTTP/1.1" 200 321366 "-" "Mozilla/5.0 (Macintosh; Intel Mac OS X 10_15_7) AppleWebKit/537.36 (KHTML, like Gecko) Chrome/120.0.0.0 Safari/537.36"
20.169.16.7 - - [24/Aug/2026:22:37:09 +0500] "GET /wp-content/plugins/hellopress/wp_filemanager.php HTTP/1.1" 301 - "-" "-"
216.73.216.20 - - [24/Aug/2026:22:37:12 +0500] "GET /uz/component/search/?Itemid=117&format=opensearch&r=e9n1l5i5s2t6e2d8959 HTTP/1.1" 200 756 "-" "Mozilla/5.0 AppleWebKit/537.36 (KHTML, like Gecko; compatible; ClaudeBot/1.0; +claudebot@anthropic.com)"
20.169.16.7 - - [24/Aug/2026:22:37:16 +0500] "GET /uz/wp-content/plugins/hellopress/wp_filemanager.php HTTP/1.1" 404 1215 "-" "-"
85.208.96.194 - - [24/Aug/2026:22:37:40 +0500] "GET /uz/?r=m9u8m0p9e1d56468&start=4 HTTP/1.1" 200 68277 "-" "Mozilla/5.0 (compatible; SemrushBot/7~bl; +http://www.semrush.com/bot.html)"
185.191.171.7 - - [24/Aug/2026:22:37:50 +0500] "GET /uz/facts-uzb/302-06-fact-19-05-2020 HTTP/1.1" 200 57010 "-" "Mozilla/5.0 (compatible; SemrushBot/7~bl; +http://www.semrush.com/bot.html)"
85.208.96.193 - - [24/Aug/2026:22:38:21 +0500] "GET /uz/?ismobile=1%27&start=16 HTTP/1.1" 200 67716 "-" "Mozilla/5.0 (compatible; SemrushBot/7~bl; +http://www.semrush.com/bot.html)"
185.191.171.16 - - [24/Aug/2026:22:38:32 +0500] "GET /uz/info-for-shareholders-uzb/256-kpe-4-2018-ej HTTP/1.1" 200 56957 "-" "Mozilla/5.0 (compatible; SemrushBot/7~bl; +http://www.semrush.com/bot.html)"
85.208.96.202 - - [24/Aug/2026:22:38:49 +0500] "GET /uz/?amp%3Bamp%3Bstart=4&%3Bstart=4&start=36&template=yoo_master2 HTTP/1.1" 200 70524 "-" "Mozilla/5.0 (compatible; SemrushBot/7~bl; +http://www.semrush.com/bot.html)"
216.73.216.20 - - [24/Aug/2026:22:39:29 +0500] "GET /uz/?start=24&template=accessibility HTTP/1.1" 200 30910 "-" "Mozilla/5.0 AppleWebKit/537.36 (KHTML, like Gecko; compatible; ClaudeBot/1.0; +claudebot@anthropic.com)"
161.153.32.84 - - [24/Aug/2026:22:39:37 +0500] "GET /ru/facts-rus?template=yoo_master2 HTTP/1.1" 200 - "-" "Mozilla/5.0 (X11; Linux aarch64) AppleWebKit/537.36 (KHTML, like Gecko) Chrome/139.0.0.0 Safari/537.36"
161.153.32.84 - - [24/Aug/2026:22:39:41 +0500] "GET /ru/facts-rus?template=yoo_master2 HTTP/1.1" 200 15601 "-" "Mozilla/5.0 (X11; Linux aarch64) AppleWebKit/537.36 (KHTML, like Gecko) Chrome/139.0.0.0 Safari/537.36"
85.208.96.205 - - [24/Aug/2026:22:40:48 +0500] "GET /uz/officially-uzb/ustav-uzb/12-uzbek/about-org-uzb HTTP/1.1" 200 64624 "-" "Mozilla/5.0 (compatible; SemrushBot/7~bl; +http://www.semrush.com/bot.html)"
66.249.77.168 - - [24/Aug/2026:22:40:54 +0500] "GET /robots.txt HTTP/1.1" 200 111 "-" "Mozilla/5.0 (compatible; Googlebot/2.1; +http://www.google.com/bot.html)"
85.208.96.201 - - [24/Aug/2026:22:41:28 +0500] "GET /uz/korp-upr-uzb/225-corp-upr-rating-2017 HTTP/1.1" 200 56394 "-" "Mozilla/5.0 (compatible; SemrushBot/7~bl; +http://www.semrush.com/bot.html)"
81.167.26.57 - - [24/Aug/2026:22:41:51 +0500] "GET /robots.txt HTTP/1.1" 200 111 "-" "Mozilla/5.0 (compatible; MJ12bot/v1.4.8; http://mj12bot.com/)"
34.123.149.87 - - [24/Aug/2026:22:42:58 +0500] "GET /ru/officially-rus/tenders-rus/245-tender-korp-2019-ru HTTP/1.1" 200 63208 "-" "Mozilla/5.0 (Macintosh; Intel Mac OS X 10_15_7) AppleWebKit/537.36 (KHTML, like Gecko) Chrome/120.0.0.0 Safari/537.36"
185.191.171.15 - - [24/Aug/2026:22:43:08 +0500] "GET /uz/?function=call_user_func_array&s=index%2Fthinkapp%2Finvokefunction&start=28&vars%5B0%5D=phpinfo HTTP/1.1" 200 68497 "-" "Mozilla/5.0 (compatible; SemrushBot/7~bl; +http://www.semrush.com/bot.html)"
129.146.115.47 - - [24/Aug/2026:22:43:20 +0500] "GET /uz/affil-uzb HTTP/1.1" 200 56014 "-" "Mozilla/5.0 (X11; Linux aarch64) AppleWebKit/537.36 (KHTML, like Gecko) Chrome/139.0.0.0 Safari/537.36"
85.208.96.206 - - [24/Aug/2026:22:44:14 +0500] "GET /uz/facts-uzb?start=15&template=accessibility HTTP/1.1" 200 38371 "-" "Mozilla/5.0 (compatible; SemrushBot/7~bl; +http://www.semrush.com/bot.html)"
185.191.171.15 - - [24/Aug/2026:22:44:15 +0500] "GET /ru/facts-rus?start=30&template=yoo_master2 HTTP/1.1" 200 67623 "-" "Mozilla/5.0 (compatible; SemrushBot/7~bl; +http://www.semrush.com/bot.html)"
43.165.167.72 - - [24/Aug/2026:22:44:35 +0500] "GET /uz/comissions-uzb HTTP/1.1" 200 58599 "-" "Mozilla/5.0 (iPhone; CPU iPhone OS 13_2_3 like Mac OS X) AppleWebKit/605.1.15 (KHTML, like Gecko) Version/13.0.3 Mobile/15E148 Safari/604.1"
85.208.96.201 - - [24/Aug/2026:22:45:32 +0500] "GET /uz/?function=call_user_func_array&s=index%2Fthink%5C%5C%5C%5C%5C%5C%5C%5Capp%2Finvokefunction&start=36&vars%5B0%5D=phpinfo&vars%5B1%5D%5B0%5D=1 HTTP/1.1" 200 70415 "-" "Mozilla/5.0 (compatible; SemrushBot/7~bl; +http://www.semrush.com/bot.html)"
185.191.171.12 - - [24/Aug/2026:22:46:29 +0500] "GET /ru/korp-upr-rus/265-corp-upr-rating-2018 HTTP/1.1" 200 55054 "-" "Mozilla/5.0 (compatible; SemrushBot/7~bl; +http://www.semrush.com/bot.html)"
34.171.68.95 - - [24/Aug/2026:22:46:42 +0500] "GET /media/aridocsviewer/pdfjs/web/viewer.html?file=http://www.eskijuva-bozori.uz/docs/2023/bayon_kk-03.10.2023.pdf HTTP/1.1" 200 19712 "-" "Mozilla/5.0 (Macintosh; Intel Mac OS X 10_15_7) AppleWebKit/537.36 (KHTML, like Gecko) Chrome/120.0.0.0 Safari/537.36"
81.167.26.57 - - [24/Aug/2026:22:47:04 +0500] "GET /uz/?format=feed&type=rss HTTP/1.1" 200 5713 "-" "Mozilla/5.0 (compatible; MJ12bot/v1.4.8; http://mj12bot.com/)"
81.167.26.57 - - [24/Aug/2026:22:47:28 +0500] "GET /robots.txt HTTP/1.1" 200 111 "-" "Mozilla/5.0 (compatible; MJ12bot/v1.4.8; http://mj12bot.com/)"
81.167.26.57 - - [24/Aug/2026:22:47:31 +0500] "GET /ru/?start=32 HTTP/1.1" 200 65565 "-" "Mozilla/5.0 (compatible; MJ12bot/v1.4.8; http://mj12bot.com/)"
81.167.26.57 - - [24/Aug/2026:22:47:45 +0500] "GET /ru/about-org-rus/direction-rus HTTP/1.1" 200 60488 "-" "Mozilla/5.0 (compatible; MJ12bot/v1.4.8; http://mj12bot.com/)"
81.167.26.57 - - [24/Aug/2026:22:47:52 +0500] "GET /ru/about-org-rus/general-info-rus HTTP/1.1" 200 63325 "-" "Mozilla/5.0 (compatible; MJ12bot/v1.4.8; http://mj12bot.com/)"
81.167.26.57 - - [24/Aug/2026:22:48:02 +0500] "GET /ru/about-org-rus/history-rus HTTP/1.1" 200 58133 "-" "Mozilla/5.0 (compatible; MJ12bot/v1.4.8; http://mj12bot.com/)"
81.167.26.57 - - [24/Aug/2026:22:48:11 +0500] "GET /ru/about-org-rus/indexes-rus HTTP/1.1" 200 62759 "-" "Mozilla/5.0 (compatible; MJ12bot/v1.4.8; http://mj12bot.com/)"
85.208.96.210 - - [24/Aug/2026:22:48:18 +0500] "GET /uz/?amp%3Bstart=4&ismobile=1&start=12 HTTP/1.1" 200 68320 "-" "Mozilla/5.0 (compatible; SemrushBot/7~bl; +http://www.semrush.com/bot.html)"
81.167.26.57 - - [24/Aug/2026:22:48:55 +0500] "GET /ru/about-org-rus/strategy-rus HTTP/1.1" 200 59744 "-" "Mozilla/5.0 (compatible; MJ12bot/v1.4.8; http://mj12bot.com/)"
185.191.171.2 - - [24/Aug/2026:22:48:59 +0500] "GET /uz/facts-uzb/58-03-emitentning-olij-boshqaruv-organi-tomonidan-qabul-qilingan-qarorlar-2 HTTP/1.1" 200 67023 "-" "Mozilla/5.0 (compatible; SemrushBot/7~bl; +http://www.semrush.com/bot.html)"
81.167.26.57 - - [24/Aug/2026:22:49:51 +0500] "GET /ru/contacts-rus/11-russian/about-org-rus HTTP/1.1" 200 65218 "-" "Mozilla/5.0 (compatible; MJ12bot/v1.4.8; http://mj12bot.com/)"
85.208.96.198 - - [24/Aug/2026:22:49:55 +0500] "GET /uz/?start=40&x=ooo HTTP/1.1" 200 68376 "-" "Mozilla/5.0 (compatible; SemrushBot/7~bl; +http://www.semrush.com/bot.html)"
81.167.26.57 - - [24/Aug/2026:22:50:05 +0500] "GET /ru/contacts-rus/9-russian HTTP/1.1" 200 94553 "-" "Mozilla/5.0 (compatible; MJ12bot/v1.4.8; http://mj12bot.com/)"
192.178.7.129 - - [24/Aug/2026:22:50:18 +0500] "GET / HTTP/1.1" 301 - "-" "Mozilla/5.0 (Linux; Android 6.0.1; Nexus 5X Build/MMB29P) AppleWebKit/537.36 (KHTML, like Gecko) Chrome/151.0.7922.173 Mobile Safari/537.36 (compatible; Googlebot/2.1; +http://www.google.com/bot.html)"
34.10.180.98 - - [24/Aug/2026:22:50:27 +0500] "GET /uz/about-org-uzb/indexes-uzb/10-uzbek?start=50 HTTP/1.1" 200 66254 "-" "Mozilla/5.0 (Macintosh; Intel Mac OS X 10_15_7) AppleWebKit/537.36 (KHTML, like Gecko) Chrome/120.0.0.0 Safari/537.36"
192.178.7.130 - - [24/Aug/2026:22:50:32 +0500] "GET /uz/ HTTP/1.1" 200 68530 "-" "Mozilla/5.0 (Linux; Android 6.0.1; Nexus 5X Build/MMB29P) AppleWebKit/537.36 (KHTML, like Gecko) Chrome/151.0.7922.173 Mobile Safari/537.36 (compatible; Googlebot/2.1; +http://www.google.com/bot.html)"
34.171.68.95 - - [24/Aug/2026:22:51:45 +0500] "GET /uz/component/search/?Itemid=175&format=opensearch HTTP/1.1" 200 742 "-" "Mozilla/5.0 (Macintosh; Intel Mac OS X 10_15_7) AppleWebKit/537.36 (KHTML, like Gecko) Chrome/120.0.0.0 Safari/537.36"
34.171.68.95 - - [24/Aug/2026:22:51:57 +0500] "GET /ru/officially-rus/old-acts-rus/88-bussiness-plan-2015 HTTP/1.1" 200 85944 "-" "Mozilla/5.0 (Macintosh; Intel Mac OS X 10_15_7) AppleWebKit/537.36 (KHTML, like Gecko) Chrome/120.0.0.0 Safari/537.36"
34.123.149.87 - - [24/Aug/2026:22:53:18 +0500] "GET /uz/component/search/?Itemid=453&format=opensearch&template=accessibility HTTP/1.1" 200 774 "-" "Mozilla/5.0 (Macintosh; Intel Mac OS X 10_15_7) AppleWebKit/537.36 (KHTML, like Gecko) Chrome/120.0.0.0 Safari/537.36"
85.208.96.199 - - [24/Aug/2026:22:53:38 +0500] "GET /uz/?start=24&template=yoo_master2 HTTP/1.1" 200 67895 "-" "Mozilla/5.0 (compatible; SemrushBot/7~bl; +http://www.semrush.com/bot.html)"
49.51.183.15 - - [24/Aug/2026:22:54:00 +0500] "GET /uz/facts-uzb HTTP/1.1" 200 68004 "-" "Mozilla/5.0 (iPhone; CPU iPhone OS 13_2_3 like Mac OS X) AppleWebKit/605.1.15 (KHTML, like Gecko) Version/13.0.3 Mobile/15E148 Safari/604.1"
85.208.96.197 - - [24/Aug/2026:22:54:48 +0500] "GET /uz/facts-uzb/55-05-mansabdor-shaxslarning-shaxsij-tarkibidagi-uzgarishlar HTTP/1.1" 200 60695 "-" "Mozilla/5.0 (compatible; SemrushBot/7~bl; +http://www.semrush.com/bot.html)"
34.231.194.178 - - [24/Aug/2026:22:55:14 +0500] "GET /robots.txt HTTP/1.1" 200 111 "-" "Mozilla/5.0 (Macintosh; Intel Mac OS X 10_10_1) AppleWebKit/600.2.5 (KHTML, like Gecko) Version/8.0.2 Safari/600.2.5 (Gort)"
85.208.96.196 - - [24/Aug/2026:22:55:38 +0500] "GET /uz/about-org-uzb/strategy-uzb?template=accessibility HTTP/1.1" 200 32655 "-" "Mozilla/5.0 (compatible; SemrushBot/7~bl; +http://www.semrush.com/bot.html)"
85.208.96.200 - - [24/Aug/2026:22:56:00 +0500] "GET /robots.txt HTTP/1.1" 200 111 "-" "Mozilla/5.0 (compatible; SemrushBot/7~bl; +http://www.semrush.com/bot.html)"
185.191.171.12 - - [24/Aug/2026:22:56:01 +0500] "GET /ru/officially-rus/ustav-rus/313-ustav-19-05-2020-rus HTTP/1.1" 508 288 "-" "Mozilla/5.0 (compatible; SemrushBot/7~bl; +http://www.semrush.com/bot.html)"
34.61.96.6 - - [24/Aug/2026:22:56:31 +0500] "GET /ru/officially-rus/arkhiv/69-umumiy-yigilishi-08-04-2015 HTTP/1.1" 200 60990 "-" "Mozilla/5.0 (Macintosh; Intel Mac OS X 10_15_7) AppleWebKit/537.36 (KHTML, like Gecko) Chrome/120.0.0.0 Safari/537.36"
84.75.155.145 - - [24/Aug/2026:22:57:00 +0500] "GET /docs/2022/08-31.03.2022-uz-ns.docx HTTP/1.1" 200 40284 "-" "Mozilla/5.0 (Macintosh; Intel Mac OS X 10_15_7) AppleWebKit/537.36 (KHTML, like Gecko) Chrome/110.0.0.0 Safari/537.36"
34.171.68.95 - - [24/Aug/2026:22:57:18 +0500] "GET /ru/component/search/?Itemid=116&format=opensearch&template=accessibility HTTP/1.1" 508 288 "-" "Mozilla/5.0 (Macintosh; Intel Mac OS X 10_15_7) AppleWebKit/537.36 (KHTML, like Gecko) Chrome/120.0.0.0 Safari/537.36"
216.73.216.20 - - [24/Aug/2026:22:57:36 +0500] "GET /shops/grapestone/a9v2e8l4l1a4n4a8512 HTTP/1.1" 508 288 "-" "Mozilla/5.0 AppleWebKit/537.36 (KHTML, like Gecko; compatible; ClaudeBot/1.0; +claudebot@anthropic.com)"
81.167.26.57 - - [24/Aug/2026:22:57:24 +0500] "GET /uz/about-org-uzb/strategy-uzb/411-bp-2023-plan-kvartal HTTP/1.1" 200 56887 "-" "Mozilla/5.0 (compatible; MJ12bot/v1.4.8; http://mj12bot.com/)"
81.167.26.57 - - [24/Aug/2026:22:57:41 +0500] "GET /uz/about-org-uzb/strategy-uzb/421-biznes-plan-2024-pdf HTTP/1.1" 508 288 "-" "Mozilla/5.0 (compatible; MJ12bot/v1.4.8; http://mj12bot.com/)"
216.73.216.20 - - [24/Aug/2026:22:57:48 +0500] "GET /?r=c9l4a2d9o1c5e7r1a80 HTTP/1.1" 508 288 "-" "Mozilla/5.0 AppleWebKit/537.36 (KHTML, like Gecko; compatible; ClaudeBot/1.0; +claudebot@anthropic.com)"
216.73.216.20 - - [24/Aug/2026:22:58:00 +0500] "GET /diskette/kneelingly/p9a2s8q1u8i8n99704 HTTP/1.1" 301 - "-" "Mozilla/5.0 AppleWebKit/537.36 (KHTML, like Gecko; compatible; ClaudeBot/1.0; +claudebot@anthropic.com)"
216.73.216.20 - - [24/Aug/2026:22:58:06 +0500] "GET /?r=h9a3n0d5p9i3c4k0e7d7 HTTP/1.1" 301 - "-" "Mozilla/5.0 AppleWebKit/537.36 (KHTML, like Gecko; compatible; ClaudeBot/1.0; +claudebot@anthropic.com)"
216.73.216.20 - - [24/Aug/2026:22:58:06 +0500] "GET /uz/diskette/kneelingly/p9a2s8q1u8i8n99704 HTTP/1.1" 404 1215 "http://eskijuva-bozori.uz/diskette/kneelingly/p9a2s8q1u8i8n99704" "Mozilla/5.0 AppleWebKit/537.36 (KHTML, like Gecko; compatible; ClaudeBot/1.0; +claudebot@anthropic.com)"
185.191.171.15 - - [24/Aug/2026:22:58:03 +0500] "GET /uz/?Command=NOOP&NewWebClient=1&start=24 HTTP/1.1" 200 67906 "-" "Mozilla/5.0 (compatible; SemrushBot/7~bl; +http://www.semrush.com/bot.html)"
216.73.216.20 - - [24/Aug/2026:22:58:12 +0500] "GET /uz/?r=h9a3n0d5p9i3c4k0e7d7 HTTP/1.1" 200 68405 "http://eskijuva-bozori.uz/?r=h9a3n0d5p9i3c4k0e7d7" "Mozilla/5.0 AppleWebKit/537.36 (KHTML, like Gecko; compatible; ClaudeBot/1.0; +claudebot@anthropic.com)"
216.73.216.20 - - [24/Aug/2026:22:58:20 +0500] "GET /opianic/hoful/9433745968 HTTP/1.1" 301 - "-" "Mozilla/5.0 AppleWebKit/537.36 (KHTML, like Gecko; compatible; ClaudeBot/1.0; +claudebot@anthropic.com)"
216.73.216.20 - - [24/Aug/2026:22:58:26 +0500] "GET /uz/opianic/hoful/9433745968 HTTP/1.1" 404 1215 "http://eskijuva-bozori.uz/opianic/hoful/9433745968" "Mozilla/5.0 AppleWebKit/537.36 (KHTML, like Gecko; compatible; ClaudeBot/1.0; +claudebot@anthropic.com)"
34.123.149.87 - - [24/Aug/2026:22:58:26 +0500] "GET /uz/audit-uzb?template=yoo_master2 HTTP/1.1" 200 62770 "-" "Mozilla/5.0 (Macintosh; Intel Mac OS X 10_15_7) AppleWebKit/537.36 (KHTML, like Gecko) Chrome/120.0.0.0 Safari/537.36"
34.171.68.95 - - [24/Aug/2026:22:58:39 +0500] "GET /docs/biznes-plan/bp-2021-plan-kvartal.pdf HTTP/1.1" 200 328029 "-" "Mozilla/5.0 (Macintosh; Intel Mac OS X 10_15_7) AppleWebKit/537.36 (KHTML, like Gecko) Chrome/120.0.0.0 Safari/537.36"
216.73.216.20 - - [24/Aug/2026:22:58:40 +0500] "GET /?r=l9a2r5k0e1d468083 HTTP/1.1" 301 - "-" "Mozilla/5.0 AppleWebKit/537.36 (KHTML, like Gecko; compatible; ClaudeBot/1.0; +claudebot@anthropic.com)"
34.10.180.98 - - [24/Aug/2026:22:58:40 +0500] "GET /ru/about-org-rus/strategy-rus/17-russian/shareholders-rus/48-changes-rus HTTP/1.1" 200 60038 "-" "Mozilla/5.0 (Macintosh; Intel Mac OS X 10_15_7) AppleWebKit/537.36 (KHTML, like Gecko) Chrome/120.0.0.0 Safari/537.36"
216.73.216.20 - - [24/Aug/2026:22:58:44 +0500] "GET /uz/?r=l9a2r5k0e1d468083 HTTP/1.1" 200 68402 "http://eskijuva-bozori.uz/?r=l9a2r5k0e1d468083" "Mozilla/5.0 AppleWebKit/537.36 (KHTML, like Gecko; compatible; ClaudeBot/1.0; +claudebot@anthropic.com)"
216.73.216.20 - - [24/Aug/2026:22:58:50 +0500] "GET /shops/ritenuto/a9s3y0l8u2m401030 HTTP/1.1" 301 - "-" "Mozilla/5.0 AppleWebKit/537.36 (KHTML, like Gecko; compatible; ClaudeBot/1.0; +claudebot@anthropic.com)"
81.167.26.57 - - [24/Aug/2026:22:58:49 +0500] "GET /uz/audit-uzb/118-audit-2015-uzb HTTP/1.1" 200 55661 "-" "Mozilla/5.0 (compatible; MJ12bot/v1.4.8; http://mj12bot.com/)"
216.73.216.20 - - [24/Aug/2026:22:58:54 +0500] "GET /uz/shops/ritenuto/a9s3y0l8u2m401030 HTTP/1.1" 404 1215 "http://eskijuva-bozori.uz/shops/ritenuto/a9s3y0l8u2m401030" "Mozilla/5.0 AppleWebKit/537.36 (KHTML, like Gecko; compatible; ClaudeBot/1.0; +claudebot@anthropic.com)"
34.10.180.98 - - [24/Aug/2026:22:58:55 +0500] "GET /ru/component/search/?Itemid=159&format=opensearch&template=yoo_master2 HTTP/1.1" 200 756 "-" "Mozilla/5.0 (Macintosh; Intel Mac OS X 10_15_7) AppleWebKit/537.36 (KHTML, like Gecko) Chrome/120.0.0.0 Safari/537.36"
81.167.26.57 - - [24/Aug/2026:22:58:59 +0500] "GET /uz/audit-uzb/200-audit-2016-uzb HTTP/1.1" 200 55723 "-" "Mozilla/5.0 (compatible; MJ12bot/v1.4.8; http://mj12bot.com/)"
216.73.216.20 - - [24/Aug/2026:22:59:03 +0500] "GET /?r=e9a4r1i9n5e0s9s2400 HTTP/1.1" 301 - "-" "Mozilla/5.0 AppleWebKit/537.36 (KHTML, like Gecko; compatible; ClaudeBot/1.0; +claudebot@anthropic.com)"
216.73.216.20 - - [24/Aug/2026:22:59:07 +0500] "GET /uz/?r=e9a4r1i9n5e0s9s2400 HTTP/1.1" 200 68404 "http://eskijuva-bozori.uz/?r=e9a4r1i9n5e0s9s2400" "Mozilla/5.0 AppleWebKit/537.36 (KHTML, like Gecko; compatible; ClaudeBot/1.0; +claudebot@anthropic.com)"
81.167.26.57 - - [24/Aug/2026:22:59:09 +0500] "GET /uz/audit-uzb/310-audit-2019-uzb HTTP/1.1" 200 56246 "-" "Mozilla/5.0 (compatible; MJ12bot/v1.4.8; http://mj12bot.com/)"
34.123.149.87 - - [24/Aug/2026:22:59:13 +0500] "GET /uz/?start=40&template=accessibility HTTP/1.1" 200 31616 "-" "Mozilla/5.0 (Macintosh; Intel Mac OS X 10_15_7) AppleWebKit/537.36 (KHTML, like Gecko) Chrome/120.0.0.0 Safari/537.36"
216.73.216.20 - - [24/Aug/2026:22:59:23 +0500] "GET /?r=r9e3t9i5n8e9r3v7e5d85 HTTP/1.1" 301 - "-" "Mozilla/5.0 AppleWebKit/537.36 (KHTML, like Gecko; compatible; ClaudeBot/1.0; +claudebot@anthropic.com)"
81.167.26.57 - - [24/Aug/2026:22:59:24 +0500] "GET /uz/audit-uzb/430-audit-2023-uzb HTTP/1.1" 200 55557 "-" "Mozilla/5.0 (compatible; MJ12bot/v1.4.8; http://mj12bot.com/)"
216.73.216.20 - - [24/Aug/2026:22:59:27 +0500] "GET /uz/?r=r9e3t9i5n8e9r3v7e5d85 HTTP/1.1" 200 68406 "http://eskijuva-bozori.uz/?r=r9e3t9i5n8e9r3v7e5d85" "Mozilla/5.0 AppleWebKit/537.36 (KHTML, like Gecko; compatible; ClaudeBot/1.0; +claudebot@anthropic.com)"
216.73.216.20 - - [24/Aug/2026:22:59:35 +0500] "GET /pantheologist/lapidist/94038371272 HTTP/1.1" 301 - "-" "Mozilla/5.0 AppleWebKit/537.36 (KHTML, like Gecko; compatible; ClaudeBot/1.0; +claudebot@anthropic.com)"
216.73.216.20 - - [24/Aug/2026:22:59:38 +0500] "GET /uz/pantheologist/lapidist/94038371272 HTTP/1.1" 404 1215 "http://eskijuva-bozori.uz/pantheologist/lapidist/94038371272" "Mozilla/5.0 AppleWebKit/537.36 (KHTML, like Gecko; compatible; ClaudeBot/1.0; +claudebot@anthropic.com)"
216.73.216.20 - - [24/Aug/2026:22:59:47 +0500] "GET /?r=m9a1n2d3i6o0c42542 HTTP/1.1" 301 - "-" "Mozilla/5.0 AppleWebKit/537.36 (KHTML, like Gecko; compatible; ClaudeBot/1.0; +claudebot@anthropic.com)"
216.73.216.20 - - [24/Aug/2026:22:59:52 +0500] "GET /uz/?r=m9a1n2d3i6o0c42542 HTTP/1.1" 200 68403 "http://eskijuva-bozori.uz/?r=m9a1n2d3i6o0c42542" "Mozilla/5.0 AppleWebKit/537.36 (KHTML, like Gecko; compatible; ClaudeBot/1.0; +claudebot@anthropic.com)"
81.167.26.57 - - [24/Aug/2026:22:59:55 +0500] "GET /uz/audit-uzb?start=10 HTTP/1.1" 200 59056 "-" "Mozilla/5.0 (compatible; MJ12bot/v1.4.8; http://mj12bot.com/)"
34.123.149.87 - - [24/Aug/2026:23:00:15 +0500] "GET /uz/votes-uzb/229-poll-24-04-2018 HTTP/1.1" 200 56663 "-" "Mozilla/5.0 (Macintosh; Intel Mac OS X 10_15_7) AppleWebKit/537.36 (KHTML, like Gecko) Chrome/120.0.0.0 Safari/537.36"
85.208.96.202 - - [24/Aug/2026:23:00:34 +0500] "GET /robots.txt HTTP/1.1" 200 111 "-" "Mozilla/5.0 (compatible; SemrushBot/7~bl; +http://www.semrush.com/bot.html)"
85.208.96.193 - - [24/Aug/2026:23:00:35 +0500] "GET /uz/?start=36&vars%5B1%5D%5B0%5D=1 HTTP/1.1" 200 69538 "-" "Mozilla/5.0 (compatible; SemrushBot/7~bl; +http://www.semrush.com/bot.html)"
34.171.68.95 - - [24/Aug/2026:23:00:42 +0500] "GET /uz/component/search/?Itemid=117&format=opensearch&template=accessibility HTTP/1.1" 200 759 "-" "Mozilla/5.0 (Macintosh; Intel Mac OS X 10_15_7) AppleWebKit/537.36 (KHTML, like Gecko) Chrome/120.0.0.0 Safari/537.36"
81.167.26.57 - - [24/Aug/2026:23:00:55 +0500] "GET /uz/dividends-uzb/452-dividend-2024-offer HTTP/1.1" 200 57201 "-" "Mozilla/5.0 (compatible; MJ12bot/v1.4.8; http://mj12bot.com/)"
81.167.26.57 - - [24/Aug/2026:23:01:04 +0500] "GET /uz/dividends-uzb/460-dividend-2024 HTTP/1.1" 200 57739 "-" "Mozilla/5.0 (compatible; MJ12bot/v1.4.8; http://mj12bot.com/)"
85.208.96.211 - - [24/Aug/2026:23:01:20 +0500] "GET /ru/news-rus/11-russian/about-org-rus?start=12 HTTP/1.1" 200 59912 "-" "Mozilla/5.0 (compatible; SemrushBot/7~bl; +http://www.semrush.com/bot.html)"
81.167.26.57 - - [24/Aug/2026:23:01:34 +0500] "GET /uz/dividends-uzb?start=12 HTTP/1.1" 200 133443 "-" "Mozilla/5.0 (compatible; MJ12bot/v1.4.8; http://mj12bot.com/)"
81.167.26.57 - - [24/Aug/2026:23:01:46 +0500] "GET /uz/dividends-uzb?start=4 HTTP/1.1" 200 59874 "-" "Mozilla/5.0 (compatible; MJ12bot/v1.4.8; http://mj12bot.com/)"
34.56.53.225 - - [24/Aug/2026:23:02:37 +0500] "GET /ru/component/search/?Itemid=159&format=opensearch HTTP/1.1" 200 743 "-" "Mozilla/5.0 (Macintosh; Intel Mac OS X 10_15_7) AppleWebKit/537.36 (KHTML, like Gecko) Chrome/120.0.0.0 Safari/537.36"
43.130.34.74 - - [24/Aug/2026:23:02:48 +0500] "GET /uz/about-org-uzb/activity-uzb HTTP/1.1" 200 64746 "-" "Mozilla/5.0 (iPhone; CPU iPhone OS 13_2_3 like Mac OS X) AppleWebKit/605.1.15 (KHTML, like Gecko) Version/13.0.3 Mobile/15E148 Safari/604.1"
34.10.180.98 - - [24/Aug/2026:23:03:26 +0500] "GET /ru/prospectus-rus/9-russian HTTP/1.1" 200 65982 "-" "Mozilla/5.0 (Macintosh; Intel Mac OS X 10_15_7) AppleWebKit/537.36 (KHTML, like Gecko) Chrome/120.0.0.0 Safari/537.36"
85.208.96.193 - - [24/Aug/2026:23:04:00 +0500] "GET /uz/officially-uzb/tenders-uzb?ismobile=1&start=4 HTTP/1.1" 200 62468 "-" "Mozilla/5.0 (compatible; SemrushBot/7~bl; +http://www.semrush.com/bot.html)"
192.178.6.10 - - [24/Aug/2026:23:04:11 +0500] "GET /media/aridocsviewer/pdfjs/web/viewer.html?file=http%3A%2F%2Fwww.eskijuva-bozori.uz%2Fdocs%2Fbussiness-plan-2017.pdf HTTP/1.1" 200 19712 "-" "Mozilla/5.0 (Linux; Android 6.0.1; Nexus 5X Build/MMB29P) AppleWebKit/537.36 (KHTML, like Gecko) Chrome/151.0.7922.137 Mobile Safari/537.36 (compatible; Googlebot/2.1; +http://www.google.com/bot.html)"
192.178.6.9 - - [24/Aug/2026:23:04:13 +0500] "GET /media/aridocsviewer/pdfjs/web/viewer.css HTTP/1.1" 200 49184 "http://www.eskijuva-bozori.uz/media/aridocsviewer/pdfjs/web/viewer.html?file=http%3A%2F%2Fwww.eskijuva-bozori.uz%2Fdocs%2Fbussiness-plan-2017.pdf" "Mozilla/5.0 (Linux; Android 6.0.1; Nexus 5X Build/MMB29P) AppleWebKit/537.36 (KHTML, like Gecko) Chrome/151.0.7922.137 Mobile Safari/537.36 (compatible; Googlebot/2.1; +http://www.google.com/bot.html)"
192.178.6.9 - - [24/Aug/2026:23:04:15 +0500] "GET /media/aridocsviewer/pdfjs/web/pdf.viewer.js HTTP/1.1" 200 283565 "http://www.eskijuva-bozori.uz/media/aridocsviewer/pdfjs/web/viewer.html?file=http%3A%2F%2Fwww.eskijuva-bozori.uz%2Fdocs%2Fbussiness-plan-2017.pdf" "Mozilla/5.0 (Linux; Android 6.0.1; Nexus 5X Build/MMB29P) AppleWebKit/537.36 (KHTML, like Gecko) Chrome/151.0.7922.137 Mobile Safari/537.36 (compatible; Googlebot/2.1; +http://www.google.com/bot.html)"
192.178.6.9 - - [24/Aug/2026:23:04:18 +0500] "GET /media/aridocsviewer/pdfjs/web/locale/locale.properties HTTP/1.1" 200 4314 "http://www.eskijuva-bozori.uz/media/aridocsviewer/pdfjs/web/viewer.html?file=http%3A%2F%2Fwww.eskijuva-bozori.uz%2Fdocs%2Fbussiness-plan-2017.pdf" "Mozilla/5.0 (Linux; Android 6.0.1; Nexus 5X Build/MMB29P) AppleWebKit/537.36 (KHTML, like Gecko) Chrome/151.0.7922.137 Mobile Safari/537.36 (compatible; Googlebot/2.1; +http://www.google.com/bot.html)"
192.178.6.8 - - [24/Aug/2026:23:04:21 +0500] "GET /media/aridocsviewer/pdfjs/build/pdf.worker.js HTTP/1.1" 200 594240 "http://www.eskijuva-bozori.uz/media/aridocsviewer/pdfjs/web/viewer.html?file=http%3A%2F%2Fwww.eskijuva-bozori.uz%2Fdocs%2Fbussiness-plan-2017.pdf" "Mozilla/5.0 (Linux; Android 6.0.1; Nexus 5X Build/MMB29P) AppleWebKit/537.36 (KHTML, like Gecko) Chrome/151.0.7922.137 Mobile Safari/537.36 (compatible; Googlebot/2.1; +http://www.google.com/bot.html)"
81.167.26.57 - - [24/Aug/2026:23:04:17 +0500] "GET /uz/info-for-shareholders-uzb/287-kpe-2019-ej HTTP/1.1" 200 56866 "-" "Mozilla/5.0 (compatible; MJ12bot/v1.4.8; http://mj12bot.com/)"
192.178.6.8 - - [24/Aug/2026:23:04:27 +0500] "GET /media/aridocsviewer/pdfjs/web/locale/en-US/viewer.properties HTTP/1.1" 200 6826 "http://www.eskijuva-bozori.uz/media/aridocsviewer/pdfjs/web/viewer.html?file=http%3A%2F%2Fwww.eskijuva-bozori.uz%2Fdocs%2Fbussiness-plan-2017.pdf" "Mozilla/5.0 (Linux; Android 6.0.1; Nexus 5X Build/MMB29P) AppleWebKit/537.36 (KHTML, like Gecko) Chrome/151.0.7922.137 Mobile Safari/537.36 (compatible; Googlebot/2.1; +http://www.google.com/bot.html)"
192.178.6.8 - - [24/Aug/2026:23:04:30 +0500] "GET /docs/bussiness-plan-2017.pdf HTTP/1.1" 200 321366 "http://www.eskijuva-bozori.uz/media/aridocsviewer/pdfjs/build/pdf.worker.js" "Mozilla/5.0 (Linux; Android 6.0.1; Nexus 5X Build/MMB29P) AppleWebKit/537.36 (KHTML, like Gecko) Chrome/151.0.7922.137 Mobile Safari/537.36 (compatible; Googlebot/2.1; +http://www.google.com/bot.html)"
43.173.30.227 - - [24/Aug/2026:23:04:28 +0500] "GET / HTTP/1.1" 301 - "-" "Mozilla/5.0 (Macintosh; Intel Mac OS X 13_6_2) AppleWebKit/537.36 (KHTML, like Gecko) Chrome/119.0.6045.159 Safari/537.36"
43.173.30.227 - - [24/Aug/2026:23:04:31 +0500] "GET /uz/ HTTP/1.1" 200 68639 "-" "Mozilla/5.0 (Macintosh; Intel Mac OS X 13_6_2) AppleWebKit/537.36 (KHTML, like Gecko) Chrome/119.0.6045.159 Safari/537.36"
192.178.6.8 - - [24/Aug/2026:23:04:36 +0500] "GET /favicon.ico HTTP/1.1" 301 - "-" "Googlebot-Image/1.0"
192.178.6.8 - - [24/Aug/2026:23:04:41 +0500] "GET /uz/favicon.ico HTTP/1.1" 404 1219 "-" "Googlebot-Image/1.0"
43.173.30.227 - - [24/Aug/2026:23:04:40 +0500] "GET /index.php?option=com_sppagebuilder&task=asset.uploadCustomIcon HTTP/1.1" 301 - "-" "Mozilla/5.0 (Macintosh; Intel Mac OS X 13_6_1) AppleWebKit/605.1.15 (KHTML, like Gecko) Version/17.2.1 Safari/605.1.15"
43.173.30.227 - - [24/Aug/2026:23:04:44 +0500] "GET /uz/?option=com_sppagebuilder&task=asset.uploadCustomIcon HTTP/1.1" 404 1215 "-" "Mozilla/5.0 (Macintosh; Intel Mac OS X 13_6_1) AppleWebKit/605.1.15 (KHTML, like Gecko) Version/17.2.1 Safari/605.1.15"
43.173.30.227 - - [24/Aug/2026:23:04:46 +0500] "GET /administrator/components/com_jce/jce.xml HTTP/1.1" 200 4622 "-" "Mozilla/5.0 (X11; Linux x86_64) Gecko/20100101 Firefox/122.0"
43.173.30.227 - - [24/Aug/2026:23:04:47 +0500] "GET / HTTP/1.1" 301 - "-" "Mozilla/5.0 (Windows NT 11.0; Win64; x64) AppleWebKit/537.36 (KHTML, like Gecko) Chrome/121.0.6167.85 Safari/537.36"
43.173.30.227 - - [24/Aug/2026:23:04:50 +0500] "GET /uz/ HTTP/1.1" 200 68639 "-" "Mozilla/5.0 (Windows NT 11.0; Win64; x64) AppleWebKit/537.36 (KHTML, like Gecko) Chrome/121.0.6167.85 Safari/537.36"
43.173.30.227 - - [24/Aug/2026:23:04:56 +0500] "POST /index.php?option=com_jce&task=profiles.import HTTP/1.1" 303 - "-" "Mozilla/5.0 (X11; Linux x86_64) AppleWebKit/537.36 (KHTML, like Gecko) Chrome/121.0.6167.85 Safari/537.36"
43.173.30.227 - - [24/Aug/2026:23:05:02 +0500] "GET /index.php HTTP/1.1" 301 - "-" "Mozilla/5.0 (X11; Linux x86_64) AppleWebKit/537.36 (KHTML, like Gecko) Chrome/121.0.6167.85 Safari/537.36"
43.173.30.227 - - [24/Aug/2026:23:05:07 +0500] "GET /uz/ HTTP/1.1" 200 68822 "-" "Mozilla/5.0 (X11; Linux x86_64) AppleWebKit/537.36 (KHTML, like Gecko) Chrome/121.0.6167.85 Safari/537.36"
43.173.30.227 - - [24/Aug/2026:23:05:11 +0500] "POST /administrator/index.php?option=com_jce&task=profiles.import HTTP/1.1" 200 7650 "-" "Mozilla/5.0 (Macintosh; Intel Mac OS X 13_6_2) AppleWebKit/537.36 (KHTML, like Gecko) Chrome/121.0.6167.85 Safari/537.36"
34.171.68.95 - - [24/Aug/2026:23:06:31 +0500] "GET /ru/component/search/?Itemid=116&catid=15&format=opensearch&id=79 HTTP/1.1" 200 754 "-" "Mozilla/5.0 (Macintosh; Intel Mac OS X 10_15_7) AppleWebKit/537.36 (KHTML, like Gecko) Chrome/120.0.0.0 Safari/537.36"
185.191.171.10 - - [24/Aug/2026:23:06:57 +0500] "GET /robots.txt HTTP/1.1" 200 111 "-" "Mozilla/5.0 (compatible; SemrushBot/7~bl; +http://www.semrush.com/bot.html)"
81.167.26.57 - - [24/Aug/2026:23:06:55 +0500] "GET /uz/jsc-docs-uzb/446-poloj-ns-2023-doc HTTP/1.1" 200 55758 "-" "Mozilla/5.0 (compatible; MJ12bot/v1.4.8; http://mj12bot.com/)"
85.208.96.194 - - [24/Aug/2026:23:06:57 +0500] "GET /uz/about-org-uzb/strategy-uzb?ismobile=1&start=10 HTTP/1.1" 200 59754 "-" "Mozilla/5.0 (compatible; SemrushBot/7~bl; +http://www.semrush.com/bot.html)"
85.208.96.210 - - [24/Aug/2026:23:06:57 +0500] "GET /uz/officially-uzb/old-acts-uzb/61-comissions-old HTTP/1.1" 200 62188 "-" "Mozilla/5.0 (compatible; SemrushBot/7~bl; +http://www.semrush.com/bot.html)"
192.178.6.8 - - [24/Aug/2026:23:07:01 +0500] "GET /media/aridocsviewer/pdfjs/web/viewer.html?file=http%3A%2F%2Fwww.eskijuva-bozori.uz%2Fdocs%2Fbiznes-plan-2019-eskijuva.pdf HTTP/1.1" 200 19712 "-" "Mozilla/5.0 (Linux; Android 6.0.1; Nexus 5X Build/MMB29P) AppleWebKit/537.36 (KHTML, like Gecko) Chrome/151.0.7922.137 Mobile Safari/537.36 (compatible; Googlebot/2.1; +http://www.google.com/bot.html)"
