216.73.216.20 - - [25/Aug/2026:01:42:32 +0500] "GET /uz/?r=u9n2c2o5n5s5p3i0c7u4o2us HTTP/1.1" 200 68222 "http://eskijuva-bozori.uz/?r=u9n2c2o5n5s5p3i0c7u4o2us" "Mozilla/5.0 AppleWebKit/537.36 (KHTML, like Gecko; compatible; ClaudeBot/1.0; +claudebot@anthropic.com)"
216.73.216.20 - - [25/Aug/2026:01:42:36 +0500] "GET /shops/dungy/c9a1e3l8a9t0u3r3a732 HTTP/1.1" 301 - "-" "Mozilla/5.0 AppleWebKit/537.36 (KHTML, like Gecko; compatible; ClaudeBot/1.0; +claudebot@anthropic.com)"
54.37.252.119 - - [25/Aug/2026:01:42:37 +0500] "GET /uz/korp-upr-uzb/121-korp-kodex-uzb HTTP/1.1" 200 57635 "-" "Mozilla/5.0 (compatible; MJ12bot/v1.4.8; http://mj12bot.com/)"
216.73.216.20 - - [25/Aug/2026:01:42:38 +0500] "GET /uz/shops/dungy/c9a1e3l8a9t0u3r3a732 HTTP/1.1" 404 1215 "http://eskijuva-bozori.uz/shops/dungy/c9a1e3l8a9t0u3r3a732" "Mozilla/5.0 AppleWebKit/537.36 (KHTML, like Gecko; compatible; ClaudeBot/1.0; +claudebot@anthropic.com)"
216.73.216.20 - - [25/Aug/2026:01:42:42 +0500] "GET /?r=i9n3v8i4l0l0a4g1e4d47 HTTP/1.1" 301 - "-" "Mozilla/5.0 AppleWebKit/537.36 (KHTML, like Gecko; compatible; ClaudeBot/1.0; +claudebot@anthropic.com)"
54.37.252.119 - - [25/Aug/2026:01:42:43 +0500] "GET /uz/korp-upr-uzb/201-corp-upr-rating-2016 HTTP/1.1" 200 56413 "-" "Mozilla/5.0 (compatible; MJ12bot/v1.4.8; http://mj12bot.com/)"
216.73.216.20 - - [25/Aug/2026:01:42:45 +0500] "GET /uz/?r=i9n3v8i4l0l0a4g1e4d47 HTTP/1.1" 200 68219 "http://eskijuva-bozori.uz/?r=i9n3v8i4l0l0a4g1e4d47" "Mozilla/5.0 AppleWebKit/537.36 (KHTML, like Gecko; compatible; ClaudeBot/1.0; +claudebot@anthropic.com)"
54.37.252.119 - - [25/Aug/2026:01:42:49 +0500] "GET /uz/korp-upr-uzb/265-corp-upr-rating-2018 HTTP/1.1" 200 56328 "-" "Mozilla/5.0 (compatible; MJ12bot/v1.4.8; http://mj12bot.com/)"
216.73.216.20 - - [25/Aug/2026:01:42:54 +0500] "GET /?r=c9h3r0y3s1a6n8t6h8e5m4um HTTP/1.1" 301 - "-" "Mozilla/5.0 AppleWebKit/537.36 (KHTML, like Gecko; compatible; ClaudeBot/1.0; +claudebot@anthropic.com)"
54.37.252.119 - - [25/Aug/2026:01:42:55 +0500] "GET /uz/korp-upr-uzb/314-corp-upr-rating-2019 HTTP/1.1" 200 55983 "-" "Mozilla/5.0 (compatible; MJ12bot/v1.4.8; http://mj12bot.com/)"
216.73.216.20 - - [25/Aug/2026:01:42:56 +0500] "GET /uz/?r=c9h3r0y3s1a6n8t6h8e5m4um HTTP/1.1" 200 68222 "http://eskijuva-bozori.uz/?r=c9h3r0y3s1a6n8t6h8e5m4um" "Mozilla/5.0 AppleWebKit/537.36 (KHTML, like Gecko; compatible; ClaudeBot/1.0; +claudebot@anthropic.com)"
54.37.252.119 - - [25/Aug/2026:01:43:02 +0500] "GET /uz/korp-upr-uzb/429-corp-upr-rating-2023 HTTP/1.1" 200 56162 "-" "Mozilla/5.0 (compatible; MJ12bot/v1.4.8; http://mj12bot.com/)"
216.73.216.20 - - [25/Aug/2026:01:43:07 +0500] "GET /?r=m9o2n7o4c0o6t7y8l1e0d0onae HTTP/1.1" 301 - "-" "Mozilla/5.0 AppleWebKit/537.36 (KHTML, like Gecko; compatible; ClaudeBot/1.0; +claudebot@anthropic.com)"
54.37.252.119 - - [25/Aug/2026:01:43:08 +0500] "GET /uz/korp-upr-uzb/439-corp-upr-rating-2022 HTTP/1.1" 200 56162 "-" "Mozilla/5.0 (compatible; MJ12bot/v1.4.8; http://mj12bot.com/)"
216.73.216.20 - - [25/Aug/2026:01:43:09 +0500] "GET /uz/?r=m9o2n7o4c0o6t7y8l1e0d0onae HTTP/1.1" 200 68224 "http://eskijuva-bozori.uz/?r=m9o2n7o4c0o6t7y8l1e0d0onae" "Mozilla/5.0 AppleWebKit/537.36 (KHTML, like Gecko; compatible; ClaudeBot/1.0; +claudebot@anthropic.com)"
54.37.252.119 - - [25/Aug/2026:01:43:14 +0500] "GET /uz/korp-upr-uzb/440-corp-upr-rating-2021 HTTP/1.1" 200 56158 "-" "Mozilla/5.0 (compatible; MJ12bot/v1.4.8; http://mj12bot.com/)"
216.73.216.20 - - [25/Aug/2026:01:43:16 +0500] "GET /shops/bowdlerism/c9u1r8r3e9n1t5198 HTTP/1.1" 301 - "-" "Mozilla/5.0 AppleWebKit/537.36 (KHTML, like Gecko; compatible; ClaudeBot/1.0; +claudebot@anthropic.com)"
216.73.216.20 - - [25/Aug/2026:01:43:17 +0500] "GET /uz/shops/bowdlerism/c9u1r8r3e9n1t5198 HTTP/1.1" 404 1215 "http://eskijuva-bozori.uz/shops/bowdlerism/c9u1r8r3e9n1t5198" "Mozilla/5.0 AppleWebKit/537.36 (KHTML, like Gecko; compatible; ClaudeBot/1.0; +claudebot@anthropic.com)"
54.37.252.119 - - [25/Aug/2026:01:43:20 +0500] "GET /uz/korp-upr-uzb/441-corp-upr-rating-2020 HTTP/1.1" 200 56158 "-" "Mozilla/5.0 (compatible; MJ12bot/v1.4.8; http://mj12bot.com/)"
216.73.216.20 - - [25/Aug/2026:01:43:22 +0500] "GET /shops/wallerian/r9e3c2o1l4o4n9i6z9e70 HTTP/1.1" 301 - "-" "Mozilla/5.0 AppleWebKit/537.36 (KHTML, like Gecko; compatible; ClaudeBot/1.0; +claudebot@anthropic.com)"
34.123.149.87 - - [25/Aug/2026:01:43:25 +0500] "GET /docs/2022/bayon_osa-31.03.2022.pdf HTTP/1.1" 200 1677187 "-" "Mozilla/5.0 (Macintosh; Intel Mac OS X 10_15_7) AppleWebKit/537.36 (KHTML, like Gecko) Chrome/120.0.0.0 Safari/537.36"
216.73.216.20 - - [25/Aug/2026:01:43:25 +0500] "GET /uz/shops/wallerian/r9e3c2o1l4o4n9i6z9e70 HTTP/1.1" 404 1215 "http://eskijuva-bozori.uz/shops/wallerian/r9e3c2o1l4o4n9i6z9e70" "Mozilla/5.0 AppleWebKit/537.36 (KHTML, like Gecko; compatible; ClaudeBot/1.0; +claudebot@anthropic.com)"
54.37.252.119 - - [25/Aug/2026:01:43:28 +0500] "GET /uz/korp-upr-uzb/450-corp-upr-rating-2024 HTTP/1.1" 200 56160 "-" "Mozilla/5.0 (compatible; MJ12bot/v1.4.8; http://mj12bot.com/)"
216.73.216.20 - - [25/Aug/2026:01:43:34 +0500] "GET /shops/aspidiotus/h9y2l8o1p6a5t2h0i9s3t0 HTTP/1.1" 301 - "-" "Mozilla/5.0 AppleWebKit/537.36 (KHTML, like Gecko; compatible; ClaudeBot/1.0; +claudebot@anthropic.com)"
54.37.252.119 - - [25/Aug/2026:01:43:38 +0500] "GET /uz/news-uzb/11-qabul-qilingan-qonunlarga-bagishlangan-seminar-bulib-utdi HTTP/1.1" 200 57414 "-" "Mozilla/5.0 (compatible; MJ12bot/v1.4.8; http://mj12bot.com/)"
216.73.216.20 - - [25/Aug/2026:01:43:39 +0500] "GET /uz/shops/aspidiotus/h9y2l8o1p6a5t2h0i9s3t0 HTTP/1.1" 404 1215 "http://eskijuva-bozori.uz/shops/aspidiotus/h9y2l8o1p6a5t2h0i9s3t0" "Mozilla/5.0 AppleWebKit/537.36 (KHTML, like Gecko; compatible; ClaudeBot/1.0; +claudebot@anthropic.com)"
216.73.216.20 - - [25/Aug/2026:01:43:40 +0500] "GET /shops/lampsana/m9a1r3r2e0r758193 HTTP/1.1" 301 - "-" "Mozilla/5.0 AppleWebKit/537.36 (KHTML, like Gecko; compatible; ClaudeBot/1.0; +claudebot@anthropic.com)"
43.159.34.167 - - [25/Aug/2026:01:43:39 +0500] "GET /ru/about-org-rus/indexes-rus HTTP/1.1" 200 62729 "-" "Mozilla/5.0 (iPhone; CPU iPhone OS 13_2_3 like Mac OS X) AppleWebKit/605.1.15 (KHTML, like Gecko) Version/13.0.3 Mobile/15E148 Safari/604.1"
216.73.216.20 - - [25/Aug/2026:01:43:43 +0500] "GET /uz/shops/lampsana/m9a1r3r2e0r758193 HTTP/1.1" 404 1215 "http://eskijuva-bozori.uz/shops/lampsana/m9a1r3r2e0r758193" "Mozilla/5.0 AppleWebKit/537.36 (KHTML, like Gecko; compatible; ClaudeBot/1.0; +claudebot@anthropic.com)"
54.37.252.119 - - [25/Aug/2026:01:43:45 +0500] "GET /uz/news-uzb/12-qimmatli-qoqozlar-bilan-bitishuvlar-tuzish-va-ularni-rujkhatdan-utkazish-tartibi-tugrisidagi-nizomga-uzgartirishlar-kiritildi HTTP/1.1" 200 58066 "-" "Mozilla/5.0 (compatible; MJ12bot/v1.4.8; http://mj12bot.com/)"
216.73.216.20 - - [25/Aug/2026:01:43:46 +0500] "GET /lampadrome/i9n2d1e5t0e3r1m0i4n6a1tion HTTP/1.1" 301 - "-" "Mozilla/5.0 AppleWebKit/537.36 (KHTML, like Gecko; compatible; ClaudeBot/1.0; +claudebot@anthropic.com)"
216.73.216.20 - - [25/Aug/2026:01:43:48 +0500] "GET /uz/lampadrome/i9n2d1e5t0e3r1m0i4n6a1tion HTTP/1.1" 404 1215 "http://eskijuva-bozori.uz/lampadrome/i9n2d1e5t0e3r1m0i4n6a1tion" "Mozilla/5.0 AppleWebKit/537.36 (KHTML, like Gecko; compatible; ClaudeBot/1.0; +claudebot@anthropic.com)"
185.191.171.19 - - [25/Aug/2026:01:43:49 +0500] "GET /ru/about-org-rus/indexes-rus/9-russian?start=20 HTTP/1.1" 200 66934 "-" "Mozilla/5.0 (compatible; SemrushBot/7~bl; +http://www.semrush.com/bot.html)"
54.37.252.119 - - [25/Aug/2026:01:43:51 +0500] "GET /uz/news-uzb/402-meeting-31-03-2023-uz HTTP/1.1" 200 60349 "-" "Mozilla/5.0 (compatible; MJ12bot/v1.4.8; http://mj12bot.com/)"
216.73.216.20 - - [25/Aug/2026:01:43:52 +0500] "GET /shops/artemisa/s9t9r5o1b1u1s0247 HTTP/1.1" 301 - "-" "Mozilla/5.0 AppleWebKit/537.36 (KHTML, like Gecko; compatible; ClaudeBot/1.0; +claudebot@anthropic.com)"
216.73.216.20 - - [25/Aug/2026:01:43:54 +0500] "GET /uz/shops/artemisa/s9t9r5o1b1u1s0247 HTTP/1.1" 404 1215 "http://eskijuva-bozori.uz/shops/artemisa/s9t9r5o1b1u1s0247" "Mozilla/5.0 AppleWebKit/537.36 (KHTML, like Gecko; compatible; ClaudeBot/1.0; +claudebot@anthropic.com)"
54.37.252.119 - - [25/Aug/2026:01:43:57 +0500] "GET /uz/news-uzb/412-meeting-04-09-2023-uz HTTP/1.1" 200 58345 "-" "Mozilla/5.0 (compatible; MJ12bot/v1.4.8; http://mj12bot.com/)"
216.73.216.20 - - [25/Aug/2026:01:43:58 +0500] "GET /?r=s9t2i1n3g7102102 HTTP/1.1" 301 - "-" "Mozilla/5.0 AppleWebKit/537.36 (KHTML, like Gecko; compatible; ClaudeBot/1.0; +claudebot@anthropic.com)"
216.73.216.20 - - [25/Aug/2026:01:44:00 +0500] "GET /uz/?r=s9t2i1n3g7102102 HTTP/1.1" 200 68214 "http://eskijuva-bozori.uz/?r=s9t2i1n3g7102102" "Mozilla/5.0 AppleWebKit/537.36 (KHTML, like Gecko; compatible; ClaudeBot/1.0; +claudebot@anthropic.com)"
54.37.252.119 - - [25/Aug/2026:01:44:04 +0500] "GET /uz/news-uzb/422-meeting-01-04-2024-uz HTTP/1.1" 200 60353 "-" "Mozilla/5.0 (compatible; MJ12bot/v1.4.8; http://mj12bot.com/)"
185.191.171.13 - - [25/Aug/2026:01:44:08 +0500] "GET /uz/facts-uzb/399-sush-fakt-08-14-09-2022-ns-pdf HTTP/1.1" 200 57316 "-" "Mozilla/5.0 (compatible; SemrushBot/7~bl; +http://www.semrush.com/bot.html)"
216.73.216.20 - - [25/Aug/2026:01:44:10 +0500] "GET /shops/fouquieriaceae/h9o2g5g8e3r8p2u3m7p4 HTTP/1.1" 301 - "-" "Mozilla/5.0 AppleWebKit/537.36 (KHTML, like Gecko; compatible; ClaudeBot/1.0; +claudebot@anthropic.com)"
54.37.252.119 - - [25/Aug/2026:01:44:10 +0500] "GET /uz/news-uzb/432-meeting-01-04-2024-uz-2 HTTP/1.1" 200 57378 "-" "Mozilla/5.0 (compatible; MJ12bot/v1.4.8; http://mj12bot.com/)"
216.73.216.20 - - [25/Aug/2026:01:44:14 +0500] "GET /uz/shops/fouquieriaceae/h9o2g5g8e3r8p2u3m7p4 HTTP/1.1" 404 1215 "http://eskijuva-bozori.uz/shops/fouquieriaceae/h9o2g5g8e3r8p2u3m7p4" "Mozilla/5.0 AppleWebKit/537.36 (KHTML, like Gecko; compatible; ClaudeBot/1.0; +claudebot@anthropic.com)"
216.73.216.20 - - [25/Aug/2026:01:44:16 +0500] "GET /?r=s9o1n7s8i8n1l0a9w070 HTTP/1.1" 301 - "-" "Mozilla/5.0 AppleWebKit/537.36 (KHTML, like Gecko; compatible; ClaudeBot/1.0; +claudebot@anthropic.com)"
54.37.252.119 - - [25/Aug/2026:01:44:17 +0500] "GET /uz/news-uzb/64-eski-juva-dehqon-bozori-aksiyadorlik-jamiyati-aktsiyadorlari-di-atiga HTTP/1.1" 200 61088 "-" "Mozilla/5.0 (compatible; MJ12bot/v1.4.8; http://mj12bot.com/)"
85.208.96.198 - - [25/Aug/2026:01:44:18 +0500] "GET /uz/?%60=f3u1c5k1e6d9u9p0460 HTTP/1.1" 200 68219 "-" "Mozilla/5.0 (compatible; SemrushBot/7~bl; +http://www.semrush.com/bot.html)"
216.73.216.20 - - [25/Aug/2026:01:44:18 +0500] "GET /uz/?r=s9o1n7s8i8n1l0a9w070 HTTP/1.1" 200 68218 "http://eskijuva-bozori.uz/?r=s9o1n7s8i8n1l0a9w070" "Mozilla/5.0 AppleWebKit/537.36 (KHTML, like Gecko; compatible; ClaudeBot/1.0; +claudebot@anthropic.com)"
216.73.216.20 - - [25/Aug/2026:01:44:28 +0500] "GET /uz/?%60=g3o2b6b0l8i8n3g1939&start=12 HTTP/1.1" 200 68035 "-" "Mozilla/5.0 AppleWebKit/537.36 (KHTML, like Gecko; compatible; ClaudeBot/1.0; +claudebot@anthropic.com)"
34.61.96.6 - - [25/Aug/2026:01:44:29 +0500] "GET /ru/9-russian HTTP/1.1" 200 68460 "-" "Mozilla/5.0 (Macintosh; Intel Mac OS X 10_15_7) AppleWebKit/537.36 (KHTML, like Gecko) Chrome/120.0.0.0 Safari/537.36"
54.37.252.119 - - [25/Aug/2026:01:44:35 +0500] "GET /uz/news-uzb?start=4 HTTP/1.1" 200 61523 "-" "Mozilla/5.0 (compatible; MJ12bot/v1.4.8; http://mj12bot.com/)"
216.73.216.20 - - [25/Aug/2026:01:44:40 +0500] "GET /uz/?%60=g3o2b6b0l8i8n3g1939&start=52 HTTP/1.1" 200 69614 "-" "Mozilla/5.0 AppleWebKit/537.36 (KHTML, like Gecko; compatible; ClaudeBot/1.0; +claudebot@anthropic.com)"
54.37.252.119 - - [25/Aug/2026:01:44:42 +0500] "GET /uz/news-uzb?template=accessibility HTTP/1.1" 200 34777 "-" "Mozilla/5.0 (compatible; MJ12bot/v1.4.8; http://mj12bot.com/)"
216.73.216.20 - - [25/Aug/2026:01:44:52 +0500] "GET /uz/?%60=g3o2b6b0l8i8n3g1939&start=8 HTTP/1.1" 200 67420 "-" "Mozilla/5.0 AppleWebKit/537.36 (KHTML, like Gecko; compatible; ClaudeBot/1.0; +claudebot@anthropic.com)"
54.37.252.119 - - [25/Aug/2026:01:44:54 +0500] "GET /uz/news-uzb?template=yoo_master2 HTTP/1.1" 200 65004 "-" "Mozilla/5.0 (compatible; MJ12bot/v1.4.8; http://mj12bot.com/)"
54.37.252.119 - - [25/Aug/2026:01:46:17 +0500] "GET /uz/officially-uzb/ustav-uzb/469-ustav-13-08-2025-uzb HTTP/1.1" 200 55813 "-" "Mozilla/5.0 (compatible; MJ12bot/v1.4.8; http://mj12bot.com/)"
216.73.216.20 - - [25/Aug/2026:01:46:22 +0500] "GET /?r=w9i3n5d1p8l8a4n2t387 HTTP/1.1" 301 - "-" "Mozilla/5.0 AppleWebKit/537.36 (KHTML, like Gecko; compatible; ClaudeBot/1.0; +claudebot@anthropic.com)"
216.73.216.20 - - [25/Aug/2026:01:46:25 +0500] "GET /uz/?r=w9i3n5d1p8l8a4n2t387 HTTP/1.1" 200 68218 "http://eskijuva-bozori.uz/?r=w9i3n5d1p8l8a4n2t387" "Mozilla/5.0 AppleWebKit/537.36 (KHTML, like Gecko; compatible; ClaudeBot/1.0; +claudebot@anthropic.com)"
216.73.216.20 - - [25/Aug/2026:01:46:35 +0500] "GET /?r=t9u3r8k0e5y2s18509 HTTP/1.1" 301 - "-" "Mozilla/5.0 AppleWebKit/537.36 (KHTML, like Gecko; compatible; ClaudeBot/1.0; +claudebot@anthropic.com)"
54.37.252.119 - - [25/Aug/2026:01:46:37 +0500] "GET /uz/prospectus-uzb/10-uzbek HTTP/1.1" 200 66824 "-" "Mozilla/5.0 (compatible; MJ12bot/v1.4.8; http://mj12bot.com/)"
216.73.216.20 - - [25/Aug/2026:01:46:38 +0500] "GET /uz/?r=t9u3r8k0e5y2s18509 HTTP/1.1" 200 68216 "http://eskijuva-bozori.uz/?r=t9u3r8k0e5y2s18509" "Mozilla/5.0 AppleWebKit/537.36 (KHTML, like Gecko; compatible; ClaudeBot/1.0; +claudebot@anthropic.com)"
216.73.216.20 - - [25/Aug/2026:01:46:47 +0500] "GET /zaratite/c9o3n8i5f0o4r7m1741 HTTP/1.1" 301 - "-" "Mozilla/5.0 AppleWebKit/537.36 (KHTML, like Gecko; compatible; ClaudeBot/1.0; +claudebot@anthropic.com)"
85.208.96.205 - - [25/Aug/2026:01:46:45 +0500] "GET /uz/news-uzb?start=16 HTTP/1.1" 200 61441 "-" "Mozilla/5.0 (compatible; SemrushBot/7~bl; +http://www.semrush.com/bot.html)"
54.37.252.119 - - [25/Aug/2026:01:46:50 +0500] "GET /uz/votes-uzb/474-prot-osa-15-09-2025-pdf HTTP/1.1" 200 55894 "-" "Mozilla/5.0 (compatible; MJ12bot/v1.4.8; http://mj12bot.com/)"
216.73.216.20 - - [25/Aug/2026:01:46:54 +0500] "GET /uz/zaratite/c9o3n8i5f0o4r7m1741 HTTP/1.1" 404 1215 "http://eskijuva-bozori.uz/zaratite/c9o3n8i5f0o4r7m1741" "Mozilla/5.0 AppleWebKit/537.36 (KHTML, like Gecko; compatible; ClaudeBot/1.0; +claudebot@anthropic.com)"
216.73.216.20 - - [25/Aug/2026:01:47:10 +0500] "GET /?r=p9h5y9s8i3o6c2r7a8t7ic HTTP/1.1" 301 - "-" "Mozilla/5.0 AppleWebKit/537.36 (KHTML, like Gecko; compatible; ClaudeBot/1.0; +claudebot@anthropic.com)"
216.73.216.20 - - [25/Aug/2026:01:47:22 +0500] "GET /haematemesis/o9v8e7r0a4p6p4r4a6i1sal HTTP/1.1" 508 288 "-" "Mozilla/5.0 AppleWebKit/537.36 (KHTML, like Gecko; compatible; ClaudeBot/1.0; +claudebot@anthropic.com)"
216.73.216.20 - - [25/Aug/2026:01:47:18 +0500] "GET /uz/?r=p9h5y9s8i3o6c2r7a8t7ic HTTP/1.1" 200 68220 "http://eskijuva-bozori.uz/?r=p9h5y9s8i3o6c2r7a8t7ic" "Mozilla/5.0 AppleWebKit/537.36 (KHTML, like Gecko; compatible; ClaudeBot/1.0; +claudebot@anthropic.com)"
85.208.96.205 - - [25/Aug/2026:01:47:30 +0500] "GET /uz/?r=l9i1t1h9o6t6r6i8t3i3s3t&start=12 HTTP/1.1" 508 288 "-" "Mozilla/5.0 (compatible; SemrushBot/7~bl; +http://www.semrush.com/bot.html)"
216.73.216.20 - - [25/Aug/2026:01:47:36 +0500] "GET /shops/pollard/p9r4o1d4d6i9n4g1439 HTTP/1.1" 301 - "-" "Mozilla/5.0 AppleWebKit/537.36 (KHTML, like Gecko; compatible; ClaudeBot/1.0; +claudebot@anthropic.com)"
216.73.216.20 - - [25/Aug/2026:01:47:42 +0500] "GET /uz/shops/pollard/p9r4o1d4d6i9n4g1439 HTTP/1.1" 404 1215 "http://eskijuva-bozori.uz/shops/pollard/p9r4o1d4d6i9n4g1439" "Mozilla/5.0 AppleWebKit/537.36 (KHTML, like Gecko; compatible; ClaudeBot/1.0; +claudebot@anthropic.com)"
18.207.79.144 - - [25/Aug/2026:01:47:43 +0500] "GET /uz/?rest_route=/wqc/v1/query&start=28 HTTP/1.1" 200 70336 "-" "Mozilla/5.0 AppleWebKit/537.36 (KHTML, like Gecko; compatible; Amazonbot/0.1; +https://developer.amazon.com/support/amazonbot) Chrome/119.0.6045.214 Safari/537.36"
216.73.216.20 - - [25/Aug/2026:01:47:48 +0500] "GET /?r=n9e3c9r0o5m6a3n5t6i7c2 HTTP/1.1" 301 - "-" "Mozilla/5.0 AppleWebKit/537.36 (KHTML, like Gecko; compatible; ClaudeBot/1.0; +claudebot@anthropic.com)"
216.73.216.20 - - [25/Aug/2026:01:47:50 +0500] "GET /uz/?r=n9e3c9r0o5m6a3n5t6i7c2 HTTP/1.1" 200 68220 "http://eskijuva-bozori.uz/?r=n9e3c9r0o5m6a3n5t6i7c2" "Mozilla/5.0 AppleWebKit/537.36 (KHTML, like Gecko; compatible; ClaudeBot/1.0; +claudebot@anthropic.com)"
216.73.216.20 - - [25/Aug/2026:01:47:59 +0500] "GET /?r=t9r2a9n9s9f1u9n2d029 HTTP/1.1" 301 - "-" "Mozilla/5.0 AppleWebKit/537.36 (KHTML, like Gecko; compatible; ClaudeBot/1.0; +claudebot@anthropic.com)"
216.73.216.20 - - [25/Aug/2026:01:48:03 +0500] "GET /uz/?r=t9r2a9n9s9f1u9n2d029 HTTP/1.1" 200 68218 "http://eskijuva-bozori.uz/?r=t9r2a9n9s9f1u9n2d029" "Mozilla/5.0 AppleWebKit/537.36 (KHTML, like Gecko; compatible; ClaudeBot/1.0; +claudebot@anthropic.com)"
216.73.216.20 - - [25/Aug/2026:01:48:11 +0500] "GET /?r=n9o4b5i0l7i4t7a8t0e5 HTTP/1.1" 301 - "-" "Mozilla/5.0 AppleWebKit/537.36 (KHTML, like Gecko; compatible; ClaudeBot/1.0; +claudebot@anthropic.com)"
216.73.216.20 - - [25/Aug/2026:01:48:15 +0500] "GET /uz/?r=n9o4b5i0l7i4t7a8t0e5 HTTP/1.1" 200 68218 "http://eskijuva-bozori.uz/?r=n9o4b5i0l7i4t7a8t0e5" "Mozilla/5.0 AppleWebKit/537.36 (KHTML, like Gecko; compatible; ClaudeBot/1.0; +claudebot@anthropic.com)"
216.73.216.20 - - [25/Aug/2026:01:48:32 +0500] "GET /?r=p9a1n4t8e4u1t2o6n1i7c7 HTTP/1.1" 301 - "-" "Mozilla/5.0 AppleWebKit/537.36 (KHTML, like Gecko; compatible; ClaudeBot/1.0; +claudebot@anthropic.com)"
216.73.216.20 - - [25/Aug/2026:01:48:35 +0500] "GET /uz/?r=p9a1n4t8e4u1t2o6n1i7c7 HTTP/1.1" 200 68220 "http://eskijuva-bozori.uz/?r=p9a1n4t8e4u1t2o6n1i7c7" "Mozilla/5.0 AppleWebKit/537.36 (KHTML, like Gecko; compatible; ClaudeBot/1.0; +claudebot@anthropic.com)"
216.73.216.20 - - [25/Aug/2026:01:48:39 +0500] "GET /?r=a9l1l2o2p1a5t9h5915 HTTP/1.1" 301 - "-" "Mozilla/5.0 AppleWebKit/537.36 (KHTML, like Gecko; compatible; ClaudeBot/1.0; +claudebot@anthropic.com)"
216.73.216.20 - - [25/Aug/2026:01:48:43 +0500] "GET /uz/?r=a9l1l2o2p1a5t9h5915 HTTP/1.1" 200 68217 "http://eskijuva-bozori.uz/?r=a9l1l2o2p1a5t9h5915" "Mozilla/5.0 AppleWebKit/537.36 (KHTML, like Gecko; compatible; ClaudeBot/1.0; +claudebot@anthropic.com)"
216.73.216.20 - - [25/Aug/2026:01:48:57 +0500] "GET /inconceptible/mumming/93608403958 HTTP/1.1" 301 - "-" "Mozilla/5.0 AppleWebKit/537.36 (KHTML, like Gecko; compatible; ClaudeBot/1.0; +claudebot@anthropic.com)"
216.73.216.20 - - [25/Aug/2026:01:48:59 +0500] "GET /uz/inconceptible/mumming/93608403958 HTTP/1.1" 404 1215 "http://eskijuva-bozori.uz/inconceptible/mumming/93608403958" "Mozilla/5.0 AppleWebKit/537.36 (KHTML, like Gecko; compatible; ClaudeBot/1.0; +claudebot@anthropic.com)"
216.73.216.20 - - [25/Aug/2026:01:49:05 +0500] "GET /shops/anisodactylous/u9n1p6a6y6443408 HTTP/1.1" 301 - "-" "Mozilla/5.0 AppleWebKit/537.36 (KHTML, like Gecko; compatible; ClaudeBot/1.0; +claudebot@anthropic.com)"
216.73.216.20 - - [25/Aug/2026:01:49:09 +0500] "GET /uz/shops/anisodactylous/u9n1p6a6y6443408 HTTP/1.1" 404 1215 "http://eskijuva-bozori.uz/shops/anisodactylous/u9n1p6a6y6443408" "Mozilla/5.0 AppleWebKit/537.36 (KHTML, like Gecko; compatible; ClaudeBot/1.0; +claudebot@anthropic.com)"
216.73.216.20 - - [25/Aug/2026:01:49:20 +0500] "GET /guttersnipe/s9t2r9a3g0g0l5i7n5g76 HTTP/1.1" 301 - "-" "Mozilla/5.0 AppleWebKit/537.36 (KHTML, like Gecko; compatible; ClaudeBot/1.0; +claudebot@anthropic.com)"
216.73.216.20 - - [25/Aug/2026:01:49:24 +0500] "GET /uz/guttersnipe/s9t2r9a3g0g0l5i7n5g76 HTTP/1.1" 404 1215 "http://eskijuva-bozori.uz/guttersnipe/s9t2r9a3g0g0l5i7n5g76" "Mozilla/5.0 AppleWebKit/537.36 (KHTML, like Gecko; compatible; ClaudeBot/1.0; +claudebot@anthropic.com)"
216.73.216.20 - - [25/Aug/2026:01:49:36 +0500] "GET /dissenter/eozoic/p9o1s3t2e3n4t3r9y507 HTTP/1.1" 301 - "-" "Mozilla/5.0 AppleWebKit/537.36 (KHTML, like Gecko; compatible; ClaudeBot/1.0; +claudebot@anthropic.com)"
216.73.216.20 - - [25/Aug/2026:01:49:39 +0500] "GET /uz/dissenter/eozoic/p9o1s3t2e3n4t3r9y507 HTTP/1.1" 404 1215 "http://eskijuva-bozori.uz/dissenter/eozoic/p9o1s3t2e3n4t3r9y507" "Mozilla/5.0 AppleWebKit/537.36 (KHTML, like Gecko; compatible; ClaudeBot/1.0; +claudebot@anthropic.com)"
216.73.216.20 - - [25/Aug/2026:01:50:13 +0500] "GET /?r=d9i2s0o5r6d6e7r0l5i0n0ess HTTP/1.1" 301 - "-" "Mozilla/5.0 AppleWebKit/537.36 (KHTML, like Gecko; compatible; ClaudeBot/1.0; +claudebot@anthropic.com)"
216.73.216.20 - - [25/Aug/2026:01:50:15 +0500] "GET /uz/?r=d9i2s0o5r6d6e7r0l5i0n0ess HTTP/1.1" 200 68223 "http://eskijuva-bozori.uz/?r=d9i2s0o5r6d6e7r0l5i0n0ess" "Mozilla/5.0 AppleWebKit/537.36 (KHTML, like Gecko; compatible; ClaudeBot/1.0; +claudebot@anthropic.com)"
216.73.216.20 - - [25/Aug/2026:01:50:26 +0500] "GET /?r=p9u8r0s1u7a6n5t775 HTTP/1.1" 301 - "-" "Mozilla/5.0 AppleWebKit/537.36 (KHTML, like Gecko; compatible; ClaudeBot/1.0; +claudebot@anthropic.com)"
216.73.216.20 - - [25/Aug/2026:01:50:28 +0500] "GET /uz/?r=p9u8r0s1u7a6n5t775 HTTP/1.1" 200 68216 "http://eskijuva-bozori.uz/?r=p9u8r0s1u7a6n5t775" "Mozilla/5.0 AppleWebKit/537.36 (KHTML, like Gecko; compatible; ClaudeBot/1.0; +claudebot@anthropic.com)"
216.73.216.20 - - [25/Aug/2026:01:50:49 +0500] "GET /?r=b9a4c0t2e6r6i0o5p9h7a5gousadj HTTP/1.1" 301 - "-" "Mozilla/5.0 AppleWebKit/537.36 (KHTML, like Gecko; compatible; ClaudeBot/1.0; +claudebot@anthropic.com)"
216.73.216.20 - - [25/Aug/2026:01:50:51 +0500] "GET /uz/?r=b9a4c0t2e6r6i0o5p9h7a5gousadj HTTP/1.1" 200 68227 "http://eskijuva-bozori.uz/?r=b9a4c0t2e6r6i0o5p9h7a5gousadj" "Mozilla/5.0 AppleWebKit/537.36 (KHTML, like Gecko; compatible; ClaudeBot/1.0; +claudebot@anthropic.com)"
216.73.216.20 - - [25/Aug/2026:01:50:57 +0500] "GET /irresilient/cyclopteridae/r9e2g4i3s9t8e5r5s3h6i7p HTTP/1.1" 301 - "-" "Mozilla/5.0 AppleWebKit/537.36 (KHTML, like Gecko; compatible; ClaudeBot/1.0; +claudebot@anthropic.com)"
216.73.216.20 - - [25/Aug/2026:01:50:59 +0500] "GET /uz/irresilient/cyclopteridae/r9e2g4i3s9t8e5r5s3h6i7p HTTP/1.1" 404 1215 "http://eskijuva-bozori.uz/irresilient/cyclopteridae/r9e2g4i3s9t8e5r5s3h6i7p" "Mozilla/5.0 AppleWebKit/537.36 (KHTML, like Gecko; compatible; ClaudeBot/1.0; +claudebot@anthropic.com)"
85.208.96.193 - - [25/Aug/2026:01:51:00 +0500] "GET /uz/?amp%3Bstart=48&function=call_user_func_array&start=28&vars%5B1%5D%5B0%5D=1 HTTP/1.1" 200 68850 "-" "Mozilla/5.0 (compatible; SemrushBot/7~bl; +http://www.semrush.com/bot.html)"
34.42.229.145 - - [25/Aug/2026:01:51:12 +0500] "GET /uz/audit-uzb/451-audit-2024-uzb HTTP/1.1" 200 55701 "-" "Mozilla/5.0 (Macintosh; Intel Mac OS X 10_15_7) AppleWebKit/537.36 (KHTML, like Gecko) Chrome/120.0.0.0 Safari/537.36"
216.73.216.20 - - [25/Aug/2026:01:51:19 +0500] "GET /?r=c9a1t6o8n0i9n7e8t2a2i9lsn HTTP/1.1" 301 - "-" "Mozilla/5.0 AppleWebKit/537.36 (KHTML, like Gecko; compatible; ClaudeBot/1.0; +claudebot@anthropic.com)"
20.104.86.241 - - [25/Aug/2026:01:51:21 +0500] "GET /wp-content/plugins/hellopress/wp_filemanager.php HTTP/1.1" 301 - "-" "-"
216.73.216.20 - - [25/Aug/2026:01:51:22 +0500] "GET /uz/?r=c9a1t6o8n0i9n7e8t2a2i9lsn HTTP/1.1" 200 68223 "http://eskijuva-bozori.uz/?r=c9a1t6o8n0i9n7e8t2a2i9lsn" "Mozilla/5.0 AppleWebKit/537.36 (KHTML, like Gecko; compatible; ClaudeBot/1.0; +claudebot@anthropic.com)"
20.104.86.241 - - [25/Aug/2026:01:51:24 +0500] "GET /uz/wp-content/plugins/hellopress/wp_filemanager.php HTTP/1.1" 404 1220 "-" "-"
20.104.86.241 - - [25/Aug/2026:01:51:27 +0500] "GET /this_is_a_new_hello_world.php HTTP/1.1" 301 - "-" "-"
20.104.86.241 - - [25/Aug/2026:01:51:29 +0500] "GET /uz/this_is_a_new_hello_world.php HTTP/1.1" 404 1220 "-" "-"
20.104.86.241 - - [25/Aug/2026:01:51:31 +0500] "GET /images.php HTTP/1.1" 301 - "-" "-"
20.104.86.241 - - [25/Aug/2026:01:51:33 +0500] "GET /uz/images.php HTTP/1.1" 404 1220 "-" "-"
20.104.86.241 - - [25/Aug/2026:01:51:34 +0500] "GET /222.php HTTP/1.1" 301 - "-" "-"
20.104.86.241 - - [25/Aug/2026:01:51:36 +0500] "GET /uz/222.php HTTP/1.1" 200 64225 "-" "-"
20.104.86.241 - - [25/Aug/2026:01:51:39 +0500] "GET /ops.php HTTP/1.1" 301 - "-" "-"
20.104.86.241 - - [25/Aug/2026:01:51:41 +0500] "GET /uz/ops.php HTTP/1.1" 404 1220 "-" "-"
20.104.86.241 - - [25/Aug/2026:01:51:43 +0500] "GET /4PJcpMFsD8B.php HTTP/1.1" 301 - "-" "-"
20.104.86.241 - - [25/Aug/2026:01:51:44 +0500] "GET /uz/4PJcpMFsD8B.php HTTP/1.1" 404 1220 "-" "-"
85.208.96.196 - - [25/Aug/2026:01:51:45 +0500] "GET /uz/?start=20&yandex-source=desktop-maps HTTP/1.1" 200 68658 "-" "Mozilla/5.0 (compatible; SemrushBot/7~bl; +http://www.semrush.com/bot.html)"
20.104.86.241 - - [25/Aug/2026:01:51:46 +0500] "GET /3PJcpMFsD8B.php HTTP/1.1" 301 - "-" "-"
20.104.86.241 - - [25/Aug/2026:01:51:48 +0500] "GET /uz/3PJcpMFsD8B.php HTTP/1.1" 404 1220 "-" "-"
216.73.216.20 - - [25/Aug/2026:01:51:48 +0500] "GET /?r=b9a3r4l6e1y8c6o1r4n07 HTTP/1.1" 301 - "-" "Mozilla/5.0 AppleWebKit/537.36 (KHTML, like Gecko; compatible; ClaudeBot/1.0; +claudebot@anthropic.com)"
20.104.86.241 - - [25/Aug/2026:01:51:50 +0500] "GET /new.php HTTP/1.1" 301 - "-" "-"
216.73.216.20 - - [25/Aug/2026:01:51:50 +0500] "GET /uz/?r=b9a3r4l6e1y8c6o1r4n07 HTTP/1.1" 200 68219 "http://eskijuva-bozori.uz/?r=b9a3r4l6e1y8c6o1r4n07" "Mozilla/5.0 AppleWebKit/537.36 (KHTML, like Gecko; compatible; ClaudeBot/1.0; +claudebot@anthropic.com)"
20.104.86.241 - - [25/Aug/2026:01:51:52 +0500] "GET /uz/new.php HTTP/1.1" 404 1220 "-" "-"
20.104.86.241 - - [25/Aug/2026:01:51:54 +0500] "GET /confag.php HTTP/1.1" 301 - "-" "-"
20.104.86.241 - - [25/Aug/2026:01:51:56 +0500] "GET /uz/confag.php HTTP/1.1" 404 1220 "-" "-"
20.104.86.241 - - [25/Aug/2026:01:51:57 +0500] "GET /9b97ec/index.php HTTP/1.1" 301 - "-" "-"
20.104.86.241 - - [25/Aug/2026:01:51:58 +0500] "GET /uz/9b97ec/index.php HTTP/1.1" 200 64202 "-" "-"
20.104.86.241 - - [25/Aug/2026:01:52:01 +0500] "GET /b9007d/index.php HTTP/1.1" 301 - "-" "-"
20.104.86.241 - - [25/Aug/2026:01:52:02 +0500] "GET /uz/b9007d/index.php HTTP/1.1" 404 1220 "-" "-"
20.104.86.241 - - [25/Aug/2026:01:52:03 +0500] "GET /aaa.php HTTP/1.1" 301 - "-" "-"
20.104.86.241 - - [25/Aug/2026:01:52:05 +0500] "GET /uz/aaa.php HTTP/1.1" 404 1220 "-" "-"
20.104.86.241 - - [25/Aug/2026:01:52:07 +0500] "GET /000.php HTTP/1.1" 301 - "-" "-"
20.104.86.241 - - [25/Aug/2026:01:52:08 +0500] "GET /uz/000.php HTTP/1.1" 404 1220 "-" "-"
20.104.86.241 - - [25/Aug/2026:01:52:10 +0500] "GET /11.php?p= HTTP/1.1" 301 - "-" "-"
20.104.86.241 - - [25/Aug/2026:01:52:11 +0500] "GET /uz/11.php?p= HTTP/1.1" 200 63154 "-" "-"
20.104.86.241 - - [25/Aug/2026:01:52:13 +0500] "GET /about.php HTTP/1.1" 301 - "-" "-"
20.104.86.241 - - [25/Aug/2026:01:52:15 +0500] "GET /uz/about.php HTTP/1.1" 404 1220 "-" "-"
20.104.86.241 - - [25/Aug/2026:01:52:16 +0500] "GET /admin.php/admin.php HTTP/1.1" 301 - "-" "-"
20.104.86.241 - - [25/Aug/2026:01:52:17 +0500] "GET /uz/admin.php/admin.php HTTP/1.1" 404 1220 "-" "-"
20.104.86.241 - - [25/Aug/2026:01:52:18 +0500] "GET /media.php HTTP/1.1" 301 - "-" "-"
20.104.86.241 - - [25/Aug/2026:01:52:20 +0500] "GET /uz/media.php HTTP/1.1" 404 1220 "-" "-"
20.104.86.241 - - [25/Aug/2026:01:52:21 +0500] "GET /admin.php HTTP/1.1" 301 - "-" "-"
20.104.86.241 - - [25/Aug/2026:01:52:23 +0500] "GET /uz/admin.php HTTP/1.1" 404 1220 "-" "-"
20.104.86.241 - - [25/Aug/2026:01:52:25 +0500] "GET /mac.php HTTP/1.1" 301 - "-" "-"
20.104.86.241 - - [25/Aug/2026:01:52:26 +0500] "GET /uz/mac.php HTTP/1.1" 404 1220 "-" "-"
20.104.86.241 - - [25/Aug/2026:01:52:28 +0500] "GET /1.php HTTP/1.1" 301 - "-" "-"
20.104.86.241 - - [25/Aug/2026:01:52:29 +0500] "GET /uz/1.php HTTP/1.1" 404 1220 "-" "-"
20.104.86.241 - - [25/Aug/2026:01:52:31 +0500] "GET /coffee.php HTTP/1.1" 301 - "-" "-"
34.123.149.87 - - [25/Aug/2026:01:52:31 +0500] "GET /uz/?_cb=5635810879191327036&start=40 HTTP/1.1" 200 68610 "-" "Mozilla/5.0 (Macintosh; Intel Mac OS X 10_15_7) AppleWebKit/537.36 (KHTML, like Gecko) Chrome/120.0.0.0 Safari/537.36"
20.104.86.241 - - [25/Aug/2026:01:52:33 +0500] "GET /uz/coffee.php HTTP/1.1" 404 1220 "-" "-"
20.104.86.241 - - [25/Aug/2026:01:52:34 +0500] "GET /classwithtostring.php?p= HTTP/1.1" 301 - "-" "-"
20.104.86.241 - - [25/Aug/2026:01:52:36 +0500] "GET /uz/classwithtostring.php?p= HTTP/1.1" 404 1220 "-" "-"
20.104.86.241 - - [25/Aug/2026:01:52:37 +0500] "GET /wp-ws68.php?p= HTTP/1.1" 301 - "-" "-"
20.104.86.241 - - [25/Aug/2026:01:52:38 +0500] "GET /uz/wp-ws68.php?p= HTTP/1.1" 404 1220 "-" "-"
20.104.86.241 - - [25/Aug/2026:01:52:39 +0500] "GET /yj09.php HTTP/1.1" 301 - "-" "-"
20.104.86.241 - - [25/Aug/2026:01:52:41 +0500] "GET /uz/yj09.php HTTP/1.1" 404 1220 "-" "-"
20.104.86.241 - - [25/Aug/2026:01:52:42 +0500] "GET /scxy.php HTTP/1.1" 301 - "-" "-"
20.104.86.241 - - [25/Aug/2026:01:52:43 +0500] "GET /uz/scxy.php HTTP/1.1" 404 1220 "-" "-"
20.104.86.241 - - [25/Aug/2026:01:52:45 +0500] "GET /blurbs.php HTTP/1.1" 301 - "-" "-"
20.104.86.241 - - [25/Aug/2026:01:52:46 +0500] "GET /uz/blurbs.php HTTP/1.1" 404 1220 "-" "-"
20.104.86.241 - - [25/Aug/2026:01:52:47 +0500] "GET /bajah.php HTTP/1.1" 301 - "-" "-"
20.104.86.241 - - [25/Aug/2026:01:52:49 +0500] "GET /uz/bajah.php HTTP/1.1" 404 1220 "-" "-"
20.104.86.241 - - [25/Aug/2026:01:52:50 +0500] "GET /domvf.php HTTP/1.1" 301 - "-" "-"
20.104.86.241 - - [25/Aug/2026:01:52:52 +0500] "GET /uz/domvf.php HTTP/1.1" 404 1220 "-" "-"
20.104.86.241 - - [25/Aug/2026:01:52:55 +0500] "GET /fpwch.php HTTP/1.1" 301 - "-" "-"
20.104.86.241 - - [25/Aug/2026:01:52:58 +0500] "GET /uz/fpwch.php HTTP/1.1" 404 1220 "-" "-"
43.161.233.190 - - [25/Aug/2026:01:52:57 +0500] "GET /ru/officially-rus/certificates-rus HTTP/1.1" 200 55028 "-" "Mozilla/5.0 (iPhone; CPU iPhone OS 13_2_3 like Mac OS X) AppleWebKit/605.1.15 (KHTML, like Gecko) Version/13.0.3 Mobile/15E148 Safari/604.1"
20.104.86.241 - - [25/Aug/2026:01:53:03 +0500] "GET /adminner.php HTTP/1.1" 301 - "-" "-"
20.104.86.241 - - [25/Aug/2026:01:53:06 +0500] "GET /uz/adminner.php HTTP/1.1" 404 1220 "-" "-"
85.208.96.205 - - [25/Aug/2026:01:53:07 +0500] "GET /uz/?function=call_user_func_array&s=index%2Fthink%5C%5C%5C%5C%5C%5C%5C%5C%5C%5C%5C%5C%5C%5C%5C%5C%5C%5C%5C%5C%5C%5C%5C%5C%5C%5C%5C%5C%5C%5C%5C%5C%5C%5C%5C%5C%5C%5C%5C%5C%5C%5C%5C%5C%5C%5C%5C%5C%5C%5C%5C%5C%5C%5C%5C%5C%5C%5C%5C%5C%5C%5C%5C%5C%5C%5C%5C%5C%5C%5C%5C%5C%5C%5C%5C%5C%5C%5C%5C%5C%5C%5C%5C%5C%5C%5C%5C%5C%5C%5C%5C%5C%5C%5C%5C%5C%5C%5C%5C%5C%5C%5C%5C%5C%5C%5C%5C%5C%5C%5C%5C%5C%5C%5C%5C%5C%5C%5C%5C%5C%5C%5C%5C%5C%5C%5C%5C%5C%5C%5C%5C%5C%5C%5C%5C%5C%5C%5C%5C%5C%5C%5C%5C%5C%5C%5C%5C%5C%5C%5C%5C%5C%5C%5C%5C%5C%5C%5C%5C%5C%5C%5C%5C%5C%5C%5C%5C%5C%5C%5C%5C%5C%5C%5C%5C%5C%5C%5C%5C%5C%5C%5C%5C%5C%5C%5C%5C%5C%5C%5C%5C%5C%5C%5C%5C%5C%5C%5C%5C%5C%5C%5C%5C%5C%5C%5C%5C%5C%5C%5C%5C%5C%5C%5C%5C%5C%5C%5C%5C%5C%5C%5C%5C%5C%5C%5C%5C%5C%5C%5C%5C%5C%5C%5C%5C%5C%5C%5C%5C%5C%5C%5C%5C%5C%5C%5C%5C%5C%5C%5C%5C%5C%5C%5C%5C%5C%5C%5C%5C%5C%5C%5C%5C%5C%5C%5C%5C%5C%5C%5C%5C%5C%5C%5C%5C%5C%5C%5C%5C%5C%5C%5C%5C%5C%5C%5C%5C%5C%5C%5C%5C%5C%5C%5C%5C%5C%5C%5C%5C%5C%5C%5C%5C%5C%5C%5C%5C%5C%5C%5C%5C%5C%5C%5C%5C%5C%5C%5C%5C%5C%5C%5C%5C%5C%5C%5C%5C%5C%5C%5C%5C%5C%5C%5C%5C%5C%5C%5C%5C%5C%5C%5C%5C%5C%5C%5C%5C%5C%5C%5C%5C%5C%5C%5C%5C%5C%5C%5C%5C%5C%5C%5C%5C%5C%5C%5C%5C%5C%5C%5C%5C%5C%5C%5C%5C%5C%5C%5C%5C%5C%5C%5C%5C%5C%5C%5C%5C%5C%5C%5C%5C%5C%5C%5C%5C%5C%5C%5C%5C%5C%5C%5C%5C%5C%5C%5C%5C%5C%5C%5C%5C%5C%5C%5C%5C%5C%5C%5C%5C%5C%5C%5C%5C%5C%5C%5C%5C%5C%5C%5C%5C%5C%5C%5C%5C%5C%5C%5C%5C%5C%5C%5C%5C%5C%5C%5C%5C%5C%5C%5C%5C%5C%5C%5C%5C%5C%5C%5C%5C%5C%5C%5C%5C%5C%5C%5C%5C%5C%5C%5C%5C%5C%5C%5C%5C%5C%5C%5C%5C%5C%5C%5C%5C%5C%5C%5C%5C%5C%5C%5C%5C%5C%5C%5C%5C%5C%5C%5C%5C%5C%5C%5C%5C%5C%5C%5C%5C%5C%5C%5C%5C%5Capp%2Finvokefunction&start=4&vars%5B0%5D=phpinfo&vars%5B1%5D%5B0%5D=1 HTTP/1.1" 200 69724 "-" "Mozilla/5.0 (compatible; SemrushBot/7~bl; +http://www.semrush.com/bot.html)"
20.104.86.241 - - [25/Aug/2026:01:53:11 +0500] "GET //abcd.php HTTP/1.1" 301 - "-" "-"
20.104.86.241 - - [25/Aug/2026:01:53:12 +0500] "GET /uz/abcd.php HTTP/1.1" 404 1220 "-" "-"
20.104.86.241 - - [25/Aug/2026:01:53:14 +0500] "GET /simple.php HTTP/1.1" 301 - "-" "-"
20.104.86.241 - - [25/Aug/2026:01:53:15 +0500] "GET /uz/simple.php HTTP/1.1" 404 1220 "-" "-"
136.119.35.120 - - [25/Aug/2026:01:53:15 +0500] "GET /uz/?destination=node&start=24 HTTP/1.1" 200 68276 "-" "Mozilla/5.0 (Macintosh; Intel Mac OS X 10_15_7) AppleWebKit/537.36 (KHTML, like Gecko) Chrome/120.0.0.0 Safari/537.36"
20.104.86.241 - - [25/Aug/2026:01:53:16 +0500] "GET /wp-load.php HTTP/1.1" 301 - "-" "-"
20.104.86.241 - - [25/Aug/2026:01:53:18 +0500] "GET /uz/wp-load.php HTTP/1.1" 404 1220 "-" "-"
20.104.86.241 - - [25/Aug/2026:01:53:20 +0500] "GET /155.php HTTP/1.1" 301 - "-" "-"
20.104.86.241 - - [25/Aug/2026:01:53:21 +0500] "GET /uz/155.php HTTP/1.1" 200 65261 "-" "-"
20.104.86.241 - - [25/Aug/2026:01:53:23 +0500] "GET /aaa.php?p= HTTP/1.1" 301 - "-" "-"
20.104.86.241 - - [25/Aug/2026:01:53:25 +0500] "GET /uz/aaa.php?p= HTTP/1.1" 404 1220 "-" "-"
20.104.86.241 - - [25/Aug/2026:01:53:26 +0500] "GET /FWAZ.php HTTP/1.1" 301 - "-" "-"
20.104.86.241 - - [25/Aug/2026:01:53:28 +0500] "GET /uz/FWAZ.php HTTP/1.1" 404 1220 "-" "-"
20.104.86.241 - - [25/Aug/2026:01:53:30 +0500] "GET /ccc.php?p= HTTP/1.1" 301 - "-" "-"
20.104.86.241 - - [25/Aug/2026:01:53:32 +0500] "GET /uz/ccc.php?p= HTTP/1.1" 404 1220 "-" "-"
20.104.86.241 - - [25/Aug/2026:01:53:34 +0500] "GET /admin.php?p= HTTP/1.1" 301 - "-" "-"
20.104.86.241 - - [25/Aug/2026:01:53:36 +0500] "GET /uz/admin.php?p= HTTP/1.1" 404 1220 "-" "-"
20.104.86.241 - - [25/Aug/2026:01:54:00 +0500] "GET /hp2.php HTTP/1.1" 301 - "-" "-"
20.104.86.241 - - [25/Aug/2026:01:54:03 +0500] "GET //doc.php HTTP/1.1" 301 - "-" "-"
20.104.86.241 - - [25/Aug/2026:01:54:04 +0500] "GET /uz/doc.php HTTP/1.1" 404 1220 "-" "-"
20.104.86.241 - - [25/Aug/2026:01:54:06 +0500] "GET /too.php HTTP/1.1" 301 - "-" "-"
20.104.86.241 - - [25/Aug/2026:01:54:09 +0500] "GET /uz/too.php HTTP/1.1" 404 1220 "-" "-"
34.10.180.98 - - [25/Aug/2026:01:54:11 +0500] "GET /media/aridocsviewer/pdfjs/web/viewer.html?file=http://www.eskijuva-bozori.uz/docs/2022/bayon_osa-31.03.2022.pdf HTTP/1.1" 200 19712 "-" "Mozilla/5.0 (Macintosh; Intel Mac OS X 10_15_7) AppleWebKit/537.36 (KHTML, like Gecko) Chrome/120.0.0.0 Safari/537.36"
20.104.86.241 - - [25/Aug/2026:01:54:10 +0500] "GET /kir.php HTTP/1.1" 301 - "-" "-"
20.104.86.241 - - [25/Aug/2026:01:54:12 +0500] "GET /uz/kir.php HTTP/1.1" 404 1220 "-" "-"
20.104.86.241 - - [25/Aug/2026:01:54:14 +0500] "GET //wp-includes/Requests/ HTTP/1.1" 301 - "-" "-"
20.104.86.241 - - [25/Aug/2026:01:54:17 +0500] "GET /uz/wp-includes/Requests HTTP/1.1" 404 1220 "-" "-"
20.104.86.241 - - [25/Aug/2026:01:54:21 +0500] "GET /wp-admin/css/colors/modern/ HTTP/1.1" 301 - "-" "-"
34.123.149.87 - - [25/Aug/2026:01:54:22 +0500] "GET /ru/events-rus?format=feed&template=accessibility&type=rss HTTP/1.1" 200 34718 "-" "Mozilla/5.0 (Macintosh; Intel Mac OS X 10_15_7) AppleWebKit/537.36 (KHTML, like Gecko) Chrome/120.0.0.0 Safari/537.36"
20.104.86.241 - - [25/Aug/2026:01:54:23 +0500] "GET /uz/wp-admin/css/colors/modern HTTP/1.1" 404 1220 "-" "-"
54.235.172.96 - - [25/Aug/2026:01:54:30 +0500] "GET /docs/2025/prot_osa-15.09.2025.pdf HTTP/1.1" 304 - "-" "Mozilla/5.0 AppleWebKit/537.36 (KHTML, like Gecko; compatible; Amazonbot/0.1; +https://developer.amazon.com/support/amazonbot) Chrome/119.0.6045.214 Safari/537.36"
20.104.86.241 - - [25/Aug/2026:01:54:27 +0500] "GET //wp-includes/assets/ HTTP/1.1" 301 - "-" "-"
20.104.86.241 - - [25/Aug/2026:01:54:32 +0500] "GET /uz/wp-includes/assets HTTP/1.1" 404 1220 "-" "-"
20.104.86.241 - - [25/Aug/2026:01:54:37 +0500] "GET /wp-admin/css/colors/sunrise/ HTTP/1.1" 301 - "-" "-"
20.104.86.241 - - [25/Aug/2026:01:54:39 +0500] "GET /uz/wp-admin/css/colors/sunrise HTTP/1.1" 404 1220 "-" "-"
18.208.11.93 - - [25/Aug/2026:01:54:40 +0500] "GET /uz/?format=feed&phpinfo=16arSsAYV%27%20OR%20178%3D(SELECT%20178%20FROM%20PG_SLEEP(15))--&type=rss HTTP/1.1" 200 6178 "-" "Mozilla/5.0 AppleWebKit/537.36 (KHTML, like Gecko; compatible; Amazonbot/0.1; +https://developer.amazon.com/support/amazonbot) Chrome/119.0.6045.214 Safari/537.36"
20.104.86.241 - - [25/Aug/2026:01:54:40 +0500] "GET //wp-includes/l10n/ HTTP/1.1" 301 - "-" "-"
20.104.86.241 - - [25/Aug/2026:01:54:41 +0500] "GET /uz/wp-includes/l10n HTTP/1.1" 404 1220 "-" "-"
20.104.86.241 - - [25/Aug/2026:01:54:42 +0500] "GET /wp-content/uploads/ HTTP/1.1" 301 - "-" "-"
20.104.86.241 - - [25/Aug/2026:01:54:43 +0500] "GET /uz/wp-content/uploads HTTP/1.1" 404 1220 "-" "-"
20.104.86.241 - - [25/Aug/2026:01:54:44 +0500] "GET //cgi-bin/index.php HTTP/1.1" 301 - "-" "-"
20.104.86.241 - - [25/Aug/2026:01:54:45 +0500] "GET /uz/cgi-bin/index.php HTTP/1.1" 404 1220 "-" "-"
20.104.86.241 - - [25/Aug/2026:01:54:48 +0500] "GET //wp-includes/css/dist/ HTTP/1.1" 301 - "-" "-"
20.104.86.241 - - [25/Aug/2026:01:54:53 +0500] "GET /uz/wp-includes/css/dist HTTP/1.1" 404 1220 "-" "-"
20.104.86.241 - - [25/Aug/2026:01:54:56 +0500] "GET //wp-includes/js/jquery/ HTTP/1.1" 301 - "-" "-"
20.104.86.241 - - [25/Aug/2026:01:54:58 +0500] "GET /uz/wp-includes/js/jquery HTTP/1.1" 404 1220 "-" "-"
185.191.171.15 - - [25/Aug/2026:01:54:59 +0500] "GET /ru/news-rus/9-russian?start=16 HTTP/1.1" 200 63655 "-" "Mozilla/5.0 (compatible; SemrushBot/7~bl; +http://www.semrush.com/bot.html)"
20.104.86.241 - - [25/Aug/2026:01:55:00 +0500] "GET //wp-content/admin.php HTTP/1.1" 301 - "-" "-"
20.104.86.241 - - [25/Aug/2026:01:55:01 +0500] "GET /uz/wp-content/admin.php HTTP/1.1" 404 1220 "-" "-"
20.104.86.241 - - [25/Aug/2026:01:55:03 +0500] "GET /wp-content/themes/index.php HTTP/1.1" 301 - "-" "-"
20.104.86.241 - - [25/Aug/2026:01:55:04 +0500] "GET /uz/wp-content/themes/index.php HTTP/1.1" 404 1220 "-" "-"
20.104.86.241 - - [25/Aug/2026:01:55:05 +0500] "GET /wp-includes/blocks/details/ HTTP/1.1" 301 - "-" "-"
20.104.86.241 - - [25/Aug/2026:01:55:06 +0500] "GET /uz/wp-includes/blocks/details HTTP/1.1" 404 1220 "-" "-"
20.104.86.241 - - [25/Aug/2026:01:55:08 +0500] "GET /.well-known/about.php HTTP/1.1" 301 - "-" "-"
20.104.86.241 - - [25/Aug/2026:01:55:09 +0500] "GET /uz/.well-known/about.php HTTP/1.1" 404 1220 "-" "-"
20.104.86.241 - - [25/Aug/2026:01:55:10 +0500] "GET /wp-includes/ID3/about.php HTTP/1.1" 301 - "-" "-"
20.104.86.241 - - [25/Aug/2026:01:55:13 +0500] "GET /uz/wp-includes/ID3/about.php HTTP/1.1" 404 1220 "-" "-"
20.104.86.241 - - [25/Aug/2026:01:55:14 +0500] "GET /wp-includes/Text/ HTTP/1.1" 301 - "-" "-"
20.104.86.241 - - [25/Aug/2026:01:55:16 +0500] "GET /uz/wp-includes/Text HTTP/1.1" 404 1220 "-" "-"
20.104.86.241 - - [25/Aug/2026:01:55:19 +0500] "GET /ts.php HTTP/1.1" 301 - "-" "-"
85.208.96.204 - - [25/Aug/2026:01:55:19 +0500] "GET /uz/?start=8&vars%5B1%5D%5B0%5D=1 HTTP/1.1" 200 67461 "-" "Mozilla/5.0 (compatible; SemrushBot/7~bl; +http://www.semrush.com/bot.html)"
20.104.86.241 - - [25/Aug/2026:01:55:24 +0500] "GET /uz/ts.php HTTP/1.1" 404 1220 "-" "-"
20.104.86.241 - - [25/Aug/2026:01:55:30 +0500] "GET /bak.php HTTP/1.1" 301 - "-" "-"
20.104.86.241 - - [25/Aug/2026:01:55:36 +0500] "GET /uz/bak.php HTTP/1.1" 404 1220 "-" "-"
20.104.86.241 - - [25/Aug/2026:01:55:43 +0500] "GET /olik.php HTTP/1.1" 301 - "-" "-"
20.104.86.241 - - [25/Aug/2026:01:55:50 +0500] "GET /uz/olik.php HTTP/1.1" 404 1220 "-" "-"
20.104.86.241 - - [25/Aug/2026:01:55:56 +0500] "GET /about.php HTTP/1.1" 301 - "-" "-"
20.104.86.241 - - [25/Aug/2026:01:56:01 +0500] "GET /uz/about.php HTTP/1.1" 404 1220 "-" "-"
20.104.86.241 - - [25/Aug/2026:01:56:06 +0500] "GET /19.php HTTP/1.1" 301 - "-" "-"
20.104.86.241 - - [25/Aug/2026:01:56:14 +0500] "GET /uz/19.php HTTP/1.1" 404 1220 "-" "-"
20.104.86.241 - - [25/Aug/2026:01:56:21 +0500] "GET /3cf97/index.php HTTP/1.1" 301 - "-" "-"
20.104.86.241 - - [25/Aug/2026:01:56:26 +0500] "GET /uz/3cf97/index.php HTTP/1.1" 404 1220 "-" "-"
20.104.86.241 - - [25/Aug/2026:01:56:34 +0500] "GET /12.php HTTP/1.1" 301 - "-" "-"
20.104.86.241 - - [25/Aug/2026:01:56:39 +0500] "GET /uz/12.php HTTP/1.1" 200 63667 "-" "-"
20.104.86.241 - - [25/Aug/2026:01:56:42 +0500] "GET /term.php HTTP/1.1" 301 - "-" "-"
20.104.86.241 - - [25/Aug/2026:01:56:44 +0500] "GET /uz/term.php HTTP/1.1" 404 1220 "-" "-"
85.208.96.206 - - [25/Aug/2026:01:58:57 +0500] "GET /ru/officially-rus/certificates-rus?template=accessibility HTTP/1.1" 200 23846 "-" "Mozilla/5.0 (compatible; SemrushBot/7~bl; +http://www.semrush.com/bot.html)"
34.123.149.87 - - [25/Aug/2026:02:00:13 +0500] "GET /ru/officially-rus/arkhiv HTTP/1.1" 200 57294 "-" "Mozilla/5.0 (Macintosh; Intel Mac OS X 10_15_7) AppleWebKit/537.36 (KHTML, like Gecko) Chrome/120.0.0.0 Safari/537.36"
216.73.216.20 - - [25/Aug/2026:02:00:41 +0500] "GET /?r=p9u3p7p6i6e7s1347 HTTP/1.1" 301 - "-" "Mozilla/5.0 AppleWebKit/537.36 (KHTML, like Gecko; compatible; ClaudeBot/1.0; +claudebot@anthropic.com)"
216.73.216.20 - - [25/Aug/2026:02:00:42 +0500] "GET /uz/?r=p9u3p7p6i6e7s1347 HTTP/1.1" 200 68266 "http://eskijuva-bozori.uz/?r=p9u3p7p6i6e7s1347" "Mozilla/5.0 AppleWebKit/537.36 (KHTML, like Gecko; compatible; ClaudeBot/1.0; +claudebot@anthropic.com)"
216.73.216.20 - - [25/Aug/2026:02:00:54 +0500] "GET /?r=t9i3t6u4l9a7r2l6y228 HTTP/1.1" 301 - "-" "Mozilla/5.0 AppleWebKit/537.36 (KHTML, like Gecko; compatible; ClaudeBot/1.0; +claudebot@anthropic.com)"
216.73.216.20 - - [25/Aug/2026:02:00:55 +0500] "GET /uz/?r=t9i3t6u4l9a7r2l6y228 HTTP/1.1" 200 68269 "http://eskijuva-bozori.uz/?r=t9i3t6u4l9a7r2l6y228" "Mozilla/5.0 AppleWebKit/537.36 (KHTML, like Gecko; compatible; ClaudeBot/1.0; +claudebot@anthropic.com)"
216.244.66.202 - - [25/Aug/2026:02:00:59 +0500] "GET /ru/9-russian?format=feed&type=atom HTTP/1.1" 200 5823 "-" "Mozilla/5.0 (compatible; DotBot/1.2; +https://opensiteexplorer.org/dotbot; help@moz.com)"
216.73.216.20 - - [25/Aug/2026:02:01:06 +0500] "GET /?r=i9m1p6r0e9g0n91000 HTTP/1.1" 301 - "-" "Mozilla/5.0 AppleWebKit/537.36 (KHTML, like Gecko; compatible; ClaudeBot/1.0; +claudebot@anthropic.com)"
216.73.216.20 - - [25/Aug/2026:02:01:08 +0500] "GET /uz/?r=i9m1p6r0e9g0n91000 HTTP/1.1" 200 68267 "http://eskijuva-bozori.uz/?r=i9m1p6r0e9g0n91000" "Mozilla/5.0 AppleWebKit/537.36 (KHTML, like Gecko; compatible; ClaudeBot/1.0; +claudebot@anthropic.com)"
216.73.216.20 - - [25/Aug/2026:02:01:18 +0500] "GET /?r=t9i1d5d1l6y6w6i3n8k2s0 HTTP/1.1" 301 - "-" "Mozilla/5.0 AppleWebKit/537.36 (KHTML, like Gecko; compatible; ClaudeBot/1.0; +claudebot@anthropic.com)"
216.73.216.20 - - [25/Aug/2026:02:01:20 +0500] "GET /uz/?r=t9i1d5d1l6y6w6i3n8k2s0 HTTP/1.1" 200 68271 "http://eskijuva-bozori.uz/?r=t9i1d5d1l6y6w6i3n8k2s0" "Mozilla/5.0 AppleWebKit/537.36 (KHTML, like Gecko; compatible; ClaudeBot/1.0; +claudebot@anthropic.com)"
216.73.216.20 - - [25/Aug/2026:02:01:30 +0500] "GET /?r=r9i3v6a3l5i9t1y9277 HTTP/1.1" 301 - "-" "Mozilla/5.0 AppleWebKit/537.36 (KHTML, like Gecko; compatible; ClaudeBot/1.0; +claudebot@anthropic.com)"
216.73.216.20 - - [25/Aug/2026:02:01:32 +0500] "GET /uz/?r=r9i3v6a3l5i9t1y9277 HTTP/1.1" 200 68268 "http://eskijuva-bozori.uz/?r=r9i3v6a3l5i9t1y9277" "Mozilla/5.0 AppleWebKit/537.36 (KHTML, like Gecko; compatible; ClaudeBot/1.0; +claudebot@anthropic.com)"
216.73.216.20 - - [25/Aug/2026:02:01:54 +0500] "GET /?r=p9r1o9p8i2t3i8a8t8i9ng HTTP/1.1" 301 - "-" "Mozilla/5.0 AppleWebKit/537.36 (KHTML, like Gecko; compatible; ClaudeBot/1.0; +claudebot@anthropic.com)"
216.73.216.20 - - [25/Aug/2026:02:02:01 +0500] "GET /uz/?r=p9r1o9p8i2t3i8a8t8i9ng HTTP/1.1" 508 288 "http://eskijuva-bozori.uz/?r=p9r1o9p8i2t3i8a8t8i9ng" "Mozilla/5.0 AppleWebKit/537.36 (KHTML, like Gecko; compatible; ClaudeBot/1.0; +claudebot@anthropic.com)"
216.73.216.20 - - [25/Aug/2026:02:02:06 +0500] "GET /shops/bejuco/c9h2i7l6o5b9o9t6h4r4u8s HTTP/1.1" 301 - "-" "Mozilla/5.0 AppleWebKit/537.36 (KHTML, like Gecko; compatible; ClaudeBot/1.0; +claudebot@anthropic.com)"
216.73.216.20 - - [25/Aug/2026:02:02:11 +0500] "GET /uz/shops/bejuco/c9h2i7l6o5b9o9t6h4r4u8s HTTP/1.1" 404 1215 "http://eskijuva-bozori.uz/shops/bejuco/c9h2i7l6o5b9o9t6h4r4u8s" "Mozilla/5.0 AppleWebKit/537.36 (KHTML, like Gecko; compatible; ClaudeBot/1.0; +claudebot@anthropic.com)"
216.73.216.20 - - [25/Aug/2026:02:02:19 +0500] "GET /shops/lichenoides/i9n1t5r5o9r8s0e5468 HTTP/1.1" 301 - "-" "Mozilla/5.0 AppleWebKit/537.36 (KHTML, like Gecko; compatible; ClaudeBot/1.0; +claudebot@anthropic.com)"
216.73.216.20 - - [25/Aug/2026:02:02:24 +0500] "GET /uz/shops/lichenoides/i9n1t5r5o9r8s0e5468 HTTP/1.1" 404 1215 "http://eskijuva-bozori.uz/shops/lichenoides/i9n1t5r5o9r8s0e5468" "Mozilla/5.0 AppleWebKit/537.36 (KHTML, like Gecko; compatible; ClaudeBot/1.0; +claudebot@anthropic.com)"
216.73.216.20 - - [25/Aug/2026:02:02:30 +0500] "GET /shops/nepenthes/i9m2m0o1b7i8l1i5s2a4t6ion HTTP/1.1" 301 - "-" "Mozilla/5.0 AppleWebKit/537.36 (KHTML, like Gecko; compatible; ClaudeBot/1.0; +claudebot@anthropic.com)"
216.73.216.20 - - [25/Aug/2026:02:02:32 +0500] "GET /uz/shops/nepenthes/i9m2m0o1b7i8l1i5s2a4t6ion HTTP/1.1" 404 1215 "http://eskijuva-bozori.uz/shops/nepenthes/i9m2m0o1b7i8l1i5s2a4t6ion" "Mozilla/5.0 AppleWebKit/537.36 (KHTML, like Gecko; compatible; ClaudeBot/1.0; +claudebot@anthropic.com)"
216.73.216.20 - - [25/Aug/2026:02:02:42 +0500] "GET /shops/quoting/i9r1r6e9s1i7l6i1e7n4t0 HTTP/1.1" 301 - "-" "Mozilla/5.0 AppleWebKit/537.36 (KHTML, like Gecko; compatible; ClaudeBot/1.0; +claudebot@anthropic.com)"
216.73.216.20 - - [25/Aug/2026:02:02:44 +0500] "GET /uz/shops/quoting/i9r1r6e9s1i7l6i1e7n4t0 HTTP/1.1" 404 1215 "http://eskijuva-bozori.uz/shops/quoting/i9r1r6e9s1i7l6i1e7n4t0" "Mozilla/5.0 AppleWebKit/537.36 (KHTML, like Gecko; compatible; ClaudeBot/1.0; +claudebot@anthropic.com)"
216.73.216.20 - - [25/Aug/2026:02:02:53 +0500] "GET /shops/kindle/t9r3a1n2s3p6o3s5i1n0g6 HTTP/1.1" 301 - "-" "Mozilla/5.0 AppleWebKit/537.36 (KHTML, like Gecko; compatible; ClaudeBot/1.0; +claudebot@anthropic.com)"
216.73.216.20 - - [25/Aug/2026:02:02:57 +0500] "GET /uz/shops/kindle/t9r3a1n2s3p6o3s5i1n0g6 HTTP/1.1" 404 1215 "http://eskijuva-bozori.uz/shops/kindle/t9r3a1n2s3p6o3s5i1n0g6" "Mozilla/5.0 AppleWebKit/537.36 (KHTML, like Gecko; compatible; ClaudeBot/1.0; +claudebot@anthropic.com)"
43.130.16.140 - - [25/Aug/2026:02:03:47 +0500] "GET /ru/officially-rus/ustav-rus HTTP/1.1" 200 61070 "-" "Mozilla/5.0 (iPhone; CPU iPhone OS 13_2_3 like Mac OS X) AppleWebKit/605.1.15 (KHTML, like Gecko) Version/13.0.3 Mobile/15E148 Safari/604.1"
216.244.66.202 - - [25/Aug/2026:02:04:11 +0500] "GET /ru/news-rus/9-prinyat-novyj-poryadok-privatizatsii-aktsij-prinadlezhashchikh-gosudarstvu?tmpl=component&print=1&layout=default&page= HTTP/1.1" 200 17380 "-" "Mozilla/5.0 (compatible; DotBot/1.2; +https://opensiteexplorer.org/dotbot; help@moz.com)"
34.10.180.98 - - [25/Aug/2026:02:04:28 +0500] "GET /docs/reports/2019/balans-1-2-2019.xls HTTP/1.1" 200 57344 "-" "Mozilla/5.0 (Macintosh; Intel Mac OS X 10_15_7) AppleWebKit/537.36 (KHTML, like Gecko) Chrome/120.0.0.0 Safari/537.36"
34.42.229.145 - - [25/Aug/2026:02:04:53 +0500] "GET /ru/about-org-rus/strategy-rus/9-russian HTTP/1.1" 200 64207 "-" "Mozilla/5.0 (Macintosh; Intel Mac OS X 10_15_7) AppleWebKit/537.36 (KHTML, like Gecko) Chrome/120.0.0.0 Safari/537.36"
116.179.32.204 - - [25/Aug/2026:02:08:04 +0500] "GET /uz/?template=eskijuva&start=48 HTTP/1.1" 200 70210 "-" "Mozilla/5.0 (compatible; Baiduspider/2.0; +http://www.baidu.com/search/spider.html)"
129.146.200.230 - - [25/Aug/2026:02:08:26 +0500] "GET /uz/jsc-docs-uzb/174-ustav-elga-xizmat-2016-uzb HTTP/1.1" 200 74951 "-" "Mozilla/5.0 (X11; Linux aarch64) AppleWebKit/537.36 (KHTML, like Gecko) Chrome/139.0.0.0 Safari/537.36"
185.191.171.2 - - [25/Aug/2026:02:08:31 +0500] "GET /ru/17-russian/shareholders-rus HTTP/1.1" 200 66038 "-" "Mozilla/5.0 (compatible; SemrushBot/7~bl; +http://www.semrush.com/bot.html)"
185.191.171.9 - - [25/Aug/2026:02:09:40 +0500] "GET /ru/comissions-rus/15-russian/officially-rus HTTP/1.1" 200 60994 "-" "Mozilla/5.0 (compatible; SemrushBot/7~bl; +http://www.semrush.com/bot.html)"
34.171.68.95 - - [25/Aug/2026:02:09:55 +0500] "GET /ru/about-org-rus/strategy-rus/17-russian/shareholders-rus HTTP/1.1" 200 61104 "-" "Mozilla/5.0 (Macintosh; Intel Mac OS X 10_15_7) AppleWebKit/537.36 (KHTML, like Gecko) Chrome/120.0.0.0 Safari/537.36"
85.208.96.210 - - [25/Aug/2026:02:10:00 +0500] "GET /uz/?%60=f3u1c5k1e6d9u9p0460&start=24 HTTP/1.1" 200 68104 "-" "Mozilla/5.0 (compatible; SemrushBot/7~bl; +http://www.semrush.com/bot.html)"
185.191.171.12 - - [25/Aug/2026:02:10:59 +0500] "GET /robots.txt HTTP/1.1" 200 111 "-" "Mozilla/5.0 (compatible; SemrushBot/7~bl; +http://www.semrush.com/bot.html)"
185.191.171.1 - - [25/Aug/2026:02:11:00 +0500] "GET /uz/facts-uzb/124-06-fact-28-06-16 HTTP/1.1" 200 89902 "-" "Mozilla/5.0 (compatible; SemrushBot/7~bl; +http://www.semrush.com/bot.html)"
43.164.131.148 - - [25/Aug/2026:02:11:44 +0500] "GET /uz/prospectus-uzb HTTP/1.1" 200 62466 "-" "Mozilla/5.0 (iPhone; CPU iPhone OS 13_2_3 like Mac OS X) AppleWebKit/605.1.15 (KHTML, like Gecko) Version/13.0.3 Mobile/15E148 Safari/604.1"
34.56.53.225 - - [25/Aug/2026:02:11:51 +0500] "GET /ru/component/search/?Itemid=116&format=opensearch HTTP/1.1" 200 743 "-" "Mozilla/5.0 (Macintosh; Intel Mac OS X 10_15_7) AppleWebKit/537.36 (KHTML, like Gecko) Chrome/120.0.0.0 Safari/537.36"
85.208.96.199 - - [25/Aug/2026:02:12:46 +0500] "GET /ru/info-for-shareholders-rus HTTP/1.1" 200 63346 "-" "Mozilla/5.0 (compatible; SemrushBot/7~bl; +http://www.semrush.com/bot.html)"
185.191.171.12 - - [25/Aug/2026:02:12:57 +0500] "GET /uz/?start=12&vars%5B1%5D%5B0%5D=1 HTTP/1.1" 200 68456 "-" "Mozilla/5.0 (compatible; SemrushBot/7~bl; +http://www.semrush.com/bot.html)"
34.56.53.225 - - [25/Aug/2026:02:13:16 +0500] "GET /docs/2019/sush_fakt-06-25.04.2019.docx HTTP/1.1" 200 38514 "-" "Mozilla/5.0 (Macintosh; Intel Mac OS X 10_15_7) AppleWebKit/537.36 (KHTML, like Gecko) Chrome/120.0.0.0 Safari/537.36"
91.213.99.99 - - [25/Aug/2026:02:13:38 +0500] "GET /.well-known/pki-validation/index.php HTTP/1.1" 404 - "-" "get_local:DCV"
141.148.158.151 - - [25/Aug/2026:02:13:51 +0500] "GET /ru/officially-rus/ustav-rus HTTP/1.1" 200 60899 "-" "Mozilla/5.0 (X11; Linux aarch64) AppleWebKit/537.36 (KHTML, like Gecko) Chrome/139.0.0.0 Safari/537.36"
