192.178.6.8 - - [24/Aug/2026:18:40:13 +0500] "GET /uz/about-org-uzb/direction-uzb?template=accessibility HTTP/1.1" 200 31701 "-" "Mozilla/5.0 (Linux; Android 6.0.1; Nexus 5X Build/MMB29P) AppleWebKit/537.36 (KHTML, like Gecko) Chrome/151.0.7922.137 Mobile Safari/537.36 (compatible; Googlebot/2.1; +http://www.google.com/bot.html)"
216.73.216.101 - - [24/Aug/2026:18:40:19 +0500] "GET /uz/?%60=s3o5l1i5d4u1n1g5u7l0ous&start=44 HTTP/1.1" 200 73351 "-" "Mozilla/5.0 AppleWebKit/537.36 (KHTML, like Gecko; compatible; ClaudeBot/1.0; +claudebot@anthropic.com)"
192.178.6.8 - - [24/Aug/2026:18:40:23 +0500] "GET /media/ext_tss/assets/css/style.css HTTP/1.1" 200 2387 "http://www.eskijuva-bozori.uz/uz/about-org-uzb/direction-uzb?template=accessibility" "Mozilla/5.0 (Linux; Android 6.0.1; Nexus 5X Build/MMB29P) AppleWebKit/537.36 (KHTML, like Gecko) Chrome/151.0.7922.137 Mobile Safari/537.36 (compatible; Googlebot/2.1; +http://www.google.com/bot.html)"
192.178.6.8 - - [24/Aug/2026:18:40:41 +0500] "GET /templates/accessibility/css/black.css HTTP/1.1" 200 3571 "http://www.eskijuva-bozori.uz/uz/interactive-uzb/faq-uzb?template=accessibility" "Mozilla/5.0 (Linux; Android 6.0.1; Nexus 5X Build/MMB29P) AppleWebKit/537.36 (KHTML, like Gecko) Chrome/151.0.7922.137 Mobile Safari/537.36 (compatible; Googlebot/2.1; +http://www.google.com/bot.html)"
192.178.6.8 - - [24/Aug/2026:18:40:43 +0500] "GET /templates/accessibility/css/master_access.css HTTP/1.1" 200 305 "http://www.eskijuva-bozori.uz/uz/interactive-uzb/faq-uzb?template=accessibility" "Mozilla/5.0 (Linux; Android 6.0.1; Nexus 5X Build/MMB29P) AppleWebKit/537.36 (KHTML, like Gecko) Chrome/151.0.7922.137 Mobile Safari/537.36 (compatible; Googlebot/2.1; +http://www.google.com/bot.html)"
216.73.216.101 - - [24/Aug/2026:18:40:41 +0500] "GET /uz/?%60=s3o5l1i5d4u1n1g5u7l0ous&start=40 HTTP/1.1" 200 75708 "-" "Mozilla/5.0 AppleWebKit/537.36 (KHTML, like Gecko; compatible; ClaudeBot/1.0; +claudebot@anthropic.com)"
216.73.216.101 - - [24/Aug/2026:18:40:53 +0500] "GET /warmonger/demurrable/b9u7f9f7l1e7h6e9a8d7 HTTP/1.1" 301 - "-" "Mozilla/5.0 AppleWebKit/537.36 (KHTML, like Gecko; compatible; ClaudeBot/1.0; +claudebot@anthropic.com)"
216.73.216.101 - - [24/Aug/2026:18:40:55 +0500] "GET /uz/warmonger/demurrable/b9u7f9f7l1e7h6e9a8d7 HTTP/1.1" 404 1215 "http://eskijuva-bozori.uz/warmonger/demurrable/b9u7f9f7l1e7h6e9a8d7" "Mozilla/5.0 AppleWebKit/537.36 (KHTML, like Gecko; compatible; ClaudeBot/1.0; +claudebot@anthropic.com)"
34.56.53.225 - - [24/Aug/2026:18:40:55 +0500] "GET /uz/?ismobile=1' HTTP/1.1" 200 68272 "-" "Mozilla/5.0 (Macintosh; Intel Mac OS X 10_15_7) AppleWebKit/537.36 (KHTML, like Gecko) Chrome/120.0.0.0 Safari/537.36"
192.178.7.129 - - [24/Aug/2026:18:41:13 +0500] "GET /templates/yoo_master2/apple_touch_icon.png HTTP/1.1" 200 12399 "-" "Googlebot-Image/1.0"
216.73.216.101 - - [24/Aug/2026:18:41:14 +0500] "GET /?r=a9b7s0o0l3u4t5i2s9t8ic HTTP/1.1" 301 - "-" "Mozilla/5.0 AppleWebKit/537.36 (KHTML, like Gecko; compatible; ClaudeBot/1.0; +claudebot@anthropic.com)"
192.178.6.9 - - [24/Aug/2026:18:41:16 +0500] "GET /ru/news-rus?template=accessibility&start=4 HTTP/1.1" 200 34745 "-" "Mozilla/5.0 (Linux; Android 6.0.1; Nexus 5X Build/MMB29P) AppleWebKit/537.36 (KHTML, like Gecko) Chrome/151.0.7922.137 Mobile Safari/537.36 (compatible; Googlebot/2.1; +http://www.google.com/bot.html)"
216.73.216.101 - - [24/Aug/2026:18:41:16 +0500] "GET /uz/?r=a9b7s0o0l3u4t5i2s9t8ic HTTP/1.1" 200 68248 "http://eskijuva-bozori.uz/?r=a9b7s0o0l3u4t5i2s9t8ic" "Mozilla/5.0 AppleWebKit/537.36 (KHTML, like Gecko; compatible; ClaudeBot/1.0; +claudebot@anthropic.com)"
34.10.180.98 - - [24/Aug/2026:18:41:17 +0500] "GET /uz/?function=call_user_func_array&start=28&vars%5B0%5D=phpinfo HTTP/1.1" 200 72391 "-" "Mozilla/5.0 (Macintosh; Intel Mac OS X 10_15_7) AppleWebKit/537.36 (KHTML, like Gecko) Chrome/120.0.0.0 Safari/537.36"
216.73.216.101 - - [24/Aug/2026:18:41:20 +0500] "GET /?r=i9n1s7i3d2e7r81600 HTTP/1.1" 301 - "-" "Mozilla/5.0 AppleWebKit/537.36 (KHTML, like Gecko; compatible; ClaudeBot/1.0; +claudebot@anthropic.com)"
216.73.216.101 - - [24/Aug/2026:18:41:24 +0500] "GET /uz/?r=i9n1s7i3d2e7r81600 HTTP/1.1" 200 68244 "http://eskijuva-bozori.uz/?r=i9n1s7i3d2e7r81600" "Mozilla/5.0 AppleWebKit/537.36 (KHTML, like Gecko; compatible; ClaudeBot/1.0; +claudebot@anthropic.com)"
192.178.6.9 - - [24/Aug/2026:18:41:25 +0500] "GET /ru/votes-rus?template=accessibility HTTP/1.1" 200 32101 "-" "Mozilla/5.0 (Linux; Android 6.0.1; Nexus 5X Build/MMB29P) AppleWebKit/537.36 (KHTML, like Gecko) Chrome/151.0.7922.137 Mobile Safari/537.36 (compatible; Googlebot/2.1; +http://www.google.com/bot.html)"
192.178.7.130 - - [24/Aug/2026:18:41:30 +0500] "GET /uz/about-org-uzb/indexes-uzb HTTP/1.1" 200 61867 "-" "Mozilla/5.0 (Linux; Android 6.0.1; Nexus 5X Build/MMB29P) AppleWebKit/537.36 (KHTML, like Gecko) Chrome/151.0.7922.173 Mobile Safari/537.36 (compatible; Googlebot/2.1; +http://www.google.com/bot.html)"
192.178.6.8 - - [24/Aug/2026:18:41:41 +0500] "GET /templates/accessibility/css/blind-ext.css HTTP/1.1" 200 270 "http://www.eskijuva-bozori.uz/ru/news-rus?template=accessibility&start=4" "Mozilla/5.0 (Linux; Android 6.0.1; Nexus 5X Build/MMB29P) AppleWebKit/537.36 (KHTML, like Gecko) Chrome/151.0.7922.137 Mobile Safari/537.36 (compatible; Googlebot/2.1; +http://www.google.com/bot.html)"
216.73.216.101 - - [24/Aug/2026:18:41:42 +0500] "GET /shops/frankenia/i9m3p1u9t8e1d02282 HTTP/1.1" 301 - "-" "Mozilla/5.0 AppleWebKit/537.36 (KHTML, like Gecko; compatible; ClaudeBot/1.0; +claudebot@anthropic.com)"
192.178.6.8 - - [24/Aug/2026:18:41:44 +0500] "GET /templates/accessibility/css/template.css HTTP/1.1" 200 28201 "http://www.eskijuva-bozori.uz/ru/news-rus?template=accessibility&start=4" "Mozilla/5.0 (Linux; Android 6.0.1; Nexus 5X Build/MMB29P) AppleWebKit/537.36 (KHTML, like Gecko) Chrome/151.0.7922.137 Mobile Safari/537.36 (compatible; Googlebot/2.1; +http://www.google.com/bot.html)"
192.178.6.8 - - [24/Aug/2026:18:41:47 +0500] "GET /templates/accessibility/js/swfobject_wrap.js HTTP/1.1" 200 655 "http://www.eskijuva-bozori.uz/ru/news-rus?template=accessibility&start=4" "Mozilla/5.0 (Linux; Android 6.0.1; Nexus 5X Build/MMB29P) AppleWebKit/537.36 (KHTML, like Gecko) Chrome/151.0.7922.137 Mobile Safari/537.36 (compatible; Googlebot/2.1; +http://www.google.com/bot.html)"
216.73.216.101 - - [24/Aug/2026:18:41:44 +0500] "GET /uz/shops/frankenia/i9m3p1u9t8e1d02282 HTTP/1.1" 404 1215 "http://eskijuva-bozori.uz/shops/frankenia/i9m3p1u9t8e1d02282" "Mozilla/5.0 AppleWebKit/537.36 (KHTML, like Gecko; compatible; ClaudeBot/1.0; +claudebot@anthropic.com)"
34.10.180.98 - - [24/Aug/2026:18:41:45 +0500] "GET /uz/?ismobile=1'&start=20 HTTP/1.1" 200 69284 "-" "Mozilla/5.0 (Macintosh; Intel Mac OS X 10_15_7) AppleWebKit/537.36 (KHTML, like Gecko) Chrome/120.0.0.0 Safari/537.36"
192.178.6.8 - - [24/Aug/2026:18:41:49 +0500] "GET /ru/news-rus/9-prinyat-novyj-poryadok-privatizatsii-aktsij-prinadlezhashchikh-gosudarstvu HTTP/1.1" 200 63894 "-" "Mozilla/5.0 (Linux; Android 6.0.1; Nexus 5X Build/MMB29P) AppleWebKit/537.36 (KHTML, like Gecko) Chrome/151.0.7922.137 Mobile Safari/537.36 (compatible; Googlebot/2.1; +http://www.google.com/bot.html)"
216.73.216.101 - - [24/Aug/2026:18:41:52 +0500] "GET /?r=r9o3m1p5u1888700 HTTP/1.1" 301 - "-" "Mozilla/5.0 AppleWebKit/537.36 (KHTML, like Gecko; compatible; ClaudeBot/1.0; +claudebot@anthropic.com)"
216.73.216.101 - - [24/Aug/2026:18:41:55 +0500] "GET /uz/?r=r9o3m1p5u1888700 HTTP/1.1" 200 68242 "http://eskijuva-bozori.uz/?r=r9o3m1p5u1888700" "Mozilla/5.0 AppleWebKit/537.36 (KHTML, like Gecko; compatible; ClaudeBot/1.0; +claudebot@anthropic.com)"
43.134.56.214 - - [24/Aug/2026:18:42:11 +0500] "GET /ru/interactive-rus/faq-rus HTTP/1.1" 200 58176 "-" "Mozilla/5.0 (iPhone; CPU iPhone OS 13_2_3 like Mac OS X) AppleWebKit/605.1.15 (KHTML, like Gecko) Version/13.0.3 Mobile/15E148 Safari/604.1"
216.73.216.101 - - [24/Aug/2026:18:42:12 +0500] "GET /?r=t9r9a8n6s1f6e5r7a1b3ility HTTP/1.1" 301 - "-" "Mozilla/5.0 AppleWebKit/537.36 (KHTML, like Gecko; compatible; ClaudeBot/1.0; +claudebot@anthropic.com)"
216.73.216.101 - - [24/Aug/2026:18:42:15 +0500] "GET /uz/?r=t9r9a8n6s1f6e5r7a1b3ility HTTP/1.1" 200 68251 "http://eskijuva-bozori.uz/?r=t9r9a8n6s1f6e5r7a1b3ility" "Mozilla/5.0 AppleWebKit/537.36 (KHTML, like Gecko; compatible; ClaudeBot/1.0; +claudebot@anthropic.com)"
216.73.216.101 - - [24/Aug/2026:18:42:34 +0500] "GET /shops/revolute/c9h2l2o0r1a8u8r3a5t1e9 HTTP/1.1" 301 - "-" "Mozilla/5.0 AppleWebKit/537.36 (KHTML, like Gecko; compatible; ClaudeBot/1.0; +claudebot@anthropic.com)"
216.73.216.101 - - [24/Aug/2026:18:42:38 +0500] "GET /uz/shops/revolute/c9h2l2o0r1a8u8r3a5t1e9 HTTP/1.1" 404 1215 "http://eskijuva-bozori.uz/shops/revolute/c9h2l2o0r1a8u8r3a5t1e9" "Mozilla/5.0 AppleWebKit/537.36 (KHTML, like Gecko; compatible; ClaudeBot/1.0; +claudebot@anthropic.com)"
216.73.216.101 - - [24/Aug/2026:18:42:47 +0500] "GET /avowedly/d9i1s8p1a6s8s0i4o0n9a1te HTTP/1.1" 301 - "-" "Mozilla/5.0 AppleWebKit/537.36 (KHTML, like Gecko; compatible; ClaudeBot/1.0; +claudebot@anthropic.com)"
216.73.216.101 - - [24/Aug/2026:18:42:50 +0500] "GET /uz/avowedly/d9i1s8p1a6s8s0i4o0n9a1te HTTP/1.1" 404 1215 "http://eskijuva-bozori.uz/avowedly/d9i1s8p1a6s8s0i4o0n9a1te" "Mozilla/5.0 AppleWebKit/537.36 (KHTML, like Gecko; compatible; ClaudeBot/1.0; +claudebot@anthropic.com)"
192.178.6.10 - - [24/Aug/2026:18:42:54 +0500] "GET /templates/accessibility/css/mint.css HTTP/1.1" 200 4198 "http://www.eskijuva-bozori.uz/ru/votes-rus?template=accessibility" "Mozilla/5.0 (Linux; Android 6.0.1; Nexus 5X Build/MMB29P) AppleWebKit/537.36 (KHTML, like Gecko) Chrome/151.0.7922.137 Mobile Safari/537.36 (compatible; Googlebot/2.1; +http://www.google.com/bot.html)"
192.178.6.10 - - [24/Aug/2026:18:42:56 +0500] "GET /templates/accessibility/js/swfobject2.js HTTP/1.1" 200 29096 "http://www.eskijuva-bozori.uz/ru/votes-rus?template=accessibility" "Mozilla/5.0 (Linux; Android 6.0.1; Nexus 5X Build/MMB29P) AppleWebKit/537.36 (KHTML, like Gecko) Chrome/151.0.7922.137 Mobile Safari/537.36 (compatible; Googlebot/2.1; +http://www.google.com/bot.html)"
192.178.6.8 - - [24/Aug/2026:18:42:58 +0500] "GET /templates/accessibility/js/jquery.js HTTP/1.1" 200 4371 "http://www.eskijuva-bozori.uz/ru/votes-rus?template=accessibility" "Mozilla/5.0 (Linux; Android 6.0.1; Nexus 5X Build/MMB29P) AppleWebKit/537.36 (KHTML, like Gecko) Chrome/151.0.7922.137 Mobile Safari/537.36 (compatible; Googlebot/2.1; +http://www.google.com/bot.html)"
216.73.216.101 - - [24/Aug/2026:18:42:56 +0500] "GET /?r=t9h4i2e3v1i1n2g7453 HTTP/1.1" 301 - "-" "Mozilla/5.0 AppleWebKit/537.36 (KHTML, like Gecko; compatible; ClaudeBot/1.0; +claudebot@anthropic.com)"
216.73.216.101 - - [24/Aug/2026:18:42:59 +0500] "GET /uz/?r=t9h4i2e3v1i1n2g7453 HTTP/1.1" 200 68245 "http://eskijuva-bozori.uz/?r=t9h4i2e3v1i1n2g7453" "Mozilla/5.0 AppleWebKit/537.36 (KHTML, like Gecko; compatible; ClaudeBot/1.0; +claudebot@anthropic.com)"
216.73.216.101 - - [24/Aug/2026:18:43:02 +0500] "GET /shops/aeroboat/b9r3i2b9i7n8g00247 HTTP/1.1" 301 - "-" "Mozilla/5.0 AppleWebKit/537.36 (KHTML, like Gecko; compatible; ClaudeBot/1.0; +claudebot@anthropic.com)"
216.73.216.101 - - [24/Aug/2026:18:43:04 +0500] "GET /uz/shops/aeroboat/b9r3i2b9i7n8g00247 HTTP/1.1" 404 1215 "http://eskijuva-bozori.uz/shops/aeroboat/b9r3i2b9i7n8g00247" "Mozilla/5.0 AppleWebKit/537.36 (KHTML, like Gecko; compatible; ClaudeBot/1.0; +claudebot@anthropic.com)"
216.73.216.101 - - [24/Aug/2026:18:43:08 +0500] "GET /?r=s9t1i1c0k3i4e7s0t465 HTTP/1.1" 301 - "-" "Mozilla/5.0 AppleWebKit/537.36 (KHTML, like Gecko; compatible; ClaudeBot/1.0; +claudebot@anthropic.com)"
216.73.216.101 - - [24/Aug/2026:18:43:11 +0500] "GET /uz/?r=s9t1i1c0k3i4e7s0t465 HTTP/1.1" 200 68246 "http://eskijuva-bozori.uz/?r=s9t1i1c0k3i4e7s0t465" "Mozilla/5.0 AppleWebKit/537.36 (KHTML, like Gecko; compatible; ClaudeBot/1.0; +claudebot@anthropic.com)"
216.73.216.101 - - [24/Aug/2026:18:43:20 +0500] "GET /shops/astert/o9v2e3r8p8r6e7s5s258 HTTP/1.1" 301 - "-" "Mozilla/5.0 AppleWebKit/537.36 (KHTML, like Gecko; compatible; ClaudeBot/1.0; +claudebot@anthropic.com)"
216.73.216.101 - - [24/Aug/2026:18:43:22 +0500] "GET /uz/shops/astert/o9v2e3r8p8r6e7s5s258 HTTP/1.1" 404 1215 "http://eskijuva-bozori.uz/shops/astert/o9v2e3r8p8r6e7s5s258" "Mozilla/5.0 AppleWebKit/537.36 (KHTML, like Gecko; compatible; ClaudeBot/1.0; +claudebot@anthropic.com)"
216.73.216.101 - - [24/Aug/2026:18:43:26 +0500] "GET /?r=r9o3u6n0d6s239368 HTTP/1.1" 301 - "-" "Mozilla/5.0 AppleWebKit/537.36 (KHTML, like Gecko; compatible; ClaudeBot/1.0; +claudebot@anthropic.com)"
216.73.216.101 - - [24/Aug/2026:18:43:29 +0500] "GET /uz/?r=r9o3u6n0d6s239368 HTTP/1.1" 200 68243 "http://eskijuva-bozori.uz/?r=r9o3u6n0d6s239368" "Mozilla/5.0 AppleWebKit/537.36 (KHTML, like Gecko; compatible; ClaudeBot/1.0; +claudebot@anthropic.com)"
216.73.216.101 - - [24/Aug/2026:18:43:38 +0500] "GET /shops/kyriological/e9n2g0i8n8e9m0e5n733 HTTP/1.1" 301 - "-" "Mozilla/5.0 AppleWebKit/537.36 (KHTML, like Gecko; compatible; ClaudeBot/1.0; +claudebot@anthropic.com)"
216.73.216.101 - - [24/Aug/2026:18:43:43 +0500] "GET /uz/shops/kyriological/e9n2g0i8n8e9m0e5n733 HTTP/1.1" 404 1215 "http://eskijuva-bozori.uz/shops/kyriological/e9n2g0i8n8e9m0e5n733" "Mozilla/5.0 AppleWebKit/537.36 (KHTML, like Gecko; compatible; ClaudeBot/1.0; +claudebot@anthropic.com)"
216.73.216.101 - - [24/Aug/2026:18:43:51 +0500] "GET /?r=s9t5a0p2h3y1l8o6r4a8phy HTTP/1.1" 301 - "-" "Mozilla/5.0 AppleWebKit/537.36 (KHTML, like Gecko; compatible; ClaudeBot/1.0; +claudebot@anthropic.com)"
216.73.216.101 - - [24/Aug/2026:18:43:56 +0500] "GET /uz/?r=s9t5a0p2h3y1l8o6r4a8phy HTTP/1.1" 200 68249 "http://eskijuva-bozori.uz/?r=s9t5a0p2h3y1l8o6r4a8phy" "Mozilla/5.0 AppleWebKit/537.36 (KHTML, like Gecko; compatible; ClaudeBot/1.0; +claudebot@anthropic.com)"
216.73.216.101 - - [24/Aug/2026:18:44:03 +0500] "GET /?r=m9o1n5o4m1e3t7e7r202 HTTP/1.1" 301 - "-" "Mozilla/5.0 AppleWebKit/537.36 (KHTML, like Gecko; compatible; ClaudeBot/1.0; +claudebot@anthropic.com)"
216.73.216.101 - - [24/Aug/2026:18:44:09 +0500] "GET /uz/?r=m9o1n5o4m1e3t7e7r202 HTTP/1.1" 200 68246 "http://eskijuva-bozori.uz/?r=m9o1n5o4m1e3t7e7r202" "Mozilla/5.0 AppleWebKit/537.36 (KHTML, like Gecko; compatible; ClaudeBot/1.0; +claudebot@anthropic.com)"
216.73.216.101 - - [24/Aug/2026:18:44:15 +0500] "GET /?r=f9o1u7n9d4a6t5i8o0nless HTTP/1.1" 301 - "-" "Mozilla/5.0 AppleWebKit/537.36 (KHTML, like Gecko; compatible; ClaudeBot/1.0; +claudebot@anthropic.com)"
216.73.216.101 - - [24/Aug/2026:18:44:21 +0500] "GET /uz/?r=f9o1u7n9d4a6t5i8o0nless HTTP/1.1" 200 68249 "http://eskijuva-bozori.uz/?r=f9o1u7n9d4a6t5i8o0nless" "Mozilla/5.0 AppleWebKit/537.36 (KHTML, like Gecko; compatible; ClaudeBot/1.0; +claudebot@anthropic.com)"
216.73.216.101 - - [24/Aug/2026:18:44:27 +0500] "GET /shops/myositic/t9o1n6i4e6s672031 HTTP/1.1" 301 - "-" "Mozilla/5.0 AppleWebKit/537.36 (KHTML, like Gecko; compatible; ClaudeBot/1.0; +claudebot@anthropic.com)"
216.73.216.101 - - [24/Aug/2026:18:44:30 +0500] "GET /uz/shops/myositic/t9o1n6i4e6s672031 HTTP/1.1" 404 1215 "http://eskijuva-bozori.uz/shops/myositic/t9o1n6i4e6s672031" "Mozilla/5.0 AppleWebKit/537.36 (KHTML, like Gecko; compatible; ClaudeBot/1.0; +claudebot@anthropic.com)"
216.73.216.101 - - [24/Aug/2026:18:44:39 +0500] "GET /?r=m9u1l2a6t7t3o68070 HTTP/1.1" 301 - "-" "Mozilla/5.0 AppleWebKit/537.36 (KHTML, like Gecko; compatible; ClaudeBot/1.0; +claudebot@anthropic.com)"
216.73.216.101 - - [24/Aug/2026:18:44:44 +0500] "GET /uz/?r=m9u1l2a6t7t3o68070 HTTP/1.1" 200 68244 "http://eskijuva-bozori.uz/?r=m9u1l2a6t7t3o68070" "Mozilla/5.0 AppleWebKit/537.36 (KHTML, like Gecko; compatible; ClaudeBot/1.0; +claudebot@anthropic.com)"
216.73.216.101 - - [24/Aug/2026:18:44:51 +0500] "GET /shops/haminoea/h9i3g9h9l9y3d5e0v2e8l0oped HTTP/1.1" 301 - "-" "Mozilla/5.0 AppleWebKit/537.36 (KHTML, like Gecko; compatible; ClaudeBot/1.0; +claudebot@anthropic.com)"
216.73.216.101 - - [24/Aug/2026:18:44:54 +0500] "GET /uz/shops/haminoea/h9i3g9h9l9y3d5e0v2e8l0oped HTTP/1.1" 404 1215 "http://eskijuva-bozori.uz/shops/haminoea/h9i3g9h9l9y3d5e0v2e8l0oped" "Mozilla/5.0 AppleWebKit/537.36 (KHTML, like Gecko; compatible; ClaudeBot/1.0; +claudebot@anthropic.com)"
216.73.216.101 - - [24/Aug/2026:18:44:57 +0500] "GET /shops/vaagmaer/h9a3r0d8i1s1h88931 HTTP/1.1" 301 - "-" "Mozilla/5.0 AppleWebKit/537.36 (KHTML, like Gecko; compatible; ClaudeBot/1.0; +claudebot@anthropic.com)"
216.73.216.101 - - [24/Aug/2026:18:45:00 +0500] "GET /uz/shops/vaagmaer/h9a3r0d8i1s1h88931 HTTP/1.1" 404 1215 "http://eskijuva-bozori.uz/shops/vaagmaer/h9a3r0d8i1s1h88931" "Mozilla/5.0 AppleWebKit/537.36 (KHTML, like Gecko; compatible; ClaudeBot/1.0; +claudebot@anthropic.com)"
34.123.149.87 - - [24/Aug/2026:18:44:59 +0500] "GET /uz/?function=call_user_func_array&start=32&vars%5B0%5D=phpinfo HTTP/1.1" 200 68600 "-" "Mozilla/5.0 (Macintosh; Intel Mac OS X 10_15_7) AppleWebKit/537.36 (KHTML, like Gecko) Chrome/120.0.0.0 Safari/537.36"
216.73.216.101 - - [24/Aug/2026:18:45:06 +0500] "GET /?r=s9w4a0r7t0h0n5e0s0s49 HTTP/1.1" 301 - "-" "Mozilla/5.0 AppleWebKit/537.36 (KHTML, like Gecko; compatible; ClaudeBot/1.0; +claudebot@anthropic.com)"
216.73.216.101 - - [24/Aug/2026:18:45:11 +0500] "GET /uz/?r=s9w4a0r7t0h0n5e0s0s49 HTTP/1.1" 200 68247 "http://eskijuva-bozori.uz/?r=s9w4a0r7t0h0n5e0s0s49" "Mozilla/5.0 AppleWebKit/537.36 (KHTML, like Gecko; compatible; ClaudeBot/1.0; +claudebot@anthropic.com)"
216.73.216.101 - - [24/Aug/2026:18:45:15 +0500] "GET /shops/axinomancy/s9t4r2u1c6k075860 HTTP/1.1" 301 - "-" "Mozilla/5.0 AppleWebKit/537.36 (KHTML, like Gecko; compatible; ClaudeBot/1.0; +claudebot@anthropic.com)"
216.73.216.101 - - [24/Aug/2026:18:45:19 +0500] "GET /uz/shops/axinomancy/s9t4r2u1c6k075860 HTTP/1.1" 404 1215 "http://eskijuva-bozori.uz/shops/axinomancy/s9t4r2u1c6k075860" "Mozilla/5.0 AppleWebKit/537.36 (KHTML, like Gecko; compatible; ClaudeBot/1.0; +claudebot@anthropic.com)"
216.73.216.101 - - [24/Aug/2026:18:45:24 +0500] "GET /?r=p9o1t0e4n0t5n0e8s2s95 HTTP/1.1" 301 - "-" "Mozilla/5.0 AppleWebKit/537.36 (KHTML, like Gecko; compatible; ClaudeBot/1.0; +claudebot@anthropic.com)"
216.73.216.101 - - [24/Aug/2026:18:45:27 +0500] "GET /uz/?r=p9o1t0e4n0t5n0e8s2s95 HTTP/1.1" 200 68247 "http://eskijuva-bozori.uz/?r=p9o1t0e4n0t5n0e8s2s95" "Mozilla/5.0 AppleWebKit/537.36 (KHTML, like Gecko; compatible; ClaudeBot/1.0; +claudebot@anthropic.com)"
216.73.216.101 - - [24/Aug/2026:18:45:36 +0500] "GET /swingling/efficaciousness/m9u2l0t5i5p4l5i8c4a1t7e HTTP/1.1" 301 - "-" "Mozilla/5.0 AppleWebKit/537.36 (KHTML, like Gecko; compatible; ClaudeBot/1.0; +claudebot@anthropic.com)"
216.73.216.101 - - [24/Aug/2026:18:45:39 +0500] "GET /uz/swingling/efficaciousness/m9u2l0t5i5p4l5i8c4a1t7e HTTP/1.1" 404 1215 "http://eskijuva-bozori.uz/swingling/efficaciousness/m9u2l0t5i5p4l5i8c4a1t7e" "Mozilla/5.0 AppleWebKit/537.36 (KHTML, like Gecko; compatible; ClaudeBot/1.0; +claudebot@anthropic.com)"
216.73.216.101 - - [24/Aug/2026:18:45:48 +0500] "GET /shops/chickeree/p9e1r7i5g2r0a3p1h215 HTTP/1.1" 301 - "-" "Mozilla/5.0 AppleWebKit/537.36 (KHTML, like Gecko; compatible; ClaudeBot/1.0; +claudebot@anthropic.com)"
34.57.162.91 - - [24/Aug/2026:18:45:50 +0500] "GET /ru/officially-rus/old-acts-rus?format=feed&type=atom HTTP/1.1" 200 198330 "-" "Mozilla/5.0 (Macintosh; Intel Mac OS X 10_15_7) AppleWebKit/537.36 (KHTML, like Gecko) Chrome/120.0.0.0 Safari/537.36"
216.73.216.101 - - [24/Aug/2026:18:45:52 +0500] "GET /uz/shops/chickeree/p9e1r7i5g2r0a3p1h215 HTTP/1.1" 404 1215 "http://eskijuva-bozori.uz/shops/chickeree/p9e1r7i5g2r0a3p1h215" "Mozilla/5.0 AppleWebKit/537.36 (KHTML, like Gecko; compatible; ClaudeBot/1.0; +claudebot@anthropic.com)"
34.57.162.91 - - [24/Aug/2026:18:45:53 +0500] "GET /uz/about-org-uzb/indexes-uzb/236-report-emitent-2017-full-uz HTTP/1.1" 200 236472 "-" "Mozilla/5.0 (Macintosh; Intel Mac OS X 10_15_7) AppleWebKit/537.36 (KHTML, like Gecko) Chrome/120.0.0.0 Safari/537.36"
216.73.216.101 - - [24/Aug/2026:18:46:00 +0500] "GET /?r=v9i3n4t0n5e9r53477 HTTP/1.1" 301 - "-" "Mozilla/5.0 AppleWebKit/537.36 (KHTML, like Gecko; compatible; ClaudeBot/1.0; +claudebot@anthropic.com)"
216.73.216.101 - - [24/Aug/2026:18:46:03 +0500] "GET /uz/?r=v9i3n4t0n5e9r53477 HTTP/1.1" 200 68244 "http://eskijuva-bozori.uz/?r=v9i3n4t0n5e9r53477" "Mozilla/5.0 AppleWebKit/537.36 (KHTML, like Gecko; compatible; ClaudeBot/1.0; +claudebot@anthropic.com)"
161.153.1.168 - - [24/Aug/2026:18:46:03 +0500] "GET /uz/officially-uzb/ustav-uzb HTTP/1.1" 200 63265 "-" "Mozilla/5.0 (X11; Linux aarch64) AppleWebKit/537.36 (KHTML, like Gecko) Chrome/139.0.0.0 Safari/537.36"
161.153.1.168 - - [24/Aug/2026:18:46:08 +0500] "GET /uz/officially-uzb/ustav-uzb HTTP/1.1" 200 63094 "-" "Mozilla/5.0 (X11; Linux aarch64) AppleWebKit/537.36 (KHTML, like Gecko) Chrome/139.0.0.0 Safari/537.36"
34.123.149.87 - - [24/Aug/2026:18:46:10 +0500] "GET /uz/votes-uzb/101-poll-12-08-15 HTTP/1.1" 200 62923 "-" "Mozilla/5.0 (Macintosh; Intel Mac OS X 10_15_7) AppleWebKit/537.36 (KHTML, like Gecko) Chrome/120.0.0.0 Safari/537.36"
216.73.216.101 - - [24/Aug/2026:18:46:12 +0500] "GET /?r=x9e3n0y5l5i9c58809 HTTP/1.1" 301 - "-" "Mozilla/5.0 AppleWebKit/537.36 (KHTML, like Gecko; compatible; ClaudeBot/1.0; +claudebot@anthropic.com)"
216.73.216.101 - - [24/Aug/2026:18:46:14 +0500] "GET /uz/?r=x9e3n0y5l5i9c58809 HTTP/1.1" 200 68244 "http://eskijuva-bozori.uz/?r=x9e3n0y5l5i9c58809" "Mozilla/5.0 AppleWebKit/537.36 (KHTML, like Gecko; compatible; ClaudeBot/1.0; +claudebot@anthropic.com)"
216.73.216.101 - - [24/Aug/2026:18:46:21 +0500] "GET /shops/homefelt/l9o4g1a4r0i6t2h3m796 HTTP/1.1" 301 - "-" "Mozilla/5.0 AppleWebKit/537.36 (KHTML, like Gecko; compatible; ClaudeBot/1.0; +claudebot@anthropic.com)"
216.73.216.101 - - [24/Aug/2026:18:46:24 +0500] "GET /uz/shops/homefelt/l9o4g1a4r0i6t2h3m796 HTTP/1.1" 404 1215 "http://eskijuva-bozori.uz/shops/homefelt/l9o4g1a4r0i6t2h3m796" "Mozilla/5.0 AppleWebKit/537.36 (KHTML, like Gecko; compatible; ClaudeBot/1.0; +claudebot@anthropic.com)"
216.73.216.101 - - [24/Aug/2026:18:46:33 +0500] "GET /shops/torous/u9n2r9e3v5e8r5e8n4t7l9y HTTP/1.1" 301 - "-" "Mozilla/5.0 AppleWebKit/537.36 (KHTML, like Gecko; compatible; ClaudeBot/1.0; +claudebot@anthropic.com)"
216.73.216.101 - - [24/Aug/2026:18:46:35 +0500] "GET /uz/shops/torous/u9n2r9e3v5e8r5e8n4t7l9y HTTP/1.1" 404 1215 "http://eskijuva-bozori.uz/shops/torous/u9n2r9e3v5e8r5e8n4t7l9y" "Mozilla/5.0 AppleWebKit/537.36 (KHTML, like Gecko; compatible; ClaudeBot/1.0; +claudebot@anthropic.com)"
216.73.216.101 - - [24/Aug/2026:18:46:46 +0500] "GET /shops/peneus/a9p1p3e5t2i7b6i6l1i8t3y HTTP/1.1" 301 - "-" "Mozilla/5.0 AppleWebKit/537.36 (KHTML, like Gecko; compatible; ClaudeBot/1.0; +claudebot@anthropic.com)"
216.73.216.101 - - [24/Aug/2026:18:46:48 +0500] "GET /uz/shops/peneus/a9p1p3e5t2i7b6i6l1i8t3y HTTP/1.1" 404 1215 "http://eskijuva-bozori.uz/shops/peneus/a9p1p3e5t2i7b6i6l1i8t3y" "Mozilla/5.0 AppleWebKit/537.36 (KHTML, like Gecko; compatible; ClaudeBot/1.0; +claudebot@anthropic.com)"
216.73.216.101 - - [24/Aug/2026:18:46:57 +0500] "GET /shops/impolitically/s9t1a7r4c3h8l5y1538 HTTP/1.1" 301 - "-" "Mozilla/5.0 AppleWebKit/537.36 (KHTML, like Gecko; compatible; ClaudeBot/1.0; +claudebot@anthropic.com)"
216.73.216.101 - - [24/Aug/2026:18:46:59 +0500] "GET /uz/shops/impolitically/s9t1a7r4c3h8l5y1538 HTTP/1.1" 404 1215 "http://eskijuva-bozori.uz/shops/impolitically/s9t1a7r4c3h8l5y1538" "Mozilla/5.0 AppleWebKit/537.36 (KHTML, like Gecko; compatible; ClaudeBot/1.0; +claudebot@anthropic.com)"
216.73.216.101 - - [24/Aug/2026:18:47:11 +0500] "GET /shops/aplodontia/b9u3t7t5e6r1i5s8640 HTTP/1.1" 301 - "-" "Mozilla/5.0 AppleWebKit/537.36 (KHTML, like Gecko; compatible; ClaudeBot/1.0; +claudebot@anthropic.com)"
216.73.216.101 - - [24/Aug/2026:18:47:13 +0500] "GET /uz/shops/aplodontia/b9u3t7t5e6r1i5s8640 HTTP/1.1" 404 1215 "http://eskijuva-bozori.uz/shops/aplodontia/b9u3t7t5e6r1i5s8640" "Mozilla/5.0 AppleWebKit/537.36 (KHTML, like Gecko; compatible; ClaudeBot/1.0; +claudebot@anthropic.com)"
216.73.216.101 - - [24/Aug/2026:18:47:23 +0500] "GET /?r=h9i1s5t9o2l3o4g3y095 HTTP/1.1" 301 - "-" "Mozilla/5.0 AppleWebKit/537.36 (KHTML, like Gecko; compatible; ClaudeBot/1.0; +claudebot@anthropic.com)"
216.73.216.101 - - [24/Aug/2026:18:47:25 +0500] "GET /uz/?r=h9i1s5t9o2l3o4g3y095 HTTP/1.1" 200 68246 "http://eskijuva-bozori.uz/?r=h9i1s5t9o2l3o4g3y095" "Mozilla/5.0 AppleWebKit/537.36 (KHTML, like Gecko; compatible; ClaudeBot/1.0; +claudebot@anthropic.com)"
216.73.216.101 - - [24/Aug/2026:18:47:35 +0500] "GET /?r=r9e3f3u3s5i6o0n6957 HTTP/1.1" 301 - "-" "Mozilla/5.0 AppleWebKit/537.36 (KHTML, like Gecko; compatible; ClaudeBot/1.0; +claudebot@anthropic.com)"
216.73.216.101 - - [24/Aug/2026:18:47:37 +0500] "GET /uz/?r=r9e3f3u3s5i6o0n6957 HTTP/1.1" 200 68245 "http://eskijuva-bozori.uz/?r=r9e3f3u3s5i6o0n6957" "Mozilla/5.0 AppleWebKit/537.36 (KHTML, like Gecko; compatible; ClaudeBot/1.0; +claudebot@anthropic.com)"
192.178.7.131 - - [24/Aug/2026:18:47:39 +0500] "GET /index.php/ HTTP/1.1" 301 - "-" "Mozilla/5.0 (Linux; Android 6.0.1; Nexus 5X Build/MMB29P) AppleWebKit/537.36 (KHTML, like Gecko) Chrome/151.0.7922.173 Mobile Safari/537.36 (compatible; Googlebot/2.1; +http://www.google.com/bot.html)"
216.73.216.101 - - [24/Aug/2026:18:47:41 +0500] "GET /?r=x9e2n5u3r3i0n5e3235 HTTP/1.1" 301 - "-" "Mozilla/5.0 AppleWebKit/537.36 (KHTML, like Gecko; compatible; ClaudeBot/1.0; +claudebot@anthropic.com)"
129.151.26.108 - - [24/Aug/2026:18:47:41 +0500] "GET /uz/officially-uzb/tenders-uzb/285-konkurs-audit-2020uzb HTTP/1.1" 200 59206 "-" "Mozilla/5.0 (X11; Linux aarch64) AppleWebKit/537.36 (KHTML, like Gecko) Chrome/139.0.0.0 Safari/537.36"
216.73.216.101 - - [24/Aug/2026:18:47:42 +0500] "GET /uz/?r=x9e2n5u3r3i0n5e3235 HTTP/1.1" 200 68245 "http://eskijuva-bozori.uz/?r=x9e2n5u3r3i0n5e3235" "Mozilla/5.0 AppleWebKit/537.36 (KHTML, like Gecko; compatible; ClaudeBot/1.0; +claudebot@anthropic.com)"
216.73.216.101 - - [24/Aug/2026:18:47:53 +0500] "GET /?r=i9m2p7l3o4r6a2t0o0r9y7 HTTP/1.1" 301 - "-" "Mozilla/5.0 AppleWebKit/537.36 (KHTML, like Gecko; compatible; ClaudeBot/1.0; +claudebot@anthropic.com)"
216.73.216.101 - - [24/Aug/2026:18:47:54 +0500] "GET /uz/?r=i9m2p7l3o4r6a2t0o0r9y7 HTTP/1.1" 200 68248 "http://eskijuva-bozori.uz/?r=i9m2p7l3o4r6a2t0o0r9y7" "Mozilla/5.0 AppleWebKit/537.36 (KHTML, like Gecko; compatible; ClaudeBot/1.0; +claudebot@anthropic.com)"
216.73.216.101 - - [24/Aug/2026:18:48:05 +0500] "GET /shops/chrysaniline/b9a3c5t6e2r2i7o8s5t7a0sis HTTP/1.1" 301 - "-" "Mozilla/5.0 AppleWebKit/537.36 (KHTML, like Gecko; compatible; ClaudeBot/1.0; +claudebot@anthropic.com)"
34.30.223.149 - - [24/Aug/2026:18:48:06 +0500] "GET /ru/component/search/?Itemid=130&format=opensearch HTTP/1.1" 200 743 "-" "Mozilla/5.0 (Macintosh; Intel Mac OS X 10_15_7) AppleWebKit/537.36 (KHTML, like Gecko) Chrome/120.0.0.0 Safari/537.36"
216.73.216.101 - - [24/Aug/2026:18:48:07 +0500] "GET /uz/shops/chrysaniline/b9a3c5t6e2r2i7o8s5t7a0sis HTTP/1.1" 404 1215 "http://eskijuva-bozori.uz/shops/chrysaniline/b9a3c5t6e2r2i7o8s5t7a0sis" "Mozilla/5.0 AppleWebKit/537.36 (KHTML, like Gecko; compatible; ClaudeBot/1.0; +claudebot@anthropic.com)"
216.73.216.101 - - [24/Aug/2026:18:48:13 +0500] "GET /blisses/i9n1c7u5r5a5b7i1l4i1t1y HTTP/1.1" 301 - "-" "Mozilla/5.0 AppleWebKit/537.36 (KHTML, like Gecko; compatible; ClaudeBot/1.0; +claudebot@anthropic.com)"
216.73.216.101 - - [24/Aug/2026:18:48:14 +0500] "GET /uz/blisses/i9n1c7u5r5a5b7i1l4i1t1y HTTP/1.1" 404 1215 "http://eskijuva-bozori.uz/blisses/i9n1c7u5r5a5b7i1l4i1t1y" "Mozilla/5.0 AppleWebKit/537.36 (KHTML, like Gecko; compatible; ClaudeBot/1.0; +claudebot@anthropic.com)"
216.73.216.101 - - [24/Aug/2026:18:48:27 +0500] "GET /?r=c9o3u0n2t9e0r9a9c1t4i9ng HTTP/1.1" 301 - "-" "Mozilla/5.0 AppleWebKit/537.36 (KHTML, like Gecko; compatible; ClaudeBot/1.0; +claudebot@anthropic.com)"
216.73.216.101 - - [24/Aug/2026:18:48:29 +0500] "GET /uz/?r=c9o3u0n2t9e0r9a9c1t4i9ng HTTP/1.1" 200 68250 "http://eskijuva-bozori.uz/?r=c9o3u0n2t9e0r9a9c1t4i9ng" "Mozilla/5.0 AppleWebKit/537.36 (KHTML, like Gecko; compatible; ClaudeBot/1.0; +claudebot@anthropic.com)"
85.208.96.212 - - [24/Aug/2026:18:48:26 +0500] "GET /uz/facts-uzb?start=45&template=yoo_master2 HTTP/1.1" 200 68769 "-" "Mozilla/5.0 (compatible; SemrushBot/7~bl; +http://www.semrush.com/bot.html)"
216.73.216.101 - - [24/Aug/2026:18:48:39 +0500] "GET /shops/soldierlike/c9o3r7e4g0o8n3u6s26 HTTP/1.1" 301 - "-" "Mozilla/5.0 AppleWebKit/537.36 (KHTML, like Gecko; compatible; ClaudeBot/1.0; +claudebot@anthropic.com)"
216.73.216.101 - - [24/Aug/2026:18:48:41 +0500] "GET /uz/shops/soldierlike/c9o3r7e4g0o8n3u6s26 HTTP/1.1" 404 1215 "http://eskijuva-bozori.uz/shops/soldierlike/c9o3r7e4g0o8n3u6s26" "Mozilla/5.0 AppleWebKit/537.36 (KHTML, like Gecko; compatible; ClaudeBot/1.0; +claudebot@anthropic.com)"
216.73.216.101 - - [24/Aug/2026:18:48:51 +0500] "GET /?r=a9u2g7m1e4n8t4a0t8i4o5n HTTP/1.1" 301 - "-" "Mozilla/5.0 AppleWebKit/537.36 (KHTML, like Gecko; compatible; ClaudeBot/1.0; +claudebot@anthropic.com)"
216.73.216.101 - - [24/Aug/2026:18:48:53 +0500] "GET /uz/?r=a9u2g7m1e4n8t4a0t8i4o5n HTTP/1.1" 200 68249 "http://eskijuva-bozori.uz/?r=a9u2g7m1e4n8t4a0t8i4o5n" "Mozilla/5.0 AppleWebKit/537.36 (KHTML, like Gecko; compatible; ClaudeBot/1.0; +claudebot@anthropic.com)"
192.178.7.131 - - [24/Aug/2026:18:48:57 +0500] "GET /uz/about-org-uzb/sajt-kharitasi HTTP/1.1" 200 58504 "-" "Mozilla/5.0 (Linux; Android 6.0.1; Nexus 5X Build/MMB29P) AppleWebKit/537.36 (KHTML, like Gecko) Chrome/151.0.7922.173 Mobile Safari/537.36 (compatible; Googlebot/2.1; +http://www.google.com/bot.html)"
216.73.216.101 - - [24/Aug/2026:18:49:00 +0500] "GET /shops/signatus/u9n1t5o6w8a0r7d1140 HTTP/1.1" 301 - "-" "Mozilla/5.0 AppleWebKit/537.36 (KHTML, like Gecko; compatible; ClaudeBot/1.0; +claudebot@anthropic.com)"
216.73.216.101 - - [24/Aug/2026:18:49:02 +0500] "GET /uz/shops/signatus/u9n1t5o6w8a0r7d1140 HTTP/1.1" 404 1215 "http://eskijuva-bozori.uz/shops/signatus/u9n1t5o6w8a0r7d1140" "Mozilla/5.0 AppleWebKit/537.36 (KHTML, like Gecko; compatible; ClaudeBot/1.0; +claudebot@anthropic.com)"
216.73.216.101 - - [24/Aug/2026:18:49:13 +0500] "GET /shops/bellbottomed/d9y3a9u3s8690055 HTTP/1.1" 301 - "-" "Mozilla/5.0 AppleWebKit/537.36 (KHTML, like Gecko; compatible; ClaudeBot/1.0; +claudebot@anthropic.com)"
216.73.216.101 - - [24/Aug/2026:18:49:14 +0500] "GET /uz/shops/bellbottomed/d9y3a9u3s8690055 HTTP/1.1" 404 1215 "http://eskijuva-bozori.uz/shops/bellbottomed/d9y3a9u3s8690055" "Mozilla/5.0 AppleWebKit/537.36 (KHTML, like Gecko; compatible; ClaudeBot/1.0; +claudebot@anthropic.com)"
192.178.7.130 - - [24/Aug/2026:18:49:16 +0500] "GET /uz/ HTTP/1.1" 200 68467 "-" "Mozilla/5.0 (Linux; Android 6.0.1; Nexus 5X Build/MMB29P) AppleWebKit/537.36 (KHTML, like Gecko) Chrome/151.0.7922.173 Mobile Safari/537.36 (compatible; Googlebot/2.1; +http://www.google.com/bot.html)"
34.10.180.98 - - [24/Aug/2026:18:49:20 +0500] "GET /uz/news-uzb?start=12&template=eskijuva HTTP/1.1" 200 62036 "-" "Mozilla/5.0 (Macintosh; Intel Mac OS X 10_15_7) AppleWebKit/537.36 (KHTML, like Gecko) Chrome/120.0.0.0 Safari/537.36"
216.73.216.101 - - [24/Aug/2026:18:49:25 +0500] "GET /shops/grevillea/m9o1n8t2h1l9i0n9g603 HTTP/1.1" 301 - "-" "Mozilla/5.0 AppleWebKit/537.36 (KHTML, like Gecko; compatible; ClaudeBot/1.0; +claudebot@anthropic.com)"
216.73.216.101 - - [24/Aug/2026:18:49:26 +0500] "GET /uz/shops/grevillea/m9o1n8t2h1l9i0n9g603 HTTP/1.1" 404 1215 "http://eskijuva-bozori.uz/shops/grevillea/m9o1n8t2h1l9i0n9g603" "Mozilla/5.0 AppleWebKit/537.36 (KHTML, like Gecko; compatible; ClaudeBot/1.0; +claudebot@anthropic.com)"
216.73.216.101 - - [24/Aug/2026:18:49:37 +0500] "GET /?r=c9u3l4t1u2r2i7s1t120 HTTP/1.1" 301 - "-" "Mozilla/5.0 AppleWebKit/537.36 (KHTML, like Gecko; compatible; ClaudeBot/1.0; +claudebot@anthropic.com)"
216.73.216.101 - - [24/Aug/2026:18:49:38 +0500] "GET /uz/?r=c9u3l4t1u2r2i7s1t120 HTTP/1.1" 200 68246 "http://eskijuva-bozori.uz/?r=c9u3l4t1u2r2i7s1t120" "Mozilla/5.0 AppleWebKit/537.36 (KHTML, like Gecko; compatible; ClaudeBot/1.0; +claudebot@anthropic.com)"
34.57.162.91 - - [24/Aug/2026:18:49:57 +0500] "GET /ru/audit-rus?template=yoo_master2 HTTP/1.1" 200 61773 "-" "Mozilla/5.0 (Macintosh; Intel Mac OS X 10_15_7) AppleWebKit/537.36 (KHTML, like Gecko) Chrome/120.0.0.0 Safari/537.36"
185.191.171.8 - - [24/Aug/2026:18:50:06 +0500] "GET /robots.txt HTTP/1.1" 200 111 "-" "Mozilla/5.0 (compatible; SemrushBot/7~bl; +http://www.semrush.com/bot.html)"
185.191.171.11 - - [24/Aug/2026:18:50:06 +0500] "GET /uz/?function=call_user_func_array&start=28&vars%5B1%5D%5B0%5D=1 HTTP/1.1" 200 68820 "-" "Mozilla/5.0 (compatible; SemrushBot/7~bl; +http://www.semrush.com/bot.html)"
185.191.171.5 - - [24/Aug/2026:18:50:23 +0500] "GET /uz/about-org-uzb/strategy-uzb?start=10 HTTP/1.1" 200 59304 "-" "Mozilla/5.0 (compatible; SemrushBot/7~bl; +http://www.semrush.com/bot.html)"
34.10.180.98 - - [24/Aug/2026:18:50:26 +0500] "GET /uz/about-org-uzb/strategy-uzb/421-biznes-plan-2024-pdf HTTP/1.1" 200 55977 "-" "Mozilla/5.0 (Macintosh; Intel Mac OS X 10_15_7) AppleWebKit/537.36 (KHTML, like Gecko) Chrome/120.0.0.0 Safari/537.36"
34.123.149.87 - - [24/Aug/2026:18:50:37 +0500] "GET /uz/?destination=node&format=feed&q=node&type=atom HTTP/1.1" 200 8940 "-" "Mozilla/5.0 (Macintosh; Intel Mac OS X 10_15_7) AppleWebKit/537.36 (KHTML, like Gecko) Chrome/120.0.0.0 Safari/537.36"
85.208.96.207 - - [24/Aug/2026:18:51:37 +0500] "GET /uz/?Command=NOOP&NewWebClient=1&start=20 HTTP/1.1" 200 68671 "-" "Mozilla/5.0 (compatible; SemrushBot/7~bl; +http://www.semrush.com/bot.html)"
85.208.96.211 - - [24/Aug/2026:18:51:53 +0500] "GET /ru/news-rus?template=yoo_master2 HTTP/1.1" 200 60170 "-" "Mozilla/5.0 (compatible; SemrushBot/7~bl; +http://www.semrush.com/bot.html)"
34.10.180.98 - - [24/Aug/2026:18:51:55 +0500] "GET /ru/interactive-rus/faq-rus?template=yoo_master2 HTTP/1.1" 200 57483 "-" "Mozilla/5.0 (Macintosh; Intel Mac OS X 10_15_7) AppleWebKit/537.36 (KHTML, like Gecko) Chrome/120.0.0.0 Safari/537.36"
43.153.36.110 - - [24/Aug/2026:18:52:30 +0500] "GET /ru/component/mijopolls/poll/1-opros-rus HTTP/1.1" 200 59771 "-" "Mozilla/5.0 (iPhone; CPU iPhone OS 13_2_3 like Mac OS X) AppleWebKit/605.1.15 (KHTML, like Gecko) Version/13.0.3 Mobile/15E148 Safari/604.1"
34.10.180.98 - - [24/Aug/2026:18:52:45 +0500] "GET /uz/?destination=node&q=node&start=20 HTTP/1.1" 200 68506 "-" "Mozilla/5.0 (Macintosh; Intel Mac OS X 10_15_7) AppleWebKit/537.36 (KHTML, like Gecko) Chrome/120.0.0.0 Safari/537.36"
114.119.153.172 - - [24/Aug/2026:18:52:51 +0500] "GET /ru/news-rus?template=yoo_master2 HTTP/1.1" 200 59987 "http://eskijuva-bozori.uz/ru/news-rus?template=yoo_master2&start=8" "Mozilla/5.0 (Linux; Android 7.0;) AppleWebKit/537.36 (HTML, like Gecko) Mobile Safari/537.36 (compatible; PetalBot;+https://webmaster.petalsearch.com/site/petalbot)"
34.56.53.225 - - [24/Aug/2026:18:53:16 +0500] "GET /docs/2022/balans-2021.docx HTTP/1.1" 200 73068 "-" "Mozilla/5.0 (Macintosh; Intel Mac OS X 10_15_7) AppleWebKit/537.36 (KHTML, like Gecko) Chrome/120.0.0.0 Safari/537.36"
192.178.7.131 - - [24/Aug/2026:18:53:41 +0500] "GET /uz/contacts-uzb HTTP/1.1" 200 64658 "-" "Mozilla/5.0 (Linux; Android 6.0.1; Nexus 5X Build/MMB29P) AppleWebKit/537.36 (KHTML, like Gecko) Chrome/151.0.7922.173 Mobile Safari/537.36 (compatible; Googlebot/2.1; +http://www.google.com/bot.html)"
34.61.96.6 - - [24/Aug/2026:18:53:42 +0500] "GET /ru/about-org-rus/indexes-rus/347-reports-2021-rus HTTP/1.1" 200 57080 "-" "Mozilla/5.0 (Macintosh; Intel Mac OS X 10_15_7) AppleWebKit/537.36 (KHTML, like Gecko) Chrome/120.0.0.0 Safari/537.36"
192.178.7.130 - - [24/Aug/2026:18:53:59 +0500] "GET /ru/facts-rus/337-32-fact-02-04-2021 HTTP/1.1" 200 185769 "-" "Mozilla/5.0 (Linux; Android 6.0.1; Nexus 5X Build/MMB29P) AppleWebKit/537.36 (KHTML, like Gecko) Chrome/151.0.7922.137 Mobile Safari/537.36 (compatible; Googlebot/2.1; +http://www.google.com/bot.html)"
85.208.96.207 - - [24/Aug/2026:18:54:11 +0500] "GET /uz/?function=call_user_func_array&s=index%2Fthink%5C%5C%5C%5C%5C%5C%5C%5C%5C%5C%5C%5C%5C%5C%5C%5C%5C%5C%5C%5C%5C%5C%5C%5C%5C%5C%5C%5C%5C%5C%5C%5C%5C%5C%5C%5C%5C%5C%5C%5C%5C%5C%5C%5C%5C%5C%5C%5C%5C%5C%5C%5C%5C%5C%5C%5C%5C%5C%5C%5C%5C%5C%5C%5Capp%2Finvokefunction&start=8&vars%5B0%5D=phpinfo&vars%5B1%5D%5B0%5D=1 HTTP/1.1" 200 69861 "-" "Mozilla/5.0 (compatible; SemrushBot/7~bl; +http://www.semrush.com/bot.html)"
34.56.53.225 - - [24/Aug/2026:18:54:16 +0500] "GET /ru/about-org-rus/strategy-rus?format=feed&template=accessibility&type=rss HTTP/1.1" 200 75212 "-" "Mozilla/5.0 (Macintosh; Intel Mac OS X 10_15_7) AppleWebKit/537.36 (KHTML, like Gecko) Chrome/120.0.0.0 Safari/537.36"
192.178.7.129 - - [24/Aug/2026:18:54:34 +0500] "GET /odr/order/apiGetCartItems/ HTTP/1.1" 301 - "http://eskijuva-bozori.uz/ru/facts-rus/337-32-fact-02-04-2021" "Mozilla/5.0 (Linux; Android 6.0.1; Nexus 5X Build/MMB29P) AppleWebKit/537.36 (KHTML, like Gecko) Chrome/151.0.7922.137 Mobile Safari/537.36 (compatible; Googlebot/2.1; +http://www.google.com/bot.html)"
192.178.7.129 - - [24/Aug/2026:18:54:36 +0500] "GET /uz/odr/order/apiGetCartItems HTTP/1.1" 404 1215 "http://eskijuva-bozori.uz/ru/facts-rus/337-32-fact-02-04-2021" "Mozilla/5.0 (Linux; Android 6.0.1; Nexus 5X Build/MMB29P) AppleWebKit/537.36 (KHTML, like Gecko) Chrome/151.0.7922.137 Mobile Safari/537.36 (compatible; Googlebot/2.1; +http://www.google.com/bot.html)"
192.178.7.129 - - [24/Aug/2026:18:54:46 +0500] "GET /ctg/apiAllLCate/ HTTP/1.1" 301 - "http://eskijuva-bozori.uz/ru/facts-rus/337-32-fact-02-04-2021" "Mozilla/5.0 (Linux; Android 6.0.1; Nexus 5X Build/MMB29P) AppleWebKit/537.36 (KHTML, like Gecko) Chrome/151.0.7922.137 Mobile Safari/537.36 (compatible; Googlebot/2.1; +http://www.google.com/bot.html)"
192.178.7.129 - - [24/Aug/2026:18:54:48 +0500] "GET /uz/ctg/apiAllLCate HTTP/1.1" 404 1215 "http://eskijuva-bozori.uz/ru/facts-rus/337-32-fact-02-04-2021" "Mozilla/5.0 (Linux; Android 6.0.1; Nexus 5X Build/MMB29P) AppleWebKit/537.36 (KHTML, like Gecko) Chrome/151.0.7922.137 Mobile Safari/537.36 (compatible; Googlebot/2.1; +http://www.google.com/bot.html)"
192.178.7.129 - - [24/Aug/2026:18:55:00 +0500] "GET /uz/invest-uzb HTTP/1.1" 200 56106 "-" "Mozilla/5.0 (Linux; Android 6.0.1; Nexus 5X Build/MMB29P) AppleWebKit/537.36 (KHTML, like Gecko) Chrome/151.0.7922.173 Mobile Safari/537.36 (compatible; Googlebot/2.1; +http://www.google.com/bot.html)"
34.171.68.95 - - [24/Aug/2026:18:55:29 +0500] "GET /uz/facts-uzb?start=90&template=yoo_master2 HTTP/1.1" 200 63300 "-" "Mozilla/5.0 (Macintosh; Intel Mac OS X 10_15_7) AppleWebKit/537.36 (KHTML, like Gecko) Chrome/120.0.0.0 Safari/537.36"
185.191.171.12 - - [24/Aug/2026:18:55:33 +0500] "GET /ru/prospectus-rus/187-prospectus-add-27-03-09-rus HTTP/1.1" 200 55790 "-" "Mozilla/5.0 (compatible; SemrushBot/7~bl; +http://www.semrush.com/bot.html)"
85.208.96.209 - - [24/Aug/2026:18:58:50 +0500] "GET /ru/about-org-rus/strategy-rus/11-russian/about-org-rus HTTP/1.1" 200 61346 "-" "Mozilla/5.0 (compatible; SemrushBot/7~bl; +http://www.semrush.com/bot.html)"
85.208.96.193 - - [24/Aug/2026:18:58:49 +0500] "GET /ru/officially-rus/tenders-rus/423-vacancy-director-2024-uzb HTTP/1.1" 200 56109 "-" "Mozilla/5.0 (compatible; SemrushBot/7~bl; +http://www.semrush.com/bot.html)"
143.244.57.120 - - [24/Aug/2026:18:59:52 +0500] "GET / HTTP/1.1" 301 - "-" "Mozilla/5.0 (Windows NT 10.0; Win64; x64) AppleWebKit/537.36 (KHTML, like Gecko) Chrome/78.0.3904.108 Safari/537.36"
143.244.57.120 - - [24/Aug/2026:18:59:56 +0500] "GET /uz/ HTTP/1.1" 200 68364 "-" "Mozilla/5.0 (Windows NT 10.0; Win64; x64) AppleWebKit/537.36 (KHTML, like Gecko) Chrome/78.0.3904.108 Safari/537.36"
143.244.57.120 - - [24/Aug/2026:19:00:03 +0500] "GET /uz//wp-includes/wlwmanifest.xml HTTP/1.1" 404 1215 "-" "Mozilla/5.0 (Windows NT 10.0; Win64; x64) AppleWebKit/537.36 (KHTML, like Gecko) Chrome/78.0.3904.108 Safari/537.36"
143.244.57.120 - - [24/Aug/2026:19:00:09 +0500] "GET /uz//xmlrpc.php?rsd HTTP/1.1" 404 1215 "-" "Mozilla/5.0 (Windows NT 10.0; Win64; x64) AppleWebKit/537.36 (KHTML, like Gecko) Chrome/78.0.3904.108 Safari/537.36"
143.244.57.120 - - [24/Aug/2026:19:00:14 +0500] "GET /uz/ HTTP/1.1" 200 68364 "-" "Mozilla/5.0 (Windows NT 10.0; Win64; x64) AppleWebKit/537.36 (KHTML, like Gecko) Chrome/78.0.3904.108 Safari/537.36"
34.61.96.6 - - [24/Aug/2026:19:00:22 +0500] "GET /ru/about-org-rus/structure-rus/17-russian/shareholders-rus HTTP/1.1" 508 288 "-" "Mozilla/5.0 (Macintosh; Intel Mac OS X 10_15_7) AppleWebKit/537.36 (KHTML, like Gecko) Chrome/120.0.0.0 Safari/537.36"
143.244.57.120 - - [24/Aug/2026:19:00:22 +0500] "GET /uz//blog/wp-includes/wlwmanifest.xml HTTP/1.1" 404 1215 "-" "Mozilla/5.0 (Windows NT 10.0; Win64; x64) AppleWebKit/537.36 (KHTML, like Gecko) Chrome/78.0.3904.108 Safari/537.36"
143.244.57.120 - - [24/Aug/2026:19:00:28 +0500] "GET /uz//web/wp-includes/wlwmanifest.xml HTTP/1.1" 404 1215 "-" "Mozilla/5.0 (Windows NT 10.0; Win64; x64) AppleWebKit/537.36 (KHTML, like Gecko) Chrome/78.0.3904.108 Safari/537.36"
143.244.57.120 - - [24/Aug/2026:19:00:33 +0500] "GET /uz//wordpress/wp-includes/wlwmanifest.xml HTTP/1.1" 404 1215 "-" "Mozilla/5.0 (Windows NT 10.0; Win64; x64) AppleWebKit/537.36 (KHTML, like Gecko) Chrome/78.0.3904.108 Safari/537.36"
143.244.57.120 - - [24/Aug/2026:19:00:37 +0500] "GET /uz//website/wp-includes/wlwmanifest.xml HTTP/1.1" 404 1215 "-" "Mozilla/5.0 (Windows NT 10.0; Win64; x64) AppleWebKit/537.36 (KHTML, like Gecko) Chrome/78.0.3904.108 Safari/537.36"
143.244.57.120 - - [24/Aug/2026:19:00:41 +0500] "GET /uz//wp/wp-includes/wlwmanifest.xml HTTP/1.1" 404 1215 "-" "Mozilla/5.0 (Windows NT 10.0; Win64; x64) AppleWebKit/537.36 (KHTML, like Gecko) Chrome/78.0.3904.108 Safari/537.36"
143.244.57.120 - - [24/Aug/2026:19:00:47 +0500] "GET /uz//news/wp-includes/wlwmanifest.xml HTTP/1.1" 404 1215 "-" "Mozilla/5.0 (Windows NT 10.0; Win64; x64) AppleWebKit/537.36 (KHTML, like Gecko) Chrome/78.0.3904.108 Safari/537.36"
143.244.57.120 - - [24/Aug/2026:19:00:53 +0500] "GET /uz//2018/wp-includes/wlwmanifest.xml HTTP/1.1" 404 1215 "-" "Mozilla/5.0 (Windows NT 10.0; Win64; x64) AppleWebKit/537.36 (KHTML, like Gecko) Chrome/78.0.3904.108 Safari/537.36"
143.244.57.120 - - [24/Aug/2026:19:00:59 +0500] "GET /uz//2019/wp-includes/wlwmanifest.xml HTTP/1.1" 404 1215 "-" "Mozilla/5.0 (Windows NT 10.0; Win64; x64) AppleWebKit/537.36 (KHTML, like Gecko) Chrome/78.0.3904.108 Safari/537.36"
143.244.57.120 - - [24/Aug/2026:19:01:03 +0500] "GET /uz//shop/wp-includes/wlwmanifest.xml HTTP/1.1" 404 1215 "-" "Mozilla/5.0 (Windows NT 10.0; Win64; x64) AppleWebKit/537.36 (KHTML, like Gecko) Chrome/78.0.3904.108 Safari/537.36"
143.244.57.120 - - [24/Aug/2026:19:01:09 +0500] "GET /uz//wp1/wp-includes/wlwmanifest.xml HTTP/1.1" 404 1215 "-" "Mozilla/5.0 (Windows NT 10.0; Win64; x64) AppleWebKit/537.36 (KHTML, like Gecko) Chrome/78.0.3904.108 Safari/537.36"
192.178.7.129 - - [24/Aug/2026:19:01:17 +0500] "GET /uz/jsc-docs-uzb HTTP/1.1" 508 288 "-" "Mozilla/5.0 (Linux; Android 6.0.1; Nexus 5X Build/MMB29P) AppleWebKit/537.36 (KHTML, like Gecko) Chrome/151.0.7922.173 Mobile Safari/537.36 (compatible; Googlebot/2.1; +http://www.google.com/bot.html)"
143.244.57.120 - - [24/Aug/2026:19:01:16 +0500] "GET /uz//test/wp-includes/wlwmanifest.xml HTTP/1.1" 404 1215 "-" "Mozilla/5.0 (Windows NT 10.0; Win64; x64) AppleWebKit/537.36 (KHTML, like Gecko) Chrome/78.0.3904.108 Safari/537.36"
143.244.57.120 - - [24/Aug/2026:19:01:23 +0500] "GET /uz//media/wp-includes/wlwmanifest.xml HTTP/1.1" 404 1215 "-" "Mozilla/5.0 (Windows NT 10.0; Win64; x64) AppleWebKit/537.36 (KHTML, like Gecko) Chrome/78.0.3904.108 Safari/537.36"
143.244.57.120 - - [24/Aug/2026:19:01:31 +0500] "GET /uz//wp2/wp-includes/wlwmanifest.xml HTTP/1.1" 404 1215 "-" "Mozilla/5.0 (Windows NT 10.0; Win64; x64) AppleWebKit/537.36 (KHTML, like Gecko) Chrome/78.0.3904.108 Safari/537.36"
143.244.57.120 - - [24/Aug/2026:19:01:36 +0500] "GET /uz//site/wp-includes/wlwmanifest.xml HTTP/1.1" 404 1215 "-" "Mozilla/5.0 (Windows NT 10.0; Win64; x64) AppleWebKit/537.36 (KHTML, like Gecko) Chrome/78.0.3904.108 Safari/537.36"
143.244.57.120 - - [24/Aug/2026:19:01:43 +0500] "GET /uz//cms/wp-includes/wlwmanifest.xml HTTP/1.1" 404 1215 "-" "Mozilla/5.0 (Windows NT 10.0; Win64; x64) AppleWebKit/537.36 (KHTML, like Gecko) Chrome/78.0.3904.108 Safari/537.36"
34.10.180.98 - - [24/Aug/2026:19:01:44 +0500] "GET /uz/news-uzb/397-meeting-31-03-2023 HTTP/1.1" 200 58588 "-" "Mozilla/5.0 (Macintosh; Intel Mac OS X 10_15_7) AppleWebKit/537.36 (KHTML, like Gecko) Chrome/120.0.0.0 Safari/537.36"
143.244.57.120 - - [24/Aug/2026:19:01:50 +0500] "GET /uz//sito/wp-includes/wlwmanifest.xml HTTP/1.1" 404 1215 "-" "Mozilla/5.0 (Windows NT 10.0; Win64; x64) AppleWebKit/537.36 (KHTML, like Gecko) Chrome/78.0.3904.108 Safari/537.36"
34.171.68.95 - - [24/Aug/2026:19:01:49 +0500] "GET /uz/?start=52&template=eskijuva HTTP/1.1" 200 69156 "-" "Mozilla/5.0 (Macintosh; Intel Mac OS X 10_15_7) AppleWebKit/537.36 (KHTML, like Gecko) Chrome/120.0.0.0 Safari/537.36"
216.73.216.101 - - [24/Aug/2026:19:01:58 +0500] "GET /uz/?r=p4o8i5n2t8r3e6l905&start=32 HTTP/1.1" 200 68228 "-" "Mozilla/5.0 AppleWebKit/537.36 (KHTML, like Gecko; compatible; ClaudeBot/1.0; +claudebot@anthropic.com)"
43.130.72.40 - - [24/Aug/2026:19:02:12 +0500] "GET /ru/affil-rus?template=accessibility HTTP/1.1" 508 288 "-" "Mozilla/5.0 (iPhone; CPU iPhone OS 13_2_3 like Mac OS X) AppleWebKit/605.1.15 (KHTML, like Gecko) Version/13.0.3 Mobile/15E148 Safari/604.1"
35.254.159.230 - - [24/Aug/2026:19:02:44 +0500] "GET /ru/component/search/?Itemid=128&catid=34&format=opensearch&id=39 HTTP/1.1" 508 288 "-" "Mozilla/5.0 (Macintosh; Intel Mac OS X 10_15_7) AppleWebKit/537.36 (KHTML, like Gecko) Chrome/120.0.0.0 Safari/537.36"
184.73.68.20 - - [24/Aug/2026:19:02:57 +0500] "GET /ru/comissions-rus HTTP/1.1" 200 57329 "-" "Mozilla/5.0 AppleWebKit/537.36 (KHTML, like Gecko; compatible; Amazonbot/0.1; +https://developer.amazon.com/support/amazonbot) Chrome/119.0.6045.214 Safari/537.36"
192.178.7.130 - - [24/Aug/2026:19:03:11 +0500] "GET /uz/facts-uzb HTTP/1.1" 200 67756 "-" "Mozilla/5.0 (Linux; Android 6.0.1; Nexus 5X Build/MMB29P) AppleWebKit/537.36 (KHTML, like Gecko) Chrome/151.0.7922.173 Mobile Safari/537.36 (compatible; Googlebot/2.1; +http://www.google.com/bot.html)"
216.73.216.101 - - [24/Aug/2026:19:03:57 +0500] "GET /uz/?r=p4o8i5n2t8r3e6l905&start=28 HTTP/1.1" 508 288 "-" "Mozilla/5.0 AppleWebKit/537.36 (KHTML, like Gecko; compatible; ClaudeBot/1.0; +claudebot@anthropic.com)"
216.73.216.101 - - [24/Aug/2026:19:04:59 +0500] "GET /uz/?r=p4o8i5n2t8r3e6l905&start=36 HTTP/1.1" 200 69643 "-" "Mozilla/5.0 AppleWebKit/537.36 (KHTML, like Gecko; compatible; ClaudeBot/1.0; +claudebot@anthropic.com)"
185.146.1.232 - - [24/Aug/2026:19:06:05 +0500] "GET /uz/?format=feed&type=rss HTTP/1.1" 200 5713 "http://eskijuva-bozori.uz/uz/?format=feed&type=rss" "Mozilla/5.0 (Windows NT 10.0; Win64; x64) AppleWebKit/537.36 (KHTML, like Gecko) Chrome/130.0.6613.137 Safari/537.36"
34.171.68.95 - - [24/Aug/2026:19:08:27 +0500] "GET /uz/facts-uzb/334-08-fact-02-04-2021-ns HTTP/1.1" 200 56892 "-" "Mozilla/5.0 (Macintosh; Intel Mac OS X 10_15_7) AppleWebKit/537.36 (KHTML, like Gecko) Chrome/120.0.0.0 Safari/537.36"
34.123.149.87 - - [24/Aug/2026:19:09:47 +0500] "GET /docs/reports/2020/kpe-2-2020.doc HTTP/1.1" 200 43520 "-" "Mozilla/5.0 (Macintosh; Intel Mac OS X 10_15_7) AppleWebKit/537.36 (KHTML, like Gecko) Chrome/120.0.0.0 Safari/537.36"
54.37.252.131 - - [24/Aug/2026:19:11:07 +0500] "GET /robots.txt HTTP/1.1" 200 111 "-" "Mozilla/5.0 (compatible; MJ12bot/v1.4.8; http://mj12bot.com/)"
43.164.196.244 - - [24/Aug/2026:19:11:18 +0500] "GET /ru/info-for-shareholders-rus HTTP/1.1" 200 63087 "-" "Mozilla/5.0 (iPhone; CPU iPhone OS 13_2_3 like Mac OS X) AppleWebKit/605.1.15 (KHTML, like Gecko) Version/13.0.3 Mobile/15E148 Safari/604.1"
54.37.252.131 - - [24/Aug/2026:19:11:19 +0500] "GET /ru/ HTTP/1.1" 200 67392 "-" "Mozilla/5.0 (compatible; MJ12bot/v1.4.8; http://mj12bot.com/)"
34.123.149.87 - - [24/Aug/2026:19:11:24 +0500] "GET /ru/prospectus-rus/466-emissiya-01-07-2025-pdf-ru HTTP/1.1" 200 54828 "-" "Mozilla/5.0 (Macintosh; Intel Mac OS X 10_15_7) AppleWebKit/537.36 (KHTML, like Gecko) Chrome/120.0.0.0 Safari/537.36"
34.10.180.98 - - [24/Aug/2026:19:12:16 +0500] "GET /media/aridocsviewer/pdfjs/web/viewer.html?file=http://mail.eskijuva-bozori.uz/docs/poll-07-06-17.pdf HTTP/1.1" 200 19712 "-" "Mozilla/5.0 (Macintosh; Intel Mac OS X 10_15_7) AppleWebKit/537.36 (KHTML, like Gecko) Chrome/120.0.0.0 Safari/537.36"
152.70.134.116 - - [24/Aug/2026:19:12:47 +0500] "GET /uz?destination=node&q=node HTTP/1.1" 200 68349 "-" "Mozilla/5.0 (X11; Linux aarch64) AppleWebKit/537.36 (KHTML, like Gecko) Chrome/139.0.0.0 Safari/537.36"
34.10.180.98 - - [24/Aug/2026:19:12:48 +0500] "GET /uz/?rest_route=/wqc/v1/query&start=8 HTTP/1.1" 200 68143 "-" "Mozilla/5.0 (Macintosh; Intel Mac OS X 10_15_7) AppleWebKit/537.36 (KHTML, like Gecko) Chrome/120.0.0.0 Safari/537.36"
43.130.26.3 - - [24/Aug/2026:19:13:05 +0500] "GET / HTTP/1.1" 301 - "-" "Mozilla/5.0 (iPhone; CPU iPhone OS 13_2_3 like Mac OS X) AppleWebKit/605.1.15 (KHTML, like Gecko) Version/13.0.3 Mobile/15E148 Safari/604.1"
43.130.26.3 - - [24/Aug/2026:19:13:08 +0500] "GET /uz/ HTTP/1.1" 200 68600 "http://www.eskijuva-bozori.uz:80" "Mozilla/5.0 (iPhone; CPU iPhone OS 13_2_3 like Mac OS X) AppleWebKit/605.1.15 (KHTML, like Gecko) Version/13.0.3 Mobile/15E148 Safari/604.1"
34.57.162.91 - - [24/Aug/2026:19:15:04 +0500] "GET /ru/component/search/?Itemid=162&catid=26&format=opensearch&id=474 HTTP/1.1" 200 767 "-" "Mozilla/5.0 (Macintosh; Intel Mac OS X 10_15_7) AppleWebKit/537.36 (KHTML, like Gecko) Chrome/120.0.0.0 Safari/537.36"
