| Current Path : /home/uzgidenergo/access-logs/ |
| Current File : /home/uzgidenergo/access-logs/eskijuva-bozori.uz.uzbekgidroenergoqurilish.uz |
216.73.216.101 - - [24/Aug/2026:17:05:39 +0500] "GET /?r=b9a1l4k9a9n6s61983 HTTP/1.1" 301 - "-" "Mozilla/5.0 AppleWebKit/537.36 (KHTML, like Gecko; compatible; ClaudeBot/1.0; +claudebot@anthropic.com)"
34.171.68.95 - - [24/Aug/2026:17:05:40 +0500] "GET /ru/audit-rus?format=feed&type=rss HTTP/1.1" 200 7063 "-" "Mozilla/5.0 (Macintosh; Intel Mac OS X 10_15_7) AppleWebKit/537.36 (KHTML, like Gecko) Chrome/120.0.0.0 Safari/537.36"
216.73.216.101 - - [24/Aug/2026:17:05:43 +0500] "GET /aperture/outlandish/91685920234 HTTP/1.1" 301 - "-" "Mozilla/5.0 AppleWebKit/537.36 (KHTML, like Gecko; compatible; ClaudeBot/1.0; +claudebot@anthropic.com)"
136.119.35.120 - - [24/Aug/2026:17:05:45 +0500] "GET /ru/component/search/?Itemid=384&catid=35&format=opensearch&id=277 HTTP/1.1" 200 770 "-" "Mozilla/5.0 (Macintosh; Intel Mac OS X 10_15_7) AppleWebKit/537.36 (KHTML, like Gecko) Chrome/120.0.0.0 Safari/537.36"
216.73.216.101 - - [24/Aug/2026:17:05:49 +0500] "GET /syllabe/caged/92572331375 HTTP/1.1" 301 - "-" "Mozilla/5.0 AppleWebKit/537.36 (KHTML, like Gecko; compatible; ClaudeBot/1.0; +claudebot@anthropic.com)"
216.73.216.101 - - [24/Aug/2026:17:05:54 +0500] "GET /uz/syllabe/caged/92572331375 HTTP/1.1" 404 1215 "http://eskijuva-bozori.uz/syllabe/caged/92572331375" "Mozilla/5.0 AppleWebKit/537.36 (KHTML, like Gecko; compatible; ClaudeBot/1.0; +claudebot@anthropic.com)"
34.56.53.225 - - [24/Aug/2026:17:06:05 +0500] "GET /uz/?function=call_user_func_array&start=36 HTTP/1.1" 200 70151 "-" "Mozilla/5.0 (Macintosh; Intel Mac OS X 10_15_7) AppleWebKit/537.36 (KHTML, like Gecko) Chrome/120.0.0.0 Safari/537.36"
216.73.216.101 - - [24/Aug/2026:17:06:07 +0500] "GET /?r=p9r3e9y8e7r796129 HTTP/1.1" 301 - "-" "Mozilla/5.0 AppleWebKit/537.36 (KHTML, like Gecko; compatible; ClaudeBot/1.0; +claudebot@anthropic.com)"
216.73.216.101 - - [24/Aug/2026:17:06:21 +0500] "GET /?r=a9c4o1n3d9d9y2l8o4s3e7 HTTP/1.1" 508 288 "-" "Mozilla/5.0 AppleWebKit/537.36 (KHTML, like Gecko; compatible; ClaudeBot/1.0; +claudebot@anthropic.com)"
216.73.216.101 - - [24/Aug/2026:17:06:12 +0500] "GET /uz/?r=p9r3e9y8e7r796129 HTTP/1.1" 200 68423 "http://eskijuva-bozori.uz/?r=p9r3e9y8e7r796129" "Mozilla/5.0 AppleWebKit/537.36 (KHTML, like Gecko; compatible; ClaudeBot/1.0; +claudebot@anthropic.com)"
34.10.180.98 - - [24/Aug/2026:17:06:17 +0500] "GET /uz/officially-uzb/tenders-uzb?template=yoo_master2 HTTP/1.1" 200 63403 "-" "Mozilla/5.0 (Macintosh; Intel Mac OS X 10_15_7) AppleWebKit/537.36 (KHTML, like Gecko) Chrome/120.0.0.0 Safari/537.36"
216.73.216.101 - - [24/Aug/2026:17:06:35 +0500] "GET /perjurious/z9i3g2g0u7r4a4t3381 HTTP/1.1" 301 - "-" "Mozilla/5.0 AppleWebKit/537.36 (KHTML, like Gecko; compatible; ClaudeBot/1.0; +claudebot@anthropic.com)"
216.73.216.101 - - [24/Aug/2026:17:06:39 +0500] "GET /uz/perjurious/z9i3g2g0u7r4a4t3381 HTTP/1.1" 404 1215 "http://eskijuva-bozori.uz/perjurious/z9i3g2g0u7r4a4t3381" "Mozilla/5.0 AppleWebKit/537.36 (KHTML, like Gecko; compatible; ClaudeBot/1.0; +claudebot@anthropic.com)"
216.73.216.101 - - [24/Aug/2026:17:06:40 +0500] "GET /shops/twank/s9c7u4t7i1g3e3r9a2 HTTP/1.1" 301 - "-" "Mozilla/5.0 AppleWebKit/537.36 (KHTML, like Gecko; compatible; ClaudeBot/1.0; +claudebot@anthropic.com)"
216.73.216.101 - - [24/Aug/2026:17:06:45 +0500] "GET /uz/shops/twank/s9c7u4t7i1g3e3r9a2 HTTP/1.1" 404 1215 "http://eskijuva-bozori.uz/shops/twank/s9c7u4t7i1g3e3r9a2" "Mozilla/5.0 AppleWebKit/537.36 (KHTML, like Gecko; compatible; ClaudeBot/1.0; +claudebot@anthropic.com)"
216.73.216.101 - - [24/Aug/2026:17:06:54 +0500] "GET /shops/unbeseemingness/e9l4a4s5t3i0n0119 HTTP/1.1" 301 - "-" "Mozilla/5.0 AppleWebKit/537.36 (KHTML, like Gecko; compatible; ClaudeBot/1.0; +claudebot@anthropic.com)"
216.73.216.101 - - [24/Aug/2026:17:06:58 +0500] "GET /uz/shops/unbeseemingness/e9l4a4s5t3i0n0119 HTTP/1.1" 404 1215 "http://eskijuva-bozori.uz/shops/unbeseemingness/e9l4a4s5t3i0n0119" "Mozilla/5.0 AppleWebKit/537.36 (KHTML, like Gecko; compatible; ClaudeBot/1.0; +claudebot@anthropic.com)"
216.73.216.101 - - [24/Aug/2026:17:07:08 +0500] "GET /?r=w9a5d2d2y1i9n1g509 HTTP/1.1" 301 - "-" "Mozilla/5.0 AppleWebKit/537.36 (KHTML, like Gecko; compatible; ClaudeBot/1.0; +claudebot@anthropic.com)"
216.73.216.101 - - [24/Aug/2026:17:07:11 +0500] "GET /uz/?r=w9a5d2d2y1i9n1g509 HTTP/1.1" 200 68424 "http://eskijuva-bozori.uz/?r=w9a5d2d2y1i9n1g509" "Mozilla/5.0 AppleWebKit/537.36 (KHTML, like Gecko; compatible; ClaudeBot/1.0; +claudebot@anthropic.com)"
216.73.216.101 - - [24/Aug/2026:17:07:13 +0500] "GET /?r=a9i3d3a9n6t735314 HTTP/1.1" 301 - "-" "Mozilla/5.0 AppleWebKit/537.36 (KHTML, like Gecko; compatible; ClaudeBot/1.0; +claudebot@anthropic.com)"
216.73.216.101 - - [24/Aug/2026:17:07:16 +0500] "GET /uz/?r=a9i3d3a9n6t735314 HTTP/1.1" 200 68423 "http://eskijuva-bozori.uz/?r=a9i3d3a9n6t735314" "Mozilla/5.0 AppleWebKit/537.36 (KHTML, like Gecko; compatible; ClaudeBot/1.0; +claudebot@anthropic.com)"
216.73.216.101 - - [24/Aug/2026:17:07:27 +0500] "GET /?r=p9r1i5e9d5i0e2u4425 HTTP/1.1" 301 - "-" "Mozilla/5.0 AppleWebKit/537.36 (KHTML, like Gecko; compatible; ClaudeBot/1.0; +claudebot@anthropic.com)"
216.73.216.101 - - [24/Aug/2026:17:07:28 +0500] "GET /uz/?r=p9r1i5e9d5i0e2u4425 HTTP/1.1" 200 68425 "http://eskijuva-bozori.uz/?r=p9r1i5e9d5i0e2u4425" "Mozilla/5.0 AppleWebKit/537.36 (KHTML, like Gecko; compatible; ClaudeBot/1.0; +claudebot@anthropic.com)"
216.73.216.101 - - [24/Aug/2026:17:07:41 +0500] "GET /?r=k9i3t2c4h9e4n2e2t0t7e5 HTTP/1.1" 301 - "-" "Mozilla/5.0 AppleWebKit/537.36 (KHTML, like Gecko; compatible; ClaudeBot/1.0; +claudebot@anthropic.com)"
216.73.216.101 - - [24/Aug/2026:17:07:44 +0500] "GET /uz/?r=k9i3t2c4h9e4n2e2t0t7e5 HTTP/1.1" 200 68428 "http://eskijuva-bozori.uz/?r=k9i3t2c4h9e4n2e2t0t7e5" "Mozilla/5.0 AppleWebKit/537.36 (KHTML, like Gecko; compatible; ClaudeBot/1.0; +claudebot@anthropic.com)"
216.73.216.101 - - [24/Aug/2026:17:07:46 +0500] "GET /shops/detester/g9u1i8l6d5353677 HTTP/1.1" 301 - "-" "Mozilla/5.0 AppleWebKit/537.36 (KHTML, like Gecko; compatible; ClaudeBot/1.0; +claudebot@anthropic.com)"
216.73.216.101 - - [24/Aug/2026:17:07:49 +0500] "GET /uz/shops/detester/g9u1i8l6d5353677 HTTP/1.1" 404 1215 "http://eskijuva-bozori.uz/shops/detester/g9u1i8l6d5353677" "Mozilla/5.0 AppleWebKit/537.36 (KHTML, like Gecko; compatible; ClaudeBot/1.0; +claudebot@anthropic.com)"
216.73.216.101 - - [24/Aug/2026:17:08:00 +0500] "GET /?r=c9h4e0i9r9o9p5t7e1r6a9 HTTP/1.1" 301 - "-" "Mozilla/5.0 AppleWebKit/537.36 (KHTML, like Gecko; compatible; ClaudeBot/1.0; +claudebot@anthropic.com)"
34.171.68.95 - - [24/Aug/2026:17:08:00 +0500] "GET /uz/facts-uzb/195-36-fact-16-06-17 HTTP/1.1" 200 80783 "-" "Mozilla/5.0 (Macintosh; Intel Mac OS X 10_15_7) AppleWebKit/537.36 (KHTML, like Gecko) Chrome/120.0.0.0 Safari/537.36"
216.73.216.101 - - [24/Aug/2026:17:08:04 +0500] "GET /uz/?r=c9h4e0i9r9o9p5t7e1r6a9 HTTP/1.1" 200 68428 "http://eskijuva-bozori.uz/?r=c9h4e0i9r9o9p5t7e1r6a9" "Mozilla/5.0 AppleWebKit/537.36 (KHTML, like Gecko; compatible; ClaudeBot/1.0; +claudebot@anthropic.com)"
216.73.216.101 - - [24/Aug/2026:17:08:17 +0500] "GET /?r=e9m1e4n4d4i9n4g1662 HTTP/1.1" 301 - "-" "Mozilla/5.0 AppleWebKit/537.36 (KHTML, like Gecko; compatible; ClaudeBot/1.0; +claudebot@anthropic.com)"
85.208.96.202 - - [24/Aug/2026:17:08:19 +0500] "GET /uz/?start=36&template=accessibility HTTP/1.1" 200 33738 "-" "Mozilla/5.0 (compatible; SemrushBot/7~bl; +http://www.semrush.com/bot.html)"
216.73.216.101 - - [24/Aug/2026:17:08:20 +0500] "GET /uz/?r=e9m1e4n4d4i9n4g1662 HTTP/1.1" 200 68425 "http://eskijuva-bozori.uz/?r=e9m1e4n4d4i9n4g1662" "Mozilla/5.0 AppleWebKit/537.36 (KHTML, like Gecko; compatible; ClaudeBot/1.0; +claudebot@anthropic.com)"
216.73.216.101 - - [24/Aug/2026:17:08:31 +0500] "GET /?r=t9r9e9c4h2o6m7e5t8er HTTP/1.1" 301 - "-" "Mozilla/5.0 AppleWebKit/537.36 (KHTML, like Gecko; compatible; ClaudeBot/1.0; +claudebot@anthropic.com)"
216.73.216.101 - - [24/Aug/2026:17:08:33 +0500] "GET /uz/?r=t9r9e9c4h2o6m7e5t8er HTTP/1.1" 200 68426 "http://eskijuva-bozori.uz/?r=t9r9e9c4h2o6m7e5t8er" "Mozilla/5.0 AppleWebKit/537.36 (KHTML, like Gecko; compatible; ClaudeBot/1.0; +claudebot@anthropic.com)"
216.73.216.101 - - [24/Aug/2026:17:08:45 +0500] "GET /?r=d9o8n8n0i2a4n6987 HTTP/1.1" 301 - "-" "Mozilla/5.0 AppleWebKit/537.36 (KHTML, like Gecko; compatible; ClaudeBot/1.0; +claudebot@anthropic.com)"
34.10.180.98 - - [24/Aug/2026:17:08:48 +0500] "GET /ru/component/search/?Itemid=165&catid=31&format=opensearch&id=311 HTTP/1.1" 200 770 "-" "Mozilla/5.0 (Macintosh; Intel Mac OS X 10_15_7) AppleWebKit/537.36 (KHTML, like Gecko) Chrome/120.0.0.0 Safari/537.36"
216.73.216.101 - - [24/Aug/2026:17:08:47 +0500] "GET /uz/?r=d9o8n8n0i2a4n6987 HTTP/1.1" 200 68423 "http://eskijuva-bozori.uz/?r=d9o8n8n0i2a4n6987" "Mozilla/5.0 AppleWebKit/537.36 (KHTML, like Gecko; compatible; ClaudeBot/1.0; +claudebot@anthropic.com)"
216.73.216.101 - - [24/Aug/2026:17:08:53 +0500] "GET /?r=e9m2p7h2a1t7i6c5a6l0l5y HTTP/1.1" 301 - "-" "Mozilla/5.0 AppleWebKit/537.36 (KHTML, like Gecko; compatible; ClaudeBot/1.0; +claudebot@anthropic.com)"
216.73.216.101 - - [24/Aug/2026:17:08:56 +0500] "GET /uz/?r=e9m2p7h2a1t7i6c5a6l0l5y HTTP/1.1" 200 68429 "http://eskijuva-bozori.uz/?r=e9m2p7h2a1t7i6c5a6l0l5y" "Mozilla/5.0 AppleWebKit/537.36 (KHTML, like Gecko; compatible; ClaudeBot/1.0; +claudebot@anthropic.com)"
216.73.216.101 - - [24/Aug/2026:17:09:06 +0500] "GET /?r=t9o3w5a3r0d3n9e6s5s54 HTTP/1.1" 301 - "-" "Mozilla/5.0 AppleWebKit/537.36 (KHTML, like Gecko; compatible; ClaudeBot/1.0; +claudebot@anthropic.com)"
216.73.216.101 - - [24/Aug/2026:17:09:09 +0500] "GET /uz/?r=t9o3w5a3r0d3n9e6s5s54 HTTP/1.1" 200 68427 "http://eskijuva-bozori.uz/?r=t9o3w5a3r0d3n9e6s5s54" "Mozilla/5.0 AppleWebKit/537.36 (KHTML, like Gecko; compatible; ClaudeBot/1.0; +claudebot@anthropic.com)"
216.73.216.101 - - [24/Aug/2026:17:09:20 +0500] "GET /?r=g9r3a1n7d5i9s94917 HTTP/1.1" 301 - "-" "Mozilla/5.0 AppleWebKit/537.36 (KHTML, like Gecko; compatible; ClaudeBot/1.0; +claudebot@anthropic.com)"
216.73.216.101 - - [24/Aug/2026:17:09:23 +0500] "GET /uz/?%60=s3o5l1i5d4u1n1g5u7l0ous&start=12 HTTP/1.1" 200 68327 "-" "Mozilla/5.0 AppleWebKit/537.36 (KHTML, like Gecko; compatible; ClaudeBot/1.0; +claudebot@anthropic.com)"
216.73.216.101 - - [24/Aug/2026:17:09:25 +0500] "GET /uz/?r=g9r3a1n7d5i9s94917 HTTP/1.1" 200 68424 "http://eskijuva-bozori.uz/?r=g9r3a1n7d5i9s94917" "Mozilla/5.0 AppleWebKit/537.36 (KHTML, like Gecko; compatible; ClaudeBot/1.0; +claudebot@anthropic.com)"
216.73.216.101 - - [24/Aug/2026:17:09:37 +0500] "GET /uz/?%60=s3o5l1i5d4u1n1g5u7l0ous&start=52 HTTP/1.1" 200 69040 "-" "Mozilla/5.0 AppleWebKit/537.36 (KHTML, like Gecko; compatible; ClaudeBot/1.0; +claudebot@anthropic.com)"
52.173.121.69 - - [24/Aug/2026:17:09:44 +0500] "GET /wp-content/plugins/hellopress/wp_filemanager.php HTTP/1.1" 301 - "-" "-"
52.173.121.69 - - [24/Aug/2026:17:09:47 +0500] "GET /uz/wp-content/plugins/hellopress/wp_filemanager.php HTTP/1.1" 404 1215 "-" "-"
52.173.121.69 - - [24/Aug/2026:17:09:50 +0500] "GET /this_is_a_new_hello_world.php HTTP/1.1" 301 - "-" "-"
216.73.216.101 - - [24/Aug/2026:17:09:51 +0500] "GET /uz/?%60=s3o5l1i5d4u1n1g5u7l0ous&start=8 HTTP/1.1" 200 67695 "-" "Mozilla/5.0 AppleWebKit/537.36 (KHTML, like Gecko; compatible; ClaudeBot/1.0; +claudebot@anthropic.com)"
52.173.121.69 - - [24/Aug/2026:17:09:55 +0500] "GET /uz/this_is_a_new_hello_world.php HTTP/1.1" 404 1215 "-" "-"
52.173.121.69 - - [24/Aug/2026:17:10:01 +0500] "GET /wp-includes/theme-compat/index.php HTTP/1.1" 301 - "-" "-"
52.173.121.69 - - [24/Aug/2026:17:10:05 +0500] "GET /uz/wp-includes/theme-compat/index.php HTTP/1.1" 404 1215 "-" "-"
52.173.121.69 - - [24/Aug/2026:17:10:08 +0500] "GET /wp-includes/ID3/index.php HTTP/1.1" 301 - "-" "-"
52.173.121.69 - - [24/Aug/2026:17:10:09 +0500] "GET /uz/wp-includes/ID3/index.php HTTP/1.1" 404 1215 "-" "-"
52.173.121.69 - - [24/Aug/2026:17:10:11 +0500] "GET /wp-includes/blocks/comment-template/index.php HTTP/1.1" 301 - "-" "-"
52.173.121.69 - - [24/Aug/2026:17:10:13 +0500] "GET /uz/wp-includes/blocks/comment-template/index.php HTTP/1.1" 404 1215 "-" "-"
52.173.121.69 - - [24/Aug/2026:17:10:16 +0500] "GET /wordpress/wp-includes/Requests/index.php HTTP/1.1" 301 - "-" "-"
52.173.121.69 - - [24/Aug/2026:17:10:19 +0500] "GET /uz/wordpress/wp-includes/Requests/index.php HTTP/1.1" 404 1215 "-" "-"
52.173.121.69 - - [24/Aug/2026:17:10:22 +0500] "GET /wp-login.php HTTP/1.1" 301 - "-" "-"
52.173.121.69 - - [24/Aug/2026:17:10:23 +0500] "GET /uz/wp-login.php HTTP/1.1" 404 1215 "-" "-"
52.173.121.69 - - [24/Aug/2026:17:10:25 +0500] "GET /test/index.php HTTP/1.1" 301 - "-" "-"
52.173.121.69 - - [24/Aug/2026:17:10:27 +0500] "GET /uz/test/index.php HTTP/1.1" 404 1215 "-" "-"
52.173.121.69 - - [24/Aug/2026:17:10:32 +0500] "GET /wp-includes/blocks/read-more/index.php HTTP/1.1" 301 - "-" "-"
52.173.121.69 - - [24/Aug/2026:17:10:37 +0500] "GET /uz/wp-includes/blocks/read-more/index.php HTTP/1.1" 404 1215 "-" "-"
52.173.121.69 - - [24/Aug/2026:17:10:41 +0500] "GET /.well-known/index.php HTTP/1.1" 301 - "-" "-"
52.173.121.69 - - [24/Aug/2026:17:10:43 +0500] "GET /uz/.well-known/index.php HTTP/1.1" 404 1215 "-" "-"
52.173.121.69 - - [24/Aug/2026:17:10:46 +0500] "GET /css/index.php HTTP/1.1" 301 - "-" "-"
52.173.121.69 - - [24/Aug/2026:17:10:49 +0500] "GET /uz/css/index.php HTTP/1.1" 404 1215 "-" "-"
52.173.121.69 - - [24/Aug/2026:17:10:51 +0500] "GET /wp-content/uploads/gravity_forms/b/d/e/g/dfylbgoahqt.php HTTP/1.1" 301 - "-" "-"
52.173.121.69 - - [24/Aug/2026:17:10:52 +0500] "GET /uz/wp-content/uploads/gravity_forms/b/d/e/g/dfylbgoahqt.php HTTP/1.1" 404 1215 "-" "-"
52.173.121.69 - - [24/Aug/2026:17:10:54 +0500] "GET /wp-includes/js/thickbox/index.php HTTP/1.1" 301 - "-" "-"
52.173.121.69 - - [24/Aug/2026:17:10:55 +0500] "GET /uz/wp-includes/js/thickbox/index.php HTTP/1.1" 404 1215 "-" "-"
52.173.121.69 - - [24/Aug/2026:17:10:57 +0500] "GET /modules/mod_simplefileuploadv1.3/elements/Cyb3r.php HTTP/1.1" 301 - "-" "-"
52.173.121.69 - - [24/Aug/2026:17:11:00 +0500] "GET /uz/modules/mod_simplefileuploadv1.3/elements/Cyb3r.php HTTP/1.1" 404 1215 "-" "-"
52.173.121.69 - - [24/Aug/2026:17:11:04 +0500] "GET /wp-includes/php-compat/index.php HTTP/1.1" 301 - "-" "-"
52.173.121.69 - - [24/Aug/2026:17:11:06 +0500] "GET /uz/wp-includes/php-compat/index.php HTTP/1.1" 404 1215 "-" "-"
52.173.121.69 - - [24/Aug/2026:17:11:08 +0500] "GET /echkm.php HTTP/1.1" 301 - "-" "-"
52.173.121.69 - - [24/Aug/2026:17:11:12 +0500] "GET /uz/echkm.php HTTP/1.1" 404 1215 "-" "-"
34.10.180.98 - - [24/Aug/2026:17:11:13 +0500] "GET /uz/officially-uzb/certificates-uzb?template=yoo_master2 HTTP/1.1" 200 55985 "-" "Mozilla/5.0 (Macintosh; Intel Mac OS X 10_15_7) AppleWebKit/537.36 (KHTML, like Gecko) Chrome/120.0.0.0 Safari/537.36"
52.173.121.69 - - [24/Aug/2026:17:11:16 +0500] "GET /wordpress/first.php HTTP/1.1" 301 - "-" "-"
34.171.68.95 - - [24/Aug/2026:17:11:16 +0500] "GET /uz/?route=account/login&start=16 HTTP/1.1" 200 67646 "-" "Mozilla/5.0 (Macintosh; Intel Mac OS X 10_15_7) AppleWebKit/537.36 (KHTML, like Gecko) Chrome/120.0.0.0 Safari/537.36"
52.173.121.69 - - [24/Aug/2026:17:11:18 +0500] "GET /uz/wordpress/first.php HTTP/1.1" 404 1215 "-" "-"
52.173.121.69 - - [24/Aug/2026:17:11:20 +0500] "GET /wp-includes/Text/about.php7 HTTP/1.1" 301 - "-" "-"
52.173.121.69 - - [24/Aug/2026:17:11:23 +0500] "GET /uz/wp-includes/Text/about.php7 HTTP/1.1" 404 1215 "-" "-"
52.173.121.69 - - [24/Aug/2026:17:11:25 +0500] "GET //wp-content/index.php HTTP/1.1" 301 - "-" "-"
52.173.121.69 - - [24/Aug/2026:17:11:27 +0500] "GET /uz/wp-content/index.php HTTP/1.1" 404 1215 "-" "-"
52.173.121.69 - - [24/Aug/2026:17:11:29 +0500] "GET /wp/wp-includes//index.php HTTP/1.1" 301 - "-" "-"
52.173.121.69 - - [24/Aug/2026:17:11:32 +0500] "GET /uz/wp/wp-includes/index.php HTTP/1.1" 404 1215 "-" "-"
52.173.121.69 - - [24/Aug/2026:17:11:36 +0500] "GET /upload.php HTTP/1.1" 301 - "-" "-"
52.173.121.69 - - [24/Aug/2026:17:11:39 +0500] "GET /uz/upload.php HTTP/1.1" 404 1215 "-" "-"
52.173.121.69 - - [24/Aug/2026:17:11:41 +0500] "GET /images/gmapfp/xsamxadoo.php HTTP/1.1" 301 - "-" "-"
52.173.121.69 - - [24/Aug/2026:17:11:43 +0500] "GET /uz/images/gmapfp/xsamxadoo.php HTTP/1.1" 404 1215 "-" "-"
52.173.121.69 - - [24/Aug/2026:17:11:45 +0500] "GET /wp-includes/pomo/index.php HTTP/1.1" 301 - "-" "-"
52.173.121.69 - - [24/Aug/2026:17:11:46 +0500] "GET /uz/wp-includes/pomo/index.php HTTP/1.1" 404 1215 "-" "-"
52.173.121.69 - - [24/Aug/2026:17:11:51 +0500] "GET /wp-content/themes/home/index.php HTTP/1.1" 301 - "-" "-"
52.173.121.69 - - [24/Aug/2026:17:11:54 +0500] "GET /uz/wp-content/themes/home/index.php HTTP/1.1" 404 1215 "-" "-"
34.10.180.98 - - [24/Aug/2026:17:11:56 +0500] "GET /uz/component/search/?Itemid=168&format=opensearch HTTP/1.1" 200 742 "-" "Mozilla/5.0 (Macintosh; Intel Mac OS X 10_15_7) AppleWebKit/537.36 (KHTML, like Gecko) Chrome/120.0.0.0 Safari/537.36"
52.173.121.69 - - [24/Aug/2026:17:12:01 +0500] "GET //wp-includes/theme-compat/index.php HTTP/1.1" 301 - "-" "-"
52.173.121.69 - - [24/Aug/2026:17:12:06 +0500] "GET /uz/wp-includes/theme-compat/index.php HTTP/1.1" 404 1215 "-" "-"
192.178.7.131 - - [24/Aug/2026:17:12:10 +0500] "GET /index.php HTTP/1.1" 301 - "-" "Mozilla/5.0 (Linux; Android 6.0.1; Nexus 5X Build/MMB29P) AppleWebKit/537.36 (KHTML, like Gecko) Chrome/151.0.7922.137 Mobile Safari/537.36 (compatible; Googlebot/2.1; +http://www.google.com/bot.html)"
52.173.121.69 - - [24/Aug/2026:17:12:12 +0500] "GET /403.php HTTP/1.1" 301 - "-" "-"
43.153.122.30 - - [24/Aug/2026:17:12:09 +0500] "GET /uz/affil-uzb HTTP/1.1" 200 56070 "-" "Mozilla/5.0 (iPhone; CPU iPhone OS 13_2_3 like Mac OS X) AppleWebKit/605.1.15 (KHTML, like Gecko) Version/13.0.3 Mobile/15E148 Safari/604.1"
52.173.121.69 - - [24/Aug/2026:17:12:16 +0500] "GET /uz/403.php HTTP/1.1" 200 61467 "-" "-"
52.173.121.69 - - [24/Aug/2026:17:12:19 +0500] "GET /cgi-bin/mt/byp.php HTTP/1.1" 301 - "-" "-"
52.173.121.69 - - [24/Aug/2026:17:12:20 +0500] "GET /uz/cgi-bin/mt/byp.php HTTP/1.1" 404 1215 "-" "-"
52.173.121.69 - - [24/Aug/2026:17:12:23 +0500] "GET //wp-includes/Text/Diff/index.php HTTP/1.1" 301 - "-" "-"
52.173.121.69 - - [24/Aug/2026:17:12:25 +0500] "GET /uz/wp-includes/Text/Diff/index.php HTTP/1.1" 404 1215 "-" "-"
52.173.121.69 - - [24/Aug/2026:17:12:29 +0500] "GET /update/wpup.php HTTP/1.1" 301 - "-" "-"
52.173.121.69 - - [24/Aug/2026:17:12:32 +0500] "GET /uz/update/wpup.php HTTP/1.1" 404 1215 "-" "-"
52.173.121.69 - - [24/Aug/2026:17:12:34 +0500] "GET /wp-includes/Requests/index.php HTTP/1.1" 301 - "-" "-"
52.173.121.69 - - [24/Aug/2026:17:12:35 +0500] "GET /uz/wp-includes/Requests/index.php HTTP/1.1" 404 1215 "-" "-"
52.173.121.69 - - [24/Aug/2026:17:12:38 +0500] "GET /file.php HTTP/1.1" 301 - "-" "-"
52.173.121.69 - - [24/Aug/2026:17:12:41 +0500] "GET /uz/file.php HTTP/1.1" 404 1215 "-" "-"
52.173.121.69 - - [24/Aug/2026:17:12:45 +0500] "GET /wp-includes/js/jcrop/Jcrop.php HTTP/1.1" 301 - "-" "-"
52.173.121.69 - - [24/Aug/2026:17:12:48 +0500] "GET /uz/wp-includes/js/jcrop/Jcrop.php HTTP/1.1" 404 1215 "-" "-"
52.173.121.69 - - [24/Aug/2026:17:12:50 +0500] "GET /wp-includes/js/plupload/index.php HTTP/1.1" 301 - "-" "-"
52.173.121.69 - - [24/Aug/2026:17:12:52 +0500] "GET /uz/wp-includes/js/plupload/index.php HTTP/1.1" 404 1215 "-" "-"
52.173.121.69 - - [24/Aug/2026:17:12:54 +0500] "GET /security.php HTTP/1.1" 301 - "-" "-"
52.173.121.69 - - [24/Aug/2026:17:12:56 +0500] "GET /uz/security.php HTTP/1.1" 404 1215 "-" "-"
52.173.121.69 - - [24/Aug/2026:17:13:00 +0500] "GET /wp-admin/css/colors/index.php HTTP/1.1" 301 - "-" "-"
52.173.121.69 - - [24/Aug/2026:17:13:04 +0500] "GET /uz/wp-admin/css/colors/index.php HTTP/1.1" 404 1215 "-" "-"
52.173.121.69 - - [24/Aug/2026:17:13:08 +0500] "GET /wp-content/plugins/hello-dolly/hello.php HTTP/1.1" 301 - "-" "-"
52.173.121.69 - - [24/Aug/2026:17:13:13 +0500] "GET /uz/wp-content/plugins/hello-dolly/hello.php HTTP/1.1" 404 1215 "-" "-"
52.173.121.69 - - [24/Aug/2026:17:13:19 +0500] "GET /wp-includes/js/tinymce/index.php HTTP/1.1" 301 - "-" "-"
52.173.121.69 - - [24/Aug/2026:17:13:23 +0500] "GET /uz/wp-includes/js/tinymce/index.php HTTP/1.1" 404 1215 "-" "-"
52.173.121.69 - - [24/Aug/2026:17:13:29 +0500] "GET /wp-includes/fonts/about.php HTTP/1.1" 301 - "-" "-"
52.173.121.69 - - [24/Aug/2026:17:13:33 +0500] "GET /uz/wp-includes/fonts/about.php HTTP/1.1" 404 1215 "-" "-"
52.173.121.69 - - [24/Aug/2026:17:13:38 +0500] "GET /byp.php HTTP/1.1" 301 - "-" "-"
52.173.121.69 - - [24/Aug/2026:17:13:43 +0500] "GET /uz/byp.php HTTP/1.1" 404 1215 "-" "-"
52.173.121.69 - - [24/Aug/2026:17:13:46 +0500] "GET /wp-includes/wp-conflg.php HTTP/1.1" 301 - "-" "-"
52.173.121.69 - - [24/Aug/2026:17:13:51 +0500] "GET /uz/wp-includes/wp-conflg.php HTTP/1.1" 404 1215 "-" "-"
52.173.121.69 - - [24/Aug/2026:17:13:56 +0500] "GET /wp-admin/user/802277/index.php HTTP/1.1" 301 - "-" "-"
34.57.162.91 - - [24/Aug/2026:17:13:59 +0500] "GET /uz/facts-uzb/414-sush-fakt-08-04-09-2023-ns-doc HTTP/1.1" 200 57121 "-" "Mozilla/5.0 (Macintosh; Intel Mac OS X 10_15_7) AppleWebKit/537.36 (KHTML, like Gecko) Chrome/120.0.0.0 Safari/537.36"
52.173.121.69 - - [24/Aug/2026:17:14:01 +0500] "GET /uz/wp-admin/user/802277/index.php HTTP/1.1" 404 1215 "-" "-"
52.173.121.69 - - [24/Aug/2026:17:14:05 +0500] "GET /wp-content/themes/index.php HTTP/1.1" 301 - "-" "-"
192.178.6.10 - - [24/Aug/2026:17:14:07 +0500] "GET /ru/facts-rus/262-08-fact-25-04-2019-ns HTTP/1.1" 200 193503 "-" "Mozilla/5.0 (Linux; Android 6.0.1; Nexus 5X Build/MMB29P) AppleWebKit/537.36 (KHTML, like Gecko) Chrome/151.0.7922.137 Mobile Safari/537.36 (compatible; Googlebot/2.1; +http://www.google.com/bot.html)"
52.173.121.69 - - [24/Aug/2026:17:14:08 +0500] "GET /uz/wp-content/themes/index.php HTTP/1.1" 404 1215 "-" "-"
52.173.121.69 - - [24/Aug/2026:17:14:11 +0500] "GET /wp-includes/Text/about.php HTTP/1.1" 301 - "-" "-"
52.173.121.69 - - [24/Aug/2026:17:14:13 +0500] "GET /uz/wp-includes/Text/about.php HTTP/1.1" 404 1215 "-" "-"
192.178.6.9 - - [24/Aug/2026:17:14:14 +0500] "GET /ru/news-rus?template=accessibility HTTP/1.1" 200 33550 "-" "Mozilla/5.0 (Linux; Android 6.0.1; Nexus 5X Build/MMB29P) AppleWebKit/537.36 (KHTML, like Gecko) Chrome/151.0.7922.137 Mobile Safari/537.36 (compatible; Googlebot/2.1; +http://www.google.com/bot.html)"
52.173.121.69 - - [24/Aug/2026:17:14:17 +0500] "GET /wp-content/ai1wm-backups/about.php HTTP/1.1" 301 - "-" "-"
34.57.162.91 - - [24/Aug/2026:17:14:21 +0500] "GET /docs/2026/sush_fakt-06-07.04.2026.pdf HTTP/1.1" 200 95877 "-" "Mozilla/5.0 (Macintosh; Intel Mac OS X 10_15_7) AppleWebKit/537.36 (KHTML, like Gecko) Chrome/120.0.0.0 Safari/537.36"
52.173.121.69 - - [24/Aug/2026:17:14:20 +0500] "GET /uz/wp-content/ai1wm-backups/about.php HTTP/1.1" 404 1215 "-" "-"
52.173.121.69 - - [24/Aug/2026:17:14:23 +0500] "GET /wp-includes/images/media/index.php HTTP/1.1" 301 - "-" "-"
52.173.121.69 - - [24/Aug/2026:17:14:26 +0500] "GET /uz/wp-includes/images/media/index.php HTTP/1.1" 404 1215 "-" "-"
52.173.121.69 - - [24/Aug/2026:17:14:30 +0500] "GET //2.php HTTP/1.1" 301 - "-" "-"
52.173.121.69 - - [24/Aug/2026:17:14:33 +0500] "GET /uz/2.php HTTP/1.1" 404 1215 "-" "-"
52.173.121.69 - - [24/Aug/2026:17:14:38 +0500] "GET /wp-admin/install.php HTTP/1.1" 301 - "-" "-"
216.244.66.202 - - [24/Aug/2026:17:14:37 +0500] "GET /uz/?p=1&start=28 HTTP/1.1" 200 68047 "-" "Mozilla/5.0 (compatible; DotBot/1.2; +https://opensiteexplorer.org/dotbot; help@moz.com)"
52.173.121.69 - - [24/Aug/2026:17:14:43 +0500] "GET /uz/wp-admin/install.php HTTP/1.1" 404 1215 "-" "-"
52.173.121.69 - - [24/Aug/2026:17:14:51 +0500] "GET /wp-includes/widgets/index.php HTTP/1.1" 301 - "-" "-"
192.178.6.8 - - [24/Aug/2026:17:14:55 +0500] "GET /media/aridocsviewer/pdfjs/web/viewer.html?file=http%3A%2F%2Fwww.eskijuva-bozori.uz%2Fdocs%2F2023%2Fbayon_kk-03.10.2023.pdf HTTP/1.1" 200 19712 "-" "Mozilla/5.0 (Linux; Android 6.0.1; Nexus 5X Build/MMB29P) AppleWebKit/537.36 (KHTML, like Gecko) Chrome/151.0.7922.137 Mobile Safari/537.36 (compatible; Googlebot/2.1; +http://www.google.com/bot.html)"
52.173.121.69 - - [24/Aug/2026:17:14:55 +0500] "GET /uz/wp-includes/widgets/index.php HTTP/1.1" 404 1215 "-" "-"
52.173.121.69 - - [24/Aug/2026:17:15:01 +0500] "GET //system.php HTTP/1.1" 508 288 "-" "-"
52.173.121.69 - - [24/Aug/2026:17:15:01 +0500] "GET //images/security.php HTTP/1.1" 508 288 "-" "-"
34.171.68.95 - - [24/Aug/2026:17:14:56 +0500] "GET /ru/prospectus-rus/207-prospectus-13-09-01-rus HTTP/1.1" 200 55636 "-" "Mozilla/5.0 (Macintosh; Intel Mac OS X 10_15_7) AppleWebKit/537.36 (KHTML, like Gecko) Chrome/120.0.0.0 Safari/537.36"
52.173.121.69 - - [24/Aug/2026:17:15:01 +0500] "GET /wp-includes/blocks/search/index.php HTTP/1.1" 301 - "-" "-"
185.191.171.7 - - [24/Aug/2026:17:14:57 +0500] "GET /ru/audit-rus/17-russian/shareholders-rus HTTP/1.1" 200 62997 "-" "Mozilla/5.0 (compatible; SemrushBot/7~bl; +http://www.semrush.com/bot.html)"
216.244.66.202 - - [24/Aug/2026:17:14:58 +0500] "GET /uz/?rest_route=/wp/v2/users&start=8 HTTP/1.1" 200 67691 "-" "Mozilla/5.0 (compatible; DotBot/1.2; +https://opensiteexplorer.org/dotbot; help@moz.com)"
192.178.6.8 - - [24/Aug/2026:17:14:59 +0500] "GET /uz/audit-uzb/10-uzbek HTTP/1.1" 200 66966 "-" "Mozilla/5.0 (Linux; Android 6.0.1; Nexus 5X Build/MMB29P) AppleWebKit/537.36 (KHTML, like Gecko) Chrome/151.0.7922.137 Mobile Safari/537.36 (compatible; Googlebot/2.1; +http://www.google.com/bot.html)"
52.173.121.69 - - [24/Aug/2026:17:15:07 +0500] "GET /uz/wp-includes/blocks/search/index.php HTTP/1.1" 404 1215 "-" "-"
34.171.68.95 - - [24/Aug/2026:17:15:13 +0500] "GET /docs/2025/sush_fakt-06-21.02.2025.pdf HTTP/1.1" 200 68900 "-" "Mozilla/5.0 (Macintosh; Intel Mac OS X 10_15_7) AppleWebKit/537.36 (KHTML, like Gecko) Chrome/120.0.0.0 Safari/537.36"
52.173.121.69 - - [24/Aug/2026:17:15:12 +0500] "GET /wp-includes/blocks/nextpage/index.php HTTP/1.1" 301 - "-" "-"
52.173.121.69 - - [24/Aug/2026:17:15:17 +0500] "GET /uz/wp-includes/blocks/nextpage/index.php HTTP/1.1" 404 1215 "-" "-"
52.173.121.69 - - [24/Aug/2026:17:15:24 +0500] "GET /wp-content/themes/twentytwentyfour/index.php HTTP/1.1" 301 - "-" "-"
52.173.121.69 - - [24/Aug/2026:17:15:30 +0500] "GET /uz/wp-content/themes/twentytwentyfour/index.php HTTP/1.1" 404 1215 "-" "-"
52.173.121.69 - - [24/Aug/2026:17:15:34 +0500] "GET /wp-content/themes/twentytwentyfour/assets/css/geido.php HTTP/1.1" 301 - "-" "-"
52.173.121.69 - - [24/Aug/2026:17:15:37 +0500] "GET /uz/wp-content/themes/twentytwentyfour/assets/css/geido.php HTTP/1.1" 404 1215 "-" "-"
52.173.121.69 - - [24/Aug/2026:17:15:41 +0500] "GET //wp-admin/maint/wp-login.php HTTP/1.1" 301 - "-" "-"
52.173.121.69 - - [24/Aug/2026:17:15:47 +0500] "GET /uz/wp-admin/maint/wp-login.php HTTP/1.1" 404 1215 "-" "-"
52.173.121.69 - - [24/Aug/2026:17:15:51 +0500] "GET /wp-includes/blocks/shortcode/index.php HTTP/1.1" 301 - "-" "-"
34.56.53.225 - - [24/Aug/2026:17:15:56 +0500] "GET /uz/news-uzb?start=20 HTTP/1.1" 508 288 "-" "Mozilla/5.0 (Macintosh; Intel Mac OS X 10_15_7) AppleWebKit/537.36 (KHTML, like Gecko) Chrome/120.0.0.0 Safari/537.36"
52.173.121.69 - - [24/Aug/2026:17:15:55 +0500] "GET /uz/wp-includes/blocks/shortcode/index.php HTTP/1.1" 404 1215 "-" "-"
52.173.121.69 - - [24/Aug/2026:17:16:02 +0500] "GET /wp-includes/blocks/comments-pagination-numbers/index.php HTTP/1.1" 301 - "-" "-"
52.173.121.69 - - [24/Aug/2026:17:16:07 +0500] "GET /uz/wp-includes/blocks/comments-pagination-numbers/index.php HTTP/1.1" 404 1215 "-" "-"
129.146.63.110 - - [24/Aug/2026:17:16:06 +0500] "GET /uz/officially-uzb/tenders-uzb/485-vacancy-director-2026 HTTP/1.1" 200 - "-" "Mozilla/5.0 (X11; Linux aarch64) AppleWebKit/537.36 (KHTML, like Gecko) Chrome/139.0.0.0 Safari/537.36"
52.173.121.69 - - [24/Aug/2026:17:16:12 +0500] "GET /ws.php HTTP/1.1" 301 - "-" "-"
129.146.63.110 - - [24/Aug/2026:17:16:12 +0500] "GET /uz/officially-uzb/tenders-uzb/485-vacancy-director-2026 HTTP/1.1" 200 - "-" "Mozilla/5.0 (X11; Linux aarch64) AppleWebKit/537.36 (KHTML, like Gecko) Chrome/139.0.0.0 Safari/537.36"
52.173.121.69 - - [24/Aug/2026:17:16:16 +0500] "GET /uz/ws.php HTTP/1.1" 404 1215 "-" "-"
34.10.180.98 - - [24/Aug/2026:17:16:48 +0500] "GET /uz/?format=feed&function=call_user_func_array&type=atom HTTP/1.1" 200 8923 "-" "Mozilla/5.0 (Macintosh; Intel Mac OS X 10_15_7) AppleWebKit/537.36 (KHTML, like Gecko) Chrome/120.0.0.0 Safari/537.36"
52.173.121.69 - - [24/Aug/2026:17:16:49 +0500] "GET /uz/wp-includes/IXR/class-IXR-client-merge.php HTTP/1.1" 404 1215 "-" "-"
52.173.121.69 - - [24/Aug/2026:17:16:52 +0500] "GET /wp-content/plugins/admin.php HTTP/1.1" 301 - "-" "-"
185.191.171.10 - - [24/Aug/2026:17:16:53 +0500] "GET /uz/?p=1&start=8 HTTP/1.1" 200 67895 "-" "Mozilla/5.0 (compatible; SemrushBot/7~bl; +http://www.semrush.com/bot.html)"
52.173.121.69 - - [24/Aug/2026:17:16:57 +0500] "GET /wp-admin/network/index.php HTTP/1.1" 301 - "-" "-"
52.173.121.69 - - [24/Aug/2026:17:17:01 +0500] "GET /uz/wp-admin/network/index.php HTTP/1.1" 404 1215 "-" "-"
52.173.121.69 - - [24/Aug/2026:17:17:06 +0500] "GET /museu/yhweq.php HTTP/1.1" 301 - "-" "-"
52.173.121.69 - - [24/Aug/2026:17:17:09 +0500] "GET /uz/museu/yhweq.php HTTP/1.1" 404 1215 "-" "-"
52.173.121.69 - - [24/Aug/2026:17:17:13 +0500] "GET /first.php HTTP/1.1" 301 - "-" "-"
52.173.121.69 - - [24/Aug/2026:17:17:15 +0500] "GET /uz/first.php HTTP/1.1" 404 1215 "-" "-"
52.173.121.69 - - [24/Aug/2026:17:17:19 +0500] "GET /wp-includes/interactivity-api/index.php HTTP/1.1" 301 - "-" "-"
192.178.6.8 - - [24/Aug/2026:17:17:22 +0500] "GET /uz/audit-uzb?template=yoo_master2&start=10 HTTP/1.1" 200 190437 "-" "Mozilla/5.0 (Linux; Android 6.0.1; Nexus 5X Build/MMB29P) AppleWebKit/537.36 (KHTML, like Gecko) Chrome/151.0.7922.137 Mobile Safari/537.36 (compatible; Googlebot/2.1; +http://www.google.com/bot.html)"
34.10.180.98 - - [24/Aug/2026:17:17:20 +0500] "GET /ru/component/search/?Itemid=384&catid=35&format=opensearch&id=322 HTTP/1.1" 200 770 "-" "Mozilla/5.0 (Macintosh; Intel Mac OS X 10_15_7) AppleWebKit/537.36 (KHTML, like Gecko) Chrome/120.0.0.0 Safari/537.36"
52.173.121.69 - - [24/Aug/2026:17:17:22 +0500] "GET /uz/wp-includes/interactivity-api/index.php HTTP/1.1" 404 1215 "-" "-"
52.173.121.69 - - [24/Aug/2026:17:17:27 +0500] "GET /autoload_classmap.php HTTP/1.1" 301 - "-" "-"
192.178.6.8 - - [24/Aug/2026:17:17:34 +0500] "GET /odr/order/apiGetCartItems/ HTTP/1.1" 301 - "http://www.eskijuva-bozori.uz/uz/audit-uzb?template=yoo_master2&start=10" "Mozilla/5.0 (Linux; Android 6.0.1; Nexus 5X Build/MMB29P) AppleWebKit/537.36 (KHTML, like Gecko) Chrome/151.0.7922.137 Mobile Safari/537.36 (compatible; Googlebot/2.1; +http://www.google.com/bot.html)"
52.173.121.69 - - [24/Aug/2026:17:17:32 +0500] "GET /uz/autoload_classmap.php HTTP/1.1" 404 1215 "-" "-"
52.173.121.69 - - [24/Aug/2026:17:17:38 +0500] "GET /Qdkv4tOtNdefault.php HTTP/1.1" 301 - "-" "-"
52.173.121.69 - - [24/Aug/2026:17:17:40 +0500] "GET /uz/Qdkv4tOtNdefault.php HTTP/1.1" 404 1215 "-" "-"
52.173.121.69 - - [24/Aug/2026:17:17:44 +0500] "GET /wp-content/index.php HTTP/1.1" 301 - "-" "-"
52.173.121.69 - - [24/Aug/2026:17:17:49 +0500] "GET /uz/wp-content/index.php HTTP/1.1" 404 1215 "-" "-"
52.173.121.69 - - [24/Aug/2026:17:17:55 +0500] "GET /images/class-config.php HTTP/1.1" 301 - "-" "-"
52.173.121.69 - - [24/Aug/2026:17:17:58 +0500] "GET /uz/images/class-config.php HTTP/1.1" 404 1215 "-" "-"
52.173.121.69 - - [24/Aug/2026:17:18:02 +0500] "GET /wp-includes/blocks/post-date/index.php HTTP/1.1" 301 - "-" "-"
52.173.121.69 - - [24/Aug/2026:17:18:06 +0500] "GET /uz/wp-includes/blocks/post-date/index.php HTTP/1.1" 404 1215 "-" "-"
52.173.121.69 - - [24/Aug/2026:17:18:10 +0500] "GET /wp-includes/blocks/social-link/index.php HTTP/1.1" 301 - "-" "-"
52.173.121.69 - - [24/Aug/2026:17:18:12 +0500] "GET /uz/wp-includes/blocks/social-link/index.php HTTP/1.1" 404 1215 "-" "-"
85.208.96.210 - - [24/Aug/2026:17:18:12 +0500] "GET /ru/news-rus/9-russian?start=56 HTTP/1.1" 200 63795 "-" "Mozilla/5.0 (compatible; SemrushBot/7~bl; +http://www.semrush.com/bot.html)"
52.173.121.69 - - [24/Aug/2026:17:18:16 +0500] "GET /wp-includes/IXR/index.php HTTP/1.1" 301 - "-" "-"
52.173.121.69 - - [24/Aug/2026:17:18:21 +0500] "GET /uz/wp-includes/IXR/index.php HTTP/1.1" 404 1215 "-" "-"
52.173.121.69 - - [24/Aug/2026:17:18:26 +0500] "GET /.well-known/autoconfig/atomlib.php HTTP/1.1" 301 - "-" "-"
52.173.121.69 - - [24/Aug/2026:17:18:29 +0500] "GET /uz/.well-known/autoconfig/atomlib.php HTTP/1.1" 404 1215 "-" "-"
216.73.216.101 - - [24/Aug/2026:17:18:30 +0500] "GET /current/suffuse/d9i2s2s6e5c7t9o7r497 HTTP/1.1" 301 - "-" "Mozilla/5.0 AppleWebKit/537.36 (KHTML, like Gecko; compatible; ClaudeBot/1.0; +claudebot@anthropic.com)"
52.173.121.69 - - [24/Aug/2026:17:18:34 +0500] "GET /wp-includes/blocks/text-columns/index.php HTTP/1.1" 301 - "-" "-"
216.73.216.101 - - [24/Aug/2026:17:18:34 +0500] "GET /uz/current/suffuse/d9i2s2s6e5c7t9o7r497 HTTP/1.1" 404 1215 "http://eskijuva-bozori.uz/current/suffuse/d9i2s2s6e5c7t9o7r497" "Mozilla/5.0 AppleWebKit/537.36 (KHTML, like Gecko; compatible; ClaudeBot/1.0; +claudebot@anthropic.com)"
52.173.121.69 - - [24/Aug/2026:17:18:37 +0500] "GET /uz/wp-includes/blocks/text-columns/index.php HTTP/1.1" 404 1215 "-" "-"
52.173.121.69 - - [24/Aug/2026:17:18:43 +0500] "GET /wp-includes/blocks/file/index.php HTTP/1.1" 301 - "-" "-"
52.173.121.69 - - [24/Aug/2026:17:18:48 +0500] "GET /uz/wp-includes/blocks/file/index.php HTTP/1.1" 404 1215 "-" "-"
52.173.121.69 - - [24/Aug/2026:17:18:53 +0500] "GET /UuAFIYGYKdefault.php HTTP/1.1" 301 - "-" "-"
52.173.121.69 - - [24/Aug/2026:17:18:57 +0500] "GET /uz/UuAFIYGYKdefault.php HTTP/1.1" 404 1215 "-" "-"
52.173.121.69 - - [24/Aug/2026:17:19:03 +0500] "GET /wp-admin/css/colors/about.php HTTP/1.1" 301 - "-" "-"
52.173.121.69 - - [24/Aug/2026:17:19:06 +0500] "GET /uz/wp-admin/css/colors/about.php HTTP/1.1" 404 1215 "-" "-"
52.173.121.69 - - [24/Aug/2026:17:19:08 +0500] "GET /wp-includes/Text/Diff/Engine/upload.php HTTP/1.1" 301 - "-" "-"
52.173.121.69 - - [24/Aug/2026:17:19:11 +0500] "GET /uz/wp-includes/Text/Diff/Engine/upload.php HTTP/1.1" 404 1215 "-" "-"
52.173.121.69 - - [24/Aug/2026:17:19:17 +0500] "GET /wp-admin/js/index.php HTTP/1.1" 301 - "-" "-"
216.73.216.101 - - [24/Aug/2026:17:19:18 +0500] "GET /?r=b9o7m1b4e0r64039 HTTP/1.1" 301 - "-" "Mozilla/5.0 AppleWebKit/537.36 (KHTML, like Gecko; compatible; ClaudeBot/1.0; +claudebot@anthropic.com)"
52.173.121.69 - - [24/Aug/2026:17:19:23 +0500] "GET /uz/wp-admin/js/index.php HTTP/1.1" 404 1215 "-" "-"
216.73.216.101 - - [24/Aug/2026:17:19:24 +0500] "GET /uz/?r=b9o7m1b4e0r64039 HTTP/1.1" 200 68305 "http://eskijuva-bozori.uz/?r=b9o7m1b4e0r64039" "Mozilla/5.0 AppleWebKit/537.36 (KHTML, like Gecko; compatible; ClaudeBot/1.0; +claudebot@anthropic.com)"
52.173.121.69 - - [24/Aug/2026:17:19:29 +0500] "GET /wp-admin/images/about.php HTTP/1.1" 301 - "-" "-"
216.73.216.101 - - [24/Aug/2026:17:19:32 +0500] "GET /ineyeing/hamstring/92805710584 HTTP/1.1" 301 - "-" "Mozilla/5.0 AppleWebKit/537.36 (KHTML, like Gecko; compatible; ClaudeBot/1.0; +claudebot@anthropic.com)"
52.173.121.69 - - [24/Aug/2026:17:19:35 +0500] "GET /uz/wp-admin/images/about.php HTTP/1.1" 404 1215 "-" "-"
216.73.216.101 - - [24/Aug/2026:17:19:39 +0500] "GET /uz/ineyeing/hamstring/92805710584 HTTP/1.1" 404 1215 "http://eskijuva-bozori.uz/ineyeing/hamstring/92805710584" "Mozilla/5.0 AppleWebKit/537.36 (KHTML, like Gecko; compatible; ClaudeBot/1.0; +claudebot@anthropic.com)"
52.173.121.69 - - [24/Aug/2026:17:19:42 +0500] "GET /wp-includes/Text/Diff/index.php HTTP/1.1" 301 - "-" "-"
52.173.121.69 - - [24/Aug/2026:17:19:48 +0500] "GET /uz/wp-includes/Text/Diff/index.php HTTP/1.1" 404 1215 "-" "-"
52.173.121.69 - - [24/Aug/2026:17:19:55 +0500] "GET /index/function.php HTTP/1.1" 301 - "-" "-"
52.173.121.69 - - [24/Aug/2026:17:19:59 +0500] "GET /uz/index/function.php HTTP/1.1" 404 1215 "-" "-"
52.173.121.69 - - [24/Aug/2026:17:20:06 +0500] "GET /wp-includes/js/thickbox/alfa-rex.php8 HTTP/1.1" 301 - "-" "-"
52.173.121.69 - - [24/Aug/2026:17:20:09 +0500] "GET /uz/wp-includes/js/thickbox/alfa-rex.php8 HTTP/1.1" 404 1215 "-" "-"
52.173.121.69 - - [24/Aug/2026:17:20:12 +0500] "GET /wp-includes/block-patterns/index.php HTTP/1.1" 301 - "-" "-"
52.173.121.69 - - [24/Aug/2026:17:20:16 +0500] "GET /uz/wp-includes/block-patterns/index.php HTTP/1.1" 404 1215 "-" "-"
52.173.121.69 - - [24/Aug/2026:17:20:19 +0500] "GET /wp-head.php HTTP/1.1" 301 - "-" "-"
52.173.121.69 - - [24/Aug/2026:17:20:23 +0500] "GET /uz/wp-head.php HTTP/1.1" 404 1215 "-" "-"
34.56.53.225 - - [24/Aug/2026:17:20:23 +0500] "GET /uz/prospectus-uzb?template=accessibility HTTP/1.1" 200 32152 "-" "Mozilla/5.0 (Macintosh; Intel Mac OS X 10_15_7) AppleWebKit/537.36 (KHTML, like Gecko) Chrome/120.0.0.0 Safari/537.36"
52.173.121.69 - - [24/Aug/2026:17:20:28 +0500] "GET //function/function.php HTTP/1.1" 301 - "-" "-"
52.173.121.69 - - [24/Aug/2026:17:20:30 +0500] "GET /uz/function/function.php HTTP/1.1" 404 1215 "-" "-"
192.178.6.10 - - [24/Aug/2026:17:20:30 +0500] "GET /ru/facts-rus?template=accessibility HTTP/1.1" 200 37252 "-" "Mozilla/5.0 (Linux; Android 6.0.1; Nexus 5X Build/MMB29P) AppleWebKit/537.36 (KHTML, like Gecko) Chrome/151.0.7922.137 Mobile Safari/537.36 (compatible; Googlebot/2.1; +http://www.google.com/bot.html)"
52.173.121.69 - - [24/Aug/2026:17:20:36 +0500] "GET /wp-includes/blocks/post-comments-form/index.php HTTP/1.1" 301 - "-" "-"
43.165.167.72 - - [24/Aug/2026:17:20:46 +0500] "GET / HTTP/1.1" 508 288 "-" "Mozilla/5.0 (iPhone; CPU iPhone OS 13_2_3 like Mac OS X) AppleWebKit/605.1.15 (KHTML, like Gecko) Version/13.0.3 Mobile/15E148 Safari/604.1"
85.208.96.210 - - [24/Aug/2026:17:20:37 +0500] "GET /uz/comissions-uzb?template=accessibility HTTP/1.1" 200 28993 "-" "Mozilla/5.0 (compatible; SemrushBot/7~bl; +http://www.semrush.com/bot.html)"
52.173.121.69 - - [24/Aug/2026:17:20:42 +0500] "GET /uz/wp-includes/blocks/post-comments-form/index.php HTTP/1.1" 404 1215 "-" "-"
216.73.216.101 - - [24/Aug/2026:17:20:48 +0500] "GET /uz/?r=s9l3e2e5v4e8d22122 HTTP/1.1" 508 288 "http://eskijuva-bozori.uz/?r=s9l3e2e5v4e8d22122" "Mozilla/5.0 AppleWebKit/537.36 (KHTML, like Gecko; compatible; ClaudeBot/1.0; +claudebot@anthropic.com)"
216.73.216.101 - - [24/Aug/2026:17:20:43 +0500] "GET /?r=s9l3e2e5v4e8d22122 HTTP/1.1" 301 - "-" "Mozilla/5.0 AppleWebKit/537.36 (KHTML, like Gecko; compatible; ClaudeBot/1.0; +claudebot@anthropic.com)"
192.178.6.9 - - [24/Aug/2026:17:20:52 +0500] "GET /ru/about-org-rus/strategy-rus/238-bussiness-plan-2018-rus HTTP/1.1" 508 288 "-" "Mozilla/5.0 (Linux; Android 6.0.1; Nexus 5X Build/MMB29P) AppleWebKit/537.36 (KHTML, like Gecko) Chrome/151.0.7922.137 Mobile Safari/537.36 (compatible; Googlebot/2.1; +http://www.google.com/bot.html)"
52.173.121.69 - - [24/Aug/2026:17:20:48 +0500] "GET /wp-includes/blocks/navigation-submenu/index.php HTTP/1.1" 301 - "-" "-"
52.173.121.69 - - [24/Aug/2026:17:20:54 +0500] "GET /uz/wp-includes/blocks/navigation-submenu/index.php HTTP/1.1" 404 1215 "-" "-"
192.178.6.8 - - [24/Aug/2026:17:20:49 +0500] "GET /ru/news-rus?template=accessibility&start=4 HTTP/1.1" 200 34745 "-" "Mozilla/5.0 (Linux; Android 6.0.1; Nexus 5X Build/MMB29P) AppleWebKit/537.36 (KHTML, like Gecko) Chrome/151.0.7922.137 Mobile Safari/537.36 (compatible; Googlebot/2.1; +http://www.google.com/bot.html)"
91.213.99.99 - - [24/Aug/2026:17:21:02 +0500] "GET /.well-known/pki-validation/cloud.php HTTP/1.1" 404 - "-" "get_local:DCV"
216.73.216.101 - - [24/Aug/2026:17:20:57 +0500] "GET /polypodium/p9r2e8c5o2n6c4e9i4v4e6d HTTP/1.1" 301 - "-" "Mozilla/5.0 AppleWebKit/537.36 (KHTML, like Gecko; compatible; ClaudeBot/1.0; +claudebot@anthropic.com)"
52.173.121.69 - - [24/Aug/2026:17:21:01 +0500] "GET /wp-includes/Requests/library/index.php HTTP/1.1" 301 - "-" "-"
216.73.216.101 - - [24/Aug/2026:17:21:03 +0500] "GET /uz/polypodium/p9r2e8c5o2n6c4e9i4v4e6d HTTP/1.1" 404 1215 "http://eskijuva-bozori.uz/polypodium/p9r2e8c5o2n6c4e9i4v4e6d" "Mozilla/5.0 AppleWebKit/537.36 (KHTML, like Gecko; compatible; ClaudeBot/1.0; +claudebot@anthropic.com)"
91.213.99.99 - - [24/Aug/2026:17:21:13 +0500] "GET /.well-known/pki-validation/about.php HTTP/1.1" 404 - "-" "get_local:DCV"
52.173.121.69 - - [24/Aug/2026:17:21:05 +0500] "GET /uz/wp-includes/Requests/library/index.php HTTP/1.1" 404 1215 "-" "-"
192.178.6.8 - - [24/Aug/2026:17:21:05 +0500] "GET /ru/?template=accessibility HTTP/1.1" 200 35306 "-" "Mozilla/5.0 (Linux; Android 6.0.1; Nexus 5X Build/MMB29P) AppleWebKit/537.36 (KHTML, like Gecko) Chrome/151.0.7922.137 Mobile Safari/537.36 (compatible; Googlebot/2.1; +http://www.google.com/bot.html)"
192.178.6.8 - - [24/Aug/2026:17:21:20 +0500] "GET /templates/accessibility/css/brown.css HTTP/1.1" 200 4084 "http://www.eskijuva-bozori.uz/ru/?template=accessibility" "Mozilla/5.0 (Linux; Android 6.0.1; Nexus 5X Build/MMB29P) AppleWebKit/537.36 (KHTML, like Gecko) Chrome/151.0.7922.137 Mobile Safari/537.36 (compatible; Googlebot/2.1; +http://www.google.com/bot.html)"
52.173.121.69 - - [24/Aug/2026:17:21:14 +0500] "GET /wp-includes/Ipv6.php HTTP/1.1" 301 - "-" "-"
52.173.121.69 - - [24/Aug/2026:17:21:20 +0500] "GET /uz/wp-includes/Ipv6.php HTTP/1.1" 404 1215 "-" "-"
192.178.6.8 - - [24/Aug/2026:17:21:30 +0500] "GET /templates/accessibility/js/watch.js HTTP/1.1" 200 58710 "http://www.eskijuva-bozori.uz/ru/?template=accessibility" "Mozilla/5.0 (Linux; Android 6.0.1; Nexus 5X Build/MMB29P) AppleWebKit/537.36 (KHTML, like Gecko) Chrome/151.0.7922.137 Mobile Safari/537.36 (compatible; Googlebot/2.1; +http://www.google.com/bot.html)"
52.173.121.69 - - [24/Aug/2026:17:21:27 +0500] "GET //info.php HTTP/1.1" 301 - "-" "-"
192.178.6.8 - - [24/Aug/2026:17:21:37 +0500] "GET /media/aridocsviewer/pdfjs/web/viewer.html?file=http%3A%2F%2Fwww.eskijuva-bozori.uz%2Fdocs%2F2019%2Fbayon-25.04.2019-ej.pdf HTTP/1.1" 200 19712 "-" "Mozilla/5.0 (Linux; Android 6.0.1; Nexus 5X Build/MMB29P) AppleWebKit/537.36 (KHTML, like Gecko) Chrome/151.0.7922.137 Mobile Safari/537.36 (compatible; Googlebot/2.1; +http://www.google.com/bot.html)"
52.173.121.69 - - [24/Aug/2026:17:21:31 +0500] "GET /uz/info.php HTTP/1.1" 404 1215 "-" "-"
216.73.216.101 - - [24/Aug/2026:17:21:36 +0500] "GET /?r=c9o2o7i3n6g784687 HTTP/1.1" 301 - "-" "Mozilla/5.0 AppleWebKit/537.36 (KHTML, like Gecko; compatible; ClaudeBot/1.0; +claudebot@anthropic.com)"
52.173.121.69 - - [24/Aug/2026:17:21:38 +0500] "GET /wp-includes/SimplePie/index.php HTTP/1.1" 301 - "-" "-"
216.73.216.101 - - [24/Aug/2026:17:21:42 +0500] "GET /uz/?r=c9o2o7i3n6g784687 HTTP/1.1" 200 68306 "http://eskijuva-bozori.uz/?r=c9o2o7i3n6g784687" "Mozilla/5.0 AppleWebKit/537.36 (KHTML, like Gecko; compatible; ClaudeBot/1.0; +claudebot@anthropic.com)"
52.173.121.69 - - [24/Aug/2026:17:21:44 +0500] "GET /uz/wp-includes/SimplePie/index.php HTTP/1.1" 404 1215 "-" "-"
216.73.216.101 - - [24/Aug/2026:17:21:45 +0500] "GET /intertalk/p9e1r9c8a6l6e66106 HTTP/1.1" 301 - "-" "Mozilla/5.0 AppleWebKit/537.36 (KHTML, like Gecko; compatible; ClaudeBot/1.0; +claudebot@anthropic.com)"
52.173.121.69 - - [24/Aug/2026:17:21:48 +0500] "GET /assets/admin/login/info.php HTTP/1.1" 301 - "-" "-"
216.73.216.101 - - [24/Aug/2026:17:21:49 +0500] "GET /uz/intertalk/p9e1r9c8a6l6e66106 HTTP/1.1" 404 1215 "http://eskijuva-bozori.uz/intertalk/p9e1r9c8a6l6e66106" "Mozilla/5.0 AppleWebKit/537.36 (KHTML, like Gecko; compatible; ClaudeBot/1.0; +claudebot@anthropic.com)"
192.178.6.8 - - [24/Aug/2026:17:21:55 +0500] "GET /media/aridocsviewer/pdfjs/web/viewer.css HTTP/1.1" 200 49184 "http://www.eskijuva-bozori.uz/media/aridocsviewer/pdfjs/web/viewer.html?file=http%3A%2F%2Fwww.eskijuva-bozori.uz%2Fdocs%2F2019%2Fbayon-25.04.2019-ej.pdf" "Mozilla/5.0 (Linux; Android 6.0.1; Nexus 5X Build/MMB29P) AppleWebKit/537.36 (KHTML, like Gecko) Chrome/151.0.7922.137 Mobile Safari/537.36 (compatible; Googlebot/2.1; +http://www.google.com/bot.html)"
52.173.121.69 - - [24/Aug/2026:17:21:52 +0500] "GET /uz/assets/admin/login/info.php HTTP/1.1" 404 1215 "-" "-"
52.173.121.69 - - [24/Aug/2026:17:21:56 +0500] "GET /cgi-bin/index.php HTTP/1.1" 301 - "-" "-"
216.73.216.101 - - [24/Aug/2026:17:21:59 +0500] "GET /shops/leaning/m9i2s6b8e2c9o7m2i5n0g7 HTTP/1.1" 301 - "-" "Mozilla/5.0 AppleWebKit/537.36 (KHTML, like Gecko; compatible; ClaudeBot/1.0; +claudebot@anthropic.com)"
52.173.121.69 - - [24/Aug/2026:17:22:00 +0500] "GET /uz/cgi-bin/index.php HTTP/1.1" 404 1215 "-" "-"
216.73.216.101 - - [24/Aug/2026:17:22:03 +0500] "GET /uz/shops/leaning/m9i2s6b8e2c9o7m2i5n0g7 HTTP/1.1" 404 1215 "http://eskijuva-bozori.uz/shops/leaning/m9i2s6b8e2c9o7m2i5n0g7" "Mozilla/5.0 AppleWebKit/537.36 (KHTML, like Gecko; compatible; ClaudeBot/1.0; +claudebot@anthropic.com)"
52.173.121.69 - - [24/Aug/2026:17:22:05 +0500] "GET /dropdown.php HTTP/1.1" 301 - "-" "-"
52.173.121.69 - - [24/Aug/2026:17:22:08 +0500] "GET /uz/dropdown.php HTTP/1.1" 404 1215 "-" "-"
216.73.216.101 - - [24/Aug/2026:17:22:10 +0500] "GET /shops/resigned/f9o3r4s3h8a2p8e4811 HTTP/1.1" 301 - "-" "Mozilla/5.0 AppleWebKit/537.36 (KHTML, like Gecko; compatible; ClaudeBot/1.0; +claudebot@anthropic.com)"
43.162.95.192 - - [24/Aug/2026:17:22:08 +0500] "GET /uz/about-org-uzb/strategy-uzb HTTP/1.1" 200 62051 "-" "Mozilla/5.0 (iPhone; CPU iPhone OS 13_2_3 like Mac OS X) AppleWebKit/605.1.15 (KHTML, like Gecko) Version/13.0.3 Mobile/15E148 Safari/604.1"
52.2.58.41 - - [24/Aug/2026:17:22:08 +0500] "GET /uz/?rest_route=/wp/v2/users&start=48 HTTP/1.1" 200 69042 "-" "Mozilla/5.0 AppleWebKit/537.36 (KHTML, like Gecko; compatible; Amazonbot/0.1; +https://developer.amazon.com/support/amazonbot) Chrome/119.0.6045.214 Safari/537.36"
52.173.121.69 - - [24/Aug/2026:17:22:15 +0500] "GET /wp-content/uploads/Ipv6.php HTTP/1.1" 301 - "-" "-"
216.73.216.101 - - [24/Aug/2026:17:22:16 +0500] "GET /uz/shops/resigned/f9o3r4s3h8a2p8e4811 HTTP/1.1" 404 1215 "http://eskijuva-bozori.uz/shops/resigned/f9o3r4s3h8a2p8e4811" "Mozilla/5.0 AppleWebKit/537.36 (KHTML, like Gecko; compatible; ClaudeBot/1.0; +claudebot@anthropic.com)"
216.73.216.101 - - [24/Aug/2026:17:22:24 +0500] "GET /shops/tranquilize/c9h1a4f9f1e0r1n6227 HTTP/1.1" 301 - "-" "Mozilla/5.0 AppleWebKit/537.36 (KHTML, like Gecko; compatible; ClaudeBot/1.0; +claudebot@anthropic.com)"
52.173.121.69 - - [24/Aug/2026:17:22:22 +0500] "GET /uz/wp-content/uploads/Ipv6.php HTTP/1.1" 404 1215 "-" "-"
216.73.216.101 - - [24/Aug/2026:17:22:28 +0500] "GET /uz/shops/tranquilize/c9h1a4f9f1e0r1n6227 HTTP/1.1" 404 1215 "http://eskijuva-bozori.uz/shops/tranquilize/c9h1a4f9f1e0r1n6227" "Mozilla/5.0 AppleWebKit/537.36 (KHTML, like Gecko; compatible; ClaudeBot/1.0; +claudebot@anthropic.com)"
52.173.121.69 - - [24/Aug/2026:17:22:30 +0500] "GET /1index.php HTTP/1.1" 301 - "-" "-"
52.173.121.69 - - [24/Aug/2026:17:22:36 +0500] "GET /uz/1index.php HTTP/1.1" 404 1215 "-" "-"
52.173.121.69 - - [24/Aug/2026:17:22:43 +0500] "GET /.well-known/acme-challenge/local-access.php HTTP/1.1" 301 - "-" "-"
52.173.121.69 - - [24/Aug/2026:17:22:47 +0500] "GET /uz/.well-known/acme-challenge/local-access.php HTTP/1.1" 404 1215 "-" "-"
216.73.216.101 - - [24/Aug/2026:17:22:50 +0500] "GET /?r=l9a3r9a4m3i2e78859 HTTP/1.1" 301 - "-" "Mozilla/5.0 AppleWebKit/537.36 (KHTML, like Gecko; compatible; ClaudeBot/1.0; +claudebot@anthropic.com)"
52.173.121.69 - - [24/Aug/2026:17:22:52 +0500] "GET /wp-includes/blocks/missing/index.php HTTP/1.1" 301 - "-" "-"
216.73.216.101 - - [24/Aug/2026:17:22:53 +0500] "GET /uz/?r=l9a3r9a4m3i2e78859 HTTP/1.1" 200 68307 "http://eskijuva-bozori.uz/?r=l9a3r9a4m3i2e78859" "Mozilla/5.0 AppleWebKit/537.36 (KHTML, like Gecko; compatible; ClaudeBot/1.0; +claudebot@anthropic.com)"
52.173.121.69 - - [24/Aug/2026:17:22:55 +0500] "GET /uz/wp-includes/blocks/missing/index.php HTTP/1.1" 404 1215 "-" "-"
34.57.162.91 - - [24/Aug/2026:17:22:53 +0500] "GET /ru/jsc-docs-rus/30-obsh-sobr-14-07-14-rus HTTP/1.1" 200 122440 "-" "Mozilla/5.0 (Macintosh; Intel Mac OS X 10_15_7) AppleWebKit/537.36 (KHTML, like Gecko) Chrome/120.0.0.0 Safari/537.36"
216.73.216.101 - - [24/Aug/2026:17:23:04 +0500] "GET /shops/devenustate/r9a2z9o4r9b6a6c5k4e3d0 HTTP/1.1" 508 288 "-" "Mozilla/5.0 AppleWebKit/537.36 (KHTML, like Gecko; compatible; ClaudeBot/1.0; +claudebot@anthropic.com)"
52.173.121.69 - - [24/Aug/2026:17:23:00 +0500] "GET /wp-content/upgrade/index.php HTTP/1.1" 301 - "-" "-"
52.173.121.69 - - [24/Aug/2026:17:23:07 +0500] "GET /uz/wp-content/upgrade/index.php HTTP/1.1" 404 1215 "-" "-"
216.73.216.101 - - [24/Aug/2026:17:23:18 +0500] "GET /?r=m9a8r7m5a6l7a8d6e8 HTTP/1.1" 508 288 "-" "Mozilla/5.0 AppleWebKit/537.36 (KHTML, like Gecko; compatible; ClaudeBot/1.0; +claudebot@anthropic.com)"
52.173.121.69 - - [24/Aug/2026:17:23:15 +0500] "GET /images/security.php HTTP/1.1" 301 - "-" "-"
185.191.171.8 - - [24/Aug/2026:17:23:17 +0500] "GET /uz/?__kds_flag=post&start=36 HTTP/1.1" 200 70455 "-" "Mozilla/5.0 (compatible; SemrushBot/7~bl; +http://www.semrush.com/bot.html)"
52.173.121.69 - - [24/Aug/2026:17:23:21 +0500] "GET /uz/images/security.php HTTP/1.1" 404 1215 "-" "-"
216.73.216.101 - - [24/Aug/2026:17:23:24 +0500] "GET /?r=b9e1w6i4g77349 HTTP/1.1" 301 - "-" "Mozilla/5.0 AppleWebKit/537.36 (KHTML, like Gecko; compatible; ClaudeBot/1.0; +claudebot@anthropic.com)"
52.173.121.69 - - [24/Aug/2026:17:23:27 +0500] "GET /uploadx.php HTTP/1.1" 301 - "-" "-"
216.73.216.101 - - [24/Aug/2026:17:23:29 +0500] "GET /uz/?r=b9e1w6i4g77349 HTTP/1.1" 200 68303 "http://eskijuva-bozori.uz/?r=b9e1w6i4g77349" "Mozilla/5.0 AppleWebKit/537.36 (KHTML, like Gecko; compatible; ClaudeBot/1.0; +claudebot@anthropic.com)"
52.173.121.69 - - [24/Aug/2026:17:23:33 +0500] "GET /uz/uploadx.php HTTP/1.1" 404 1215 "-" "-"
216.73.216.101 - - [24/Aug/2026:17:23:38 +0500] "GET /?r=b9o3r5a8t2e403180 HTTP/1.1" 301 - "-" "Mozilla/5.0 AppleWebKit/537.36 (KHTML, like Gecko; compatible; ClaudeBot/1.0; +claudebot@anthropic.com)"
