192.178.6.8 - - [24/Aug/2026:23:07:05 +0500] "GET /media/aridocsviewer/pdfjs/web/viewer.css HTTP/1.1" 200 49184 "http://www.eskijuva-bozori.uz/media/aridocsviewer/pdfjs/web/viewer.html?file=http%3A%2F%2Fwww.eskijuva-bozori.uz%2Fdocs%2Fbiznes-plan-2019-eskijuva.pdf" "Mozilla/5.0 (Linux; Android 6.0.1; Nexus 5X Build/MMB29P) AppleWebKit/537.36 (KHTML, like Gecko) Chrome/151.0.7922.137 Mobile Safari/537.36 (compatible; Googlebot/2.1; +http://www.google.com/bot.html)"
34.30.223.149 - - [24/Aug/2026:23:07:03 +0500] "GET /ru/component/search/?Itemid=328&catid=32&format=opensearch&id=441 HTTP/1.1" 200 770 "-" "Mozilla/5.0 (Macintosh; Intel Mac OS X 10_15_7) AppleWebKit/537.36 (KHTML, like Gecko) Chrome/120.0.0.0 Safari/537.36"
192.178.6.9 - - [24/Aug/2026:23:07:05 +0500] "GET /media/aridocsviewer/pdfjs/web/pdf.viewer.js HTTP/1.1" 200 283565 "http://www.eskijuva-bozori.uz/media/aridocsviewer/pdfjs/web/viewer.html?file=http%3A%2F%2Fwww.eskijuva-bozori.uz%2Fdocs%2Fbiznes-plan-2019-eskijuva.pdf" "Mozilla/5.0 (Linux; Android 6.0.1; Nexus 5X Build/MMB29P) AppleWebKit/537.36 (KHTML, like Gecko) Chrome/151.0.7922.137 Mobile Safari/537.36 (compatible; Googlebot/2.1; +http://www.google.com/bot.html)"
192.178.6.8 - - [24/Aug/2026:23:07:06 +0500] "GET /media/aridocsviewer/pdfjs/build/pdf.worker.js HTTP/1.1" 200 594240 "http://www.eskijuva-bozori.uz/media/aridocsviewer/pdfjs/web/viewer.html?file=http%3A%2F%2Fwww.eskijuva-bozori.uz%2Fdocs%2Fbiznes-plan-2019-eskijuva.pdf" "Mozilla/5.0 (Linux; Android 6.0.1; Nexus 5X Build/MMB29P) AppleWebKit/537.36 (KHTML, like Gecko) Chrome/151.0.7922.137 Mobile Safari/537.36 (compatible; Googlebot/2.1; +http://www.google.com/bot.html)"
192.178.6.8 - - [24/Aug/2026:23:07:09 +0500] "GET /media/aridocsviewer/pdfjs/web/locale/locale.properties HTTP/1.1" 200 4314 "http://www.eskijuva-bozori.uz/media/aridocsviewer/pdfjs/web/viewer.html?file=http%3A%2F%2Fwww.eskijuva-bozori.uz%2Fdocs%2Fbiznes-plan-2019-eskijuva.pdf" "Mozilla/5.0 (Linux; Android 6.0.1; Nexus 5X Build/MMB29P) AppleWebKit/537.36 (KHTML, like Gecko) Chrome/151.0.7922.137 Mobile Safari/537.36 (compatible; Googlebot/2.1; +http://www.google.com/bot.html)"
192.178.6.8 - - [24/Aug/2026:23:07:12 +0500] "GET /media/aridocsviewer/pdfjs/web/locale/en-US/viewer.properties HTTP/1.1" 200 6826 "http://www.eskijuva-bozori.uz/media/aridocsviewer/pdfjs/web/viewer.html?file=http%3A%2F%2Fwww.eskijuva-bozori.uz%2Fdocs%2Fbiznes-plan-2019-eskijuva.pdf" "Mozilla/5.0 (Linux; Android 6.0.1; Nexus 5X Build/MMB29P) AppleWebKit/537.36 (KHTML, like Gecko) Chrome/151.0.7922.137 Mobile Safari/537.36 (compatible; Googlebot/2.1; +http://www.google.com/bot.html)"
192.178.6.8 - - [24/Aug/2026:23:07:18 +0500] "GET /docs/biznes-plan-2019-eskijuva.pdf HTTP/1.1" 200 209205 "http://www.eskijuva-bozori.uz/media/aridocsviewer/pdfjs/build/pdf.worker.js" "Mozilla/5.0 (Linux; Android 6.0.1; Nexus 5X Build/MMB29P) AppleWebKit/537.36 (KHTML, like Gecko) Chrome/151.0.7922.137 Mobile Safari/537.36 (compatible; Googlebot/2.1; +http://www.google.com/bot.html)"
81.167.26.57 - - [24/Aug/2026:23:07:53 +0500] "GET /uz/news-uzb/449-meeting-27-04-2025-uz HTTP/1.1" 200 60266 "-" "Mozilla/5.0 (compatible; MJ12bot/v1.4.8; http://mj12bot.com/)"
192.178.6.8 - - [24/Aug/2026:23:07:58 +0500] "GET /media/aridocsviewer/pdfjs/web/viewer.html?file=http%3A%2F%2Fwww.eskijuva-bozori.uz%2Fdocs%2Fbussiness-plan-2018.pdf HTTP/1.1" 200 19712 "-" "Mozilla/5.0 (Linux; Android 6.0.1; Nexus 5X Build/MMB29P) AppleWebKit/537.36 (KHTML, like Gecko) Chrome/151.0.7922.137 Mobile Safari/537.36 (compatible; Googlebot/2.1; +http://www.google.com/bot.html)"
192.178.6.8 - - [24/Aug/2026:23:08:02 +0500] "GET /docs/bussiness-plan-2018.pdf HTTP/1.1" 200 342184 "http://www.eskijuva-bozori.uz/media/aridocsviewer/pdfjs/build/pdf.worker.js" "Mozilla/5.0 (Linux; Android 6.0.1; Nexus 5X Build/MMB29P) AppleWebKit/537.36 (KHTML, like Gecko) Chrome/151.0.7922.137 Mobile Safari/537.36 (compatible; Googlebot/2.1; +http://www.google.com/bot.html)"
81.167.26.57 - - [24/Aug/2026:23:07:59 +0500] "GET /uz/news-uzb/453-meeting-15-04-2025 HTTP/1.1" 200 56946 "-" "Mozilla/5.0 (compatible; MJ12bot/v1.4.8; http://mj12bot.com/)"
34.123.149.87 - - [24/Aug/2026:23:08:39 +0500] "GET /ru/component/search/?Itemid=160&catid=19&format=opensearch&id=377 HTTP/1.1" 200 770 "-" "Mozilla/5.0 (Macintosh; Intel Mac OS X 10_15_7) AppleWebKit/537.36 (KHTML, like Gecko) Chrome/120.0.0.0 Safari/537.36"
81.167.26.57 - - [24/Aug/2026:23:08:49 +0500] "GET /uz/officially-uzb/tenders-uzb/447-tender-korp-2025-uz HTTP/1.1" 200 59713 "-" "Mozilla/5.0 (compatible; MJ12bot/v1.4.8; http://mj12bot.com/)"
85.208.96.203 - - [24/Aug/2026:23:08:56 +0500] "GET /ru/contacts-rus/17-russian/shareholders-rus HTTP/1.1" 200 74674 "-" "Mozilla/5.0 (compatible; SemrushBot/7~bl; +http://www.semrush.com/bot.html)"
34.123.149.87 - - [24/Aug/2026:23:10:40 +0500] "GET /uz/?start=20&template=yoo_master2 HTTP/1.1" 200 69175 "-" "Mozilla/5.0 (Macintosh; Intel Mac OS X 10_15_7) AppleWebKit/537.36 (KHTML, like Gecko) Chrome/120.0.0.0 Safari/537.36"
185.191.171.5 - - [24/Aug/2026:23:12:11 +0500] "GET /uz/?function=call_user_func_array&start=48 HTTP/1.1" 200 68757 "-" "Mozilla/5.0 (compatible; SemrushBot/7~bl; +http://www.semrush.com/bot.html)"
216.73.216.20 - - [24/Aug/2026:23:12:39 +0500] "GET /shops/paramagnet/s9u4b0e8r6o2s8e1214 HTTP/1.1" 301 - "-" "Mozilla/5.0 AppleWebKit/537.36 (KHTML, like Gecko; compatible; ClaudeBot/1.0; +claudebot@anthropic.com)"
216.73.216.20 - - [24/Aug/2026:23:12:44 +0500] "GET /uz/shops/paramagnet/s9u4b0e8r6o2s8e1214 HTTP/1.1" 404 1215 "http://eskijuva-bozori.uz/shops/paramagnet/s9u4b0e8r6o2s8e1214" "Mozilla/5.0 AppleWebKit/537.36 (KHTML, like Gecko; compatible; ClaudeBot/1.0; +claudebot@anthropic.com)"
136.119.35.120 - - [24/Aug/2026:23:13:04 +0500] "GET /uz/about-org-uzb/indexes-uzb/204-report-emitent-2016-full-uzb HTTP/1.1" 508 288 "-" "Mozilla/5.0 (Macintosh; Intel Mac OS X 10_15_7) AppleWebKit/537.36 (KHTML, like Gecko) Chrome/120.0.0.0 Safari/537.36"
216.73.216.20 - - [24/Aug/2026:23:13:55 +0500] "GET /?r=s9l4e0d3g9i2n7g058 HTTP/1.1" 301 - "-" "Mozilla/5.0 AppleWebKit/537.36 (KHTML, like Gecko; compatible; ClaudeBot/1.0; +claudebot@anthropic.com)"
216.73.216.20 - - [24/Aug/2026:23:13:58 +0500] "GET /uz/?r=s9l4e0d3g9i2n7g058 HTTP/1.1" 200 68472 "http://eskijuva-bozori.uz/?r=s9l4e0d3g9i2n7g058" "Mozilla/5.0 AppleWebKit/537.36 (KHTML, like Gecko; compatible; ClaudeBot/1.0; +claudebot@anthropic.com)"
34.57.162.91 - - [24/Aug/2026:23:14:00 +0500] "GET /ru/officially-rus/certificates-rus?template=yoo_master2 HTTP/1.1" 200 54793 "-" "Mozilla/5.0 (Macintosh; Intel Mac OS X 10_15_7) AppleWebKit/537.36 (KHTML, like Gecko) Chrome/120.0.0.0 Safari/537.36"
216.73.216.20 - - [24/Aug/2026:23:14:06 +0500] "GET /microarpa/l9e3s9e6m7a9j5e9s4t1y HTTP/1.1" 301 - "-" "Mozilla/5.0 AppleWebKit/537.36 (KHTML, like Gecko; compatible; ClaudeBot/1.0; +claudebot@anthropic.com)"
43.135.145.77 - - [24/Aug/2026:23:14:07 +0500] "GET /uz/votes-uzb HTTP/1.1" 200 63606 "-" "Mozilla/5.0 (iPhone; CPU iPhone OS 13_2_3 like Mac OS X) AppleWebKit/605.1.15 (KHTML, like Gecko) Version/13.0.3 Mobile/15E148 Safari/604.1"
216.73.216.20 - - [24/Aug/2026:23:14:13 +0500] "GET /uz/microarpa/l9e3s9e6m7a9j5e9s4t1y HTTP/1.1" 404 1215 "http://eskijuva-bozori.uz/microarpa/l9e3s9e6m7a9j5e9s4t1y" "Mozilla/5.0 AppleWebKit/537.36 (KHTML, like Gecko; compatible; ClaudeBot/1.0; +claudebot@anthropic.com)"
216.73.216.20 - - [24/Aug/2026:23:14:18 +0500] "GET /shops/implorer/h9u3m7m0e6l4e9r3040 HTTP/1.1" 301 - "-" "Mozilla/5.0 AppleWebKit/537.36 (KHTML, like Gecko; compatible; ClaudeBot/1.0; +claudebot@anthropic.com)"
216.73.216.20 - - [24/Aug/2026:23:14:21 +0500] "GET /uz/shops/implorer/h9u3m7m0e6l4e9r3040 HTTP/1.1" 404 1215 "http://eskijuva-bozori.uz/shops/implorer/h9u3m7m0e6l4e9r3040" "Mozilla/5.0 AppleWebKit/537.36 (KHTML, like Gecko; compatible; ClaudeBot/1.0; +claudebot@anthropic.com)"
216.73.216.20 - - [24/Aug/2026:23:14:24 +0500] "GET /forgivingness/e9v2a1c6u9a2t2i2v9e56 HTTP/1.1" 301 - "-" "Mozilla/5.0 AppleWebKit/537.36 (KHTML, like Gecko; compatible; ClaudeBot/1.0; +claudebot@anthropic.com)"
216.73.216.20 - - [24/Aug/2026:23:14:27 +0500] "GET /uz/forgivingness/e9v2a1c6u9a2t2i2v9e56 HTTP/1.1" 404 1215 "http://eskijuva-bozori.uz/forgivingness/e9v2a1c6u9a2t2i2v9e56" "Mozilla/5.0 AppleWebKit/537.36 (KHTML, like Gecko; compatible; ClaudeBot/1.0; +claudebot@anthropic.com)"
216.73.216.20 - - [24/Aug/2026:23:14:33 +0500] "GET /clockwise/lemaireocereus/92438643268 HTTP/1.1" 301 - "-" "Mozilla/5.0 AppleWebKit/537.36 (KHTML, like Gecko; compatible; ClaudeBot/1.0; +claudebot@anthropic.com)"
34.61.96.6 - - [24/Aug/2026:23:14:37 +0500] "GET /media/aridocsviewer/pdfjs/web/viewer.html?file=http://mail.eskijuva-bozori.uz/docs/2019/bayon-20.11.2019-ej.pdf HTTP/1.1" 200 19712 "-" "Mozilla/5.0 (Macintosh; Intel Mac OS X 10_15_7) AppleWebKit/537.36 (KHTML, like Gecko) Chrome/120.0.0.0 Safari/537.36"
216.73.216.20 - - [24/Aug/2026:23:14:35 +0500] "GET /uz/clockwise/lemaireocereus/92438643268 HTTP/1.1" 404 1215 "http://eskijuva-bozori.uz/clockwise/lemaireocereus/92438643268" "Mozilla/5.0 AppleWebKit/537.36 (KHTML, like Gecko; compatible; ClaudeBot/1.0; +claudebot@anthropic.com)"
216.73.216.20 - - [24/Aug/2026:23:14:47 +0500] "GET /?r=c9h3a8r0a0c2e7a6e488 HTTP/1.1" 301 - "-" "Mozilla/5.0 AppleWebKit/537.36 (KHTML, like Gecko; compatible; ClaudeBot/1.0; +claudebot@anthropic.com)"
216.73.216.20 - - [24/Aug/2026:23:14:51 +0500] "GET /uz/?r=c9h3a8r0a0c2e7a6e488 HTTP/1.1" 200 68474 "http://eskijuva-bozori.uz/?r=c9h3a8r0a0c2e7a6e488" "Mozilla/5.0 AppleWebKit/537.36 (KHTML, like Gecko; compatible; ClaudeBot/1.0; +claudebot@anthropic.com)"
216.73.216.20 - - [24/Aug/2026:23:14:57 +0500] "GET /shops/ponderously/b9l1a3m2e2r922783 HTTP/1.1" 301 - "-" "Mozilla/5.0 AppleWebKit/537.36 (KHTML, like Gecko; compatible; ClaudeBot/1.0; +claudebot@anthropic.com)"
216.73.216.20 - - [24/Aug/2026:23:14:58 +0500] "GET /uz/shops/ponderously/b9l1a3m2e2r922783 HTTP/1.1" 404 1215 "http://eskijuva-bozori.uz/shops/ponderously/b9l1a3m2e2r922783" "Mozilla/5.0 AppleWebKit/537.36 (KHTML, like Gecko; compatible; ClaudeBot/1.0; +claudebot@anthropic.com)"
216.73.216.20 - - [24/Aug/2026:23:15:06 +0500] "GET /?r=m9i3m7e8t9e9n3e4420 HTTP/1.1" 301 - "-" "Mozilla/5.0 AppleWebKit/537.36 (KHTML, like Gecko; compatible; ClaudeBot/1.0; +claudebot@anthropic.com)"
216.73.216.20 - - [24/Aug/2026:23:15:09 +0500] "GET /uz/?r=m9i3m7e8t9e9n3e4420 HTTP/1.1" 200 68473 "http://eskijuva-bozori.uz/?r=m9i3m7e8t9e9n3e4420" "Mozilla/5.0 AppleWebKit/537.36 (KHTML, like Gecko; compatible; ClaudeBot/1.0; +claudebot@anthropic.com)"
216.73.216.20 - - [24/Aug/2026:23:15:17 +0500] "GET /?r=t9a6c0e0t527393 HTTP/1.1" 301 - "-" "Mozilla/5.0 AppleWebKit/537.36 (KHTML, like Gecko; compatible; ClaudeBot/1.0; +claudebot@anthropic.com)"
216.73.216.20 - - [24/Aug/2026:23:15:21 +0500] "GET /uz/?r=t9a6c0e0t527393 HTTP/1.1" 200 68469 "http://eskijuva-bozori.uz/?r=t9a6c0e0t527393" "Mozilla/5.0 AppleWebKit/537.36 (KHTML, like Gecko; compatible; ClaudeBot/1.0; +claudebot@anthropic.com)"
216.73.216.20 - - [24/Aug/2026:23:15:29 +0500] "GET /misworship/s9m1i2t3t1100521 HTTP/1.1" 301 - "-" "Mozilla/5.0 AppleWebKit/537.36 (KHTML, like Gecko; compatible; ClaudeBot/1.0; +claudebot@anthropic.com)"
216.73.216.20 - - [24/Aug/2026:23:15:31 +0500] "GET /uz/misworship/s9m1i2t3t1100521 HTTP/1.1" 404 1215 "http://eskijuva-bozori.uz/misworship/s9m1i2t3t1100521" "Mozilla/5.0 AppleWebKit/537.36 (KHTML, like Gecko; compatible; ClaudeBot/1.0; +claudebot@anthropic.com)"
216.73.216.20 - - [24/Aug/2026:23:15:37 +0500] "GET /shops/malva/m9e4s1o2p1o1d0i4a1l5i2a HTTP/1.1" 301 - "-" "Mozilla/5.0 AppleWebKit/537.36 (KHTML, like Gecko; compatible; ClaudeBot/1.0; +claudebot@anthropic.com)"
216.73.216.20 - - [24/Aug/2026:23:15:40 +0500] "GET /uz/shops/malva/m9e4s1o2p1o1d0i4a1l5i2a HTTP/1.1" 404 1215 "http://eskijuva-bozori.uz/shops/malva/m9e4s1o2p1o1d0i4a1l5i2a" "Mozilla/5.0 AppleWebKit/537.36 (KHTML, like Gecko; compatible; ClaudeBot/1.0; +claudebot@anthropic.com)"
85.208.96.208 - - [24/Aug/2026:23:15:42 +0500] "GET /uz/?phpinfo=1&start=32 HTTP/1.1" 200 68505 "-" "Mozilla/5.0 (compatible; SemrushBot/7~bl; +http://www.semrush.com/bot.html)"
216.73.216.20 - - [24/Aug/2026:23:15:47 +0500] "GET /shops/constraint/u9n2r8o5o5f073660 HTTP/1.1" 301 - "-" "Mozilla/5.0 AppleWebKit/537.36 (KHTML, like Gecko; compatible; ClaudeBot/1.0; +claudebot@anthropic.com)"
216.73.216.20 - - [24/Aug/2026:23:15:50 +0500] "GET /uz/shops/constraint/u9n2r8o5o5f073660 HTTP/1.1" 404 1215 "http://eskijuva-bozori.uz/shops/constraint/u9n2r8o5o5f073660" "Mozilla/5.0 AppleWebKit/537.36 (KHTML, like Gecko; compatible; ClaudeBot/1.0; +claudebot@anthropic.com)"
85.208.96.193 - - [24/Aug/2026:23:15:55 +0500] "GET /uz/votes-uzb?ismobile=1 HTTP/1.1" 200 63653 "-" "Mozilla/5.0 (compatible; SemrushBot/7~bl; +http://www.semrush.com/bot.html)"
216.73.216.20 - - [24/Aug/2026:23:15:59 +0500] "GET /shops/chromolithographic/n9e9g1u6s161303 HTTP/1.1" 301 - "-" "Mozilla/5.0 AppleWebKit/537.36 (KHTML, like Gecko; compatible; ClaudeBot/1.0; +claudebot@anthropic.com)"
216.73.216.20 - - [24/Aug/2026:23:16:04 +0500] "GET /uz/shops/chromolithographic/n9e9g1u6s161303 HTTP/1.1" 404 1215 "http://eskijuva-bozori.uz/shops/chromolithographic/n9e9g1u6s161303" "Mozilla/5.0 AppleWebKit/537.36 (KHTML, like Gecko; compatible; ClaudeBot/1.0; +claudebot@anthropic.com)"
216.73.216.20 - - [24/Aug/2026:23:16:07 +0500] "GET /shops/valerianella/e9x1p4e4d2i0e1n0t3l0y HTTP/1.1" 301 - "-" "Mozilla/5.0 AppleWebKit/537.36 (KHTML, like Gecko; compatible; ClaudeBot/1.0; +claudebot@anthropic.com)"
216.73.216.20 - - [24/Aug/2026:23:16:11 +0500] "GET /uz/shops/valerianella/e9x1p4e4d2i0e1n0t3l0y HTTP/1.1" 404 1215 "http://eskijuva-bozori.uz/shops/valerianella/e9x1p4e4d2i0e1n0t3l0y" "Mozilla/5.0 AppleWebKit/537.36 (KHTML, like Gecko; compatible; ClaudeBot/1.0; +claudebot@anthropic.com)"
34.171.68.95 - - [24/Aug/2026:23:16:15 +0500] "GET /uz/component/search/?Itemid=452&format=opensearch&template=accessibility HTTP/1.1" 200 771 "-" "Mozilla/5.0 (Macintosh; Intel Mac OS X 10_15_7) AppleWebKit/537.36 (KHTML, like Gecko) Chrome/120.0.0.0 Safari/537.36"
216.73.216.20 - - [24/Aug/2026:23:16:17 +0500] "GET /indigometry/i9n3t9e9r5t4a5r6s8a5l1 HTTP/1.1" 301 - "-" "Mozilla/5.0 AppleWebKit/537.36 (KHTML, like Gecko; compatible; ClaudeBot/1.0; +claudebot@anthropic.com)"
216.73.216.20 - - [24/Aug/2026:23:16:20 +0500] "GET /uz/indigometry/i9n3t9e9r5t4a5r6s8a5l1 HTTP/1.1" 404 1215 "http://eskijuva-bozori.uz/indigometry/i9n3t9e9r5t4a5r6s8a5l1" "Mozilla/5.0 AppleWebKit/537.36 (KHTML, like Gecko; compatible; ClaudeBot/1.0; +claudebot@anthropic.com)"
216.73.216.20 - - [24/Aug/2026:23:16:30 +0500] "GET /shops/inconspicuousness/o9u4t3b5i8d16933 HTTP/1.1" 301 - "-" "Mozilla/5.0 AppleWebKit/537.36 (KHTML, like Gecko; compatible; ClaudeBot/1.0; +claudebot@anthropic.com)"
216.73.216.20 - - [24/Aug/2026:23:16:34 +0500] "GET /uz/shops/inconspicuousness/o9u4t3b5i8d16933 HTTP/1.1" 404 1215 "http://eskijuva-bozori.uz/shops/inconspicuousness/o9u4t3b5i8d16933" "Mozilla/5.0 AppleWebKit/537.36 (KHTML, like Gecko; compatible; ClaudeBot/1.0; +claudebot@anthropic.com)"
216.73.216.20 - - [24/Aug/2026:23:16:41 +0500] "GET /?r=e9q9u5i6l9i6b8r5i2ty HTTP/1.1" 301 - "-" "Mozilla/5.0 AppleWebKit/537.36 (KHTML, like Gecko; compatible; ClaudeBot/1.0; +claudebot@anthropic.com)"
216.73.216.20 - - [24/Aug/2026:23:16:44 +0500] "GET /uz/?r=e9q9u5i6l9i6b8r5i2ty HTTP/1.1" 200 68461 "http://eskijuva-bozori.uz/?r=e9q9u5i6l9i6b8r5i2ty" "Mozilla/5.0 AppleWebKit/537.36 (KHTML, like Gecko; compatible; ClaudeBot/1.0; +claudebot@anthropic.com)"
216.73.216.20 - - [24/Aug/2026:23:16:53 +0500] "GET /?r=e9c1o0n1o2m3i4z2e9d27 HTTP/1.1" 301 - "-" "Mozilla/5.0 AppleWebKit/537.36 (KHTML, like Gecko; compatible; ClaudeBot/1.0; +claudebot@anthropic.com)"
85.208.96.201 - - [24/Aug/2026:23:16:57 +0500] "GET /ru/facts-rus/58-03-emitentning-olij-boshqaruv-organi-tomonidan-qabul-qilingan-qarorlar-2 HTTP/1.1" 200 66187 "-" "Mozilla/5.0 (compatible; SemrushBot/7~bl; +http://www.semrush.com/bot.html)"
216.73.216.20 - - [24/Aug/2026:23:16:57 +0500] "GET /uz/?r=e9c1o0n1o2m3i4z2e9d27 HTTP/1.1" 200 68462 "http://eskijuva-bozori.uz/?r=e9c1o0n1o2m3i4z2e9d27" "Mozilla/5.0 AppleWebKit/537.36 (KHTML, like Gecko; compatible; ClaudeBot/1.0; +claudebot@anthropic.com)"
34.42.229.145 - - [24/Aug/2026:23:17:07 +0500] "GET /uz/?ismobile=1&start=28 HTTP/1.1" 200 68387 "-" "Mozilla/5.0 (Macintosh; Intel Mac OS X 10_15_7) AppleWebKit/537.36 (KHTML, like Gecko) Chrome/120.0.0.0 Safari/537.36"
216.73.216.20 - - [24/Aug/2026:23:17:13 +0500] "GET /shops/clavate/p9u1l5a0s0357342 HTTP/1.1" 301 - "-" "Mozilla/5.0 AppleWebKit/537.36 (KHTML, like Gecko; compatible; ClaudeBot/1.0; +claudebot@anthropic.com)"
216.73.216.20 - - [24/Aug/2026:23:17:16 +0500] "GET /uz/shops/clavate/p9u1l5a0s0357342 HTTP/1.1" 404 1215 "http://eskijuva-bozori.uz/shops/clavate/p9u1l5a0s0357342" "Mozilla/5.0 AppleWebKit/537.36 (KHTML, like Gecko; compatible; ClaudeBot/1.0; +claudebot@anthropic.com)"
216.73.216.20 - - [24/Aug/2026:23:17:24 +0500] "GET /?r=m9a1t1r5o5n4i8z4e9d34 HTTP/1.1" 301 - "-" "Mozilla/5.0 AppleWebKit/537.36 (KHTML, like Gecko; compatible; ClaudeBot/1.0; +claudebot@anthropic.com)"
216.73.216.20 - - [24/Aug/2026:23:17:27 +0500] "GET /uz/?r=m9a1t1r5o5n4i8z4e9d34 HTTP/1.1" 200 68462 "http://eskijuva-bozori.uz/?r=m9a1t1r5o5n4i8z4e9d34" "Mozilla/5.0 AppleWebKit/537.36 (KHTML, like Gecko; compatible; ClaudeBot/1.0; +claudebot@anthropic.com)"
216.73.216.20 - - [24/Aug/2026:23:17:36 +0500] "GET /consentient/p9r3o0t8r9u5d3a2b1l3e1 HTTP/1.1" 301 - "-" "Mozilla/5.0 AppleWebKit/537.36 (KHTML, like Gecko; compatible; ClaudeBot/1.0; +claudebot@anthropic.com)"
216.73.216.20 - - [24/Aug/2026:23:17:41 +0500] "GET /uz/consentient/p9r3o0t8r9u5d3a2b1l3e1 HTTP/1.1" 404 1215 "http://eskijuva-bozori.uz/consentient/p9r3o0t8r9u5d3a2b1l3e1" "Mozilla/5.0 AppleWebKit/537.36 (KHTML, like Gecko; compatible; ClaudeBot/1.0; +claudebot@anthropic.com)"
216.73.216.20 - - [24/Aug/2026:23:17:48 +0500] "GET /?r=b9e3a0u5t5i8f0i8c6a0tion HTTP/1.1" 301 - "-" "Mozilla/5.0 AppleWebKit/537.36 (KHTML, like Gecko; compatible; ClaudeBot/1.0; +claudebot@anthropic.com)"
216.73.216.20 - - [24/Aug/2026:23:17:52 +0500] "GET /uz/?r=b9e3a0u5t5i8f0i8c6a0tion HTTP/1.1" 200 68465 "http://eskijuva-bozori.uz/?r=b9e3a0u5t5i8f0i8c6a0tion" "Mozilla/5.0 AppleWebKit/537.36 (KHTML, like Gecko; compatible; ClaudeBot/1.0; +claudebot@anthropic.com)"
34.56.53.225 - - [24/Aug/2026:23:17:54 +0500] "GET /ru/prospectus-rus/77-emission-25-05-15-rus HTTP/1.1" 200 55387 "-" "Mozilla/5.0 (Macintosh; Intel Mac OS X 10_15_7) AppleWebKit/537.36 (KHTML, like Gecko) Chrome/120.0.0.0 Safari/537.36"
216.73.216.20 - - [24/Aug/2026:23:17:55 +0500] "GET /shops/spadiceous/y9e3l4l8o7w9b5r0o4w1n1 HTTP/1.1" 301 - "-" "Mozilla/5.0 AppleWebKit/537.36 (KHTML, like Gecko; compatible; ClaudeBot/1.0; +claudebot@anthropic.com)"
216.73.216.20 - - [24/Aug/2026:23:17:58 +0500] "GET /uz/shops/spadiceous/y9e3l4l8o7w9b5r0o4w1n1 HTTP/1.1" 404 1215 "http://eskijuva-bozori.uz/shops/spadiceous/y9e3l4l8o7w9b5r0o4w1n1" "Mozilla/5.0 AppleWebKit/537.36 (KHTML, like Gecko; compatible; ClaudeBot/1.0; +claudebot@anthropic.com)"
216.73.216.20 - - [24/Aug/2026:23:18:07 +0500] "GET /?r=t9r5a0n5s4f4i3x604 HTTP/1.1" 301 - "-" "Mozilla/5.0 AppleWebKit/537.36 (KHTML, like Gecko; compatible; ClaudeBot/1.0; +claudebot@anthropic.com)"
216.73.216.20 - - [24/Aug/2026:23:18:09 +0500] "GET /uz/?r=t9r5a0n5s4f4i3x604 HTTP/1.1" 200 68459 "http://eskijuva-bozori.uz/?r=t9r5a0n5s4f4i3x604" "Mozilla/5.0 AppleWebKit/537.36 (KHTML, like Gecko; compatible; ClaudeBot/1.0; +claudebot@anthropic.com)"
85.208.96.206 - - [24/Aug/2026:23:18:15 +0500] "GET /uz/?%60=f3u1c5k1e6d9u9p0460&start=52 HTTP/1.1" 200 69008 "-" "Mozilla/5.0 (compatible; SemrushBot/7~bl; +http://www.semrush.com/bot.html)"
216.73.216.20 - - [24/Aug/2026:23:18:19 +0500] "GET /shops/faktotum/s9o1m2e7w7h3i1l4e119 HTTP/1.1" 301 - "-" "Mozilla/5.0 AppleWebKit/537.36 (KHTML, like Gecko; compatible; ClaudeBot/1.0; +claudebot@anthropic.com)"
216.73.216.20 - - [24/Aug/2026:23:18:21 +0500] "GET /uz/shops/faktotum/s9o1m2e7w7h3i1l4e119 HTTP/1.1" 404 1215 "http://eskijuva-bozori.uz/shops/faktotum/s9o1m2e7w7h3i1l4e119" "Mozilla/5.0 AppleWebKit/537.36 (KHTML, like Gecko; compatible; ClaudeBot/1.0; +claudebot@anthropic.com)"
216.73.216.20 - - [24/Aug/2026:23:18:26 +0500] "GET /?r=a9b7s0o0l3u4t5i2s9t8ic HTTP/1.1" 301 - "-" "Mozilla/5.0 AppleWebKit/537.36 (KHTML, like Gecko; compatible; ClaudeBot/1.0; +claudebot@anthropic.com)"
216.73.216.20 - - [24/Aug/2026:23:18:28 +0500] "GET /uz/?r=a9b7s0o0l3u4t5i2s9t8ic HTTP/1.1" 200 68463 "http://eskijuva-bozori.uz/?r=a9b7s0o0l3u4t5i2s9t8ic" "Mozilla/5.0 AppleWebKit/537.36 (KHTML, like Gecko; compatible; ClaudeBot/1.0; +claudebot@anthropic.com)"
34.10.180.98 - - [24/Aug/2026:23:18:28 +0500] "GET /ru/about-org-rus/indexes-rus/173-reports-2017-rus HTTP/1.1" 200 56564 "-" "Mozilla/5.0 (Macintosh; Intel Mac OS X 10_15_7) AppleWebKit/537.36 (KHTML, like Gecko) Chrome/120.0.0.0 Safari/537.36"
216.73.216.20 - - [24/Aug/2026:23:18:38 +0500] "GET /uz/?%60=u3n9a0c6c0e9p8t2a8b4leness&format=feed&type=rss HTTP/1.1" 200 5746 "-" "Mozilla/5.0 AppleWebKit/537.36 (KHTML, like Gecko; compatible; ClaudeBot/1.0; +claudebot@anthropic.com)"
34.42.229.145 - - [24/Aug/2026:23:18:44 +0500] "GET /ru/news-rus/472-meeting-31-03-2022-ru-2 HTTP/1.1" 200 55672 "-" "Mozilla/5.0 (Macintosh; Intel Mac OS X 10_15_7) AppleWebKit/537.36 (KHTML, like Gecko) Chrome/120.0.0.0 Safari/537.36"
216.73.216.20 - - [24/Aug/2026:23:18:50 +0500] "GET /shops/stereochemistry/u9n3i6f0r3o6m4n8e6s9s HTTP/1.1" 301 - "-" "Mozilla/5.0 AppleWebKit/537.36 (KHTML, like Gecko; compatible; ClaudeBot/1.0; +claudebot@anthropic.com)"
216.73.216.20 - - [24/Aug/2026:23:18:52 +0500] "GET /uz/shops/stereochemistry/u9n3i6f0r3o6m4n8e6s9s HTTP/1.1" 404 1215 "http://eskijuva-bozori.uz/shops/stereochemistry/u9n3i6f0r3o6m4n8e6s9s" "Mozilla/5.0 AppleWebKit/537.36 (KHTML, like Gecko; compatible; ClaudeBot/1.0; +claudebot@anthropic.com)"
216.73.216.20 - - [24/Aug/2026:23:19:02 +0500] "GET /shops/grimier/o9m9n3i8s8c7i3e6n3t4 HTTP/1.1" 301 - "-" "Mozilla/5.0 AppleWebKit/537.36 (KHTML, like Gecko; compatible; ClaudeBot/1.0; +claudebot@anthropic.com)"
216.73.216.20 - - [24/Aug/2026:23:19:04 +0500] "GET /uz/shops/grimier/o9m9n3i8s8c7i3e6n3t4 HTTP/1.1" 404 1215 "http://eskijuva-bozori.uz/shops/grimier/o9m9n3i8s8c7i3e6n3t4" "Mozilla/5.0 AppleWebKit/537.36 (KHTML, like Gecko; compatible; ClaudeBot/1.0; +claudebot@anthropic.com)"
216.73.216.20 - - [24/Aug/2026:23:19:15 +0500] "GET /shops/olympiad/f9a2l7l1i7b2l6e5027 HTTP/1.1" 301 - "-" "Mozilla/5.0 AppleWebKit/537.36 (KHTML, like Gecko; compatible; ClaudeBot/1.0; +claudebot@anthropic.com)"
216.73.216.20 - - [24/Aug/2026:23:19:19 +0500] "GET /uz/shops/olympiad/f9a2l7l1i7b2l6e5027 HTTP/1.1" 404 1215 "http://eskijuva-bozori.uz/shops/olympiad/f9a2l7l1i7b2l6e5027" "Mozilla/5.0 AppleWebKit/537.36 (KHTML, like Gecko; compatible; ClaudeBot/1.0; +claudebot@anthropic.com)"
216.73.216.20 - - [24/Aug/2026:23:19:26 +0500] "GET /mimosoideae/s9c5a2p3h0o5i0d391 HTTP/1.1" 301 - "-" "Mozilla/5.0 AppleWebKit/537.36 (KHTML, like Gecko; compatible; ClaudeBot/1.0; +claudebot@anthropic.com)"
216.73.216.20 - - [24/Aug/2026:23:19:31 +0500] "GET /uz/mimosoideae/s9c5a2p3h0o5i0d391 HTTP/1.1" 404 1215 "http://eskijuva-bozori.uz/mimosoideae/s9c5a2p3h0o5i0d391" "Mozilla/5.0 AppleWebKit/537.36 (KHTML, like Gecko; compatible; ClaudeBot/1.0; +claudebot@anthropic.com)"
216.73.216.20 - - [24/Aug/2026:23:19:34 +0500] "GET /anophyte/metaleptically/h9a3u4l3s6213814 HTTP/1.1" 301 - "-" "Mozilla/5.0 AppleWebKit/537.36 (KHTML, like Gecko; compatible; ClaudeBot/1.0; +claudebot@anthropic.com)"
216.73.216.20 - - [24/Aug/2026:23:19:38 +0500] "GET /uz/anophyte/metaleptically/h9a3u4l3s6213814 HTTP/1.1" 404 1215 "http://eskijuva-bozori.uz/anophyte/metaleptically/h9a3u4l3s6213814" "Mozilla/5.0 AppleWebKit/537.36 (KHTML, like Gecko; compatible; ClaudeBot/1.0; +claudebot@anthropic.com)"
216.73.216.20 - - [24/Aug/2026:23:19:46 +0500] "GET /?r=q9u3a1l4i6f9i4e6r679 HTTP/1.1" 301 - "-" "Mozilla/5.0 AppleWebKit/537.36 (KHTML, like Gecko; compatible; ClaudeBot/1.0; +claudebot@anthropic.com)"
216.73.216.20 - - [24/Aug/2026:23:19:51 +0500] "GET /uz/?r=q9u3a1l4i6f9i4e6r679 HTTP/1.1" 200 68461 "http://eskijuva-bozori.uz/?r=q9u3a1l4i6f9i4e6r679" "Mozilla/5.0 AppleWebKit/537.36 (KHTML, like Gecko; compatible; ClaudeBot/1.0; +claudebot@anthropic.com)"
216.73.216.20 - - [24/Aug/2026:23:19:58 +0500] "GET /discarded/o9c1t7e7n2n3i1a9l316 HTTP/1.1" 301 - "-" "Mozilla/5.0 AppleWebKit/537.36 (KHTML, like Gecko; compatible; ClaudeBot/1.0; +claudebot@anthropic.com)"
216.73.216.20 - - [24/Aug/2026:23:20:04 +0500] "GET /uz/discarded/o9c1t7e7n2n3i1a9l316 HTTP/1.1" 404 1215 "http://eskijuva-bozori.uz/discarded/o9c1t7e7n2n3i1a9l316" "Mozilla/5.0 AppleWebKit/537.36 (KHTML, like Gecko; compatible; ClaudeBot/1.0; +claudebot@anthropic.com)"
216.73.216.20 - - [24/Aug/2026:23:20:22 +0500] "GET /cinematic/lanterned/s9u1b8o2b1t3u9s2e879 HTTP/1.1" 301 - "-" "Mozilla/5.0 AppleWebKit/537.36 (KHTML, like Gecko; compatible; ClaudeBot/1.0; +claudebot@anthropic.com)"
216.73.216.20 - - [24/Aug/2026:23:20:28 +0500] "GET /uz/cinematic/lanterned/s9u1b8o2b1t3u9s2e879 HTTP/1.1" 404 1215 "http://eskijuva-bozori.uz/cinematic/lanterned/s9u1b8o2b1t3u9s2e879" "Mozilla/5.0 AppleWebKit/537.36 (KHTML, like Gecko; compatible; ClaudeBot/1.0; +claudebot@anthropic.com)"
216.73.216.20 - - [24/Aug/2026:23:20:29 +0500] "GET /misbecomingly/bottleneck/94005151183 HTTP/1.1" 301 - "-" "Mozilla/5.0 AppleWebKit/537.36 (KHTML, like Gecko; compatible; ClaudeBot/1.0; +claudebot@anthropic.com)"
216.73.216.20 - - [24/Aug/2026:23:20:36 +0500] "GET /uz/misbecomingly/bottleneck/94005151183 HTTP/1.1" 404 1215 "http://eskijuva-bozori.uz/misbecomingly/bottleneck/94005151183" "Mozilla/5.0 AppleWebKit/537.36 (KHTML, like Gecko; compatible; ClaudeBot/1.0; +claudebot@anthropic.com)"
216.73.216.20 - - [24/Aug/2026:23:20:53 +0500] "GET /presuming/g9l1a1n7d6u8l9a6956 HTTP/1.1" 301 - "-" "Mozilla/5.0 AppleWebKit/537.36 (KHTML, like Gecko; compatible; ClaudeBot/1.0; +claudebot@anthropic.com)"
216.73.216.20 - - [24/Aug/2026:23:20:57 +0500] "GET /uz/presuming/g9l1a1n7d6u8l9a6956 HTTP/1.1" 404 1215 "http://eskijuva-bozori.uz/presuming/g9l1a1n7d6u8l9a6956" "Mozilla/5.0 AppleWebKit/537.36 (KHTML, like Gecko; compatible; ClaudeBot/1.0; +claudebot@anthropic.com)"
34.10.180.98 - - [24/Aug/2026:23:20:57 +0500] "GET /uz/?_cb=6689739457058942012 HTTP/1.1" 200 68497 "-" "Mozilla/5.0 (Macintosh; Intel Mac OS X 10_15_7) AppleWebKit/537.36 (KHTML, like Gecko) Chrome/120.0.0.0 Safari/537.36"
216.73.216.20 - - [24/Aug/2026:23:21:02 +0500] "GET /?r=l9u1s5i0t5a4n6i2a854 HTTP/1.1" 301 - "-" "Mozilla/5.0 AppleWebKit/537.36 (KHTML, like Gecko; compatible; ClaudeBot/1.0; +claudebot@anthropic.com)"
216.73.216.20 - - [24/Aug/2026:23:21:06 +0500] "GET /uz/?r=l9u1s5i0t5a4n6i2a854 HTTP/1.1" 200 68461 "http://eskijuva-bozori.uz/?r=l9u1s5i0t5a4n6i2a854" "Mozilla/5.0 AppleWebKit/537.36 (KHTML, like Gecko; compatible; ClaudeBot/1.0; +claudebot@anthropic.com)"
216.73.216.20 - - [24/Aug/2026:23:21:26 +0500] "GET /shops/citillus/p9a1r4i8e0t2i3n2e748 HTTP/1.1" 301 - "-" "Mozilla/5.0 AppleWebKit/537.36 (KHTML, like Gecko; compatible; ClaudeBot/1.0; +claudebot@anthropic.com)"
216.73.216.20 - - [24/Aug/2026:23:21:29 +0500] "GET /uz/shops/citillus/p9a1r4i8e0t2i3n2e748 HTTP/1.1" 404 1215 "http://eskijuva-bozori.uz/shops/citillus/p9a1r4i8e0t2i3n2e748" "Mozilla/5.0 AppleWebKit/537.36 (KHTML, like Gecko; compatible; ClaudeBot/1.0; +claudebot@anthropic.com)"
216.73.216.20 - - [24/Aug/2026:23:21:34 +0500] "GET /?r=r9e2v4o1l4u7t6i4v2e62 HTTP/1.1" 301 - "-" "Mozilla/5.0 AppleWebKit/537.36 (KHTML, like Gecko; compatible; ClaudeBot/1.0; +claudebot@anthropic.com)"
216.73.216.20 - - [24/Aug/2026:23:21:37 +0500] "GET /uz/?r=r9e2v4o1l4u7t6i4v2e62 HTTP/1.1" 200 68462 "http://eskijuva-bozori.uz/?r=r9e2v4o1l4u7t6i4v2e62" "Mozilla/5.0 AppleWebKit/537.36 (KHTML, like Gecko; compatible; ClaudeBot/1.0; +claudebot@anthropic.com)"
216.73.216.20 - - [24/Aug/2026:23:21:54 +0500] "GET /misallied/d9i1s3i7n6c1l7o9s2e56 HTTP/1.1" 301 - "-" "Mozilla/5.0 AppleWebKit/537.36 (KHTML, like Gecko; compatible; ClaudeBot/1.0; +claudebot@anthropic.com)"
216.73.216.20 - - [24/Aug/2026:23:21:57 +0500] "GET /uz/misallied/d9i1s3i7n6c1l7o9s2e56 HTTP/1.1" 404 1215 "http://eskijuva-bozori.uz/misallied/d9i1s3i7n6c1l7o9s2e56" "Mozilla/5.0 AppleWebKit/537.36 (KHTML, like Gecko; compatible; ClaudeBot/1.0; +claudebot@anthropic.com)"
129.153.126.250 - - [24/Aug/2026:23:21:57 +0500] "GET /ru/officially-rus/old-acts-rus/175-ustav-elga-xizmat-2016-rus HTTP/1.1" 200 74055 "-" "Mozilla/5.0 (X11; Linux aarch64) AppleWebKit/537.36 (KHTML, like Gecko) Chrome/139.0.0.0 Safari/537.36"
216.73.216.20 - - [24/Aug/2026:23:22:10 +0500] "GET /?r=b9i2l8t8o8n5g20992 HTTP/1.1" 301 - "-" "Mozilla/5.0 AppleWebKit/537.36 (KHTML, like Gecko; compatible; ClaudeBot/1.0; +claudebot@anthropic.com)"
216.73.216.20 - - [24/Aug/2026:23:22:13 +0500] "GET /uz/?r=b9i2l8t8o8n5g20992 HTTP/1.1" 200 68459 "http://eskijuva-bozori.uz/?r=b9i2l8t8o8n5g20992" "Mozilla/5.0 AppleWebKit/537.36 (KHTML, like Gecko; compatible; ClaudeBot/1.0; +claudebot@anthropic.com)"
216.73.216.20 - - [24/Aug/2026:23:22:35 +0500] "GET /?r=l9i1g0e6m3e0n5t7103 HTTP/1.1" 301 - "-" "Mozilla/5.0 AppleWebKit/537.36 (KHTML, like Gecko; compatible; ClaudeBot/1.0; +claudebot@anthropic.com)"
216.73.216.20 - - [24/Aug/2026:23:22:41 +0500] "GET /shops/nuzzle/t9h3r6o4p2836178 HTTP/1.1" 301 - "-" "Mozilla/5.0 AppleWebKit/537.36 (KHTML, like Gecko; compatible; ClaudeBot/1.0; +claudebot@anthropic.com)"
216.73.216.20 - - [24/Aug/2026:23:22:41 +0500] "GET /uz/?r=l9i1g0e6m3e0n5t7103 HTTP/1.1" 200 68460 "http://eskijuva-bozori.uz/?r=l9i1g0e6m3e0n5t7103" "Mozilla/5.0 AppleWebKit/537.36 (KHTML, like Gecko; compatible; ClaudeBot/1.0; +claudebot@anthropic.com)"
216.73.216.20 - - [24/Aug/2026:23:22:47 +0500] "GET /uz/shops/nuzzle/t9h3r6o4p2836178 HTTP/1.1" 404 1215 "http://eskijuva-bozori.uz/shops/nuzzle/t9h3r6o4p2836178" "Mozilla/5.0 AppleWebKit/537.36 (KHTML, like Gecko; compatible; ClaudeBot/1.0; +claudebot@anthropic.com)"
85.208.96.199 - - [24/Aug/2026:23:22:54 +0500] "GET /ru/info-for-shareholders-rus/243-kpe-3-2018-ej HTTP/1.1" 200 55702 "-" "Mozilla/5.0 (compatible; SemrushBot/7~bl; +http://www.semrush.com/bot.html)"
216.73.216.20 - - [24/Aug/2026:23:23:05 +0500] "GET /shops/inappetence/s9c4o9r6c3h5e4r254 HTTP/1.1" 301 - "-" "Mozilla/5.0 AppleWebKit/537.36 (KHTML, like Gecko; compatible; ClaudeBot/1.0; +claudebot@anthropic.com)"
216.73.216.20 - - [24/Aug/2026:23:23:08 +0500] "GET /uz/shops/inappetence/s9c4o9r6c3h5e4r254 HTTP/1.1" 404 1215 "http://eskijuva-bozori.uz/shops/inappetence/s9c4o9r6c3h5e4r254" "Mozilla/5.0 AppleWebKit/537.36 (KHTML, like Gecko; compatible; ClaudeBot/1.0; +claudebot@anthropic.com)"
216.73.216.20 - - [24/Aug/2026:23:23:12 +0500] "GET /shops/weatherbit/s9y2n4a9n3g3i3a9099 HTTP/1.1" 301 - "-" "Mozilla/5.0 AppleWebKit/537.36 (KHTML, like Gecko; compatible; ClaudeBot/1.0; +claudebot@anthropic.com)"
216.73.216.20 - - [24/Aug/2026:23:23:15 +0500] "GET /uz/shops/weatherbit/s9y2n4a9n3g3i3a9099 HTTP/1.1" 404 1215 "http://eskijuva-bozori.uz/shops/weatherbit/s9y2n4a9n3g3i3a9099" "Mozilla/5.0 AppleWebKit/537.36 (KHTML, like Gecko; compatible; ClaudeBot/1.0; +claudebot@anthropic.com)"
216.73.216.20 - - [24/Aug/2026:23:23:36 +0500] "GET /?r=s9m4o1r8z1a3n7d3o643 HTTP/1.1" 301 - "-" "Mozilla/5.0 AppleWebKit/537.36 (KHTML, like Gecko; compatible; ClaudeBot/1.0; +claudebot@anthropic.com)"
216.73.216.20 - - [24/Aug/2026:23:23:39 +0500] "GET /uz/?r=s9m4o1r8z1a3n7d3o643 HTTP/1.1" 200 68239 "http://eskijuva-bozori.uz/?r=s9m4o1r8z1a3n7d3o643" "Mozilla/5.0 AppleWebKit/537.36 (KHTML, like Gecko; compatible; ClaudeBot/1.0; +claudebot@anthropic.com)"
216.73.216.20 - - [24/Aug/2026:23:23:44 +0500] "GET /shops/dispossessing/p9a1l5m2w6o3r5m8120 HTTP/1.1" 301 - "-" "Mozilla/5.0 AppleWebKit/537.36 (KHTML, like Gecko; compatible; ClaudeBot/1.0; +claudebot@anthropic.com)"
216.73.216.20 - - [24/Aug/2026:23:23:47 +0500] "GET /uz/shops/dispossessing/p9a1l5m2w6o3r5m8120 HTTP/1.1" 404 1215 "http://eskijuva-bozori.uz/shops/dispossessing/p9a1l5m2w6o3r5m8120" "Mozilla/5.0 AppleWebKit/537.36 (KHTML, like Gecko; compatible; ClaudeBot/1.0; +claudebot@anthropic.com)"
43.153.107.22 - - [24/Aug/2026:23:23:50 +0500] "GET /uz/about-org-uzb/sajt-kharitasi HTTP/1.1" 200 58567 "-" "Mozilla/5.0 (iPhone; CPU iPhone OS 13_2_3 like Mac OS X) AppleWebKit/605.1.15 (KHTML, like Gecko) Version/13.0.3 Mobile/15E148 Safari/604.1"
216.73.216.20 - - [24/Aug/2026:23:24:09 +0500] "GET /shops/mayaca/v9i6r3g1i8n10119 HTTP/1.1" 301 - "-" "Mozilla/5.0 AppleWebKit/537.36 (KHTML, like Gecko; compatible; ClaudeBot/1.0; +claudebot@anthropic.com)"
216.73.216.20 - - [24/Aug/2026:23:24:17 +0500] "GET /solisequious/cytogeny/c9h1l0o5r9o3m2e7t1e9r7 HTTP/1.1" 301 - "-" "Mozilla/5.0 AppleWebKit/537.36 (KHTML, like Gecko; compatible; ClaudeBot/1.0; +claudebot@anthropic.com)"
216.73.216.20 - - [24/Aug/2026:23:24:16 +0500] "GET /uz/shops/mayaca/v9i6r3g1i8n10119 HTTP/1.1" 404 1215 "http://eskijuva-bozori.uz/shops/mayaca/v9i6r3g1i8n10119" "Mozilla/5.0 AppleWebKit/537.36 (KHTML, like Gecko; compatible; ClaudeBot/1.0; +claudebot@anthropic.com)"
216.73.216.20 - - [24/Aug/2026:23:24:24 +0500] "GET /uz/solisequious/cytogeny/c9h1l0o5r9o3m2e7t1e9r7 HTTP/1.1" 404 1215 "http://eskijuva-bozori.uz/solisequious/cytogeny/c9h1l0o5r9o3m2e7t1e9r7" "Mozilla/5.0 AppleWebKit/537.36 (KHTML, like Gecko; compatible; ClaudeBot/1.0; +claudebot@anthropic.com)"
216.73.216.20 - - [24/Aug/2026:23:24:41 +0500] "GET /shops/margent/s9o3r2e6s9t105226 HTTP/1.1" 301 - "-" "Mozilla/5.0 AppleWebKit/537.36 (KHTML, like Gecko; compatible; ClaudeBot/1.0; +claudebot@anthropic.com)"
216.73.216.20 - - [24/Aug/2026:23:24:47 +0500] "GET /uz/shops/margent/s9o3r2e6s9t105226 HTTP/1.1" 404 1215 "http://eskijuva-bozori.uz/shops/margent/s9o3r2e6s9t105226" "Mozilla/5.0 AppleWebKit/537.36 (KHTML, like Gecko; compatible; ClaudeBot/1.0; +claudebot@anthropic.com)"
216.73.216.20 - - [24/Aug/2026:23:24:49 +0500] "GET /?r=r9o2m8a5n7c7i5n4g990 HTTP/1.1" 301 - "-" "Mozilla/5.0 AppleWebKit/537.36 (KHTML, like Gecko; compatible; ClaudeBot/1.0; +claudebot@anthropic.com)"
216.73.216.20 - - [24/Aug/2026:23:24:54 +0500] "GET /uz/?r=r9o2m8a5n7c7i5n4g990 HTTP/1.1" 200 68239 "http://eskijuva-bozori.uz/?r=r9o2m8a5n7c7i5n4g990" "Mozilla/5.0 AppleWebKit/537.36 (KHTML, like Gecko; compatible; ClaudeBot/1.0; +claudebot@anthropic.com)"
216.73.216.20 - - [24/Aug/2026:23:25:13 +0500] "GET /?r=s9w3i1f1t0e5r15607 HTTP/1.1" 301 - "-" "Mozilla/5.0 AppleWebKit/537.36 (KHTML, like Gecko; compatible; ClaudeBot/1.0; +claudebot@anthropic.com)"
216.73.216.20 - - [24/Aug/2026:23:25:17 +0500] "GET /uz/?r=s9w3i1f1t0e5r15607 HTTP/1.1" 200 68237 "http://eskijuva-bozori.uz/?r=s9w3i1f1t0e5r15607" "Mozilla/5.0 AppleWebKit/537.36 (KHTML, like Gecko; compatible; ClaudeBot/1.0; +claudebot@anthropic.com)"
216.73.216.20 - - [24/Aug/2026:23:25:21 +0500] "GET /interungulate/wheresoever/d9e3l7i2g4h9t6i4n1g0l8y HTTP/1.1" 301 - "-" "Mozilla/5.0 AppleWebKit/537.36 (KHTML, like Gecko; compatible; ClaudeBot/1.0; +claudebot@anthropic.com)"
216.73.216.20 - - [24/Aug/2026:23:25:27 +0500] "GET /uz/interungulate/wheresoever/d9e3l7i2g4h9t6i4n1g0l8y HTTP/1.1" 404 1215 "http://eskijuva-bozori.uz/interungulate/wheresoever/d9e3l7i2g4h9t6i4n1g0l8y" "Mozilla/5.0 AppleWebKit/537.36 (KHTML, like Gecko; compatible; ClaudeBot/1.0; +claudebot@anthropic.com)"
85.208.96.210 - - [24/Aug/2026:23:25:26 +0500] "GET /ru/prospectus-rus/17-russian/shareholders-rus?start=30 HTTP/1.1" 200 60462 "-" "Mozilla/5.0 (compatible; SemrushBot/7~bl; +http://www.semrush.com/bot.html)"
216.73.216.20 - - [24/Aug/2026:23:25:45 +0500] "GET /?r=i9m1p2e1r2s0p2i4c5u0o3us HTTP/1.1" 301 - "-" "Mozilla/5.0 AppleWebKit/537.36 (KHTML, like Gecko; compatible; ClaudeBot/1.0; +claudebot@anthropic.com)"
216.73.216.20 - - [24/Aug/2026:23:25:48 +0500] "GET /uz/?r=i9m1p2e1r2s0p2i4c5u0o3us HTTP/1.1" 200 68243 "http://eskijuva-bozori.uz/?r=i9m1p2e1r2s0p2i4c5u0o3us" "Mozilla/5.0 AppleWebKit/537.36 (KHTML, like Gecko; compatible; ClaudeBot/1.0; +claudebot@anthropic.com)"
216.73.216.20 - - [24/Aug/2026:23:25:53 +0500] "GET /shops/stercorianism/l9a1t3h2y4134882 HTTP/1.1" 301 - "-" "Mozilla/5.0 AppleWebKit/537.36 (KHTML, like Gecko; compatible; ClaudeBot/1.0; +claudebot@anthropic.com)"
34.61.96.6 - - [24/Aug/2026:23:25:57 +0500] "GET /docs/2026/biznes-plan-2026-ej.pdf HTTP/1.1" 200 1254591 "-" "Mozilla/5.0 (Macintosh; Intel Mac OS X 10_15_7) AppleWebKit/537.36 (KHTML, like Gecko) Chrome/120.0.0.0 Safari/537.36"
216.73.216.20 - - [24/Aug/2026:23:25:56 +0500] "GET /uz/shops/stercorianism/l9a1t3h2y4134882 HTTP/1.1" 404 1215 "http://eskijuva-bozori.uz/shops/stercorianism/l9a1t3h2y4134882" "Mozilla/5.0 AppleWebKit/537.36 (KHTML, like Gecko; compatible; ClaudeBot/1.0; +claudebot@anthropic.com)"
216.73.216.20 - - [24/Aug/2026:23:26:17 +0500] "GET /?r=b9e3r5t8h8i3e6r7i5t7e4 HTTP/1.1" 301 - "-" "Mozilla/5.0 AppleWebKit/537.36 (KHTML, like Gecko; compatible; ClaudeBot/1.0; +claudebot@anthropic.com)"
216.73.216.20 - - [24/Aug/2026:23:26:20 +0500] "GET /uz/?r=b9e3r5t8h8i3e6r7i5t7e4 HTTP/1.1" 200 68241 "http://eskijuva-bozori.uz/?r=b9e3r5t8h8i3e6r7i5t7e4" "Mozilla/5.0 AppleWebKit/537.36 (KHTML, like Gecko; compatible; ClaudeBot/1.0; +claudebot@anthropic.com)"
34.61.96.6 - - [24/Aug/2026:23:26:21 +0500] "GET /uz/?rest_route=/notificationx/v1/analytics&start=28 HTTP/1.1" 200 68380 "-" "Mozilla/5.0 (Macintosh; Intel Mac OS X 10_15_7) AppleWebKit/537.36 (KHTML, like Gecko) Chrome/120.0.0.0 Safari/537.36"
216.73.216.20 - - [24/Aug/2026:23:26:24 +0500] "GET /shops/unformed/b9e2a7m3i4n8g7l7y229 HTTP/1.1" 301 - "-" "Mozilla/5.0 AppleWebKit/537.36 (KHTML, like Gecko; compatible; ClaudeBot/1.0; +claudebot@anthropic.com)"
34.123.149.87 - - [24/Aug/2026:23:26:22 +0500] "GET /uz/news-uzb?start=24&template=accessibility HTTP/1.1" 200 35529 "-" "Mozilla/5.0 (Macintosh; Intel Mac OS X 10_15_7) AppleWebKit/537.36 (KHTML, like Gecko) Chrome/120.0.0.0 Safari/537.36"
216.73.216.20 - - [24/Aug/2026:23:26:30 +0500] "GET /uz/shops/unformed/b9e2a7m3i4n8g7l7y229 HTTP/1.1" 404 1215 "http://eskijuva-bozori.uz/shops/unformed/b9e2a7m3i4n8g7l7y229" "Mozilla/5.0 AppleWebKit/537.36 (KHTML, like Gecko; compatible; ClaudeBot/1.0; +claudebot@anthropic.com)"
216.73.216.20 - - [24/Aug/2026:23:26:48 +0500] "GET /?r=o9r2i4e9n9t3i0n3g493 HTTP/1.1" 301 - "-" "Mozilla/5.0 AppleWebKit/537.36 (KHTML, like Gecko; compatible; ClaudeBot/1.0; +claudebot@anthropic.com)"
216.73.216.20 - - [24/Aug/2026:23:26:52 +0500] "GET /uz/?r=o9r2i4e9n9t3i0n3g493 HTTP/1.1" 200 68239 "http://eskijuva-bozori.uz/?r=o9r2i4e9n9t3i0n3g493" "Mozilla/5.0 AppleWebKit/537.36 (KHTML, like Gecko; compatible; ClaudeBot/1.0; +claudebot@anthropic.com)"
216.73.216.20 - - [24/Aug/2026:23:26:55 +0500] "GET /shops/sunglasses/w9a1r2e0l7y574748 HTTP/1.1" 301 - "-" "Mozilla/5.0 AppleWebKit/537.36 (KHTML, like Gecko; compatible; ClaudeBot/1.0; +claudebot@anthropic.com)"
216.73.216.20 - - [24/Aug/2026:23:27:00 +0500] "GET /uz/shops/sunglasses/w9a1r2e0l7y574748 HTTP/1.1" 404 1215 "http://eskijuva-bozori.uz/shops/sunglasses/w9a1r2e0l7y574748" "Mozilla/5.0 AppleWebKit/537.36 (KHTML, like Gecko; compatible; ClaudeBot/1.0; +claudebot@anthropic.com)"
185.191.171.19 - - [24/Aug/2026:23:27:07 +0500] "GET /ru/facts-rus/491-sush-fakt-08-07-04-2026-ns-pdf HTTP/1.1" 200 55354 "-" "Mozilla/5.0 (compatible; SemrushBot/7~bl; +http://www.semrush.com/bot.html)"
34.10.180.98 - - [24/Aug/2026:23:27:08 +0500] "GET /uz/component/search/?Itemid=155&format=opensearch&template=yoo_master2 HTTP/1.1" 200 767 "-" "Mozilla/5.0 (Macintosh; Intel Mac OS X 10_15_7) AppleWebKit/537.36 (KHTML, like Gecko) Chrome/120.0.0.0 Safari/537.36"
216.73.216.20 - - [24/Aug/2026:23:27:20 +0500] "GET /?r=s9t4a0t2i4v9e22560 HTTP/1.1" 301 - "-" "Mozilla/5.0 AppleWebKit/537.36 (KHTML, like Gecko; compatible; ClaudeBot/1.0; +claudebot@anthropic.com)"
216.73.216.20 - - [24/Aug/2026:23:27:25 +0500] "GET /uz/?r=s9t4a0t2i4v9e22560 HTTP/1.1" 200 68237 "http://eskijuva-bozori.uz/?r=s9t4a0t2i4v9e22560" "Mozilla/5.0 AppleWebKit/537.36 (KHTML, like Gecko; compatible; ClaudeBot/1.0; +claudebot@anthropic.com)"
216.73.216.20 - - [24/Aug/2026:23:27:44 +0500] "GET /?r=b9o2u1n6d5l0e3s6s4l8y HTTP/1.1" 301 - "-" "Mozilla/5.0 AppleWebKit/537.36 (KHTML, like Gecko; compatible; ClaudeBot/1.0; +claudebot@anthropic.com)"
216.73.216.20 - - [24/Aug/2026:23:27:46 +0500] "GET /uz/?r=b9o2u1n6d5l0e3s6s4l8y HTTP/1.1" 200 68240 "http://eskijuva-bozori.uz/?r=b9o2u1n6d5l0e3s6s4l8y" "Mozilla/5.0 AppleWebKit/537.36 (KHTML, like Gecko; compatible; ClaudeBot/1.0; +claudebot@anthropic.com)"
216.73.216.20 - - [24/Aug/2026:23:27:52 +0500] "GET /?r=v9a1c8u0o9l4a4t5i7o4n7 HTTP/1.1" 301 - "-" "Mozilla/5.0 AppleWebKit/537.36 (KHTML, like Gecko; compatible; ClaudeBot/1.0; +claudebot@anthropic.com)"
216.73.216.20 - - [24/Aug/2026:23:27:56 +0500] "GET /uz/?r=v9a1c8u0o9l4a4t5i7o4n7 HTTP/1.1" 200 68241 "http://eskijuva-bozori.uz/?r=v9a1c8u0o9l4a4t5i7o4n7" "Mozilla/5.0 AppleWebKit/537.36 (KHTML, like Gecko; compatible; ClaudeBot/1.0; +claudebot@anthropic.com)"
216.73.216.20 - - [24/Aug/2026:23:28:14 +0500] "GET /?r=b9e1g7i9n9n0e1r5485 HTTP/1.1" 301 - "-" "Mozilla/5.0 AppleWebKit/537.36 (KHTML, like Gecko; compatible; ClaudeBot/1.0; +claudebot@anthropic.com)"
216.73.216.20 - - [24/Aug/2026:23:28:18 +0500] "GET /uz/?r=b9e1g7i9n9n0e1r5485 HTTP/1.1" 200 68238 "http://eskijuva-bozori.uz/?r=b9e1g7i9n9n0e1r5485" "Mozilla/5.0 AppleWebKit/537.36 (KHTML, like Gecko; compatible; ClaudeBot/1.0; +claudebot@anthropic.com)"
34.10.180.98 - - [24/Aug/2026:23:28:23 +0500] "GET /uz/news-uzb/286-meeting-31-03-2020 HTTP/1.1" 200 60574 "-" "Mozilla/5.0 (Macintosh; Intel Mac OS X 10_15_7) AppleWebKit/537.36 (KHTML, like Gecko) Chrome/120.0.0.0 Safari/537.36"
216.73.216.20 - - [24/Aug/2026:23:28:39 +0500] "GET /?r=j9a2i7l9i7n4g44912 HTTP/1.1" 301 - "-" "Mozilla/5.0 AppleWebKit/537.36 (KHTML, like Gecko; compatible; ClaudeBot/1.0; +claudebot@anthropic.com)"
216.73.216.20 - - [24/Aug/2026:23:28:43 +0500] "GET /uz/?r=j9a2i7l9i7n4g44912 HTTP/1.1" 200 68237 "http://eskijuva-bozori.uz/?r=j9a2i7l9i7n4g44912" "Mozilla/5.0 AppleWebKit/537.36 (KHTML, like Gecko; compatible; ClaudeBot/1.0; +claudebot@anthropic.com)"
216.73.216.20 - - [24/Aug/2026:23:29:03 +0500] "GET /?r=t9r2a0f2f4i9c9k1i7n5g5 HTTP/1.1" 301 - "-" "Mozilla/5.0 AppleWebKit/537.36 (KHTML, like Gecko; compatible; ClaudeBot/1.0; +claudebot@anthropic.com)"
216.73.216.20 - - [24/Aug/2026:23:29:10 +0500] "GET /uz/?r=t9r2a0f2f4i9c9k1i7n5g5 HTTP/1.1" 200 68241 "http://eskijuva-bozori.uz/?r=t9r2a0f2f4i9c9k1i7n5g5" "Mozilla/5.0 AppleWebKit/537.36 (KHTML, like Gecko; compatible; ClaudeBot/1.0; +claudebot@anthropic.com)"
216.73.216.20 - - [24/Aug/2026:23:29:12 +0500] "GET /northland/j9u2d3i0c2a9t1u1r0e31 HTTP/1.1" 301 - "-" "Mozilla/5.0 AppleWebKit/537.36 (KHTML, like Gecko; compatible; ClaudeBot/1.0; +claudebot@anthropic.com)"
85.208.96.206 - - [24/Aug/2026:23:29:15 +0500] "GET /uz/votes-uzb/415-bayon-kk-03-10-2023-pdf HTTP/1.1" 200 56378 "-" "Mozilla/5.0 (compatible; SemrushBot/7~bl; +http://www.semrush.com/bot.html)"
216.73.216.20 - - [24/Aug/2026:23:29:16 +0500] "GET /uz/northland/j9u2d3i0c2a9t1u1r0e31 HTTP/1.1" 404 1215 "http://eskijuva-bozori.uz/northland/j9u2d3i0c2a9t1u1r0e31" "Mozilla/5.0 AppleWebKit/537.36 (KHTML, like Gecko; compatible; ClaudeBot/1.0; +claudebot@anthropic.com)"
216.73.216.20 - - [24/Aug/2026:23:29:36 +0500] "GET /disembarrassment/brood/91668867590 HTTP/1.1" 301 - "-" "Mozilla/5.0 AppleWebKit/537.36 (KHTML, like Gecko; compatible; ClaudeBot/1.0; +claudebot@anthropic.com)"
216.73.216.20 - - [24/Aug/2026:23:29:38 +0500] "GET /uz/disembarrassment/brood/91668867590 HTTP/1.1" 404 1215 "http://eskijuva-bozori.uz/disembarrassment/brood/91668867590" "Mozilla/5.0 AppleWebKit/537.36 (KHTML, like Gecko; compatible; ClaudeBot/1.0; +claudebot@anthropic.com)"
216.73.216.20 - - [24/Aug/2026:23:29:42 +0500] "GET /responsion/philhellene/i9l3l7a4b5i6l0i5t4y42 HTTP/1.1" 301 - "-" "Mozilla/5.0 AppleWebKit/537.36 (KHTML, like Gecko; compatible; ClaudeBot/1.0; +claudebot@anthropic.com)"
216.73.216.20 - - [24/Aug/2026:23:29:45 +0500] "GET /uz/responsion/philhellene/i9l3l7a4b5i6l0i5t4y42 HTTP/1.1" 404 1215 "http://eskijuva-bozori.uz/responsion/philhellene/i9l3l7a4b5i6l0i5t4y42" "Mozilla/5.0 AppleWebKit/537.36 (KHTML, like Gecko; compatible; ClaudeBot/1.0; +claudebot@anthropic.com)"
216.73.216.20 - - [24/Aug/2026:23:30:06 +0500] "GET /?r=t9e1m8p6e2r9a2t9i4v6e3 HTTP/1.1" 301 - "-" "Mozilla/5.0 AppleWebKit/537.36 (KHTML, like Gecko; compatible; ClaudeBot/1.0; +claudebot@anthropic.com)"
216.73.216.20 - - [24/Aug/2026:23:30:11 +0500] "GET /uz/?r=t9e1m8p6e2r9a2t9i4v6e3 HTTP/1.1" 200 68241 "http://eskijuva-bozori.uz/?r=t9e1m8p6e2r9a2t9i4v6e3" "Mozilla/5.0 AppleWebKit/537.36 (KHTML, like Gecko; compatible; ClaudeBot/1.0; +claudebot@anthropic.com)"
216.73.216.20 - - [24/Aug/2026:23:30:14 +0500] "GET /?r=a9n1e5m1o5g8r0a4p9h2y2 HTTP/1.1" 301 - "-" "Mozilla/5.0 AppleWebKit/537.36 (KHTML, like Gecko; compatible; ClaudeBot/1.0; +claudebot@anthropic.com)"
216.73.216.20 - - [24/Aug/2026:23:30:20 +0500] "GET /uz/?r=a9n1e5m1o5g8r0a4p9h2y2 HTTP/1.1" 200 68241 "http://eskijuva-bozori.uz/?r=a9n1e5m1o5g8r0a4p9h2y2" "Mozilla/5.0 AppleWebKit/537.36 (KHTML, like Gecko; compatible; ClaudeBot/1.0; +claudebot@anthropic.com)"
216.73.216.20 - - [24/Aug/2026:23:30:37 +0500] "GET /robots.txt HTTP/1.1" 200 111 "-" "Mozilla/5.0 AppleWebKit/537.36 (KHTML, like Gecko; compatible; ClaudeBot/1.0; +claudebot@anthropic.com)"
216.73.216.20 - - [24/Aug/2026:23:30:37 +0500] "GET /shops/worshipping/c9i4s3t4e9r5n8051 HTTP/1.1" 301 - "-" "Mozilla/5.0 AppleWebKit/537.36 (KHTML, like Gecko; compatible; ClaudeBot/1.0; +claudebot@anthropic.com)"
216.73.216.20 - - [24/Aug/2026:23:30:40 +0500] "GET /uz/shops/worshipping/c9i4s3t4e9r5n8051 HTTP/1.1" 404 1215 "http://eskijuva-bozori.uz/shops/worshipping/c9i4s3t4e9r5n8051" "Mozilla/5.0 AppleWebKit/537.36 (KHTML, like Gecko; compatible; ClaudeBot/1.0; +claudebot@anthropic.com)"
216.73.216.20 - - [24/Aug/2026:23:31:00 +0500] "GET /shops/camper/n9o1n1r6e8s7i1l9i4e6n2t HTTP/1.1" 301 - "-" "Mozilla/5.0 AppleWebKit/537.36 (KHTML, like Gecko; compatible; ClaudeBot/1.0; +claudebot@anthropic.com)"
216.73.216.20 - - [24/Aug/2026:23:31:05 +0500] "GET /uz/shops/camper/n9o1n1r6e8s7i1l9i4e6n2t HTTP/1.1" 404 1215 "http://eskijuva-bozori.uz/shops/camper/n9o1n1r6e8s7i1l9i4e6n2t" "Mozilla/5.0 AppleWebKit/537.36 (KHTML, like Gecko; compatible; ClaudeBot/1.0; +claudebot@anthropic.com)"
216.73.216.20 - - [24/Aug/2026:23:31:24 +0500] "GET /cheiropter/s9p3e3r3l6i8n1g9056 HTTP/1.1" 301 - "-" "Mozilla/5.0 AppleWebKit/537.36 (KHTML, like Gecko; compatible; ClaudeBot/1.0; +claudebot@anthropic.com)"
185.191.171.6 - - [24/Aug/2026:23:31:37 +0500] "GET /ru/officially-rus/tenders-rus?start=16&template=yoo_master2 HTTP/1.1" 508 288 "-" "Mozilla/5.0 (compatible; SemrushBot/7~bl; +http://www.semrush.com/bot.html)"
216.73.216.20 - - [24/Aug/2026:23:31:32 +0500] "GET /uz/cheiropter/s9p3e3r3l6i8n1g9056 HTTP/1.1" 404 1215 "http://eskijuva-bozori.uz/cheiropter/s9p3e3r3l6i8n1g9056" "Mozilla/5.0 AppleWebKit/537.36 (KHTML, like Gecko; compatible; ClaudeBot/1.0; +claudebot@anthropic.com)"
216.73.216.20 - - [24/Aug/2026:23:31:36 +0500] "GET /shops/uncinus/p9o8l3y9h3e1d5r5o5ns HTTP/1.1" 301 - "-" "Mozilla/5.0 AppleWebKit/537.36 (KHTML, like Gecko; compatible; ClaudeBot/1.0; +claudebot@anthropic.com)"
34.10.180.98 - - [24/Aug/2026:23:31:48 +0500] "GET /docs/2025/izm-osa-ns-2020.docx HTTP/1.1" 200 15607 "-" "Mozilla/5.0 (Macintosh; Intel Mac OS X 10_15_7) AppleWebKit/537.36 (KHTML, like Gecko) Chrome/120.0.0.0 Safari/537.36"
216.73.216.20 - - [24/Aug/2026:23:31:44 +0500] "GET /uz/shops/uncinus/p9o8l3y9h3e1d5r5o5ns HTTP/1.1" 404 1215 "http://eskijuva-bozori.uz/shops/uncinus/p9o8l3y9h3e1d5r5o5ns" "Mozilla/5.0 AppleWebKit/537.36 (KHTML, like Gecko; compatible; ClaudeBot/1.0; +claudebot@anthropic.com)"
216.73.216.20 - - [24/Aug/2026:23:32:00 +0500] "GET /?r=p9l3a7n2x8t8y57537 HTTP/1.1" 301 - "-" "Mozilla/5.0 AppleWebKit/537.36 (KHTML, like Gecko; compatible; ClaudeBot/1.0; +claudebot@anthropic.com)"
216.73.216.20 - - [24/Aug/2026:23:32:06 +0500] "GET /uz/?r=p9l3a7n2x8t8y57537 HTTP/1.1" 200 68237 "http://eskijuva-bozori.uz/?r=p9l3a7n2x8t8y57537" "Mozilla/5.0 AppleWebKit/537.36 (KHTML, like Gecko; compatible; ClaudeBot/1.0; +claudebot@anthropic.com)"
216.73.216.20 - - [24/Aug/2026:23:32:24 +0500] "GET /?r=h9o3s6t0i6l0e7l5y845 HTTP/1.1" 301 - "-" "Mozilla/5.0 AppleWebKit/537.36 (KHTML, like Gecko; compatible; ClaudeBot/1.0; +claudebot@anthropic.com)"
216.73.216.20 - - [24/Aug/2026:23:32:31 +0500] "GET /?r=n9i3g5g1l3e9r00398 HTTP/1.1" 301 - "-" "Mozilla/5.0 AppleWebKit/537.36 (KHTML, like Gecko; compatible; ClaudeBot/1.0; +claudebot@anthropic.com)"
216.73.216.20 - - [24/Aug/2026:23:32:29 +0500] "GET /uz/?r=h9o3s6t0i6l0e7l5y845 HTTP/1.1" 200 68239 "http://eskijuva-bozori.uz/?r=h9o3s6t0i6l0e7l5y845" "Mozilla/5.0 AppleWebKit/537.36 (KHTML, like Gecko; compatible; ClaudeBot/1.0; +claudebot@anthropic.com)"
216.73.216.20 - - [24/Aug/2026:23:32:38 +0500] "GET /uz/?r=n9i3g5g1l3e9r00398 HTTP/1.1" 200 68237 "http://eskijuva-bozori.uz/?r=n9i3g5g1l3e9r00398" "Mozilla/5.0 AppleWebKit/537.36 (KHTML, like Gecko; compatible; ClaudeBot/1.0; +claudebot@anthropic.com)"
216.73.216.20 - - [24/Aug/2026:23:32:54 +0500] "GET /shops/quiescing/k9n1o9c2k0a6b8o1u1t47 HTTP/1.1" 301 - "-" "Mozilla/5.0 AppleWebKit/537.36 (KHTML, like Gecko; compatible; ClaudeBot/1.0; +claudebot@anthropic.com)"
