216.73.216.101 - - [24/Aug/2026:20:03:45 +0500] "GET /uz/?r=l9a1n3t5h7a1n8i8t2e9 HTTP/1.1" 200 68260 "http://eskijuva-bozori.uz/?r=l9a1n3t5h7a1n8i8t2e9" "Mozilla/5.0 AppleWebKit/537.36 (KHTML, like Gecko; compatible; ClaudeBot/1.0; +claudebot@anthropic.com)"
216.73.216.101 - - [24/Aug/2026:20:03:53 +0500] "GET /?r=s9c6i5s3s0o5r8b6i0l2l HTTP/1.1" 301 - "-" "Mozilla/5.0 AppleWebKit/537.36 (KHTML, like Gecko; compatible; ClaudeBot/1.0; +claudebot@anthropic.com)"
216.73.216.101 - - [24/Aug/2026:20:03:58 +0500] "GET /uz/?r=s9c6i5s3s0o5r8b6i0l2l HTTP/1.1" 200 68261 "http://eskijuva-bozori.uz/?r=s9c6i5s3s0o5r8b6i0l2l" "Mozilla/5.0 AppleWebKit/537.36 (KHTML, like Gecko; compatible; ClaudeBot/1.0; +claudebot@anthropic.com)"
216.73.216.101 - - [24/Aug/2026:20:04:08 +0500] "GET /uz/?r=e9t3h5e5o3s7t0o8m1o5i9d HTTP/1.1" 508 288 "http://eskijuva-bozori.uz/?r=e9t3h5e5o3s7t0o8m1o5i9d" "Mozilla/5.0 AppleWebKit/537.36 (KHTML, like Gecko; compatible; ClaudeBot/1.0; +claudebot@anthropic.com)"
216.73.216.101 - - [24/Aug/2026:20:04:02 +0500] "GET /?r=e9t3h5e5o3s7t0o8m1o5i9d HTTP/1.1" 301 - "-" "Mozilla/5.0 AppleWebKit/537.36 (KHTML, like Gecko; compatible; ClaudeBot/1.0; +claudebot@anthropic.com)"
216.73.216.101 - - [24/Aug/2026:20:04:16 +0500] "GET /uz/shops/mahumetan/h9e2p0t5a1h5e6d4r9o8n8 HTTP/1.1" 508 288 "http://eskijuva-bozori.uz/shops/mahumetan/h9e2p0t5a1h5e6d4r9o8n8" "Mozilla/5.0 AppleWebKit/537.36 (KHTML, like Gecko; compatible; ClaudeBot/1.0; +claudebot@anthropic.com)"
216.73.216.101 - - [24/Aug/2026:20:04:11 +0500] "GET /shops/mahumetan/h9e2p0t5a1h5e6d4r9o8n8 HTTP/1.1" 301 - "-" "Mozilla/5.0 AppleWebKit/537.36 (KHTML, like Gecko; compatible; ClaudeBot/1.0; +claudebot@anthropic.com)"
216.73.216.101 - - [24/Aug/2026:20:04:19 +0500] "GET /?r=t9r3i8c7h7o5l2o1m0a95 HTTP/1.1" 508 288 "-" "Mozilla/5.0 AppleWebKit/537.36 (KHTML, like Gecko; compatible; ClaudeBot/1.0; +claudebot@anthropic.com)"
216.73.216.101 - - [24/Aug/2026:20:04:27 +0500] "GET /?r=r9e1c4t8o9r8y04144 HTTP/1.1" 301 - "-" "Mozilla/5.0 AppleWebKit/537.36 (KHTML, like Gecko; compatible; ClaudeBot/1.0; +claudebot@anthropic.com)"
216.73.216.101 - - [24/Aug/2026:20:04:35 +0500] "GET /shops/inferiae/c9h2a3n8s8o8n3n8e7t9t7es HTTP/1.1" 301 - "-" "Mozilla/5.0 AppleWebKit/537.36 (KHTML, like Gecko; compatible; ClaudeBot/1.0; +claudebot@anthropic.com)"
216.73.216.101 - - [24/Aug/2026:20:04:33 +0500] "GET /uz/?r=r9e1c4t8o9r8y04144 HTTP/1.1" 200 68258 "http://eskijuva-bozori.uz/?r=r9e1c4t8o9r8y04144" "Mozilla/5.0 AppleWebKit/537.36 (KHTML, like Gecko; compatible; ClaudeBot/1.0; +claudebot@anthropic.com)"
216.73.216.101 - - [24/Aug/2026:20:04:42 +0500] "GET /uz/shops/inferiae/c9h2a3n8s8o8n3n8e7t9t7es HTTP/1.1" 404 1215 "http://eskijuva-bozori.uz/shops/inferiae/c9h2a3n8s8o8n3n8e7t9t7es" "Mozilla/5.0 AppleWebKit/537.36 (KHTML, like Gecko; compatible; ClaudeBot/1.0; +claudebot@anthropic.com)"
216.73.216.101 - - [24/Aug/2026:20:04:43 +0500] "GET /?r=c9o1n7n5u4m3e5r9a3t2i8on HTTP/1.1" 301 - "-" "Mozilla/5.0 AppleWebKit/537.36 (KHTML, like Gecko; compatible; ClaudeBot/1.0; +claudebot@anthropic.com)"
216.73.216.101 - - [24/Aug/2026:20:04:59 +0500] "GET /edriophthalmous/f9o2r7t6e8324561 HTTP/1.1" 508 288 "-" "Mozilla/5.0 AppleWebKit/537.36 (KHTML, like Gecko; compatible; ClaudeBot/1.0; +claudebot@anthropic.com)"
216.73.216.101 - - [24/Aug/2026:20:04:50 +0500] "GET /uz/?r=c9o1n7n5u4m3e5r9a3t2i8on HTTP/1.1" 200 68264 "http://eskijuva-bozori.uz/?r=c9o1n7n5u4m3e5r9a3t2i8on" "Mozilla/5.0 AppleWebKit/537.36 (KHTML, like Gecko; compatible; ClaudeBot/1.0; +claudebot@anthropic.com)"
216.73.216.101 - - [24/Aug/2026:20:05:15 +0500] "GET /shops/tersest/p9a8r0t7i9a4l4l3y85 HTTP/1.1" 301 - "-" "Mozilla/5.0 AppleWebKit/537.36 (KHTML, like Gecko; compatible; ClaudeBot/1.0; +claudebot@anthropic.com)"
216.73.216.101 - - [24/Aug/2026:20:05:19 +0500] "GET /uz/shops/tersest/p9a8r0t7i9a4l4l3y85 HTTP/1.1" 404 1215 "http://eskijuva-bozori.uz/shops/tersest/p9a8r0t7i9a4l4l3y85" "Mozilla/5.0 AppleWebKit/537.36 (KHTML, like Gecko; compatible; ClaudeBot/1.0; +claudebot@anthropic.com)"
216.73.216.101 - - [24/Aug/2026:20:05:37 +0500] "GET /calcifying/pickpenny/w9h1i6t3e0p3o6t5553 HTTP/1.1" 301 - "-" "Mozilla/5.0 AppleWebKit/537.36 (KHTML, like Gecko; compatible; ClaudeBot/1.0; +claudebot@anthropic.com)"
216.73.216.101 - - [24/Aug/2026:20:05:42 +0500] "GET /uz/calcifying/pickpenny/w9h1i6t3e0p3o6t5553 HTTP/1.1" 404 1215 "http://eskijuva-bozori.uz/calcifying/pickpenny/w9h1i6t3e0p3o6t5553" "Mozilla/5.0 AppleWebKit/537.36 (KHTML, like Gecko; compatible; ClaudeBot/1.0; +claudebot@anthropic.com)"
216.73.216.101 - - [24/Aug/2026:20:06:02 +0500] "GET /shops/bimetallic/a9n3a3r1t9h3r0o0u4s79 HTTP/1.1" 301 - "-" "Mozilla/5.0 AppleWebKit/537.36 (KHTML, like Gecko; compatible; ClaudeBot/1.0; +claudebot@anthropic.com)"
34.57.162.91 - - [24/Aug/2026:20:06:02 +0500] "GET /uz/events-uzb?format=feed&template=yoo_master2&type=atom HTTP/1.1" 200 77637 "-" "Mozilla/5.0 (Macintosh; Intel Mac OS X 10_15_7) AppleWebKit/537.36 (KHTML, like Gecko) Chrome/120.0.0.0 Safari/537.36"
216.73.216.101 - - [24/Aug/2026:20:06:09 +0500] "GET /uz/shops/bimetallic/a9n3a3r1t9h3r0o0u4s79 HTTP/1.1" 404 1215 "http://eskijuva-bozori.uz/shops/bimetallic/a9n3a3r1t9h3r0o0u4s79" "Mozilla/5.0 AppleWebKit/537.36 (KHTML, like Gecko; compatible; ClaudeBot/1.0; +claudebot@anthropic.com)"
85.208.96.198 - - [24/Aug/2026:20:06:15 +0500] "GET /uz/?start=16&template=eskijuva HTTP/1.1" 200 67685 "-" "Mozilla/5.0 (compatible; SemrushBot/7~bl; +http://www.semrush.com/bot.html)"
216.73.216.101 - - [24/Aug/2026:20:06:33 +0500] "GET /?r=h9u1m5a6n9i3t7a6r8i6a4nism HTTP/1.1" 301 - "-" "Mozilla/5.0 AppleWebKit/537.36 (KHTML, like Gecko; compatible; ClaudeBot/1.0; +claudebot@anthropic.com)"
54.37.252.131 - - [24/Aug/2026:20:06:30 +0500] "GET /uz/events-uzb HTTP/1.1" 200 60225 "-" "Mozilla/5.0 (compatible; MJ12bot/v1.4.8; http://mj12bot.com/)"
216.73.216.101 - - [24/Aug/2026:20:06:38 +0500] "GET /uz/?r=h9u1m5a6n9i3t7a6r8i6a4nism HTTP/1.1" 200 68266 "http://eskijuva-bozori.uz/?r=h9u1m5a6n9i3t7a6r8i6a4nism" "Mozilla/5.0 AppleWebKit/537.36 (KHTML, like Gecko; compatible; ClaudeBot/1.0; +claudebot@anthropic.com)"
216.73.216.101 - - [24/Aug/2026:20:07:05 +0500] "GET /horsemen/f9r6u2i1t2e5a6t9i2n1g HTTP/1.1" 301 - "-" "Mozilla/5.0 AppleWebKit/537.36 (KHTML, like Gecko; compatible; ClaudeBot/1.0; +claudebot@anthropic.com)"
216.73.216.101 - - [24/Aug/2026:20:07:09 +0500] "GET /uz/horsemen/f9r6u2i1t2e5a6t9i2n1g HTTP/1.1" 404 1215 "http://eskijuva-bozori.uz/horsemen/f9r6u2i1t2e5a6t9i2n1g" "Mozilla/5.0 AppleWebKit/537.36 (KHTML, like Gecko; compatible; ClaudeBot/1.0; +claudebot@anthropic.com)"
34.42.229.145 - - [24/Aug/2026:20:07:28 +0500] "GET /ru/officially-rus/ustav-rus?template=yoo_master2 HTTP/1.1" 508 288 "-" "Mozilla/5.0 (Macintosh; Intel Mac OS X 10_15_7) AppleWebKit/537.36 (KHTML, like Gecko) Chrome/120.0.0.0 Safari/537.36"
216.73.216.101 - - [24/Aug/2026:20:07:37 +0500] "GET /shops/jerseys/m9e3t4a8n4a4u1p0l1i8u3s HTTP/1.1" 301 - "-" "Mozilla/5.0 AppleWebKit/537.36 (KHTML, like Gecko; compatible; ClaudeBot/1.0; +claudebot@anthropic.com)"
216.73.216.101 - - [24/Aug/2026:20:07:40 +0500] "GET /uz/shops/jerseys/m9e3t4a8n4a4u1p0l1i8u3s HTTP/1.1" 404 1215 "http://eskijuva-bozori.uz/shops/jerseys/m9e3t4a8n4a4u1p0l1i8u3s" "Mozilla/5.0 AppleWebKit/537.36 (KHTML, like Gecko; compatible; ClaudeBot/1.0; +claudebot@anthropic.com)"
54.37.252.131 - - [24/Aug/2026:20:07:41 +0500] "GET /uz/info-for-shareholders-uzb HTTP/1.1" 200 64120 "-" "Mozilla/5.0 (compatible; MJ12bot/v1.4.8; http://mj12bot.com/)"
185.191.171.3 - - [24/Aug/2026:20:07:57 +0500] "GET /uz/officially-uzb/old-acts-uzb?template=yoo_master2 HTTP/1.1" 200 59657 "-" "Mozilla/5.0 (compatible; SemrushBot/7~bl; +http://www.semrush.com/bot.html)"
216.73.216.101 - - [24/Aug/2026:20:08:09 +0500] "GET /?r=x9y1l5o1p1h9a1g1a4n93 HTTP/1.1" 301 - "-" "Mozilla/5.0 AppleWebKit/537.36 (KHTML, like Gecko; compatible; ClaudeBot/1.0; +claudebot@anthropic.com)"
216.73.216.101 - - [24/Aug/2026:20:08:13 +0500] "GET /uz/?r=x9y1l5o1p1h9a1g1a4n93 HTTP/1.1" 200 68261 "http://eskijuva-bozori.uz/?r=x9y1l5o1p1h9a1g1a4n93" "Mozilla/5.0 AppleWebKit/537.36 (KHTML, like Gecko; compatible; ClaudeBot/1.0; +claudebot@anthropic.com)"
54.37.252.131 - - [24/Aug/2026:20:08:14 +0500] "GET /uz/interactive-uzb/faq-uzb HTTP/1.1" 200 61877 "-" "Mozilla/5.0 (compatible; MJ12bot/v1.4.8; http://mj12bot.com/)"
216.73.216.101 - - [24/Aug/2026:20:08:41 +0500] "GET /?r=p9l3e8c7t7r6o8p4h6e1n8ax HTTP/1.1" 301 - "-" "Mozilla/5.0 AppleWebKit/537.36 (KHTML, like Gecko; compatible; ClaudeBot/1.0; +claudebot@anthropic.com)"
54.37.252.131 - - [24/Aug/2026:20:08:39 +0500] "GET /uz/invest-uzb HTTP/1.1" 200 56158 "-" "Mozilla/5.0 (compatible; MJ12bot/v1.4.8; http://mj12bot.com/)"
216.73.216.101 - - [24/Aug/2026:20:08:47 +0500] "GET /uz/?r=p9l3e8c7t7r6o8p4h6e1n8ax HTTP/1.1" 200 68264 "http://eskijuva-bozori.uz/?r=p9l3e8c7t7r6o8p4h6e1n8ax" "Mozilla/5.0 AppleWebKit/537.36 (KHTML, like Gecko; compatible; ClaudeBot/1.0; +claudebot@anthropic.com)"
34.57.162.91 - - [24/Aug/2026:20:08:50 +0500] "GET /ru/info-for-shareholders-rus/287-kpe-2019-ej HTTP/1.1" 200 55289 "-" "Mozilla/5.0 (Macintosh; Intel Mac OS X 10_15_7) AppleWebKit/537.36 (KHTML, like Gecko) Chrome/120.0.0.0 Safari/537.36"
216.73.216.101 - - [24/Aug/2026:20:09:04 +0500] "GET /uz/?r=h9u1m6a7n8i9z0a7t2i6o4n&start=16 HTTP/1.1" 200 67658 "-" "Mozilla/5.0 AppleWebKit/537.36 (KHTML, like Gecko; compatible; ClaudeBot/1.0; +claudebot@anthropic.com)"
54.37.252.131 - - [24/Aug/2026:20:09:05 +0500] "GET /uz/jsc-docs-uzb HTTP/1.1" 200 65469 "-" "Mozilla/5.0 (compatible; MJ12bot/v1.4.8; http://mj12bot.com/)"
34.10.180.98 - - [24/Aug/2026:20:09:18 +0500] "GET /docs/reports/2020/balans-1-1-2020.xls HTTP/1.1" 200 54272 "-" "Mozilla/5.0 (Macintosh; Intel Mac OS X 10_15_7) AppleWebKit/537.36 (KHTML, like Gecko) Chrome/120.0.0.0 Safari/537.36"
34.10.180.98 - - [24/Aug/2026:20:09:19 +0500] "GET /ru/info-for-shareholders-rus HTTP/1.1" 200 62876 "-" "Mozilla/5.0 (Macintosh; Intel Mac OS X 10_15_7) AppleWebKit/537.36 (KHTML, like Gecko) Chrome/120.0.0.0 Safari/537.36"
54.37.252.131 - - [24/Aug/2026:20:09:24 +0500] "GET /uz/korp-upr-uzb HTTP/1.1" 200 64161 "-" "Mozilla/5.0 (compatible; MJ12bot/v1.4.8; http://mj12bot.com/)"
185.191.171.1 - - [24/Aug/2026:20:09:54 +0500] "GET /uz/facts-uzb/305-36-fact-19-05-2020 HTTP/1.1" 200 56817 "-" "Mozilla/5.0 (compatible; SemrushBot/7~bl; +http://www.semrush.com/bot.html)"
34.123.149.87 - - [24/Aug/2026:20:10:29 +0500] "GET /ru/votes-rus/229-poll-24-04-2018 HTTP/1.1" 200 55495 "-" "Mozilla/5.0 (Macintosh; Intel Mac OS X 10_15_7) AppleWebKit/537.36 (KHTML, like Gecko) Chrome/120.0.0.0 Safari/537.36"
54.37.252.131 - - [24/Aug/2026:20:10:56 +0500] "GET /uz/news-uzb HTTP/1.1" 200 61365 "-" "Mozilla/5.0 (compatible; MJ12bot/v1.4.8; http://mj12bot.com/)"
54.37.252.131 - - [24/Aug/2026:20:11:36 +0500] "GET /uz/officially-uzb/arkhiv HTTP/1.1" 200 58183 "-" "Mozilla/5.0 (compatible; MJ12bot/v1.4.8; http://mj12bot.com/)"
192.178.7.129 - - [24/Aug/2026:20:12:04 +0500] "GET /images/polls/15-11-16/01.jpg HTTP/1.1" 304 - "-" "Googlebot-Image/1.0"
54.37.252.131 - - [24/Aug/2026:20:11:58 +0500] "GET /uz/officially-uzb/certificates-uzb HTTP/1.1" 200 56278 "-" "Mozilla/5.0 (compatible; MJ12bot/v1.4.8; http://mj12bot.com/)"
54.37.252.131 - - [24/Aug/2026:20:12:15 +0500] "GET /uz/officially-uzb/norm-baza-uzb HTTP/1.1" 200 60542 "-" "Mozilla/5.0 (compatible; MJ12bot/v1.4.8; http://mj12bot.com/)"
34.171.68.95 - - [24/Aug/2026:20:12:27 +0500] "GET /docs/2025/sush_fakt-08-15.04.2025ns-ej.pdf HTTP/1.1" 200 70111 "-" "Mozilla/5.0 (Macintosh; Intel Mac OS X 10_15_7) AppleWebKit/537.36 (KHTML, like Gecko) Chrome/120.0.0.0 Safari/537.36"
54.37.252.131 - - [24/Aug/2026:20:12:32 +0500] "GET /uz/officially-uzb/old-acts-uzb HTTP/1.1" 200 59802 "-" "Mozilla/5.0 (compatible; MJ12bot/v1.4.8; http://mj12bot.com/)"
43.135.138.128 - - [24/Aug/2026:20:12:47 +0500] "GET /uz/?function=call_user_func_array&s=index/thinkapp/invokefunction&vars[0]=phpinfo&start=8 HTTP/1.1" 200 68420 "-" "Mozilla/5.0 (iPhone; CPU iPhone OS 13_2_3 like Mac OS X) AppleWebKit/605.1.15 (KHTML, like Gecko) Version/13.0.3 Mobile/15E148 Safari/604.1"
17.22.253.198 - - [24/Aug/2026:20:13:27 +0500] "GET /robots.txt HTTP/1.1" 200 111 "-" "Mozilla/5.0 (Macintosh; Intel Mac OS X 10_15_7) AppleWebKit/605.1.15 (KHTML, like Gecko) Version/17.4 Safari/605.1.15 (Applebot/0.1; +http://www.apple.com/go/applebot)"
17.22.253.198 - - [24/Aug/2026:20:13:27 +0500] "GET /docs/2019/sush_fakt-08-25.04.2019-rk.docx HTTP/1.1" 200 25939 "-" "Mozilla/5.0 (Macintosh; Intel Mac OS X 10_15_7) AppleWebKit/605.1.15 (KHTML, like Gecko) Version/17.4 Safari/605.1.15 (Applebot/0.1; +http://www.apple.com/go/applebot)"
34.171.68.95 - - [24/Aug/2026:20:13:22 +0500] "GET /ru/audit-rus?format=feed&type=atom HTTP/1.1" 200 11552 "-" "Mozilla/5.0 (Macintosh; Intel Mac OS X 10_15_7) AppleWebKit/537.36 (KHTML, like Gecko) Chrome/120.0.0.0 Safari/537.36"
54.37.252.131 - - [24/Aug/2026:20:13:25 +0500] "GET /uz/officially-uzb/tenders-uzb HTTP/1.1" 200 63568 "-" "Mozilla/5.0 (compatible; MJ12bot/v1.4.8; http://mj12bot.com/)"
34.123.149.87 - - [24/Aug/2026:20:13:35 +0500] "GET /uz/?start=36&template=yoo_master2 HTTP/1.1" 200 69634 "-" "Mozilla/5.0 (Macintosh; Intel Mac OS X 10_15_7) AppleWebKit/537.36 (KHTML, like Gecko) Chrome/120.0.0.0 Safari/537.36"
54.37.252.131 - - [24/Aug/2026:20:14:13 +0500] "GET /uz/officially-uzb/ustav-uzb HTTP/1.1" 200 63407 "-" "Mozilla/5.0 (compatible; MJ12bot/v1.4.8; http://mj12bot.com/)"
85.208.96.203 - - [24/Aug/2026:20:14:23 +0500] "GET /uz/?amp%3Bstart=48&function=call_user_func_array&start=40&vars%5B1%5D%5B0%5D=1 HTTP/1.1" 200 69888 "-" "Mozilla/5.0 (compatible; SemrushBot/7~bl; +http://www.semrush.com/bot.html)"
54.37.252.131 - - [24/Aug/2026:20:15:18 +0500] "GET /uz/officially-uzb/vacancies-uzb HTTP/1.1" 200 59082 "-" "Mozilla/5.0 (compatible; MJ12bot/v1.4.8; http://mj12bot.com/)"
54.37.252.131 - - [24/Aug/2026:20:15:23 +0500] "GET /uz/officially-uzb/work-performed-uz HTTP/1.1" 200 56019 "-" "Mozilla/5.0 (compatible; MJ12bot/v1.4.8; http://mj12bot.com/)"
54.37.252.131 - - [24/Aug/2026:20:15:31 +0500] "GET /uz/prospectus-uzb HTTP/1.1" 200 62492 "-" "Mozilla/5.0 (compatible; MJ12bot/v1.4.8; http://mj12bot.com/)"
161.153.15.143 - - [24/Aug/2026:20:15:38 +0500] "GET /uz/officially-uzb/tenders-uzb/246-tender-korp-2019-uz HTTP/1.1" 200 15601 "-" "Mozilla/5.0 (X11; Linux aarch64) AppleWebKit/537.36 (KHTML, like Gecko) Chrome/139.0.0.0 Safari/537.36"
161.153.15.143 - - [24/Aug/2026:20:15:46 +0500] "GET /uz/officially-uzb/tenders-uzb/246-tender-korp-2019-uz HTTP/1.1" 200 - "-" "Mozilla/5.0 (X11; Linux aarch64) AppleWebKit/537.36 (KHTML, like Gecko) Chrome/139.0.0.0 Safari/537.36"
137.131.22.54 - - [24/Aug/2026:20:16:09 +0500] "GET /uz?page=gravitysmtp-settings&rest_route=%2Fgravitysmtp%2Fv1%2Ftests%2Fmock-data&start=8 HTTP/1.1" 200 68390 "-" "Mozilla/5.0 (X11; Linux aarch64) AppleWebKit/537.36 (KHTML, like Gecko) Chrome/139.0.0.0 Safari/537.36"
185.191.171.15 - - [24/Aug/2026:20:16:16 +0500] "GET /uz/news-uzb/149-reception-uzb HTTP/1.1" 200 56959 "-" "Mozilla/5.0 (compatible; SemrushBot/7~bl; +http://www.semrush.com/bot.html)"
54.37.252.131 - - [24/Aug/2026:20:16:26 +0500] "GET /uz/votes-uzb HTTP/1.1" 200 63305 "-" "Mozilla/5.0 (compatible; MJ12bot/v1.4.8; http://mj12bot.com/)"
34.10.180.98 - - [24/Aug/2026:20:17:30 +0500] "GET /ru/component/search/?Itemid=163&format=opensearch&template=accessibility HTTP/1.1" 200 775 "-" "Mozilla/5.0 (Macintosh; Intel Mac OS X 10_15_7) AppleWebKit/537.36 (KHTML, like Gecko) Chrome/120.0.0.0 Safari/537.36"
162.62.213.165 - - [24/Aug/2026:20:21:34 +0500] "GET /uz/news-uzb/396-news-09-06-2022 HTTP/1.1" 200 58445 "-" "Mozilla/5.0 (iPhone; CPU iPhone OS 13_2_3 like Mac OS X) AppleWebKit/605.1.15 (KHTML, like Gecko) Version/13.0.3 Mobile/15E148 Safari/604.1"
110.249.201.160 - - [24/Aug/2026:20:21:39 +0500] "GET /robots.txt HTTP/1.1" 200 111 "-" "Mozilla/5.0 (Linux; Android 5.0) AppleWebKit/537.36 (KHTML, like Gecko) Mobile Safari/537.36 (compatible; Bytespider; https://zhanzhang.toutiao.com/)"
34.56.53.225 - - [24/Aug/2026:20:21:56 +0500] "GET /uz/facts-uzb/262-08-fact-25-04-2019-ns HTTP/1.1" 200 57450 "-" "Mozilla/5.0 (Macintosh; Intel Mac OS X 10_15_7) AppleWebKit/537.36 (KHTML, like Gecko) Chrome/120.0.0.0 Safari/537.36"
114.119.138.59 - - [24/Aug/2026:20:22:02 +0500] "GET /ru/officially-rus/certificates-rus/11-russian/about-org-rus/297-direction-30-04-2020-rus HTTP/1.1" 200 59364 "http://eskijuva-bozori.uz/ru/officially-rus/certificates-rus/11-russian/about-org-rus/297-direction-30-04-2020-rus" "Mozilla/5.0 (Linux; Android 7.0;) AppleWebKit/537.36 (HTML, like Gecko) Mobile Safari/537.36 (compatible; PetalBot;+https://webmaster.petalsearch.com/site/petalbot)"
37.140.216.147 - - [24/Aug/2026:20:22:26 +0500] "GET / HTTP/1.1" 301 - "-" "Mozilla/5.0 (compatible; FalconBot/1.0)"
37.140.216.147 - - [24/Aug/2026:20:22:28 +0500] "GET /uz/ HTTP/1.1" 200 68542 "-" "Mozilla/5.0 (compatible; FalconBot/1.0)"
37.140.216.147 - - [24/Aug/2026:20:22:30 +0500] "GET / HTTP/1.1" 301 - "-" "Mozilla/5.0 (compatible; FalconBot/1.0)"
37.140.216.147 - - [24/Aug/2026:20:22:31 +0500] "GET /uz/ HTTP/1.1" 200 68582 "-" "Mozilla/5.0 (compatible; FalconBot/1.0)"
34.61.96.6 - - [24/Aug/2026:20:23:49 +0500] "GET /uz/?p=1&start=24 HTTP/1.1" 200 67700 "-" "Mozilla/5.0 (Macintosh; Intel Mac OS X 10_15_7) AppleWebKit/537.36 (KHTML, like Gecko) Chrome/120.0.0.0 Safari/537.36"
85.208.96.202 - - [24/Aug/2026:20:25:48 +0500] "GET /uz/?function=call_user_func_array&s=index%2Fthink%5C%5C%5C%5C%5C%5C%5C%5C%5C%5C%5C%5C%5C%5C%5C%5C%5C%5C%5C%5C%5C%5C%5C%5C%5C%5C%5C%5C%5C%5C%5C%5C%5C%5C%5C%5C%5C%5C%5C%5C%5C%5C%5C%5C%5C%5C%5C%5C%5C%5C%5C%5C%5C%5C%5C%5C%5C%5C%5C%5C%5C%5C%5C%5Capp%2Finvokefunction&start=32&vars%5B0%5D=phpinfo&vars%5B1%5D%5B0%5D=1 HTTP/1.1" 200 75861 "-" "Mozilla/5.0 (compatible; SemrushBot/7~bl; +http://www.semrush.com/bot.html)"
85.208.96.202 - - [24/Aug/2026:20:27:35 +0500] "GET /uz/korp-upr-uzb?start=10&template=yoo_master2 HTTP/1.1" 200 58992 "-" "Mozilla/5.0 (compatible; SemrushBot/7~bl; +http://www.semrush.com/bot.html)"
34.10.180.98 - - [24/Aug/2026:20:27:38 +0500] "GET /ru/about-org-rus/indexes-rus/271-reports-2019-rus HTTP/1.1" 200 57096 "-" "Mozilla/5.0 (Macintosh; Intel Mac OS X 10_15_7) AppleWebKit/537.36 (KHTML, like Gecko) Chrome/120.0.0.0 Safari/537.36"
34.10.180.98 - - [24/Aug/2026:20:28:07 +0500] "GET /ru/officially-rus/vacancies-rus?format=feed&type=rss HTTP/1.1" 200 4031 "-" "Mozilla/5.0 (Macintosh; Intel Mac OS X 10_15_7) AppleWebKit/537.36 (KHTML, like Gecko) Chrome/120.0.0.0 Safari/537.36"
185.191.171.7 - - [24/Aug/2026:20:28:29 +0500] "GET /uz/?function=call_user_func_array&s=index%2Fthink%2Fapp%2Finvokefunction&start=20&vars%5B0%5D=phpinfo&vars%5B1%5D%5B0%5D=1 HTTP/1.1" 200 69703 "-" "Mozilla/5.0 (compatible; SemrushBot/7~bl; +http://www.semrush.com/bot.html)"
35.254.159.230 - - [24/Aug/2026:20:29:26 +0500] "GET /ru/info-for-shareholders-rus/177-performance-indicators-1-kvartal-2017 HTTP/1.1" 200 58585 "-" "Mozilla/5.0 (Macintosh; Intel Mac OS X 10_15_7) AppleWebKit/537.36 (KHTML, like Gecko) Chrome/120.0.0.0 Safari/537.36"
216.73.216.101 - - [24/Aug/2026:20:29:31 +0500] "GET /robots.txt HTTP/1.1" 200 111 "-" "Mozilla/5.0 AppleWebKit/537.36 (KHTML, like Gecko; compatible; ClaudeBot/1.0; +claudebot@anthropic.com)"
185.191.171.2 - - [24/Aug/2026:20:30:21 +0500] "GET /ru/jsc-docs-rus/381-inf-pol-ru-docx HTTP/1.1" 200 55067 "-" "Mozilla/5.0 (compatible; SemrushBot/7~bl; +http://www.semrush.com/bot.html)"
136.119.35.120 - - [24/Aug/2026:20:31:12 +0500] "GET /uz/officially-uzb/tenders-uzb/283-tender-korp-2020-uz HTTP/1.1" 200 60073 "-" "Mozilla/5.0 (Macintosh; Intel Mac OS X 10_15_7) AppleWebKit/537.36 (KHTML, like Gecko) Chrome/120.0.0.0 Safari/537.36"
216.73.216.101 - - [24/Aug/2026:20:31:21 +0500] "GET /?r=w9a2t3e2r5w0e1e8d412 HTTP/1.1" 301 - "-" "Mozilla/5.0 AppleWebKit/537.36 (KHTML, like Gecko; compatible; ClaudeBot/1.0; +claudebot@anthropic.com)"
216.73.216.101 - - [24/Aug/2026:20:31:23 +0500] "GET /uz/?r=w9a2t3e2r5w0e1e8d412 HTTP/1.1" 200 68295 "http://eskijuva-bozori.uz/?r=w9a2t3e2r5w0e1e8d412" "Mozilla/5.0 AppleWebKit/537.36 (KHTML, like Gecko; compatible; ClaudeBot/1.0; +claudebot@anthropic.com)"
216.73.216.101 - - [24/Aug/2026:20:31:53 +0500] "GET /shops/azarolus/b9l2a2s9t4o7m8y2c0o4s7is HTTP/1.1" 301 - "-" "Mozilla/5.0 AppleWebKit/537.36 (KHTML, like Gecko; compatible; ClaudeBot/1.0; +claudebot@anthropic.com)"
216.73.216.101 - - [24/Aug/2026:20:31:57 +0500] "GET /uz/shops/azarolus/b9l2a2s9t4o7m8y2c0o4s7is HTTP/1.1" 404 1215 "http://eskijuva-bozori.uz/shops/azarolus/b9l2a2s9t4o7m8y2c0o4s7is" "Mozilla/5.0 AppleWebKit/537.36 (KHTML, like Gecko; compatible; ClaudeBot/1.0; +claudebot@anthropic.com)"
216.73.216.101 - - [24/Aug/2026:20:32:04 +0500] "GET /silverback/d9u1k7h4o9b6o0r7s001 HTTP/1.1" 301 - "-" "Mozilla/5.0 AppleWebKit/537.36 (KHTML, like Gecko; compatible; ClaudeBot/1.0; +claudebot@anthropic.com)"
216.73.216.101 - - [24/Aug/2026:20:32:07 +0500] "GET /uz/silverback/d9u1k7h4o9b6o0r7s001 HTTP/1.1" 404 1215 "http://eskijuva-bozori.uz/silverback/d9u1k7h4o9b6o0r7s001" "Mozilla/5.0 AppleWebKit/537.36 (KHTML, like Gecko; compatible; ClaudeBot/1.0; +claudebot@anthropic.com)"
43.153.71.12 - - [24/Aug/2026:20:32:11 +0500] "GET /uz/?function=call_user_func_array&s=index/thinkapp/invokefunction&vars[0]=phpinfo&start=4 HTTP/1.1" 200 68161 "-" "Mozilla/5.0 (iPhone; CPU iPhone OS 13_2_3 like Mac OS X) AppleWebKit/605.1.15 (KHTML, like Gecko) Version/13.0.3 Mobile/15E148 Safari/604.1"
216.73.216.101 - - [24/Aug/2026:20:32:14 +0500] "GET /shops/chemically/b9a3l2l2o3c3k33071 HTTP/1.1" 301 - "-" "Mozilla/5.0 AppleWebKit/537.36 (KHTML, like Gecko; compatible; ClaudeBot/1.0; +claudebot@anthropic.com)"
216.73.216.101 - - [24/Aug/2026:20:32:18 +0500] "GET /uz/shops/chemically/b9a3l2l2o3c3k33071 HTTP/1.1" 404 1215 "http://eskijuva-bozori.uz/shops/chemically/b9a3l2l2o3c3k33071" "Mozilla/5.0 AppleWebKit/537.36 (KHTML, like Gecko; compatible; ClaudeBot/1.0; +claudebot@anthropic.com)"
216.73.216.101 - - [24/Aug/2026:20:32:48 +0500] "GET /?r=k9i2n2d9n9e3s7s0819 HTTP/1.1" 301 - "-" "Mozilla/5.0 AppleWebKit/537.36 (KHTML, like Gecko; compatible; ClaudeBot/1.0; +claudebot@anthropic.com)"
216.73.216.101 - - [24/Aug/2026:20:32:52 +0500] "GET /uz/?r=k9i2n2d9n9e3s7s0819 HTTP/1.1" 200 68294 "http://eskijuva-bozori.uz/?r=k9i2n2d9n9e3s7s0819" "Mozilla/5.0 AppleWebKit/537.36 (KHTML, like Gecko; compatible; ClaudeBot/1.0; +claudebot@anthropic.com)"
34.57.162.91 - - [24/Aug/2026:20:32:59 +0500] "GET /docs/2026/balans-12-2025-ej_full.pdf HTTP/1.1" 200 118402 "-" "Mozilla/5.0 (Macintosh; Intel Mac OS X 10_15_7) AppleWebKit/537.36 (KHTML, like Gecko) Chrome/120.0.0.0 Safari/537.36"
34.10.180.98 - - [24/Aug/2026:20:32:56 +0500] "GET /ru/info-for-shareholders-rus?start=20&template=yoo_master2 HTTP/1.1" 200 59699 "-" "Mozilla/5.0 (Macintosh; Intel Mac OS X 10_15_7) AppleWebKit/537.36 (KHTML, like Gecko) Chrome/120.0.0.0 Safari/537.36"
137.131.22.54 - - [24/Aug/2026:20:33:03 +0500] "GET /ru/info-for-shareholders-rus?template=accessibility HTTP/1.1" 200 - "-" "Mozilla/5.0 (X11; Linux aarch64) AppleWebKit/537.36 (KHTML, like Gecko) Chrome/139.0.0.0 Safari/537.36"
137.131.22.54 - - [24/Aug/2026:20:33:13 +0500] "GET /ru/info-for-shareholders-rus?template=accessibility HTTP/1.1" 200 - "-" "Mozilla/5.0 (X11; Linux aarch64) AppleWebKit/537.36 (KHTML, like Gecko) Chrome/139.0.0.0 Safari/537.36"
216.73.216.101 - - [24/Aug/2026:20:33:21 +0500] "GET /shops/quixotic/m9e2r2o4s8354233 HTTP/1.1" 301 - "-" "Mozilla/5.0 AppleWebKit/537.36 (KHTML, like Gecko; compatible; ClaudeBot/1.0; +claudebot@anthropic.com)"
216.73.216.101 - - [24/Aug/2026:20:33:26 +0500] "GET /uz/shops/quixotic/m9e2r2o4s8354233 HTTP/1.1" 404 1215 "http://eskijuva-bozori.uz/shops/quixotic/m9e2r2o4s8354233" "Mozilla/5.0 AppleWebKit/537.36 (KHTML, like Gecko; compatible; ClaudeBot/1.0; +claudebot@anthropic.com)"
216.73.216.101 - - [24/Aug/2026:20:33:52 +0500] "GET /?r=e9x2c3e9n8t5r3i3c097 HTTP/1.1" 301 - "-" "Mozilla/5.0 AppleWebKit/537.36 (KHTML, like Gecko; compatible; ClaudeBot/1.0; +claudebot@anthropic.com)"
34.57.162.91 - - [24/Aug/2026:20:33:54 +0500] "GET /uz/facts-uzb/336-08-fact-02-04-2021-rk HTTP/1.1" 200 57181 "-" "Mozilla/5.0 (Macintosh; Intel Mac OS X 10_15_7) AppleWebKit/537.36 (KHTML, like Gecko) Chrome/120.0.0.0 Safari/537.36"
185.191.171.5 - - [24/Aug/2026:20:33:54 +0500] "GET /uz/prospectus-uzb/465-emissiya-01-07-2025-pdf-uzb HTTP/1.1" 200 55978 "-" "Mozilla/5.0 (compatible; SemrushBot/7~bl; +http://www.semrush.com/bot.html)"
216.73.216.101 - - [24/Aug/2026:20:33:56 +0500] "GET /uz/?r=e9x2c3e9n8t5r3i3c097 HTTP/1.1" 200 68295 "http://eskijuva-bozori.uz/?r=e9x2c3e9n8t5r3i3c097" "Mozilla/5.0 AppleWebKit/537.36 (KHTML, like Gecko; compatible; ClaudeBot/1.0; +claudebot@anthropic.com)"
216.73.216.101 - - [24/Aug/2026:20:34:24 +0500] "GET /?r=a9b2s8o1r5b1e4r5308 HTTP/1.1" 301 - "-" "Mozilla/5.0 AppleWebKit/537.36 (KHTML, like Gecko; compatible; ClaudeBot/1.0; +claudebot@anthropic.com)"
216.73.216.101 - - [24/Aug/2026:20:34:28 +0500] "GET /uz/?r=a9b2s8o1r5b1e4r5308 HTTP/1.1" 200 68294 "http://eskijuva-bozori.uz/?r=a9b2s8o1r5b1e4r5308" "Mozilla/5.0 AppleWebKit/537.36 (KHTML, like Gecko; compatible; ClaudeBot/1.0; +claudebot@anthropic.com)"
216.73.216.101 - - [24/Aug/2026:20:34:56 +0500] "GET /atmosphere/hypallelomorph/d9i1s7t0r3i6c2t0l6y30 HTTP/1.1" 301 - "-" "Mozilla/5.0 AppleWebKit/537.36 (KHTML, like Gecko; compatible; ClaudeBot/1.0; +claudebot@anthropic.com)"
216.73.216.101 - - [24/Aug/2026:20:34:59 +0500] "GET /uz/atmosphere/hypallelomorph/d9i1s7t0r3i6c2t0l6y30 HTTP/1.1" 404 1215 "http://eskijuva-bozori.uz/atmosphere/hypallelomorph/d9i1s7t0r3i6c2t0l6y30" "Mozilla/5.0 AppleWebKit/537.36 (KHTML, like Gecko; compatible; ClaudeBot/1.0; +claudebot@anthropic.com)"
216.73.216.101 - - [24/Aug/2026:20:35:34 +0500] "GET /uz/shops/redemptive/h9e1r4b7y3195240 HTTP/1.1" 508 288 "http://eskijuva-bozori.uz/shops/redemptive/h9e1r4b7y3195240" "Mozilla/5.0 AppleWebKit/537.36 (KHTML, like Gecko; compatible; ClaudeBot/1.0; +claudebot@anthropic.com)"
216.73.216.101 - - [24/Aug/2026:20:35:27 +0500] "GET /shops/redemptive/h9e1r4b7y3195240 HTTP/1.1" 301 - "-" "Mozilla/5.0 AppleWebKit/537.36 (KHTML, like Gecko; compatible; ClaudeBot/1.0; +claudebot@anthropic.com)"
216.73.216.101 - - [24/Aug/2026:20:35:36 +0500] "GET /fermenter/signally/h9y4e1m0a9l2e98268 HTTP/1.1" 301 - "-" "Mozilla/5.0 AppleWebKit/537.36 (KHTML, like Gecko; compatible; ClaudeBot/1.0; +claudebot@anthropic.com)"
216.73.216.101 - - [24/Aug/2026:20:35:42 +0500] "GET /uz/fermenter/signally/h9y4e1m0a9l2e98268 HTTP/1.1" 404 1215 "http://eskijuva-bozori.uz/fermenter/signally/h9y4e1m0a9l2e98268" "Mozilla/5.0 AppleWebKit/537.36 (KHTML, like Gecko; compatible; ClaudeBot/1.0; +claudebot@anthropic.com)"
216.73.216.101 - - [24/Aug/2026:20:35:48 +0500] "GET /indispensably/h9e3u7r0i7s9t6i2c271 HTTP/1.1" 301 - "-" "Mozilla/5.0 AppleWebKit/537.36 (KHTML, like Gecko; compatible; ClaudeBot/1.0; +claudebot@anthropic.com)"
216.73.216.101 - - [24/Aug/2026:20:35:54 +0500] "GET /?r=m9a3c1r2o5d9a6c3t2y0l3e HTTP/1.1" 301 - "-" "Mozilla/5.0 AppleWebKit/537.36 (KHTML, like Gecko; compatible; ClaudeBot/1.0; +claudebot@anthropic.com)"
216.73.216.101 - - [24/Aug/2026:20:35:54 +0500] "GET /uz/indispensably/h9e3u7r0i7s9t6i2c271 HTTP/1.1" 404 1215 "http://eskijuva-bozori.uz/indispensably/h9e3u7r0i7s9t6i2c271" "Mozilla/5.0 AppleWebKit/537.36 (KHTML, like Gecko; compatible; ClaudeBot/1.0; +claudebot@anthropic.com)"
216.73.216.101 - - [24/Aug/2026:20:35:59 +0500] "GET /uz/?r=m9a3c1r2o5d9a6c3t2y0l3e HTTP/1.1" 200 68298 "http://eskijuva-bozori.uz/?r=m9a3c1r2o5d9a6c3t2y0l3e" "Mozilla/5.0 AppleWebKit/537.36 (KHTML, like Gecko; compatible; ClaudeBot/1.0; +claudebot@anthropic.com)"
216.73.216.101 - - [24/Aug/2026:20:36:06 +0500] "GET /?r=r9e3n5d8r2o9c3k904 HTTP/1.1" 301 - "-" "Mozilla/5.0 AppleWebKit/537.36 (KHTML, like Gecko; compatible; ClaudeBot/1.0; +claudebot@anthropic.com)"
34.10.180.98 - - [24/Aug/2026:20:36:03 +0500] "GET /ru/korp-upr-rus/314-corp-upr-rating-2019 HTTP/1.1" 200 55259 "-" "Mozilla/5.0 (Macintosh; Intel Mac OS X 10_15_7) AppleWebKit/537.36 (KHTML, like Gecko) Chrome/120.0.0.0 Safari/537.36"
216.73.216.101 - - [24/Aug/2026:20:36:10 +0500] "GET /uz/?r=r9e3n5d8r2o9c3k904 HTTP/1.1" 200 68223 "http://eskijuva-bozori.uz/?r=r9e3n5d8r2o9c3k904" "Mozilla/5.0 AppleWebKit/537.36 (KHTML, like Gecko; compatible; ClaudeBot/1.0; +claudebot@anthropic.com)"
216.73.216.101 - - [24/Aug/2026:20:36:18 +0500] "GET /notal/a9n2o9m9a9l5y45246 HTTP/1.1" 301 - "-" "Mozilla/5.0 AppleWebKit/537.36 (KHTML, like Gecko; compatible; ClaudeBot/1.0; +claudebot@anthropic.com)"
216.73.216.101 - - [24/Aug/2026:20:36:23 +0500] "GET /uz/notal/a9n2o9m9a9l5y45246 HTTP/1.1" 404 1215 "http://eskijuva-bozori.uz/notal/a9n2o9m9a9l5y45246" "Mozilla/5.0 AppleWebKit/537.36 (KHTML, like Gecko; compatible; ClaudeBot/1.0; +claudebot@anthropic.com)"
216.73.216.101 - - [24/Aug/2026:20:36:26 +0500] "GET /shops/dampish/a9b1e5a5r5i0n5g3141 HTTP/1.1" 301 - "-" "Mozilla/5.0 AppleWebKit/537.36 (KHTML, like Gecko; compatible; ClaudeBot/1.0; +claudebot@anthropic.com)"
216.73.216.101 - - [24/Aug/2026:20:36:31 +0500] "GET /uz/shops/dampish/a9b1e5a5r5i0n5g3141 HTTP/1.1" 404 1215 "http://eskijuva-bozori.uz/shops/dampish/a9b1e5a5r5i0n5g3141" "Mozilla/5.0 AppleWebKit/537.36 (KHTML, like Gecko; compatible; ClaudeBot/1.0; +claudebot@anthropic.com)"
216.73.216.101 - - [24/Aug/2026:20:36:38 +0500] "GET /?r=s9w1i4n4g3l7e2d9563 HTTP/1.1" 301 - "-" "Mozilla/5.0 AppleWebKit/537.36 (KHTML, like Gecko; compatible; ClaudeBot/1.0; +claudebot@anthropic.com)"
216.73.216.101 - - [24/Aug/2026:20:36:44 +0500] "GET /uz/?r=s9w1i4n4g3l7e2d9563 HTTP/1.1" 200 68224 "http://eskijuva-bozori.uz/?r=s9w1i4n4g3l7e2d9563" "Mozilla/5.0 AppleWebKit/537.36 (KHTML, like Gecko; compatible; ClaudeBot/1.0; +claudebot@anthropic.com)"
216.73.216.101 - - [24/Aug/2026:20:36:50 +0500] "GET /?r=d9a3m7a1g1i5n9g8552 HTTP/1.1" 301 - "-" "Mozilla/5.0 AppleWebKit/537.36 (KHTML, like Gecko; compatible; ClaudeBot/1.0; +claudebot@anthropic.com)"
34.171.68.95 - - [24/Aug/2026:20:37:02 +0500] "GET /ru/?start=24&template=accessibility HTTP/1.1" 508 288 "-" "Mozilla/5.0 (Macintosh; Intel Mac OS X 10_15_7) AppleWebKit/537.36 (KHTML, like Gecko) Chrome/120.0.0.0 Safari/537.36"
216.73.216.101 - - [24/Aug/2026:20:36:58 +0500] "GET /signatory/vimba/g9l4u0m3a7l159173 HTTP/1.1" 301 - "-" "Mozilla/5.0 AppleWebKit/537.36 (KHTML, like Gecko; compatible; ClaudeBot/1.0; +claudebot@anthropic.com)"
216.73.216.101 - - [24/Aug/2026:20:36:56 +0500] "GET /uz/?r=d9a3m7a1g1i5n9g8552 HTTP/1.1" 200 68224 "http://eskijuva-bozori.uz/?r=d9a3m7a1g1i5n9g8552" "Mozilla/5.0 AppleWebKit/537.36 (KHTML, like Gecko; compatible; ClaudeBot/1.0; +claudebot@anthropic.com)"
216.73.216.101 - - [24/Aug/2026:20:37:04 +0500] "GET /uz/signatory/vimba/g9l4u0m3a7l159173 HTTP/1.1" 404 1215 "http://eskijuva-bozori.uz/signatory/vimba/g9l4u0m3a7l159173" "Mozilla/5.0 AppleWebKit/537.36 (KHTML, like Gecko; compatible; ClaudeBot/1.0; +claudebot@anthropic.com)"
216.73.216.101 - - [24/Aug/2026:20:37:10 +0500] "GET /?r=p9i3n0k6n8e8s6s552 HTTP/1.1" 301 - "-" "Mozilla/5.0 AppleWebKit/537.36 (KHTML, like Gecko; compatible; ClaudeBot/1.0; +claudebot@anthropic.com)"
216.73.216.101 - - [24/Aug/2026:20:37:15 +0500] "GET /uz/?r=p9i3n0k6n8e8s6s552 HTTP/1.1" 200 68223 "http://eskijuva-bozori.uz/?r=p9i3n0k6n8e8s6s552" "Mozilla/5.0 AppleWebKit/537.36 (KHTML, like Gecko; compatible; ClaudeBot/1.0; +claudebot@anthropic.com)"
216.73.216.101 - - [24/Aug/2026:20:37:22 +0500] "GET /?r=b9i1t0u2m5i5n7i7z4e5d5 HTTP/1.1" 301 - "-" "Mozilla/5.0 AppleWebKit/537.36 (KHTML, like Gecko; compatible; ClaudeBot/1.0; +claudebot@anthropic.com)"
216.73.216.101 - - [24/Aug/2026:20:37:30 +0500] "GET /?r=r9u4m2s0e1l0l5e6r794 HTTP/1.1" 301 - "-" "Mozilla/5.0 AppleWebKit/537.36 (KHTML, like Gecko; compatible; ClaudeBot/1.0; +claudebot@anthropic.com)"
216.73.216.101 - - [24/Aug/2026:20:37:28 +0500] "GET /uz/?r=b9i1t0u2m5i5n7i7z4e5d5 HTTP/1.1" 200 68227 "http://eskijuva-bozori.uz/?r=b9i1t0u2m5i5n7i7z4e5d5" "Mozilla/5.0 AppleWebKit/537.36 (KHTML, like Gecko; compatible; ClaudeBot/1.0; +claudebot@anthropic.com)"
216.73.216.101 - - [24/Aug/2026:20:37:36 +0500] "GET /uz/?r=r9u4m2s0e1l0l5e6r794 HTTP/1.1" 200 68225 "http://eskijuva-bozori.uz/?r=r9u4m2s0e1l0l5e6r794" "Mozilla/5.0 AppleWebKit/537.36 (KHTML, like Gecko; compatible; ClaudeBot/1.0; +claudebot@anthropic.com)"
216.73.216.101 - - [24/Aug/2026:20:37:42 +0500] "GET /?r=m9i3d4r9a1s5h41284 HTTP/1.1" 301 - "-" "Mozilla/5.0 AppleWebKit/537.36 (KHTML, like Gecko; compatible; ClaudeBot/1.0; +claudebot@anthropic.com)"
185.191.171.2 - - [24/Aug/2026:20:37:55 +0500] "GET /uz/facts-uzb?start=15&template=accessibility%27 HTTP/1.1" 508 288 "-" "Mozilla/5.0 (compatible; SemrushBot/7~bl; +http://www.semrush.com/bot.html)"
216.73.216.101 - - [24/Aug/2026:20:37:49 +0500] "GET /uz/?r=m9i3d4r9a1s5h41284 HTTP/1.1" 200 68223 "http://eskijuva-bozori.uz/?r=m9i3d4r9a1s5h41284" "Mozilla/5.0 AppleWebKit/537.36 (KHTML, like Gecko; compatible; ClaudeBot/1.0; +claudebot@anthropic.com)"
34.10.180.98 - - [24/Aug/2026:20:38:38 +0500] "GET /ru/component/search/?Itemid=328&catid=32&format=opensearch&id=201 HTTP/1.1" 200 770 "-" "Mozilla/5.0 (Macintosh; Intel Mac OS X 10_15_7) AppleWebKit/537.36 (KHTML, like Gecko) Chrome/120.0.0.0 Safari/537.36"
54.164.106.236 - - [24/Aug/2026:20:40:40 +0500] "GET /uz/?rest_route=/wp/v2/users&start=16 HTTP/1.1" 200 68062 "-" "Mozilla/5.0 AppleWebKit/537.36 (KHTML, like Gecko; compatible; Amazonbot/0.1; +https://developer.amazon.com/support/amazonbot) Chrome/119.0.6045.214 Safari/537.36"
100.28.204.82 - - [24/Aug/2026:20:40:48 +0500] "GET /uz/?author=17&start=12 HTTP/1.1" 200 68493 "-" "Mozilla/5.0 AppleWebKit/537.36 (KHTML, like Gecko; compatible; Amazonbot/0.1; +https://developer.amazon.com/support/amazonbot) Chrome/119.0.6045.214 Safari/537.36"
54.144.185.255 - - [24/Aug/2026:20:41:31 +0500] "GET /ru/14-uzbek/news-uzb/139-meeting-15-11-16 HTTP/1.1" 200 64796 "-" "Mozilla/5.0 AppleWebKit/537.36 (KHTML, like Gecko; compatible; Amazonbot/0.1; +https://developer.amazon.com/support/amazonbot) Chrome/119.0.6045.214 Safari/537.36"
43.165.7.132 - - [24/Aug/2026:20:41:40 +0500] "GET /uz/news-uzb/72-eski-juva-dehqo-bozori-aj-aktsiyadorlari-diqqatiga HTTP/1.1" 200 58049 "-" "Mozilla/5.0 (iPhone; CPU iPhone OS 13_2_3 like Mac OS X) AppleWebKit/605.1.15 (KHTML, like Gecko) Version/13.0.3 Mobile/15E148 Safari/604.1"
34.171.68.95 - - [24/Aug/2026:20:42:59 +0500] "GET /docs/reports/2021/balans-2-1-2021.xls HTTP/1.1" 200 44544 "-" "Mozilla/5.0 (Macintosh; Intel Mac OS X 10_15_7) AppleWebKit/537.36 (KHTML, like Gecko) Chrome/120.0.0.0 Safari/537.36"
34.171.68.95 - - [24/Aug/2026:20:43:36 +0500] "GET /uz/?3x=3x&start=16 HTTP/1.1" 200 67848 "-" "Mozilla/5.0 (Macintosh; Intel Mac OS X 10_15_7) AppleWebKit/537.36 (KHTML, like Gecko) Chrome/120.0.0.0 Safari/537.36"
35.254.159.230 - - [24/Aug/2026:20:45:02 +0500] "GET /uz/component/search/?Itemid=174&format=opensearch&template=yoo_master2 HTTP/1.1" 200 770 "-" "Mozilla/5.0 (Macintosh; Intel Mac OS X 10_15_7) AppleWebKit/537.36 (KHTML, like Gecko) Chrome/120.0.0.0 Safari/537.36"
185.191.171.6 - - [24/Aug/2026:20:45:05 +0500] "GET /uz/?start=48&v=1 HTTP/1.1" 200 68940 "-" "Mozilla/5.0 (compatible; SemrushBot/7~bl; +http://www.semrush.com/bot.html)"
3.93.253.174 - - [24/Aug/2026:20:46:24 +0500] "GET /uz/officially-uzb/certificates-uzb HTTP/1.1" 200 56226 "-" "Mozilla/5.0 AppleWebKit/537.36 (KHTML, like Gecko; compatible; Amazonbot/0.1; +https://developer.amazon.com/support/amazonbot) Chrome/119.0.6045.214 Safari/537.36"
52.2.191.202 - - [24/Aug/2026:20:46:56 +0500] "GET /uz/?rest_route=/wp/v2/users&start=28 HTTP/1.1" 200 68619 "-" "Mozilla/5.0 AppleWebKit/537.36 (KHTML, like Gecko; compatible; Amazonbot/0.1; +https://developer.amazon.com/support/amazonbot) Chrome/119.0.6045.214 Safari/537.36"
85.208.96.201 - - [24/Aug/2026:20:47:10 +0500] "GET /uz/?function=call_user_func_array&vars%5B0%5D=phpinfo HTTP/1.1" 200 68452 "-" "Mozilla/5.0 (compatible; SemrushBot/7~bl; +http://www.semrush.com/bot.html)"
34.123.149.87 - - [24/Aug/2026:20:49:42 +0500] "GET /uz/component/search/?Itemid=146&format=opensearch&template=eskijuva HTTP/1.1" 200 767 "-" "Mozilla/5.0 (Macintosh; Intel Mac OS X 10_15_7) AppleWebKit/537.36 (KHTML, like Gecko) Chrome/120.0.0.0 Safari/537.36"
98.82.59.253 - - [24/Aug/2026:20:50:00 +0500] "GET /uz/?function=call_user_func_array&s=index/thinkapp/invokefunction&start=32&vars[0]=phpinfo HTTP/1.1" 200 68392 "-" "Mozilla/5.0 AppleWebKit/537.36 (KHTML, like Gecko; compatible; Amazonbot/0.1; +https://developer.amazon.com/support/amazonbot) Chrome/119.0.6045.214 Safari/537.36"
34.123.149.87 - - [24/Aug/2026:20:50:03 +0500] "GET /uz/facts-uzb?start=60&template=accessibility HTTP/1.1" 200 38416 "-" "Mozilla/5.0 (Macintosh; Intel Mac OS X 10_15_7) AppleWebKit/537.36 (KHTML, like Gecko) Chrome/120.0.0.0 Safari/537.36"
54.225.148.123 - - [24/Aug/2026:20:50:58 +0500] "GET /uz/?function=call_user_func_array&s=index/think/app/invokefunction&start=40&vars[0]=phpinfo HTTP/1.1" 200 69793 "-" "Mozilla/5.0 AppleWebKit/537.36 (KHTML, like Gecko; compatible; Amazonbot/0.1; +https://developer.amazon.com/support/amazonbot) Chrome/119.0.6045.214 Safari/537.36"
69.171.249.14 - - [24/Aug/2026:20:51:17 +0500] "GET /robots.txt HTTP/1.1" 206 111 "-" "facebookexternalhit/1.1 (+http://www.facebook.com/externalhit_uatext.php)"
173.252.95.50 - - [24/Aug/2026:20:51:18 +0500] "GET /ru/affil-rus HTTP/1.1" 200 15601 "-" "meta-externalagent/1.1 (+https://developers.facebook.com/docs/sharing/webmasters/crawler)"
194.247.173.99 - - [24/Aug/2026:20:51:36 +0500] "GET /robots.txt HTTP/1.1" 200 111 "-" "Mozilla/5.0 (compatible; MJ12bot/v1.4.8; http://mj12bot.com/)"
34.10.180.98 - - [24/Aug/2026:20:51:48 +0500] "GET /uz/votes-uzb/259-poll-25-04-2019 HTTP/1.1" 200 56623 "-" "Mozilla/5.0 (Macintosh; Intel Mac OS X 10_15_7) AppleWebKit/537.36 (KHTML, like Gecko) Chrome/120.0.0.0 Safari/537.36"
43.159.143.190 - - [24/Aug/2026:20:52:27 +0500] "GET /uz/?r=p4i2c5t0u4r1a28660&start=20 HTTP/1.1" 200 68255 "-" "Mozilla/5.0 (iPhone; CPU iPhone OS 13_2_3 like Mac OS X) AppleWebKit/605.1.15 (KHTML, like Gecko) Version/13.0.3 Mobile/15E148 Safari/604.1"
216.73.216.101 - - [24/Aug/2026:20:53:27 +0500] "GET /shops/calamities/y9o2u5t6h6s2o7m3e356 HTTP/1.1" 301 - "-" "Mozilla/5.0 AppleWebKit/537.36 (KHTML, like Gecko; compatible; ClaudeBot/1.0; +claudebot@anthropic.com)"
216.73.216.101 - - [24/Aug/2026:20:53:31 +0500] "GET /uz/shops/calamities/y9o2u5t6h6s2o7m3e356 HTTP/1.1" 404 1215 "http://eskijuva-bozori.uz/shops/calamities/y9o2u5t6h6s2o7m3e356" "Mozilla/5.0 AppleWebKit/537.36 (KHTML, like Gecko; compatible; ClaudeBot/1.0; +claudebot@anthropic.com)"
216.73.216.101 - - [24/Aug/2026:20:53:43 +0500] "GET /?r=p9e1s7c4a7p0r8a9e194 HTTP/1.1" 301 - "-" "Mozilla/5.0 AppleWebKit/537.36 (KHTML, like Gecko; compatible; ClaudeBot/1.0; +claudebot@anthropic.com)"
85.208.96.194 - - [24/Aug/2026:20:53:55 +0500] "GET /robots.txt HTTP/1.1" 200 111 "-" "Mozilla/5.0 (compatible; SemrushBot/7~bl; +http://www.semrush.com/bot.html)"
216.73.216.101 - - [24/Aug/2026:20:53:48 +0500] "GET /uz/?r=p9e1s7c4a7p0r8a9e194 HTTP/1.1" 200 68248 "http://eskijuva-bozori.uz/?r=p9e1s7c4a7p0r8a9e194" "Mozilla/5.0 AppleWebKit/537.36 (KHTML, like Gecko; compatible; ClaudeBot/1.0; +claudebot@anthropic.com)"
216.73.216.101 - - [24/Aug/2026:20:53:55 +0500] "GET /profitmaximizing/optics/9163019932 HTTP/1.1" 301 - "-" "Mozilla/5.0 AppleWebKit/537.36 (KHTML, like Gecko; compatible; ClaudeBot/1.0; +claudebot@anthropic.com)"
34.171.68.95 - - [24/Aug/2026:20:54:04 +0500] "GET /docs/2019/sush_fakt-08-20.11.2019-ns.docx HTTP/1.1" 200 27440 "-" "Mozilla/5.0 (Macintosh; Intel Mac OS X 10_15_7) AppleWebKit/537.36 (KHTML, like Gecko) Chrome/120.0.0.0 Safari/537.36"
185.191.171.18 - - [24/Aug/2026:20:53:55 +0500] "GET /uz/about-org-uzb/indexes-uzb/203-fin-activity-report-2016-uzb HTTP/1.1" 200 62078 "-" "Mozilla/5.0 (compatible; SemrushBot/7~bl; +http://www.semrush.com/bot.html)"
216.73.216.101 - - [24/Aug/2026:20:54:01 +0500] "GET /uz/profitmaximizing/optics/9163019932 HTTP/1.1" 404 1215 "http://eskijuva-bozori.uz/profitmaximizing/optics/9163019932" "Mozilla/5.0 AppleWebKit/537.36 (KHTML, like Gecko; compatible; ClaudeBot/1.0; +claudebot@anthropic.com)"
216.73.216.101 - - [24/Aug/2026:20:54:07 +0500] "GET /?r=i9b3e9r8o3m9e0s2o7r0n0is HTTP/1.1" 301 - "-" "Mozilla/5.0 AppleWebKit/537.36 (KHTML, like Gecko; compatible; ClaudeBot/1.0; +claudebot@anthropic.com)"
216.73.216.101 - - [24/Aug/2026:20:54:13 +0500] "GET /?r=b9a3s3i7n3e6t334 HTTP/1.1" 301 - "-" "Mozilla/5.0 AppleWebKit/537.36 (KHTML, like Gecko; compatible; ClaudeBot/1.0; +claudebot@anthropic.com)"
216.73.216.101 - - [24/Aug/2026:20:54:12 +0500] "GET /uz/?r=i9b3e9r8o3m9e0s2o7r0n0is HTTP/1.1" 200 68252 "http://eskijuva-bozori.uz/?r=i9b3e9r8o3m9e0s2o7r0n0is" "Mozilla/5.0 AppleWebKit/537.36 (KHTML, like Gecko; compatible; ClaudeBot/1.0; +claudebot@anthropic.com)"
216.73.216.101 - - [24/Aug/2026:20:54:18 +0500] "GET /uz/?r=b9a3s3i7n3e6t334 HTTP/1.1" 200 68244 "http://eskijuva-bozori.uz/?r=b9a3s3i7n3e6t334" "Mozilla/5.0 AppleWebKit/537.36 (KHTML, like Gecko; compatible; ClaudeBot/1.0; +claudebot@anthropic.com)"
216.73.216.101 - - [24/Aug/2026:20:54:32 +0500] "GET /uz/shops/opalescent/e9l4a0i2n2e498346 HTTP/1.1" 508 288 "http://eskijuva-bozori.uz/shops/opalescent/e9l4a0i2n2e498346" "Mozilla/5.0 AppleWebKit/537.36 (KHTML, like Gecko; compatible; ClaudeBot/1.0; +claudebot@anthropic.com)"
216.73.216.101 - - [24/Aug/2026:20:54:25 +0500] "GET /shops/opalescent/e9l4a0i2n2e498346 HTTP/1.1" 301 - "-" "Mozilla/5.0 AppleWebKit/537.36 (KHTML, like Gecko; compatible; ClaudeBot/1.0; +claudebot@anthropic.com)"
216.73.216.101 - - [24/Aug/2026:20:54:37 +0500] "GET /sertularian/r9u4m1b6l5e714901 HTTP/1.1" 301 - "-" "Mozilla/5.0 AppleWebKit/537.36 (KHTML, like Gecko; compatible; ClaudeBot/1.0; +claudebot@anthropic.com)"
216.73.216.101 - - [24/Aug/2026:20:54:42 +0500] "GET /uz/sertularian/r9u4m1b6l5e714901 HTTP/1.1" 404 1215 "http://eskijuva-bozori.uz/sertularian/r9u4m1b6l5e714901" "Mozilla/5.0 AppleWebKit/537.36 (KHTML, like Gecko; compatible; ClaudeBot/1.0; +claudebot@anthropic.com)"
216.73.216.101 - - [24/Aug/2026:20:54:45 +0500] "GET /shops/tossing/i9r4r0e6f9r5a3n3g3i0b9leness HTTP/1.1" 301 - "-" "Mozilla/5.0 AppleWebKit/537.36 (KHTML, like Gecko; compatible; ClaudeBot/1.0; +claudebot@anthropic.com)"
34.10.180.98 - - [24/Aug/2026:20:54:44 +0500] "GET /ru/component/search/?Itemid=160&catid=19&format=opensearch&id=135 HTTP/1.1" 200 755 "-" "Mozilla/5.0 (Macintosh; Intel Mac OS X 10_15_7) AppleWebKit/537.36 (KHTML, like Gecko) Chrome/120.0.0.0 Safari/537.36"
216.73.216.101 - - [24/Aug/2026:20:54:57 +0500] "GET /?r=b9a3s7t0a0r6d92137 HTTP/1.1" 508 288 "-" "Mozilla/5.0 AppleWebKit/537.36 (KHTML, like Gecko; compatible; ClaudeBot/1.0; +claudebot@anthropic.com)"
216.73.216.101 - - [24/Aug/2026:20:54:50 +0500] "GET /uz/shops/tossing/i9r4r0e6f9r5a3n3g3i0b9leness HTTP/1.1" 404 1215 "http://eskijuva-bozori.uz/shops/tossing/i9r4r0e6f9r5a3n3g3i0b9leness" "Mozilla/5.0 AppleWebKit/537.36 (KHTML, like Gecko; compatible; ClaudeBot/1.0; +claudebot@anthropic.com)"
216.73.216.101 - - [24/Aug/2026:20:55:03 +0500] "GET /shops/aflicker/n9o1n7a6g8e425903 HTTP/1.1" 301 - "-" "Mozilla/5.0 AppleWebKit/537.36 (KHTML, like Gecko; compatible; ClaudeBot/1.0; +claudebot@anthropic.com)"
216.73.216.101 - - [24/Aug/2026:20:55:08 +0500] "GET /uz/shops/aflicker/n9o1n7a6g8e425903 HTTP/1.1" 404 1215 "http://eskijuva-bozori.uz/shops/aflicker/n9o1n7a6g8e425903" "Mozilla/5.0 AppleWebKit/537.36 (KHTML, like Gecko; compatible; ClaudeBot/1.0; +claudebot@anthropic.com)"
216.73.216.101 - - [24/Aug/2026:20:55:15 +0500] "GET /shops/enfeeble/s9w2o8o3p4e1d78378 HTTP/1.1" 301 - "-" "Mozilla/5.0 AppleWebKit/537.36 (KHTML, like Gecko; compatible; ClaudeBot/1.0; +claudebot@anthropic.com)"
216.73.216.101 - - [24/Aug/2026:20:55:19 +0500] "GET /uz/shops/enfeeble/s9w2o8o3p4e1d78378 HTTP/1.1" 404 1215 "http://eskijuva-bozori.uz/shops/enfeeble/s9w2o8o3p4e1d78378" "Mozilla/5.0 AppleWebKit/537.36 (KHTML, like Gecko; compatible; ClaudeBot/1.0; +claudebot@anthropic.com)"
216.73.216.101 - - [24/Aug/2026:20:55:27 +0500] "GET /submetallic/fissures/g9i2f6t3e0d1n8e7s3s34 HTTP/1.1" 508 288 "-" "Mozilla/5.0 AppleWebKit/537.36 (KHTML, like Gecko; compatible; ClaudeBot/1.0; +claudebot@anthropic.com)"
216.73.216.101 - - [24/Aug/2026:20:55:33 +0500] "GET /shops/punctuate/v9e1n3e1r3i5s81668 HTTP/1.1" 301 - "-" "Mozilla/5.0 AppleWebKit/537.36 (KHTML, like Gecko; compatible; ClaudeBot/1.0; +claudebot@anthropic.com)"
216.73.216.101 - - [24/Aug/2026:20:55:39 +0500] "GET /uz/shops/punctuate/v9e1n3e1r3i5s81668 HTTP/1.1" 404 1215 "http://eskijuva-bozori.uz/shops/punctuate/v9e1n3e1r3i5s81668" "Mozilla/5.0 AppleWebKit/537.36 (KHTML, like Gecko; compatible; ClaudeBot/1.0; +claudebot@anthropic.com)"
216.73.216.101 - - [24/Aug/2026:20:55:45 +0500] "GET /shops/aruspicy/b9l2a4m5a8b3l2y6435 HTTP/1.1" 301 - "-" "Mozilla/5.0 AppleWebKit/537.36 (KHTML, like Gecko; compatible; ClaudeBot/1.0; +claudebot@anthropic.com)"
216.73.216.101 - - [24/Aug/2026:20:55:51 +0500] "GET /uz/shops/aruspicy/b9l2a4m5a8b3l2y6435 HTTP/1.1" 404 1215 "http://eskijuva-bozori.uz/shops/aruspicy/b9l2a4m5a8b3l2y6435" "Mozilla/5.0 AppleWebKit/537.36 (KHTML, like Gecko; compatible; ClaudeBot/1.0; +claudebot@anthropic.com)"
216.73.216.101 - - [24/Aug/2026:20:56:09 +0500] "GET /jading/disembay/s9e9s6a9m5u0m6018 HTTP/1.1" 301 - "-" "Mozilla/5.0 AppleWebKit/537.36 (KHTML, like Gecko; compatible; ClaudeBot/1.0; +claudebot@anthropic.com)"
216.73.216.101 - - [24/Aug/2026:20:56:14 +0500] "GET /uz/jading/disembay/s9e9s6a9m5u0m6018 HTTP/1.1" 404 1215 "http://eskijuva-bozori.uz/jading/disembay/s9e9s6a9m5u0m6018" "Mozilla/5.0 AppleWebKit/537.36 (KHTML, like Gecko; compatible; ClaudeBot/1.0; +claudebot@anthropic.com)"
216.73.216.101 - - [24/Aug/2026:20:56:22 +0500] "GET /chromaticity/j9e3s6t1f6u0l516 HTTP/1.1" 301 - "-" "Mozilla/5.0 AppleWebKit/537.36 (KHTML, like Gecko; compatible; ClaudeBot/1.0; +claudebot@anthropic.com)"
216.73.216.101 - - [24/Aug/2026:20:56:29 +0500] "GET /uz/chromaticity/j9e3s6t1f6u0l516 HTTP/1.1" 404 1215 "http://eskijuva-bozori.uz/chromaticity/j9e3s6t1f6u0l516" "Mozilla/5.0 AppleWebKit/537.36 (KHTML, like Gecko; compatible; ClaudeBot/1.0; +claudebot@anthropic.com)"
216.73.216.101 - - [24/Aug/2026:20:57:01 +0500] "GET /uz/shops/circar/d9o2u0b4l8u1r8e8299 HTTP/1.1" 508 288 "http://eskijuva-bozori.uz/shops/circar/d9o2u0b4l8u1r8e8299" "Mozilla/5.0 AppleWebKit/537.36 (KHTML, like Gecko; compatible; ClaudeBot/1.0; +claudebot@anthropic.com)"
216.73.216.101 - - [24/Aug/2026:20:56:55 +0500] "GET /shops/circar/d9o2u0b4l8u1r8e8299 HTTP/1.1" 301 - "-" "Mozilla/5.0 AppleWebKit/537.36 (KHTML, like Gecko; compatible; ClaudeBot/1.0; +claudebot@anthropic.com)"
185.191.171.3 - - [24/Aug/2026:20:57:11 +0500] "GET /ru/about-org-rus/indexes-rus/17-russian/shareholders-rus?start=30 HTTP/1.1" 200 60944 "-" "Mozilla/5.0 (compatible; SemrushBot/7~bl; +http://www.semrush.com/bot.html)"
216.73.216.101 - - [24/Aug/2026:20:57:26 +0500] "GET /shops/callus/f9l1a7n9g162871 HTTP/1.1" 301 - "-" "Mozilla/5.0 AppleWebKit/537.36 (KHTML, like Gecko; compatible; ClaudeBot/1.0; +claudebot@anthropic.com)"
216.73.216.101 - - [24/Aug/2026:20:57:33 +0500] "GET /uz/shops/callus/f9l1a7n9g162871 HTTP/1.1" 508 288 "http://eskijuva-bozori.uz/shops/callus/f9l1a7n9g162871" "Mozilla/5.0 AppleWebKit/537.36 (KHTML, like Gecko; compatible; ClaudeBot/1.0; +claudebot@anthropic.com)"
216.73.216.101 - - [24/Aug/2026:20:57:57 +0500] "GET /?r=n9u1c7l2e3a2t1e0204 HTTP/1.1" 301 - "-" "Mozilla/5.0 AppleWebKit/537.36 (KHTML, like Gecko; compatible; ClaudeBot/1.0; +claudebot@anthropic.com)"
216.73.216.101 - - [24/Aug/2026:20:58:02 +0500] "GET /uz/?r=n9u1c7l2e3a2t1e0204 HTTP/1.1" 200 68247 "http://eskijuva-bozori.uz/?r=n9u1c7l2e3a2t1e0204" "Mozilla/5.0 AppleWebKit/537.36 (KHTML, like Gecko; compatible; ClaudeBot/1.0; +claudebot@anthropic.com)"
198.244.183.76 - - [24/Aug/2026:20:58:13 +0500] "GET /robots.txt HTTP/1.1" 200 111 "-" "Mozilla/5.0 (compatible; AhrefsBot/7.0; +http://ahrefs.com/robot/)"
51.195.183.253 - - [24/Aug/2026:20:58:16 +0500] "GET /ru/news-rus/148-reception-rus HTTP/1.1" 200 56286 "-" "Mozilla/5.0 (compatible; AhrefsBot/7.0; +http://ahrefs.com/robot/)"
216.73.216.101 - - [24/Aug/2026:20:58:27 +0500] "GET /?r=s9e3e8m7l5i0e0r3288 HTTP/1.1" 301 - "-" "Mozilla/5.0 AppleWebKit/537.36 (KHTML, like Gecko; compatible; ClaudeBot/1.0; +claudebot@anthropic.com)"
34.171.68.95 - - [24/Aug/2026:20:58:28 +0500] "GET /uz/?rest_route=/notificationx/v1/analytics HTTP/1.1" 200 68264 "-" "Mozilla/5.0 (Macintosh; Intel Mac OS X 10_15_7) AppleWebKit/537.36 (KHTML, like Gecko) Chrome/120.0.0.0 Safari/537.36"
216.73.216.101 - - [24/Aug/2026:20:58:34 +0500] "GET /uz/?r=s9e3e8m7l5i0e0r3288 HTTP/1.1" 200 68247 "http://eskijuva-bozori.uz/?r=s9e3e8m7l5i0e0r3288" "Mozilla/5.0 AppleWebKit/537.36 (KHTML, like Gecko; compatible; ClaudeBot/1.0; +claudebot@anthropic.com)"
43.135.142.37 - - [24/Aug/2026:20:58:55 +0500] "GET / HTTP/1.1" 301 - "-" "Mozilla/5.0 (iPhone; CPU iPhone OS 13_2_3 like Mac OS X) AppleWebKit/605.1.15 (KHTML, like Gecko) Version/13.0.3 Mobile/15E148 Safari/604.1"
43.135.142.37 - - [24/Aug/2026:20:59:02 +0500] "GET /uz/ HTTP/1.1" 508 288 "http://eskijuva-bozori.uz" "Mozilla/5.0 (iPhone; CPU iPhone OS 13_2_3 like Mac OS X) AppleWebKit/605.1.15 (KHTML, like Gecko) Version/13.0.3 Mobile/15E148 Safari/604.1"
216.73.216.101 - - [24/Aug/2026:20:58:59 +0500] "GET /shops/labimeter/c9h1i5v8i1e7d89897 HTTP/1.1" 301 - "-" "Mozilla/5.0 AppleWebKit/537.36 (KHTML, like Gecko; compatible; ClaudeBot/1.0; +claudebot@anthropic.com)"
