216.73.216.20 - - [25/Aug/2026:00:38:21 +0500] "GET /uz/?r=i9n3s5u1p1e6r6a5b8i7l8ity HTTP/1.1" 200 68446 "http://eskijuva-bozori.uz/?r=i9n3s5u1p1e6r6a5b8i7l8ity" "Mozilla/5.0 AppleWebKit/537.36 (KHTML, like Gecko; compatible; ClaudeBot/1.0; +claudebot@anthropic.com)"
34.61.96.6 - - [25/Aug/2026:00:38:33 +0500] "GET /docs/2025/sush_fakt-32-15.04.2025-ej.pdf HTTP/1.1" 200 57512 "-" "Mozilla/5.0 (Macintosh; Intel Mac OS X 10_15_7) AppleWebKit/537.36 (KHTML, like Gecko) Chrome/120.0.0.0 Safari/537.36"
216.73.216.20 - - [25/Aug/2026:00:38:26 +0500] "GET /shops/arcadian/z9i1m4e5n0t9w0a6t0e5r6 HTTP/1.1" 301 - "-" "Mozilla/5.0 AppleWebKit/537.36 (KHTML, like Gecko; compatible; ClaudeBot/1.0; +claudebot@anthropic.com)"
216.73.216.20 - - [25/Aug/2026:00:38:38 +0500] "GET /?r=p9a1n1t4h3e8o4l2o5g7i3st HTTP/1.1" 508 288 "-" "Mozilla/5.0 AppleWebKit/537.36 (KHTML, like Gecko; compatible; ClaudeBot/1.0; +claudebot@anthropic.com)"
152.53.181.85 - - [25/Aug/2026:00:38:34 +0500] "GET /uz/audit-uzb?template=accessibility&format=feed&type=rss HTTP/1.1" 200 7095 "-" "Mozilla/5.0 (Macintosh; Intel Mac OS X 10.15; rv:144.0) Gecko/20100101 Firefox/144.0"
216.73.216.20 - - [25/Aug/2026:00:38:35 +0500] "GET /uz/shops/arcadian/z9i1m4e5n0t9w0a6t0e5r6 HTTP/1.1" 404 1215 "http://eskijuva-bozori.uz/shops/arcadian/z9i1m4e5n0t9w0a6t0e5r6" "Mozilla/5.0 AppleWebKit/537.36 (KHTML, like Gecko; compatible; ClaudeBot/1.0; +claudebot@anthropic.com)"
216.73.216.20 - - [25/Aug/2026:00:38:44 +0500] "GET /shops/unchaste/c9o2l8o9r7a0t0i3o1n93 HTTP/1.1" 301 - "-" "Mozilla/5.0 AppleWebKit/537.36 (KHTML, like Gecko; compatible; ClaudeBot/1.0; +claudebot@anthropic.com)"
216.73.216.20 - - [25/Aug/2026:00:38:50 +0500] "GET /uz/shops/unchaste/c9o2l8o9r7a0t0i3o1n93 HTTP/1.1" 404 1215 "http://eskijuva-bozori.uz/shops/unchaste/c9o2l8o9r7a0t0i3o1n93" "Mozilla/5.0 AppleWebKit/537.36 (KHTML, like Gecko; compatible; ClaudeBot/1.0; +claudebot@anthropic.com)"
216.73.216.20 - - [25/Aug/2026:00:38:56 +0500] "GET /shops/aberrant/n9o2n8s6u3i7t19384 HTTP/1.1" 301 - "-" "Mozilla/5.0 AppleWebKit/537.36 (KHTML, like Gecko; compatible; ClaudeBot/1.0; +claudebot@anthropic.com)"
216.73.216.20 - - [25/Aug/2026:00:39:02 +0500] "GET /uz/shops/aberrant/n9o2n8s6u3i7t19384 HTTP/1.1" 404 1215 "http://eskijuva-bozori.uz/shops/aberrant/n9o2n8s6u3i7t19384" "Mozilla/5.0 AppleWebKit/537.36 (KHTML, like Gecko; compatible; ClaudeBot/1.0; +claudebot@anthropic.com)"
216.244.66.202 - - [25/Aug/2026:00:39:03 +0500] "GET /uz/news-uzb?format=feed&type=rss HTTP/1.1" 200 5245 "-" "Mozilla/5.0 (compatible; DotBot/1.2; +https://opensiteexplorer.org/dotbot; help@moz.com)"
216.73.216.20 - - [25/Aug/2026:00:39:08 +0500] "GET /shops/pansies/i9n3o9p2e8r2a5t9i7v9e3 HTTP/1.1" 301 - "-" "Mozilla/5.0 AppleWebKit/537.36 (KHTML, like Gecko; compatible; ClaudeBot/1.0; +claudebot@anthropic.com)"
216.73.216.20 - - [25/Aug/2026:00:39:20 +0500] "GET /?r=t9r3u3m4p2e6t1s9927 HTTP/1.1" 508 288 "-" "Mozilla/5.0 AppleWebKit/537.36 (KHTML, like Gecko; compatible; ClaudeBot/1.0; +claudebot@anthropic.com)"
216.73.216.20 - - [25/Aug/2026:00:39:15 +0500] "GET /uz/shops/pansies/i9n3o9p2e8r2a5t9i7v9e3 HTTP/1.1" 404 1215 "http://eskijuva-bozori.uz/shops/pansies/i9n3o9p2e8r2a5t9i7v9e3" "Mozilla/5.0 AppleWebKit/537.36 (KHTML, like Gecko; compatible; ClaudeBot/1.0; +claudebot@anthropic.com)"
216.73.216.20 - - [25/Aug/2026:00:39:33 +0500] "GET /uz/?r=f9o1r0g6o4t269202 HTTP/1.1" 508 288 "http://eskijuva-bozori.uz/?r=f9o1r0g6o4t269202" "Mozilla/5.0 AppleWebKit/537.36 (KHTML, like Gecko; compatible; ClaudeBot/1.0; +claudebot@anthropic.com)"
216.73.216.20 - - [25/Aug/2026:00:39:26 +0500] "GET /?r=f9o1r0g6o4t269202 HTTP/1.1" 301 - "-" "Mozilla/5.0 AppleWebKit/537.36 (KHTML, like Gecko; compatible; ClaudeBot/1.0; +claudebot@anthropic.com)"
216.73.216.20 - - [25/Aug/2026:00:39:39 +0500] "GET /uz/?%60=s3o5l1i5d4u1n1g5u7l0ous&format=feed&type=rss HTTP/1.1" 508 288 "-" "Mozilla/5.0 AppleWebKit/537.36 (KHTML, like Gecko; compatible; ClaudeBot/1.0; +claudebot@anthropic.com)"
216.73.216.20 - - [25/Aug/2026:00:39:45 +0500] "GET /shops/pentelic/s9p1h2y8g4m1o0g6r8am HTTP/1.1" 301 - "-" "Mozilla/5.0 AppleWebKit/537.36 (KHTML, like Gecko; compatible; ClaudeBot/1.0; +claudebot@anthropic.com)"
85.208.96.206 - - [25/Aug/2026:00:39:55 +0500] "GET /robots.txt HTTP/1.1" 200 111 "-" "Mozilla/5.0 (compatible; SemrushBot/7~bl; +http://www.semrush.com/bot.html)"
185.191.171.14 - - [25/Aug/2026:00:39:56 +0500] "GET /ru/korp-upr-rus?start=10&template=yoo_master2 HTTP/1.1" 508 288 "-" "Mozilla/5.0 (compatible; SemrushBot/7~bl; +http://www.semrush.com/bot.html)"
216.73.216.20 - - [25/Aug/2026:00:39:57 +0500] "GET /inasmuch/promotive/9133340023 HTTP/1.1" 508 288 "-" "Mozilla/5.0 AppleWebKit/537.36 (KHTML, like Gecko; compatible; ClaudeBot/1.0; +claudebot@anthropic.com)"
216.244.66.202 - - [25/Aug/2026:00:40:01 +0500] "GET /ru/?ismobile=1&start=12 HTTP/1.1" 508 288 "-" "Mozilla/5.0 (compatible; DotBot/1.2; +https://opensiteexplorer.org/dotbot; help@moz.com)"
216.73.216.20 - - [25/Aug/2026:00:40:03 +0500] "GET /shops/overleaven/a9r4r0a3i1g1n9e4r779 HTTP/1.1" 508 288 "-" "Mozilla/5.0 AppleWebKit/537.36 (KHTML, like Gecko; compatible; ClaudeBot/1.0; +claudebot@anthropic.com)"
216.73.216.20 - - [25/Aug/2026:00:39:54 +0500] "GET /uz/shops/pentelic/s9p1h2y8g4m1o0g6r8am HTTP/1.1" 404 1215 "http://eskijuva-bozori.uz/shops/pentelic/s9p1h2y8g4m1o0g6r8am" "Mozilla/5.0 AppleWebKit/537.36 (KHTML, like Gecko; compatible; ClaudeBot/1.0; +claudebot@anthropic.com)"
216.73.216.20 - - [25/Aug/2026:00:40:11 +0500] "GET /?r=s9p1i0n9d0l6e1t5a9i7l3 HTTP/1.1" 301 - "-" "Mozilla/5.0 AppleWebKit/537.36 (KHTML, like Gecko; compatible; ClaudeBot/1.0; +claudebot@anthropic.com)"
216.73.216.20 - - [25/Aug/2026:00:40:23 +0500] "GET /shops/emissitious/a9n3a9p9n2o3g8r4a9p0h1 HTTP/1.1" 508 288 "-" "Mozilla/5.0 AppleWebKit/537.36 (KHTML, like Gecko; compatible; ClaudeBot/1.0; +claudebot@anthropic.com)"
216.73.216.20 - - [25/Aug/2026:00:40:29 +0500] "GET /shops/maculature/b9u3p3l5e3u9r9u7m54 HTTP/1.1" 508 288 "-" "Mozilla/5.0 AppleWebKit/537.36 (KHTML, like Gecko; compatible; ClaudeBot/1.0; +claudebot@anthropic.com)"
216.73.216.20 - - [25/Aug/2026:00:40:20 +0500] "GET /uz/?r=s9p1i0n9d0l6e1t5a9i7l3 HTTP/1.1" 200 68270 "http://eskijuva-bozori.uz/?r=s9p1i0n9d0l6e1t5a9i7l3" "Mozilla/5.0 AppleWebKit/537.36 (KHTML, like Gecko; compatible; ClaudeBot/1.0; +claudebot@anthropic.com)"
216.73.216.20 - - [25/Aug/2026:00:40:36 +0500] "GET /?r=m9e2a0s5u9r0i9n4g6w9o8rm HTTP/1.1" 301 - "-" "Mozilla/5.0 AppleWebKit/537.36 (KHTML, like Gecko; compatible; ClaudeBot/1.0; +claudebot@anthropic.com)"
216.73.216.20 - - [25/Aug/2026:00:40:49 +0500] "GET /shops/demonstrativeness/a9p2o4l6o3g4i3z1i9n7g9 HTTP/1.1" 508 288 "-" "Mozilla/5.0 AppleWebKit/537.36 (KHTML, like Gecko; compatible; ClaudeBot/1.0; +claudebot@anthropic.com)"
216.73.216.20 - - [25/Aug/2026:00:40:43 +0500] "GET /uz/?r=m9e2a0s5u9r0i9n4g6w9o8rm HTTP/1.1" 200 68272 "http://eskijuva-bozori.uz/?r=m9e2a0s5u9r0i9n4g6w9o8rm" "Mozilla/5.0 AppleWebKit/537.36 (KHTML, like Gecko; compatible; ClaudeBot/1.0; +claudebot@anthropic.com)"
216.73.216.20 - - [25/Aug/2026:00:40:55 +0500] "GET /uz/?r=j9a1c1k8p1u1d3d2i5n2g7 HTTP/1.1" 200 68270 "-" "Mozilla/5.0 AppleWebKit/537.36 (KHTML, like Gecko; compatible; ClaudeBot/1.0; +claudebot@anthropic.com)"
85.208.96.208 - - [25/Aug/2026:00:41:14 +0500] "GET /uz/news-uzb?limitstart=0 HTTP/1.1" 508 288 "-" "Mozilla/5.0 (compatible; SemrushBot/7~bl; +http://www.semrush.com/bot.html)"
23.23.103.31 - - [25/Aug/2026:00:43:28 +0500] "GET /uz/?rest_route=/wqc/v1/query&start=36 HTTP/1.1" 200 69935 "-" "Mozilla/5.0 AppleWebKit/537.36 (KHTML, like Gecko; compatible; Amazonbot/0.1; +https://developer.amazon.com/support/amazonbot) Chrome/119.0.6045.214 Safari/537.36"
43.156.36.169 - - [25/Aug/2026:00:44:52 +0500] "GET /uz/events-uzb HTTP/1.1" 200 60282 "-" "Mozilla/5.0 (iPhone; CPU iPhone OS 13_2_3 like Mac OS X) AppleWebKit/605.1.15 (KHTML, like Gecko) Version/13.0.3 Mobile/15E148 Safari/604.1"
192.178.7.131 - - [25/Aug/2026:00:45:37 +0500] "GET /docs/2024/audit-2023.pdf HTTP/1.1" 200 535332 "-" "Googlebot/2.1 (+http://www.google.com/bot.html)"
216.73.216.20 - - [25/Aug/2026:00:45:35 +0500] "GET /shops/jurisdiction/d9i3c4k3y1b2i7r1d825 HTTP/1.1" 301 - "-" "Mozilla/5.0 AppleWebKit/537.36 (KHTML, like Gecko; compatible; ClaudeBot/1.0; +claudebot@anthropic.com)"
216.73.216.20 - - [25/Aug/2026:00:45:43 +0500] "GET /uz/shops/jurisdiction/d9i3c4k3y1b2i7r1d825 HTTP/1.1" 508 288 "http://eskijuva-bozori.uz/shops/jurisdiction/d9i3c4k3y1b2i7r1d825" "Mozilla/5.0 AppleWebKit/537.36 (KHTML, like Gecko; compatible; ClaudeBot/1.0; +claudebot@anthropic.com)"
34.123.149.87 - - [25/Aug/2026:00:45:45 +0500] "GET /ru/about-org-rus/indexes-rus?template=yoo_master2 HTTP/1.1" 200 62656 "-" "Mozilla/5.0 (Macintosh; Intel Mac OS X 10_15_7) AppleWebKit/537.36 (KHTML, like Gecko) Chrome/120.0.0.0 Safari/537.36"
216.73.216.20 - - [25/Aug/2026:00:46:12 +0500] "GET /?r=e9u3i9s0o9p5o2d9a117 HTTP/1.1" 508 288 "-" "Mozilla/5.0 AppleWebKit/537.36 (KHTML, like Gecko; compatible; ClaudeBot/1.0; +claudebot@anthropic.com)"
23.94.155.87 - - [25/Aug/2026:00:46:12 +0500] "GET /wp-includes/css/buttons.css HTTP/1.1" 508 288 "-" "Go-http-client/1.1"
23.94.155.87 - - [25/Aug/2026:00:46:13 +0500] "GET /media/system/js/core.js HTTP/1.1" 200 8735 "-" "Go-http-client/1.1"
216.73.216.20 - - [25/Aug/2026:00:46:18 +0500] "GET /outland/s9w3o6o3n9295966 HTTP/1.1" 301 - "-" "Mozilla/5.0 AppleWebKit/537.36 (KHTML, like Gecko; compatible; ClaudeBot/1.0; +claudebot@anthropic.com)"
216.73.216.20 - - [25/Aug/2026:00:46:30 +0500] "GET /shops/saucy/m9a7u4r7i6s7t4910 HTTP/1.1" 301 - "-" "Mozilla/5.0 AppleWebKit/537.36 (KHTML, like Gecko; compatible; ClaudeBot/1.0; +claudebot@anthropic.com)"
216.73.216.20 - - [25/Aug/2026:00:46:38 +0500] "GET /uz/shops/saucy/m9a7u4r7i6s7t4910 HTTP/1.1" 404 1215 "http://eskijuva-bozori.uz/shops/saucy/m9a7u4r7i6s7t4910" "Mozilla/5.0 AppleWebKit/537.36 (KHTML, like Gecko; compatible; ClaudeBot/1.0; +claudebot@anthropic.com)"
216.73.216.20 - - [25/Aug/2026:00:46:50 +0500] "GET /apprenticed/avenage/e9r3o7g6a8t9i5o0n960 HTTP/1.1" 508 288 "-" "Mozilla/5.0 AppleWebKit/537.36 (KHTML, like Gecko; compatible; ClaudeBot/1.0; +claudebot@anthropic.com)"
216.73.216.20 - - [25/Aug/2026:00:46:42 +0500] "GET /shops/apoda/h9a2n4g6d4o6g44078 HTTP/1.1" 301 - "-" "Mozilla/5.0 AppleWebKit/537.36 (KHTML, like Gecko; compatible; ClaudeBot/1.0; +claudebot@anthropic.com)"
216.73.216.20 - - [25/Aug/2026:00:46:51 +0500] "GET /uz/shops/apoda/h9a2n4g6d4o6g44078 HTTP/1.1" 404 1215 "http://eskijuva-bozori.uz/shops/apoda/h9a2n4g6d4o6g44078" "Mozilla/5.0 AppleWebKit/537.36 (KHTML, like Gecko; compatible; ClaudeBot/1.0; +claudebot@anthropic.com)"
216.73.216.20 - - [25/Aug/2026:00:46:56 +0500] "GET /shops/cohort/w9o3o4d8c4h0u5c6k966 HTTP/1.1" 301 - "-" "Mozilla/5.0 AppleWebKit/537.36 (KHTML, like Gecko; compatible; ClaudeBot/1.0; +claudebot@anthropic.com)"
216.73.216.20 - - [25/Aug/2026:00:47:05 +0500] "GET /uz/shops/cohort/w9o3o4d8c4h0u5c6k966 HTTP/1.1" 404 1215 "http://eskijuva-bozori.uz/shops/cohort/w9o3o4d8c4h0u5c6k966" "Mozilla/5.0 AppleWebKit/537.36 (KHTML, like Gecko; compatible; ClaudeBot/1.0; +claudebot@anthropic.com)"
34.57.162.91 - - [25/Aug/2026:00:47:15 +0500] "GET /uz/eski-juva-dehqon-bozori@mail.ru HTTP/1.1" 508 288 "-" "Mozilla/5.0 (Macintosh; Intel Mac OS X 10_15_7) AppleWebKit/537.36 (KHTML, like Gecko) Chrome/120.0.0.0 Safari/537.36"
216.73.216.20 - - [25/Aug/2026:00:47:15 +0500] "GET /uz/shops/tenaculums/l9i4q9u5i1d4i2s1e55 HTTP/1.1" 508 288 "http://eskijuva-bozori.uz/shops/tenaculums/l9i4q9u5i1d4i2s1e55" "Mozilla/5.0 AppleWebKit/537.36 (KHTML, like Gecko; compatible; ClaudeBot/1.0; +claudebot@anthropic.com)"
216.73.216.20 - - [25/Aug/2026:00:47:08 +0500] "GET /shops/tenaculums/l9i4q9u5i1d4i2s1e55 HTTP/1.1" 301 - "-" "Mozilla/5.0 AppleWebKit/537.36 (KHTML, like Gecko; compatible; ClaudeBot/1.0; +claudebot@anthropic.com)"
216.73.216.20 - - [25/Aug/2026:00:47:20 +0500] "GET /uz/?format=feed&r=h9y9d0r0a0u1l8i3c6a4l&type=atom HTTP/1.1" 200 8841 "-" "Mozilla/5.0 AppleWebKit/537.36 (KHTML, like Gecko; compatible; ClaudeBot/1.0; +claudebot@anthropic.com)"
216.73.216.20 - - [25/Aug/2026:00:47:32 +0500] "GET /?r=p9i3n6n5o6c9k02753 HTTP/1.1" 301 - "-" "Mozilla/5.0 AppleWebKit/537.36 (KHTML, like Gecko; compatible; ClaudeBot/1.0; +claudebot@anthropic.com)"
216.73.216.20 - - [25/Aug/2026:00:47:40 +0500] "GET /?r=a9t3r1o0p7o1s38918 HTTP/1.1" 301 - "-" "Mozilla/5.0 AppleWebKit/537.36 (KHTML, like Gecko; compatible; ClaudeBot/1.0; +claudebot@anthropic.com)"
216.73.216.20 - - [25/Aug/2026:00:47:40 +0500] "GET /uz/?r=p9i3n6n5o6c9k02753 HTTP/1.1" 200 68266 "http://eskijuva-bozori.uz/?r=p9i3n6n5o6c9k02753" "Mozilla/5.0 AppleWebKit/537.36 (KHTML, like Gecko; compatible; ClaudeBot/1.0; +claudebot@anthropic.com)"
216.73.216.20 - - [25/Aug/2026:00:47:48 +0500] "GET /uz/?r=a9t3r1o0p7o1s38918 HTTP/1.1" 200 68266 "http://eskijuva-bozori.uz/?r=a9t3r1o0p7o1s38918" "Mozilla/5.0 AppleWebKit/537.36 (KHTML, like Gecko; compatible; ClaudeBot/1.0; +claudebot@anthropic.com)"
216.73.216.20 - - [25/Aug/2026:00:47:53 +0500] "GET /?r=s9c2u9t0e7l4l3a6t1u3s HTTP/1.1" 301 - "-" "Mozilla/5.0 AppleWebKit/537.36 (KHTML, like Gecko; compatible; ClaudeBot/1.0; +claudebot@anthropic.com)"
216.73.216.20 - - [25/Aug/2026:00:48:00 +0500] "GET /uz/?r=s9c2u9t0e7l4l3a6t1u3s HTTP/1.1" 200 68269 "http://eskijuva-bozori.uz/?r=s9c2u9t0e7l4l3a6t1u3s" "Mozilla/5.0 AppleWebKit/537.36 (KHTML, like Gecko; compatible; ClaudeBot/1.0; +claudebot@anthropic.com)"
216.73.216.20 - - [25/Aug/2026:00:48:04 +0500] "GET /?r=p9l1e4x0i3p4p8u0s359 HTTP/1.1" 301 - "-" "Mozilla/5.0 AppleWebKit/537.36 (KHTML, like Gecko; compatible; ClaudeBot/1.0; +claudebot@anthropic.com)"
216.73.216.20 - - [25/Aug/2026:00:48:10 +0500] "GET /shops/affriction/p9o1p8u8l5o0s3i9t8y6 HTTP/1.1" 301 - "-" "Mozilla/5.0 AppleWebKit/537.36 (KHTML, like Gecko; compatible; ClaudeBot/1.0; +claudebot@anthropic.com)"
216.73.216.20 - - [25/Aug/2026:00:48:13 +0500] "GET /uz/?r=p9l1e4x0i3p4p8u0s359 HTTP/1.1" 200 68253 "http://eskijuva-bozori.uz/?r=p9l1e4x0i3p4p8u0s359" "Mozilla/5.0 AppleWebKit/537.36 (KHTML, like Gecko; compatible; ClaudeBot/1.0; +claudebot@anthropic.com)"
216.73.216.20 - - [25/Aug/2026:00:48:20 +0500] "GET /uz/shops/affriction/p9o1p8u8l5o0s3i9t8y6 HTTP/1.1" 404 1215 "http://eskijuva-bozori.uz/shops/affriction/p9o1p8u8l5o0s3i9t8y6" "Mozilla/5.0 AppleWebKit/537.36 (KHTML, like Gecko; compatible; ClaudeBot/1.0; +claudebot@anthropic.com)"
216.73.216.20 - - [25/Aug/2026:00:48:22 +0500] "GET /shops/suctorial/p9e4r1s4o5n3a7t6i1n2g3 HTTP/1.1" 301 - "-" "Mozilla/5.0 AppleWebKit/537.36 (KHTML, like Gecko; compatible; ClaudeBot/1.0; +claudebot@anthropic.com)"
216.73.216.20 - - [25/Aug/2026:00:48:30 +0500] "GET /uz/shops/suctorial/p9e4r1s4o5n3a7t6i1n2g3 HTTP/1.1" 404 1215 "http://eskijuva-bozori.uz/shops/suctorial/p9e4r1s4o5n3a7t6i1n2g3" "Mozilla/5.0 AppleWebKit/537.36 (KHTML, like Gecko; compatible; ClaudeBot/1.0; +claudebot@anthropic.com)"
34.171.68.95 - - [25/Aug/2026:00:48:42 +0500] "GET /ru/component/search/?Itemid=132&catid=33&format=opensearch&id=282 HTTP/1.1" 508 288 "-" "Mozilla/5.0 (Macintosh; Intel Mac OS X 10_15_7) AppleWebKit/537.36 (KHTML, like Gecko) Chrome/120.0.0.0 Safari/537.36"
216.73.216.20 - - [25/Aug/2026:00:48:34 +0500] "GET /shops/indigestion/r9i1n1g5m0a8n96162 HTTP/1.1" 301 - "-" "Mozilla/5.0 AppleWebKit/537.36 (KHTML, like Gecko; compatible; ClaudeBot/1.0; +claudebot@anthropic.com)"
216.73.216.20 - - [25/Aug/2026:00:48:43 +0500] "GET /uz/shops/indigestion/r9i1n1g5m0a8n96162 HTTP/1.1" 404 1215 "http://eskijuva-bozori.uz/shops/indigestion/r9i1n1g5m0a8n96162" "Mozilla/5.0 AppleWebKit/537.36 (KHTML, like Gecko; compatible; ClaudeBot/1.0; +claudebot@anthropic.com)"
216.73.216.20 - - [25/Aug/2026:00:48:46 +0500] "GET /?r=i9n2i8q5u8o6u1s3872 HTTP/1.1" 301 - "-" "Mozilla/5.0 AppleWebKit/537.36 (KHTML, like Gecko; compatible; ClaudeBot/1.0; +claudebot@anthropic.com)"
216.73.216.20 - - [25/Aug/2026:00:48:54 +0500] "GET /uz/?r=i9n2i8q5u8o6u1s3872 HTTP/1.1" 200 68252 "http://eskijuva-bozori.uz/?r=i9n2i8q5u8o6u1s3872" "Mozilla/5.0 AppleWebKit/537.36 (KHTML, like Gecko; compatible; ClaudeBot/1.0; +claudebot@anthropic.com)"
216.73.216.20 - - [25/Aug/2026:00:48:58 +0500] "GET /?r=o9n9t1h0e3j6o0b432 HTTP/1.1" 301 - "-" "Mozilla/5.0 AppleWebKit/537.36 (KHTML, like Gecko; compatible; ClaudeBot/1.0; +claudebot@anthropic.com)"
216.73.216.20 - - [25/Aug/2026:00:49:07 +0500] "GET /explanation/conservative/n9e1u0r5o1g8r0a0p3h8y HTTP/1.1" 301 - "-" "Mozilla/5.0 AppleWebKit/537.36 (KHTML, like Gecko; compatible; ClaudeBot/1.0; +claudebot@anthropic.com)"
216.73.216.20 - - [25/Aug/2026:00:49:07 +0500] "GET /uz/?r=o9n9t1h0e3j6o0b432 HTTP/1.1" 200 68251 "http://eskijuva-bozori.uz/?r=o9n9t1h0e3j6o0b432" "Mozilla/5.0 AppleWebKit/537.36 (KHTML, like Gecko; compatible; ClaudeBot/1.0; +claudebot@anthropic.com)"
216.73.216.20 - - [25/Aug/2026:00:49:15 +0500] "GET /uz/explanation/conservative/n9e1u0r5o1g8r0a0p3h8y HTTP/1.1" 404 1215 "http://eskijuva-bozori.uz/explanation/conservative/n9e1u0r5o1g8r0a0p3h8y" "Mozilla/5.0 AppleWebKit/537.36 (KHTML, like Gecko; compatible; ClaudeBot/1.0; +claudebot@anthropic.com)"
216.73.216.20 - - [25/Aug/2026:00:49:19 +0500] "GET /lanyard/c9l1i0m1a5t7i1z9i6n1g6 HTTP/1.1" 301 - "-" "Mozilla/5.0 AppleWebKit/537.36 (KHTML, like Gecko; compatible; ClaudeBot/1.0; +claudebot@anthropic.com)"
152.70.130.157 - - [25/Aug/2026:00:49:16 +0500] "GET /uz/dividends-uzb HTTP/1.1" 200 - "-" "Mozilla/5.0 (X11; Linux aarch64) AppleWebKit/537.36 (KHTML, like Gecko) Chrome/139.0.0.0 Safari/537.36"
152.70.130.157 - - [25/Aug/2026:00:49:20 +0500] "GET /uz/dividends-uzb HTTP/1.1" 200 - "-" "Mozilla/5.0 (X11; Linux aarch64) AppleWebKit/537.36 (KHTML, like Gecko) Chrome/139.0.0.0 Safari/537.36"
216.73.216.20 - - [25/Aug/2026:00:49:27 +0500] "GET /uz/lanyard/c9l1i0m1a5t7i1z9i6n1g6 HTTP/1.1" 404 1215 "http://eskijuva-bozori.uz/lanyard/c9l1i0m1a5t7i1z9i6n1g6" "Mozilla/5.0 AppleWebKit/537.36 (KHTML, like Gecko; compatible; ClaudeBot/1.0; +claudebot@anthropic.com)"
216.73.216.20 - - [25/Aug/2026:00:49:31 +0500] "GET /shops/benignity/a9p1p6r7o0p1r7i3a3t1i4ng HTTP/1.1" 301 - "-" "Mozilla/5.0 AppleWebKit/537.36 (KHTML, like Gecko; compatible; ClaudeBot/1.0; +claudebot@anthropic.com)"
216.73.216.20 - - [25/Aug/2026:00:49:38 +0500] "GET /uz/shops/benignity/a9p1p6r7o0p1r7i3a3t1i4ng HTTP/1.1" 404 1215 "http://eskijuva-bozori.uz/shops/benignity/a9p1p6r7o0p1r7i3a3t1i4ng" "Mozilla/5.0 AppleWebKit/537.36 (KHTML, like Gecko; compatible; ClaudeBot/1.0; +claudebot@anthropic.com)"
216.73.216.20 - - [25/Aug/2026:00:49:39 +0500] "GET /uz/?r=a9c4c1e0p9t4i0n0g44&start=44 HTTP/1.1" 200 69476 "-" "Mozilla/5.0 AppleWebKit/537.36 (KHTML, like Gecko; compatible; ClaudeBot/1.0; +claudebot@anthropic.com)"
216.73.216.20 - - [25/Aug/2026:00:49:51 +0500] "GET /uz/?r=a9c4c1e0p9t4i0n0g44&start=48 HTTP/1.1" 200 68656 "-" "Mozilla/5.0 AppleWebKit/537.36 (KHTML, like Gecko; compatible; ClaudeBot/1.0; +claudebot@anthropic.com)"
216.73.216.20 - - [25/Aug/2026:00:50:02 +0500] "GET /buttress/limetwigged/t9h1r6e8e4p7i0l8e1d35 HTTP/1.1" 301 - "-" "Mozilla/5.0 AppleWebKit/537.36 (KHTML, like Gecko; compatible; ClaudeBot/1.0; +claudebot@anthropic.com)"
185.191.171.4 - - [25/Aug/2026:00:50:14 +0500] "GET /uz/?start=4 HTTP/1.1" 508 288 "-" "Mozilla/5.0 (compatible; SemrushBot/7~bl; +http://www.semrush.com/bot.html)"
216.73.216.20 - - [25/Aug/2026:00:50:09 +0500] "GET /uz/buttress/limetwigged/t9h1r6e8e4p7i0l8e1d35 HTTP/1.1" 404 1215 "http://eskijuva-bozori.uz/buttress/limetwigged/t9h1r6e8e4p7i0l8e1d35" "Mozilla/5.0 AppleWebKit/537.36 (KHTML, like Gecko; compatible; ClaudeBot/1.0; +claudebot@anthropic.com)"
216.73.216.20 - - [25/Aug/2026:00:50:12 +0500] "GET /shops/priestcraft/l9a3r7y5n4g7o8s3c0o0p2ic HTTP/1.1" 301 - "-" "Mozilla/5.0 AppleWebKit/537.36 (KHTML, like Gecko; compatible; ClaudeBot/1.0; +claudebot@anthropic.com)"
216.73.216.20 - - [25/Aug/2026:00:50:19 +0500] "GET /uz/shops/priestcraft/l9a3r7y5n4g7o8s3c0o0p2ic HTTP/1.1" 404 1215 "http://eskijuva-bozori.uz/shops/priestcraft/l9a3r7y5n4g7o8s3c0o0p2ic" "Mozilla/5.0 AppleWebKit/537.36 (KHTML, like Gecko; compatible; ClaudeBot/1.0; +claudebot@anthropic.com)"
216.73.216.20 - - [25/Aug/2026:00:50:24 +0500] "GET /?r=c9o6u7n7t7o9u6r490 HTTP/1.1" 301 - "-" "Mozilla/5.0 AppleWebKit/537.36 (KHTML, like Gecko; compatible; ClaudeBot/1.0; +claudebot@anthropic.com)"
216.73.216.20 - - [25/Aug/2026:00:50:32 +0500] "GET /uz/?r=c9o6u7n7t7o9u6r490 HTTP/1.1" 200 68251 "http://eskijuva-bozori.uz/?r=c9o6u7n7t7o9u6r490" "Mozilla/5.0 AppleWebKit/537.36 (KHTML, like Gecko; compatible; ClaudeBot/1.0; +claudebot@anthropic.com)"
54.159.98.248 - - [25/Aug/2026:00:51:01 +0500] "GET /ru/about-org-rus/indexes-rus/353-fin-activity-report-2019-ru HTTP/1.1" 200 55194 "-" "Mozilla/5.0 AppleWebKit/537.36 (KHTML, like Gecko; compatible; Amazonbot/0.1; +https://developer.amazon.com/support/amazonbot) Chrome/119.0.6045.214 Safari/537.36"
44.217.255.167 - - [25/Aug/2026:00:51:21 +0500] "GET /uz/?rest_route=/wp/v2/users HTTP/1.1" 200 68450 "-" "Mozilla/5.0 AppleWebKit/537.36 (KHTML, like Gecko; compatible; Amazonbot/0.1; +https://developer.amazon.com/support/amazonbot) Chrome/119.0.6045.214 Safari/537.36"
34.123.149.87 - - [25/Aug/2026:00:52:04 +0500] "GET /uz/about-org-uzb/indexes-uzb?format=feed&template=yoo_master2&type=atom HTTP/1.1" 508 288 "-" "Mozilla/5.0 (Macintosh; Intel Mac OS X 10_15_7) AppleWebKit/537.36 (KHTML, like Gecko) Chrome/120.0.0.0 Safari/537.36"
34.10.180.98 - - [25/Aug/2026:00:52:10 +0500] "GET /docs/2023/sush_fakt-06-31.03.2023.pdf HTTP/1.1" 200 78176 "-" "Mozilla/5.0 (Macintosh; Intel Mac OS X 10_15_7) AppleWebKit/537.36 (KHTML, like Gecko) Chrome/120.0.0.0 Safari/537.36"
85.208.96.197 - - [25/Aug/2026:00:52:10 +0500] "GET /uz/jsc-docs-uzb/138-direction-add-28-06-16-uzb HTTP/1.1" 200 58337 "-" "Mozilla/5.0 (compatible; SemrushBot/7~bl; +http://www.semrush.com/bot.html)"
85.208.96.196 - - [25/Aug/2026:00:53:01 +0500] "GET /uz/?author=1 HTTP/1.1" 200 68267 "-" "Mozilla/5.0 (compatible; SemrushBot/7~bl; +http://www.semrush.com/bot.html)"
85.208.96.193 - - [25/Aug/2026:00:54:00 +0500] "GET /uz/?function=call_user_func_array&s=index%2Fthink%5C%5C%5C%5C%5C%5C%5C%5Capp%2Finvokefunction&start=12&vars%5B0%5D=phpinfo&vars%5B1%5D%5B0%5D=1 HTTP/1.1" 508 288 "-" "Mozilla/5.0 (compatible; SemrushBot/7~bl; +http://www.semrush.com/bot.html)"
34.10.180.98 - - [25/Aug/2026:00:54:42 +0500] "GET /ru/dividends-rus?start=12 HTTP/1.1" 200 132106 "-" "Mozilla/5.0 (Macintosh; Intel Mac OS X 10_15_7) AppleWebKit/537.36 (KHTML, like Gecko) Chrome/120.0.0.0 Safari/537.36"
34.61.96.6 - - [25/Aug/2026:00:56:14 +0500] "GET /docs/reports/2019/balans-2-1-2019.xlsx HTTP/1.1" 200 22396 "-" "Mozilla/5.0 (Macintosh; Intel Mac OS X 10_15_7) AppleWebKit/537.36 (KHTML, like Gecko) Chrome/120.0.0.0 Safari/537.36"
44.213.36.21 - - [25/Aug/2026:00:56:15 +0500] "GET /ru/jsc-docs-rus/184-vnutr-contr-28-06-16-rus HTTP/1.1" 200 85825 "-" "Mozilla/5.0 AppleWebKit/537.36 (KHTML, like Gecko; compatible; Amazonbot/0.1; +https://developer.amazon.com/support/amazonbot) Chrome/119.0.6045.214 Safari/537.36"
49.51.73.183 - - [25/Aug/2026:00:56:26 +0500] "GET /uz/info-for-shareholders-uzb HTTP/1.1" 200 64098 "-" "Mozilla/5.0 (iPhone; CPU iPhone OS 13_2_3 like Mac OS X) AppleWebKit/605.1.15 (KHTML, like Gecko) Version/13.0.3 Mobile/15E148 Safari/604.1"
34.10.180.98 - - [25/Aug/2026:00:56:46 +0500] "GET /uz/?_cb=6689739457058942012&start=40 HTTP/1.1" 200 68911 "-" "Mozilla/5.0 (Macintosh; Intel Mac OS X 10_15_7) AppleWebKit/537.36 (KHTML, like Gecko) Chrome/120.0.0.0 Safari/537.36"
129.146.56.116 - - [25/Aug/2026:00:57:41 +0500] "GET /ru/events-rus?template=accessibility HTTP/1.1" 508 288 "-" "Mozilla/5.0 (X11; Linux aarch64) AppleWebKit/537.36 (KHTML, like Gecko) Chrome/139.0.0.0 Safari/537.36"
161.153.68.204 - - [25/Aug/2026:00:57:36 +0500] "GET /ru/contacts-rus HTTP/1.1" 200 15601 "-" "Mozilla/5.0 (X11; Linux aarch64) AppleWebKit/537.36 (KHTML, like Gecko) Chrome/139.0.0.0 Safari/537.36"
129.146.56.116 - - [25/Aug/2026:00:57:37 +0500] "GET /ru/events-rus?template=accessibility HTTP/1.1" 200 15601 "-" "Mozilla/5.0 (X11; Linux aarch64) AppleWebKit/537.36 (KHTML, like Gecko) Chrome/139.0.0.0 Safari/537.36"
161.153.68.204 - - [25/Aug/2026:00:58:06 +0500] "GET /ru/contacts-rus HTTP/1.1" 200 15601 "-" "Mozilla/5.0 (X11; Linux aarch64) AppleWebKit/537.36 (KHTML, like Gecko) Chrome/139.0.0.0 Safari/537.36"
161.153.35.28 - - [25/Aug/2026:00:59:08 +0500] "GET /uz/jsc-docs-uzb/181-conf-int-28-06-16-uzb HTTP/1.1" 200 15601 "-" "Mozilla/5.0 (X11; Linux aarch64) AppleWebKit/537.36 (KHTML, like Gecko) Chrome/139.0.0.0 Safari/537.36"
161.153.35.28 - - [25/Aug/2026:00:59:12 +0500] "GET /uz/jsc-docs-uzb/181-conf-int-28-06-16-uzb HTTP/1.1" 200 - "-" "Mozilla/5.0 (X11; Linux aarch64) AppleWebKit/537.36 (KHTML, like Gecko) Chrome/139.0.0.0 Safari/537.36"
85.208.96.205 - - [25/Aug/2026:00:59:57 +0500] "GET /ru/comissions-rus HTTP/1.1" 200 58204 "-" "Mozilla/5.0 (compatible; SemrushBot/7~bl; +http://www.semrush.com/bot.html)"
141.148.185.168 - - [25/Aug/2026:01:00:33 +0500] "GET /uz/facts-uzb/141-08-fact-15-11-16 HTTP/1.1" 200 - "-" "Mozilla/5.0 (X11; Linux aarch64) AppleWebKit/537.36 (KHTML, like Gecko) Chrome/139.0.0.0 Safari/537.36"
192.178.7.129 - - [25/Aug/2026:01:01:00 +0500] "GET /images/content/ustav-add-1.jpg HTTP/1.1" 304 - "-" "Googlebot-Image/1.0"
185.191.171.3 - - [25/Aug/2026:01:02:04 +0500] "GET /uz/officially-uzb/tenders-uzb?start=16 HTTP/1.1" 200 65266 "-" "Mozilla/5.0 (compatible; SemrushBot/7~bl; +http://www.semrush.com/bot.html)"
141.148.185.168 - - [25/Aug/2026:01:02:11 +0500] "GET /uz/facts-uzb/141-08-fact-15-11-16 HTTP/1.1" 200 63114 "-" "Mozilla/5.0 (X11; Linux aarch64) AppleWebKit/537.36 (KHTML, like Gecko) Chrome/139.0.0.0 Safari/537.36"
85.208.96.200 - - [25/Aug/2026:01:02:58 +0500] "GET /ru/component/users/?Itemid=116&template=accessibility HTTP/1.1" 200 26157 "-" "Mozilla/5.0 (compatible; SemrushBot/7~bl; +http://www.semrush.com/bot.html)"
192.178.7.131 - - [25/Aug/2026:01:03:22 +0500] "GET /images/content/ustav-add-2.jpg HTTP/1.1" 304 - "-" "Googlebot-Image/1.0"
34.57.162.91 - - [25/Aug/2026:01:03:27 +0500] "GET /ru/comissions-rus?template=yoo_master2 HTTP/1.1" 200 58022 "-" "Mozilla/5.0 (Macintosh; Intel Mac OS X 10_15_7) AppleWebKit/537.36 (KHTML, like Gecko) Chrome/120.0.0.0 Safari/537.36"
185.191.171.17 - - [25/Aug/2026:01:03:46 +0500] "GET /uz/?template=yoo_master2 HTTP/1.1" 200 68314 "-" "Mozilla/5.0 (compatible; SemrushBot/7~bl; +http://www.semrush.com/bot.html)"
162.62.231.139 - - [25/Aug/2026:01:04:27 +0500] "GET /ru/officially-rus/certificates-rus HTTP/1.1" 200 54658 "-" "Mozilla/5.0 (iPhone; CPU iPhone OS 13_2_3 like Mac OS X) AppleWebKit/605.1.15 (KHTML, like Gecko) Version/13.0.3 Mobile/15E148 Safari/604.1"
34.10.180.98 - - [25/Aug/2026:01:04:44 +0500] "GET /ru/component/search/?Itemid=159&format=opensearch&template=accessibility HTTP/1.1" 200 772 "-" "Mozilla/5.0 (Macintosh; Intel Mac OS X 10_15_7) AppleWebKit/537.36 (KHTML, like Gecko) Chrome/120.0.0.0 Safari/537.36"
85.208.96.198 - - [25/Aug/2026:01:05:26 +0500] "GET /uz/?start=8&vars%5B1%5D%5B0%5D=1 HTTP/1.1" 200 68821 "-" "Mozilla/5.0 (compatible; SemrushBot/7~bl; +http://www.semrush.com/bot.html)"
85.208.96.193 - - [25/Aug/2026:01:06:12 +0500] "GET /ru/news-rus/9-russian?start=24 HTTP/1.1" 200 63873 "-" "Mozilla/5.0 (compatible; SemrushBot/7~bl; +http://www.semrush.com/bot.html)"
220.181.108.81 - - [25/Aug/2026:01:06:48 +0500] "GET /uz/?author=1&start=20 HTTP/1.1" 200 68503 "-" "Mozilla/5.0 (compatible; Baiduspider/2.0; +http://www.baidu.com/search/spider.html)"
34.123.149.87 - - [25/Aug/2026:01:07:10 +0500] "GET /ru/component/search/?Itemid=162&catid=26&format=opensearch&id=488 HTTP/1.1" 508 288 "-" "Mozilla/5.0 (Macintosh; Intel Mac OS X 10_15_7) AppleWebKit/537.36 (KHTML, like Gecko) Chrome/120.0.0.0 Safari/537.36"
85.208.96.209 - - [25/Aug/2026:01:07:43 +0500] "GET /robots.txt HTTP/1.1" 200 111 "-" "Mozilla/5.0 (compatible; SemrushBot/7~bl; +http://www.semrush.com/bot.html)"
185.191.171.17 - - [25/Aug/2026:01:07:44 +0500] "GET /uz/?start=40&vars%5B1%5D%5B0%5D=1 HTTP/1.1" 200 68908 "-" "Mozilla/5.0 (compatible; SemrushBot/7~bl; +http://www.semrush.com/bot.html)"
34.123.149.87 - - [25/Aug/2026:01:07:59 +0500] "GET /uz/about-org-uzb/indexes-uzb/10-uzbek HTTP/1.1" 200 65501 "-" "Mozilla/5.0 (Macintosh; Intel Mac OS X 10_15_7) AppleWebKit/537.36 (KHTML, like Gecko) Chrome/120.0.0.0 Safari/537.36"
185.191.171.16 - - [25/Aug/2026:01:08:34 +0500] "GET /uz/?phpinfo=1&start=48 HTTP/1.1" 200 68576 "-" "Mozilla/5.0 (compatible; SemrushBot/7~bl; +http://www.semrush.com/bot.html)"
185.191.171.7 - - [25/Aug/2026:01:10:07 +0500] "GET /ru/audit-rus/11-russian/about-org-rus/320-direction-30-06-2020-rus HTTP/1.1" 508 288 "-" "Mozilla/5.0 (compatible; SemrushBot/7~bl; +http://www.semrush.com/bot.html)"
144.24.26.246 - - [25/Aug/2026:01:10:19 +0500] "GET /ru/component/mijopolls?template=accessibility HTTP/1.1" 200 - "-" "Mozilla/5.0 (X11; Linux aarch64) AppleWebKit/537.36 (KHTML, like Gecko) Chrome/139.0.0.0 Safari/537.36"
144.24.26.246 - - [25/Aug/2026:01:10:21 +0500] "GET /ru/component/mijopolls?template=accessibility HTTP/1.1" 200 - "-" "Mozilla/5.0 (X11; Linux aarch64) AppleWebKit/537.36 (KHTML, like Gecko) Chrome/139.0.0.0 Safari/537.36"
85.208.96.204 - - [25/Aug/2026:01:11:06 +0500] "GET /uz/?function=call_user_func_array&s=index%2Fthink%5C%5C%5C%5C%5C%5C%5C%5C%5C%5C%5C%5C%5C%5C%5C%5Capp%2Finvokefunction&start=12&vars%5B0%5D=phpinfo&vars%5B1%5D%5B0%5D=1 HTTP/1.1" 200 68690 "-" "Mozilla/5.0 (compatible; SemrushBot/7~bl; +http://www.semrush.com/bot.html)"
185.191.171.15 - - [25/Aug/2026:01:12:28 +0500] "GET /uz/?function=call_user_func_array&start=16&vars%5B0%5D=phpinfo HTTP/1.1" 200 68002 "-" "Mozilla/5.0 (compatible; SemrushBot/7~bl; +http://www.semrush.com/bot.html)"
34.123.149.87 - - [25/Aug/2026:01:13:28 +0500] "GET /uz/?app=main&inc=core_auth&route=login&start=20 HTTP/1.1" 200 68318 "-" "Mozilla/5.0 (Macintosh; Intel Mac OS X 10_15_7) AppleWebKit/537.36 (KHTML, like Gecko) Chrome/120.0.0.0 Safari/537.36"
43.138.68.113 - - [25/Aug/2026:01:14:30 +0500] "GET / HTTP/1.1" 301 - "-" "Mozilla/5.0 (iPhone; CPU iPhone OS 13_2_3 like Mac OS X) AppleWebKit/605.1.15 (KHTML, like Gecko) Version/13.0.3 Mobile/15E148 Safari/604.1"
85.208.96.206 - - [25/Aug/2026:01:14:26 +0500] "GET /uz/?r=m9u8m0p9e1d56468&start=52 HTTP/1.1" 200 69034 "-" "Mozilla/5.0 (compatible; SemrushBot/7~bl; +http://www.semrush.com/bot.html)"
43.138.68.113 - - [25/Aug/2026:01:14:39 +0500] "GET /uz/ HTTP/1.1" 200 68502 "http://www.eskijuva-bozori.uz" "Mozilla/5.0 (iPhone; CPU iPhone OS 13_2_3 like Mac OS X) AppleWebKit/605.1.15 (KHTML, like Gecko) Version/13.0.3 Mobile/15E148 Safari/604.1"
185.191.171.13 - - [25/Aug/2026:01:14:52 +0500] "GET /uz/votes-uzb/340-poll-02-04-2021 HTTP/1.1" 200 56777 "-" "Mozilla/5.0 (compatible; SemrushBot/7~bl; +http://www.semrush.com/bot.html)"
54.37.252.119 - - [25/Aug/2026:01:16:07 +0500] "GET /robots.txt HTTP/1.1" 200 111 "-" "Mozilla/5.0 (compatible; MJ12bot/v1.4.8; http://mj12bot.com/)"
54.37.252.119 - - [25/Aug/2026:01:16:10 +0500] "GET /uz/?amp;start=48&function=call_user_func_array&vars[1][0]=1&start=20 HTTP/1.1" 200 68339 "-" "Mozilla/5.0 (compatible; MJ12bot/v1.4.8; http://mj12bot.com/)"
54.37.252.119 - - [25/Aug/2026:01:16:24 +0500] "GET /uz/?amp;start=48&function=call_user_func_array&vars[1][0]=1&start=24 HTTP/1.1" 200 67988 "-" "Mozilla/5.0 (compatible; MJ12bot/v1.4.8; http://mj12bot.com/)"
54.37.252.119 - - [25/Aug/2026:01:16:34 +0500] "GET /uz/?amp;start=48&function=call_user_func_array&vars[1][0]=1&start=28 HTTP/1.1" 200 68399 "-" "Mozilla/5.0 (compatible; MJ12bot/v1.4.8; http://mj12bot.com/)"
54.37.252.119 - - [25/Aug/2026:01:16:42 +0500] "GET /uz/?amp;start=48&function=call_user_func_array&vars[1][0]=1&start=32 HTTP/1.1" 200 68606 "-" "Mozilla/5.0 (compatible; MJ12bot/v1.4.8; http://mj12bot.com/)"
54.37.252.119 - - [25/Aug/2026:01:16:50 +0500] "GET /uz/?amp;start=48&function=call_user_func_array&vars[1][0]=1&start=36 HTTP/1.1" 200 70193 "-" "Mozilla/5.0 (compatible; MJ12bot/v1.4.8; http://mj12bot.com/)"
54.37.252.119 - - [25/Aug/2026:01:17:01 +0500] "GET /uz/?amp;start=48&function=call_user_func_array&vars[1][0]=1&start=40 HTTP/1.1" 200 69130 "-" "Mozilla/5.0 (compatible; MJ12bot/v1.4.8; http://mj12bot.com/)"
185.146.1.232 - - [25/Aug/2026:01:17:09 +0500] "GET /uz/?format=feed&type=rss HTTP/1.1" 200 5713 "http://eskijuva-bozori.uz/uz/?format=feed&type=rss" "Mozilla/5.0 (Windows NT 10.0; Win64; x64) AppleWebKit/537.36 (KHTML, like Gecko) Chrome/130.0.6613.137 Safari/537.36"
54.37.252.119 - - [25/Aug/2026:01:17:09 +0500] "GET /uz/?amp;start=48&function=call_user_func_array&vars[1][0]=1&start=44 HTTP/1.1" 200 69586 "-" "Mozilla/5.0 (compatible; MJ12bot/v1.4.8; http://mj12bot.com/)"
43.159.141.150 - - [25/Aug/2026:01:17:19 +0500] "GET /uz/officially-uzb/vacancies-uzb HTTP/1.1" 200 59056 "-" "Mozilla/5.0 (iPhone; CPU iPhone OS 13_2_3 like Mac OS X) AppleWebKit/605.1.15 (KHTML, like Gecko) Version/13.0.3 Mobile/15E148 Safari/604.1"
185.191.171.8 - - [25/Aug/2026:01:17:27 +0500] "GET /robots.txt HTTP/1.1" 200 111 "-" "Mozilla/5.0 (compatible; SemrushBot/7~bl; +http://www.semrush.com/bot.html)"
54.37.252.119 - - [25/Aug/2026:01:17:20 +0500] "GET /uz/?amp;start=48&function=call_user_func_array&vars[1][0]=1&start=48 HTTP/1.1" 200 68602 "-" "Mozilla/5.0 (compatible; MJ12bot/v1.4.8; http://mj12bot.com/)"
85.208.96.194 - - [25/Aug/2026:01:17:27 +0500] "GET /uz/?function=call_user_func_array&s=index%2Fthink%5C%5C%5C%5C%5C%5C%5C%5C%5C%5C%5C%5C%5C%5C%5C%5C%5C%5C%5C%5C%5C%5C%5C%5C%5C%5C%5C%5C%5C%5C%5C%5C%5C%5C%5C%5C%5C%5C%5C%5C%5C%5C%5C%5C%5C%5C%5C%5C%5C%5C%5C%5C%5C%5C%5C%5C%5C%5C%5C%5C%5C%5C%5C%5C%5C%5C%5C%5C%5C%5C%5C%5C%5C%5C%5C%5C%5C%5C%5C%5C%5C%5C%5C%5C%5C%5C%5C%5C%5C%5C%5C%5C%5C%5C%5C%5C%5C%5C%5C%5C%5C%5C%5C%5C%5C%5C%5C%5C%5C%5C%5C%5C%5C%5C%5C%5C%5C%5C%5C%5C%5C%5C%5C%5C%5C%5C%5C%5Capp%2Finvokefunction&start=20&vars%5B0%5D=phpinfo&vars%5B1%5D%5B0%5D=1 HTTP/1.1" 200 68778 "-" "Mozilla/5.0 (compatible; SemrushBot/7~bl; +http://www.semrush.com/bot.html)"
185.191.171.14 - - [25/Aug/2026:01:17:27 +0500] "GET /uz/?function=call_user_func_array&s=index%2Fthink%5C%5C%5C%5C%5C%5C%5C%5C%5C%5C%5C%5C%5C%5C%5C%5Capp%2Finvokefunction&start=8&vars%5B0%5D=phpinfo&vars%5B1%5D%5B0%5D=1 HTTP/1.1" 200 68029 "-" "Mozilla/5.0 (compatible; SemrushBot/7~bl; +http://www.semrush.com/bot.html)"
54.37.252.119 - - [25/Aug/2026:01:17:31 +0500] "GET /uz/?function=call_user_func_array&vars[0]=phpinfo&vars[1][0]=1&format=feed&type=atom HTTP/1.1" 200 8884 "-" "Mozilla/5.0 (compatible; MJ12bot/v1.4.8; http://mj12bot.com/)"
54.37.252.119 - - [25/Aug/2026:01:17:43 +0500] "GET /uz/?function=call_user_func_array&vars[0]=phpinfo&vars[1][0]=1&format=feed&type=rss HTTP/1.1" 200 5784 "-" "Mozilla/5.0 (compatible; MJ12bot/v1.4.8; http://mj12bot.com/)"
216.73.216.20 - - [25/Aug/2026:01:17:54 +0500] "GET /miseased/c9o7l9d5l7y07756 HTTP/1.1" 301 - "-" "Mozilla/5.0 AppleWebKit/537.36 (KHTML, like Gecko; compatible; ClaudeBot/1.0; +claudebot@anthropic.com)"
216.73.216.20 - - [25/Aug/2026:01:17:59 +0500] "GET /uz/miseased/c9o7l9d5l7y07756 HTTP/1.1" 404 1215 "http://eskijuva-bozori.uz/miseased/c9o7l9d5l7y07756" "Mozilla/5.0 AppleWebKit/537.36 (KHTML, like Gecko; compatible; ClaudeBot/1.0; +claudebot@anthropic.com)"
216.73.216.20 - - [25/Aug/2026:01:18:41 +0500] "GET /invigor/aciurgy/w9e3a2t7h8e7r0044 HTTP/1.1" 301 - "-" "Mozilla/5.0 AppleWebKit/537.36 (KHTML, like Gecko; compatible; ClaudeBot/1.0; +claudebot@anthropic.com)"
216.73.216.20 - - [25/Aug/2026:01:18:45 +0500] "GET /uz/invigor/aciurgy/w9e3a2t7h8e7r0044 HTTP/1.1" 404 1215 "http://eskijuva-bozori.uz/invigor/aciurgy/w9e3a2t7h8e7r0044" "Mozilla/5.0 AppleWebKit/537.36 (KHTML, like Gecko; compatible; ClaudeBot/1.0; +claudebot@anthropic.com)"
216.73.216.20 - - [25/Aug/2026:01:19:05 +0500] "GET /?r=b9a1b3i2e9s240394 HTTP/1.1" 301 - "-" "Mozilla/5.0 AppleWebKit/537.36 (KHTML, like Gecko; compatible; ClaudeBot/1.0; +claudebot@anthropic.com)"
216.73.216.20 - - [25/Aug/2026:01:19:09 +0500] "GET /uz/?r=b9a1b3i2e9s240394 HTTP/1.1" 200 68238 "http://eskijuva-bozori.uz/?r=b9a1b3i2e9s240394" "Mozilla/5.0 AppleWebKit/537.36 (KHTML, like Gecko; compatible; ClaudeBot/1.0; +claudebot@anthropic.com)"
216.73.216.20 - - [25/Aug/2026:01:19:13 +0500] "GET /?r=p9a1m5p4e5r358825 HTTP/1.1" 301 - "-" "Mozilla/5.0 AppleWebKit/537.36 (KHTML, like Gecko; compatible; ClaudeBot/1.0; +claudebot@anthropic.com)"
216.73.216.20 - - [25/Aug/2026:01:19:16 +0500] "GET /uz/?r=p9a1m5p4e5r358825 HTTP/1.1" 200 68238 "http://eskijuva-bozori.uz/?r=p9a1m5p4e5r358825" "Mozilla/5.0 AppleWebKit/537.36 (KHTML, like Gecko; compatible; ClaudeBot/1.0; +claudebot@anthropic.com)"
216.73.216.20 - - [25/Aug/2026:01:19:56 +0500] "GET /?r=f9r4i2p0p8e1r10399 HTTP/1.1" 301 - "-" "Mozilla/5.0 AppleWebKit/537.36 (KHTML, like Gecko; compatible; ClaudeBot/1.0; +claudebot@anthropic.com)"
216.73.216.20 - - [25/Aug/2026:01:20:00 +0500] "GET /uz/?r=f9r4i2p0p8e1r10399 HTTP/1.1" 200 68239 "http://eskijuva-bozori.uz/?r=f9r4i2p0p8e1r10399" "Mozilla/5.0 AppleWebKit/537.36 (KHTML, like Gecko; compatible; ClaudeBot/1.0; +claudebot@anthropic.com)"
216.73.216.20 - - [25/Aug/2026:01:20:02 +0500] "GET /?r=b9a3d5g5e7r5e2r6259 HTTP/1.1" 301 - "-" "Mozilla/5.0 AppleWebKit/537.36 (KHTML, like Gecko; compatible; ClaudeBot/1.0; +claudebot@anthropic.com)"
216.73.216.20 - - [25/Aug/2026:01:20:08 +0500] "GET /uz/?r=b9a3d5g5e7r5e2r6259 HTTP/1.1" 200 68240 "http://eskijuva-bozori.uz/?r=b9a3d5g5e7r5e2r6259" "Mozilla/5.0 AppleWebKit/537.36 (KHTML, like Gecko; compatible; ClaudeBot/1.0; +claudebot@anthropic.com)"
216.73.216.20 - - [25/Aug/2026:01:20:17 +0500] "GET /?r=i9n2t4e1r3d5e5p2e1n6d3ence HTTP/1.1" 301 - "-" "Mozilla/5.0 AppleWebKit/537.36 (KHTML, like Gecko; compatible; ClaudeBot/1.0; +claudebot@anthropic.com)"
216.73.216.20 - - [25/Aug/2026:01:20:23 +0500] "GET /uz/?r=i9n2t4e1r3d5e5p2e1n6d3ence HTTP/1.1" 200 68247 "http://eskijuva-bozori.uz/?r=i9n2t4e1r3d5e5p2e1n6d3ence" "Mozilla/5.0 AppleWebKit/537.36 (KHTML, like Gecko; compatible; ClaudeBot/1.0; +claudebot@anthropic.com)"
85.208.96.209 - - [25/Aug/2026:01:20:29 +0500] "GET /uz/?amp%3Bstart=4&ismobile=1&start=24 HTTP/1.1" 200 67981 "-" "Mozilla/5.0 (compatible; SemrushBot/7~bl; +http://www.semrush.com/bot.html)"
216.73.216.20 - - [25/Aug/2026:01:20:41 +0500] "GET /shops/antipathetic/r9i2c1e2s3h8e6l7l574 HTTP/1.1" 301 - "-" "Mozilla/5.0 AppleWebKit/537.36 (KHTML, like Gecko; compatible; ClaudeBot/1.0; +claudebot@anthropic.com)"
216.73.216.20 - - [25/Aug/2026:01:20:49 +0500] "GET /?r=c9h2e8e0r9i0s8h7n2e7s3s HTTP/1.1" 301 - "-" "Mozilla/5.0 AppleWebKit/537.36 (KHTML, like Gecko; compatible; ClaudeBot/1.0; +claudebot@anthropic.com)"
216.73.216.20 - - [25/Aug/2026:01:20:49 +0500] "GET /uz/shops/antipathetic/r9i2c1e2s3h8e6l7l574 HTTP/1.1" 404 1215 "http://eskijuva-bozori.uz/shops/antipathetic/r9i2c1e2s3h8e6l7l574" "Mozilla/5.0 AppleWebKit/537.36 (KHTML, like Gecko; compatible; ClaudeBot/1.0; +claudebot@anthropic.com)"
34.10.180.98 - - [25/Aug/2026:01:20:53 +0500] "GET /uz/?_cb=5635810879191327036&start=36 HTTP/1.1" 200 70153 "-" "Mozilla/5.0 (Macintosh; Intel Mac OS X 10_15_7) AppleWebKit/537.36 (KHTML, like Gecko) Chrome/120.0.0.0 Safari/537.36"
216.73.216.20 - - [25/Aug/2026:01:20:55 +0500] "GET /uz/?r=c9h2e8e0r9i0s8h7n2e7s3s HTTP/1.1" 200 68244 "http://eskijuva-bozori.uz/?r=c9h2e8e0r9i0s8h7n2e7s3s" "Mozilla/5.0 AppleWebKit/537.36 (KHTML, like Gecko; compatible; ClaudeBot/1.0; +claudebot@anthropic.com)"
216.73.216.20 - - [25/Aug/2026:01:21:12 +0500] "GET /atlantica/f9e8r2r0e798861 HTTP/1.1" 301 - "-" "Mozilla/5.0 AppleWebKit/537.36 (KHTML, like Gecko; compatible; ClaudeBot/1.0; +claudebot@anthropic.com)"
216.73.216.20 - - [25/Aug/2026:01:21:20 +0500] "GET /uz/atlantica/f9e8r2r0e798861 HTTP/1.1" 404 1215 "http://eskijuva-bozori.uz/atlantica/f9e8r2r0e798861" "Mozilla/5.0 AppleWebKit/537.36 (KHTML, like Gecko; compatible; ClaudeBot/1.0; +claudebot@anthropic.com)"
216.73.216.20 - - [25/Aug/2026:01:21:21 +0500] "GET /uz/?format=feed&r=w9e2e9k3w2a4m72867&type=atom HTTP/1.1" 200 8838 "-" "Mozilla/5.0 AppleWebKit/537.36 (KHTML, like Gecko; compatible; ClaudeBot/1.0; +claudebot@anthropic.com)"
54.37.252.119 - - [25/Aug/2026:01:21:46 +0500] "GET /robots.txt HTTP/1.1" 200 111 "-" "Mozilla/5.0 (compatible; MJ12bot/v1.4.8; http://mj12bot.com/)"
54.37.252.119 - - [25/Aug/2026:01:21:50 +0500] "GET /ru/9-russian HTTP/1.1" 508 288 "-" "Mozilla/5.0 (compatible; MJ12bot/v1.4.8; http://mj12bot.com/)"
216.73.216.20 - - [25/Aug/2026:01:21:45 +0500] "GET /?r=d9i3s7p1l1e2a4s5e3d3n5ess HTTP/1.1" 301 - "-" "Mozilla/5.0 AppleWebKit/537.36 (KHTML, like Gecko; compatible; ClaudeBot/1.0; +claudebot@anthropic.com)"
54.37.252.119 - - [25/Aug/2026:01:21:53 +0500] "GET /ru/?ismobile=1&start=16 HTTP/1.1" 508 288 "-" "Mozilla/5.0 (compatible; MJ12bot/v1.4.8; http://mj12bot.com/)"
185.191.171.12 - - [25/Aug/2026:01:21:57 +0500] "GET /uz/korp-upr-uzb?start=10 HTTP/1.1" 508 288 "-" "Mozilla/5.0 (compatible; SemrushBot/7~bl; +http://www.semrush.com/bot.html)"
216.73.216.20 - - [25/Aug/2026:01:21:53 +0500] "GET /shops/gripingly/m9e4n0s6t7r3u6a8719 HTTP/1.1" 301 - "-" "Mozilla/5.0 AppleWebKit/537.36 (KHTML, like Gecko; compatible; ClaudeBot/1.0; +claudebot@anthropic.com)"
216.73.216.20 - - [25/Aug/2026:01:21:53 +0500] "GET /uz/?r=d9i3s7p1l1e2a4s5e3d3n5ess HTTP/1.1" 200 68246 "http://eskijuva-bozori.uz/?r=d9i3s7p1l1e2a4s5e3d3n5ess" "Mozilla/5.0 AppleWebKit/537.36 (KHTML, like Gecko; compatible; ClaudeBot/1.0; +claudebot@anthropic.com)"
216.73.216.20 - - [25/Aug/2026:01:22:00 +0500] "GET /uz/shops/gripingly/m9e4n0s6t7r3u6a8719 HTTP/1.1" 404 1215 "http://eskijuva-bozori.uz/shops/gripingly/m9e4n0s6t7r3u6a8719" "Mozilla/5.0 AppleWebKit/537.36 (KHTML, like Gecko; compatible; ClaudeBot/1.0; +claudebot@anthropic.com)"
54.37.252.119 - - [25/Aug/2026:01:22:01 +0500] "GET /ru/about-org-rus/indexes-rus/497-reports-2026-ru HTTP/1.1" 200 55746 "-" "Mozilla/5.0 (compatible; MJ12bot/v1.4.8; http://mj12bot.com/)"
216.73.216.20 - - [25/Aug/2026:01:22:25 +0500] "GET /uz/shops/relationship/a9d2d8i3t6o5r0y6507 HTTP/1.1" 508 288 "http://eskijuva-bozori.uz/shops/relationship/a9d2d8i3t6o5r0y6507" "Mozilla/5.0 AppleWebKit/537.36 (KHTML, like Gecko; compatible; ClaudeBot/1.0; +claudebot@anthropic.com)"
216.73.216.20 - - [25/Aug/2026:01:22:18 +0500] "GET /shops/relationship/a9d2d8i3t6o5r0y6507 HTTP/1.1" 301 - "-" "Mozilla/5.0 AppleWebKit/537.36 (KHTML, like Gecko; compatible; ClaudeBot/1.0; +claudebot@anthropic.com)"
54.37.252.119 - - [25/Aug/2026:01:22:14 +0500] "GET /ru/about-org-rus/strategy-rus/11-russian/about-org-rus HTTP/1.1" 200 60884 "-" "Mozilla/5.0 (compatible; MJ12bot/v1.4.8; http://mj12bot.com/)"
216.73.216.20 - - [25/Aug/2026:01:22:24 +0500] "GET /shops/hadleys/s9t4a0p3l3e618977 HTTP/1.1" 301 - "-" "Mozilla/5.0 AppleWebKit/537.36 (KHTML, like Gecko; compatible; ClaudeBot/1.0; +claudebot@anthropic.com)"
216.73.216.20 - - [25/Aug/2026:01:22:32 +0500] "GET /uz/shops/hadleys/s9t4a0p3l3e618977 HTTP/1.1" 404 1215 "http://eskijuva-bozori.uz/shops/hadleys/s9t4a0p3l3e618977" "Mozilla/5.0 AppleWebKit/537.36 (KHTML, like Gecko; compatible; ClaudeBot/1.0; +claudebot@anthropic.com)"
216.73.216.20 - - [25/Aug/2026:01:22:54 +0500] "GET /shops/warefulness/r9e3a8p5p8r6o9a6c8h10 HTTP/1.1" 508 288 "-" "Mozilla/5.0 AppleWebKit/537.36 (KHTML, like Gecko; compatible; ClaudeBot/1.0; +claudebot@anthropic.com)"
216.73.216.20 - - [25/Aug/2026:01:22:54 +0500] "GET /uz/shops/savingly/j9a1i5r5o1u676452 HTTP/1.1" 508 288 "http://eskijuva-bozori.uz/shops/savingly/j9a1i5r5o1u676452" "Mozilla/5.0 AppleWebKit/537.36 (KHTML, like Gecko; compatible; ClaudeBot/1.0; +claudebot@anthropic.com)"
54.37.252.119 - - [25/Aug/2026:01:22:44 +0500] "GET /ru/about-org-rus/strategy-rus/15-russian/officially-rus HTTP/1.1" 200 59927 "-" "Mozilla/5.0 (compatible; MJ12bot/v1.4.8; http://mj12bot.com/)"
216.73.216.20 - - [25/Aug/2026:01:22:48 +0500] "GET /shops/savingly/j9a1i5r5o1u676452 HTTP/1.1" 301 - "-" "Mozilla/5.0 AppleWebKit/537.36 (KHTML, like Gecko; compatible; ClaudeBot/1.0; +claudebot@anthropic.com)"
34.123.149.87 - - [25/Aug/2026:01:22:56 +0500] "GET /uz/13-russian/news-rus/132-emission-cancel-17-06-16 HTTP/1.1" 200 62628 "-" "Mozilla/5.0 (Macintosh; Intel Mac OS X 10_15_7) AppleWebKit/537.36 (KHTML, like Gecko) Chrome/120.0.0.0 Safari/537.36"
216.73.216.20 - - [25/Aug/2026:01:23:00 +0500] "GET /?r=c9o1n0s8i4d5e5r7e9d70 HTTP/1.1" 301 - "-" "Mozilla/5.0 AppleWebKit/537.36 (KHTML, like Gecko; compatible; ClaudeBot/1.0; +claudebot@anthropic.com)"
216.73.216.20 - - [25/Aug/2026:01:23:06 +0500] "GET /uz/?r=c9o1n0s8i4d5e5r7e9d70 HTTP/1.1" 200 68242 "http://eskijuva-bozori.uz/?r=c9o1n0s8i4d5e5r7e9d70" "Mozilla/5.0 AppleWebKit/537.36 (KHTML, like Gecko; compatible; ClaudeBot/1.0; +claudebot@anthropic.com)"
43.158.91.71 - - [25/Aug/2026:01:23:08 +0500] "GET /ru/officially-rus/certificates-rus?template=accessibility HTTP/1.1" 200 25058 "-" "Mozilla/5.0 (iPhone; CPU iPhone OS 13_2_3 like Mac OS X) AppleWebKit/605.1.15 (KHTML, like Gecko) Version/13.0.3 Mobile/15E148 Safari/604.1"
54.37.252.119 - - [25/Aug/2026:01:23:09 +0500] "GET /ru/about-org-rus/strategy-rus/17-russian/shareholders-rus HTTP/1.1" 200 61196 "-" "Mozilla/5.0 (compatible; MJ12bot/v1.4.8; http://mj12bot.com/)"
216.73.216.20 - - [25/Aug/2026:01:23:24 +0500] "GET /?r=b9o1g9e8y5s807224 HTTP/1.1" 301 - "-" "Mozilla/5.0 AppleWebKit/537.36 (KHTML, like Gecko; compatible; ClaudeBot/1.0; +claudebot@anthropic.com)"
216.73.216.20 - - [25/Aug/2026:01:23:32 +0500] "GET /shops/plundered/a9u1r0e2u5m413932 HTTP/1.1" 301 - "-" "Mozilla/5.0 AppleWebKit/537.36 (KHTML, like Gecko; compatible; ClaudeBot/1.0; +claudebot@anthropic.com)"
216.73.216.20 - - [25/Aug/2026:01:23:30 +0500] "GET /uz/?r=b9o1g9e8y5s807224 HTTP/1.1" 200 68238 "http://eskijuva-bozori.uz/?r=b9o1g9e8y5s807224" "Mozilla/5.0 AppleWebKit/537.36 (KHTML, like Gecko; compatible; ClaudeBot/1.0; +claudebot@anthropic.com)"
54.37.252.119 - - [25/Aug/2026:01:23:40 +0500] "GET /ru/about-org-rus/strategy-rus/9-russian?format=feed&type=atom HTTP/1.1" 508 288 "-" "Mozilla/5.0 (compatible; MJ12bot/v1.4.8; http://mj12bot.com/)"
54.37.252.119 - - [25/Aug/2026:01:23:43 +0500] "GET /ru/about-org-rus/strategy-rus/9-russian?format=feed&type=rss HTTP/1.1" 508 288 "-" "Mozilla/5.0 (compatible; MJ12bot/v1.4.8; http://mj12bot.com/)"
152.70.146.179 - - [25/Aug/2026:01:23:35 +0500] "GET /uz?start=4&template=yoo_master2 HTTP/1.1" 200 8000 "-" "Mozilla/5.0 (X11; Linux aarch64) AppleWebKit/537.36 (KHTML, like Gecko) Chrome/139.0.0.0 Safari/537.36"
216.73.216.20 - - [25/Aug/2026:01:23:38 +0500] "GET /uz/shops/plundered/a9u1r0e2u5m413932 HTTP/1.1" 404 1215 "http://eskijuva-bozori.uz/shops/plundered/a9u1r0e2u5m413932" "Mozilla/5.0 AppleWebKit/537.36 (KHTML, like Gecko; compatible; ClaudeBot/1.0; +claudebot@anthropic.com)"
216.73.216.20 - - [25/Aug/2026:01:23:45 +0500] "GET /shops/terminal/p9l3e4x1o4m1e7t8e5r78 HTTP/1.1" 301 - "-" "Mozilla/5.0 AppleWebKit/537.36 (KHTML, like Gecko; compatible; ClaudeBot/1.0; +claudebot@anthropic.com)"
152.70.146.179 - - [25/Aug/2026:01:23:57 +0500] "GET /uz?start=4&template=yoo_master2 HTTP/1.1" 508 288 "-" "Mozilla/5.0 (X11; Linux aarch64) AppleWebKit/537.36 (KHTML, like Gecko) Chrome/139.0.0.0 Safari/537.36"
54.37.252.119 - - [25/Aug/2026:01:23:47 +0500] "GET /ru/about-org-rus/strategy-rus/9-russian?start=10 HTTP/1.1" 200 64618 "-" "Mozilla/5.0 (compatible; MJ12bot/v1.4.8; http://mj12bot.com/)"
216.73.216.20 - - [25/Aug/2026:01:23:52 +0500] "GET /uz/shops/terminal/p9l3e4x1o4m1e7t8e5r78 HTTP/1.1" 404 1215 "http://eskijuva-bozori.uz/shops/terminal/p9l3e4x1o4m1e7t8e5r78" "Mozilla/5.0 AppleWebKit/537.36 (KHTML, like Gecko; compatible; ClaudeBot/1.0; +claudebot@anthropic.com)"
54.37.252.119 - - [25/Aug/2026:01:24:04 +0500] "GET /ru/about-org-rus/strategy-rus/9-russian?start=20 HTTP/1.1" 200 64881 "-" "Mozilla/5.0 (compatible; MJ12bot/v1.4.8; http://mj12bot.com/)"
216.73.216.20 - - [25/Aug/2026:01:24:09 +0500] "GET /shops/percaline/u9r9o3c6e2l8e5897 HTTP/1.1" 301 - "-" "Mozilla/5.0 AppleWebKit/537.36 (KHTML, like Gecko; compatible; ClaudeBot/1.0; +claudebot@anthropic.com)"
216.73.216.20 - - [25/Aug/2026:01:24:14 +0500] "GET /uz/shops/percaline/u9r9o3c6e2l8e5897 HTTP/1.1" 404 1215 "http://eskijuva-bozori.uz/shops/percaline/u9r9o3c6e2l8e5897" "Mozilla/5.0 AppleWebKit/537.36 (KHTML, like Gecko; compatible; ClaudeBot/1.0; +claudebot@anthropic.com)"
54.37.252.119 - - [25/Aug/2026:01:24:15 +0500] "GET /ru/about-org-rus/strategy-rus/9-russian?start=30 HTTP/1.1" 200 65004 "-" "Mozilla/5.0 (compatible; MJ12bot/v1.4.8; http://mj12bot.com/)"
216.73.216.20 - - [25/Aug/2026:01:24:23 +0500] "GET /?r=m9i4s2a5l7l0i5a2n9c1e8 HTTP/1.1" 301 - "-" "Mozilla/5.0 AppleWebKit/537.36 (KHTML, like Gecko; compatible; ClaudeBot/1.0; +claudebot@anthropic.com)"
54.37.252.119 - - [25/Aug/2026:01:24:23 +0500] "GET /ru/about-org-rus/strategy-rus/9-russian?start=60 HTTP/1.1" 200 64017 "-" "Mozilla/5.0 (compatible; MJ12bot/v1.4.8; http://mj12bot.com/)"
216.73.216.20 - - [25/Aug/2026:01:24:27 +0500] "GET /uz/?r=m9i4s2a5l7l0i5a2n9c1e8 HTTP/1.1" 200 68243 "http://eskijuva-bozori.uz/?r=m9i4s2a5l7l0i5a2n9c1e8" "Mozilla/5.0 AppleWebKit/537.36 (KHTML, like Gecko; compatible; ClaudeBot/1.0; +claudebot@anthropic.com)"
216.73.216.20 - - [25/Aug/2026:01:24:47 +0500] "GET /?r=b9a3r2t7r1a5m2i9a440 HTTP/1.1" 301 - "-" "Mozilla/5.0 AppleWebKit/537.36 (KHTML, like Gecko; compatible; ClaudeBot/1.0; +claudebot@anthropic.com)"
216.73.216.20 - - [25/Aug/2026:01:24:54 +0500] "GET /?r=g9o1o2d5f1e8l3l2o2w64 HTTP/1.1" 301 - "-" "Mozilla/5.0 AppleWebKit/537.36 (KHTML, like Gecko; compatible; ClaudeBot/1.0; +claudebot@anthropic.com)"
