216.73.216.20 - - [24/Aug/2026:23:33:00 +0500] "GET /uz/shops/quiescing/k9n1o9c2k0a6b8o1u1t47 HTTP/1.1" 404 1215 "http://eskijuva-bozori.uz/shops/quiescing/k9n1o9c2k0a6b8o1u1t47" "Mozilla/5.0 AppleWebKit/537.36 (KHTML, like Gecko; compatible; ClaudeBot/1.0; +claudebot@anthropic.com)"
216.73.216.20 - - [24/Aug/2026:23:33:03 +0500] "GET /uz/?r=m9u8m0p9e1d56468&start=8 HTTP/1.1" 200 67525 "-" "Mozilla/5.0 AppleWebKit/537.36 (KHTML, like Gecko; compatible; ClaudeBot/1.0; +claudebot@anthropic.com)"
216.73.216.20 - - [24/Aug/2026:23:33:29 +0500] "GET /shops/unsweat/s9o2m0a1t4o2c7y5s0t18 HTTP/1.1" 301 - "-" "Mozilla/5.0 AppleWebKit/537.36 (KHTML, like Gecko; compatible; ClaudeBot/1.0; +claudebot@anthropic.com)"
216.73.216.20 - - [24/Aug/2026:23:33:33 +0500] "GET /shops/bitterwood/e9p9i0g5a8s1t9r2i3c5 HTTP/1.1" 301 - "-" "Mozilla/5.0 AppleWebKit/537.36 (KHTML, like Gecko; compatible; ClaudeBot/1.0; +claudebot@anthropic.com)"
216.73.216.20 - - [24/Aug/2026:23:33:41 +0500] "GET /uz/shops/bitterwood/e9p9i0g5a8s1t9r2i3c5 HTTP/1.1" 508 288 "http://eskijuva-bozori.uz/shops/bitterwood/e9p9i0g5a8s1t9r2i3c5" "Mozilla/5.0 AppleWebKit/537.36 (KHTML, like Gecko; compatible; ClaudeBot/1.0; +claudebot@anthropic.com)"
216.73.216.20 - - [24/Aug/2026:23:33:35 +0500] "GET /uz/shops/unsweat/s9o2m0a1t4o2c7y5s0t18 HTTP/1.1" 404 1215 "http://eskijuva-bozori.uz/shops/unsweat/s9o2m0a1t4o2c7y5s0t18" "Mozilla/5.0 AppleWebKit/537.36 (KHTML, like Gecko; compatible; ClaudeBot/1.0; +claudebot@anthropic.com)"
85.208.96.206 - - [24/Aug/2026:23:33:45 +0500] "GET /uz/?function=call_user_func_array&s=index%2Fthinkapp%2Finvokefunction&start=20&vars%5B0%5D=phpinfo HTTP/1.1" 200 68418 "-" "Mozilla/5.0 (compatible; SemrushBot/7~bl; +http://www.semrush.com/bot.html)"
216.73.216.20 - - [24/Aug/2026:23:33:55 +0500] "GET /shops/oppressure/t9u8b4u3l8i5d8e7n1t7ate HTTP/1.1" 301 - "-" "Mozilla/5.0 AppleWebKit/537.36 (KHTML, like Gecko; compatible; ClaudeBot/1.0; +claudebot@anthropic.com)"
216.73.216.20 - - [24/Aug/2026:23:34:02 +0500] "GET /uz/shops/oppressure/t9u8b4u3l8i5d8e7n1t7ate HTTP/1.1" 404 1215 "http://eskijuva-bozori.uz/shops/oppressure/t9u8b4u3l8i5d8e7n1t7ate" "Mozilla/5.0 AppleWebKit/537.36 (KHTML, like Gecko; compatible; ClaudeBot/1.0; +claudebot@anthropic.com)"
216.73.216.20 - - [24/Aug/2026:23:34:19 +0500] "GET /uz/?r=a9e4s1t7r7e4l8a0t1a98&start=4 HTTP/1.1" 200 67940 "-" "Mozilla/5.0 AppleWebKit/537.36 (KHTML, like Gecko; compatible; ClaudeBot/1.0; +claudebot@anthropic.com)"
43.157.38.131 - - [24/Aug/2026:23:34:21 +0500] "GET /uz/officially-uzb/certificates-uzb HTTP/1.1" 200 56317 "-" "Mozilla/5.0 (iPhone; CPU iPhone OS 13_2_3 like Mac OS X) AppleWebKit/605.1.15 (KHTML, like Gecko) Version/13.0.3 Mobile/15E148 Safari/604.1"
34.61.96.6 - - [24/Aug/2026:23:34:24 +0500] "GET /ru/component/search/?Itemid=128&catid=34&format=opensearch&id=470 HTTP/1.1" 200 770 "-" "Mozilla/5.0 (Macintosh; Intel Mac OS X 10_15_7) AppleWebKit/537.36 (KHTML, like Gecko) Chrome/120.0.0.0 Safari/537.36"
216.73.216.20 - - [24/Aug/2026:23:34:39 +0500] "GET /uz/?r=r4i1b1o2s9e478229&start=52 HTTP/1.1" 200 71389 "-" "Mozilla/5.0 AppleWebKit/537.36 (KHTML, like Gecko; compatible; ClaudeBot/1.0; +claudebot@anthropic.com)"
116.179.32.83 - - [24/Aug/2026:23:34:54 +0500] "GET /uz/about-org-uzb/strategy-uzb/247-bussiness-plan-2019-uzb HTTP/1.1" 200 57385 "-" "Mozilla/5.0 (compatible; Baiduspider/2.0; +http://www.baidu.com/search/spider.html)"
116.179.37.182 - - [24/Aug/2026:23:35:09 +0500] "GET /media/aridocsviewer/pdfjs/web/viewer.html?file=http%3A%2F%2Feskijuva-bozori.uz%2Fdocs%2Fbiznes-plan-2019-eskijuva.pdf HTTP/1.1" 200 19712 "http://eskijuva-bozori.uz/uz/about-org-uzb/strategy-uzb/247-bussiness-plan-2019-uzb" "Mozilla/5.0 (compatible; Baiduspider-render/2.0; +http://www.baidu.com/search/spider.html)"
116.179.37.214 - - [24/Aug/2026:23:35:10 +0500] "GET /media/aridocsviewer/pdfjs/web/locale/locale.properties HTTP/1.1" 200 4314 "http://eskijuva-bozori.uz/media/aridocsviewer/pdfjs/web/viewer.html?file=http%3A%2F%2Feskijuva-bozori.uz%2Fdocs%2Fbiznes-plan-2019-eskijuva.pdf" "Mozilla/5.0 (compatible; Baiduspider-render/2.0; +http://www.baidu.com/search/spider.html)"
216.73.216.20 - - [24/Aug/2026:23:35:03 +0500] "GET /uz/?r=r4i1b1o2s9e478229&start=8 HTTP/1.1" 200 67526 "-" "Mozilla/5.0 AppleWebKit/537.36 (KHTML, like Gecko; compatible; ClaudeBot/1.0; +claudebot@anthropic.com)"
116.179.37.217 - - [24/Aug/2026:23:35:10 +0500] "GET /media/aridocsviewer/pdfjs/build/pdf.worker.js HTTP/1.1" 200 594240 "http://eskijuva-bozori.uz/media/aridocsviewer/pdfjs/web/viewer.html?file=http%3A%2F%2Feskijuva-bozori.uz%2Fdocs%2Fbiznes-plan-2019-eskijuva.pdf" "Mozilla/5.0 (compatible; Baiduspider-render/2.0; +http://www.baidu.com/search/spider.html)"
116.179.37.220 - - [24/Aug/2026:23:35:12 +0500] "GET /docs/biznes-plan-2019-eskijuva.pdf HTTP/1.1" 200 209205 "http://eskijuva-bozori.uz/media/aridocsviewer/pdfjs/build/pdf.worker.js" "Mozilla/5.0 (compatible; Baiduspider-render/2.0; +http://www.baidu.com/search/spider.html)"
116.179.37.238 - - [24/Aug/2026:23:35:14 +0500] "GET /docs/biznes-plan-2019-eskijuva.pdf HTTP/1.1" 206 65536 "http://eskijuva-bozori.uz/media/aridocsviewer/pdfjs/build/pdf.worker.js" "Mozilla/5.0 (compatible; Baiduspider-render/2.0; +http://www.baidu.com/search/spider.html)"
116.179.37.14 - - [24/Aug/2026:23:35:16 +0500] "GET /docs/biznes-plan-2019-eskijuva.pdf HTTP/1.1" 206 12597 "http://eskijuva-bozori.uz/media/aridocsviewer/pdfjs/build/pdf.worker.js" "Mozilla/5.0 (compatible; Baiduspider-render/2.0; +http://www.baidu.com/search/spider.html)"
116.179.37.122 - - [24/Aug/2026:23:35:16 +0500] "GET /docs/biznes-plan-2019-eskijuva.pdf HTTP/1.1" 206 65536 "http://eskijuva-bozori.uz/media/aridocsviewer/pdfjs/build/pdf.worker.js" "Mozilla/5.0 (compatible; Baiduspider-render/2.0; +http://www.baidu.com/search/spider.html)"
116.179.37.106 - - [24/Aug/2026:23:35:11 +0500] "GET /media/aridocsviewer/pdfjs/web/locale/zh-CN/viewer.properties HTTP/1.1" 301 - "http://eskijuva-bozori.uz/media/aridocsviewer/pdfjs/web/viewer.html?file=http%3A%2F%2Feskijuva-bozori.uz%2Fdocs%2Fbiznes-plan-2019-eskijuva.pdf" "Mozilla/5.0 (compatible; Baiduspider-render/2.0; +http://www.baidu.com/search/spider.html)"
216.73.216.20 - - [24/Aug/2026:23:35:10 +0500] "GET /uz/?r=a9c4c1e0p9t4i0n0g44&start=40 HTTP/1.1" 200 68584 "-" "Mozilla/5.0 AppleWebKit/537.36 (KHTML, like Gecko; compatible; ClaudeBot/1.0; +claudebot@anthropic.com)"
116.179.37.220 - - [24/Aug/2026:23:35:18 +0500] "GET /uz/media/aridocsviewer/pdfjs/web/locale/zh-CN/viewer.properties HTTP/1.1" 404 1215 "http://eskijuva-bozori.uz/media/aridocsviewer/pdfjs/web/viewer.html?file=http%3A%2F%2Feskijuva-bozori.uz%2Fdocs%2Fbiznes-plan-2019-eskijuva.pdf" "Mozilla/5.0 (compatible; Baiduspider-render/2.0; +http://www.baidu.com/search/spider.html)"
216.73.216.20 - - [24/Aug/2026:23:35:34 +0500] "GET /uz/?r=h9y9d0r0a0u1l8i3c6a4l&start=24 HTTP/1.1" 200 67686 "-" "Mozilla/5.0 AppleWebKit/537.36 (KHTML, like Gecko; compatible; ClaudeBot/1.0; +claudebot@anthropic.com)"
216.73.216.20 - - [24/Aug/2026:23:35:58 +0500] "GET /uz/?r=h9y9d0r0a0u1l8i3c6a4l&start=28 HTTP/1.1" 200 68255 "-" "Mozilla/5.0 AppleWebKit/537.36 (KHTML, like Gecko; compatible; ClaudeBot/1.0; +claudebot@anthropic.com)"
185.191.171.10 - - [24/Aug/2026:23:36:21 +0500] "GET /robots.txt HTTP/1.1" 200 111 "-" "Mozilla/5.0 (compatible; SemrushBot/7~bl; +http://www.semrush.com/bot.html)"
216.73.216.20 - - [24/Aug/2026:23:36:23 +0500] "GET /uz/?r=a9c4c1e0p9t4i0n0g44&start=36 HTTP/1.1" 200 70585 "-" "Mozilla/5.0 AppleWebKit/537.36 (KHTML, like Gecko; compatible; ClaudeBot/1.0; +claudebot@anthropic.com)"
185.191.171.9 - - [24/Aug/2026:23:36:25 +0500] "GET /uz/news-uzb/241-e-lon-10-09-18 HTTP/1.1" 200 57413 "-" "Mozilla/5.0 (compatible; SemrushBot/7~bl; +http://www.semrush.com/bot.html)"
47.254.47.156 - - [24/Aug/2026:23:37:30 +0500] "GET / HTTP/1.1" 301 - "-" "Mozilla/5.0 (iPhone; CPU iPhone OS 13_2_3 like Mac OS X) AppleWebKit/605.1.15 (KHTML, like Gecko) Version/13.0.3 Mobile/15E148 Safari/604.1"
85.208.96.208 - - [24/Aug/2026:23:37:31 +0500] "GET /uz/audit-uzb/12-uzbek/about-org-uzb?start=10 HTTP/1.1" 200 63884 "-" "Mozilla/5.0 (compatible; SemrushBot/7~bl; +http://www.semrush.com/bot.html)"
47.254.47.156 - - [24/Aug/2026:23:37:36 +0500] "GET /uz/ HTTP/1.1" 200 68510 "http://mail.eskijuva-bozori.uz" "Mozilla/5.0 (iPhone; CPU iPhone OS 13_2_3 like Mac OS X) AppleWebKit/605.1.15 (KHTML, like Gecko) Version/13.0.3 Mobile/15E148 Safari/604.1"
185.191.171.16 - - [24/Aug/2026:23:38:37 +0500] "GET /uz/?function=call_user_func_array&s=index%2Fthinkapp%2Finvokefunction&start=8&vars%5B0%5D=phpinfo&vars%5B1%5D%5B0%5D=1 HTTP/1.1" 200 67821 "-" "Mozilla/5.0 (compatible; SemrushBot/7~bl; +http://www.semrush.com/bot.html)"
85.208.96.207 - - [24/Aug/2026:23:38:53 +0500] "GET /uz/?amp%3Bstart=4&ismobile=1&start=40 HTTP/1.1" 200 68619 "-" "Mozilla/5.0 (compatible; SemrushBot/7~bl; +http://www.semrush.com/bot.html)"
85.208.96.202 - - [24/Aug/2026:23:39:36 +0500] "GET /ru/facts-rus/468-sush-fakt-25-24-05-2025-pdf HTTP/1.1" 200 56068 "-" "Mozilla/5.0 (compatible; SemrushBot/7~bl; +http://www.semrush.com/bot.html)"
185.191.171.3 - - [24/Aug/2026:23:39:49 +0500] "GET /uz/info-for-shareholders-uzb/345-dividend-2020 HTTP/1.1" 200 58807 "-" "Mozilla/5.0 (compatible; SemrushBot/7~bl; +http://www.semrush.com/bot.html)"
185.191.171.1 - - [24/Aug/2026:23:40:51 +0500] "GET /uz/?function=call_user_func_array&start=44&vars%5B0%5D=phpinfo HTTP/1.1" 200 76201 "-" "Mozilla/5.0 (compatible; SemrushBot/7~bl; +http://www.semrush.com/bot.html)"
216.73.216.20 - - [24/Aug/2026:23:42:20 +0500] "GET /uz/component/search/?Itemid=117&format=opensearch&r=e9n1l5i5s2t6e2d8959 HTTP/1.1" 200 756 "-" "Mozilla/5.0 AppleWebKit/537.36 (KHTML, like Gecko; compatible; ClaudeBot/1.0; +claudebot@anthropic.com)"
123.25.63.130 - - [24/Aug/2026:23:42:36 +0500] "GET /filefuns.php HTTP/1.1" 200 8 "-" "Mozlila/5.0 (Linux; Android 7.0; SM-G892A Bulid/NRD90M; wv) AppleWebKit/537.36 (KHTML, like Gecko) Version/4.0 Chrome/60.0.3112.107 Moblie Safari/537.36"
34.171.68.95 - - [24/Aug/2026:23:42:49 +0500] "GET /ru/component/search/?Itemid=128&catid=34&format=opensearch&id=79 HTTP/1.1" 200 769 "-" "Mozilla/5.0 (Macintosh; Intel Mac OS X 10_15_7) AppleWebKit/537.36 (KHTML, like Gecko) Chrome/120.0.0.0 Safari/537.36"
34.206.249.188 - - [24/Aug/2026:23:43:35 +0500] "GET /docs/2026/biznes-plan-2026-ej.pdf HTTP/1.1" 304 - "-" "Mozilla/5.0 AppleWebKit/537.36 (KHTML, like Gecko; compatible; Amazonbot/0.1; +https://developer.amazon.com/support/amazonbot) Chrome/119.0.6045.214 Safari/537.36"
152.70.156.225 - - [24/Aug/2026:23:44:01 +0500] "GET /ru/votes-rus?template=accessibility HTTP/1.1" 200 15901 "-" "Mozilla/5.0 (X11; Linux aarch64) AppleWebKit/537.36 (KHTML, like Gecko) Chrome/139.0.0.0 Safari/537.36"
152.70.156.225 - - [24/Aug/2026:23:44:05 +0500] "GET /ru/votes-rus?template=accessibility HTTP/1.1" 200 15601 "-" "Mozilla/5.0 (X11; Linux aarch64) AppleWebKit/537.36 (KHTML, like Gecko) Chrome/139.0.0.0 Safari/537.36"
162.62.213.165 - - [24/Aug/2026:23:44:45 +0500] "GET /uz/about-org-uzb/structure-uzb HTTP/1.1" 200 55930 "-" "Mozilla/5.0 (iPhone; CPU iPhone OS 13_2_3 like Mac OS X) AppleWebKit/605.1.15 (KHTML, like Gecko) Version/13.0.3 Mobile/15E148 Safari/604.1"
198.244.183.210 - - [24/Aug/2026:23:44:57 +0500] "GET /uz/ HTTP/1.1" 508 288 "-" "Mozilla/5.0 (compatible; AhrefsBot/7.0; +http://ahrefs.com/robot/)"
34.171.68.95 - - [24/Aug/2026:23:44:54 +0500] "GET /ru/?format=feed&type=rss HTTP/1.1" 200 6021 "-" "Mozilla/5.0 (Macintosh; Intel Mac OS X 10_15_7) AppleWebKit/537.36 (KHTML, like Gecko) Chrome/120.0.0.0 Safari/537.36"
100.28.118.16 - - [24/Aug/2026:23:46:45 +0500] "GET /uz/?function=call_user_func_array&s=index/thinkapp/invokefunction&start=20&vars[0]=phpinfo HTTP/1.1" 200 67970 "-" "Mozilla/5.0 AppleWebKit/537.36 (KHTML, like Gecko; compatible; Amazonbot/0.1; +https://developer.amazon.com/support/amazonbot) Chrome/119.0.6045.214 Safari/537.36"
34.123.149.87 - - [24/Aug/2026:23:50:18 +0500] "GET /ru/info-for-shareholders-rus/206-performance-indicators-3-kvartal-2017 HTTP/1.1" 200 59079 "-" "Mozilla/5.0 (Macintosh; Intel Mac OS X 10_15_7) AppleWebKit/537.36 (KHTML, like Gecko) Chrome/120.0.0.0 Safari/537.36"
34.123.149.87 - - [24/Aug/2026:23:51:05 +0500] "GET /uz/officially-uzb/certificates-uzb?template=accessibility HTTP/1.1" 200 26305 "-" "Mozilla/5.0 (Macintosh; Intel Mac OS X 10_15_7) AppleWebKit/537.36 (KHTML, like Gecko) Chrome/120.0.0.0 Safari/537.36"
34.10.180.98 - - [24/Aug/2026:23:51:48 +0500] "GET /ru/about-org-rus/structure-rus/15-russian/officially-rus?format=feed&type=atom HTTP/1.1" 200 17482 "-" "Mozilla/5.0 (Macintosh; Intel Mac OS X 10_15_7) AppleWebKit/537.36 (KHTML, like Gecko) Chrome/120.0.0.0 Safari/537.36"
185.191.171.2 - - [24/Aug/2026:23:52:07 +0500] "GET /uz/?Command=NOOP&start=8 HTTP/1.1" 508 288 "-" "Mozilla/5.0 (compatible; SemrushBot/7~bl; +http://www.semrush.com/bot.html)"
147.224.252.88 - - [24/Aug/2026:23:52:13 +0500] "GET /ru/votes-rus/352-poll-31-03-2022 HTTP/1.1" 200 15980 "-" "Mozilla/5.0 (X11; Linux aarch64) AppleWebKit/537.36 (KHTML, like Gecko) Chrome/139.0.0.0 Safari/537.36"
147.224.252.88 - - [24/Aug/2026:23:52:16 +0500] "GET /ru/votes-rus/352-poll-31-03-2022 HTTP/1.1" 200 - "-" "Mozilla/5.0 (X11; Linux aarch64) AppleWebKit/537.36 (KHTML, like Gecko) Chrome/139.0.0.0 Safari/537.36"
185.191.171.17 - - [24/Aug/2026:23:52:19 +0500] "GET /uz/officially-uzb/norm-baza-uzb/10-uzbek HTTP/1.1" 200 106150 "-" "Mozilla/5.0 (compatible; SemrushBot/7~bl; +http://www.semrush.com/bot.html)"
43.157.174.69 - - [24/Aug/2026:23:53:03 +0500] "GET /uz/contacts-uzb HTTP/1.1" 200 64361 "-" "Mozilla/5.0 (iPhone; CPU iPhone OS 13_2_3 like Mac OS X) AppleWebKit/605.1.15 (KHTML, like Gecko) Version/13.0.3 Mobile/15E148 Safari/604.1"
18.232.11.247 - - [24/Aug/2026:23:53:13 +0500] "GET /ru/news-rus HTTP/1.1" 200 60052 "-" "Mozilla/5.0 AppleWebKit/537.36 (KHTML, like Gecko; compatible; Amazonbot/0.1; +https://developer.amazon.com/support/amazonbot) Chrome/119.0.6045.214 Safari/537.36"
185.191.171.18 - - [24/Aug/2026:23:54:35 +0500] "GET /uz/?amp%3Bstart=4&start=4 HTTP/1.1" 200 67987 "-" "Mozilla/5.0 (compatible; SemrushBot/7~bl; +http://www.semrush.com/bot.html)"
34.56.53.225 - - [24/Aug/2026:23:55:26 +0500] "GET /uz/?rest_route=/wqc/v1/query&start=20 HTTP/1.1" 200 68216 "-" "Mozilla/5.0 (Macintosh; Intel Mac OS X 10_15_7) AppleWebKit/537.36 (KHTML, like Gecko) Chrome/120.0.0.0 Safari/537.36"
34.56.53.225 - - [24/Aug/2026:23:56:19 +0500] "GET /ru/officially-rus/ustav-rus?template=accessibility HTTP/1.1" 200 30501 "-" "Mozilla/5.0 (Macintosh; Intel Mac OS X 10_15_7) AppleWebKit/537.36 (KHTML, like Gecko) Chrome/120.0.0.0 Safari/537.36"
185.191.171.5 - - [24/Aug/2026:23:57:09 +0500] "GET /ru/prospectus-rus/77-emission-25-05-15-rus HTTP/1.1" 200 55399 "-" "Mozilla/5.0 (compatible; SemrushBot/7~bl; +http://www.semrush.com/bot.html)"
142.93.246.133 - - [24/Aug/2026:23:57:44 +0500] "GET /.git/config HTTP/1.1" 301 - "-" "Mozilla/5.0 (X11; Linux x86_64) AppleWebKit/537.36 (KHTML, like Gecko) Chrome/81.0.4044.129 Safari/537.36"
98.82.214.73 - - [24/Aug/2026:23:57:53 +0500] "GET /uz/about-org-uzb/indexes-uzb/70-emitentning-2014-jil-yakunlari-b-jicha-jillik-isoboti HTTP/1.1" 200 67448 "-" "Mozilla/5.0 AppleWebKit/537.36 (KHTML, like Gecko; compatible; Amazonbot/0.1; +https://developer.amazon.com/support/amazonbot) Chrome/119.0.6045.214 Safari/537.36"
34.10.180.98 - - [24/Aug/2026:23:58:43 +0500] "GET /ru/votes-rus/123-poll-28-06-16 HTTP/1.1" 200 55121 "-" "Mozilla/5.0 (Macintosh; Intel Mac OS X 10_15_7) AppleWebKit/537.36 (KHTML, like Gecko) Chrome/120.0.0.0 Safari/537.36"
34.56.53.225 - - [24/Aug/2026:23:59:19 +0500] "GET /docs/2019/sush_fakt-06-25.04.2019.docx HTTP/1.1" 200 38514 "-" "Mozilla/5.0 (Macintosh; Intel Mac OS X 10_15_7) AppleWebKit/537.36 (KHTML, like Gecko) Chrome/120.0.0.0 Safari/537.36"
3.217.171.106 - - [25/Aug/2026:00:00:08 +0500] "GET /uz/?amp&start=40 HTTP/1.1" 200 68722 "-" "Mozilla/5.0 AppleWebKit/537.36 (KHTML, like Gecko; compatible; Amazonbot/0.1; +https://developer.amazon.com/support/amazonbot) Chrome/119.0.6045.214 Safari/537.36"
34.56.53.225 - - [25/Aug/2026:00:01:31 +0500] "GET /uz/about-org-uzb/strategy-uzb/10-uzbek?start=60 HTTP/1.1" 200 66113 "-" "Mozilla/5.0 (Macintosh; Intel Mac OS X 10_15_7) AppleWebKit/537.36 (KHTML, like Gecko) Chrome/120.0.0.0 Safari/537.36"
85.208.96.205 - - [25/Aug/2026:00:03:17 +0500] "GET /ru/9-russian?start=28 HTTP/1.1" 508 288 "-" "Mozilla/5.0 (compatible; SemrushBot/7~bl; +http://www.semrush.com/bot.html)"
129.146.7.72 - - [25/Aug/2026:00:03:34 +0500] "GET /ru/facts-rus?start=15&template=yoo_master2 HTTP/1.1" 200 8000 "-" "Mozilla/5.0 (X11; Linux aarch64) AppleWebKit/537.36 (KHTML, like Gecko) Chrome/139.0.0.0 Safari/537.36"
129.146.7.72 - - [25/Aug/2026:00:03:37 +0500] "GET /ru/facts-rus?start=15&template=yoo_master2 HTTP/1.1" 200 15855 "-" "Mozilla/5.0 (X11; Linux aarch64) AppleWebKit/537.36 (KHTML, like Gecko) Chrome/139.0.0.0 Safari/537.36"
34.171.68.95 - - [25/Aug/2026:00:03:41 +0500] "GET /uz/about-org-uzb/general-info-uzb?template=yoo_master2 HTTP/1.1" 200 64634 "-" "Mozilla/5.0 (Macintosh; Intel Mac OS X 10_15_7) AppleWebKit/537.36 (KHTML, like Gecko) Chrome/120.0.0.0 Safari/537.36"
34.61.96.6 - - [25/Aug/2026:00:03:55 +0500] "GET /uz/?function=call_user_func_array&start=52 HTTP/1.1" 508 288 "-" "Mozilla/5.0 (Macintosh; Intel Mac OS X 10_15_7) AppleWebKit/537.36 (KHTML, like Gecko) Chrome/120.0.0.0 Safari/537.36"
216.244.66.202 - - [25/Aug/2026:00:04:03 +0500] "GET /ru/audit-rus?template=accessibility&start=10 HTTP/1.1" 200 27891 "-" "Mozilla/5.0 (compatible; DotBot/1.2; +https://opensiteexplorer.org/dotbot; help@moz.com)"
34.10.180.98 - - [25/Aug/2026:00:04:19 +0500] "GET /uz/?format=feed&template=eskijuva&type=rss HTTP/1.1" 200 5805 "-" "Mozilla/5.0 (Macintosh; Intel Mac OS X 10_15_7) AppleWebKit/537.36 (KHTML, like Gecko) Chrome/120.0.0.0 Safari/537.36"
34.171.68.95 - - [25/Aug/2026:00:04:30 +0500] "GET /uz/?rest_route=/batch/v1&start=24 HTTP/1.1" 200 68137 "-" "Mozilla/5.0 (Macintosh; Intel Mac OS X 10_15_7) AppleWebKit/537.36 (KHTML, like Gecko) Chrome/120.0.0.0 Safari/537.36"
85.208.96.198 - - [25/Aug/2026:00:04:34 +0500] "GET /uz/?r=s9w4e2r6v3e6d65080&start=8 HTTP/1.1" 200 67590 "-" "Mozilla/5.0 (compatible; SemrushBot/7~bl; +http://www.semrush.com/bot.html)"
185.191.171.7 - - [25/Aug/2026:00:05:04 +0500] "GET /ru/affil-rus?template=accessibility HTTP/1.1" 200 25036 "-" "Mozilla/5.0 (compatible; SemrushBot/7~bl; +http://www.semrush.com/bot.html)"
34.61.96.6 - - [25/Aug/2026:00:05:30 +0500] "GET /uz/facts-uzb/407-sush-fakt-32-31-03-2023 HTTP/1.1" 200 56782 "-" "Mozilla/5.0 (Macintosh; Intel Mac OS X 10_15_7) AppleWebKit/537.36 (KHTML, like Gecko) Chrome/120.0.0.0 Safari/537.36"
220.181.108.104 - - [25/Aug/2026:00:05:31 +0500] "GET /ru/votes-rus/100-poll-18-06-15 HTTP/1.1" 200 58640 "-" "Mozilla/5.0 (compatible; Baiduspider/2.0; +http://www.baidu.com/search/spider.html)"
170.106.163.84 - - [25/Aug/2026:00:05:51 +0500] "GET /uz/officially-uzb/certificates-uzb HTTP/1.1" 200 57026 "-" "Mozilla/5.0 (iPhone; CPU iPhone OS 13_2_3 like Mac OS X) AppleWebKit/605.1.15 (KHTML, like Gecko) Version/13.0.3 Mobile/15E148 Safari/604.1"
196.247.225.167 - - [25/Aug/2026:00:06:15 +0500] "GET / HTTP/1.1" 301 - "-" "Mozilla/5.0 (X11; Linux x86_64) AppleWebKit/537.36 (KHTML, like Gecko) Chrome/129.0.0.0 Safari/537.36"
196.247.225.167 - - [25/Aug/2026:00:06:24 +0500] "GET /uz/ HTTP/1.1" 200 68755 "http://eskijuva-bozori.uz.uzbekgidroenergoqurilish.uz" "Mozilla/5.0 (X11; Linux x86_64) AppleWebKit/537.36 (KHTML, like Gecko) Chrome/129.0.0.0 Safari/537.36"
196.247.225.167 - - [25/Aug/2026:00:06:36 +0500] "GET /index.php?option=com_easyblog&view=dashboard&layout=write HTTP/1.1" 301 - "http://eskijuva-bozori.uz.uzbekgidroenergoqurilish.uz/uz/" "Mozilla/5.0 (X11; Linux x86_64) AppleWebKit/537.36 (KHTML, like Gecko) Chrome/129.0.0.0 Safari/537.36"
196.247.225.167 - - [25/Aug/2026:00:06:45 +0500] "GET /uz/?option=com_easyblog&view=dashboard&layout=write HTTP/1.1" 404 1243 "http://eskijuva-bozori.uz.uzbekgidroenergoqurilish.uz/index.php?option=com_easyblog&view=dashboard&layout=write" "Mozilla/5.0 (X11; Linux x86_64) AppleWebKit/537.36 (KHTML, like Gecko) Chrome/129.0.0.0 Safari/537.36"
185.191.171.9 - - [25/Aug/2026:00:07:06 +0500] "GET /robots.txt HTTP/1.1" 200 111 "-" "Mozilla/5.0 (compatible; SemrushBot/7~bl; +http://www.semrush.com/bot.html)"
34.56.53.225 - - [25/Aug/2026:00:07:15 +0500] "GET /media/aridocsviewer/pdfjs/web/viewer.html?file=http://mail.eskijuva-bozori.uz/docs/bussiness-plan-2017.pdf HTTP/1.1" 200 19712 "-" "Mozilla/5.0 (Macintosh; Intel Mac OS X 10_15_7) AppleWebKit/537.36 (KHTML, like Gecko) Chrome/120.0.0.0 Safari/537.36"
85.208.96.199 - - [25/Aug/2026:00:07:06 +0500] "GET /ru/facts-rus?ismobile=1 HTTP/1.1" 200 66692 "-" "Mozilla/5.0 (compatible; SemrushBot/7~bl; +http://www.semrush.com/bot.html)"
34.10.180.98 - - [25/Aug/2026:00:08:24 +0500] "GET /docs/2022/balans-1-2-2022.xls HTTP/1.1" 200 70144 "-" "Mozilla/5.0 (Macintosh; Intel Mac OS X 10_15_7) AppleWebKit/537.36 (KHTML, like Gecko) Chrome/120.0.0.0 Safari/537.36"
54.208.198.119 - - [25/Aug/2026:00:08:53 +0500] "GET / HTTP/1.1" 301 - "-" "Mozilla/5.0 (Windows NT 10.0; Win64; x64) AppleWebKit/537.36 (KHTML, like Gecko) Chrome/81.0.4044.122 Safari/537.36"
54.208.198.119 - - [25/Aug/2026:00:09:00 +0500] "GET /uz/ HTTP/1.1" 200 68795 "-" "Mozilla/5.0 (Windows NT 10.0; Win64; x64) AppleWebKit/537.36 (KHTML, like Gecko) Chrome/81.0.4044.122 Safari/537.36"
185.191.171.12 - - [25/Aug/2026:00:09:14 +0500] "GET /ru/officially-rus/tenders-rus/330-vacancy-director-2021-uzb HTTP/1.1" 200 60374 "-" "Mozilla/5.0 (compatible; SemrushBot/7~bl; +http://www.semrush.com/bot.html)"
185.191.171.17 - - [25/Aug/2026:00:09:16 +0500] "GET /uz/?start=24&vars%5B0%5D=phpinfo&vars%5B1%5D%5B0%5D=1 HTTP/1.1" 200 68412 "-" "Mozilla/5.0 (compatible; SemrushBot/7~bl; +http://www.semrush.com/bot.html)"
85.208.96.209 - - [25/Aug/2026:00:09:29 +0500] "GET /uz/?function=call_user_func_array&start=12&vars%5B0%5D=phpinfo HTTP/1.1" 200 68474 "-" "Mozilla/5.0 (compatible; SemrushBot/7~bl; +http://www.semrush.com/bot.html)"
34.61.96.6 - - [25/Aug/2026:00:10:21 +0500] "GET /ru/audit-rus?start=10&template=accessibility HTTP/1.1" 200 27405 "-" "Mozilla/5.0 (Macintosh; Intel Mac OS X 10_15_7) AppleWebKit/537.36 (KHTML, like Gecko) Chrome/120.0.0.0 Safari/537.36"
34.10.180.98 - - [25/Aug/2026:00:10:26 +0500] "GET /ru/facts-rus?start=60&template=yoo_master2 HTTP/1.1" 200 67390 "-" "Mozilla/5.0 (Macintosh; Intel Mac OS X 10_15_7) AppleWebKit/537.36 (KHTML, like Gecko) Chrome/120.0.0.0 Safari/537.36"
34.171.68.95 - - [25/Aug/2026:00:10:37 +0500] "GET /uz/?_cb=5635810879191327036&format=feed&type=rss HTTP/1.1" 200 5811 "-" "Mozilla/5.0 (Macintosh; Intel Mac OS X 10_15_7) AppleWebKit/537.36 (KHTML, like Gecko) Chrome/120.0.0.0 Safari/537.36"
185.191.171.5 - - [25/Aug/2026:00:10:49 +0500] "GET /uz/?r=v9e1n3t3r2a6d17099&start=8 HTTP/1.1" 200 67617 "-" "Mozilla/5.0 (compatible; SemrushBot/7~bl; +http://www.semrush.com/bot.html)"
34.10.180.98 - - [25/Aug/2026:00:10:53 +0500] "GET /ru/korp-upr-rus?format=feed&template=accessibility&type=rss HTTP/1.1" 200 10200 "-" "Mozilla/5.0 (Macintosh; Intel Mac OS X 10_15_7) AppleWebKit/537.36 (KHTML, like Gecko) Chrome/120.0.0.0 Safari/537.36"
192.178.7.130 - - [25/Aug/2026:00:11:03 +0500] "GET /images/polls/15-11-16/02.jpg HTTP/1.1" 304 - "-" "Googlebot-Image/1.0"
216.73.216.20 - - [25/Aug/2026:00:11:04 +0500] "GET /shops/heloderma/i9m2p2e9r2v2i6o4u2s4n0ess HTTP/1.1" 301 - "-" "Mozilla/5.0 AppleWebKit/537.36 (KHTML, like Gecko; compatible; ClaudeBot/1.0; +claudebot@anthropic.com)"
34.171.68.95 - - [25/Aug/2026:00:11:11 +0500] "GET /docs/2024/bayon_osa-01.04.2024.pdf HTTP/1.1" 200 2137594 "-" "Mozilla/5.0 (Macintosh; Intel Mac OS X 10_15_7) AppleWebKit/537.36 (KHTML, like Gecko) Chrome/120.0.0.0 Safari/537.36"
216.73.216.20 - - [25/Aug/2026:00:11:16 +0500] "GET /?r=k9e1l2o7i2d120397 HTTP/1.1" 508 288 "-" "Mozilla/5.0 AppleWebKit/537.36 (KHTML, like Gecko; compatible; ClaudeBot/1.0; +claudebot@anthropic.com)"
216.73.216.20 - - [25/Aug/2026:00:11:11 +0500] "GET /uz/shops/heloderma/i9m2p2e9r2v2i6o4u2s4n0ess HTTP/1.1" 404 1215 "http://eskijuva-bozori.uz/shops/heloderma/i9m2p2e9r2v2i6o4u2s4n0ess" "Mozilla/5.0 AppleWebKit/537.36 (KHTML, like Gecko; compatible; ClaudeBot/1.0; +claudebot@anthropic.com)"
216.73.216.20 - - [25/Aug/2026:00:11:21 +0500] "GET /shops/sterilized/a9d2f7e6c2t2e6d6542 HTTP/1.1" 301 - "-" "Mozilla/5.0 AppleWebKit/537.36 (KHTML, like Gecko; compatible; ClaudeBot/1.0; +claudebot@anthropic.com)"
216.73.216.20 - - [25/Aug/2026:00:11:29 +0500] "GET /uz/shops/sterilized/a9d2f7e6c2t2e6d6542 HTTP/1.1" 404 1215 "http://eskijuva-bozori.uz/shops/sterilized/a9d2f7e6c2t2e6d6542" "Mozilla/5.0 AppleWebKit/537.36 (KHTML, like Gecko; compatible; ClaudeBot/1.0; +claudebot@anthropic.com)"
216.73.216.20 - - [25/Aug/2026:00:11:37 +0500] "GET /decked/c9h2a7r1g4e6s77306 HTTP/1.1" 301 - "-" "Mozilla/5.0 AppleWebKit/537.36 (KHTML, like Gecko; compatible; ClaudeBot/1.0; +claudebot@anthropic.com)"
216.73.216.20 - - [25/Aug/2026:00:11:51 +0500] "GET /shops/queue/s9c9a9l1p613367 HTTP/1.1" 508 288 "-" "Mozilla/5.0 AppleWebKit/537.36 (KHTML, like Gecko; compatible; ClaudeBot/1.0; +claudebot@anthropic.com)"
216.73.216.20 - - [25/Aug/2026:00:11:45 +0500] "GET /uz/decked/c9h2a7r1g4e6s77306 HTTP/1.1" 404 1215 "http://eskijuva-bozori.uz/decked/c9h2a7r1g4e6s77306" "Mozilla/5.0 AppleWebKit/537.36 (KHTML, like Gecko; compatible; ClaudeBot/1.0; +claudebot@anthropic.com)"
185.191.171.6 - - [25/Aug/2026:00:12:02 +0500] "GET /uz/?function=call_user_func_array&s=index%2Fthink%5C%5C%5C%5C%5C%5C%5C%5C%5C%5C%5C%5C%5C%5C%5C%5C%5C%5C%5C%5C%5C%5C%5C%5C%5C%5C%5C%5C%5C%5C%5C%5C%5C%5C%5C%5C%5C%5C%5C%5C%5C%5C%5C%5C%5C%5C%5C%5C%5C%5C%5C%5C%5C%5C%5C%5C%5C%5C%5C%5C%5C%5C%5C%5C%5C%5C%5C%5C%5C%5C%5C%5C%5C%5C%5C%5C%5C%5C%5C%5C%5C%5C%5C%5C%5C%5C%5C%5C%5C%5C%5C%5C%5C%5C%5C%5C%5C%5C%5C%5C%5C%5C%5C%5C%5C%5C%5C%5C%5C%5C%5C%5C%5C%5C%5C%5C%5C%5C%5C%5C%5C%5C%5C%5C%5C%5C%5C%5C%5C%5C%5C%5C%5C%5C%5C%5C%5C%5C%5C%5C%5C%5C%5C%5C%5C%5C%5C%5C%5C%5C%5C%5C%5C%5C%5C%5C%5C%5C%5C%5C%5C%5C%5C%5C%5C%5C%5C%5C%5C%5C%5C%5C%5C%5C%5C%5C%5C%5C%5C%5C%5C%5C%5C%5C%5C%5C%5C%5C%5C%5C%5C%5C%5C%5C%5C%5C%5C%5C%5C%5C%5C%5C%5C%5C%5C%5C%5C%5C%5C%5C%5C%5C%5C%5C%5C%5C%5C%5C%5C%5C%5C%5C%5C%5C%5C%5C%5C%5C%5C%5C%5C%5C%5C%5C%5C%5C%5C%5C%5C%5C%5C%5C%5C%5C%5C%5C%5C%5C%5C%5C%5C%5C%5C%5C%5C%5C%5C%5C%5C%5C%5C%5C%5C%5C%5C%5C%5C%5C%5C%5C%5C%5C%5C%5C%5C%5C%5C%5C%5C%5C%5C%5C%5C%5C%5C%5C%5C%5C%5C%5C%5C%5C%5C%5C%5C%5C%5C%5C%5C%5C%5C%5C%5C%5C%5C%5C%5C%5C%5C%5C%5C%5C%5C%5C%5C%5C%5C%5C%5C%5C%5C%5C%5C%5C%5C%5C%5C%5C%5C%5C%5C%5C%5C%5C%5C%5C%5C%5C%5C%5C%5C%5C%5C%5C%5C%5C%5C%5C%5C%5C%5C%5C%5C%5C%5C%5C%5C%5C%5C%5C%5C%5C%5C%5C%5C%5C%5C%5C%5C%5C%5C%5C%5C%5C%5C%5C%5C%5C%5C%5C%5C%5C%5C%5C%5C%5C%5C%5C%5C%5C%5C%5C%5C%5C%5C%5C%5C%5C%5C%5C%5C%5C%5C%5C%5C%5C%5C%5C%5C%5C%5C%5C%5C%5C%5C%5C%5C%5C%5C%5C%5C%5C%5C%5C%5C%5C%5C%5C%5C%5C%5C%5C%5C%5C%5C%5C%5C%5C%5C%5C%5C%5C%5C%5C%5C%5C%5C%5C%5C%5C%5C%5C%5C%5C%5C%5C%5C%5C%5C%5C%5C%5C%5C%5C%5C%5C%5C%5C%5C%5C%5C%5C%5C%5C%5C%5C%5C%5C%5C%5C%5C%5C%5C%5C%5C%5C%5C%5C%5C%5C%5C%5C%5C%5C%5C%5C%5C%5C%5C%5C%5C%5C%5C%5C%5C%5C%5C%5C%5C%5C%5C%5Capp%2Finvokefunction&vars%5B0%5D=phpinfo&vars%5B1%5D%5B0%5D=1 HTTP/1.1" 508 288 "-" "Mozilla/5.0 (compatible; SemrushBot/7~bl; +http://www.semrush.com/bot.html)"
216.73.216.20 - - [25/Aug/2026:00:12:03 +0500] "GET /metropolite/sciatic/h9o1p2e1l4e7s0s5n8e3s3s HTTP/1.1" 301 - "-" "Mozilla/5.0 AppleWebKit/537.36 (KHTML, like Gecko; compatible; ClaudeBot/1.0; +claudebot@anthropic.com)"
216.73.216.20 - - [25/Aug/2026:00:12:10 +0500] "GET /uz/metropolite/sciatic/h9o1p2e1l4e7s0s5n8e3s3s HTTP/1.1" 404 1215 "http://eskijuva-bozori.uz/metropolite/sciatic/h9o1p2e1l4e7s0s5n8e3s3s" "Mozilla/5.0 AppleWebKit/537.36 (KHTML, like Gecko; compatible; ClaudeBot/1.0; +claudebot@anthropic.com)"
216.73.216.20 - - [25/Aug/2026:00:12:14 +0500] "GET /?r=r9a3t8a3b7l7e7942 HTTP/1.1" 301 - "-" "Mozilla/5.0 AppleWebKit/537.36 (KHTML, like Gecko; compatible; ClaudeBot/1.0; +claudebot@anthropic.com)"
3.213.85.234 - - [25/Aug/2026:00:12:24 +0500] "GET /uz/?start=16&vars[1][0]=1 HTTP/1.1" 508 288 "-" "Mozilla/5.0 AppleWebKit/537.36 (KHTML, like Gecko; compatible; Amazonbot/0.1; +https://developer.amazon.com/support/amazonbot) Chrome/119.0.6045.214 Safari/537.36"
216.73.216.20 - - [25/Aug/2026:00:12:24 +0500] "GET /shops/plowing/d9i2s0t5r1a9c1t8e2d05 HTTP/1.1" 508 288 "-" "Mozilla/5.0 AppleWebKit/537.36 (KHTML, like Gecko; compatible; ClaudeBot/1.0; +claudebot@anthropic.com)"
34.56.53.225 - - [25/Aug/2026:00:12:25 +0500] "GET /uz/?rest_route=/notificationx/v1/analytics&start=32 HTTP/1.1" 508 288 "-" "Mozilla/5.0 (Macintosh; Intel Mac OS X 10_15_7) AppleWebKit/537.36 (KHTML, like Gecko) Chrome/120.0.0.0 Safari/537.36"
216.73.216.20 - - [25/Aug/2026:00:12:21 +0500] "GET /uz/?r=r9a3t8a3b7l7e7942 HTTP/1.1" 200 68258 "http://eskijuva-bozori.uz/?r=r9a3t8a3b7l7e7942" "Mozilla/5.0 AppleWebKit/537.36 (KHTML, like Gecko; compatible; ClaudeBot/1.0; +claudebot@anthropic.com)"
216.73.216.20 - - [25/Aug/2026:00:12:29 +0500] "GET /captivatingly/vestigate/93445554929 HTTP/1.1" 301 - "-" "Mozilla/5.0 AppleWebKit/537.36 (KHTML, like Gecko; compatible; ClaudeBot/1.0; +claudebot@anthropic.com)"
216.73.216.20 - - [25/Aug/2026:00:12:34 +0500] "GET /?r=c9u1r0d3l0e1d66227 HTTP/1.1" 301 - "-" "Mozilla/5.0 AppleWebKit/537.36 (KHTML, like Gecko; compatible; ClaudeBot/1.0; +claudebot@anthropic.com)"
216.73.216.20 - - [25/Aug/2026:00:12:38 +0500] "GET /uz/captivatingly/vestigate/93445554929 HTTP/1.1" 404 1215 "http://eskijuva-bozori.uz/captivatingly/vestigate/93445554929" "Mozilla/5.0 AppleWebKit/537.36 (KHTML, like Gecko; compatible; ClaudeBot/1.0; +claudebot@anthropic.com)"
216.73.216.20 - - [25/Aug/2026:00:12:46 +0500] "GET /?r=s9l2a0k2e0239428 HTTP/1.1" 301 - "-" "Mozilla/5.0 AppleWebKit/537.36 (KHTML, like Gecko; compatible; ClaudeBot/1.0; +claudebot@anthropic.com)"
216.73.216.20 - - [25/Aug/2026:00:12:43 +0500] "GET /uz/?r=c9u1r0d3l0e1d66227 HTTP/1.1" 200 68259 "http://eskijuva-bozori.uz/?r=c9u1r0d3l0e1d66227" "Mozilla/5.0 AppleWebKit/537.36 (KHTML, like Gecko; compatible; ClaudeBot/1.0; +claudebot@anthropic.com)"
216.73.216.20 - - [25/Aug/2026:00:12:56 +0500] "GET /?r=s9c3a6t8h1691432 HTTP/1.1" 301 - "-" "Mozilla/5.0 AppleWebKit/537.36 (KHTML, like Gecko; compatible; ClaudeBot/1.0; +claudebot@anthropic.com)"
216.73.216.20 - - [25/Aug/2026:00:12:55 +0500] "GET /uz/?r=s9l2a0k2e0239428 HTTP/1.1" 200 68257 "http://eskijuva-bozori.uz/?r=s9l2a0k2e0239428" "Mozilla/5.0 AppleWebKit/537.36 (KHTML, like Gecko; compatible; ClaudeBot/1.0; +claudebot@anthropic.com)"
43.166.238.12 - - [25/Aug/2026:00:12:52 +0500] "GET /uz/votes-uzb/415-bayon-kk-03-10-2023-pdf HTTP/1.1" 200 56714 "-" "Mozilla/5.0 (iPhone; CPU iPhone OS 13_2_3 like Mac OS X) AppleWebKit/605.1.15 (KHTML, like Gecko) Version/13.0.3 Mobile/15E148 Safari/604.1"
185.191.171.6 - - [25/Aug/2026:00:13:15 +0500] "GET /robots.txt HTTP/1.1" 200 111 "-" "Mozilla/5.0 (compatible; SemrushBot/7~bl; +http://www.semrush.com/bot.html)"
216.73.216.20 - - [25/Aug/2026:00:13:04 +0500] "GET /uz/?r=s9c3a6t8h1691432 HTTP/1.1" 200 68257 "http://eskijuva-bozori.uz/?r=s9c3a6t8h1691432" "Mozilla/5.0 AppleWebKit/537.36 (KHTML, like Gecko; compatible; ClaudeBot/1.0; +claudebot@anthropic.com)"
216.73.216.20 - - [25/Aug/2026:00:13:11 +0500] "GET /?r=r9a1t7t5o6o7n83510 HTTP/1.1" 301 - "-" "Mozilla/5.0 AppleWebKit/537.36 (KHTML, like Gecko; compatible; ClaudeBot/1.0; +claudebot@anthropic.com)"
185.191.171.11 - - [25/Aug/2026:00:13:17 +0500] "GET /uz/?function=call_user_func_array&s=index%2Fthink%5C%5C%5C%5C%5C%5C%5C%5C%5C%5C%5C%5C%5C%5C%5C%5C%5C%5C%5C%5C%5C%5C%5C%5C%5C%5C%5C%5C%5C%5C%5C%5C%5C%5C%5C%5C%5C%5C%5C%5C%5C%5C%5C%5C%5C%5C%5C%5C%5C%5C%5C%5C%5C%5C%5C%5C%5C%5C%5C%5C%5C%5C%5C%5C%5C%5C%5C%5C%5C%5C%5C%5C%5C%5C%5C%5C%5C%5C%5C%5C%5C%5C%5C%5C%5C%5C%5C%5C%5C%5C%5C%5C%5C%5C%5C%5C%5C%5C%5C%5C%5C%5C%5C%5C%5C%5C%5C%5C%5C%5C%5C%5C%5C%5C%5C%5C%5C%5C%5C%5C%5C%5C%5C%5C%5C%5C%5C%5C%5C%5C%5C%5C%5C%5C%5C%5C%5C%5C%5C%5C%5C%5C%5C%5C%5C%5C%5C%5C%5C%5C%5C%5C%5C%5C%5C%5C%5C%5C%5C%5C%5C%5C%5C%5C%5C%5C%5C%5C%5C%5C%5C%5C%5C%5C%5C%5C%5C%5C%5C%5C%5C%5C%5C%5C%5C%5C%5C%5C%5C%5C%5C%5C%5C%5C%5C%5C%5C%5C%5C%5C%5C%5C%5C%5C%5C%5C%5C%5C%5C%5C%5C%5C%5C%5C%5C%5C%5C%5C%5C%5C%5C%5C%5C%5C%5C%5C%5C%5C%5C%5C%5C%5C%5C%5C%5C%5C%5C%5C%5C%5C%5C%5C%5C%5C%5C%5C%5C%5C%5C%5C%5C%5C%5C%5C%5C%5Capp%2Finvokefunction&start=24&vars%5B0%5D=phpinfo&vars%5B1%5D%5B0%5D=1 HTTP/1.1" 200 69226 "-" "Mozilla/5.0 (compatible; SemrushBot/7~bl; +http://www.semrush.com/bot.html)"
216.73.216.20 - - [25/Aug/2026:00:13:20 +0500] "GET /uz/?r=r9a1t7t5o6o7n83510 HTTP/1.1" 200 68259 "http://eskijuva-bozori.uz/?r=r9a1t7t5o6o7n83510" "Mozilla/5.0 AppleWebKit/537.36 (KHTML, like Gecko; compatible; ClaudeBot/1.0; +claudebot@anthropic.com)"
34.171.68.95 - - [25/Aug/2026:00:13:19 +0500] "GET /ru/votes-rus/259-poll-25-04-2019 HTTP/1.1" 200 55432 "-" "Mozilla/5.0 (Macintosh; Intel Mac OS X 10_15_7) AppleWebKit/537.36 (KHTML, like Gecko) Chrome/120.0.0.0 Safari/537.36"
216.73.216.20 - - [25/Aug/2026:00:13:42 +0500] "GET /uz/?r=a9f1f7i8r7m250188 HTTP/1.1" 508 288 "http://eskijuva-bozori.uz/?r=a9f1f7i8r7m250188" "Mozilla/5.0 AppleWebKit/537.36 (KHTML, like Gecko; compatible; ClaudeBot/1.0; +claudebot@anthropic.com)"
216.73.216.20 - - [25/Aug/2026:00:13:34 +0500] "GET /?r=a9f1f7i8r7m250188 HTTP/1.1" 301 - "-" "Mozilla/5.0 AppleWebKit/537.36 (KHTML, like Gecko; compatible; ClaudeBot/1.0; +claudebot@anthropic.com)"
34.123.149.87 - - [25/Aug/2026:00:13:32 +0500] "GET /uz/facts-uzb?start=75&template=accessibility HTTP/1.1" 200 37840 "-" "Mozilla/5.0 (Macintosh; Intel Mac OS X 10_15_7) AppleWebKit/537.36 (KHTML, like Gecko) Chrome/120.0.0.0 Safari/537.36"
216.73.216.20 - - [25/Aug/2026:00:13:43 +0500] "GET /shops/forceps/f9i1l2i8c4i5f8o4r2m53 HTTP/1.1" 301 - "-" "Mozilla/5.0 AppleWebKit/537.36 (KHTML, like Gecko; compatible; ClaudeBot/1.0; +claudebot@anthropic.com)"
216.73.216.20 - - [25/Aug/2026:00:13:48 +0500] "GET /uz/shops/forceps/f9i1l2i8c4i5f8o4r2m53 HTTP/1.1" 404 1215 "http://eskijuva-bozori.uz/shops/forceps/f9i1l2i8c4i5f8o4r2m53" "Mozilla/5.0 AppleWebKit/537.36 (KHTML, like Gecko; compatible; ClaudeBot/1.0; +claudebot@anthropic.com)"
216.73.216.20 - - [25/Aug/2026:00:13:53 +0500] "GET /desalination/geophysical/9488088550 HTTP/1.1" 301 - "-" "Mozilla/5.0 AppleWebKit/537.36 (KHTML, like Gecko; compatible; ClaudeBot/1.0; +claudebot@anthropic.com)"
216.73.216.20 - - [25/Aug/2026:00:13:59 +0500] "GET /uz/desalination/geophysical/9488088550 HTTP/1.1" 404 1215 "http://eskijuva-bozori.uz/desalination/geophysical/9488088550" "Mozilla/5.0 AppleWebKit/537.36 (KHTML, like Gecko; compatible; ClaudeBot/1.0; +claudebot@anthropic.com)"
216.73.216.20 - - [25/Aug/2026:00:14:04 +0500] "GET /?r=b9a5c9k6a2c9t1i8o2n2 HTTP/1.1" 301 - "-" "Mozilla/5.0 AppleWebKit/537.36 (KHTML, like Gecko; compatible; ClaudeBot/1.0; +claudebot@anthropic.com)"
216.73.216.20 - - [25/Aug/2026:00:14:06 +0500] "GET /uz/?%60=a3t2r8i5u0m12218&start=12 HTTP/1.1" 200 68217 "-" "Mozilla/5.0 AppleWebKit/537.36 (KHTML, like Gecko; compatible; ClaudeBot/1.0; +claudebot@anthropic.com)"
216.73.216.20 - - [25/Aug/2026:00:14:11 +0500] "GET /uz/?r=b9a5c9k6a2c9t1i8o2n2 HTTP/1.1" 200 68261 "http://eskijuva-bozori.uz/?r=b9a5c9k6a2c9t1i8o2n2" "Mozilla/5.0 AppleWebKit/537.36 (KHTML, like Gecko; compatible; ClaudeBot/1.0; +claudebot@anthropic.com)"
85.208.96.203 - - [25/Aug/2026:00:14:14 +0500] "GET /uz/?%60=f3u1c5k1e6d9u9p0460&start=20 HTTP/1.1" 200 68206 "-" "Mozilla/5.0 (compatible; SemrushBot/7~bl; +http://www.semrush.com/bot.html)"
216.73.216.20 - - [25/Aug/2026:00:14:17 +0500] "GET /uz/?%60=a3t2r8i5u0m12218&start=52 HTTP/1.1" 200 69027 "-" "Mozilla/5.0 AppleWebKit/537.36 (KHTML, like Gecko; compatible; ClaudeBot/1.0; +claudebot@anthropic.com)"
216.73.216.20 - - [25/Aug/2026:00:14:30 +0500] "GET /uz/?%60=a3t2r8i5u0m12218&start=8 HTTP/1.1" 200 67554 "-" "Mozilla/5.0 AppleWebKit/537.36 (KHTML, like Gecko; compatible; ClaudeBot/1.0; +claudebot@anthropic.com)"
34.123.149.87 - - [25/Aug/2026:00:14:50 +0500] "GET /ru/votes-rus?format=feed&template=accessibility&type=atom HTTP/1.1" 508 288 "-" "Mozilla/5.0 (Macintosh; Intel Mac OS X 10_15_7) AppleWebKit/537.36 (KHTML, like Gecko) Chrome/120.0.0.0 Safari/537.36"
216.73.216.20 - - [25/Aug/2026:00:15:56 +0500] "GET /shops/fridstool/s9l9a2v2e1d25729 HTTP/1.1" 301 - "-" "Mozilla/5.0 AppleWebKit/537.36 (KHTML, like Gecko; compatible; ClaudeBot/1.0; +claudebot@anthropic.com)"
216.73.216.20 - - [25/Aug/2026:00:16:08 +0500] "GET /shops/undoubtable/c9r1o6p9e9727217 HTTP/1.1" 301 - "-" "Mozilla/5.0 AppleWebKit/537.36 (KHTML, like Gecko; compatible; ClaudeBot/1.0; +claudebot@anthropic.com)"
216.73.216.20 - - [25/Aug/2026:00:16:06 +0500] "GET /uz/shops/fridstool/s9l9a2v2e1d25729 HTTP/1.1" 404 1215 "http://eskijuva-bozori.uz/shops/fridstool/s9l9a2v2e1d25729" "Mozilla/5.0 AppleWebKit/537.36 (KHTML, like Gecko; compatible; ClaudeBot/1.0; +claudebot@anthropic.com)"
216.73.216.20 - - [25/Aug/2026:00:16:17 +0500] "GET /uz/shops/undoubtable/c9r1o6p9e9727217 HTTP/1.1" 404 1215 "http://eskijuva-bozori.uz/shops/undoubtable/c9r1o6p9e9727217" "Mozilla/5.0 AppleWebKit/537.36 (KHTML, like Gecko; compatible; ClaudeBot/1.0; +claudebot@anthropic.com)"
216.73.216.20 - - [25/Aug/2026:00:16:46 +0500] "GET /?r=n9j8o7r2d371919 HTTP/1.1" 301 - "-" "Mozilla/5.0 AppleWebKit/537.36 (KHTML, like Gecko; compatible; ClaudeBot/1.0; +claudebot@anthropic.com)"
34.10.180.98 - - [25/Aug/2026:00:16:54 +0500] "GET /ru/component/search/?Itemid=283&format=opensearch&template=yoo_master2 HTTP/1.1" 200 771 "-" "Mozilla/5.0 (Macintosh; Intel Mac OS X 10_15_7) AppleWebKit/537.36 (KHTML, like Gecko) Chrome/120.0.0.0 Safari/537.36"
216.73.216.20 - - [25/Aug/2026:00:16:54 +0500] "GET /uz/?r=n9j8o7r2d371919 HTTP/1.1" 200 68256 "http://eskijuva-bozori.uz/?r=n9j8o7r2d371919" "Mozilla/5.0 AppleWebKit/537.36 (KHTML, like Gecko; compatible; ClaudeBot/1.0; +claudebot@anthropic.com)"
216.73.216.20 - - [25/Aug/2026:00:16:58 +0500] "GET /shops/while/r9e4c0t4i5f2i6e1d338 HTTP/1.1" 301 - "-" "Mozilla/5.0 AppleWebKit/537.36 (KHTML, like Gecko; compatible; ClaudeBot/1.0; +claudebot@anthropic.com)"
216.73.216.20 - - [25/Aug/2026:00:17:07 +0500] "GET /uz/shops/while/r9e4c0t4i5f2i6e1d338 HTTP/1.1" 404 1215 "http://eskijuva-bozori.uz/shops/while/r9e4c0t4i5f2i6e1d338" "Mozilla/5.0 AppleWebKit/537.36 (KHTML, like Gecko; compatible; ClaudeBot/1.0; +claudebot@anthropic.com)"
34.57.162.91 - - [25/Aug/2026:00:17:36 +0500] "GET /docs/2023/bayon_kk-06.11.2023.pdf HTTP/1.1" 200 383363 "-" "Mozilla/5.0 (Macintosh; Intel Mac OS X 10_15_7) AppleWebKit/537.36 (KHTML, like Gecko) Chrome/120.0.0.0 Safari/537.36"
216.73.216.20 - - [25/Aug/2026:00:18:03 +0500] "GET /?r=o9u4t2w4a4r9d3d4e4v0e4loping HTTP/1.1" 301 - "-" "Mozilla/5.0 AppleWebKit/537.36 (KHTML, like Gecko; compatible; ClaudeBot/1.0; +claudebot@anthropic.com)"
216.73.216.20 - - [25/Aug/2026:00:18:15 +0500] "GET /shops/substantialized/r9i6g4h5t7h8a8n4d8e4d HTTP/1.1" 508 288 "-" "Mozilla/5.0 AppleWebKit/537.36 (KHTML, like Gecko; compatible; ClaudeBot/1.0; +claudebot@anthropic.com)"
216.73.216.20 - - [25/Aug/2026:00:18:11 +0500] "GET /uz/?r=o9u4t2w4a4r9d3d4e4v0e4loping HTTP/1.1" 200 68269 "http://eskijuva-bozori.uz/?r=o9u4t2w4a4r9d3d4e4v0e4loping" "Mozilla/5.0 AppleWebKit/537.36 (KHTML, like Gecko; compatible; ClaudeBot/1.0; +claudebot@anthropic.com)"
216.73.216.20 - - [25/Aug/2026:00:18:20 +0500] "GET /trussed/cancelling/c9e4n1o7g3a8m4y3917 HTTP/1.1" 301 - "-" "Mozilla/5.0 AppleWebKit/537.36 (KHTML, like Gecko; compatible; ClaudeBot/1.0; +claudebot@anthropic.com)"
136.119.35.120 - - [25/Aug/2026:00:18:23 +0500] "GET /uz/audit-uzb?start=10&template=accessibility HTTP/1.1" 200 29079 "-" "Mozilla/5.0 (Macintosh; Intel Mac OS X 10_15_7) AppleWebKit/537.36 (KHTML, like Gecko) Chrome/120.0.0.0 Safari/537.36"
216.73.216.20 - - [25/Aug/2026:00:18:28 +0500] "GET /uz/trussed/cancelling/c9e4n1o7g3a8m4y3917 HTTP/1.1" 404 1215 "http://eskijuva-bozori.uz/trussed/cancelling/c9e4n1o7g3a8m4y3917" "Mozilla/5.0 AppleWebKit/537.36 (KHTML, like Gecko; compatible; ClaudeBot/1.0; +claudebot@anthropic.com)"
216.73.216.20 - - [25/Aug/2026:00:18:33 +0500] "GET /recurvirostra/b9a2g3a3s2s0e72001 HTTP/1.1" 301 - "-" "Mozilla/5.0 AppleWebKit/537.36 (KHTML, like Gecko; compatible; ClaudeBot/1.0; +claudebot@anthropic.com)"
192.178.6.8 - - [25/Aug/2026:00:18:46 +0500] "GET /media/aridocsviewer/pdfjs/web/viewer.html?file=http%3A%2F%2Fwww.eskijuva-bozori.uz%2Fdocs%2F2020%2Fmiting_osa-19.05.2020.pdf HTTP/1.1" 200 19712 "-" "Mozilla/5.0 (Linux; Android 6.0.1; Nexus 5X Build/MMB29P) AppleWebKit/537.36 (KHTML, like Gecko) Chrome/151.0.7922.137 Mobile Safari/537.36 (compatible; Googlebot/2.1; +http://www.google.com/bot.html)"
216.73.216.20 - - [25/Aug/2026:00:18:42 +0500] "GET /uz/recurvirostra/b9a2g3a3s2s0e72001 HTTP/1.1" 404 1215 "http://eskijuva-bozori.uz/recurvirostra/b9a2g3a3s2s0e72001" "Mozilla/5.0 AppleWebKit/537.36 (KHTML, like Gecko; compatible; ClaudeBot/1.0; +claudebot@anthropic.com)"
216.73.216.20 - - [25/Aug/2026:00:18:45 +0500] "GET /specialty/d9e3g7a5g9e093121 HTTP/1.1" 301 - "-" "Mozilla/5.0 AppleWebKit/537.36 (KHTML, like Gecko; compatible; ClaudeBot/1.0; +claudebot@anthropic.com)"
216.73.216.20 - - [25/Aug/2026:00:18:54 +0500] "GET /uz/specialty/d9e3g7a5g9e093121 HTTP/1.1" 404 1215 "http://eskijuva-bozori.uz/specialty/d9e3g7a5g9e093121" "Mozilla/5.0 AppleWebKit/537.36 (KHTML, like Gecko; compatible; ClaudeBot/1.0; +claudebot@anthropic.com)"
216.73.216.20 - - [25/Aug/2026:00:19:01 +0500] "GET /?r=g9a4d0b9e7e27929 HTTP/1.1" 301 - "-" "Mozilla/5.0 AppleWebKit/537.36 (KHTML, like Gecko; compatible; ClaudeBot/1.0; +claudebot@anthropic.com)"
216.73.216.20 - - [25/Aug/2026:00:19:05 +0500] "GET /petrifactive/alonely/92585792984 HTTP/1.1" 301 - "-" "Mozilla/5.0 AppleWebKit/537.36 (KHTML, like Gecko; compatible; ClaudeBot/1.0; +claudebot@anthropic.com)"
216.73.216.20 - - [25/Aug/2026:00:19:07 +0500] "GET /uz/?r=g9a4d0b9e7e27929 HTTP/1.1" 200 68257 "http://eskijuva-bozori.uz/?r=g9a4d0b9e7e27929" "Mozilla/5.0 AppleWebKit/537.36 (KHTML, like Gecko; compatible; ClaudeBot/1.0; +claudebot@anthropic.com)"
216.73.216.20 - - [25/Aug/2026:00:19:11 +0500] "GET /uz/petrifactive/alonely/92585792984 HTTP/1.1" 404 1215 "http://eskijuva-bozori.uz/petrifactive/alonely/92585792984" "Mozilla/5.0 AppleWebKit/537.36 (KHTML, like Gecko; compatible; ClaudeBot/1.0; +claudebot@anthropic.com)"
216.73.216.20 - - [25/Aug/2026:00:19:17 +0500] "GET /?r=d9e1c1o2r6o7u8s9n9e1s3s HTTP/1.1" 301 - "-" "Mozilla/5.0 AppleWebKit/537.36 (KHTML, like Gecko; compatible; ClaudeBot/1.0; +claudebot@anthropic.com)"
216.73.216.20 - - [25/Aug/2026:00:19:27 +0500] "GET /antitrust/t9a1x5o8n6378701 HTTP/1.1" 508 288 "-" "Mozilla/5.0 AppleWebKit/537.36 (KHTML, like Gecko; compatible; ClaudeBot/1.0; +claudebot@anthropic.com)"
216.73.216.20 - - [25/Aug/2026:00:19:32 +0500] "GET /?r=i9b2e6x0e4s869002 HTTP/1.1" 508 288 "-" "Mozilla/5.0 AppleWebKit/537.36 (KHTML, like Gecko; compatible; ClaudeBot/1.0; +claudebot@anthropic.com)"
216.73.216.20 - - [25/Aug/2026:00:19:25 +0500] "GET /uz/?r=d9e1c1o2r6o7u8s9n9e1s3s HTTP/1.1" 200 68264 "http://eskijuva-bozori.uz/?r=d9e1c1o2r6o7u8s9n9e1s3s" "Mozilla/5.0 AppleWebKit/537.36 (KHTML, like Gecko; compatible; ClaudeBot/1.0; +claudebot@anthropic.com)"
216.73.216.20 - - [25/Aug/2026:00:19:36 +0500] "GET /musang/r9e8n9o6m4e7e8136 HTTP/1.1" 301 - "-" "Mozilla/5.0 AppleWebKit/537.36 (KHTML, like Gecko; compatible; ClaudeBot/1.0; +claudebot@anthropic.com)"
216.73.216.20 - - [25/Aug/2026:00:19:44 +0500] "GET /uz/musang/r9e8n9o6m4e7e8136 HTTP/1.1" 404 1215 "http://eskijuva-bozori.uz/musang/r9e8n9o6m4e7e8136" "Mozilla/5.0 AppleWebKit/537.36 (KHTML, like Gecko; compatible; ClaudeBot/1.0; +claudebot@anthropic.com)"
216.73.216.20 - - [25/Aug/2026:00:19:48 +0500] "GET /supportance/d9i2s0s0h5i5p78601 HTTP/1.1" 301 - "-" "Mozilla/5.0 AppleWebKit/537.36 (KHTML, like Gecko; compatible; ClaudeBot/1.0; +claudebot@anthropic.com)"
216.73.216.20 - - [25/Aug/2026:00:19:57 +0500] "GET /uz/supportance/d9i2s0s0h5i5p78601 HTTP/1.1" 404 1215 "http://eskijuva-bozori.uz/supportance/d9i2s0s0h5i5p78601" "Mozilla/5.0 AppleWebKit/537.36 (KHTML, like Gecko; compatible; ClaudeBot/1.0; +claudebot@anthropic.com)"
216.73.216.20 - - [25/Aug/2026:00:20:03 +0500] "GET /?r=c9r2u8e7l7t5i2e6s367 HTTP/1.1" 301 - "-" "Mozilla/5.0 AppleWebKit/537.36 (KHTML, like Gecko; compatible; ClaudeBot/1.0; +claudebot@anthropic.com)"
216.73.216.20 - - [25/Aug/2026:00:20:07 +0500] "GET /?r=d9e2r1m4a7l886247 HTTP/1.1" 301 - "-" "Mozilla/5.0 AppleWebKit/537.36 (KHTML, like Gecko; compatible; ClaudeBot/1.0; +claudebot@anthropic.com)"
216.73.216.20 - - [25/Aug/2026:00:20:12 +0500] "GET /uz/?r=c9r2u8e7l7t5i2e6s367 HTTP/1.1" 200 68261 "http://eskijuva-bozori.uz/?r=c9r2u8e7l7t5i2e6s367" "Mozilla/5.0 AppleWebKit/537.36 (KHTML, like Gecko; compatible; ClaudeBot/1.0; +claudebot@anthropic.com)"
216.73.216.20 - - [25/Aug/2026:00:20:14 +0500] "GET /shops/beseechingly/a9v4e1s4t7a800321 HTTP/1.1" 301 - "-" "Mozilla/5.0 AppleWebKit/537.36 (KHTML, like Gecko; compatible; ClaudeBot/1.0; +claudebot@anthropic.com)"
216.73.216.20 - - [25/Aug/2026:00:20:14 +0500] "GET /uz/?r=d9e2r1m4a7l886247 HTTP/1.1" 200 68258 "http://eskijuva-bozori.uz/?r=d9e2r1m4a7l886247" "Mozilla/5.0 AppleWebKit/537.36 (KHTML, like Gecko; compatible; ClaudeBot/1.0; +claudebot@anthropic.com)"
216.73.216.20 - - [25/Aug/2026:00:20:26 +0500] "GET /?r=b9r3a2w4l4e4r80054 HTTP/1.1" 301 - "-" "Mozilla/5.0 AppleWebKit/537.36 (KHTML, like Gecko; compatible; ClaudeBot/1.0; +claudebot@anthropic.com)"
192.178.6.9 - - [25/Aug/2026:00:20:35 +0500] "GET /docs/2020/miting_osa-19.05.2020.pdf HTTP/1.1" 200 969114 "http://www.eskijuva-bozori.uz/media/aridocsviewer/pdfjs/build/pdf.worker.js" "Mozilla/5.0 (Linux; Android 6.0.1; Nexus 5X Build/MMB29P) AppleWebKit/537.36 (KHTML, like Gecko) Chrome/151.0.7922.137 Mobile Safari/537.36 (compatible; Googlebot/2.1; +http://www.google.com/bot.html)"
216.73.216.20 - - [25/Aug/2026:00:20:36 +0500] "GET /flaking/c9a3u7c5u2s2i6n5g211 HTTP/1.1" 301 - "-" "Mozilla/5.0 AppleWebKit/537.36 (KHTML, like Gecko; compatible; ClaudeBot/1.0; +claudebot@anthropic.com)"
216.73.216.20 - - [25/Aug/2026:00:20:33 +0500] "GET /uz/?r=b9r3a2w4l4e4r80054 HTTP/1.1" 200 68259 "http://eskijuva-bozori.uz/?r=b9r3a2w4l4e4r80054" "Mozilla/5.0 AppleWebKit/537.36 (KHTML, like Gecko; compatible; ClaudeBot/1.0; +claudebot@anthropic.com)"
216.73.216.20 - - [25/Aug/2026:00:20:43 +0500] "GET /uz/flaking/c9a3u7c5u2s2i6n5g211 HTTP/1.1" 404 1215 "http://eskijuva-bozori.uz/flaking/c9a3u7c5u2s2i6n5g211" "Mozilla/5.0 AppleWebKit/537.36 (KHTML, like Gecko; compatible; ClaudeBot/1.0; +claudebot@anthropic.com)"
216.73.216.20 - - [25/Aug/2026:00:20:45 +0500] "GET /shops/harle/p9l2a2c0i0d6n7e1s4s20 HTTP/1.1" 301 - "-" "Mozilla/5.0 AppleWebKit/537.36 (KHTML, like Gecko; compatible; ClaudeBot/1.0; +claudebot@anthropic.com)"
85.208.96.199 - - [25/Aug/2026:00:20:56 +0500] "GET /uz/?amp%3Bstart=48&function=call_user_func_array&start=12&vars%5B1%5D%5B0%5D=1 HTTP/1.1" 508 288 "-" "Mozilla/5.0 (compatible; SemrushBot/7~bl; +http://www.semrush.com/bot.html)"
216.73.216.20 - - [25/Aug/2026:00:20:57 +0500] "GET /shops/immarginate/a9p1t0i8v4e63134 HTTP/1.1" 508 288 "-" "Mozilla/5.0 AppleWebKit/537.36 (KHTML, like Gecko; compatible; ClaudeBot/1.0; +claudebot@anthropic.com)"
216.73.216.20 - - [25/Aug/2026:00:21:02 +0500] "GET /shops/extuberate/e9p3i7z5e4u5x9i2s64 HTTP/1.1" 508 288 "-" "Mozilla/5.0 AppleWebKit/537.36 (KHTML, like Gecko; compatible; ClaudeBot/1.0; +claudebot@anthropic.com)"
216.73.216.20 - - [25/Aug/2026:00:20:54 +0500] "GET /uz/shops/harle/p9l2a2c0i0d6n7e1s4s20 HTTP/1.1" 404 1215 "http://eskijuva-bozori.uz/shops/harle/p9l2a2c0i0d6n7e1s4s20" "Mozilla/5.0 AppleWebKit/537.36 (KHTML, like Gecko; compatible; ClaudeBot/1.0; +claudebot@anthropic.com)"
216.73.216.20 - - [25/Aug/2026:00:21:07 +0500] "GET /eurystomus/s9a4b4a7e3a7n1i1s1m6 HTTP/1.1" 508 288 "-" "Mozilla/5.0 AppleWebKit/537.36 (KHTML, like Gecko; compatible; ClaudeBot/1.0; +claudebot@anthropic.com)"
216.73.216.20 - - [25/Aug/2026:00:21:13 +0500] "GET /uz/?format=feed&r=s9w4e2r6v3e6d65080&type=atom HTTP/1.1" 508 288 "-" "Mozilla/5.0 AppleWebKit/537.36 (KHTML, like Gecko; compatible; ClaudeBot/1.0; +claudebot@anthropic.com)"
52.167.144.18 - - [25/Aug/2026:00:20:53 +0500] "GET /ru/about-org-rus/indexes-rus?template=yoo_master2&start=20 HTTP/1.1" 200 192974 "-" "Mozilla/5.0 AppleWebKit/537.36 (KHTML, like Gecko; compatible; bingbot/2.0; +http://www.bing.com/bingbot.htm) Chrome/116.0.1938.76 Safari/537.36"
23.94.155.74 - - [25/Aug/2026:00:21:23 +0500] "GET /wp-includes/css/buttons.css HTTP/1.1" 508 288 "-" "Go-http-client/1.1"
23.94.155.74 - - [25/Aug/2026:00:21:23 +0500] "GET /media/system/js/core.js HTTP/1.1" 200 8735 "-" "Go-http-client/1.1"
216.73.216.20 - - [25/Aug/2026:00:21:15 +0500] "GET /?r=d9e1v0o7u9t8l0y5659 HTTP/1.1" 301 - "-" "Mozilla/5.0 AppleWebKit/537.36 (KHTML, like Gecko; compatible; ClaudeBot/1.0; +claudebot@anthropic.com)"
216.73.216.20 - - [25/Aug/2026:00:21:24 +0500] "GET /uz/?r=d9e1v0o7u9t8l0y5659 HTTP/1.1" 200 68465 "http://eskijuva-bozori.uz/?r=d9e1v0o7u9t8l0y5659" "Mozilla/5.0 AppleWebKit/537.36 (KHTML, like Gecko; compatible; ClaudeBot/1.0; +claudebot@anthropic.com)"
216.73.216.20 - - [25/Aug/2026:00:21:28 +0500] "GET /?r=e9q2u6i6v2o8r4o7u8s97 HTTP/1.1" 301 - "-" "Mozilla/5.0 AppleWebKit/537.36 (KHTML, like Gecko; compatible; ClaudeBot/1.0; +claudebot@anthropic.com)"
216.73.216.20 - - [25/Aug/2026:00:21:36 +0500] "GET /uz/?r=e9q2u6i6v2o8r4o7u8s97 HTTP/1.1" 508 288 "http://eskijuva-bozori.uz/?r=e9q2u6i6v2o8r4o7u8s97" "Mozilla/5.0 AppleWebKit/537.36 (KHTML, like Gecko; compatible; ClaudeBot/1.0; +claudebot@anthropic.com)"
