34.123.149.87 - - [24/Aug/2026:21:28:22 +0500] "GET /uz/?_cb=5635810879191327036&start=52 HTTP/1.1" 200 69087 "-" "Mozilla/5.0 (Macintosh; Intel Mac OS X 10_15_7) AppleWebKit/537.36 (KHTML, like Gecko) Chrome/120.0.0.0 Safari/537.36"
216.73.216.101 - - [24/Aug/2026:21:28:29 +0500] "GET /uz/?start=24&template=accessibility HTTP/1.1" 200 35320 "-" "Mozilla/5.0 AppleWebKit/537.36 (KHTML, like Gecko; compatible; ClaudeBot/1.0; +claudebot@anthropic.com)"
34.10.180.98 - - [24/Aug/2026:21:28:32 +0500] "GET /ru/officially-rus/ustav-rus/495-ustav-2026-pdf HTTP/1.1" 200 54803 "-" "Mozilla/5.0 (Macintosh; Intel Mac OS X 10_15_7) AppleWebKit/537.36 (KHTML, like Gecko) Chrome/120.0.0.0 Safari/537.36"
216.73.216.101 - - [24/Aug/2026:21:28:37 +0500] "GET /uz/?3x=3x%27&start=4 HTTP/1.1" 200 72018 "-" "Mozilla/5.0 AppleWebKit/537.36 (KHTML, like Gecko; compatible; ClaudeBot/1.0; +claudebot@anthropic.com)"
216.73.216.101 - - [24/Aug/2026:21:29:08 +0500] "GET /uz/?3x=3x%27&start=20 HTTP/1.1" 508 288 "-" "Mozilla/5.0 AppleWebKit/537.36 (KHTML, like Gecko; compatible; ClaudeBot/1.0; +claudebot@anthropic.com)"
216.73.216.101 - - [24/Aug/2026:21:29:01 +0500] "GET /uz/?3x=3x%27&start=8 HTTP/1.1" 200 67383 "-" "Mozilla/5.0 AppleWebKit/537.36 (KHTML, like Gecko; compatible; ClaudeBot/1.0; +claudebot@anthropic.com)"
34.10.180.98 - - [24/Aug/2026:21:29:10 +0500] "GET /uz/facts-uzb/426-sush-fakt-08-01-04-2024-ns-doc HTTP/1.1" 200 57333 "-" "Mozilla/5.0 (Macintosh; Intel Mac OS X 10_15_7) AppleWebKit/537.36 (KHTML, like Gecko) Chrome/120.0.0.0 Safari/537.36"
216.73.216.101 - - [24/Aug/2026:21:29:12 +0500] "GET /uz/?3x=3x%27&start=24 HTTP/1.1" 200 71721 "-" "Mozilla/5.0 AppleWebKit/537.36 (KHTML, like Gecko; compatible; ClaudeBot/1.0; +claudebot@anthropic.com)"
216.73.216.101 - - [24/Aug/2026:21:29:27 +0500] "GET /uz/?3x=3x%27&start=16 HTTP/1.1" 200 67659 "-" "Mozilla/5.0 AppleWebKit/537.36 (KHTML, like Gecko; compatible; ClaudeBot/1.0; +claudebot@anthropic.com)"
216.73.216.101 - - [24/Aug/2026:21:29:37 +0500] "GET /robots.txt HTTP/1.1" 200 111 "-" "Mozilla/5.0 AppleWebKit/537.36 (KHTML, like Gecko; compatible; ClaudeBot/1.0; +claudebot@anthropic.com)"
216.73.216.101 - - [24/Aug/2026:21:29:38 +0500] "GET /uz/?3x=3x%27&start=12 HTTP/1.1" 200 72236 "-" "Mozilla/5.0 AppleWebKit/537.36 (KHTML, like Gecko; compatible; ClaudeBot/1.0; +claudebot@anthropic.com)"
34.171.68.95 - - [24/Aug/2026:21:29:41 +0500] "GET /ru/facts-rus/399-sush-fakt-08-14-09-2022-ns-pdf HTTP/1.1" 200 56308 "-" "Mozilla/5.0 (Macintosh; Intel Mac OS X 10_15_7) AppleWebKit/537.36 (KHTML, like Gecko) Chrome/120.0.0.0 Safari/537.36"
85.208.96.194 - - [24/Aug/2026:21:31:18 +0500] "GET /ru/news-rus/17-russian/shareholders-rus/48-changes-rus HTTP/1.1" 200 60885 "-" "Mozilla/5.0 (compatible; SemrushBot/7~bl; +http://www.semrush.com/bot.html)"
34.10.180.98 - - [24/Aug/2026:21:34:44 +0500] "GET /uz/facts-uzb/416-sush-fakt-08-03-10-2023-io HTTP/1.1" 200 57385 "-" "Mozilla/5.0 (Macintosh; Intel Mac OS X 10_15_7) AppleWebKit/537.36 (KHTML, like Gecko) Chrome/120.0.0.0 Safari/537.36"
161.153.32.84 - - [24/Aug/2026:21:35:32 +0500] "GET /uz/component/mijopolls?template=accessibility HTTP/1.1" 508 288 "-" "Mozilla/5.0 (X11; Linux aarch64) AppleWebKit/537.36 (KHTML, like Gecko) Chrome/139.0.0.0 Safari/537.36"
85.208.96.196 - - [24/Aug/2026:21:36:19 +0500] "GET /ru/jsc-docs-rus/381-inf-pol-ru-docx HTTP/1.1" 200 54758 "-" "Mozilla/5.0 (compatible; SemrushBot/7~bl; +http://www.semrush.com/bot.html)"
43.162.103.213 - - [24/Aug/2026:21:36:52 +0500] "GET /uz/?_cb=5635810879191327036&start=52 HTTP/1.1" 200 69101 "-" "Mozilla/5.0 (iPhone; CPU iPhone OS 13_2_3 like Mac OS X) AppleWebKit/605.1.15 (KHTML, like Gecko) Version/13.0.3 Mobile/15E148 Safari/604.1"
34.171.68.95 - - [24/Aug/2026:21:37:28 +0500] "GET /ru/contacts-rus?template=accessibility HTTP/1.1" 200 33669 "-" "Mozilla/5.0 (Macintosh; Intel Mac OS X 10_15_7) AppleWebKit/537.36 (KHTML, like Gecko) Chrome/120.0.0.0 Safari/537.36"
161.153.65.134 - - [24/Aug/2026:21:37:57 +0500] "GET /uz?start=24&v=1 HTTP/1.1" 200 8000 "-" "Mozilla/5.0 (X11; Linux aarch64) AppleWebKit/537.36 (KHTML, like Gecko) Chrome/139.0.0.0 Safari/537.36"
85.208.96.197 - - [24/Aug/2026:21:38:19 +0500] "GET /uz/?amp%3Bstart=48&function=call_user_func_array&start=20&vars%5B1%5D%5B0%5D=1 HTTP/1.1" 200 68733 "-" "Mozilla/5.0 (compatible; SemrushBot/7~bl; +http://www.semrush.com/bot.html)"
161.153.65.134 - - [24/Aug/2026:21:38:35 +0500] "GET /uz?start=24&v=1 HTTP/1.1" 200 15601 "-" "Mozilla/5.0 (X11; Linux aarch64) AppleWebKit/537.36 (KHTML, like Gecko) Chrome/139.0.0.0 Safari/537.36"
34.10.180.98 - - [24/Aug/2026:21:39:07 +0500] "GET /ru/component/search/?Itemid=328&catid=32&format=opensearch&id=225 HTTP/1.1" 200 770 "-" "Mozilla/5.0 (Macintosh; Intel Mac OS X 10_15_7) AppleWebKit/537.36 (KHTML, like Gecko) Chrome/120.0.0.0 Safari/537.36"
116.179.32.87 - - [24/Aug/2026:21:39:34 +0500] "GET /uz/news-uzb/329-meeting-02-04-2021 HTTP/1.1" 200 60628 "-" "Mozilla/5.0 (compatible; Baiduspider/2.0; +http://www.baidu.com/search/spider.html)"
34.171.185.148 - - [24/Aug/2026:21:41:02 +0500] "GET / HTTP/1.1" 301 - "-" "Mozilla/5.0 (compatible; CMS-Checker/1.0; +https://example.com)"
34.171.185.148 - - [24/Aug/2026:21:41:02 +0500] "GET / HTTP/1.1" 301 - "-" "Mozilla/5.0 (compatible; CMS-Checker/1.0; +https://example.com)"
34.171.185.148 - - [24/Aug/2026:21:41:09 +0500] "GET /uz/ HTTP/1.1" 200 68619 "http://www.eskijuva-bozori.uz" "Mozilla/5.0 (compatible; CMS-Checker/1.0; +https://example.com)"
34.171.185.148 - - [24/Aug/2026:21:41:10 +0500] "GET /uz/ HTTP/1.1" 200 68899 "http://www.eskijuva-bozori.uz.uzbekgidroenergoqurilish.uz" "Mozilla/5.0 (compatible; CMS-Checker/1.0; +https://example.com)"
43.157.181.189 - - [24/Aug/2026:21:42:23 +0500] "GET /uz/news-uzb?template=accessibility HTTP/1.1" 200 34804 "-" "Mozilla/5.0 (iPhone; CPU iPhone OS 13_2_3 like Mac OS X) AppleWebKit/605.1.15 (KHTML, like Gecko) Version/13.0.3 Mobile/15E148 Safari/604.1"
85.208.96.212 - - [24/Aug/2026:21:43:58 +0500] "GET /uz/?function=call_user_func_array&s=index%2Fthink%5C%5C%5C%5C%5C%5C%5C%5C%5C%5C%5C%5C%5C%5C%5C%5C%5C%5C%5C%5C%5C%5C%5C%5C%5C%5C%5C%5C%5C%5C%5C%5Capp%2Finvokefunction&start=44&vars%5B0%5D=phpinfo&vars%5B1%5D%5B0%5D=1 HTTP/1.1" 508 288 "-" "Mozilla/5.0 (compatible; SemrushBot/7~bl; +http://www.semrush.com/bot.html)"
34.57.162.91 - - [24/Aug/2026:21:44:08 +0500] "GET /docs/audit/audit-2020.pdf HTTP/1.1" 200 482400 "-" "Mozilla/5.0 (Macintosh; Intel Mac OS X 10_15_7) AppleWebKit/537.36 (KHTML, like Gecko) Chrome/120.0.0.0 Safari/537.36"
85.208.96.202 - - [24/Aug/2026:21:44:04 +0500] "GET /uz/facts-uzb/455-sush-fakt-36-07-04-2025-pdf HTTP/1.1" 200 56996 "-" "Mozilla/5.0 (compatible; SemrushBot/7~bl; +http://www.semrush.com/bot.html)"
34.171.68.95 - - [24/Aug/2026:21:44:23 +0500] "GET /ru/jsc-docs-rus?template=yoo_master2 HTTP/1.1" 200 61917 "-" "Mozilla/5.0 (Macintosh; Intel Mac OS X 10_15_7) AppleWebKit/537.36 (KHTML, like Gecko) Chrome/120.0.0.0 Safari/537.36"
185.191.171.3 - - [24/Aug/2026:21:44:32 +0500] "GET /ru/about-org-rus/strategy-rus/15-russian/officially-rus HTTP/1.1" 200 59916 "-" "Mozilla/5.0 (compatible; SemrushBot/7~bl; +http://www.semrush.com/bot.html)"
85.208.96.212 - - [24/Aug/2026:21:44:57 +0500] "GET /uz/facts-uzb/303-08-fact-19-05-2020-ns HTTP/1.1" 508 288 "-" "Mozilla/5.0 (compatible; SemrushBot/7~bl; +http://www.semrush.com/bot.html)"
85.208.96.204 - - [24/Aug/2026:21:44:58 +0500] "GET /ru/votes-rus?start=10&template=yoo_master2 HTTP/1.1" 508 288 "-" "Mozilla/5.0 (compatible; SemrushBot/7~bl; +http://www.semrush.com/bot.html)"
136.66.206.178 - - [24/Aug/2026:21:45:16 +0500] "GET / HTTP/1.1" 508 288 "-" "Mozilla/5.0 (compatible; CMS-Checker/1.0; +https://example.com)"
136.66.206.178 - - [24/Aug/2026:21:45:16 +0500] "GET / HTTP/1.1" 508 288 "-" "Mozilla/5.0 (compatible; CMS-Checker/1.0; +https://example.com)"
216.73.216.101 - - [24/Aug/2026:21:45:17 +0500] "GET /?r=t9o9r5u0l9a4f6o7r2m4 HTTP/1.1" 508 288 "-" "Mozilla/5.0 AppleWebKit/537.36 (KHTML, like Gecko; compatible; ClaudeBot/1.0; +claudebot@anthropic.com)"
34.10.180.98 - - [24/Aug/2026:21:45:05 +0500] "GET /ru/officially-rus/tenders-rus?start=12 HTTP/1.1" 200 64161 "-" "Mozilla/5.0 (Macintosh; Intel Mac OS X 10_15_7) AppleWebKit/537.36 (KHTML, like Gecko) Chrome/120.0.0.0 Safari/537.36"
34.171.68.95 - - [24/Aug/2026:21:45:27 +0500] "GET /uz/?author=16&start=24 HTTP/1.1" 200 67752 "-" "Mozilla/5.0 (Macintosh; Intel Mac OS X 10_15_7) AppleWebKit/537.36 (KHTML, like Gecko) Chrome/120.0.0.0 Safari/537.36"
34.123.149.87 - - [24/Aug/2026:21:45:32 +0500] "GET /ru/news-rus/65-vnimaniyu-aktsionrov-eski-juva-dehqon-bozori HTTP/1.1" 200 60095 "-" "Mozilla/5.0 (Macintosh; Intel Mac OS X 10_15_7) AppleWebKit/537.36 (KHTML, like Gecko) Chrome/120.0.0.0 Safari/537.36"
216.73.216.101 - - [24/Aug/2026:21:45:53 +0500] "GET /uz/?%60=d3i3o1m9e5d9e1a1131&format=feed&type=rss HTTP/1.1" 200 5739 "-" "Mozilla/5.0 AppleWebKit/537.36 (KHTML, like Gecko; compatible; ClaudeBot/1.0; +claudebot@anthropic.com)"
216.73.216.101 - - [24/Aug/2026:21:46:05 +0500] "GET /?r=d9u2m5d1u7m611054 HTTP/1.1" 508 288 "-" "Mozilla/5.0 AppleWebKit/537.36 (KHTML, like Gecko; compatible; ClaudeBot/1.0; +claudebot@anthropic.com)"
136.109.8.93 - - [24/Aug/2026:21:46:17 +0500] "GET / HTTP/1.1" 301 - "-" "Mozilla/5.0 (compatible; CMS-Checker/1.0; +https://example.com)"
216.73.216.101 - - [24/Aug/2026:21:46:18 +0500] "GET /crottle/volvulus/93587508692 HTTP/1.1" 301 - "-" "Mozilla/5.0 AppleWebKit/537.36 (KHTML, like Gecko; compatible; ClaudeBot/1.0; +claudebot@anthropic.com)"
216.73.216.101 - - [24/Aug/2026:21:46:24 +0500] "GET /mange/l9u6c0u8l4e0n2t461 HTTP/1.1" 301 - "-" "Mozilla/5.0 AppleWebKit/537.36 (KHTML, like Gecko; compatible; ClaudeBot/1.0; +claudebot@anthropic.com)"
216.73.216.101 - - [24/Aug/2026:21:46:24 +0500] "GET /uz/crottle/volvulus/93587508692 HTTP/1.1" 404 1215 "http://eskijuva-bozori.uz/crottle/volvulus/93587508692" "Mozilla/5.0 AppleWebKit/537.36 (KHTML, like Gecko; compatible; ClaudeBot/1.0; +claudebot@anthropic.com)"
136.109.8.93 - - [24/Aug/2026:21:46:25 +0500] "GET /uz/ HTTP/1.1" 200 68629 "http://mail.eskijuva-bozori.uz" "Mozilla/5.0 (compatible; CMS-Checker/1.0; +https://example.com)"
216.73.216.101 - - [24/Aug/2026:21:46:28 +0500] "GET /uz/mange/l9u6c0u8l4e0n2t461 HTTP/1.1" 404 1215 "http://eskijuva-bozori.uz/mange/l9u6c0u8l4e0n2t461" "Mozilla/5.0 AppleWebKit/537.36 (KHTML, like Gecko; compatible; ClaudeBot/1.0; +claudebot@anthropic.com)"
216.73.216.101 - - [24/Aug/2026:21:46:36 +0500] "GET /?r=e9x2h3a0u4s1t2e3d130 HTTP/1.1" 301 - "-" "Mozilla/5.0 AppleWebKit/537.36 (KHTML, like Gecko; compatible; ClaudeBot/1.0; +claudebot@anthropic.com)"
216.73.216.101 - - [24/Aug/2026:21:46:39 +0500] "GET /uz/?r=e9x2h3a0u4s1t2e3d130 HTTP/1.1" 200 68358 "http://eskijuva-bozori.uz/?r=e9x2h3a0u4s1t2e3d130" "Mozilla/5.0 AppleWebKit/537.36 (KHTML, like Gecko; compatible; ClaudeBot/1.0; +claudebot@anthropic.com)"
216.73.216.101 - - [24/Aug/2026:21:46:48 +0500] "GET /primitias/adjacence/9114521153 HTTP/1.1" 301 - "-" "Mozilla/5.0 AppleWebKit/537.36 (KHTML, like Gecko; compatible; ClaudeBot/1.0; +claudebot@anthropic.com)"
52.167.144.140 - - [24/Aug/2026:21:46:58 +0500] "GET /docs/2024/ustav-2024.pdf HTTP/1.1" 200 5022560 "-" "Mozilla/5.0 AppleWebKit/537.36 (KHTML, like Gecko; compatible; bingbot/2.0; +http://www.bing.com/bingbot.htm) Chrome/116.0.1938.76 Safari/537.36"
216.73.216.101 - - [24/Aug/2026:21:47:00 +0500] "GET /?r=s9o1a2v5e0m9e7n3t3e82 HTTP/1.1" 508 288 "-" "Mozilla/5.0 AppleWebKit/537.36 (KHTML, like Gecko; compatible; ClaudeBot/1.0; +claudebot@anthropic.com)"
216.73.216.101 - - [24/Aug/2026:21:46:55 +0500] "GET /uz/primitias/adjacence/9114521153 HTTP/1.1" 404 1215 "http://eskijuva-bozori.uz/primitias/adjacence/9114521153" "Mozilla/5.0 AppleWebKit/537.36 (KHTML, like Gecko; compatible; ClaudeBot/1.0; +claudebot@anthropic.com)"
216.73.216.101 - - [24/Aug/2026:21:47:12 +0500] "GET /?r=a9d2v0i6s1e2d5l9y288 HTTP/1.1" 301 - "-" "Mozilla/5.0 AppleWebKit/537.36 (KHTML, like Gecko; compatible; ClaudeBot/1.0; +claudebot@anthropic.com)"
216.73.216.101 - - [24/Aug/2026:21:47:16 +0500] "GET /uz/?r=a9d2v0i6s1e2d5l9y288 HTTP/1.1" 200 68358 "http://eskijuva-bozori.uz/?r=a9d2v0i6s1e2d5l9y288" "Mozilla/5.0 AppleWebKit/537.36 (KHTML, like Gecko; compatible; ClaudeBot/1.0; +claudebot@anthropic.com)"
216.73.216.101 - - [24/Aug/2026:21:47:19 +0500] "GET /shops/unfellowed/e9y1e9f3u7l429052 HTTP/1.1" 301 - "-" "Mozilla/5.0 AppleWebKit/537.36 (KHTML, like Gecko; compatible; ClaudeBot/1.0; +claudebot@anthropic.com)"
216.73.216.101 - - [24/Aug/2026:21:47:25 +0500] "GET /uz/shops/unfellowed/e9y1e9f3u7l429052 HTTP/1.1" 404 1215 "http://eskijuva-bozori.uz/shops/unfellowed/e9y1e9f3u7l429052" "Mozilla/5.0 AppleWebKit/537.36 (KHTML, like Gecko; compatible; ClaudeBot/1.0; +claudebot@anthropic.com)"
216.73.216.101 - - [24/Aug/2026:21:47:31 +0500] "GET /shops/volitable/s9p1a2t5i4a5t1e3594 HTTP/1.1" 301 - "-" "Mozilla/5.0 AppleWebKit/537.36 (KHTML, like Gecko; compatible; ClaudeBot/1.0; +claudebot@anthropic.com)"
34.171.68.95 - - [24/Aug/2026:21:47:39 +0500] "GET /docs/2025/poloj-ns-2023-2.doc HTTP/1.1" 200 141824 "-" "Mozilla/5.0 (Macintosh; Intel Mac OS X 10_15_7) AppleWebKit/537.36 (KHTML, like Gecko) Chrome/120.0.0.0 Safari/537.36"
216.73.216.101 - - [24/Aug/2026:21:47:35 +0500] "GET /uz/shops/volitable/s9p1a2t5i4a5t1e3594 HTTP/1.1" 404 1215 "http://eskijuva-bozori.uz/shops/volitable/s9p1a2t5i4a5t1e3594" "Mozilla/5.0 AppleWebKit/537.36 (KHTML, like Gecko; compatible; ClaudeBot/1.0; +claudebot@anthropic.com)"
216.73.216.101 - - [24/Aug/2026:21:47:51 +0500] "GET /?r=i9m2a6g0i6n4a3b4l3e34 HTTP/1.1" 301 - "-" "Mozilla/5.0 AppleWebKit/537.36 (KHTML, like Gecko; compatible; ClaudeBot/1.0; +claudebot@anthropic.com)"
216.73.216.101 - - [24/Aug/2026:21:47:57 +0500] "GET /uz/?r=i9m2a6g0i6n4a3b4l3e34 HTTP/1.1" 200 68359 "http://eskijuva-bozori.uz/?r=i9m2a6g0i6n4a3b4l3e34" "Mozilla/5.0 AppleWebKit/537.36 (KHTML, like Gecko; compatible; ClaudeBot/1.0; +claudebot@anthropic.com)"
216.73.216.101 - - [24/Aug/2026:21:48:03 +0500] "GET /?r=s9a7c0c8h3a8r6i0n72 HTTP/1.1" 301 - "-" "Mozilla/5.0 AppleWebKit/537.36 (KHTML, like Gecko; compatible; ClaudeBot/1.0; +claudebot@anthropic.com)"
216.73.216.101 - - [24/Aug/2026:21:48:09 +0500] "GET /uz/?r=s9a7c0c8h3a8r6i0n72 HTTP/1.1" 200 68357 "http://eskijuva-bozori.uz/?r=s9a7c0c8h3a8r6i0n72" "Mozilla/5.0 AppleWebKit/537.36 (KHTML, like Gecko; compatible; ClaudeBot/1.0; +claudebot@anthropic.com)"
34.171.68.95 - - [24/Aug/2026:21:48:15 +0500] "GET /uz/component/search/?Itemid=450&format=opensearch HTTP/1.1" 200 742 "-" "Mozilla/5.0 (Macintosh; Intel Mac OS X 10_15_7) AppleWebKit/537.36 (KHTML, like Gecko) Chrome/120.0.0.0 Safari/537.36"
216.73.216.101 - - [24/Aug/2026:21:48:15 +0500] "GET /shops/offender/b9o1t5t9l0e2s7c2r1e3w0 HTTP/1.1" 301 - "-" "Mozilla/5.0 AppleWebKit/537.36 (KHTML, like Gecko; compatible; ClaudeBot/1.0; +claudebot@anthropic.com)"
216.73.216.101 - - [24/Aug/2026:21:48:23 +0500] "GET /?r=b9a3l8l8a6d8r6y2210 HTTP/1.1" 508 288 "-" "Mozilla/5.0 AppleWebKit/537.36 (KHTML, like Gecko; compatible; ClaudeBot/1.0; +claudebot@anthropic.com)"
34.61.96.6 - - [24/Aug/2026:21:48:24 +0500] "GET /ru/component/search/?Itemid=162&catid=26&format=opensearch&id=415 HTTP/1.1" 508 288 "-" "Mozilla/5.0 (Macintosh; Intel Mac OS X 10_15_7) AppleWebKit/537.36 (KHTML, like Gecko) Chrome/120.0.0.0 Safari/537.36"
216.73.216.101 - - [24/Aug/2026:21:48:21 +0500] "GET /uz/shops/offender/b9o1t5t9l0e2s7c2r1e3w0 HTTP/1.1" 404 1215 "http://eskijuva-bozori.uz/shops/offender/b9o1t5t9l0e2s7c2r1e3w0" "Mozilla/5.0 AppleWebKit/537.36 (KHTML, like Gecko; compatible; ClaudeBot/1.0; +claudebot@anthropic.com)"
216.73.216.101 - - [24/Aug/2026:21:48:41 +0500] "GET /uz/shops/jaghirdar/f9i3l1c9h8e2r65821 HTTP/1.1" 508 288 "http://eskijuva-bozori.uz/shops/jaghirdar/f9i3l1c9h8e2r65821" "Mozilla/5.0 AppleWebKit/537.36 (KHTML, like Gecko; compatible; ClaudeBot/1.0; +claudebot@anthropic.com)"
216.73.216.101 - - [24/Aug/2026:21:48:35 +0500] "GET /shops/jaghirdar/f9i3l1c9h8e2r65821 HTTP/1.1" 301 - "-" "Mozilla/5.0 AppleWebKit/537.36 (KHTML, like Gecko; compatible; ClaudeBot/1.0; +claudebot@anthropic.com)"
216.73.216.101 - - [24/Aug/2026:21:48:47 +0500] "GET /shops/inconspicuousness/e9r2g3a4l9124629 HTTP/1.1" 301 - "-" "Mozilla/5.0 AppleWebKit/537.36 (KHTML, like Gecko; compatible; ClaudeBot/1.0; +claudebot@anthropic.com)"
216.73.216.101 - - [24/Aug/2026:21:48:52 +0500] "GET /uz/shops/inconspicuousness/e9r2g3a4l9124629 HTTP/1.1" 404 1215 "http://eskijuva-bozori.uz/shops/inconspicuousness/e9r2g3a4l9124629" "Mozilla/5.0 AppleWebKit/537.36 (KHTML, like Gecko; compatible; ClaudeBot/1.0; +claudebot@anthropic.com)"
34.10.180.98 - - [24/Aug/2026:21:48:48 +0500] "GET /ru/?start=16 HTTP/1.1" 200 68484 "-" "Mozilla/5.0 (Macintosh; Intel Mac OS X 10_15_7) AppleWebKit/537.36 (KHTML, like Gecko) Chrome/120.0.0.0 Safari/537.36"
34.10.180.98 - - [24/Aug/2026:21:48:52 +0500] "GET /uz/news-uzb/189-meeting-07-06-17-uzb HTTP/1.1" 200 61002 "-" "Mozilla/5.0 (Macintosh; Intel Mac OS X 10_15_7) AppleWebKit/537.36 (KHTML, like Gecko) Chrome/120.0.0.0 Safari/537.36"
216.73.216.101 - - [24/Aug/2026:21:48:59 +0500] "GET /shops/cardiospermum/d9o8s9a9g1e59466 HTTP/1.1" 301 - "-" "Mozilla/5.0 AppleWebKit/537.36 (KHTML, like Gecko; compatible; ClaudeBot/1.0; +claudebot@anthropic.com)"
216.73.216.101 - - [24/Aug/2026:21:49:05 +0500] "GET /uz/shops/cardiospermum/d9o8s9a9g1e59466 HTTP/1.1" 404 1215 "http://eskijuva-bozori.uz/shops/cardiospermum/d9o8s9a9g1e59466" "Mozilla/5.0 AppleWebKit/537.36 (KHTML, like Gecko; compatible; ClaudeBot/1.0; +claudebot@anthropic.com)"
216.73.216.101 - - [24/Aug/2026:21:49:11 +0500] "GET /shops/discomposedly/d9e3p3l7e3t2o5r2y311 HTTP/1.1" 301 - "-" "Mozilla/5.0 AppleWebKit/537.36 (KHTML, like Gecko; compatible; ClaudeBot/1.0; +claudebot@anthropic.com)"
85.208.96.200 - - [24/Aug/2026:21:49:18 +0500] "GET /robots.txt HTTP/1.1" 200 111 "-" "Mozilla/5.0 (compatible; SemrushBot/7~bl; +http://www.semrush.com/bot.html)"
216.73.216.101 - - [24/Aug/2026:21:49:16 +0500] "GET /uz/shops/discomposedly/d9e3p3l7e3t2o5r2y311 HTTP/1.1" 404 1215 "http://eskijuva-bozori.uz/shops/discomposedly/d9e3p3l7e3t2o5r2y311" "Mozilla/5.0 AppleWebKit/537.36 (KHTML, like Gecko; compatible; ClaudeBot/1.0; +claudebot@anthropic.com)"
85.208.96.207 - - [24/Aug/2026:21:49:19 +0500] "GET /uz/?start=32&vars%5B1%5D%5B0%5D=1 HTTP/1.1" 200 68170 "-" "Mozilla/5.0 (compatible; SemrushBot/7~bl; +http://www.semrush.com/bot.html)"
216.73.216.101 - - [24/Aug/2026:21:49:31 +0500] "GET /?r=c9z4a2r5i5n8a40819 HTTP/1.1" 301 - "-" "Mozilla/5.0 AppleWebKit/537.36 (KHTML, like Gecko; compatible; ClaudeBot/1.0; +claudebot@anthropic.com)"
216.73.216.101 - - [24/Aug/2026:21:49:34 +0500] "GET /uz/?r=c9z4a2r5i5n8a40819 HTTP/1.1" 200 68356 "http://eskijuva-bozori.uz/?r=c9z4a2r5i5n8a40819" "Mozilla/5.0 AppleWebKit/537.36 (KHTML, like Gecko; compatible; ClaudeBot/1.0; +claudebot@anthropic.com)"
216.73.216.101 - - [24/Aug/2026:21:49:42 +0500] "GET /shops/yachting/n9o2s3e5d6i3v0e1154 HTTP/1.1" 301 - "-" "Mozilla/5.0 AppleWebKit/537.36 (KHTML, like Gecko; compatible; ClaudeBot/1.0; +claudebot@anthropic.com)"
216.73.216.101 - - [24/Aug/2026:21:49:46 +0500] "GET /uz/shops/yachting/n9o2s3e5d6i3v0e1154 HTTP/1.1" 404 1215 "http://eskijuva-bozori.uz/shops/yachting/n9o2s3e5d6i3v0e1154" "Mozilla/5.0 AppleWebKit/537.36 (KHTML, like Gecko; compatible; ClaudeBot/1.0; +claudebot@anthropic.com)"
216.73.216.101 - - [24/Aug/2026:21:49:55 +0500] "GET /uz/?r=p4i2c5t0u4r1a28660&start=12 HTTP/1.1" 200 68188 "-" "Mozilla/5.0 AppleWebKit/537.36 (KHTML, like Gecko; compatible; ClaudeBot/1.0; +claudebot@anthropic.com)"
34.171.68.95 - - [24/Aug/2026:21:50:08 +0500] "GET /ru/component/search/?Itemid=126&catid=13&format=opensearch&id=472 HTTP/1.1" 200 770 "-" "Mozilla/5.0 (Macintosh; Intel Mac OS X 10_15_7) AppleWebKit/537.36 (KHTML, like Gecko) Chrome/120.0.0.0 Safari/537.36"
216.73.216.101 - - [24/Aug/2026:21:50:07 +0500] "GET /uz/?r=p4i2c5t0u4r1a28660&start=52 HTTP/1.1" 200 69798 "-" "Mozilla/5.0 AppleWebKit/537.36 (KHTML, like Gecko; compatible; ClaudeBot/1.0; +claudebot@anthropic.com)"
216.73.216.101 - - [24/Aug/2026:21:50:21 +0500] "GET /uz/?format=feed&r=s9a7c3c3h2a6r2i9f9y3ing&type=atom HTTP/1.1" 200 8843 "-" "Mozilla/5.0 AppleWebKit/537.36 (KHTML, like Gecko; compatible; ClaudeBot/1.0; +claudebot@anthropic.com)"
216.73.216.101 - - [24/Aug/2026:21:50:33 +0500] "GET /?r=d9r1a2g3o9n5l8i2k7e54 HTTP/1.1" 301 - "-" "Mozilla/5.0 AppleWebKit/537.36 (KHTML, like Gecko; compatible; ClaudeBot/1.0; +claudebot@anthropic.com)"
216.73.216.101 - - [24/Aug/2026:21:50:38 +0500] "GET /uz/?r=d9r1a2g3o9n5l8i2k7e54 HTTP/1.1" 200 68359 "http://eskijuva-bozori.uz/?r=d9r1a2g3o9n5l8i2k7e54" "Mozilla/5.0 AppleWebKit/537.36 (KHTML, like Gecko; compatible; ClaudeBot/1.0; +claudebot@anthropic.com)"
192.178.7.129 - - [24/Aug/2026:21:50:53 +0500] "GET /docs/audit/audit-2019.pdf HTTP/1.1" 200 475741 "-" "Googlebot/2.1 (+http://www.google.com/bot.html)"
34.56.53.225 - - [24/Aug/2026:21:52:02 +0500] "GET /ru/facts-rus/193-06-fact-16-06-17 HTTP/1.1" 200 79168 "-" "Mozilla/5.0 (Macintosh; Intel Mac OS X 10_15_7) AppleWebKit/537.36 (KHTML, like Gecko) Chrome/120.0.0.0 Safari/537.36"
43.165.174.53 - - [24/Aug/2026:21:53:04 +0500] "GET /uz/?r=p4i2c5t0u4r1a28660 HTTP/1.1" 200 68260 "-" "Mozilla/5.0 (iPhone; CPU iPhone OS 13_2_3 like Mac OS X) AppleWebKit/605.1.15 (KHTML, like Gecko) Version/13.0.3 Mobile/15E148 Safari/604.1"
85.208.96.209 - - [24/Aug/2026:21:53:58 +0500] "GET /ru/about-org-rus/strategy-rus/11-russian/about-org-rus HTTP/1.1" 200 61394 "-" "Mozilla/5.0 (compatible; SemrushBot/7~bl; +http://www.semrush.com/bot.html)"
34.10.180.98 - - [24/Aug/2026:21:54:18 +0500] "GET /uz/officially-uzb/old-acts-uzb?format=feed&template=accessibility&type=atom HTTP/1.1" 200 155139 "-" "Mozilla/5.0 (Macintosh; Intel Mac OS X 10_15_7) AppleWebKit/537.36 (KHTML, like Gecko) Chrome/120.0.0.0 Safari/537.36"
34.42.229.145 - - [24/Aug/2026:21:54:37 +0500] "GET /ru/officially-rus/old-acts-rus?template=accessibility HTTP/1.1" 200 28478 "-" "Mozilla/5.0 (Macintosh; Intel Mac OS X 10_15_7) AppleWebKit/537.36 (KHTML, like Gecko) Chrome/120.0.0.0 Safari/537.36"
161.153.125.246 - - [24/Aug/2026:21:55:18 +0500] "GET /uz/officially-uzb/ustav-uzb HTTP/1.1" 200 - "-" "Mozilla/5.0 (X11; Linux aarch64) AppleWebKit/537.36 (KHTML, like Gecko) Chrome/139.0.0.0 Safari/537.36"
161.153.125.246 - - [24/Aug/2026:21:55:22 +0500] "GET /uz/officially-uzb/ustav-uzb HTTP/1.1" 200 - "-" "Mozilla/5.0 (X11; Linux aarch64) AppleWebKit/537.36 (KHTML, like Gecko) Chrome/139.0.0.0 Safari/537.36"
34.57.162.91 - - [24/Aug/2026:21:56:27 +0500] "GET /ru/component/search/?Itemid=164&catid=28&format=opensearch&id=76 HTTP/1.1" 200 766 "-" "Mozilla/5.0 (Macintosh; Intel Mac OS X 10_15_7) AppleWebKit/537.36 (KHTML, like Gecko) Chrome/120.0.0.0 Safari/537.36"
34.171.68.95 - - [24/Aug/2026:21:57:26 +0500] "GET /uz/about-org-uzb/strategy-uzb/98-bussiness-plan-2016-uzb HTTP/1.1" 200 87285 "-" "Mozilla/5.0 (Macintosh; Intel Mac OS X 10_15_7) AppleWebKit/537.36 (KHTML, like Gecko) Chrome/120.0.0.0 Safari/537.36"
172.237.128.200 - - [24/Aug/2026:21:58:56 +0500] "GET / HTTP/1.1" 301 - "-" "Mozilla/5.0 (Windows NT 10.0; Win64; x64) AppleWebKit/537.36 (KHTML, like Gecko) Chrome/84.0.4112.0 Safari/537.36"
172.237.128.200 - - [24/Aug/2026:21:58:59 +0500] "GET /uz/ HTTP/1.1" 200 68434 "http://eskijuva-bozori.uz/" "Mozilla/5.0 (Windows NT 10.0; Win64; x64) AppleWebKit/537.36 (KHTML, like Gecko) Chrome/84.0.4112.0 Safari/537.36"
34.10.180.98 - - [24/Aug/2026:22:00:03 +0500] "GET /ru/news-rus/375-meeting-31-03-2022-en HTTP/1.1" 200 57350 "-" "Mozilla/5.0 (Macintosh; Intel Mac OS X 10_15_7) AppleWebKit/537.36 (KHTML, like Gecko) Chrome/120.0.0.0 Safari/537.36"
34.10.180.98 - - [24/Aug/2026:22:00:19 +0500] "GET /docs/2023/sush_fakt-32-31.03.2023.docx HTTP/1.1" 200 18374 "-" "Mozilla/5.0 (Macintosh; Intel Mac OS X 10_15_7) AppleWebKit/537.36 (KHTML, like Gecko) Chrome/120.0.0.0 Safari/537.36"
34.61.96.6 - - [24/Aug/2026:22:00:24 +0500] "GET /ru/votes-rus?format=feed&template=accessibility&type=rss HTTP/1.1" 200 7880 "-" "Mozilla/5.0 (Macintosh; Intel Mac OS X 10_15_7) AppleWebKit/537.36 (KHTML, like Gecko) Chrome/120.0.0.0 Safari/537.36"
216.73.216.101 - - [24/Aug/2026:22:02:48 +0500] "GET /coursey/o9g4e4e1c4h0e6e706 HTTP/1.1" 301 - "-" "Mozilla/5.0 AppleWebKit/537.36 (KHTML, like Gecko; compatible; ClaudeBot/1.0; +claudebot@anthropic.com)"
216.73.216.101 - - [24/Aug/2026:22:02:53 +0500] "GET /uz/coursey/o9g4e4e1c4h0e6e706 HTTP/1.1" 404 1215 "http://eskijuva-bozori.uz/coursey/o9g4e4e1c4h0e6e706" "Mozilla/5.0 AppleWebKit/537.36 (KHTML, like Gecko; compatible; ClaudeBot/1.0; +claudebot@anthropic.com)"
152.70.156.225 - - [24/Aug/2026:22:02:56 +0500] "GET /uz?start=40 HTTP/1.1" 200 15601 "-" "Mozilla/5.0 (X11; Linux aarch64) AppleWebKit/537.36 (KHTML, like Gecko) Chrome/139.0.0.0 Safari/537.36"
152.70.156.225 - - [24/Aug/2026:22:03:00 +0500] "GET /uz?start=40 HTTP/1.1" 200 68556 "-" "Mozilla/5.0 (X11; Linux aarch64) AppleWebKit/537.36 (KHTML, like Gecko) Chrome/139.0.0.0 Safari/537.36"
85.208.96.196 - - [24/Aug/2026:22:03:21 +0500] "GET /robots.txt HTTP/1.1" 200 111 "-" "Mozilla/5.0 (compatible; SemrushBot/7~bl; +http://www.semrush.com/bot.html)"
43.160.219.206 - - [24/Aug/2026:22:03:19 +0500] "GET /uz/about-org-uzb/sajt-kharitasi HTTP/1.1" 200 58504 "-" "Mozilla/5.0 (iPhone; CPU iPhone OS 13_2_3 like Mac OS X) AppleWebKit/605.1.15 (KHTML, like Gecko) Version/13.0.3 Mobile/15E148 Safari/604.1"
185.191.171.7 - - [24/Aug/2026:22:03:21 +0500] "GET /uz/?function=call_user_func_array&s=index%2Fthink%5C%5C%5C%5C%5C%5C%5C%5C%5C%5C%5C%5C%5C%5C%5C%5C%5C%5C%5C%5C%5C%5C%5C%5C%5C%5C%5C%5C%5C%5C%5C%5C%5C%5C%5C%5C%5C%5C%5C%5C%5C%5C%5C%5C%5C%5C%5C%5C%5C%5C%5C%5C%5C%5C%5C%5C%5C%5C%5C%5C%5C%5C%5C%5Capp%2Finvokefunction&start=40&vars%5B0%5D=phpinfo&vars%5B1%5D%5B0%5D=1 HTTP/1.1" 200 68785 "-" "Mozilla/5.0 (compatible; SemrushBot/7~bl; +http://www.semrush.com/bot.html)"
113.44.113.46 - - [24/Aug/2026:22:03:38 +0500] "GET /robots.txt HTTP/1.1" 200 111 "http://eskijuva-bozori.uz.uzbekgidroenergoqurilish.uz/robots.txt" "Mozilla/5.0 (Macintosh; Intel Mac OS X 10_15_7) AppleWebKit/537.36 (KHTML, like Gecko) Chrome/131.0.0.0 Safari/537.36"
216.73.216.101 - - [24/Aug/2026:22:04:22 +0500] "GET /noggin/muckinder/93247856743 HTTP/1.1" 301 - "-" "Mozilla/5.0 AppleWebKit/537.36 (KHTML, like Gecko; compatible; ClaudeBot/1.0; +claudebot@anthropic.com)"
216.73.216.101 - - [24/Aug/2026:22:04:28 +0500] "GET /uz/noggin/muckinder/93247856743 HTTP/1.1" 404 1215 "http://eskijuva-bozori.uz/noggin/muckinder/93247856743" "Mozilla/5.0 AppleWebKit/537.36 (KHTML, like Gecko; compatible; ClaudeBot/1.0; +claudebot@anthropic.com)"
144.24.26.246 - - [24/Aug/2026:22:04:33 +0500] "GET /uz?yandex-source=desktop-maps HTTP/1.1" 200 15980 "-" "Mozilla/5.0 (X11; Linux aarch64) AppleWebKit/537.36 (KHTML, like Gecko) Chrome/139.0.0.0 Safari/537.36"
144.24.26.246 - - [24/Aug/2026:22:04:38 +0500] "GET /uz?yandex-source=desktop-maps HTTP/1.1" 200 15601 "-" "Mozilla/5.0 (X11; Linux aarch64) AppleWebKit/537.36 (KHTML, like Gecko) Chrome/139.0.0.0 Safari/537.36"
216.73.216.101 - - [24/Aug/2026:22:04:46 +0500] "GET /?r=t9e2r3e1d7i7n4e8s278 HTTP/1.1" 301 - "-" "Mozilla/5.0 AppleWebKit/537.36 (KHTML, like Gecko; compatible; ClaudeBot/1.0; +claudebot@anthropic.com)"
216.73.216.101 - - [24/Aug/2026:22:04:51 +0500] "GET /uz/?r=t9e2r3e1d7i7n4e8s278 HTTP/1.1" 200 68213 "http://eskijuva-bozori.uz/?r=t9e2r3e1d7i7n4e8s278" "Mozilla/5.0 AppleWebKit/537.36 (KHTML, like Gecko; compatible; ClaudeBot/1.0; +claudebot@anthropic.com)"
216.73.216.101 - - [24/Aug/2026:22:04:54 +0500] "GET /?r=d9i2o8p5t7a2s3e8234 HTTP/1.1" 301 - "-" "Mozilla/5.0 AppleWebKit/537.36 (KHTML, like Gecko; compatible; ClaudeBot/1.0; +claudebot@anthropic.com)"
216.73.216.101 - - [24/Aug/2026:22:04:59 +0500] "GET /uz/?r=d9i2o8p5t7a2s3e8234 HTTP/1.1" 200 68212 "http://eskijuva-bozori.uz/?r=d9i2o8p5t7a2s3e8234" "Mozilla/5.0 AppleWebKit/537.36 (KHTML, like Gecko; compatible; ClaudeBot/1.0; +claudebot@anthropic.com)"
216.73.216.101 - - [24/Aug/2026:22:05:18 +0500] "GET /shops/cubed/s9w8a4m1p6e9d4127 HTTP/1.1" 508 288 "-" "Mozilla/5.0 AppleWebKit/537.36 (KHTML, like Gecko; compatible; ClaudeBot/1.0; +claudebot@anthropic.com)"
216.73.216.101 - - [24/Aug/2026:22:05:33 +0500] "GET /?r=c9a4p0r7i2o1l2e1014 HTTP/1.1" 508 288 "-" "Mozilla/5.0 AppleWebKit/537.36 (KHTML, like Gecko; compatible; ClaudeBot/1.0; +claudebot@anthropic.com)"
216.73.216.101 - - [24/Aug/2026:22:05:57 +0500] "GET /?r=e9m2p6a3i5r988237 HTTP/1.1" 301 - "-" "Mozilla/5.0 AppleWebKit/537.36 (KHTML, like Gecko; compatible; ClaudeBot/1.0; +claudebot@anthropic.com)"
34.171.68.95 - - [24/Aug/2026:22:05:55 +0500] "GET /uz/officially-uzb/tenders-uzb/358-vacancy-director-2022-uzb HTTP/1.1" 200 57270 "-" "Mozilla/5.0 (Macintosh; Intel Mac OS X 10_15_7) AppleWebKit/537.36 (KHTML, like Gecko) Chrome/120.0.0.0 Safari/537.36"
216.73.216.101 - - [24/Aug/2026:22:06:03 +0500] "GET /?r=c9a5s9c2a3r9o8n377 HTTP/1.1" 301 - "-" "Mozilla/5.0 AppleWebKit/537.36 (KHTML, like Gecko; compatible; ClaudeBot/1.0; +claudebot@anthropic.com)"
216.73.216.101 - - [24/Aug/2026:22:06:03 +0500] "GET /uz/?r=e9m2p6a3i5r988237 HTTP/1.1" 200 68210 "http://eskijuva-bozori.uz/?r=e9m2p6a3i5r988237" "Mozilla/5.0 AppleWebKit/537.36 (KHTML, like Gecko; compatible; ClaudeBot/1.0; +claudebot@anthropic.com)"
216.73.216.101 - - [24/Aug/2026:22:06:09 +0500] "GET /uz/?r=c9a5s9c2a3r9o8n377 HTTP/1.1" 200 68211 "http://eskijuva-bozori.uz/?r=c9a5s9c2a3r9o8n377" "Mozilla/5.0 AppleWebKit/537.36 (KHTML, like Gecko; compatible; ClaudeBot/1.0; +claudebot@anthropic.com)"
216.73.216.101 - - [24/Aug/2026:22:06:28 +0500] "GET /?r=e9n1d5e5a8v4o3r423 HTTP/1.1" 301 - "-" "Mozilla/5.0 AppleWebKit/537.36 (KHTML, like Gecko; compatible; ClaudeBot/1.0; +claudebot@anthropic.com)"
216.73.216.101 - - [24/Aug/2026:22:06:33 +0500] "GET /uz/?r=e9n1d5e5a8v4o3r423 HTTP/1.1" 200 68211 "http://eskijuva-bozori.uz/?r=e9n1d5e5a8v4o3r423" "Mozilla/5.0 AppleWebKit/537.36 (KHTML, like Gecko; compatible; ClaudeBot/1.0; +claudebot@anthropic.com)"
216.73.216.101 - - [24/Aug/2026:22:06:36 +0500] "GET /?r=p9a3l0a0t7a6l7i4s2e30 HTTP/1.1" 301 - "-" "Mozilla/5.0 AppleWebKit/537.36 (KHTML, like Gecko; compatible; ClaudeBot/1.0; +claudebot@anthropic.com)"
216.73.216.101 - - [24/Aug/2026:22:06:42 +0500] "GET /uz/?r=p9a3l0a0t7a6l7i4s2e30 HTTP/1.1" 200 68214 "http://eskijuva-bozori.uz/?r=p9a3l0a0t7a6l7i4s2e30" "Mozilla/5.0 AppleWebKit/537.36 (KHTML, like Gecko; compatible; ClaudeBot/1.0; +claudebot@anthropic.com)"
216.73.216.101 - - [24/Aug/2026:22:06:46 +0500] "GET /?r=b9a2t4t4e4n6i0n7g694 HTTP/1.1" 301 - "-" "Mozilla/5.0 AppleWebKit/537.36 (KHTML, like Gecko; compatible; ClaudeBot/1.0; +claudebot@anthropic.com)"
216.73.216.101 - - [24/Aug/2026:22:06:52 +0500] "GET /uz/?r=b9a2t4t4e4n6i0n7g694 HTTP/1.1" 200 68213 "http://eskijuva-bozori.uz/?r=b9a2t4t4e4n6i0n7g694" "Mozilla/5.0 AppleWebKit/537.36 (KHTML, like Gecko; compatible; ClaudeBot/1.0; +claudebot@anthropic.com)"
216.73.216.101 - - [24/Aug/2026:22:07:10 +0500] "GET /shops/disaffirm/p9r2o2v1o8k9e7d6766 HTTP/1.1" 301 - "-" "Mozilla/5.0 AppleWebKit/537.36 (KHTML, like Gecko; compatible; ClaudeBot/1.0; +claudebot@anthropic.com)"
216.73.216.101 - - [24/Aug/2026:22:07:15 +0500] "GET /uz/shops/disaffirm/p9r2o2v1o8k9e7d6766 HTTP/1.1" 404 1215 "http://eskijuva-bozori.uz/shops/disaffirm/p9r2o2v1o8k9e7d6766" "Mozilla/5.0 AppleWebKit/537.36 (KHTML, like Gecko; compatible; ClaudeBot/1.0; +claudebot@anthropic.com)"
216.73.216.101 - - [24/Aug/2026:22:07:34 +0500] "GET /?r=b9u2l0b0o8s1a66338 HTTP/1.1" 301 - "-" "Mozilla/5.0 AppleWebKit/537.36 (KHTML, like Gecko; compatible; ClaudeBot/1.0; +claudebot@anthropic.com)"
216.73.216.101 - - [24/Aug/2026:22:07:42 +0500] "GET /?r=e9n3t9h2y3m5e9m5e692 HTTP/1.1" 508 288 "-" "Mozilla/5.0 AppleWebKit/537.36 (KHTML, like Gecko; compatible; ClaudeBot/1.0; +claudebot@anthropic.com)"
43.128.149.102 - - [24/Aug/2026:22:07:50 +0500] "GET /uz/news-uzb/432-meeting-01-04-2024-uz-2 HTTP/1.1" 508 288 "-" "Mozilla/5.0 (iPhone; CPU iPhone OS 13_2_3 like Mac OS X) AppleWebKit/605.1.15 (KHTML, like Gecko) Version/13.0.3 Mobile/15E148 Safari/604.1"
216.73.216.101 - - [24/Aug/2026:22:07:40 +0500] "GET /uz/?r=b9u2l0b0o8s1a66338 HTTP/1.1" 200 68223 "http://eskijuva-bozori.uz/?r=b9u2l0b0o8s1a66338" "Mozilla/5.0 AppleWebKit/537.36 (KHTML, like Gecko; compatible; ClaudeBot/1.0; +claudebot@anthropic.com)"
216.73.216.101 - - [24/Aug/2026:22:08:06 +0500] "GET /?r=a9g2g6r9e5g9e28350 HTTP/1.1" 508 288 "-" "Mozilla/5.0 AppleWebKit/537.36 (KHTML, like Gecko; compatible; ClaudeBot/1.0; +claudebot@anthropic.com)"
34.10.180.98 - - [24/Aug/2026:22:08:23 +0500] "GET /uz/facts-uzb/55-05-mansabdor-shaxslarning-shaxsij-tarkibidagi-uzgarishlar HTTP/1.1" 200 60588 "-" "Mozilla/5.0 (Macintosh; Intel Mac OS X 10_15_7) AppleWebKit/537.36 (KHTML, like Gecko) Chrome/120.0.0.0 Safari/537.36"
216.73.216.101 - - [24/Aug/2026:22:08:31 +0500] "GET /shops/affected/n9u1c7i7f9r5a0g7a72 HTTP/1.1" 301 - "-" "Mozilla/5.0 AppleWebKit/537.36 (KHTML, like Gecko; compatible; ClaudeBot/1.0; +claudebot@anthropic.com)"
216.73.216.101 - - [24/Aug/2026:22:08:36 +0500] "GET /uz/shops/affected/n9u1c7i7f9r5a0g7a72 HTTP/1.1" 404 1215 "http://eskijuva-bozori.uz/shops/affected/n9u1c7i7f9r5a0g7a72" "Mozilla/5.0 AppleWebKit/537.36 (KHTML, like Gecko; compatible; ClaudeBot/1.0; +claudebot@anthropic.com)"
34.10.180.98 - - [24/Aug/2026:22:08:51 +0500] "GET /uz/component/search/?Itemid=171&catid=25&format=opensearch&id=433 HTTP/1.1" 200 766 "-" "Mozilla/5.0 (Macintosh; Intel Mac OS X 10_15_7) AppleWebKit/537.36 (KHTML, like Gecko) Chrome/120.0.0.0 Safari/537.36"
216.73.216.101 - - [24/Aug/2026:22:08:55 +0500] "GET /shops/freshly/r9e4m1a1r9q8u9e2053 HTTP/1.1" 301 - "-" "Mozilla/5.0 AppleWebKit/537.36 (KHTML, like Gecko; compatible; ClaudeBot/1.0; +claudebot@anthropic.com)"
216.73.216.101 - - [24/Aug/2026:22:09:02 +0500] "GET /uz/shops/freshly/r9e4m1a1r9q8u9e2053 HTTP/1.1" 404 1215 "http://eskijuva-bozori.uz/shops/freshly/r9e4m1a1r9q8u9e2053" "Mozilla/5.0 AppleWebKit/537.36 (KHTML, like Gecko; compatible; ClaudeBot/1.0; +claudebot@anthropic.com)"
216.73.216.101 - - [24/Aug/2026:22:09:17 +0500] "GET /?r=c9o3r6v3e5n566060 HTTP/1.1" 508 288 "-" "Mozilla/5.0 AppleWebKit/537.36 (KHTML, like Gecko; compatible; ClaudeBot/1.0; +claudebot@anthropic.com)"
34.194.226.74 - - [24/Aug/2026:22:09:09 +0500] "GET /uz/?_cb=5635810879191327036&start=44 HTTP/1.1" 200 69864 "-" "Mozilla/5.0 AppleWebKit/537.36 (KHTML, like Gecko; compatible; Amazonbot/0.1; +https://developer.amazon.com/support/amazonbot) Chrome/119.0.6045.214 Safari/537.36"
34.123.149.87 - - [24/Aug/2026:22:09:11 +0500] "GET /uz/facts-uzb/366-08-fact-31-03-2022-ns HTTP/1.1" 200 57170 "-" "Mozilla/5.0 (Macintosh; Intel Mac OS X 10_15_7) AppleWebKit/537.36 (KHTML, like Gecko) Chrome/120.0.0.0 Safari/537.36"
34.235.239.240 - - [24/Aug/2026:22:09:16 +0500] "GET /uz/?function=call_user_func_array&start=32&vars[0]=phpinfo&vars[1][0]=1 HTTP/1.1" 200 69181 "-" "Mozilla/5.0 AppleWebKit/537.36 (KHTML, like Gecko; compatible; Amazonbot/0.1; +https://developer.amazon.com/support/amazonbot) Chrome/119.0.6045.214 Safari/537.36"
216.73.216.101 - - [24/Aug/2026:22:09:41 +0500] "GET /?r=w9h1i6t4e0b7i9l5l815 HTTP/1.1" 301 - "-" "Mozilla/5.0 AppleWebKit/537.36 (KHTML, like Gecko; compatible; ClaudeBot/1.0; +claudebot@anthropic.com)"
216.73.216.101 - - [24/Aug/2026:22:09:48 +0500] "GET /uz/?r=w9h1i6t4e0b7i9l5l815 HTTP/1.1" 200 68225 "http://eskijuva-bozori.uz/?r=w9h1i6t4e0b7i9l5l815" "Mozilla/5.0 AppleWebKit/537.36 (KHTML, like Gecko; compatible; ClaudeBot/1.0; +claudebot@anthropic.com)"
216.73.216.101 - - [24/Aug/2026:22:10:05 +0500] "GET /shops/renner/a9f4f2i4r8m5a7t0i7v1e7ly HTTP/1.1" 301 - "-" "Mozilla/5.0 AppleWebKit/537.36 (KHTML, like Gecko; compatible; ClaudeBot/1.0; +claudebot@anthropic.com)"
43.130.32.245 - - [24/Aug/2026:22:10:08 +0500] "GET / HTTP/1.1" 301 - "-" "Mozilla/5.0 (iPhone; CPU iPhone OS 13_2_3 like Mac OS X) AppleWebKit/605.1.15 (KHTML, like Gecko) Version/13.0.3 Mobile/15E148 Safari/604.1"
216.73.216.101 - - [24/Aug/2026:22:10:11 +0500] "GET /?r=l9a4v0a1r8e9t58134 HTTP/1.1" 301 - "-" "Mozilla/5.0 AppleWebKit/537.36 (KHTML, like Gecko; compatible; ClaudeBot/1.0; +claudebot@anthropic.com)"
216.73.216.101 - - [24/Aug/2026:22:10:11 +0500] "GET /uz/shops/renner/a9f4f2i4r8m5a7t0i7v1e7ly HTTP/1.1" 404 1215 "http://eskijuva-bozori.uz/shops/renner/a9f4f2i4r8m5a7t0i7v1e7ly" "Mozilla/5.0 AppleWebKit/537.36 (KHTML, like Gecko; compatible; ClaudeBot/1.0; +claudebot@anthropic.com)"
43.130.32.245 - - [24/Aug/2026:22:10:14 +0500] "GET /uz/ HTTP/1.1" 200 68486 "http://www.eskijuva-bozori.uz" "Mozilla/5.0 (iPhone; CPU iPhone OS 13_2_3 like Mac OS X) AppleWebKit/605.1.15 (KHTML, like Gecko) Version/13.0.3 Mobile/15E148 Safari/604.1"
216.73.216.101 - - [24/Aug/2026:22:10:16 +0500] "GET /uz/?r=l9a4v0a1r8e9t58134 HTTP/1.1" 200 68223 "http://eskijuva-bozori.uz/?r=l9a4v0a1r8e9t58134" "Mozilla/5.0 AppleWebKit/537.36 (KHTML, like Gecko; compatible; ClaudeBot/1.0; +claudebot@anthropic.com)"
216.73.216.101 - - [24/Aug/2026:22:10:35 +0500] "GET /shops/empiricism/c9a3m7b0i7s0t6937 HTTP/1.1" 301 - "-" "Mozilla/5.0 AppleWebKit/537.36 (KHTML, like Gecko; compatible; ClaudeBot/1.0; +claudebot@anthropic.com)"
216.73.216.101 - - [24/Aug/2026:22:10:39 +0500] "GET /uz/shops/empiricism/c9a3m7b0i7s0t6937 HTTP/1.1" 404 1215 "http://eskijuva-bozori.uz/shops/empiricism/c9a3m7b0i7s0t6937" "Mozilla/5.0 AppleWebKit/537.36 (KHTML, like Gecko; compatible; ClaudeBot/1.0; +claudebot@anthropic.com)"
216.73.216.101 - - [24/Aug/2026:22:10:59 +0500] "GET /shops/enclosure/c9a2l2o1r1i4s54899 HTTP/1.1" 301 - "-" "Mozilla/5.0 AppleWebKit/537.36 (KHTML, like Gecko; compatible; ClaudeBot/1.0; +claudebot@anthropic.com)"
216.73.216.101 - - [24/Aug/2026:22:11:05 +0500] "GET /?r=a9r2c2h7e0s5p4o9r8i2u4m HTTP/1.1" 301 - "-" "Mozilla/5.0 AppleWebKit/537.36 (KHTML, like Gecko; compatible; ClaudeBot/1.0; +claudebot@anthropic.com)"
216.73.216.101 - - [24/Aug/2026:22:11:04 +0500] "GET /uz/shops/enclosure/c9a2l2o1r1i4s54899 HTTP/1.1" 404 1215 "http://eskijuva-bozori.uz/shops/enclosure/c9a2l2o1r1i4s54899" "Mozilla/5.0 AppleWebKit/537.36 (KHTML, like Gecko; compatible; ClaudeBot/1.0; +claudebot@anthropic.com)"
34.171.68.95 - - [24/Aug/2026:22:11:18 +0500] "GET /media/aridocsviewer/pdfjs/web/viewer.html?file=http://www.eskijuva-bozori.uz/docs/2025/prospectus-change-20-11-2025.pdf HTTP/1.1" 200 19712 "-" "Mozilla/5.0 (Macintosh; Intel Mac OS X 10_15_7) AppleWebKit/537.36 (KHTML, like Gecko) Chrome/120.0.0.0 Safari/537.36"
216.73.216.101 - - [24/Aug/2026:22:11:12 +0500] "GET /uz/?r=a9r2c2h7e0s5p4o9r8i2u4m HTTP/1.1" 200 68228 "http://eskijuva-bozori.uz/?r=a9r2c2h7e0s5p4o9r8i2u4m" "Mozilla/5.0 AppleWebKit/537.36 (KHTML, like Gecko; compatible; ClaudeBot/1.0; +claudebot@anthropic.com)"
34.171.68.95 - - [24/Aug/2026:22:11:15 +0500] "GET /uz/facts-uzb/333-06-fact-02-04-2021 HTTP/1.1" 200 57055 "-" "Mozilla/5.0 (Macintosh; Intel Mac OS X 10_15_7) AppleWebKit/537.36 (KHTML, like Gecko) Chrome/120.0.0.0 Safari/537.36"
216.73.216.101 - - [24/Aug/2026:22:11:30 +0500] "GET /shops/homebody/c9o3r9p7o7r9a3l8290 HTTP/1.1" 301 - "-" "Mozilla/5.0 AppleWebKit/537.36 (KHTML, like Gecko; compatible; ClaudeBot/1.0; +claudebot@anthropic.com)"
216.73.216.101 - - [24/Aug/2026:22:11:35 +0500] "GET /uz/shops/homebody/c9o3r9p7o7r9a3l8290 HTTP/1.1" 404 1215 "http://eskijuva-bozori.uz/shops/homebody/c9o3r9p7o7r9a3l8290" "Mozilla/5.0 AppleWebKit/537.36 (KHTML, like Gecko; compatible; ClaudeBot/1.0; +claudebot@anthropic.com)"
216.73.216.101 - - [24/Aug/2026:22:11:53 +0500] "GET /shops/respired/c9o3n2c9o5c2t8e2r440 HTTP/1.1" 508 288 "-" "Mozilla/5.0 AppleWebKit/537.36 (KHTML, like Gecko; compatible; ClaudeBot/1.0; +claudebot@anthropic.com)"
216.73.216.101 - - [24/Aug/2026:22:12:00 +0500] "GET /shops/micropogon/m9e2r6i4d1i9e5n2631 HTTP/1.1" 301 - "-" "Mozilla/5.0 AppleWebKit/537.36 (KHTML, like Gecko; compatible; ClaudeBot/1.0; +claudebot@anthropic.com)"
185.146.1.232 - - [24/Aug/2026:22:12:04 +0500] "GET /uz/?format=feed&type=rss HTTP/1.1" 200 5713 "http://eskijuva-bozori.uz/uz/?format=feed&type=rss" "Mozilla/5.0 (Windows NT 10.0; Win64; x64) AppleWebKit/537.36 (KHTML, like Gecko) Chrome/130.0.6613.137 Safari/537.36"
216.73.216.101 - - [24/Aug/2026:22:12:08 +0500] "GET /uz/shops/micropogon/m9e2r6i4d1i9e5n2631 HTTP/1.1" 404 1215 "http://eskijuva-bozori.uz/shops/micropogon/m9e2r6i4d1i9e5n2631" "Mozilla/5.0 AppleWebKit/537.36 (KHTML, like Gecko; compatible; ClaudeBot/1.0; +claudebot@anthropic.com)"
216.73.216.101 - - [24/Aug/2026:22:12:19 +0500] "GET /shops/gleucometer/o9s3m0o3u2s639361 HTTP/1.1" 301 - "-" "Mozilla/5.0 AppleWebKit/537.36 (KHTML, like Gecko; compatible; ClaudeBot/1.0; +claudebot@anthropic.com)"
216.73.216.101 - - [24/Aug/2026:22:12:26 +0500] "GET /uz/shops/gleucometer/o9s3m0o3u2s639361 HTTP/1.1" 404 1215 "http://eskijuva-bozori.uz/shops/gleucometer/o9s3m0o3u2s639361" "Mozilla/5.0 AppleWebKit/537.36 (KHTML, like Gecko; compatible; ClaudeBot/1.0; +claudebot@anthropic.com)"
216.73.216.101 - - [24/Aug/2026:22:12:39 +0500] "GET /desertness/coffeeman/m9a2l6a3d8y316350 HTTP/1.1" 301 - "-" "Mozilla/5.0 AppleWebKit/537.36 (KHTML, like Gecko; compatible; ClaudeBot/1.0; +claudebot@anthropic.com)"
170.106.110.146 - - [24/Aug/2026:22:12:42 +0500] "GET /uz/about-org-uzb/history-uzb HTTP/1.1" 200 59388 "-" "Mozilla/5.0 (iPhone; CPU iPhone OS 13_2_3 like Mac OS X) AppleWebKit/605.1.15 (KHTML, like Gecko) Version/13.0.3 Mobile/15E148 Safari/604.1"
216.73.216.101 - - [24/Aug/2026:22:12:45 +0500] "GET /uz/desertness/coffeeman/m9a2l6a3d8y316350 HTTP/1.1" 404 1215 "http://eskijuva-bozori.uz/desertness/coffeeman/m9a2l6a3d8y316350" "Mozilla/5.0 AppleWebKit/537.36 (KHTML, like Gecko; compatible; ClaudeBot/1.0; +claudebot@anthropic.com)"
216.73.216.101 - - [24/Aug/2026:22:12:57 +0500] "GET /swimmingly/w9a2f1e9r6e0r82616 HTTP/1.1" 301 - "-" "Mozilla/5.0 AppleWebKit/537.36 (KHTML, like Gecko; compatible; ClaudeBot/1.0; +claudebot@anthropic.com)"
216.73.216.101 - - [24/Aug/2026:22:13:02 +0500] "GET /uz/swimmingly/w9a2f1e9r6e0r82616 HTTP/1.1" 404 1215 "http://eskijuva-bozori.uz/swimmingly/w9a2f1e9r6e0r82616" "Mozilla/5.0 AppleWebKit/537.36 (KHTML, like Gecko; compatible; ClaudeBot/1.0; +claudebot@anthropic.com)"
185.191.171.3 - - [24/Aug/2026:22:13:14 +0500] "GET /uz/officially-uzb/ustav-uzb/10-uzbek?start=20 HTTP/1.1" 200 68500 "-" "Mozilla/5.0 (compatible; SemrushBot/7~bl; +http://www.semrush.com/bot.html)"
216.73.216.101 - - [24/Aug/2026:22:13:28 +0500] "GET /uz/?r=k9r4e1u9z6e1r419 HTTP/1.1" 508 288 "http://eskijuva-bozori.uz/?r=k9r4e1u9z6e1r419" "Mozilla/5.0 AppleWebKit/537.36 (KHTML, like Gecko; compatible; ClaudeBot/1.0; +claudebot@anthropic.com)"
216.73.216.101 - - [24/Aug/2026:22:13:21 +0500] "GET /?r=k9r4e1u9z6e1r419 HTTP/1.1" 301 - "-" "Mozilla/5.0 AppleWebKit/537.36 (KHTML, like Gecko; compatible; ClaudeBot/1.0; +claudebot@anthropic.com)"
216.73.216.101 - - [24/Aug/2026:22:13:29 +0500] "GET /shops/imperiously/d9y3s8p5h7o4r8i4c711 HTTP/1.1" 301 - "-" "Mozilla/5.0 AppleWebKit/537.36 (KHTML, like Gecko; compatible; ClaudeBot/1.0; +claudebot@anthropic.com)"
216.73.216.101 - - [24/Aug/2026:22:13:36 +0500] "GET /uz/shops/imperiously/d9y3s8p5h7o4r8i4c711 HTTP/1.1" 404 1215 "http://eskijuva-bozori.uz/shops/imperiously/d9y3s8p5h7o4r8i4c711" "Mozilla/5.0 AppleWebKit/537.36 (KHTML, like Gecko; compatible; ClaudeBot/1.0; +claudebot@anthropic.com)"
216.73.216.101 - - [24/Aug/2026:22:13:50 +0500] "GET /?r=r9e1a0d6i0n3g8920 HTTP/1.1" 301 - "-" "Mozilla/5.0 AppleWebKit/537.36 (KHTML, like Gecko; compatible; ClaudeBot/1.0; +claudebot@anthropic.com)"
216.73.216.101 - - [24/Aug/2026:22:13:55 +0500] "GET /uz/?r=r9e1a0d6i0n3g8920 HTTP/1.1" 200 68222 "http://eskijuva-bozori.uz/?r=r9e1a0d6i0n3g8920" "Mozilla/5.0 AppleWebKit/537.36 (KHTML, like Gecko; compatible; ClaudeBot/1.0; +claudebot@anthropic.com)"
216.73.216.101 - - [24/Aug/2026:22:14:19 +0500] "GET /uz/?r=i9m3m3a3c1u7l1a3t5e1n2ess HTTP/1.1" 508 288 "http://eskijuva-bozori.uz/?r=i9m3m3a3c1u7l1a3t5e1n2ess" "Mozilla/5.0 AppleWebKit/537.36 (KHTML, like Gecko; compatible; ClaudeBot/1.0; +claudebot@anthropic.com)"
216.73.216.101 - - [24/Aug/2026:22:14:11 +0500] "GET /?r=i9m3m3a3c1u7l1a3t5e1n2ess HTTP/1.1" 301 - "-" "Mozilla/5.0 AppleWebKit/537.36 (KHTML, like Gecko; compatible; ClaudeBot/1.0; +claudebot@anthropic.com)"
216.73.216.101 - - [24/Aug/2026:22:14:37 +0500] "GET /uz/?r=m9a1n4u6s625244 HTTP/1.1" 508 288 "http://eskijuva-bozori.uz/?r=m9a1n4u6s625244" "Mozilla/5.0 AppleWebKit/537.36 (KHTML, like Gecko; compatible; ClaudeBot/1.0; +claudebot@anthropic.com)"
216.73.216.101 - - [24/Aug/2026:22:14:29 +0500] "GET /?r=m9a1n4u6s625244 HTTP/1.1" 301 - "-" "Mozilla/5.0 AppleWebKit/537.36 (KHTML, like Gecko; compatible; ClaudeBot/1.0; +claudebot@anthropic.com)"
144.24.62.44 - - [24/Aug/2026:22:14:27 +0500] "GET /uz/prospectus-uzb?template=accessibility HTTP/1.1" 200 - "-" "Mozilla/5.0 (X11; Linux aarch64) AppleWebKit/537.36 (KHTML, like Gecko) Chrome/139.0.0.0 Safari/537.36"
144.24.62.44 - - [24/Aug/2026:22:14:31 +0500] "GET /uz/prospectus-uzb?template=accessibility HTTP/1.1" 200 15601 "-" "Mozilla/5.0 (X11; Linux aarch64) AppleWebKit/537.36 (KHTML, like Gecko) Chrome/139.0.0.0 Safari/537.36"
216.73.216.101 - - [24/Aug/2026:22:14:51 +0500] "GET /shops/sillier/r9a2y6e0d900181 HTTP/1.1" 301 - "-" "Mozilla/5.0 AppleWebKit/537.36 (KHTML, like Gecko; compatible; ClaudeBot/1.0; +claudebot@anthropic.com)"
216.73.216.101 - - [24/Aug/2026:22:14:55 +0500] "GET /uz/shops/sillier/r9a2y6e0d900181 HTTP/1.1" 404 1215 "http://eskijuva-bozori.uz/shops/sillier/r9a2y6e0d900181" "Mozilla/5.0 AppleWebKit/537.36 (KHTML, like Gecko; compatible; ClaudeBot/1.0; +claudebot@anthropic.com)"
34.10.180.98 - - [24/Aug/2026:22:15:14 +0500] "GET /uz/?rest_route=/olistener/new&start=28 HTTP/1.1" 508 288 "-" "Mozilla/5.0 (Macintosh; Intel Mac OS X 10_15_7) AppleWebKit/537.36 (KHTML, like Gecko) Chrome/120.0.0.0 Safari/537.36"
216.73.216.101 - - [24/Aug/2026:22:15:12 +0500] "GET /selfpossessed/d9i1v9a9s0t559551 HTTP/1.1" 301 - "-" "Mozilla/5.0 AppleWebKit/537.36 (KHTML, like Gecko; compatible; ClaudeBot/1.0; +claudebot@anthropic.com)"
129.222.187.110 - - [24/Aug/2026:22:15:18 +0500] "GET /docs/2026/balans-6-2026-ej.pdf HTTP/1.1" 200 119319 "-" "Mozilla/5.0 (Macintosh; Intel Mac OS X 10_15_7) AppleWebKit/537.36 (KHTML, like Gecko) Chrome/128.0.6613.137 Safari/537.36"
216.73.216.101 - - [24/Aug/2026:22:15:19 +0500] "GET /uz/selfpossessed/d9i1v9a9s0t559551 HTTP/1.1" 404 1215 "http://eskijuva-bozori.uz/selfpossessed/d9i1v9a9s0t559551" "Mozilla/5.0 AppleWebKit/537.36 (KHTML, like Gecko; compatible; ClaudeBot/1.0; +claudebot@anthropic.com)"
216.73.216.101 - - [24/Aug/2026:22:15:31 +0500] "GET /uz/?r=s9w4e2r6v3e6d65080&start=4 HTTP/1.1" 200 67907 "-" "Mozilla/5.0 AppleWebKit/537.36 (KHTML, like Gecko; compatible; ClaudeBot/1.0; +claudebot@anthropic.com)"
216.73.216.101 - - [24/Aug/2026:22:15:43 +0500] "GET /?r=t9r2a0n5s7c8e8n2s5i9o9n HTTP/1.1" 301 - "-" "Mozilla/5.0 AppleWebKit/537.36 (KHTML, like Gecko; compatible; ClaudeBot/1.0; +claudebot@anthropic.com)"
216.73.216.101 - - [24/Aug/2026:22:15:50 +0500] "GET /sternebrae/a9n2g2u2l5a9r8l9y736 HTTP/1.1" 301 - "-" "Mozilla/5.0 AppleWebKit/537.36 (KHTML, like Gecko; compatible; ClaudeBot/1.0; +claudebot@anthropic.com)"
216.73.216.101 - - [24/Aug/2026:22:15:50 +0500] "GET /uz/?r=t9r2a0n5s7c8e8n2s5i9o9n HTTP/1.1" 200 68228 "http://eskijuva-bozori.uz/?r=t9r2a0n5s7c8e8n2s5i9o9n" "Mozilla/5.0 AppleWebKit/537.36 (KHTML, like Gecko; compatible; ClaudeBot/1.0; +claudebot@anthropic.com)"
216.73.216.101 - - [24/Aug/2026:22:15:58 +0500] "GET /uz/sternebrae/a9n2g2u2l5a9r8l9y736 HTTP/1.1" 404 1215 "http://eskijuva-bozori.uz/sternebrae/a9n2g2u2l5a9r8l9y736" "Mozilla/5.0 AppleWebKit/537.36 (KHTML, like Gecko; compatible; ClaudeBot/1.0; +claudebot@anthropic.com)"
161.153.38.22 - - [24/Aug/2026:22:16:11 +0500] "GET /uz?function=call_user_func_array&s=index%2Fthink%2Fapp%2Finvokefunction&vars%5B1%5D%5B0%5D=1 HTTP/1.1" 200 - "-" "Mozilla/5.0 (X11; Linux aarch64) AppleWebKit/537.36 (KHTML, like Gecko) Chrome/139.0.0.0 Safari/537.36"
216.73.216.101 - - [24/Aug/2026:22:16:15 +0500] "GET /shops/discrepancy/h9e4l7m9i6n0t6h3o4l9ogy HTTP/1.1" 301 - "-" "Mozilla/5.0 AppleWebKit/537.36 (KHTML, like Gecko; compatible; ClaudeBot/1.0; +claudebot@anthropic.com)"
161.153.38.22 - - [24/Aug/2026:22:16:16 +0500] "GET /uz?function=call_user_func_array&s=index%2Fthink%2Fapp%2Finvokefunction&vars%5B1%5D%5B0%5D=1 HTTP/1.1" 200 15601 "-" "Mozilla/5.0 (X11; Linux aarch64) AppleWebKit/537.36 (KHTML, like Gecko) Chrome/139.0.0.0 Safari/537.36"
216.73.216.101 - - [24/Aug/2026:22:16:28 +0500] "GET /uz/?r=d9i2s1c1r2e6t6i6o6n40 HTTP/1.1" 508 288 "http://eskijuva-bozori.uz/?r=d9i2s1c1r2e6t6i6o6n40" "Mozilla/5.0 AppleWebKit/537.36 (KHTML, like Gecko; compatible; ClaudeBot/1.0; +claudebot@anthropic.com)"
216.73.216.101 - - [24/Aug/2026:22:16:20 +0500] "GET /?r=d9i2s1c1r2e6t6i6o6n40 HTTP/1.1" 301 - "-" "Mozilla/5.0 AppleWebKit/537.36 (KHTML, like Gecko; compatible; ClaudeBot/1.0; +claudebot@anthropic.com)"
216.73.216.101 - - [24/Aug/2026:22:16:23 +0500] "GET /uz/shops/discrepancy/h9e4l7m9i6n0t6h3o4l9ogy HTTP/1.1" 404 1215 "http://eskijuva-bozori.uz/shops/discrepancy/h9e4l7m9i6n0t6h3o4l9ogy" "Mozilla/5.0 AppleWebKit/537.36 (KHTML, like Gecko; compatible; ClaudeBot/1.0; +claudebot@anthropic.com)"
185.191.171.16 - - [24/Aug/2026:22:16:26 +0500] "GET /ru/?start=4&template=accessibility HTTP/1.1" 200 32986 "-" "Mozilla/5.0 (compatible; SemrushBot/7~bl; +http://www.semrush.com/bot.html)"
216.73.216.101 - - [24/Aug/2026:22:16:32 +0500] "GET /?r=u9n1o5s3s6i7f8i8e4d14 HTTP/1.1" 301 - "-" "Mozilla/5.0 AppleWebKit/537.36 (KHTML, like Gecko; compatible; ClaudeBot/1.0; +claudebot@anthropic.com)"
