216.73.216.101 - - [24/Aug/2026:18:11:47 +0500] "GET /?r=i9z3a4r2d758098 HTTP/1.1" 301 - "-" "Mozilla/5.0 AppleWebKit/537.36 (KHTML, like Gecko; compatible; ClaudeBot/1.0; +claudebot@anthropic.com)"
216.73.216.101 - - [24/Aug/2026:18:11:48 +0500] "GET /uz/?r=i9z3a4r2d758098 HTTP/1.1" 200 68075 "http://eskijuva-bozori.uz/?r=i9z3a4r2d758098" "Mozilla/5.0 AppleWebKit/537.36 (KHTML, like Gecko; compatible; ClaudeBot/1.0; +claudebot@anthropic.com)"
34.194.14.255 - - [24/Aug/2026:18:11:48 +0500] "GET /uz/?_cb=5635810879191327036&start=36 HTTP/1.1" 200 70177 "-" "Mozilla/5.0 AppleWebKit/537.36 (KHTML, like Gecko; compatible; Amazonbot/0.1; +https://developer.amazon.com/support/amazonbot) Chrome/119.0.6045.214 Safari/537.36"
216.73.216.101 - - [24/Aug/2026:18:11:58 +0500] "GET /hortyard/cissoid/9404280259 HTTP/1.1" 301 - "-" "Mozilla/5.0 AppleWebKit/537.36 (KHTML, like Gecko; compatible; ClaudeBot/1.0; +claudebot@anthropic.com)"
216.73.216.101 - - [24/Aug/2026:18:11:59 +0500] "GET /uz/hortyard/cissoid/9404280259 HTTP/1.1" 404 1215 "http://eskijuva-bozori.uz/hortyard/cissoid/9404280259" "Mozilla/5.0 AppleWebKit/537.36 (KHTML, like Gecko; compatible; ClaudeBot/1.0; +claudebot@anthropic.com)"
216.73.216.101 - - [24/Aug/2026:18:12:09 +0500] "GET /shops/overbear/l9u2c8i9s3626504 HTTP/1.1" 301 - "-" "Mozilla/5.0 AppleWebKit/537.36 (KHTML, like Gecko; compatible; ClaudeBot/1.0; +claudebot@anthropic.com)"
216.73.216.101 - - [24/Aug/2026:18:12:10 +0500] "GET /uz/shops/overbear/l9u2c8i9s3626504 HTTP/1.1" 404 1215 "http://eskijuva-bozori.uz/shops/overbear/l9u2c8i9s3626504" "Mozilla/5.0 AppleWebKit/537.36 (KHTML, like Gecko; compatible; ClaudeBot/1.0; +claudebot@anthropic.com)"
216.73.216.101 - - [24/Aug/2026:18:12:19 +0500] "GET /?r=a9n2i9l3e3n4e3s4s265 HTTP/1.1" 301 - "-" "Mozilla/5.0 AppleWebKit/537.36 (KHTML, like Gecko; compatible; ClaudeBot/1.0; +claudebot@anthropic.com)"
216.73.216.101 - - [24/Aug/2026:18:12:20 +0500] "GET /uz/?r=a9n2i9l3e3n4e3s4s265 HTTP/1.1" 200 68080 "http://eskijuva-bozori.uz/?r=a9n2i9l3e3n4e3s4s265" "Mozilla/5.0 AppleWebKit/537.36 (KHTML, like Gecko; compatible; ClaudeBot/1.0; +claudebot@anthropic.com)"
3.222.190.107 - - [24/Aug/2026:18:12:22 +0500] "GET /ru/officially-rus/tenders-rus/245-tender-korp-2019-ru HTTP/1.1" 200 63489 "-" "Mozilla/5.0 AppleWebKit/537.36 (KHTML, like Gecko; compatible; Amazonbot/0.1; +https://developer.amazon.com/support/amazonbot) Chrome/119.0.6045.214 Safari/537.36"
216.73.216.101 - - [24/Aug/2026:18:12:30 +0500] "GET /?r=s9o1a2v5e0m9e7n3t3e82 HTTP/1.1" 301 - "-" "Mozilla/5.0 AppleWebKit/537.36 (KHTML, like Gecko; compatible; ClaudeBot/1.0; +claudebot@anthropic.com)"
216.73.216.101 - - [24/Aug/2026:18:12:32 +0500] "GET /uz/?r=s9o1a2v5e0m9e7n3t3e82 HTTP/1.1" 200 68081 "http://eskijuva-bozori.uz/?r=s9o1a2v5e0m9e7n3t3e82" "Mozilla/5.0 AppleWebKit/537.36 (KHTML, like Gecko; compatible; ClaudeBot/1.0; +claudebot@anthropic.com)"
185.191.171.19 - - [24/Aug/2026:18:12:37 +0500] "GET /uz/audit-uzb/451-audit-2024-uzb HTTP/1.1" 200 55615 "-" "Mozilla/5.0 (compatible; SemrushBot/7~bl; +http://www.semrush.com/bot.html)"
216.73.216.101 - - [24/Aug/2026:18:12:42 +0500] "GET /?r=p9r1e9d3e6c2e1s6s9o3r7 HTTP/1.1" 301 - "-" "Mozilla/5.0 AppleWebKit/537.36 (KHTML, like Gecko; compatible; ClaudeBot/1.0; +claudebot@anthropic.com)"
34.42.229.145 - - [24/Aug/2026:18:12:41 +0500] "GET /ru/about-org-rus/strategy-rus/248-bussiness-plan-2019-rus HTTP/1.1" 200 56213 "-" "Mozilla/5.0 (Macintosh; Intel Mac OS X 10_15_7) AppleWebKit/537.36 (KHTML, like Gecko) Chrome/120.0.0.0 Safari/537.36"
216.73.216.101 - - [24/Aug/2026:18:12:43 +0500] "GET /uz/?r=p9r1e9d3e6c2e1s6s9o3r7 HTTP/1.1" 200 68317 "http://eskijuva-bozori.uz/?r=p9r1e9d3e6c2e1s6s9o3r7" "Mozilla/5.0 AppleWebKit/537.36 (KHTML, like Gecko; compatible; ClaudeBot/1.0; +claudebot@anthropic.com)"
85.208.96.199 - - [24/Aug/2026:18:13:02 +0500] "GET /uz/?p=1&start=32 HTTP/1.1" 200 67998 "-" "Mozilla/5.0 (compatible; SemrushBot/7~bl; +http://www.semrush.com/bot.html)"
216.73.216.101 - - [24/Aug/2026:18:13:04 +0500] "GET /shops/moder/h9a6n3d2s1o6m3e3s3t6 HTTP/1.1" 301 - "-" "Mozilla/5.0 AppleWebKit/537.36 (KHTML, like Gecko; compatible; ClaudeBot/1.0; +claudebot@anthropic.com)"
216.73.216.101 - - [24/Aug/2026:18:13:06 +0500] "GET /uz/shops/moder/h9a6n3d2s1o6m3e3s3t6 HTTP/1.1" 404 1215 "http://eskijuva-bozori.uz/shops/moder/h9a6n3d2s1o6m3e3s3t6" "Mozilla/5.0 AppleWebKit/537.36 (KHTML, like Gecko; compatible; ClaudeBot/1.0; +claudebot@anthropic.com)"
216.73.216.101 - - [24/Aug/2026:18:13:12 +0500] "GET /?r=r9u7b2r2i7c09779 HTTP/1.1" 301 - "-" "Mozilla/5.0 AppleWebKit/537.36 (KHTML, like Gecko; compatible; ClaudeBot/1.0; +claudebot@anthropic.com)"
216.73.216.101 - - [24/Aug/2026:18:13:13 +0500] "GET /uz/?r=r9u7b2r2i7c09779 HTTP/1.1" 200 68076 "http://eskijuva-bozori.uz/?r=r9u7b2r2i7c09779" "Mozilla/5.0 AppleWebKit/537.36 (KHTML, like Gecko; compatible; ClaudeBot/1.0; +claudebot@anthropic.com)"
216.73.216.101 - - [24/Aug/2026:18:13:34 +0500] "GET /?r=s9u1b3t6r1i0p8l4e893 HTTP/1.1" 301 - "-" "Mozilla/5.0 AppleWebKit/537.36 (KHTML, like Gecko; compatible; ClaudeBot/1.0; +claudebot@anthropic.com)"
216.73.216.101 - - [24/Aug/2026:18:13:36 +0500] "GET /uz/?r=s9u1b3t6r1i0p8l4e893 HTTP/1.1" 200 68080 "http://eskijuva-bozori.uz/?r=s9u1b3t6r1i0p8l4e893" "Mozilla/5.0 AppleWebKit/537.36 (KHTML, like Gecko; compatible; ClaudeBot/1.0; +claudebot@anthropic.com)"
216.73.216.101 - - [24/Aug/2026:18:13:42 +0500] "GET /?r=c9h2a7r4l1e8s9s0199 HTTP/1.1" 301 - "-" "Mozilla/5.0 AppleWebKit/537.36 (KHTML, like Gecko; compatible; ClaudeBot/1.0; +claudebot@anthropic.com)"
216.73.216.101 - - [24/Aug/2026:18:13:45 +0500] "GET /uz/?r=c9h2a7r4l1e8s9s0199 HTTP/1.1" 200 68079 "http://eskijuva-bozori.uz/?r=c9h2a7r4l1e8s9s0199" "Mozilla/5.0 AppleWebKit/537.36 (KHTML, like Gecko; compatible; ClaudeBot/1.0; +claudebot@anthropic.com)"
216.73.216.101 - - [24/Aug/2026:18:14:05 +0500] "GET /?r=o9w1e1n2i9t4e71259 HTTP/1.1" 301 - "-" "Mozilla/5.0 AppleWebKit/537.36 (KHTML, like Gecko; compatible; ClaudeBot/1.0; +claudebot@anthropic.com)"
216.73.216.101 - - [24/Aug/2026:18:14:09 +0500] "GET /uz/?r=o9w1e1n2i9t4e71259 HTTP/1.1" 200 68078 "http://eskijuva-bozori.uz/?r=o9w1e1n2i9t4e71259" "Mozilla/5.0 AppleWebKit/537.36 (KHTML, like Gecko; compatible; ClaudeBot/1.0; +claudebot@anthropic.com)"
216.73.216.101 - - [24/Aug/2026:18:14:16 +0500] "GET /?r=i9n2e2f7f4i2c7i9e7n3t0 HTTP/1.1" 301 - "-" "Mozilla/5.0 AppleWebKit/537.36 (KHTML, like Gecko; compatible; ClaudeBot/1.0; +claudebot@anthropic.com)"
216.73.216.101 - - [24/Aug/2026:18:14:18 +0500] "GET /uz/?r=i9n2e2f7f4i2c7i9e7n3t0 HTTP/1.1" 200 68082 "http://eskijuva-bozori.uz/?r=i9n2e2f7f4i2c7i9e7n3t0" "Mozilla/5.0 AppleWebKit/537.36 (KHTML, like Gecko; compatible; ClaudeBot/1.0; +claudebot@anthropic.com)"
216.73.216.101 - - [24/Aug/2026:18:14:38 +0500] "GET /?r=c9o2l3e0m5a3n3i5t2e45 HTTP/1.1" 301 - "-" "Mozilla/5.0 AppleWebKit/537.36 (KHTML, like Gecko; compatible; ClaudeBot/1.0; +claudebot@anthropic.com)"
216.73.216.101 - - [24/Aug/2026:18:14:42 +0500] "GET /uz/?r=c9o2l3e0m5a3n3i5t2e45 HTTP/1.1" 200 68081 "http://eskijuva-bozori.uz/?r=c9o2l3e0m5a3n3i5t2e45" "Mozilla/5.0 AppleWebKit/537.36 (KHTML, like Gecko; compatible; ClaudeBot/1.0; +claudebot@anthropic.com)"
34.10.180.98 - - [24/Aug/2026:18:14:44 +0500] "GET /uz/?destination=node&format=feed&q=node&type=rss HTTP/1.1" 200 5815 "-" "Mozilla/5.0 (Macintosh; Intel Mac OS X 10_15_7) AppleWebKit/537.36 (KHTML, like Gecko) Chrome/120.0.0.0 Safari/537.36"
216.73.216.101 - - [24/Aug/2026:18:14:46 +0500] "GET /shops/manger/e9d9u2c2a4t7i8o9n46 HTTP/1.1" 301 - "-" "Mozilla/5.0 AppleWebKit/537.36 (KHTML, like Gecko; compatible; ClaudeBot/1.0; +claudebot@anthropic.com)"
144.24.60.125 - - [24/Aug/2026:18:14:49 +0500] "GET /uz?function=call_user_func_array&s=index%2Fthink%5C%5C%5C%5C%5C%5C%5C%5C%5C%5C%5C%5C%5C%5C%5C%5C%5C%5C%5C%5C%5C%5C%5C%5C%5C%5C%5C%5C%5C%5C%5C%5C%5C%5C%5C%5C%5C%5C%5C%5C%5C%5C%5C%5C%5C%5C%5C%5C%5C%5C%5C%5C%5C%5C%5C%5C%5C%5C%5C%5C%5C%5C%5C%5Capp%2Finvokefunction&start=12&vars%5B0%5D=phpinfo&vars%5B1%5D%5B0%5D=1 HTTP/1.1" 200 15601 "-" "Mozilla/5.0 (X11; Linux aarch64) AppleWebKit/537.36 (KHTML, like Gecko) Chrome/139.0.0.0 Safari/537.36"
216.73.216.101 - - [24/Aug/2026:18:14:50 +0500] "GET /uz/shops/manger/e9d9u2c2a4t7i8o9n46 HTTP/1.1" 404 1215 "http://eskijuva-bozori.uz/shops/manger/e9d9u2c2a4t7i8o9n46" "Mozilla/5.0 AppleWebKit/537.36 (KHTML, like Gecko; compatible; ClaudeBot/1.0; +claudebot@anthropic.com)"
216.73.216.101 - - [24/Aug/2026:18:14:52 +0500] "GET /shops/wheen/l9u2n4g4l2e5s3s6697 HTTP/1.1" 301 - "-" "Mozilla/5.0 AppleWebKit/537.36 (KHTML, like Gecko; compatible; ClaudeBot/1.0; +claudebot@anthropic.com)"
144.24.60.125 - - [24/Aug/2026:18:14:52 +0500] "GET /uz?function=call_user_func_array&s=index%2Fthink%5C%5C%5C%5C%5C%5C%5C%5C%5C%5C%5C%5C%5C%5C%5C%5C%5C%5C%5C%5C%5C%5C%5C%5C%5C%5C%5C%5C%5C%5C%5C%5C%5C%5C%5C%5C%5C%5C%5C%5C%5C%5C%5C%5C%5C%5C%5C%5C%5C%5C%5C%5C%5C%5C%5C%5C%5C%5C%5C%5C%5C%5C%5C%5Capp%2Finvokefunction&start=12&vars%5B0%5D=phpinfo&vars%5B1%5D%5B0%5D=1 HTTP/1.1" 200 - "-" "Mozilla/5.0 (X11; Linux aarch64) AppleWebKit/537.36 (KHTML, like Gecko) Chrome/139.0.0.0 Safari/537.36"
216.73.216.101 - - [24/Aug/2026:18:14:56 +0500] "GET /uz/shops/wheen/l9u2n4g4l2e5s3s6697 HTTP/1.1" 404 1215 "http://eskijuva-bozori.uz/shops/wheen/l9u2n4g4l2e5s3s6697" "Mozilla/5.0 AppleWebKit/537.36 (KHTML, like Gecko; compatible; ClaudeBot/1.0; +claudebot@anthropic.com)"
216.73.216.101 - - [24/Aug/2026:18:15:14 +0500] "GET /?r=b9l1a9c8k4m5a9i5l125 HTTP/1.1" 301 - "-" "Mozilla/5.0 AppleWebKit/537.36 (KHTML, like Gecko; compatible; ClaudeBot/1.0; +claudebot@anthropic.com)"
34.10.180.98 - - [24/Aug/2026:18:15:14 +0500] "GET /ru/officially-rus/ustav-rus/134-ustav-22-07-16-rus HTTP/1.1" 200 55171 "-" "Mozilla/5.0 (Macintosh; Intel Mac OS X 10_15_7) AppleWebKit/537.36 (KHTML, like Gecko) Chrome/120.0.0.0 Safari/537.36"
216.73.216.101 - - [24/Aug/2026:18:15:19 +0500] "GET /uz/?r=b9l1a9c8k4m5a9i5l125 HTTP/1.1" 200 68080 "http://eskijuva-bozori.uz/?r=b9l1a9c8k4m5a9i5l125" "Mozilla/5.0 AppleWebKit/537.36 (KHTML, like Gecko; compatible; ClaudeBot/1.0; +claudebot@anthropic.com)"
216.73.216.101 - - [24/Aug/2026:18:15:23 +0500] "GET /?r=a9l1o8e5t8i3c40675 HTTP/1.1" 301 - "-" "Mozilla/5.0 AppleWebKit/537.36 (KHTML, like Gecko; compatible; ClaudeBot/1.0; +claudebot@anthropic.com)"
216.73.216.101 - - [24/Aug/2026:18:15:28 +0500] "GET /uz/?r=a9l1o8e5t8i3c40675 HTTP/1.1" 200 68078 "http://eskijuva-bozori.uz/?r=a9l1o8e5t8i3c40675" "Mozilla/5.0 AppleWebKit/537.36 (KHTML, like Gecko; compatible; ClaudeBot/1.0; +claudebot@anthropic.com)"
192.178.7.131 - - [24/Aug/2026:18:15:31 +0500] "GET /ru/officially-rus/arkhiv?template=yoo_master2 HTTP/1.1" 200 57124 "-" "Mozilla/5.0 (Linux; Android 6.0.1; Nexus 5X Build/MMB29P) AppleWebKit/537.36 (KHTML, like Gecko) Chrome/151.0.7922.137 Mobile Safari/537.36 (compatible; Googlebot/2.1; +http://www.google.com/bot.html)"
185.191.171.15 - - [24/Aug/2026:18:15:30 +0500] "GET /uz/officially-uzb/ustav-uzb/18-uzbek/shareholders-uzb HTTP/1.1" 200 64658 "-" "Mozilla/5.0 (compatible; SemrushBot/7~bl; +http://www.semrush.com/bot.html)"
216.73.216.101 - - [24/Aug/2026:18:15:45 +0500] "GET /?r=m9a1l2p4a6i3s84610 HTTP/1.1" 508 288 "-" "Mozilla/5.0 AppleWebKit/537.36 (KHTML, like Gecko; compatible; ClaudeBot/1.0; +claudebot@anthropic.com)"
216.73.216.101 - - [24/Aug/2026:18:16:07 +0500] "GET /shops/compact/p9r1o8s4e2l6y8t4i1n5g HTTP/1.1" 301 - "-" "Mozilla/5.0 AppleWebKit/537.36 (KHTML, like Gecko; compatible; ClaudeBot/1.0; +claudebot@anthropic.com)"
216.73.216.101 - - [24/Aug/2026:18:16:11 +0500] "GET /uz/shops/compact/p9r1o8s4e2l6y8t4i1n5g HTTP/1.1" 404 1215 "http://eskijuva-bozori.uz/shops/compact/p9r1o8s4e2l6y8t4i1n5g" "Mozilla/5.0 AppleWebKit/537.36 (KHTML, like Gecko; compatible; ClaudeBot/1.0; +claudebot@anthropic.com)"
34.10.180.98 - - [24/Aug/2026:18:16:23 +0500] "GET /uz/component/search/?Itemid=139&format=opensearch&template=accessibility HTTP/1.1" 200 771 "-" "Mozilla/5.0 (Macintosh; Intel Mac OS X 10_15_7) AppleWebKit/537.36 (KHTML, like Gecko) Chrome/120.0.0.0 Safari/537.36"
216.73.216.101 - - [24/Aug/2026:18:16:29 +0500] "GET /?r=s9u2r3c6h1a8r6g8e1d5 HTTP/1.1" 301 - "-" "Mozilla/5.0 AppleWebKit/537.36 (KHTML, like Gecko; compatible; ClaudeBot/1.0; +claudebot@anthropic.com)"
216.73.216.101 - - [24/Aug/2026:18:16:32 +0500] "GET /uz/?r=s9u2r3c6h1a8r6g8e1d5 HTTP/1.1" 200 68080 "http://eskijuva-bozori.uz/?r=s9u2r3c6h1a8r6g8e1d5" "Mozilla/5.0 AppleWebKit/537.36 (KHTML, like Gecko; compatible; ClaudeBot/1.0; +claudebot@anthropic.com)"
216.73.216.101 - - [24/Aug/2026:18:16:39 +0500] "GET /uz/?format=feed&r=v9e1n3t3r2a6d17099&type=rss HTTP/1.1" 200 5738 "-" "Mozilla/5.0 AppleWebKit/537.36 (KHTML, like Gecko; compatible; ClaudeBot/1.0; +claudebot@anthropic.com)"
34.56.53.225 - - [24/Aug/2026:18:16:48 +0500] "GET /ru/component/mijopolls/?template=yoo_master2 HTTP/1.1" 200 58389 "-" "Mozilla/5.0 (Macintosh; Intel Mac OS X 10_15_7) AppleWebKit/537.36 (KHTML, like Gecko) Chrome/120.0.0.0 Safari/537.36"
185.191.171.3 - - [24/Aug/2026:18:16:52 +0500] "GET /uz/?function=call_user_func_array&s=index%2Fthink%5C%5C%5C%5C%5C%5C%5C%5C%5C%5C%5C%5C%5C%5C%5C%5C%5C%5C%5C%5C%5C%5C%5C%5C%5C%5C%5C%5C%5C%5C%5C%5C%5C%5C%5C%5C%5C%5C%5C%5C%5C%5C%5C%5C%5C%5C%5C%5C%5C%5C%5C%5C%5C%5C%5C%5C%5C%5C%5C%5C%5C%5C%5C%5C%5C%5C%5C%5C%5C%5C%5C%5C%5C%5C%5C%5C%5C%5C%5C%5C%5C%5C%5C%5C%5C%5C%5C%5C%5C%5C%5C%5C%5C%5C%5C%5C%5C%5C%5C%5C%5C%5C%5C%5C%5C%5C%5C%5C%5C%5C%5C%5C%5C%5C%5C%5C%5C%5C%5C%5C%5C%5C%5C%5C%5C%5C%5C%5C%5C%5C%5C%5C%5C%5C%5C%5C%5C%5C%5C%5C%5C%5C%5C%5C%5C%5C%5C%5C%5C%5C%5C%5C%5C%5C%5C%5C%5C%5C%5C%5C%5C%5C%5C%5C%5C%5C%5C%5C%5C%5C%5C%5C%5C%5C%5C%5C%5C%5C%5C%5C%5C%5C%5C%5C%5C%5C%5C%5C%5C%5C%5C%5C%5C%5C%5C%5C%5C%5C%5C%5C%5C%5C%5C%5C%5C%5C%5C%5C%5C%5C%5C%5C%5C%5C%5C%5C%5C%5C%5C%5C%5C%5C%5C%5C%5C%5C%5C%5C%5C%5C%5C%5C%5C%5C%5C%5C%5C%5C%5C%5C%5C%5C%5C%5C%5C%5C%5C%5C%5C%5C%5C%5C%5C%5C%5C%5C%5C%5C%5C%5C%5C%5C%5C%5C%5C%5C%5C%5C%5C%5C%5C%5C%5C%5C%5C%5C%5C%5C%5C%5C%5C%5C%5C%5C%5C%5C%5C%5C%5C%5C%5C%5C%5C%5C%5C%5C%5C%5C%5C%5C%5C%5C%5C%5C%5C%5C%5C%5C%5C%5C%5C%5C%5C%5C%5C%5C%5C%5C%5C%5C%5C%5C%5C%5C%5C%5C%5C%5C%5C%5C%5C%5C%5C%5C%5C%5C%5C%5C%5C%5C%5C%5C%5C%5C%5C%5C%5C%5C%5C%5C%5C%5C%5C%5C%5C%5C%5C%5C%5C%5C%5C%5C%5C%5C%5C%5C%5C%5C%5C%5C%5C%5C%5C%5C%5C%5C%5C%5C%5C%5C%5C%5C%5C%5C%5C%5C%5C%5C%5C%5C%5C%5C%5C%5C%5C%5C%5C%5C%5C%5C%5C%5C%5C%5C%5C%5C%5C%5C%5C%5C%5C%5C%5C%5C%5C%5C%5C%5C%5C%5C%5C%5C%5C%5C%5C%5C%5C%5C%5C%5C%5C%5C%5C%5C%5C%5C%5C%5C%5C%5C%5C%5C%5C%5C%5C%5C%5C%5C%5C%5C%5C%5C%5C%5C%5C%5C%5C%5C%5C%5C%5C%5C%5C%5C%5C%5C%5C%5C%5C%5C%5C%5C%5C%5C%5C%5C%5C%5C%5C%5C%5C%5C%5C%5C%5C%5C%5C%5C%5C%5C%5C%5C%5C%5C%5C%5C%5C%5C%5C%5C%5C%5C%5C%5C%5C%5C%5C%5C%5C%5C%5C%5Capp%2Finvokefunction&start=12&vars%5B0%5D=phpinfo&vars%5B1%5D%5B0%5D=1 HTTP/1.1" 200 70969 "-" "Mozilla/5.0 (compatible; SemrushBot/7~bl; +http://www.semrush.com/bot.html)"
44.223.193.255 - - [24/Aug/2026:18:16:58 +0500] "GET /uz/officially-uzb/arkhiv HTTP/1.1" 200 58139 "-" "Mozilla/5.0 AppleWebKit/537.36 (KHTML, like Gecko; compatible; Amazonbot/0.1; +https://developer.amazon.com/support/amazonbot) Chrome/119.0.6045.214 Safari/537.36"
216.73.216.101 - - [24/Aug/2026:18:17:01 +0500] "GET /?r=s9e7t9a4r8i4a8858 HTTP/1.1" 301 - "-" "Mozilla/5.0 AppleWebKit/537.36 (KHTML, like Gecko; compatible; ClaudeBot/1.0; +claudebot@anthropic.com)"
216.73.216.101 - - [24/Aug/2026:18:17:03 +0500] "GET /uz/?r=s9e7t9a4r8i4a8858 HTTP/1.1" 200 68077 "http://eskijuva-bozori.uz/?r=s9e7t9a4r8i4a8858" "Mozilla/5.0 AppleWebKit/537.36 (KHTML, like Gecko; compatible; ClaudeBot/1.0; +claudebot@anthropic.com)"
216.73.216.101 - - [24/Aug/2026:18:17:11 +0500] "GET /?r=o9v4e2r1t9a9l6k9289 HTTP/1.1" 301 - "-" "Mozilla/5.0 AppleWebKit/537.36 (KHTML, like Gecko; compatible; ClaudeBot/1.0; +claudebot@anthropic.com)"
216.73.216.101 - - [24/Aug/2026:18:17:14 +0500] "GET /uz/?r=o9v4e2r1t9a9l6k9289 HTTP/1.1" 200 68079 "http://eskijuva-bozori.uz/?r=o9v4e2r1t9a9l6k9289" "Mozilla/5.0 AppleWebKit/537.36 (KHTML, like Gecko; compatible; ClaudeBot/1.0; +claudebot@anthropic.com)"
216.73.216.101 - - [24/Aug/2026:18:17:33 +0500] "GET /?r=e9p6i8c2e9r0a2s0t3i4c HTTP/1.1" 301 - "-" "Mozilla/5.0 AppleWebKit/537.36 (KHTML, like Gecko; compatible; ClaudeBot/1.0; +claudebot@anthropic.com)"
216.73.216.101 - - [24/Aug/2026:18:17:36 +0500] "GET /uz/?r=e9p6i8c2e9r0a2s0t3i4c HTTP/1.1" 200 68081 "http://eskijuva-bozori.uz/?r=e9p6i8c2e9r0a2s0t3i4c" "Mozilla/5.0 AppleWebKit/537.36 (KHTML, like Gecko; compatible; ClaudeBot/1.0; +claudebot@anthropic.com)"
216.73.216.101 - - [24/Aug/2026:18:17:41 +0500] "GET /?r=p9r1e0m8a3x6i9l9l0a8e8 HTTP/1.1" 301 - "-" "Mozilla/5.0 AppleWebKit/537.36 (KHTML, like Gecko; compatible; ClaudeBot/1.0; +claudebot@anthropic.com)"
216.73.216.101 - - [24/Aug/2026:18:17:43 +0500] "GET /uz/?r=p9r1e0m8a3x6i9l9l0a8e8 HTTP/1.1" 200 68082 "http://eskijuva-bozori.uz/?r=p9r1e0m8a3x6i9l9l0a8e8" "Mozilla/5.0 AppleWebKit/537.36 (KHTML, like Gecko; compatible; ClaudeBot/1.0; +claudebot@anthropic.com)"
216.73.216.101 - - [24/Aug/2026:18:18:03 +0500] "GET /?r=c9o1n6g6e7a4b9l8e38 HTTP/1.1" 301 - "-" "Mozilla/5.0 AppleWebKit/537.36 (KHTML, like Gecko; compatible; ClaudeBot/1.0; +claudebot@anthropic.com)"
216.73.216.101 - - [24/Aug/2026:18:18:05 +0500] "GET /uz/?r=c9o1n6g6e7a4b9l8e38 HTTP/1.1" 200 68079 "http://eskijuva-bozori.uz/?r=c9o1n6g6e7a4b9l8e38" "Mozilla/5.0 AppleWebKit/537.36 (KHTML, like Gecko; compatible; ClaudeBot/1.0; +claudebot@anthropic.com)"
216.73.216.101 - - [24/Aug/2026:18:18:14 +0500] "GET /primordialism/m9o1l9a6l5075481 HTTP/1.1" 301 - "-" "Mozilla/5.0 AppleWebKit/537.36 (KHTML, like Gecko; compatible; ClaudeBot/1.0; +claudebot@anthropic.com)"
216.73.216.101 - - [24/Aug/2026:18:18:17 +0500] "GET /uz/primordialism/m9o1l9a6l5075481 HTTP/1.1" 404 1215 "http://eskijuva-bozori.uz/primordialism/m9o1l9a6l5075481" "Mozilla/5.0 AppleWebKit/537.36 (KHTML, like Gecko; compatible; ClaudeBot/1.0; +claudebot@anthropic.com)"
216.73.216.101 - - [24/Aug/2026:18:18:36 +0500] "GET /?r=g9e2o5m7a0n1c6y6785 HTTP/1.1" 301 - "-" "Mozilla/5.0 AppleWebKit/537.36 (KHTML, like Gecko; compatible; ClaudeBot/1.0; +claudebot@anthropic.com)"
216.73.216.101 - - [24/Aug/2026:18:18:40 +0500] "GET /uz/?r=g9e2o5m7a0n1c6y6785 HTTP/1.1" 200 68079 "http://eskijuva-bozori.uz/?r=g9e2o5m7a0n1c6y6785" "Mozilla/5.0 AppleWebKit/537.36 (KHTML, like Gecko; compatible; ClaudeBot/1.0; +claudebot@anthropic.com)"
216.73.216.101 - - [24/Aug/2026:18:18:47 +0500] "GET /uz/?%60=d3i3o1m9e5d9e1a1131&start=12 HTTP/1.1" 200 68203 "-" "Mozilla/5.0 AppleWebKit/537.36 (KHTML, like Gecko; compatible; ClaudeBot/1.0; +claudebot@anthropic.com)"
161.153.123.208 - - [24/Aug/2026:18:20:06 +0500] "GET /uz/about-org-uzb/information-on-the-financial HTTP/1.1" 200 55632 "-" "Mozilla/5.0 (X11; Linux aarch64) AppleWebKit/537.36 (KHTML, like Gecko) Chrome/139.0.0.0 Safari/537.36"
34.61.96.6 - - [24/Aug/2026:18:21:22 +0500] "GET /ru/info-for-shareholders-rus/205-performance-indicators-2-kvartal-2017 HTTP/1.1" 200 58521 "-" "Mozilla/5.0 (Macintosh; Intel Mac OS X 10_15_7) AppleWebKit/537.36 (KHTML, like Gecko) Chrome/120.0.0.0 Safari/537.36"
49.51.166.228 - - [24/Aug/2026:18:21:45 +0500] "GET /uz/about-org-uzb/strategy-uzb/421-biznes-plan-2024-pdf HTTP/1.1" 200 56045 "-" "Mozilla/5.0 (iPhone; CPU iPhone OS 13_2_3 like Mac OS X) AppleWebKit/605.1.15 (KHTML, like Gecko) Version/13.0.3 Mobile/15E148 Safari/604.1"
185.191.171.19 - - [24/Aug/2026:18:22:26 +0500] "GET /ru/news-rus/375-meeting-31-03-2022-en HTTP/1.1" 200 57657 "-" "Mozilla/5.0 (compatible; SemrushBot/7~bl; +http://www.semrush.com/bot.html)"
129.153.116.176 - - [24/Aug/2026:18:22:26 +0500] "GET /uz?page=gravitysmtp-settings&rest_route=%2Fgravitysmtp%2Fv1%2Ftests%2Fmock-data HTTP/1.1" 200 68262 "-" "Mozilla/5.0 (X11; Linux aarch64) AppleWebKit/537.36 (KHTML, like Gecko) Chrome/139.0.0.0 Safari/537.36"
43.165.186.188 - - [24/Aug/2026:18:23:11 +0500] "GET / HTTP/1.1" 301 - "-" "Mozilla/5.0 (iPhone; CPU iPhone OS 13_2_3 like Mac OS X) AppleWebKit/605.1.15 (KHTML, like Gecko) Version/13.0.3 Mobile/15E148 Safari/604.1"
43.165.186.188 - - [24/Aug/2026:18:23:14 +0500] "GET /uz/ HTTP/1.1" 200 68477 "http://mail.eskijuva-bozori.uz" "Mozilla/5.0 (iPhone; CPU iPhone OS 13_2_3 like Mac OS X) AppleWebKit/605.1.15 (KHTML, like Gecko) Version/13.0.3 Mobile/15E148 Safari/604.1"
161.153.7.145 - - [24/Aug/2026:18:23:41 +0500] "GET /uz?Command=NOOP&InternalFile=..%2F..%2F..%2F..%2F..%2F..%2F..%2F..%2F..%2F..%2F..%2F..%2F..%2F..%2FWindows%2Fwin.ini&NewWebClient=1 HTTP/1.1" 200 68346 "-" "Mozilla/5.0 (X11; Linux aarch64) AppleWebKit/537.36 (KHTML, like Gecko) Chrome/139.0.0.0 Safari/537.36"
161.153.7.145 - - [24/Aug/2026:18:23:48 +0500] "GET /uz?Command=NOOP&InternalFile=..%2F..%2F..%2F..%2F..%2F..%2F..%2F..%2F..%2F..%2F..%2F..%2F..%2F..%2FWindows%2Fwin.ini&NewWebClient=1 HTTP/1.1" 200 15601 "-" "Mozilla/5.0 (X11; Linux aarch64) AppleWebKit/537.36 (KHTML, like Gecko) Chrome/139.0.0.0 Safari/537.36"
85.208.96.205 - - [24/Aug/2026:18:24:24 +0500] "GET /uz/?function=call_user_func_array&s=index%2Fthinkapp%2Finvokefunction&start=32&vars%5B0%5D=phpinfo HTTP/1.1" 200 68284 "-" "Mozilla/5.0 (compatible; SemrushBot/7~bl; +http://www.semrush.com/bot.html)"
34.123.149.87 - - [24/Aug/2026:18:24:45 +0500] "GET /uz/component/search/?Itemid=173&catid=39&format=opensearch&id=212 HTTP/1.1" 200 766 "-" "Mozilla/5.0 (Macintosh; Intel Mac OS X 10_15_7) AppleWebKit/537.36 (KHTML, like Gecko) Chrome/120.0.0.0 Safari/537.36"
129.146.61.66 - - [24/Aug/2026:18:24:47 +0500] "GET /uz?phpinfo=16arSsAYV HTTP/1.1" 200 15855 "-" "Mozilla/5.0 (X11; Linux aarch64) AppleWebKit/537.36 (KHTML, like Gecko) Chrome/139.0.0.0 Safari/537.36"
39.37.148.4 - - [24/Aug/2026:18:24:58 +0500] "GET /uz/audit-uzb?start=10&template=yoo_master2 HTTP/1.1" 200 59058 "http://www.eskijuva-bozori.uz" "Mozilla/5.0 (Windows NT 10.0; Win64; x64) AppleWebKit/537.36 (KHTML, like Gecko) Chrome/144.0.0.0 Safari/537.36"
34.10.180.98 - - [24/Aug/2026:18:25:07 +0500] "GET /docs/reports/2022/balans-2020.docx HTTP/1.1" 200 83228 "-" "Mozilla/5.0 (Macintosh; Intel Mac OS X 10_15_7) AppleWebKit/537.36 (KHTML, like Gecko) Chrome/120.0.0.0 Safari/537.36"
89.240.229.236 - - [24/Aug/2026:18:26:00 +0500] "GET /ru/9-russian?start=12 HTTP/1.1" 200 69166 "-" "Mozilla/5.0 (Macintosh; Intel Mac OS X 14_2_1) AppleWebKit/537.36 (KHTML, like Gecko) Chrome/125.0.6422.60 Safari/537.36"
34.10.180.98 - - [24/Aug/2026:18:26:22 +0500] "GET /uz/officially-uzb/old-acts-uzb?template=yoo_master2 HTTP/1.1" 200 59680 "-" "Mozilla/5.0 (Macintosh; Intel Mac OS X 10_15_7) AppleWebKit/537.36 (KHTML, like Gecko) Chrome/120.0.0.0 Safari/537.36"
129.146.61.66 - - [24/Aug/2026:18:27:07 +0500] "GET /uz?phpinfo=16arSsAYV HTTP/1.1" 200 68227 "-" "Mozilla/5.0 (X11; Linux aarch64) AppleWebKit/537.36 (KHTML, like Gecko) Chrome/139.0.0.0 Safari/537.36"
216.73.216.101 - - [24/Aug/2026:18:28:06 +0500] "GET /shops/pseudosphere/t9u2b8e9r2o7s4a382 HTTP/1.1" 301 - "-" "Mozilla/5.0 AppleWebKit/537.36 (KHTML, like Gecko; compatible; ClaudeBot/1.0; +claudebot@anthropic.com)"
34.56.53.225 - - [24/Aug/2026:18:28:06 +0500] "GET /uz/audit-uzb?format=feed&type=atom HTTP/1.1" 200 11572 "-" "Mozilla/5.0 (Macintosh; Intel Mac OS X 10_15_7) AppleWebKit/537.36 (KHTML, like Gecko) Chrome/120.0.0.0 Safari/537.36"
216.73.216.101 - - [24/Aug/2026:18:28:08 +0500] "GET /uz/shops/pseudosphere/t9u2b8e9r2o7s4a382 HTTP/1.1" 404 1215 "http://eskijuva-bozori.uz/shops/pseudosphere/t9u2b8e9r2o7s4a382" "Mozilla/5.0 AppleWebKit/537.36 (KHTML, like Gecko; compatible; ClaudeBot/1.0; +claudebot@anthropic.com)"
34.56.53.225 - - [24/Aug/2026:18:28:39 +0500] "GET /uz/?route=account/login&start=12 HTTP/1.1" 200 68199 "-" "Mozilla/5.0 (Macintosh; Intel Mac OS X 10_15_7) AppleWebKit/537.36 (KHTML, like Gecko) Chrome/120.0.0.0 Safari/537.36"
34.61.96.6 - - [24/Aug/2026:18:29:04 +0500] "GET /uz/facts-uzb/367-08-fact-31-03-2022-io HTTP/1.1" 200 57035 "-" "Mozilla/5.0 (Macintosh; Intel Mac OS X 10_15_7) AppleWebKit/537.36 (KHTML, like Gecko) Chrome/120.0.0.0 Safari/537.36"
216.73.216.101 - - [24/Aug/2026:18:29:14 +0500] "GET /parde/p9o1m7e2a1e49901 HTTP/1.1" 301 - "-" "Mozilla/5.0 AppleWebKit/537.36 (KHTML, like Gecko; compatible; ClaudeBot/1.0; +claudebot@anthropic.com)"
216.73.216.101 - - [24/Aug/2026:18:29:15 +0500] "GET /uz/parde/p9o1m7e2a1e49901 HTTP/1.1" 404 1215 "http://eskijuva-bozori.uz/parde/p9o1m7e2a1e49901" "Mozilla/5.0 AppleWebKit/537.36 (KHTML, like Gecko; compatible; ClaudeBot/1.0; +claudebot@anthropic.com)"
216.73.216.101 - - [24/Aug/2026:18:29:21 +0500] "GET /abluent/e9u3c4h0r2e413281 HTTP/1.1" 301 - "-" "Mozilla/5.0 AppleWebKit/537.36 (KHTML, like Gecko; compatible; ClaudeBot/1.0; +claudebot@anthropic.com)"
216.73.216.101 - - [24/Aug/2026:18:29:23 +0500] "GET /uz/abluent/e9u3c4h0r2e413281 HTTP/1.1" 404 1215 "http://eskijuva-bozori.uz/abluent/e9u3c4h0r2e413281" "Mozilla/5.0 AppleWebKit/537.36 (KHTML, like Gecko; compatible; ClaudeBot/1.0; +claudebot@anthropic.com)"
216.73.216.101 - - [24/Aug/2026:18:29:42 +0500] "GET /supernumeraries/c9o7n2s3i5d6e8r6a6b1le HTTP/1.1" 301 - "-" "Mozilla/5.0 AppleWebKit/537.36 (KHTML, like Gecko; compatible; ClaudeBot/1.0; +claudebot@anthropic.com)"
216.73.216.101 - - [24/Aug/2026:18:29:44 +0500] "GET /uz/supernumeraries/c9o7n2s3i5d6e8r6a6b1le HTTP/1.1" 404 1215 "http://eskijuva-bozori.uz/supernumeraries/c9o7n2s3i5d6e8r6a6b1le" "Mozilla/5.0 AppleWebKit/537.36 (KHTML, like Gecko; compatible; ClaudeBot/1.0; +claudebot@anthropic.com)"
216.73.216.101 - - [24/Aug/2026:18:30:24 +0500] "GET /?r=s9a2s7h8e7d750580 HTTP/1.1" 301 - "-" "Mozilla/5.0 AppleWebKit/537.36 (KHTML, like Gecko; compatible; ClaudeBot/1.0; +claudebot@anthropic.com)"
216.73.216.101 - - [24/Aug/2026:18:30:26 +0500] "GET /uz/?r=s9a2s7h8e7d750580 HTTP/1.1" 200 68203 "http://eskijuva-bozori.uz/?r=s9a2s7h8e7d750580" "Mozilla/5.0 AppleWebKit/537.36 (KHTML, like Gecko; compatible; ClaudeBot/1.0; +claudebot@anthropic.com)"
34.10.180.98 - - [24/Aug/2026:18:30:44 +0500] "GET /ru/officially-rus/old-acts-rus?format=feed&template=accessibility&type=rss HTTP/1.1" 200 86878 "-" "Mozilla/5.0 (Macintosh; Intel Mac OS X 10_15_7) AppleWebKit/537.36 (KHTML, like Gecko) Chrome/120.0.0.0 Safari/537.36"
216.73.216.101 - - [24/Aug/2026:18:30:46 +0500] "GET /?r=h9e2a9d6l0a5n9d6367 HTTP/1.1" 301 - "-" "Mozilla/5.0 AppleWebKit/537.36 (KHTML, like Gecko; compatible; ClaudeBot/1.0; +claudebot@anthropic.com)"
216.73.216.101 - - [24/Aug/2026:18:30:48 +0500] "GET /uz/?r=h9e2a9d6l0a5n9d6367 HTTP/1.1" 200 68205 "http://eskijuva-bozori.uz/?r=h9e2a9d6l0a5n9d6367" "Mozilla/5.0 AppleWebKit/537.36 (KHTML, like Gecko; compatible; ClaudeBot/1.0; +claudebot@anthropic.com)"
216.73.216.101 - - [24/Aug/2026:18:30:57 +0500] "GET /?r=h9a1r3d0b6a7c7k9e8d12 HTTP/1.1" 301 - "-" "Mozilla/5.0 AppleWebKit/537.36 (KHTML, like Gecko; compatible; ClaudeBot/1.0; +claudebot@anthropic.com)"
216.73.216.101 - - [24/Aug/2026:18:30:59 +0500] "GET /uz/?r=h9a1r3d0b6a7c7k9e8d12 HTTP/1.1" 200 68207 "http://eskijuva-bozori.uz/?r=h9a1r3d0b6a7c7k9e8d12" "Mozilla/5.0 AppleWebKit/537.36 (KHTML, like Gecko; compatible; ClaudeBot/1.0; +claudebot@anthropic.com)"
216.73.216.101 - - [24/Aug/2026:18:31:20 +0500] "GET /shops/halfmoon/r9e2w8a1r1d4l1e5s3s86 HTTP/1.1" 301 - "-" "Mozilla/5.0 AppleWebKit/537.36 (KHTML, like Gecko; compatible; ClaudeBot/1.0; +claudebot@anthropic.com)"
216.73.216.101 - - [24/Aug/2026:18:31:24 +0500] "GET /uz/shops/halfmoon/r9e2w8a1r1d4l1e5s3s86 HTTP/1.1" 404 1215 "http://eskijuva-bozori.uz/shops/halfmoon/r9e2w8a1r1d4l1e5s3s86" "Mozilla/5.0 AppleWebKit/537.36 (KHTML, like Gecko; compatible; ClaudeBot/1.0; +claudebot@anthropic.com)"
216.73.216.101 - - [24/Aug/2026:18:31:30 +0500] "GET /shops/nondescript/c9h3a1n4c2r1o9i4d384 HTTP/1.1" 301 - "-" "Mozilla/5.0 AppleWebKit/537.36 (KHTML, like Gecko; compatible; ClaudeBot/1.0; +claudebot@anthropic.com)"
85.208.96.211 - - [24/Aug/2026:18:31:29 +0500] "GET /uz/audit-uzb/12-uzbek/about-org-uzb/300-direction-14-05-2020-uzb HTTP/1.1" 200 62431 "-" "Mozilla/5.0 (compatible; SemrushBot/7~bl; +http://www.semrush.com/bot.html)"
216.73.216.101 - - [24/Aug/2026:18:31:35 +0500] "GET /uz/shops/nondescript/c9h3a1n4c2r1o9i4d384 HTTP/1.1" 404 1215 "http://eskijuva-bozori.uz/shops/nondescript/c9h3a1n4c2r1o9i4d384" "Mozilla/5.0 AppleWebKit/537.36 (KHTML, like Gecko; compatible; ClaudeBot/1.0; +claudebot@anthropic.com)"
216.73.216.101 - - [24/Aug/2026:18:31:52 +0500] "GET /shops/comfortable/a9n1d1e3s1378717 HTTP/1.1" 301 - "-" "Mozilla/5.0 AppleWebKit/537.36 (KHTML, like Gecko; compatible; ClaudeBot/1.0; +claudebot@anthropic.com)"
216.73.216.101 - - [24/Aug/2026:18:31:57 +0500] "GET /uz/shops/comfortable/a9n1d1e3s1378717 HTTP/1.1" 404 1215 "http://eskijuva-bozori.uz/shops/comfortable/a9n1d1e3s1378717" "Mozilla/5.0 AppleWebKit/537.36 (KHTML, like Gecko; compatible; ClaudeBot/1.0; +claudebot@anthropic.com)"
216.73.216.101 - - [24/Aug/2026:18:32:10 +0500] "GET /shops/warming/s9u8f4f2l9a0t6e226 HTTP/1.1" 301 - "-" "Mozilla/5.0 AppleWebKit/537.36 (KHTML, like Gecko; compatible; ClaudeBot/1.0; +claudebot@anthropic.com)"
216.73.216.101 - - [24/Aug/2026:18:32:17 +0500] "GET /uz/shops/warming/s9u8f4f2l9a0t6e226 HTTP/1.1" 404 1215 "http://eskijuva-bozori.uz/shops/warming/s9u8f4f2l9a0t6e226" "Mozilla/5.0 AppleWebKit/537.36 (KHTML, like Gecko; compatible; ClaudeBot/1.0; +claudebot@anthropic.com)"
43.153.67.21 - - [24/Aug/2026:18:32:26 +0500] "GET /docs/2026/affilir-07-04-2026.docx HTTP/1.1" 200 26848 "-" "Mozilla/5.0 (iPhone; CPU iPhone OS 13_2_3 like Mac OS X) AppleWebKit/605.1.15 (KHTML, like Gecko) Version/13.0.3 Mobile/15E148 Safari/604.1"
216.73.216.101 - - [24/Aug/2026:18:32:32 +0500] "GET /laxity/c9i1t5y8w4i2d1e4111 HTTP/1.1" 301 - "-" "Mozilla/5.0 AppleWebKit/537.36 (KHTML, like Gecko; compatible; ClaudeBot/1.0; +claudebot@anthropic.com)"
216.73.216.101 - - [24/Aug/2026:18:32:35 +0500] "GET /uz/laxity/c9i1t5y8w4i2d1e4111 HTTP/1.1" 404 1215 "http://eskijuva-bozori.uz/laxity/c9i1t5y8w4i2d1e4111" "Mozilla/5.0 AppleWebKit/537.36 (KHTML, like Gecko; compatible; ClaudeBot/1.0; +claudebot@anthropic.com)"
216.73.216.101 - - [24/Aug/2026:18:32:41 +0500] "GET /?r=v9i2o0l3a7t8e46215 HTTP/1.1" 301 - "-" "Mozilla/5.0 AppleWebKit/537.36 (KHTML, like Gecko; compatible; ClaudeBot/1.0; +claudebot@anthropic.com)"
216.73.216.101 - - [24/Aug/2026:18:32:44 +0500] "GET /uz/?r=v9i2o0l3a7t8e46215 HTTP/1.1" 200 68204 "http://eskijuva-bozori.uz/?r=v9i2o0l3a7t8e46215" "Mozilla/5.0 AppleWebKit/537.36 (KHTML, like Gecko; compatible; ClaudeBot/1.0; +claudebot@anthropic.com)"
216.73.216.101 - - [24/Aug/2026:18:33:02 +0500] "GET /shops/perduration/s9w6i7n1e8c3o2t0e96 HTTP/1.1" 301 - "-" "Mozilla/5.0 AppleWebKit/537.36 (KHTML, like Gecko; compatible; ClaudeBot/1.0; +claudebot@anthropic.com)"
216.73.216.101 - - [24/Aug/2026:18:33:08 +0500] "GET /uz/shops/perduration/s9w6i7n1e8c3o2t0e96 HTTP/1.1" 404 1215 "http://eskijuva-bozori.uz/shops/perduration/s9w6i7n1e8c3o2t0e96" "Mozilla/5.0 AppleWebKit/537.36 (KHTML, like Gecko; compatible; ClaudeBot/1.0; +claudebot@anthropic.com)"
216.73.216.101 - - [24/Aug/2026:18:33:13 +0500] "GET /?r=c9i1r7c7u8m7v6o7l9v5e5d HTTP/1.1" 301 - "-" "Mozilla/5.0 AppleWebKit/537.36 (KHTML, like Gecko; compatible; ClaudeBot/1.0; +claudebot@anthropic.com)"
216.73.216.101 - - [24/Aug/2026:18:33:17 +0500] "GET /uz/?r=c9i1r7c7u8m7v6o7l9v5e5d HTTP/1.1" 200 68209 "http://eskijuva-bozori.uz/?r=c9i1r7c7u8m7v6o7l9v5e5d" "Mozilla/5.0 AppleWebKit/537.36 (KHTML, like Gecko; compatible; ClaudeBot/1.0; +claudebot@anthropic.com)"
216.73.216.101 - - [24/Aug/2026:18:33:22 +0500] "GET /?r=f9i2b2u6l8a3r8i5a234 HTTP/1.1" 301 - "-" "Mozilla/5.0 AppleWebKit/537.36 (KHTML, like Gecko; compatible; ClaudeBot/1.0; +claudebot@anthropic.com)"
216.73.216.101 - - [24/Aug/2026:18:33:24 +0500] "GET /uz/?r=f9i2b2u6l8a3r8i5a234 HTTP/1.1" 200 68206 "http://eskijuva-bozori.uz/?r=f9i2b2u6l8a3r8i5a234" "Mozilla/5.0 AppleWebKit/537.36 (KHTML, like Gecko; compatible; ClaudeBot/1.0; +claudebot@anthropic.com)"
216.73.216.101 - - [24/Aug/2026:18:33:44 +0500] "GET /circumnutation/subject/92333284084 HTTP/1.1" 301 - "-" "Mozilla/5.0 AppleWebKit/537.36 (KHTML, like Gecko; compatible; ClaudeBot/1.0; +claudebot@anthropic.com)"
216.73.216.101 - - [24/Aug/2026:18:33:49 +0500] "GET /uz/circumnutation/subject/92333284084 HTTP/1.1" 404 1215 "http://eskijuva-bozori.uz/circumnutation/subject/92333284084" "Mozilla/5.0 AppleWebKit/537.36 (KHTML, like Gecko; compatible; ClaudeBot/1.0; +claudebot@anthropic.com)"
216.73.216.101 - - [24/Aug/2026:18:33:53 +0500] "GET /shops/triniunity/i9n3d2a4z0o9l39858 HTTP/1.1" 301 - "-" "Mozilla/5.0 AppleWebKit/537.36 (KHTML, like Gecko; compatible; ClaudeBot/1.0; +claudebot@anthropic.com)"
192.178.6.8 - - [24/Aug/2026:18:33:56 +0500] "GET /ru/facts-rus/262-08-fact-25-04-2019-ns HTTP/1.1" 200 193503 "-" "Mozilla/5.0 (Linux; Android 6.0.1; Nexus 5X Build/MMB29P) AppleWebKit/537.36 (KHTML, like Gecko) Chrome/151.0.7922.137 Mobile Safari/537.36 (compatible; Googlebot/2.1; +http://www.google.com/bot.html)"
216.73.216.101 - - [24/Aug/2026:18:33:56 +0500] "GET /uz/shops/triniunity/i9n3d2a4z0o9l39858 HTTP/1.1" 404 1215 "http://eskijuva-bozori.uz/shops/triniunity/i9n3d2a4z0o9l39858" "Mozilla/5.0 AppleWebKit/537.36 (KHTML, like Gecko; compatible; ClaudeBot/1.0; +claudebot@anthropic.com)"
216.73.216.101 - - [24/Aug/2026:18:34:15 +0500] "GET /shops/oryctologist/e9s3t3i2v0a1t5e9361 HTTP/1.1" 301 - "-" "Mozilla/5.0 AppleWebKit/537.36 (KHTML, like Gecko; compatible; ClaudeBot/1.0; +claudebot@anthropic.com)"
216.73.216.101 - - [24/Aug/2026:18:34:17 +0500] "GET /uz/shops/oryctologist/e9s3t3i2v0a1t5e9361 HTTP/1.1" 404 1215 "http://eskijuva-bozori.uz/shops/oryctologist/e9s3t3i2v0a1t5e9361" "Mozilla/5.0 AppleWebKit/537.36 (KHTML, like Gecko; compatible; ClaudeBot/1.0; +claudebot@anthropic.com)"
216.73.216.101 - - [24/Aug/2026:18:34:23 +0500] "GET /?r=p9r8e2c2i0s1e0n9e6s0s HTTP/1.1" 301 - "-" "Mozilla/5.0 AppleWebKit/537.36 (KHTML, like Gecko; compatible; ClaudeBot/1.0; +claudebot@anthropic.com)"
216.73.216.101 - - [24/Aug/2026:18:34:27 +0500] "GET /uz/?r=p9r8e2c2i0s1e0n9e6s0s HTTP/1.1" 200 68207 "http://eskijuva-bozori.uz/?r=p9r8e2c2i0s1e0n9e6s0s" "Mozilla/5.0 AppleWebKit/537.36 (KHTML, like Gecko; compatible; ClaudeBot/1.0; +claudebot@anthropic.com)"
192.178.6.8 - - [24/Aug/2026:18:34:40 +0500] "GET /uz/interactive-uzb/faq-uzb?template=accessibility HTTP/1.1" 200 31910 "-" "Mozilla/5.0 (Linux; Android 6.0.1; Nexus 5X Build/MMB29P) AppleWebKit/537.36 (KHTML, like Gecko) Chrome/151.0.7922.137 Mobile Safari/537.36 (compatible; Googlebot/2.1; +http://www.google.com/bot.html)"
216.73.216.101 - - [24/Aug/2026:18:34:45 +0500] "GET /?r=e9d2u0l4i0s010805 HTTP/1.1" 301 - "-" "Mozilla/5.0 AppleWebKit/537.36 (KHTML, like Gecko; compatible; ClaudeBot/1.0; +claudebot@anthropic.com)"
34.123.149.87 - - [24/Aug/2026:18:34:54 +0500] "GET /uz/facts-uzb?start=30&template=accessibility HTTP/1.1" 508 288 "-" "Mozilla/5.0 (Macintosh; Intel Mac OS X 10_15_7) AppleWebKit/537.36 (KHTML, like Gecko) Chrome/120.0.0.0 Safari/537.36"
216.73.216.101 - - [24/Aug/2026:18:34:50 +0500] "GET /uz/?r=e9d2u0l4i0s010805 HTTP/1.1" 200 68203 "http://eskijuva-bozori.uz/?r=e9d2u0l4i0s010805" "Mozilla/5.0 AppleWebKit/537.36 (KHTML, like Gecko; compatible; ClaudeBot/1.0; +claudebot@anthropic.com)"
216.73.216.101 - - [24/Aug/2026:18:34:54 +0500] "GET /romanized/monticulate/t9u6b1i0c4i7n3a4t4e2 HTTP/1.1" 301 - "-" "Mozilla/5.0 AppleWebKit/537.36 (KHTML, like Gecko; compatible; ClaudeBot/1.0; +claudebot@anthropic.com)"
216.73.216.101 - - [24/Aug/2026:18:35:00 +0500] "GET /uz/romanized/monticulate/t9u6b1i0c4i7n3a4t4e2 HTTP/1.1" 404 1215 "http://eskijuva-bozori.uz/romanized/monticulate/t9u6b1i0c4i7n3a4t4e2" "Mozilla/5.0 AppleWebKit/537.36 (KHTML, like Gecko; compatible; ClaudeBot/1.0; +claudebot@anthropic.com)"
192.178.6.9 - - [24/Aug/2026:18:34:59 +0500] "GET /ru/news-rus?template=accessibility HTTP/1.1" 200 33310 "-" "Mozilla/5.0 (Linux; Android 6.0.1; Nexus 5X Build/MMB29P) AppleWebKit/537.36 (KHTML, like Gecko) Chrome/151.0.7922.137 Mobile Safari/537.36 (compatible; Googlebot/2.1; +http://www.google.com/bot.html)"
216.73.216.101 - - [24/Aug/2026:18:35:16 +0500] "GET /shops/sensualized/f9l3o5c9c9u7l5e8n2t18 HTTP/1.1" 301 - "-" "Mozilla/5.0 AppleWebKit/537.36 (KHTML, like Gecko; compatible; ClaudeBot/1.0; +claudebot@anthropic.com)"
192.178.6.8 - - [24/Aug/2026:18:35:21 +0500] "GET /ctg/apiAllLCate/ HTTP/1.1" 301 - "http://www.eskijuva-bozori.uz/ru/facts-rus/262-08-fact-25-04-2019-ns" "Mozilla/5.0 (Linux; Android 6.0.1; Nexus 5X Build/MMB29P) AppleWebKit/537.36 (KHTML, like Gecko) Chrome/151.0.7922.137 Mobile Safari/537.36 (compatible; Googlebot/2.1; +http://www.google.com/bot.html)"
216.73.216.101 - - [24/Aug/2026:18:35:21 +0500] "GET /uz/shops/sensualized/f9l3o5c9c9u7l5e8n2t18 HTTP/1.1" 404 1215 "http://eskijuva-bozori.uz/shops/sensualized/f9l3o5c9c9u7l5e8n2t18" "Mozilla/5.0 AppleWebKit/537.36 (KHTML, like Gecko; compatible; ClaudeBot/1.0; +claudebot@anthropic.com)"
216.73.216.101 - - [24/Aug/2026:18:35:25 +0500] "GET /?r=a9e4s1t7r7e4l8a0t1a98 HTTP/1.1" 301 - "-" "Mozilla/5.0 AppleWebKit/537.36 (KHTML, like Gecko; compatible; ClaudeBot/1.0; +claudebot@anthropic.com)"
216.73.216.101 - - [24/Aug/2026:18:35:29 +0500] "GET /uz/?r=a9e4s1t7r7e4l8a0t1a98 HTTP/1.1" 200 68247 "http://eskijuva-bozori.uz/?r=a9e4s1t7r7e4l8a0t1a98" "Mozilla/5.0 AppleWebKit/537.36 (KHTML, like Gecko; compatible; ClaudeBot/1.0; +claudebot@anthropic.com)"
144.24.19.182 - - [24/Aug/2026:18:35:41 +0500] "GET /uz/officially-uzb/tenders-uzb?template=accessibility HTTP/1.1" 200 8000 "-" "Mozilla/5.0 (X11; Linux aarch64) AppleWebKit/537.36 (KHTML, like Gecko) Chrome/139.0.0.0 Safari/537.36"
216.73.216.101 - - [24/Aug/2026:18:35:47 +0500] "GET /shops/subsumption/c9o2m5p1e3l1l1e0r476 HTTP/1.1" 301 - "-" "Mozilla/5.0 AppleWebKit/537.36 (KHTML, like Gecko; compatible; ClaudeBot/1.0; +claudebot@anthropic.com)"
144.24.19.182 - - [24/Aug/2026:18:35:45 +0500] "GET /uz/officially-uzb/tenders-uzb?template=accessibility HTTP/1.1" 200 - "-" "Mozilla/5.0 (X11; Linux aarch64) AppleWebKit/537.36 (KHTML, like Gecko) Chrome/139.0.0.0 Safari/537.36"
216.73.216.101 - - [24/Aug/2026:18:35:50 +0500] "GET /uz/shops/subsumption/c9o2m5p1e3l1l1e0r476 HTTP/1.1" 404 1215 "http://eskijuva-bozori.uz/shops/subsumption/c9o2m5p1e3l1l1e0r476" "Mozilla/5.0 AppleWebKit/537.36 (KHTML, like Gecko; compatible; ClaudeBot/1.0; +claudebot@anthropic.com)"
216.73.216.101 - - [24/Aug/2026:18:35:55 +0500] "GET /?r=c9a4t1a7l6l2a6c8t0a99 HTTP/1.1" 301 - "-" "Mozilla/5.0 AppleWebKit/537.36 (KHTML, like Gecko; compatible; ClaudeBot/1.0; +claudebot@anthropic.com)"
216.73.216.101 - - [24/Aug/2026:18:35:58 +0500] "GET /uz/?r=c9a4t1a7l6l2a6c8t0a99 HTTP/1.1" 200 68247 "http://eskijuva-bozori.uz/?r=c9a4t1a7l6l2a6c8t0a99" "Mozilla/5.0 AppleWebKit/537.36 (KHTML, like Gecko; compatible; ClaudeBot/1.0; +claudebot@anthropic.com)"
85.208.96.202 - - [24/Aug/2026:18:36:08 +0500] "GET /uz/?function=call_user_func_array&s=index%2Fthink%5C%5C%5C%5C%5C%5C%5C%5C%5C%5C%5C%5C%5C%5C%5C%5C%5C%5C%5C%5C%5C%5C%5C%5C%5C%5C%5C%5C%5C%5C%5C%5C%5C%5C%5C%5C%5C%5C%5C%5C%5C%5C%5C%5C%5C%5C%5C%5C%5C%5C%5C%5C%5C%5C%5C%5C%5C%5C%5C%5C%5C%5C%5C%5Capp%2Finvokefunction&start=28&vars%5B0%5D=phpinfo&vars%5B1%5D%5B0%5D=1 HTTP/1.1" 200 72872 "-" "Mozilla/5.0 (compatible; SemrushBot/7~bl; +http://www.semrush.com/bot.html)"
216.73.216.101 - - [24/Aug/2026:18:36:17 +0500] "GET /shops/stibiated/c9a8n6n3o5n5e7e5r3 HTTP/1.1" 301 - "-" "Mozilla/5.0 AppleWebKit/537.36 (KHTML, like Gecko; compatible; ClaudeBot/1.0; +claudebot@anthropic.com)"
216.73.216.101 - - [24/Aug/2026:18:36:21 +0500] "GET /uz/shops/stibiated/c9a8n6n3o5n5e7e5r3 HTTP/1.1" 404 1215 "http://eskijuva-bozori.uz/shops/stibiated/c9a8n6n3o5n5e7e5r3" "Mozilla/5.0 AppleWebKit/537.36 (KHTML, like Gecko; compatible; ClaudeBot/1.0; +claudebot@anthropic.com)"
216.73.216.101 - - [24/Aug/2026:18:36:26 +0500] "GET /shops/chandelle/c9y3m5b0a3l3a4r7i2a00 HTTP/1.1" 301 - "-" "Mozilla/5.0 AppleWebKit/537.36 (KHTML, like Gecko; compatible; ClaudeBot/1.0; +claudebot@anthropic.com)"
216.73.216.101 - - [24/Aug/2026:18:36:33 +0500] "GET /uz/shops/chandelle/c9y3m5b0a3l3a4r7i2a00 HTTP/1.1" 404 1215 "http://eskijuva-bozori.uz/shops/chandelle/c9y3m5b0a3l3a4r7i2a00" "Mozilla/5.0 AppleWebKit/537.36 (KHTML, like Gecko; compatible; ClaudeBot/1.0; +claudebot@anthropic.com)"
216.73.216.101 - - [24/Aug/2026:18:36:48 +0500] "GET /?r=n9i3d8o3r1395723 HTTP/1.1" 301 - "-" "Mozilla/5.0 AppleWebKit/537.36 (KHTML, like Gecko; compatible; ClaudeBot/1.0; +claudebot@anthropic.com)"
216.73.216.101 - - [24/Aug/2026:18:36:53 +0500] "GET /uz/?r=n9i3d8o3r1395723 HTTP/1.1" 200 68242 "http://eskijuva-bozori.uz/?r=n9i3d8o3r1395723" "Mozilla/5.0 AppleWebKit/537.36 (KHTML, like Gecko; compatible; ClaudeBot/1.0; +claudebot@anthropic.com)"
216.73.216.101 - - [24/Aug/2026:18:36:56 +0500] "GET /?r=g9o2o2d6e9i337725 HTTP/1.1" 301 - "-" "Mozilla/5.0 AppleWebKit/537.36 (KHTML, like Gecko; compatible; ClaudeBot/1.0; +claudebot@anthropic.com)"
216.73.216.101 - - [24/Aug/2026:18:37:01 +0500] "GET /uz/?r=g9o2o2d6e9i337725 HTTP/1.1" 200 68243 "http://eskijuva-bozori.uz/?r=g9o2o2d6e9i337725" "Mozilla/5.0 AppleWebKit/537.36 (KHTML, like Gecko; compatible; ClaudeBot/1.0; +claudebot@anthropic.com)"
216.73.216.101 - - [24/Aug/2026:18:37:18 +0500] "GET /?r=r9e1f4r2a2i4n81064 HTTP/1.1" 301 - "-" "Mozilla/5.0 AppleWebKit/537.36 (KHTML, like Gecko; compatible; ClaudeBot/1.0; +claudebot@anthropic.com)"
216.73.216.101 - - [24/Aug/2026:18:37:22 +0500] "GET /uz/?r=r9e1f4r2a2i4n81064 HTTP/1.1" 200 68244 "http://eskijuva-bozori.uz/?r=r9e1f4r2a2i4n81064" "Mozilla/5.0 AppleWebKit/537.36 (KHTML, like Gecko; compatible; ClaudeBot/1.0; +claudebot@anthropic.com)"
216.73.216.101 - - [24/Aug/2026:18:37:26 +0500] "GET /?r=s9t3o8n6e0w7o7r3t190 HTTP/1.1" 301 - "-" "Mozilla/5.0 AppleWebKit/537.36 (KHTML, like Gecko; compatible; ClaudeBot/1.0; +claudebot@anthropic.com)"
192.178.6.8 - - [24/Aug/2026:18:37:27 +0500] "GET /uz/audit-uzb/10-uzbek HTTP/1.1" 200 66817 "-" "Mozilla/5.0 (Linux; Android 6.0.1; Nexus 5X Build/MMB29P) AppleWebKit/537.36 (KHTML, like Gecko) Chrome/151.0.7922.137 Mobile Safari/537.36 (compatible; Googlebot/2.1; +http://www.google.com/bot.html)"
216.73.216.101 - - [24/Aug/2026:18:37:33 +0500] "GET /uz/?r=s9t3o8n6e0w7o7r3t190 HTTP/1.1" 200 68246 "http://eskijuva-bozori.uz/?r=s9t3o8n6e0w7o7r3t190" "Mozilla/5.0 AppleWebKit/537.36 (KHTML, like Gecko; compatible; ClaudeBot/1.0; +claudebot@anthropic.com)"
185.191.171.18 - - [24/Aug/2026:18:37:38 +0500] "GET /uz/?author=17&start=48 HTTP/1.1" 200 68940 "-" "Mozilla/5.0 (compatible; SemrushBot/7~bl; +http://www.semrush.com/bot.html)"
192.178.6.9 - - [24/Aug/2026:18:37:50 +0500] "GET /media/ext_tss/assets/css/style.css HTTP/1.1" 200 2387 "http://www.eskijuva-bozori.uz/uz/audit-uzb/10-uzbek" "Mozilla/5.0 (Linux; Android 6.0.1; Nexus 5X Build/MMB29P) AppleWebKit/537.36 (KHTML, like Gecko) Chrome/151.0.7922.137 Mobile Safari/537.36 (compatible; Googlebot/2.1; +http://www.google.com/bot.html)"
85.208.96.206 - - [24/Aug/2026:18:37:52 +0500] "GET /robots.txt HTTP/1.1" 200 111 "-" "Mozilla/5.0 (compatible; SemrushBot/7~bl; +http://www.semrush.com/bot.html)"
192.178.6.8 - - [24/Aug/2026:18:37:52 +0500] "GET /media/jui/js/jquery.min.js?bdca9f4aaac7efa5c50df0d08fc1d8dd HTTP/1.1" 200 97646 "http://www.eskijuva-bozori.uz/uz/audit-uzb/10-uzbek" "Mozilla/5.0 (Linux; Android 6.0.1; Nexus 5X Build/MMB29P) AppleWebKit/537.36 (KHTML, like Gecko) Chrome/151.0.7922.137 Mobile Safari/537.36 (compatible; Googlebot/2.1; +http://www.google.com/bot.html)"
216.73.216.101 - - [24/Aug/2026:18:37:49 +0500] "GET /shops/rommany/l9o3c3k0i2n5g52574 HTTP/1.1" 301 - "-" "Mozilla/5.0 AppleWebKit/537.36 (KHTML, like Gecko; compatible; ClaudeBot/1.0; +claudebot@anthropic.com)"
34.10.180.98 - - [24/Aug/2026:18:37:50 +0500] "GET /ru/info-for-shareholders-rus?format=feed&type=rss HTTP/1.1" 200 9560 "-" "Mozilla/5.0 (Macintosh; Intel Mac OS X 10_15_7) AppleWebKit/537.36 (KHTML, like Gecko) Chrome/120.0.0.0 Safari/537.36"
216.73.216.101 - - [24/Aug/2026:18:37:53 +0500] "GET /uz/shops/rommany/l9o3c3k0i2n5g52574 HTTP/1.1" 404 1215 "http://eskijuva-bozori.uz/shops/rommany/l9o3c3k0i2n5g52574" "Mozilla/5.0 AppleWebKit/537.36 (KHTML, like Gecko; compatible; ClaudeBot/1.0; +claudebot@anthropic.com)"
216.73.216.101 - - [24/Aug/2026:18:37:59 +0500] "GET /?r=a9c3t2i2v6a8t7i3n2g67 HTTP/1.1" 301 - "-" "Mozilla/5.0 AppleWebKit/537.36 (KHTML, like Gecko; compatible; ClaudeBot/1.0; +claudebot@anthropic.com)"
216.73.216.101 - - [24/Aug/2026:18:38:04 +0500] "GET /uz/?r=a9c3t2i2v6a8t7i3n2g67 HTTP/1.1" 200 68247 "http://eskijuva-bozori.uz/?r=a9c3t2i2v6a8t7i3n2g67" "Mozilla/5.0 AppleWebKit/537.36 (KHTML, like Gecko; compatible; ClaudeBot/1.0; +claudebot@anthropic.com)"
85.208.96.210 - - [24/Aug/2026:18:38:05 +0500] "GET /uz/officially-uzb/certificates-uzb?template=accessibility HTTP/1.1" 200 26314 "-" "Mozilla/5.0 (compatible; SemrushBot/7~bl; +http://www.semrush.com/bot.html)"
216.73.216.101 - - [24/Aug/2026:18:38:21 +0500] "GET /shops/wagonroofed/m9a1n1s6l7a5y0e7r363 HTTP/1.1" 301 - "-" "Mozilla/5.0 AppleWebKit/537.36 (KHTML, like Gecko; compatible; ClaudeBot/1.0; +claudebot@anthropic.com)"
216.73.216.101 - - [24/Aug/2026:18:38:23 +0500] "GET /uz/shops/wagonroofed/m9a1n1s6l7a5y0e7r363 HTTP/1.1" 404 1215 "http://eskijuva-bozori.uz/shops/wagonroofed/m9a1n1s6l7a5y0e7r363" "Mozilla/5.0 AppleWebKit/537.36 (KHTML, like Gecko; compatible; ClaudeBot/1.0; +claudebot@anthropic.com)"
216.73.216.101 - - [24/Aug/2026:18:38:30 +0500] "GET /?r=m9o3u0r7n9976848 HTTP/1.1" 301 - "-" "Mozilla/5.0 AppleWebKit/537.36 (KHTML, like Gecko; compatible; ClaudeBot/1.0; +claudebot@anthropic.com)"
216.73.216.101 - - [24/Aug/2026:18:38:34 +0500] "GET /uz/?r=m9o3u0r7n9976848 HTTP/1.1" 200 68242 "http://eskijuva-bozori.uz/?r=m9o3u0r7n9976848" "Mozilla/5.0 AppleWebKit/537.36 (KHTML, like Gecko; compatible; ClaudeBot/1.0; +claudebot@anthropic.com)"
216.73.216.101 - - [24/Aug/2026:18:38:52 +0500] "GET /shops/commutual/p9r8o0l0a8p1s3i2o6n8 HTTP/1.1" 301 - "-" "Mozilla/5.0 AppleWebKit/537.36 (KHTML, like Gecko; compatible; ClaudeBot/1.0; +claudebot@anthropic.com)"
216.73.216.101 - - [24/Aug/2026:18:38:57 +0500] "GET /uz/shops/commutual/p9r8o0l0a8p1s3i2o6n8 HTTP/1.1" 404 1215 "http://eskijuva-bozori.uz/shops/commutual/p9r8o0l0a8p1s3i2o6n8" "Mozilla/5.0 AppleWebKit/537.36 (KHTML, like Gecko; compatible; ClaudeBot/1.0; +claudebot@anthropic.com)"
216.73.216.101 - - [24/Aug/2026:18:39:00 +0500] "GET /?r=f9i4s8h1t3a3c5k1l7e2 HTTP/1.1" 301 - "-" "Mozilla/5.0 AppleWebKit/537.36 (KHTML, like Gecko; compatible; ClaudeBot/1.0; +claudebot@anthropic.com)"
34.123.149.87 - - [24/Aug/2026:18:39:03 +0500] "GET /ru/info-for-shareholders-rus/345-dividend-2020 HTTP/1.1" 200 57625 "-" "Mozilla/5.0 (Macintosh; Intel Mac OS X 10_15_7) AppleWebKit/537.36 (KHTML, like Gecko) Chrome/120.0.0.0 Safari/537.36"
216.73.216.101 - - [24/Aug/2026:18:39:05 +0500] "GET /uz/?r=f9i4s8h1t3a3c5k1l7e2 HTTP/1.1" 200 68246 "http://eskijuva-bozori.uz/?r=f9i4s8h1t3a3c5k1l7e2" "Mozilla/5.0 AppleWebKit/537.36 (KHTML, like Gecko; compatible; ClaudeBot/1.0; +claudebot@anthropic.com)"
192.178.6.9 - - [24/Aug/2026:18:39:16 +0500] "GET /templates/yoo_master2/apple_touch_icon.png HTTP/1.1" 200 12399 "-" "Googlebot-Image/1.0"
85.208.96.210 - - [24/Aug/2026:18:39:15 +0500] "GET /uz/?destination=node&start=16 HTTP/1.1" 200 67659 "-" "Mozilla/5.0 (compatible; SemrushBot/7~bl; +http://www.semrush.com/bot.html)"
192.178.6.8 - - [24/Aug/2026:18:39:21 +0500] "GET /ru/facts-rus/337-32-fact-02-04-2021 HTTP/1.1" 200 186533 "-" "Mozilla/5.0 (Linux; Android 6.0.1; Nexus 5X Build/MMB29P) AppleWebKit/537.36 (KHTML, like Gecko) Chrome/151.0.7922.137 Mobile Safari/537.36 (compatible; Googlebot/2.1; +http://www.google.com/bot.html)"
192.178.6.9 - - [24/Aug/2026:18:39:25 +0500] "GET /templates/yoo_master2/favicon.ico HTTP/1.1" 200 1150 "-" "Googlebot-Image/1.0"
216.73.216.101 - - [24/Aug/2026:18:39:23 +0500] "GET /shops/penitenser/f9a4r2c1i8c6a6l3n5e9s7s HTTP/1.1" 301 - "-" "Mozilla/5.0 AppleWebKit/537.36 (KHTML, like Gecko; compatible; ClaudeBot/1.0; +claudebot@anthropic.com)"
216.73.216.101 - - [24/Aug/2026:18:39:27 +0500] "GET /uz/shops/penitenser/f9a4r2c1i8c6a6l3n5e9s7s HTTP/1.1" 404 1215 "http://eskijuva-bozori.uz/shops/penitenser/f9a4r2c1i8c6a6l3n5e9s7s" "Mozilla/5.0 AppleWebKit/537.36 (KHTML, like Gecko; compatible; ClaudeBot/1.0; +claudebot@anthropic.com)"
216.73.216.101 - - [24/Aug/2026:18:39:47 +0500] "GET /shops/antral/n9o8m9b7r9i4l7367 HTTP/1.1" 301 - "-" "Mozilla/5.0 AppleWebKit/537.36 (KHTML, like Gecko; compatible; ClaudeBot/1.0; +claudebot@anthropic.com)"
216.73.216.101 - - [24/Aug/2026:18:39:49 +0500] "GET /uz/shops/antral/n9o8m9b7r9i4l7367 HTTP/1.1" 404 1215 "http://eskijuva-bozori.uz/shops/antral/n9o8m9b7r9i4l7367" "Mozilla/5.0 AppleWebKit/537.36 (KHTML, like Gecko; compatible; ClaudeBot/1.0; +claudebot@anthropic.com)"
192.178.6.10 - - [24/Aug/2026:18:40:02 +0500] "GET /templates/accessibility/css/template.css HTTP/1.1" 200 28201 "http://www.eskijuva-bozori.uz/uz/interactive-uzb/faq-uzb?template=accessibility" "Mozilla/5.0 (Linux; Android 6.0.1; Nexus 5X Build/MMB29P) AppleWebKit/537.36 (KHTML, like Gecko) Chrome/151.0.7922.137 Mobile Safari/537.36 (compatible; Googlebot/2.1; +http://www.google.com/bot.html)"
34.171.68.95 - - [24/Aug/2026:18:40:02 +0500] "GET /docs/2025/sush_fakt-06-24.05.2025.pdf HTTP/1.1" 200 69674 "-" "Mozilla/5.0 (Macintosh; Intel Mac OS X 10_15_7) AppleWebKit/537.36 (KHTML, like Gecko) Chrome/120.0.0.0 Safari/537.36"
216.73.216.101 - - [24/Aug/2026:18:40:09 +0500] "GET /shops/outbound/r9e1v8i9s7i3t61667 HTTP/1.1" 301 - "-" "Mozilla/5.0 AppleWebKit/537.36 (KHTML, like Gecko; compatible; ClaudeBot/1.0; +claudebot@anthropic.com)"
216.73.216.101 - - [24/Aug/2026:18:40:11 +0500] "GET /uz/shops/outbound/r9e1v8i9s7i3t61667 HTTP/1.1" 404 1215 "http://eskijuva-bozori.uz/shops/outbound/r9e1v8i9s7i3t61667" "Mozilla/5.0 AppleWebKit/537.36 (KHTML, like Gecko; compatible; ClaudeBot/1.0; +claudebot@anthropic.com)"
