52.173.121.69 - - [24/Aug/2026:17:23:40 +0500] "GET /browse.php HTTP/1.1" 301 - "-" "-"
216.73.216.101 - - [24/Aug/2026:17:23:42 +0500] "GET /uz/?r=b9o3r5a8t2e403180 HTTP/1.1" 200 68306 "http://eskijuva-bozori.uz/?r=b9o3r5a8t2e403180" "Mozilla/5.0 AppleWebKit/537.36 (KHTML, like Gecko; compatible; ClaudeBot/1.0; +claudebot@anthropic.com)"
52.173.121.69 - - [24/Aug/2026:17:23:45 +0500] "GET /uz/browse.php HTTP/1.1" 404 1215 "-" "-"
52.173.121.69 - - [24/Aug/2026:17:23:49 +0500] "GET /wp-includes/js/crop/index.php HTTP/1.1" 301 - "-" "-"
52.173.121.69 - - [24/Aug/2026:17:23:52 +0500] "GET /uz/wp-includes/js/crop/index.php HTTP/1.1" 404 1215 "-" "-"
216.73.216.101 - - [24/Aug/2026:17:23:54 +0500] "GET /?r=c9h2e4c9k1a7g7e3767 HTTP/1.1" 301 - "-" "Mozilla/5.0 AppleWebKit/537.36 (KHTML, like Gecko; compatible; ClaudeBot/1.0; +claudebot@anthropic.com)"
52.173.121.69 - - [24/Aug/2026:17:23:56 +0500] "GET /wp-content/upgrade-temp-backup/index.php HTTP/1.1" 301 - "-" "-"
216.73.216.101 - - [24/Aug/2026:17:23:57 +0500] "GET /uz/?r=c9h2e4c9k1a7g7e3767 HTTP/1.1" 200 68308 "http://eskijuva-bozori.uz/?r=c9h2e4c9k1a7g7e3767" "Mozilla/5.0 AppleWebKit/537.36 (KHTML, like Gecko; compatible; ClaudeBot/1.0; +claudebot@anthropic.com)"
52.173.121.69 - - [24/Aug/2026:17:24:00 +0500] "GET /uz/wp-content/upgrade-temp-backup/index.php HTTP/1.1" 404 1215 "-" "-"
85.208.96.193 - - [24/Aug/2026:17:23:58 +0500] "GET /ru/officially-rus/vacancies-rus/357-vakancies-en HTTP/1.1" 200 55675 "-" "Mozilla/5.0 (compatible; SemrushBot/7~bl; +http://www.semrush.com/bot.html)"
52.173.121.69 - - [24/Aug/2026:17:24:14 +0500] "GET /uz/x.php HTTP/1.1" 508 288 "-" "-"
52.173.121.69 - - [24/Aug/2026:17:24:07 +0500] "GET /x.php HTTP/1.1" 301 - "-" "-"
216.73.216.101 - - [24/Aug/2026:17:24:08 +0500] "GET /shops/hebraized/n9e3o3g3a2m9i2s5t627 HTTP/1.1" 301 - "-" "Mozilla/5.0 AppleWebKit/537.36 (KHTML, like Gecko; compatible; ClaudeBot/1.0; +claudebot@anthropic.com)"
52.173.121.69 - - [24/Aug/2026:17:24:14 +0500] "GET /wp-content/plugins/index.php HTTP/1.1" 301 - "-" "-"
216.73.216.101 - - [24/Aug/2026:17:24:14 +0500] "GET /uz/shops/hebraized/n9e3o3g3a2m9i2s5t627 HTTP/1.1" 404 1215 "http://eskijuva-bozori.uz/shops/hebraized/n9e3o3g3a2m9i2s5t627" "Mozilla/5.0 AppleWebKit/537.36 (KHTML, like Gecko; compatible; ClaudeBot/1.0; +claudebot@anthropic.com)"
52.173.121.69 - - [24/Aug/2026:17:24:18 +0500] "GET /uz/wp-content/plugins/index.php HTTP/1.1" 404 1215 "-" "-"
216.73.216.101 - - [24/Aug/2026:17:24:23 +0500] "GET /shops/mariners/p9l2a4t6o4n1i2z7e3d22 HTTP/1.1" 301 - "-" "Mozilla/5.0 AppleWebKit/537.36 (KHTML, like Gecko; compatible; ClaudeBot/1.0; +claudebot@anthropic.com)"
52.173.121.69 - - [24/Aug/2026:17:24:25 +0500] "GET /wp-includes/ID3/colour.php HTTP/1.1" 301 - "-" "-"
216.73.216.101 - - [24/Aug/2026:17:24:30 +0500] "GET /uz/shops/mariners/p9l2a4t6o4n1i2z7e3d22 HTTP/1.1" 404 1215 "http://eskijuva-bozori.uz/shops/mariners/p9l2a4t6o4n1i2z7e3d22" "Mozilla/5.0 AppleWebKit/537.36 (KHTML, like Gecko; compatible; ClaudeBot/1.0; +claudebot@anthropic.com)"
52.173.121.69 - - [24/Aug/2026:17:24:32 +0500] "GET /uz/wp-includes/ID3/colour.php HTTP/1.1" 404 1215 "-" "-"
52.167.144.147 - - [24/Aug/2026:17:24:39 +0500] "GET /docs/2022/konf_int-ru.docx HTTP/1.1" 200 41996 "-" "Mozilla/5.0 AppleWebKit/537.36 (KHTML, like Gecko; compatible; bingbot/2.0; +http://www.bing.com/bingbot.htm) Chrome/116.0.1938.76 Safari/537.36"
34.56.53.225 - - [24/Aug/2026:17:24:32 +0500] "GET /uz/?start=24&template=yoo_master2 HTTP/1.1" 200 67895 "-" "Mozilla/5.0 (Macintosh; Intel Mac OS X 10_15_7) AppleWebKit/537.36 (KHTML, like Gecko) Chrome/120.0.0.0 Safari/537.36"
52.173.121.69 - - [24/Aug/2026:17:24:38 +0500] "GET /.well-known/file.php HTTP/1.1" 301 - "-" "-"
216.73.216.101 - - [24/Aug/2026:17:24:38 +0500] "GET /?r=o9c3h3e9r0y28192 HTTP/1.1" 301 - "-" "Mozilla/5.0 AppleWebKit/537.36 (KHTML, like Gecko; compatible; ClaudeBot/1.0; +claudebot@anthropic.com)"
52.173.121.69 - - [24/Aug/2026:17:24:41 +0500] "GET /uz/.well-known/file.php HTTP/1.1" 404 1215 "-" "-"
216.73.216.101 - - [24/Aug/2026:17:24:42 +0500] "GET /uz/?r=o9c3h3e9r0y28192 HTTP/1.1" 200 68305 "http://eskijuva-bozori.uz/?r=o9c3h3e9r0y28192" "Mozilla/5.0 AppleWebKit/537.36 (KHTML, like Gecko; compatible; ClaudeBot/1.0; +claudebot@anthropic.com)"
52.173.121.69 - - [24/Aug/2026:17:24:46 +0500] "GET /wpupex.php HTTP/1.1" 301 - "-" "-"
52.173.121.69 - - [24/Aug/2026:17:24:51 +0500] "GET /uz/wpupex.php HTTP/1.1" 404 1215 "-" "-"
216.73.216.101 - - [24/Aug/2026:17:24:52 +0500] "GET /?r=p9o3t1h7e9e2n78013 HTTP/1.1" 301 - "-" "Mozilla/5.0 AppleWebKit/537.36 (KHTML, like Gecko; compatible; ClaudeBot/1.0; +claudebot@anthropic.com)"
192.178.6.10 - - [24/Aug/2026:17:24:56 +0500] "GET /ru/info-for-shareholders-rus/206-performance-indicators-3-kvartal-2017 HTTP/1.1" 200 197800 "-" "Mozilla/5.0 (Linux; Android 6.0.1; Nexus 5X Build/MMB29P) AppleWebKit/537.36 (KHTML, like Gecko) Chrome/151.0.7922.137 Mobile Safari/537.36 (compatible; Googlebot/2.1; +http://www.google.com/bot.html)"
52.173.121.69 - - [24/Aug/2026:17:24:56 +0500] "GET /wp-includes/blocks/buttons/index.php HTTP/1.1" 301 - "-" "-"
216.73.216.101 - - [24/Aug/2026:17:24:59 +0500] "GET /uz/?r=p9o3t1h7e9e2n78013 HTTP/1.1" 200 68307 "http://eskijuva-bozori.uz/?r=p9o3t1h7e9e2n78013" "Mozilla/5.0 AppleWebKit/537.36 (KHTML, like Gecko; compatible; ClaudeBot/1.0; +claudebot@anthropic.com)"
52.173.121.69 - - [24/Aug/2026:17:25:01 +0500] "GET /uz/wp-includes/blocks/buttons/index.php HTTP/1.1" 404 1215 "-" "-"
52.173.121.69 - - [24/Aug/2026:17:25:07 +0500] "GET //wp-content/uploads/index.php HTTP/1.1" 301 - "-" "-"
216.73.216.101 - - [24/Aug/2026:17:25:09 +0500] "GET /?r=c9o3m4p3e8n4s4a8t3e34 HTTP/1.1" 301 - "-" "Mozilla/5.0 AppleWebKit/537.36 (KHTML, like Gecko; compatible; ClaudeBot/1.0; +claudebot@anthropic.com)"
52.173.121.69 - - [24/Aug/2026:17:25:11 +0500] "GET /uz/wp-content/uploads/index.php HTTP/1.1" 404 1215 "-" "-"
216.73.216.101 - - [24/Aug/2026:17:25:14 +0500] "GET /uz/?r=c9o3m4p3e8n4s4a8t3e34 HTTP/1.1" 200 68310 "http://eskijuva-bozori.uz/?r=c9o3m4p3e8n4s4a8t3e34" "Mozilla/5.0 AppleWebKit/537.36 (KHTML, like Gecko; compatible; ClaudeBot/1.0; +claudebot@anthropic.com)"
52.173.121.69 - - [24/Aug/2026:17:25:16 +0500] "GET /.cache/x.php HTTP/1.1" 301 - "-" "-"
52.173.121.69 - - [24/Aug/2026:17:25:20 +0500] "GET /uz/.cache/x.php HTTP/1.1" 404 1215 "-" "-"
216.73.216.101 - - [24/Aug/2026:17:25:24 +0500] "GET /shops/oneberry/r9i2s3i9b1l0e03387 HTTP/1.1" 301 - "-" "Mozilla/5.0 AppleWebKit/537.36 (KHTML, like Gecko; compatible; ClaudeBot/1.0; +claudebot@anthropic.com)"
52.173.121.69 - - [24/Aug/2026:17:25:24 +0500] "GET /wp-includes/assets/index.php HTTP/1.1" 301 - "-" "-"
52.173.121.69 - - [24/Aug/2026:17:25:28 +0500] "GET /uz/wp-includes/assets/index.php HTTP/1.1" 404 1215 "-" "-"
216.73.216.101 - - [24/Aug/2026:17:25:28 +0500] "GET /uz/shops/oneberry/r9i2s3i9b1l0e03387 HTTP/1.1" 404 1215 "http://eskijuva-bozori.uz/shops/oneberry/r9i2s3i9b1l0e03387" "Mozilla/5.0 AppleWebKit/537.36 (KHTML, like Gecko; compatible; ClaudeBot/1.0; +claudebot@anthropic.com)"
85.208.96.204 - - [24/Aug/2026:17:25:29 +0500] "GET /uz/officially-uzb/tenders-uzb?ismobile=1 HTTP/1.1" 200 63364 "-" "Mozilla/5.0 (compatible; SemrushBot/7~bl; +http://www.semrush.com/bot.html)"
52.173.121.69 - - [24/Aug/2026:17:25:33 +0500] "GET /layout/438884/index.php HTTP/1.1" 301 - "-" "-"
52.173.121.69 - - [24/Aug/2026:17:25:39 +0500] "GET /uz/layout/438884/index.php HTTP/1.1" 508 288 "-" "-"
52.173.121.69 - - [24/Aug/2026:17:25:40 +0500] "GET /wp-includes/blocks/paragraph/index.php HTTP/1.1" 508 288 "-" "-"
52.173.121.69 - - [24/Aug/2026:17:25:40 +0500] "GET /wp-content/plugins/hellopress/wp_filemanager.php HTTP/1.1" 508 288 "-" "-"
216.73.216.101 - - [24/Aug/2026:17:25:40 +0500] "GET /?r=u9b3e2r8o9u4s81569 HTTP/1.1" 508 288 "-" "Mozilla/5.0 AppleWebKit/537.36 (KHTML, like Gecko; compatible; ClaudeBot/1.0; +claudebot@anthropic.com)"
34.171.68.95 - - [24/Aug/2026:17:25:33 +0500] "GET /uz/?rest_route=/olistener/new&start=24 HTTP/1.1" 200 67900 "-" "Mozilla/5.0 (Macintosh; Intel Mac OS X 10_15_7) AppleWebKit/537.36 (KHTML, like Gecko) Chrome/120.0.0.0 Safari/537.36"
52.173.121.69 - - [24/Aug/2026:17:25:40 +0500] "GET /wp-includes/SimplePie/Content/Type/index.php HTTP/1.1" 301 - "-" "-"
216.73.216.101 - - [24/Aug/2026:17:25:43 +0500] "GET /shops/unhouse/q9u2i4e1s2c3e4n0t080 HTTP/1.1" 301 - "-" "Mozilla/5.0 AppleWebKit/537.36 (KHTML, like Gecko; compatible; ClaudeBot/1.0; +claudebot@anthropic.com)"
52.173.121.69 - - [24/Aug/2026:17:25:46 +0500] "GET /uz/wp-includes/SimplePie/Content/Type/index.php HTTP/1.1" 404 1215 "-" "-"
216.73.216.101 - - [24/Aug/2026:17:25:49 +0500] "GET /uz/shops/unhouse/q9u2i4e1s2c3e4n0t080 HTTP/1.1" 404 1215 "http://eskijuva-bozori.uz/shops/unhouse/q9u2i4e1s2c3e4n0t080" "Mozilla/5.0 AppleWebKit/537.36 (KHTML, like Gecko; compatible; ClaudeBot/1.0; +claudebot@anthropic.com)"
52.173.121.69 - - [24/Aug/2026:17:25:52 +0500] "GET /wp-includes/blocks/freeform/index.php HTTP/1.1" 301 - "-" "-"
52.173.121.69 - - [24/Aug/2026:17:25:55 +0500] "GET /uz/wp-includes/blocks/freeform/index.php HTTP/1.1" 404 1215 "-" "-"
216.73.216.101 - - [24/Aug/2026:17:25:59 +0500] "GET /aurea/r9i3s2i8n9g318046 HTTP/1.1" 301 - "-" "Mozilla/5.0 AppleWebKit/537.36 (KHTML, like Gecko; compatible; ClaudeBot/1.0; +claudebot@anthropic.com)"
52.173.121.69 - - [24/Aug/2026:17:26:00 +0500] "GET //index/function.php HTTP/1.1" 301 - "-" "-"
216.73.216.101 - - [24/Aug/2026:17:26:02 +0500] "GET /uz/aurea/r9i3s2i8n9g318046 HTTP/1.1" 404 1215 "http://eskijuva-bozori.uz/aurea/r9i3s2i8n9g318046" "Mozilla/5.0 AppleWebKit/537.36 (KHTML, like Gecko; compatible; ClaudeBot/1.0; +claudebot@anthropic.com)"
52.173.121.69 - - [24/Aug/2026:17:26:04 +0500] "GET /uz/index/function.php HTTP/1.1" 404 1215 "-" "-"
52.173.121.69 - - [24/Aug/2026:17:26:08 +0500] "GET /wp-includes/blocks/post-author-biography/824476/index.php HTTP/1.1" 301 - "-" "-"
52.173.121.69 - - [24/Aug/2026:17:26:10 +0500] "GET /uz/wp-includes/blocks/post-author-biography/824476/index.php HTTP/1.1" 404 1215 "-" "-"
216.73.216.101 - - [24/Aug/2026:17:26:12 +0500] "GET /?r=f9i2s3s3i6p6a6r0i7s7m3 HTTP/1.1" 301 - "-" "Mozilla/5.0 AppleWebKit/537.36 (KHTML, like Gecko; compatible; ClaudeBot/1.0; +claudebot@anthropic.com)"
52.173.121.69 - - [24/Aug/2026:17:26:13 +0500] "GET /wp-includes/PHPMailer/index.php HTTP/1.1" 301 - "-" "-"
216.73.216.101 - - [24/Aug/2026:17:26:14 +0500] "GET /gingal/j9u8n9g8l6e42726 HTTP/1.1" 301 - "-" "Mozilla/5.0 AppleWebKit/537.36 (KHTML, like Gecko; compatible; ClaudeBot/1.0; +claudebot@anthropic.com)"
52.173.121.69 - - [24/Aug/2026:17:26:17 +0500] "GET /uz/wp-includes/PHPMailer/index.php HTTP/1.1" 404 1215 "-" "-"
216.73.216.101 - - [24/Aug/2026:17:26:16 +0500] "GET /uz/?r=f9i2s3s3i6p6a6r0i7s7m3 HTTP/1.1" 200 68311 "http://eskijuva-bozori.uz/?r=f9i2s3s3i6p6a6r0i7s7m3" "Mozilla/5.0 AppleWebKit/537.36 (KHTML, like Gecko; compatible; ClaudeBot/1.0; +claudebot@anthropic.com)"
216.73.216.101 - - [24/Aug/2026:17:26:18 +0500] "GET /uz/gingal/j9u8n9g8l6e42726 HTTP/1.1" 404 1215 "http://eskijuva-bozori.uz/gingal/j9u8n9g8l6e42726" "Mozilla/5.0 AppleWebKit/537.36 (KHTML, like Gecko; compatible; ClaudeBot/1.0; +claudebot@anthropic.com)"
52.173.121.69 - - [24/Aug/2026:17:26:22 +0500] "GET /wp-includes/index.php HTTP/1.1" 301 - "-" "-"
34.61.96.6 - - [24/Aug/2026:17:26:21 +0500] "GET /uz/jsc-docs-uzb?format=feed&type=atom HTTP/1.1" 200 333342 "-" "Mozilla/5.0 (Macintosh; Intel Mac OS X 10_15_7) AppleWebKit/537.36 (KHTML, like Gecko) Chrome/120.0.0.0 Safari/537.36"
52.173.121.69 - - [24/Aug/2026:17:26:28 +0500] "GET /uz/wp-includes/index.php HTTP/1.1" 404 1215 "-" "-"
216.73.216.101 - - [24/Aug/2026:17:26:28 +0500] "GET /retire/c9o3n7f1r0a0c3t3236 HTTP/1.1" 301 - "-" "Mozilla/5.0 AppleWebKit/537.36 (KHTML, like Gecko; compatible; ClaudeBot/1.0; +claudebot@anthropic.com)"
52.173.121.69 - - [24/Aug/2026:17:26:34 +0500] "GET /2.php HTTP/1.1" 301 - "-" "-"
216.73.216.101 - - [24/Aug/2026:17:26:34 +0500] "GET /uz/retire/c9o3n7f1r0a0c3t3236 HTTP/1.1" 404 1215 "http://eskijuva-bozori.uz/retire/c9o3n7f1r0a0c3t3236" "Mozilla/5.0 AppleWebKit/537.36 (KHTML, like Gecko; compatible; ClaudeBot/1.0; +claudebot@anthropic.com)"
52.173.121.69 - - [24/Aug/2026:17:26:38 +0500] "GET /uz/2.php HTTP/1.1" 404 1215 "-" "-"
216.73.216.101 - - [24/Aug/2026:17:26:44 +0500] "GET /?r=b9a4n0e8f8u6l9l0y47 HTTP/1.1" 508 288 "-" "Mozilla/5.0 AppleWebKit/537.36 (KHTML, like Gecko; compatible; ClaudeBot/1.0; +claudebot@anthropic.com)"
52.173.121.69 - - [24/Aug/2026:17:26:44 +0500] "GET /wp-content/themes/xss/about.php7 HTTP/1.1" 301 - "-" "-"
52.173.121.69 - - [24/Aug/2026:17:26:50 +0500] "GET /uz/wp-content/themes/xss/about.php7 HTTP/1.1" 404 1215 "-" "-"
52.173.121.69 - - [24/Aug/2026:17:26:55 +0500] "GET /first/function.php HTTP/1.1" 301 - "-" "-"
52.173.121.69 - - [24/Aug/2026:17:26:58 +0500] "GET /uz/first/function.php HTTP/1.1" 404 1215 "-" "-"
216.73.216.101 - - [24/Aug/2026:17:26:58 +0500] "GET /?r=a9m1i1t3y6484229 HTTP/1.1" 301 - "-" "Mozilla/5.0 AppleWebKit/537.36 (KHTML, like Gecko; compatible; ClaudeBot/1.0; +claudebot@anthropic.com)"
52.173.121.69 - - [24/Aug/2026:17:27:00 +0500] "GET /x/index.php HTTP/1.1" 301 - "-" "-"
52.173.121.69 - - [24/Aug/2026:17:27:02 +0500] "GET /uz/x/index.php HTTP/1.1" 404 1215 "-" "-"
52.173.121.69 - - [24/Aug/2026:17:27:03 +0500] "GET /wp-includes/blocks/post-terms/index.php HTTP/1.1" 301 - "-" "-"
216.73.216.101 - - [24/Aug/2026:17:27:03 +0500] "GET /uz/?r=a9m1i1t3y6484229 HTTP/1.1" 200 68305 "http://eskijuva-bozori.uz/?r=a9m1i1t3y6484229" "Mozilla/5.0 AppleWebKit/537.36 (KHTML, like Gecko; compatible; ClaudeBot/1.0; +claudebot@anthropic.com)"
52.173.121.69 - - [24/Aug/2026:17:27:05 +0500] "GET /uz/wp-includes/blocks/post-terms/index.php HTTP/1.1" 404 1215 "-" "-"
52.173.121.69 - - [24/Aug/2026:17:27:07 +0500] "GET /fonts/index.php HTTP/1.1" 301 - "-" "-"
52.173.121.69 - - [24/Aug/2026:17:27:11 +0500] "GET /uz/fonts/index.php HTTP/1.1" 404 1215 "-" "-"
216.73.216.101 - - [24/Aug/2026:17:27:17 +0500] "GET /uz/shops/pupelo/g9u1i0l9e4l2e5s2s286 HTTP/1.1" 508 288 "http://eskijuva-bozori.uz/shops/pupelo/g9u1i0l9e4l2e5s2s286" "Mozilla/5.0 AppleWebKit/537.36 (KHTML, like Gecko; compatible; ClaudeBot/1.0; +claudebot@anthropic.com)"
216.73.216.101 - - [24/Aug/2026:17:27:12 +0500] "GET /shops/pupelo/g9u1i0l9e4l2e5s2s286 HTTP/1.1" 301 - "-" "Mozilla/5.0 AppleWebKit/537.36 (KHTML, like Gecko; compatible; ClaudeBot/1.0; +claudebot@anthropic.com)"
52.173.121.69 - - [24/Aug/2026:17:27:17 +0500] "GET /wp-includes/sitemaps/about.php HTTP/1.1" 301 - "-" "-"
216.73.216.101 - - [24/Aug/2026:17:27:18 +0500] "GET /?r=p9l2a9c5e5n8t4a4s040 HTTP/1.1" 301 - "-" "Mozilla/5.0 AppleWebKit/537.36 (KHTML, like Gecko; compatible; ClaudeBot/1.0; +claudebot@anthropic.com)"
52.173.121.69 - - [24/Aug/2026:17:27:23 +0500] "GET /uz/wp-includes/sitemaps/about.php HTTP/1.1" 404 1215 "-" "-"
216.73.216.101 - - [24/Aug/2026:17:27:24 +0500] "GET /uz/?r=p9l2a9c5e5n8t4a4s040 HTTP/1.1" 200 68542 "http://eskijuva-bozori.uz/?r=p9l2a9c5e5n8t4a4s040" "Mozilla/5.0 AppleWebKit/537.36 (KHTML, like Gecko; compatible; ClaudeBot/1.0; +claudebot@anthropic.com)"
52.173.121.69 - - [24/Aug/2026:17:27:29 +0500] "GET /wp-content/uploads/2023/index.php HTTP/1.1" 301 - "-" "-"
192.178.6.9 - - [24/Aug/2026:17:27:29 +0500] "GET /resource/js/json/megadrop_2015new.json HTTP/1.1" 200 208806 "http://www.eskijuva-bozori.uz/ru/info-for-shareholders-rus/206-performance-indicators-3-kvartal-2017" "Mozilla/5.0 (Linux; Android 6.0.1; Nexus 5X Build/MMB29P) AppleWebKit/537.36 (KHTML, like Gecko) Chrome/151.0.7922.137 Mobile Safari/537.36 (compatible; Googlebot/2.1; +http://www.google.com/bot.html)"
52.173.121.69 - - [24/Aug/2026:17:27:32 +0500] "GET /uz/wp-content/uploads/2023/index.php HTTP/1.1" 404 1215 "-" "-"
216.73.216.101 - - [24/Aug/2026:17:27:33 +0500] "GET /shops/phosphorbronze/c9h2l1o4r3u9r9a2168 HTTP/1.1" 301 - "-" "Mozilla/5.0 AppleWebKit/537.36 (KHTML, like Gecko; compatible; ClaudeBot/1.0; +claudebot@anthropic.com)"
52.173.121.69 - - [24/Aug/2026:17:27:35 +0500] "GET /wp-includes/rest-api/fields/index.php HTTP/1.1" 301 - "-" "-"
216.73.216.101 - - [24/Aug/2026:17:27:36 +0500] "GET /uz/shops/phosphorbronze/c9h2l1o4r3u9r9a2168 HTTP/1.1" 404 1215 "http://eskijuva-bozori.uz/shops/phosphorbronze/c9h2l1o4r3u9r9a2168" "Mozilla/5.0 AppleWebKit/537.36 (KHTML, like Gecko; compatible; ClaudeBot/1.0; +claudebot@anthropic.com)"
52.173.121.69 - - [24/Aug/2026:17:27:38 +0500] "GET /uz/wp-includes/rest-api/fields/index.php HTTP/1.1" 404 1215 "-" "-"
192.178.7.131 - - [24/Aug/2026:17:27:39 +0500] "GET /index.php HTTP/1.1" 301 - "-" "Mozilla/5.0 (Linux; Android 6.0.1; Nexus 5X Build/MMB29P) AppleWebKit/537.36 (KHTML, like Gecko) Chrome/151.0.7922.137 Mobile Safari/537.36 (compatible; Googlebot/2.1; +http://www.google.com/bot.html)"
52.173.121.69 - - [24/Aug/2026:17:27:40 +0500] "GET /wp-includes/blocks/details/index.php HTTP/1.1" 301 - "-" "-"
52.173.121.69 - - [24/Aug/2026:17:27:42 +0500] "GET /uz/wp-includes/blocks/details/index.php HTTP/1.1" 404 1215 "-" "-"
52.173.121.69 - - [24/Aug/2026:17:27:47 +0500] "GET /well-known/index.php HTTP/1.1" 301 - "-" "-"
216.73.216.101 - - [24/Aug/2026:17:27:46 +0500] "GET /?r=m9e7s0o2v5a0r9i8u8m8 HTTP/1.1" 301 - "-" "Mozilla/5.0 AppleWebKit/537.36 (KHTML, like Gecko; compatible; ClaudeBot/1.0; +claudebot@anthropic.com)"
216.73.216.101 - - [24/Aug/2026:17:27:49 +0500] "GET /?r=a9r8r6a9s947705 HTTP/1.1" 301 - "-" "Mozilla/5.0 AppleWebKit/537.36 (KHTML, like Gecko; compatible; ClaudeBot/1.0; +claudebot@anthropic.com)"
52.173.121.69 - - [24/Aug/2026:17:27:53 +0500] "GET /uz/well-known/index.php HTTP/1.1" 404 1215 "-" "-"
216.73.216.101 - - [24/Aug/2026:17:27:53 +0500] "GET /uz/?r=m9e7s0o2v5a0r9i8u8m8 HTTP/1.1" 200 68309 "http://eskijuva-bozori.uz/?r=m9e7s0o2v5a0r9i8u8m8" "Mozilla/5.0 AppleWebKit/537.36 (KHTML, like Gecko; compatible; ClaudeBot/1.0; +claudebot@anthropic.com)"
216.73.216.101 - - [24/Aug/2026:17:27:55 +0500] "GET /uz/?r=a9r8r6a9s947705 HTTP/1.1" 200 68304 "http://eskijuva-bozori.uz/?r=a9r8r6a9s947705" "Mozilla/5.0 AppleWebKit/537.36 (KHTML, like Gecko; compatible; ClaudeBot/1.0; +claudebot@anthropic.com)"
52.173.121.69 - - [24/Aug/2026:17:27:59 +0500] "GET /help/crnpwfiu.php HTTP/1.1" 301 - "-" "-"
52.173.121.69 - - [24/Aug/2026:17:28:02 +0500] "GET /uz/help/crnpwfiu.php HTTP/1.1" 404 1215 "-" "-"
52.173.121.69 - - [24/Aug/2026:17:28:14 +0500] "GET /uz/wp-admin/css/colors/blue/admin.php HTTP/1.1" 508 288 "-" "-"
52.173.121.69 - - [24/Aug/2026:17:28:09 +0500] "GET /wp-admin/css/colors/blue/admin.php HTTP/1.1" 301 - "-" "-"
216.73.216.101 - - [24/Aug/2026:17:28:09 +0500] "GET /?r=f9a7c9i3l6i3t6a7t5i9on HTTP/1.1" 301 - "-" "Mozilla/5.0 AppleWebKit/537.36 (KHTML, like Gecko; compatible; ClaudeBot/1.0; +claudebot@anthropic.com)"
216.73.216.101 - - [24/Aug/2026:17:28:16 +0500] "GET /uz/?r=f9a7c9i3l6i3t6a7t5i9on HTTP/1.1" 508 288 "http://eskijuva-bozori.uz/?r=f9a7c9i3l6i3t6a7t5i9on" "Mozilla/5.0 AppleWebKit/537.36 (KHTML, like Gecko; compatible; ClaudeBot/1.0; +claudebot@anthropic.com)"
185.191.171.16 - - [24/Aug/2026:17:28:07 +0500] "GET /uz/news-uzb/84-prodazha-akciy-uzb HTTP/1.1" 200 57594 "-" "Mozilla/5.0 (compatible; SemrushBot/7~bl; +http://www.semrush.com/bot.html)"
52.173.121.69 - - [24/Aug/2026:17:28:14 +0500] "GET /admin/680449/index.php HTTP/1.1" 301 - "-" "-"
34.171.68.95 - - [24/Aug/2026:17:28:20 +0500] "GET /uz/component/search/?Itemid=152&catid=33&format=opensearch&id=447 HTTP/1.1" 200 769 "-" "Mozilla/5.0 (Macintosh; Intel Mac OS X 10_15_7) AppleWebKit/537.36 (KHTML, like Gecko) Chrome/120.0.0.0 Safari/537.36"
52.173.121.69 - - [24/Aug/2026:17:28:21 +0500] "GET /uz/admin/680449/index.php HTTP/1.1" 404 1215 "-" "-"
216.73.216.101 - - [24/Aug/2026:17:28:23 +0500] "GET /?r=m9a3j0u8s0c9u8l6a6e7 HTTP/1.1" 301 - "-" "Mozilla/5.0 AppleWebKit/537.36 (KHTML, like Gecko; compatible; ClaudeBot/1.0; +claudebot@anthropic.com)"
52.173.121.69 - - [24/Aug/2026:17:28:28 +0500] "GET /update/bibil.php HTTP/1.1" 301 - "-" "-"
216.73.216.101 - - [24/Aug/2026:17:28:28 +0500] "GET /uz/?r=m9a3j0u8s0c9u8l6a6e7 HTTP/1.1" 200 68309 "http://eskijuva-bozori.uz/?r=m9a3j0u8s0c9u8l6a6e7" "Mozilla/5.0 AppleWebKit/537.36 (KHTML, like Gecko; compatible; ClaudeBot/1.0; +claudebot@anthropic.com)"
34.42.229.145 - - [24/Aug/2026:17:28:30 +0500] "GET /ru/component/search/?Itemid=132&catid=33&format=opensearch&id=484 HTTP/1.1" 200 770 "-" "Mozilla/5.0 (Macintosh; Intel Mac OS X 10_15_7) AppleWebKit/537.36 (KHTML, like Gecko) Chrome/120.0.0.0 Safari/537.36"
52.173.121.69 - - [24/Aug/2026:17:28:33 +0500] "GET /uz/update/bibil.php HTTP/1.1" 404 1215 "-" "-"
43.135.115.233 - - [24/Aug/2026:17:28:34 +0500] "GET / HTTP/1.1" 301 - "-" "Mozilla/5.0 (iPhone; CPU iPhone OS 13_2_3 like Mac OS X) AppleWebKit/605.1.15 (KHTML, like Gecko) Version/13.0.3 Mobile/15E148 Safari/604.1"
52.173.121.69 - - [24/Aug/2026:17:28:38 +0500] "GET /wordpress/wp-content/plugins/cvqvgfk/index.php HTTP/1.1" 301 - "-" "-"
185.191.171.16 - - [24/Aug/2026:17:28:37 +0500] "GET /uz/audit-uzb/18-uzbek/shareholders-uzb/49-changes-uzb HTTP/1.1" 200 61149 "-" "Mozilla/5.0 (compatible; SemrushBot/7~bl; +http://www.semrush.com/bot.html)"
52.173.121.69 - - [24/Aug/2026:17:28:40 +0500] "GET /uz/wordpress/wp-content/plugins/cvqvgfk/index.php HTTP/1.1" 404 1215 "-" "-"
43.135.115.233 - - [24/Aug/2026:17:28:40 +0500] "GET /uz/ HTTP/1.1" 200 68570 "http://www.eskijuva-bozori.uz" "Mozilla/5.0 (iPhone; CPU iPhone OS 13_2_3 like Mac OS X) AppleWebKit/605.1.15 (KHTML, like Gecko) Version/13.0.3 Mobile/15E148 Safari/604.1"
216.73.216.101 - - [24/Aug/2026:17:28:42 +0500] "GET /?r=l9a2v3i7s4h7i4n8g3 HTTP/1.1" 301 - "-" "Mozilla/5.0 AppleWebKit/537.36 (KHTML, like Gecko; compatible; ClaudeBot/1.0; +claudebot@anthropic.com)"
52.173.121.69 - - [24/Aug/2026:17:28:42 +0500] "GET /wp-includes/blocks/media-text/index.php HTTP/1.1" 301 - "-" "-"
52.173.121.69 - - [24/Aug/2026:17:28:44 +0500] "GET /uz/wp-includes/blocks/media-text/index.php HTTP/1.1" 404 1215 "-" "-"
216.73.216.101 - - [24/Aug/2026:17:28:44 +0500] "GET /uz/?r=l9a2v3i7s4h7i4n8g3 HTTP/1.1" 200 68307 "http://eskijuva-bozori.uz/?r=l9a2v3i7s4h7i4n8g3" "Mozilla/5.0 AppleWebKit/537.36 (KHTML, like Gecko; compatible; ClaudeBot/1.0; +claudebot@anthropic.com)"
52.173.121.69 - - [24/Aug/2026:17:28:47 +0500] "GET /worksec.php HTTP/1.1" 301 - "-" "-"
34.171.68.95 - - [24/Aug/2026:17:28:46 +0500] "GET /uz/about-org-uzb/indexes-uzb/462-reports-2025-uzb HTTP/1.1" 200 58350 "-" "Mozilla/5.0 (Macintosh; Intel Mac OS X 10_15_7) AppleWebKit/537.36 (KHTML, like Gecko) Chrome/120.0.0.0 Safari/537.36"
52.173.121.69 - - [24/Aug/2026:17:28:51 +0500] "GET /uz/worksec.php HTTP/1.1" 404 1215 "-" "-"
216.73.216.101 - - [24/Aug/2026:17:28:56 +0500] "GET /?r=r9i2n2g0t5a7i7l6e9d32 HTTP/1.1" 301 - "-" "Mozilla/5.0 AppleWebKit/537.36 (KHTML, like Gecko; compatible; ClaudeBot/1.0; +claudebot@anthropic.com)"
52.173.121.69 - - [24/Aug/2026:17:28:58 +0500] "GET /wp-includes/IXR/Ipv6.php HTTP/1.1" 301 - "-" "-"
216.73.216.101 - - [24/Aug/2026:17:29:00 +0500] "GET /uz/?r=r9i2n2g0t5a7i7l6e9d32 HTTP/1.1" 200 68310 "http://eskijuva-bozori.uz/?r=r9i2n2g0t5a7i7l6e9d32" "Mozilla/5.0 AppleWebKit/537.36 (KHTML, like Gecko; compatible; ClaudeBot/1.0; +claudebot@anthropic.com)"
52.173.121.69 - - [24/Aug/2026:17:29:02 +0500] "GET /uz/wp-includes/IXR/Ipv6.php HTTP/1.1" 404 1215 "-" "-"
34.171.68.95 - - [24/Aug/2026:17:29:00 +0500] "GET /ru/facts-rus/413-sush-fakt-06-04-09-2023-doc HTTP/1.1" 200 55923 "-" "Mozilla/5.0 (Macintosh; Intel Mac OS X 10_15_7) AppleWebKit/537.36 (KHTML, like Gecko) Chrome/120.0.0.0 Safari/537.36"
52.173.121.69 - - [24/Aug/2026:17:29:08 +0500] "GET /wp-admin/upgrade.php HTTP/1.1" 301 - "-" "-"
216.73.216.101 - - [24/Aug/2026:17:29:10 +0500] "GET /shops/woteth/s9w2o0r9d0p1l1a7y8e3r2 HTTP/1.1" 301 - "-" "Mozilla/5.0 AppleWebKit/537.36 (KHTML, like Gecko; compatible; ClaudeBot/1.0; +claudebot@anthropic.com)"
216.73.216.101 - - [24/Aug/2026:17:29:14 +0500] "GET /?r=p9a1r0i4c4t1a4r4i6a08 HTTP/1.1" 301 - "-" "Mozilla/5.0 AppleWebKit/537.36 (KHTML, like Gecko; compatible; ClaudeBot/1.0; +claudebot@anthropic.com)"
52.173.121.69 - - [24/Aug/2026:17:29:13 +0500] "GET /uz/wp-admin/upgrade.php HTTP/1.1" 404 1215 "-" "-"
216.73.216.101 - - [24/Aug/2026:17:29:15 +0500] "GET /uz/shops/woteth/s9w2o0r9d0p1l1a7y8e3r2 HTTP/1.1" 404 1215 "http://eskijuva-bozori.uz/shops/woteth/s9w2o0r9d0p1l1a7y8e3r2" "Mozilla/5.0 AppleWebKit/537.36 (KHTML, like Gecko; compatible; ClaudeBot/1.0; +claudebot@anthropic.com)"
52.173.121.69 - - [24/Aug/2026:17:29:18 +0500] "GET /wp-content/plugins/cp-pro/js.php HTTP/1.1" 301 - "-" "-"
216.73.216.101 - - [24/Aug/2026:17:29:18 +0500] "GET /uz/?r=p9a1r0i4c4t1a4r4i6a08 HTTP/1.1" 200 68310 "http://eskijuva-bozori.uz/?r=p9a1r0i4c4t1a4r4i6a08" "Mozilla/5.0 AppleWebKit/537.36 (KHTML, like Gecko; compatible; ClaudeBot/1.0; +claudebot@anthropic.com)"
52.173.121.69 - - [24/Aug/2026:17:29:24 +0500] "GET /uz/wp-content/plugins/cp-pro/js.php HTTP/1.1" 404 1215 "-" "-"
52.173.121.69 - - [24/Aug/2026:17:29:28 +0500] "GET /shell20211028.php HTTP/1.1" 301 - "-" "-"
216.73.216.101 - - [24/Aug/2026:17:29:28 +0500] "GET /uz/?r=v9e1n3t3r2a6d17099 HTTP/1.1" 200 68307 "-" "Mozilla/5.0 AppleWebKit/537.36 (KHTML, like Gecko; compatible; ClaudeBot/1.0; +claudebot@anthropic.com)"
52.173.121.69 - - [24/Aug/2026:17:29:33 +0500] "GET /uz/shell20211028.php HTTP/1.1" 404 1215 "-" "-"
216.73.216.101 - - [24/Aug/2026:17:29:42 +0500] "GET /?r=s9c6o0p1u7l8o5u5s5 HTTP/1.1" 508 288 "-" "Mozilla/5.0 AppleWebKit/537.36 (KHTML, like Gecko; compatible; ClaudeBot/1.0; +claudebot@anthropic.com)"
52.173.121.69 - - [24/Aug/2026:17:29:39 +0500] "GET /wp-content/wp-plugins/aspose-pdf-importer/vendor/phpunit/phpunit/src/Util/PHP/eval-stdin.php HTTP/1.1" 301 - "-" "-"
216.73.216.101 - - [24/Aug/2026:17:29:44 +0500] "GET /lunaria/c9o1n4s2e8c7r9a8t6e9r1 HTTP/1.1" 301 - "-" "Mozilla/5.0 AppleWebKit/537.36 (KHTML, like Gecko; compatible; ClaudeBot/1.0; +claudebot@anthropic.com)"
52.173.121.69 - - [24/Aug/2026:17:29:45 +0500] "GET /uz/wp-content/wp-plugins/aspose-pdf-importer/vendor/phpunit/phpunit/src/Util/PHP/eval-stdin.php HTTP/1.1" 404 1215 "-" "-"
52.173.121.69 - - [24/Aug/2026:17:29:49 +0500] "GET /wp-includes/certificates/index.php HTTP/1.1" 301 - "-" "-"
216.73.216.101 - - [24/Aug/2026:17:29:49 +0500] "GET /uz/lunaria/c9o1n4s2e8c7r9a8t6e9r1 HTTP/1.1" 404 1215 "http://eskijuva-bozori.uz/lunaria/c9o1n4s2e8c7r9a8t6e9r1" "Mozilla/5.0 AppleWebKit/537.36 (KHTML, like Gecko; compatible; ClaudeBot/1.0; +claudebot@anthropic.com)"
52.173.121.69 - - [24/Aug/2026:17:29:52 +0500] "GET /uz/wp-includes/certificates/index.php HTTP/1.1" 404 1215 "-" "-"
52.173.121.69 - - [24/Aug/2026:17:29:54 +0500] "GET /wp-admin/css/colors/coffee/index.php HTTP/1.1" 301 - "-" "-"
52.173.121.69 - - [24/Aug/2026:17:29:56 +0500] "GET /uz/wp-admin/css/colors/coffee/index.php HTTP/1.1" 404 1215 "-" "-"
216.73.216.101 - - [24/Aug/2026:17:29:58 +0500] "GET /?r=s9o3m3n9a3m8b1u4l0i9stic HTTP/1.1" 301 - "-" "Mozilla/5.0 AppleWebKit/537.36 (KHTML, like Gecko; compatible; ClaudeBot/1.0; +claudebot@anthropic.com)"
52.173.121.69 - - [24/Aug/2026:17:29:59 +0500] "GET /info.php HTTP/1.1" 301 - "-" "-"
52.173.121.69 - - [24/Aug/2026:17:30:02 +0500] "GET /uz/info.php HTTP/1.1" 404 1215 "-" "-"
216.73.216.101 - - [24/Aug/2026:17:30:01 +0500] "GET /uz/?r=s9o3m3n9a3m8b1u4l0i9stic HTTP/1.1" 200 68313 "http://eskijuva-bozori.uz/?r=s9o3m3n9a3m8b1u4l0i9stic" "Mozilla/5.0 AppleWebKit/537.36 (KHTML, like Gecko; compatible; ClaudeBot/1.0; +claudebot@anthropic.com)"
52.173.121.69 - - [24/Aug/2026:17:30:05 +0500] "GET /modules/ets_whatsapp/security.php HTTP/1.1" 301 - "-" "-"
52.173.121.69 - - [24/Aug/2026:17:30:07 +0500] "GET /uz/modules/ets_whatsapp/security.php HTTP/1.1" 404 1215 "-" "-"
52.173.121.69 - - [24/Aug/2026:17:30:08 +0500] "GET /wp-includes/blocks/gallery/index.php HTTP/1.1" 301 - "-" "-"
52.173.121.69 - - [24/Aug/2026:17:30:10 +0500] "GET /uz/wp-includes/blocks/gallery/index.php HTTP/1.1" 404 1215 "-" "-"
52.173.121.69 - - [24/Aug/2026:17:30:12 +0500] "GET /SzATuRit63g.php HTTP/1.1" 301 - "-" "-"
216.73.216.101 - - [24/Aug/2026:17:30:13 +0500] "GET /?r=d9e5s6t5r8u2c5t1i4o4nist HTTP/1.1" 301 - "-" "Mozilla/5.0 AppleWebKit/537.36 (KHTML, like Gecko; compatible; ClaudeBot/1.0; +claudebot@anthropic.com)"
52.173.121.69 - - [24/Aug/2026:17:30:14 +0500] "GET /uz/SzATuRit63g.php HTTP/1.1" 404 1215 "-" "-"
216.73.216.101 - - [24/Aug/2026:17:30:15 +0500] "GET /uz/?r=d9e5s6t5r8u2c5t1i4o4nist HTTP/1.1" 200 68313 "http://eskijuva-bozori.uz/?r=d9e5s6t5r8u2c5t1i4o4nist" "Mozilla/5.0 AppleWebKit/537.36 (KHTML, like Gecko; compatible; ClaudeBot/1.0; +claudebot@anthropic.com)"
52.173.121.69 - - [24/Aug/2026:17:30:17 +0500] "GET //wp-includes/js/tinymce/index.php HTTP/1.1" 301 - "-" "-"
216.73.216.101 - - [24/Aug/2026:17:30:17 +0500] "GET /?r=r9i3c6i2n2o4l7e0i5n33 HTTP/1.1" 301 - "-" "Mozilla/5.0 AppleWebKit/537.36 (KHTML, like Gecko; compatible; ClaudeBot/1.0; +claudebot@anthropic.com)"
91.213.99.99 - - [24/Aug/2026:17:30:23 +0500] "GET /.well-known/pki-validation/cloud.php HTTP/1.1" 404 - "-" "get_local:DCV"
52.173.121.69 - - [24/Aug/2026:17:30:20 +0500] "GET /uz/wp-includes/js/tinymce/index.php HTTP/1.1" 404 1215 "-" "-"
216.73.216.101 - - [24/Aug/2026:17:30:20 +0500] "GET /uz/?r=r9i3c6i2n2o4l7e0i5n33 HTTP/1.1" 200 68310 "http://eskijuva-bozori.uz/?r=r9i3c6i2n2o4l7e0i5n33" "Mozilla/5.0 AppleWebKit/537.36 (KHTML, like Gecko; compatible; ClaudeBot/1.0; +claudebot@anthropic.com)"
52.173.121.69 - - [24/Aug/2026:17:30:26 +0500] "GET /wp-admin/gQ2zxmHJ3RF.php HTTP/1.1" 301 - "-" "-"
91.213.99.99 - - [24/Aug/2026:17:30:34 +0500] "GET /.well-known/pki-validation/about.php HTTP/1.1" 404 - "-" "get_local:DCV"
52.173.121.69 - - [24/Aug/2026:17:30:29 +0500] "GET /uz/wp-admin/gQ2zxmHJ3RF.php HTTP/1.1" 404 1215 "-" "-"
216.73.216.101 - - [24/Aug/2026:17:30:31 +0500] "GET /lesemajesty/empyrical/92151522560 HTTP/1.1" 301 - "-" "Mozilla/5.0 AppleWebKit/537.36 (KHTML, like Gecko; compatible; ClaudeBot/1.0; +claudebot@anthropic.com)"
34.56.53.225 - - [24/Aug/2026:17:30:29 +0500] "GET /uz/?s=/home/page/uploadImg HTTP/1.1" 200 68309 "-" "Mozilla/5.0 (Macintosh; Intel Mac OS X 10_15_7) AppleWebKit/537.36 (KHTML, like Gecko) Chrome/120.0.0.0 Safari/537.36"
52.173.121.69 - - [24/Aug/2026:17:30:35 +0500] "GET /wp-includes/blocks/query-pagination-numbers/index.php HTTP/1.1" 301 - "-" "-"
216.73.216.101 - - [24/Aug/2026:17:30:35 +0500] "GET /uz/lesemajesty/empyrical/92151522560 HTTP/1.1" 404 1215 "http://eskijuva-bozori.uz/lesemajesty/empyrical/92151522560" "Mozilla/5.0 AppleWebKit/537.36 (KHTML, like Gecko; compatible; ClaudeBot/1.0; +claudebot@anthropic.com)"
161.153.113.216 - - [24/Aug/2026:17:30:34 +0500] "GET /ru/prospectus-rus/466-emissiya-01-07-2025-pdf-ru HTTP/1.1" 200 15978 "-" "Mozilla/5.0 (X11; Linux aarch64) AppleWebKit/537.36 (KHTML, like Gecko) Chrome/139.0.0.0 Safari/537.36"
161.153.113.216 - - [24/Aug/2026:17:30:38 +0500] "GET /ru/prospectus-rus/466-emissiya-01-07-2025-pdf-ru HTTP/1.1" 200 54366 "-" "Mozilla/5.0 (X11; Linux aarch64) AppleWebKit/537.36 (KHTML, like Gecko) Chrome/139.0.0.0 Safari/537.36"
52.173.121.69 - - [24/Aug/2026:17:30:39 +0500] "GET /uz/wp-includes/blocks/query-pagination-numbers/index.php HTTP/1.1" 404 1215 "-" "-"
52.173.121.69 - - [24/Aug/2026:17:30:41 +0500] "GET /kgoc6awap3napxxxdCdefault.php HTTP/1.1" 301 - "-" "-"
52.173.121.69 - - [24/Aug/2026:17:30:42 +0500] "GET /uz/kgoc6awap3napxxxdCdefault.php HTTP/1.1" 404 1215 "-" "-"
52.173.121.69 - - [24/Aug/2026:17:30:44 +0500] "GET /wp-content/themes/twentytwentytwo/index.php HTTP/1.1" 301 - "-" "-"
216.73.216.101 - - [24/Aug/2026:17:30:46 +0500] "GET /?r=s9k7i5a8g0r6a4p5h69 HTTP/1.1" 301 - "-" "Mozilla/5.0 AppleWebKit/537.36 (KHTML, like Gecko; compatible; ClaudeBot/1.0; +claudebot@anthropic.com)"
52.173.121.69 - - [24/Aug/2026:17:30:46 +0500] "GET /uz/wp-content/themes/twentytwentytwo/index.php HTTP/1.1" 404 1215 "-" "-"
52.173.121.69 - - [24/Aug/2026:17:30:47 +0500] "GET /test.php HTTP/1.1" 301 - "-" "-"
216.73.216.101 - - [24/Aug/2026:17:30:47 +0500] "GET /uz/?r=s9k7i5a8g0r6a4p5h69 HTTP/1.1" 200 68308 "http://eskijuva-bozori.uz/?r=s9k7i5a8g0r6a4p5h69" "Mozilla/5.0 AppleWebKit/537.36 (KHTML, like Gecko; compatible; ClaudeBot/1.0; +claudebot@anthropic.com)"
216.73.216.101 - - [24/Aug/2026:17:30:48 +0500] "GET /shops/chessil/n9o1g4g2i7n069868 HTTP/1.1" 301 - "-" "Mozilla/5.0 AppleWebKit/537.36 (KHTML, like Gecko; compatible; ClaudeBot/1.0; +claudebot@anthropic.com)"
52.173.121.69 - - [24/Aug/2026:17:30:49 +0500] "GET /uz/test.php HTTP/1.1" 404 1215 "-" "-"
216.73.216.101 - - [24/Aug/2026:17:30:52 +0500] "GET /uz/shops/chessil/n9o1g4g2i7n069868 HTTP/1.1" 404 1215 "http://eskijuva-bozori.uz/shops/chessil/n9o1g4g2i7n069868" "Mozilla/5.0 AppleWebKit/537.36 (KHTML, like Gecko; compatible; ClaudeBot/1.0; +claudebot@anthropic.com)"
34.171.68.95 - - [24/Aug/2026:17:30:50 +0500] "GET /uz/facts-uzb/58-03-emitentning-olij-boshqaruv-organi-tomonidan-qabul-qilingan-qarorlar-2 HTTP/1.1" 200 67199 "-" "Mozilla/5.0 (Macintosh; Intel Mac OS X 10_15_7) AppleWebKit/537.36 (KHTML, like Gecko) Chrome/120.0.0.0 Safari/537.36"
52.173.121.69 - - [24/Aug/2026:17:30:55 +0500] "GET /wp-load.php HTTP/1.1" 301 - "-" "-"
52.173.121.69 - - [24/Aug/2026:17:30:57 +0500] "GET /uz/wp-load.php HTTP/1.1" 404 1215 "-" "-"
52.173.121.69 - - [24/Aug/2026:17:30:59 +0500] "GET //inputs.php HTTP/1.1" 301 - "-" "-"
52.173.121.69 - - [24/Aug/2026:17:31:00 +0500] "GET /uz/inputs.php HTTP/1.1" 404 1215 "-" "-"
52.173.121.69 - - [24/Aug/2026:17:31:02 +0500] "GET /wp-admin/css/wp-login.php HTTP/1.1" 301 - "-" "-"
216.73.216.101 - - [24/Aug/2026:17:31:02 +0500] "GET /?r=s9o6l4e7m9n5i3z0a9t0ion HTTP/1.1" 301 - "-" "Mozilla/5.0 AppleWebKit/537.36 (KHTML, like Gecko; compatible; ClaudeBot/1.0; +claudebot@anthropic.com)"
52.173.121.69 - - [24/Aug/2026:17:31:03 +0500] "GET /uz/wp-admin/css/wp-login.php HTTP/1.1" 404 1215 "-" "-"
216.73.216.101 - - [24/Aug/2026:17:31:04 +0500] "GET /uz/?r=s9o6l4e7m9n5i3z0a9t0ion HTTP/1.1" 200 68312 "http://eskijuva-bozori.uz/?r=s9o6l4e7m9n5i3z0a9t0ion" "Mozilla/5.0 AppleWebKit/537.36 (KHTML, like Gecko; compatible; ClaudeBot/1.0; +claudebot@anthropic.com)"
52.173.121.69 - - [24/Aug/2026:17:31:05 +0500] "GET /wp-includes/Requests/about.php HTTP/1.1" 301 - "-" "-"
52.173.121.69 - - [24/Aug/2026:17:31:06 +0500] "GET /uz/wp-includes/Requests/about.php HTTP/1.1" 404 1215 "-" "-"
52.173.121.69 - - [24/Aug/2026:17:31:07 +0500] "GET /wp-includes/blocks/query-pagination-next/index.php HTTP/1.1" 301 - "-" "-"
52.173.121.69 - - [24/Aug/2026:17:31:09 +0500] "GET /uz/wp-includes/blocks/query-pagination-next/index.php HTTP/1.1" 404 1215 "-" "-"
52.173.121.69 - - [24/Aug/2026:17:31:11 +0500] "GET /wp-includes/Text/index.php HTTP/1.1" 301 - "-" "-"
52.173.121.69 - - [24/Aug/2026:17:31:13 +0500] "GET /uz/wp-includes/Text/index.php HTTP/1.1" 404 1215 "-" "-"
52.173.121.69 - - [24/Aug/2026:17:31:15 +0500] "GET /wp-admin/index.php HTTP/1.1" 301 - "-" "-"
216.73.216.101 - - [24/Aug/2026:17:31:16 +0500] "GET /impark/alatern/v9a1l2e4t6u0d3i1n3a9r3ian HTTP/1.1" 301 - "-" "Mozilla/5.0 AppleWebKit/537.36 (KHTML, like Gecko; compatible; ClaudeBot/1.0; +claudebot@anthropic.com)"
52.173.121.69 - - [24/Aug/2026:17:31:17 +0500] "GET /uz/wp-admin/index.php HTTP/1.1" 404 1215 "-" "-"
216.73.216.101 - - [24/Aug/2026:17:31:18 +0500] "GET /uz/impark/alatern/v9a1l2e4t6u0d3i1n3a9r3ian HTTP/1.1" 404 1215 "http://eskijuva-bozori.uz/impark/alatern/v9a1l2e4t6u0d3i1n3a9r3ian" "Mozilla/5.0 AppleWebKit/537.36 (KHTML, like Gecko; compatible; ClaudeBot/1.0; +claudebot@anthropic.com)"
52.173.121.69 - - [24/Aug/2026:17:31:18 +0500] "GET //wp-content/plugins/index.php HTTP/1.1" 301 - "-" "-"
52.173.121.69 - - [24/Aug/2026:17:31:19 +0500] "GET /uz/wp-content/plugins/index.php HTTP/1.1" 404 1215 "-" "-"
216.73.216.101 - - [24/Aug/2026:17:31:20 +0500] "GET /shops/radiant/c9l3a2r3i9s7o2n7u7s59 HTTP/1.1" 301 - "-" "Mozilla/5.0 AppleWebKit/537.36 (KHTML, like Gecko; compatible; ClaudeBot/1.0; +claudebot@anthropic.com)"
52.173.121.69 - - [24/Aug/2026:17:31:21 +0500] "GET /wp-includes/blocks/list-item/index.php HTTP/1.1" 301 - "-" "-"
216.73.216.101 - - [24/Aug/2026:17:31:21 +0500] "GET /uz/shops/radiant/c9l3a2r3i9s7o2n7u7s59 HTTP/1.1" 404 1215 "http://eskijuva-bozori.uz/shops/radiant/c9l3a2r3i9s7o2n7u7s59" "Mozilla/5.0 AppleWebKit/537.36 (KHTML, like Gecko; compatible; ClaudeBot/1.0; +claudebot@anthropic.com)"
52.173.121.69 - - [24/Aug/2026:17:31:22 +0500] "GET /uz/wp-includes/blocks/list-item/index.php HTTP/1.1" 404 1215 "-" "-"
52.173.121.69 - - [24/Aug/2026:17:31:23 +0500] "GET //wp-admin/network/index.php HTTP/1.1" 301 - "-" "-"
52.173.121.69 - - [24/Aug/2026:17:31:24 +0500] "GET /uz/wp-admin/network/index.php HTTP/1.1" 404 1215 "-" "-"
34.171.68.95 - - [24/Aug/2026:17:31:25 +0500] "GET /uz/facts-uzb/405-sush-fakt-08-31-03-2023-ns-doc HTTP/1.1" 200 57080 "-" "Mozilla/5.0 (Macintosh; Intel Mac OS X 10_15_7) AppleWebKit/537.36 (KHTML, like Gecko) Chrome/120.0.0.0 Safari/537.36"
52.173.121.69 - - [24/Aug/2026:17:31:26 +0500] "GET //dropdown.php HTTP/1.1" 301 - "-" "-"
52.173.121.69 - - [24/Aug/2026:17:31:27 +0500] "GET /uz/dropdown.php HTTP/1.1" 404 1215 "-" "-"
216.73.216.101 - - [24/Aug/2026:17:31:30 +0500] "GET /njord/terebene/d9i2s8c8r6e0p9a6n7c7e8 HTTP/1.1" 301 - "-" "Mozilla/5.0 AppleWebKit/537.36 (KHTML, like Gecko; compatible; ClaudeBot/1.0; +claudebot@anthropic.com)"
216.73.216.101 - - [24/Aug/2026:17:31:32 +0500] "GET /uz/njord/terebene/d9i2s8c8r6e0p9a6n7c7e8 HTTP/1.1" 404 1215 "http://eskijuva-bozori.uz/njord/terebene/d9i2s8c8r6e0p9a6n7c7e8" "Mozilla/5.0 AppleWebKit/537.36 (KHTML, like Gecko; compatible; ClaudeBot/1.0; +claudebot@anthropic.com)"
216.73.216.101 - - [24/Aug/2026:17:31:44 +0500] "GET /shops/unobtrusive/a9p4r7o6n2f2u9l660 HTTP/1.1" 301 - "-" "Mozilla/5.0 AppleWebKit/537.36 (KHTML, like Gecko; compatible; ClaudeBot/1.0; +claudebot@anthropic.com)"
161.153.65.43 - - [24/Aug/2026:17:31:45 +0500] "GET /ru/votes-rus/488-bayon-osa-07-04-2026-pdf HTTP/1.1" 200 54825 "-" "Mozilla/5.0 (X11; Linux aarch64) AppleWebKit/537.36 (KHTML, like Gecko) Chrome/139.0.0.0 Safari/537.36"
216.73.216.101 - - [24/Aug/2026:17:31:47 +0500] "GET /uz/shops/unobtrusive/a9p4r7o6n2f2u9l660 HTTP/1.1" 404 1215 "http://eskijuva-bozori.uz/shops/unobtrusive/a9p4r7o6n2f2u9l660" "Mozilla/5.0 AppleWebKit/537.36 (KHTML, like Gecko; compatible; ClaudeBot/1.0; +claudebot@anthropic.com)"
34.171.68.95 - - [24/Aug/2026:17:31:52 +0500] "GET /docs/2022/08-31.03.2022-uz-io.docx HTTP/1.1" 200 35003 "-" "Mozilla/5.0 (Macintosh; Intel Mac OS X 10_15_7) AppleWebKit/537.36 (KHTML, like Gecko) Chrome/120.0.0.0 Safari/537.36"
216.73.216.101 - - [24/Aug/2026:17:31:59 +0500] "GET /shops/crackleware/h9e2r8n3i8o9t3o0m7y05 HTTP/1.1" 301 - "-" "Mozilla/5.0 AppleWebKit/537.36 (KHTML, like Gecko; compatible; ClaudeBot/1.0; +claudebot@anthropic.com)"
216.73.216.101 - - [24/Aug/2026:17:32:00 +0500] "GET /uz/shops/crackleware/h9e2r8n3i8o9t3o0m7y05 HTTP/1.1" 404 1215 "http://eskijuva-bozori.uz/shops/crackleware/h9e2r8n3i8o9t3o0m7y05" "Mozilla/5.0 AppleWebKit/537.36 (KHTML, like Gecko; compatible; ClaudeBot/1.0; +claudebot@anthropic.com)"
161.153.65.43 - - [24/Aug/2026:17:32:01 +0500] "GET /ru/votes-rus/488-bayon-osa-07-04-2026-pdf HTTP/1.1" 200 54417 "-" "Mozilla/5.0 (X11; Linux aarch64) AppleWebKit/537.36 (KHTML, like Gecko) Chrome/139.0.0.0 Safari/537.36"
216.73.216.101 - - [24/Aug/2026:17:32:03 +0500] "GET /shops/wellsped/u9n1a6p4p7e5a3l0a9b1l3y HTTP/1.1" 301 - "-" "Mozilla/5.0 AppleWebKit/537.36 (KHTML, like Gecko; compatible; ClaudeBot/1.0; +claudebot@anthropic.com)"
216.73.216.101 - - [24/Aug/2026:17:32:04 +0500] "GET /uz/shops/wellsped/u9n1a6p4p7e5a3l0a9b1l3y HTTP/1.1" 404 1215 "http://eskijuva-bozori.uz/shops/wellsped/u9n1a6p4p7e5a3l0a9b1l3y" "Mozilla/5.0 AppleWebKit/537.36 (KHTML, like Gecko; compatible; ClaudeBot/1.0; +claudebot@anthropic.com)"
216.73.216.101 - - [24/Aug/2026:17:32:17 +0500] "GET /?r=t9u4r0q7u4o9i3s0e4 HTTP/1.1" 301 - "-" "Mozilla/5.0 AppleWebKit/537.36 (KHTML, like Gecko; compatible; ClaudeBot/1.0; +claudebot@anthropic.com)"
216.73.216.101 - - [24/Aug/2026:17:32:18 +0500] "GET /uz/?r=t9u4r0q7u4o9i3s0e4 HTTP/1.1" 200 68473 "http://eskijuva-bozori.uz/?r=t9u4r0q7u4o9i3s0e4" "Mozilla/5.0 AppleWebKit/537.36 (KHTML, like Gecko; compatible; ClaudeBot/1.0; +claudebot@anthropic.com)"
216.73.216.101 - - [24/Aug/2026:17:32:31 +0500] "GET /shops/inhabile/l9e7c0t3u8r8e5d494 HTTP/1.1" 301 - "-" "Mozilla/5.0 AppleWebKit/537.36 (KHTML, like Gecko; compatible; ClaudeBot/1.0; +claudebot@anthropic.com)"
216.73.216.101 - - [24/Aug/2026:17:32:32 +0500] "GET /uz/shops/inhabile/l9e7c0t3u8r8e5d494 HTTP/1.1" 404 1215 "http://eskijuva-bozori.uz/shops/inhabile/l9e7c0t3u8r8e5d494" "Mozilla/5.0 AppleWebKit/537.36 (KHTML, like Gecko; compatible; ClaudeBot/1.0; +claudebot@anthropic.com)"
216.73.216.101 - - [24/Aug/2026:17:32:34 +0500] "GET /?r=t9u3b5u0l3u1r8e3677 HTTP/1.1" 301 - "-" "Mozilla/5.0 AppleWebKit/537.36 (KHTML, like Gecko; compatible; ClaudeBot/1.0; +claudebot@anthropic.com)"
216.73.216.101 - - [24/Aug/2026:17:32:35 +0500] "GET /uz/?r=t9u3b5u0l3u1r8e3677 HTTP/1.1" 200 68474 "http://eskijuva-bozori.uz/?r=t9u3b5u0l3u1r8e3677" "Mozilla/5.0 AppleWebKit/537.36 (KHTML, like Gecko; compatible; ClaudeBot/1.0; +claudebot@anthropic.com)"
43.130.57.76 - - [24/Aug/2026:17:32:39 +0500] "GET /uz/?s=/home/page/uploadImg&start=36 HTTP/1.1" 200 70238 "-" "Mozilla/5.0 (iPhone; CPU iPhone OS 13_2_3 like Mac OS X) AppleWebKit/605.1.15 (KHTML, like Gecko) Version/13.0.3 Mobile/15E148 Safari/604.1"
216.73.216.101 - - [24/Aug/2026:17:32:48 +0500] "GET /?r=f9l3i5g7h3t1y84985 HTTP/1.1" 301 - "-" "Mozilla/5.0 AppleWebKit/537.36 (KHTML, like Gecko; compatible; ClaudeBot/1.0; +claudebot@anthropic.com)"
216.73.216.101 - - [24/Aug/2026:17:32:50 +0500] "GET /uz/?r=f9l3i5g7h3t1y84985 HTTP/1.1" 200 68473 "http://eskijuva-bozori.uz/?r=f9l3i5g7h3t1y84985" "Mozilla/5.0 AppleWebKit/537.36 (KHTML, like Gecko; compatible; ClaudeBot/1.0; +claudebot@anthropic.com)"
216.73.216.101 - - [24/Aug/2026:17:33:02 +0500] "GET /?r=c9o8n7d3u9c2t9i3v6i0ty HTTP/1.1" 301 - "-" "Mozilla/5.0 AppleWebKit/537.36 (KHTML, like Gecko; compatible; ClaudeBot/1.0; +claudebot@anthropic.com)"
216.73.216.101 - - [24/Aug/2026:17:33:03 +0500] "GET /uz/?r=c9o8n7d3u9c2t9i3v6i0ty HTTP/1.1" 200 68477 "http://eskijuva-bozori.uz/?r=c9o8n7d3u9c2t9i3v6i0ty" "Mozilla/5.0 AppleWebKit/537.36 (KHTML, like Gecko; compatible; ClaudeBot/1.0; +claudebot@anthropic.com)"
216.73.216.101 - - [24/Aug/2026:17:33:15 +0500] "GET /?r=t9e3n1u2i9f3o3l9i8u9m2 HTTP/1.1" 301 - "-" "Mozilla/5.0 AppleWebKit/537.36 (KHTML, like Gecko; compatible; ClaudeBot/1.0; +claudebot@anthropic.com)"
216.73.216.101 - - [24/Aug/2026:17:33:16 +0500] "GET /uz/?r=t9e3n1u2i9f3o3l9i8u9m2 HTTP/1.1" 200 68477 "http://eskijuva-bozori.uz/?r=t9e3n1u2i9f3o3l9i8u9m2" "Mozilla/5.0 AppleWebKit/537.36 (KHTML, like Gecko; compatible; ClaudeBot/1.0; +claudebot@anthropic.com)"
44.209.35.147 - - [24/Aug/2026:17:33:22 +0500] "GET /uz/officially-uzb/tenders-uzb/484-tend-korp-2026-uzb HTTP/1.1" 200 60342 "-" "Mozilla/5.0 AppleWebKit/537.36 (KHTML, like Gecko; compatible; Amazonbot/0.1; +https://developer.amazon.com/support/amazonbot) Chrome/119.0.6045.214 Safari/537.36"
216.73.216.101 - - [24/Aug/2026:17:33:29 +0500] "GET /?r=m9a3w1k5i0s6h7n6e5s8s5 HTTP/1.1" 301 - "-" "Mozilla/5.0 AppleWebKit/537.36 (KHTML, like Gecko; compatible; ClaudeBot/1.0; +claudebot@anthropic.com)"
216.73.216.101 - - [24/Aug/2026:17:33:30 +0500] "GET /uz/?r=m9a3w1k5i0s6h7n6e5s8s5 HTTP/1.1" 200 68477 "http://eskijuva-bozori.uz/?r=m9a3w1k5i0s6h7n6e5s8s5" "Mozilla/5.0 AppleWebKit/537.36 (KHTML, like Gecko; compatible; ClaudeBot/1.0; +claudebot@anthropic.com)"
216.73.216.101 - - [24/Aug/2026:17:33:43 +0500] "GET /harberous/d9i2s3n2a6t2u3r0a5l1i1ze HTTP/1.1" 301 - "-" "Mozilla/5.0 AppleWebKit/537.36 (KHTML, like Gecko; compatible; ClaudeBot/1.0; +claudebot@anthropic.com)"
216.73.216.101 - - [24/Aug/2026:17:33:44 +0500] "GET /uz/harberous/d9i2s3n2a6t2u3r0a5l1i1ze HTTP/1.1" 404 1215 "http://eskijuva-bozori.uz/harberous/d9i2s3n2a6t2u3r0a5l1i1ze" "Mozilla/5.0 AppleWebKit/537.36 (KHTML, like Gecko; compatible; ClaudeBot/1.0; +claudebot@anthropic.com)"
216.73.216.101 - - [24/Aug/2026:17:33:48 +0500] "GET /?r=p9h2a6r0y1n3g2e8s790 HTTP/1.1" 301 - "-" "Mozilla/5.0 AppleWebKit/537.36 (KHTML, like Gecko; compatible; ClaudeBot/1.0; +claudebot@anthropic.com)"
216.73.216.101 - - [24/Aug/2026:17:33:51 +0500] "GET /uz/?r=p9h2a6r0y1n3g2e8s790 HTTP/1.1" 200 68475 "http://eskijuva-bozori.uz/?r=p9h2a6r0y1n3g2e8s790" "Mozilla/5.0 AppleWebKit/537.36 (KHTML, like Gecko; compatible; ClaudeBot/1.0; +claudebot@anthropic.com)"
161.153.91.188 - - [24/Aug/2026:17:33:55 +0500] "GET /ru?start=8 HTTP/1.1" 200 15601 "-" "Mozilla/5.0 (X11; Linux aarch64) AppleWebKit/537.36 (KHTML, like Gecko) Chrome/139.0.0.0 Safari/537.36"
161.153.91.188 - - [24/Aug/2026:17:33:58 +0500] "GET /ru?start=8 HTTP/1.1" 200 66175 "-" "Mozilla/5.0 (X11; Linux aarch64) AppleWebKit/537.36 (KHTML, like Gecko) Chrome/139.0.0.0 Safari/537.36"
216.73.216.101 - - [24/Aug/2026:17:34:03 +0500] "GET /?r=i9n3c5r6u2e6n3t1a8l03 HTTP/1.1" 301 - "-" "Mozilla/5.0 AppleWebKit/537.36 (KHTML, like Gecko; compatible; ClaudeBot/1.0; +claudebot@anthropic.com)"
216.73.216.101 - - [24/Aug/2026:17:34:08 +0500] "GET /uz/?r=i9n3c5r6u2e6n3t1a8l03 HTTP/1.1" 200 68476 "http://eskijuva-bozori.uz/?r=i9n3c5r6u2e6n3t1a8l03" "Mozilla/5.0 AppleWebKit/537.36 (KHTML, like Gecko; compatible; ClaudeBot/1.0; +claudebot@anthropic.com)"
216.73.216.101 - - [24/Aug/2026:17:34:23 +0500] "GET /uz/speckling/taxor/9355776097 HTTP/1.1" 508 288 "http://eskijuva-bozori.uz/speckling/taxor/9355776097" "Mozilla/5.0 AppleWebKit/537.36 (KHTML, like Gecko; compatible; ClaudeBot/1.0; +claudebot@anthropic.com)"
216.73.216.101 - - [24/Aug/2026:17:34:18 +0500] "GET /speckling/taxor/9355776097 HTTP/1.1" 301 - "-" "Mozilla/5.0 AppleWebKit/537.36 (KHTML, like Gecko; compatible; ClaudeBot/1.0; +claudebot@anthropic.com)"
216.73.216.101 - - [24/Aug/2026:17:34:32 +0500] "GET /?r=p9r1o5b8a7t7i5o4n307 HTTP/1.1" 301 - "-" "Mozilla/5.0 AppleWebKit/537.36 (KHTML, like Gecko; compatible; ClaudeBot/1.0; +claudebot@anthropic.com)"
216.73.216.101 - - [24/Aug/2026:17:34:34 +0500] "GET /uz/?r=p9r1o5b8a7t7i5o4n307 HTTP/1.1" 200 68475 "http://eskijuva-bozori.uz/?r=p9r1o5b8a7t7i5o4n307" "Mozilla/5.0 AppleWebKit/537.36 (KHTML, like Gecko; compatible; ClaudeBot/1.0; +claudebot@anthropic.com)"
216.73.216.101 - - [24/Aug/2026:17:34:47 +0500] "GET /?r=u9n4t1r7u0e467228 HTTP/1.1" 301 - "-" "Mozilla/5.0 AppleWebKit/537.36 (KHTML, like Gecko; compatible; ClaudeBot/1.0; +claudebot@anthropic.com)"
216.73.216.101 - - [24/Aug/2026:17:34:48 +0500] "GET /uz/?r=u9n4t1r7u0e467228 HTTP/1.1" 200 68472 "http://eskijuva-bozori.uz/?r=u9n4t1r7u0e467228" "Mozilla/5.0 AppleWebKit/537.36 (KHTML, like Gecko; compatible; ClaudeBot/1.0; +claudebot@anthropic.com)"
216.73.216.101 - - [24/Aug/2026:17:34:50 +0500] "GET /shops/pistillation/r9o1b4u6s8t2a53235 HTTP/1.1" 301 - "-" "Mozilla/5.0 AppleWebKit/537.36 (KHTML, like Gecko; compatible; ClaudeBot/1.0; +claudebot@anthropic.com)"
216.73.216.101 - - [24/Aug/2026:17:34:52 +0500] "GET /uz/shops/pistillation/r9o1b4u6s8t2a53235 HTTP/1.1" 404 1215 "http://eskijuva-bozori.uz/shops/pistillation/r9o1b4u6s8t2a53235" "Mozilla/5.0 AppleWebKit/537.36 (KHTML, like Gecko; compatible; ClaudeBot/1.0; +claudebot@anthropic.com)"
34.171.68.95 - - [24/Aug/2026:17:35:03 +0500] "GET /ru/audit-rus/224-audit-2017-rus HTTP/1.1" 200 54673 "-" "Mozilla/5.0 (Macintosh; Intel Mac OS X 10_15_7) AppleWebKit/537.36 (KHTML, like Gecko) Chrome/120.0.0.0 Safari/537.36"
216.73.216.101 - - [24/Aug/2026:17:35:04 +0500] "GET /shops/sienitic/a9r2r0e3s5t4o2r2033 HTTP/1.1" 301 - "-" "Mozilla/5.0 AppleWebKit/537.36 (KHTML, like Gecko; compatible; ClaudeBot/1.0; +claudebot@anthropic.com)"
216.73.216.101 - - [24/Aug/2026:17:35:06 +0500] "GET /uz/shops/sienitic/a9r2r0e3s5t4o2r2033 HTTP/1.1" 404 1215 "http://eskijuva-bozori.uz/shops/sienitic/a9r2r0e3s5t4o2r2033" "Mozilla/5.0 AppleWebKit/537.36 (KHTML, like Gecko; compatible; ClaudeBot/1.0; +claudebot@anthropic.com)"
34.56.53.225 - - [24/Aug/2026:17:35:13 +0500] "GET /ru/?format=feed&template=accessibility&type=rss HTTP/1.1" 200 6048 "-" "Mozilla/5.0 (Macintosh; Intel Mac OS X 10_15_7) AppleWebKit/537.36 (KHTML, like Gecko) Chrome/120.0.0.0 Safari/537.36"
216.73.216.101 - - [24/Aug/2026:17:35:18 +0500] "GET /?r=b9r1a8i1n8s0i1c6k1n9e0ss HTTP/1.1" 301 - "-" "Mozilla/5.0 AppleWebKit/537.36 (KHTML, like Gecko; compatible; ClaudeBot/1.0; +claudebot@anthropic.com)"
216.73.216.101 - - [24/Aug/2026:17:35:20 +0500] "GET /uz/?r=b9r1a8i1n8s0i1c6k1n9e0ss HTTP/1.1" 200 68479 "http://eskijuva-bozori.uz/?r=b9r1a8i1n8s0i1c6k1n9e0ss" "Mozilla/5.0 AppleWebKit/537.36 (KHTML, like Gecko; compatible; ClaudeBot/1.0; +claudebot@anthropic.com)"
216.73.216.101 - - [24/Aug/2026:17:35:32 +0500] "GET /?r=p9u2n1g5e3n6t87150 HTTP/1.1" 301 - "-" "Mozilla/5.0 AppleWebKit/537.36 (KHTML, like Gecko; compatible; ClaudeBot/1.0; +claudebot@anthropic.com)"
216.73.216.101 - - [24/Aug/2026:17:35:34 +0500] "GET /uz/?r=p9u2n1g5e3n6t87150 HTTP/1.1" 200 68473 "http://eskijuva-bozori.uz/?r=p9u2n1g5e3n6t87150" "Mozilla/5.0 AppleWebKit/537.36 (KHTML, like Gecko; compatible; ClaudeBot/1.0; +claudebot@anthropic.com)"
216.73.216.101 - - [24/Aug/2026:17:35:46 +0500] "GET /?r=s9w1y5t6h9e023647 HTTP/1.1" 301 - "-" "Mozilla/5.0 AppleWebKit/537.36 (KHTML, like Gecko; compatible; ClaudeBot/1.0; +claudebot@anthropic.com)"
216.73.216.101 - - [24/Aug/2026:17:35:48 +0500] "GET /uz/?r=s9w1y5t6h9e023647 HTTP/1.1" 200 68472 "http://eskijuva-bozori.uz/?r=s9w1y5t6h9e023647" "Mozilla/5.0 AppleWebKit/537.36 (KHTML, like Gecko; compatible; ClaudeBot/1.0; +claudebot@anthropic.com)"
