216.73.216.101 - - [24/Aug/2026:19:45:06 +0500] "GET /?r=s9e3b2a4t5e692153 HTTP/1.1" 301 - "-" "Mozilla/5.0 AppleWebKit/537.36 (KHTML, like Gecko; compatible; ClaudeBot/1.0; +claudebot@anthropic.com)"
216.73.216.101 - - [24/Aug/2026:19:45:09 +0500] "GET /uz/?r=s9e3b2a4t5e692153 HTTP/1.1" 200 68210 "http://eskijuva-bozori.uz/?r=s9e3b2a4t5e692153" "Mozilla/5.0 AppleWebKit/537.36 (KHTML, like Gecko; compatible; ClaudeBot/1.0; +claudebot@anthropic.com)"
216.73.216.101 - - [24/Aug/2026:19:45:35 +0500] "GET /?r=m9a2n0e5a7t5i2n9g382 HTTP/1.1" 301 - "-" "Mozilla/5.0 AppleWebKit/537.36 (KHTML, like Gecko; compatible; ClaudeBot/1.0; +claudebot@anthropic.com)"
216.73.216.101 - - [24/Aug/2026:19:45:41 +0500] "GET /uz/?r=m9a2n0e5a7t5i2n9g382 HTTP/1.1" 200 68213 "http://eskijuva-bozori.uz/?r=m9a2n0e5a7t5i2n9g382" "Mozilla/5.0 AppleWebKit/537.36 (KHTML, like Gecko; compatible; ClaudeBot/1.0; +claudebot@anthropic.com)"
216.73.216.101 - - [24/Aug/2026:19:45:55 +0500] "GET /?r=v9e4s0t9m5e0n1t5e1d64 HTTP/1.1" 301 - "-" "Mozilla/5.0 AppleWebKit/537.36 (KHTML, like Gecko; compatible; ClaudeBot/1.0; +claudebot@anthropic.com)"
216.73.216.101 - - [24/Aug/2026:19:46:00 +0500] "GET /uz/?r=v9e4s0t9m5e0n1t5e1d64 HTTP/1.1" 200 68214 "http://eskijuva-bozori.uz/?r=v9e4s0t9m5e0n1t5e1d64" "Mozilla/5.0 AppleWebKit/537.36 (KHTML, like Gecko; compatible; ClaudeBot/1.0; +claudebot@anthropic.com)"
216.73.216.101 - - [24/Aug/2026:19:46:05 +0500] "GET /shops/eaglet/e9s3c4a8l2a8t4o4r867 HTTP/1.1" 301 - "-" "Mozilla/5.0 AppleWebKit/537.36 (KHTML, like Gecko; compatible; ClaudeBot/1.0; +claudebot@anthropic.com)"
216.73.216.101 - - [24/Aug/2026:19:46:11 +0500] "GET /uz/shops/eaglet/e9s3c4a8l2a8t4o4r867 HTTP/1.1" 404 1215 "http://eskijuva-bozori.uz/shops/eaglet/e9s3c4a8l2a8t4o4r867" "Mozilla/5.0 AppleWebKit/537.36 (KHTML, like Gecko; compatible; ClaudeBot/1.0; +claudebot@anthropic.com)"
216.73.216.101 - - [24/Aug/2026:19:46:25 +0500] "GET /?r=a9m4i2d8o8m3e7r8c4u7r8ic HTTP/1.1" 301 - "-" "Mozilla/5.0 AppleWebKit/537.36 (KHTML, like Gecko; compatible; ClaudeBot/1.0; +claudebot@anthropic.com)"
216.73.216.101 - - [24/Aug/2026:19:46:31 +0500] "GET /uz/?r=a9m4i2d8o8m3e7r8c4u7r8ic HTTP/1.1" 200 68217 "http://eskijuva-bozori.uz/?r=a9m4i2d8o8m3e7r8c4u7r8ic" "Mozilla/5.0 AppleWebKit/537.36 (KHTML, like Gecko; compatible; ClaudeBot/1.0; +claudebot@anthropic.com)"
216.73.216.101 - - [24/Aug/2026:19:46:37 +0500] "GET /?r=e9l3o7i0g7n7m0e5n1t23 HTTP/1.1" 301 - "-" "Mozilla/5.0 AppleWebKit/537.36 (KHTML, like Gecko; compatible; ClaudeBot/1.0; +claudebot@anthropic.com)"
216.73.216.101 - - [24/Aug/2026:19:46:43 +0500] "GET /uz/?r=e9l3o7i0g7n7m0e5n1t23 HTTP/1.1" 200 68214 "http://eskijuva-bozori.uz/?r=e9l3o7i0g7n7m0e5n1t23" "Mozilla/5.0 AppleWebKit/537.36 (KHTML, like Gecko; compatible; ClaudeBot/1.0; +claudebot@anthropic.com)"
216.73.216.101 - - [24/Aug/2026:19:46:57 +0500] "GET /?r=c9o9n6f7e3d4e1r4a1t2ion HTTP/1.1" 301 - "-" "Mozilla/5.0 AppleWebKit/537.36 (KHTML, like Gecko; compatible; ClaudeBot/1.0; +claudebot@anthropic.com)"
216.73.216.101 - - [24/Aug/2026:19:47:03 +0500] "GET /uz/?r=c9o9n6f7e3d4e1r4a1t2ion HTTP/1.1" 508 288 "http://eskijuva-bozori.uz/?r=c9o9n6f7e3d4e1r4a1t2ion" "Mozilla/5.0 AppleWebKit/537.36 (KHTML, like Gecko; compatible; ClaudeBot/1.0; +claudebot@anthropic.com)"
34.10.180.98 - - [24/Aug/2026:19:47:01 +0500] "GET /uz/audit-uzb/10-uzbek HTTP/1.1" 200 66966 "-" "Mozilla/5.0 (Macintosh; Intel Mac OS X 10_15_7) AppleWebKit/537.36 (KHTML, like Gecko) Chrome/120.0.0.0 Safari/537.36"
216.73.216.101 - - [24/Aug/2026:19:47:07 +0500] "GET /?r=s9u1m0p2h1684010 HTTP/1.1" 301 - "-" "Mozilla/5.0 AppleWebKit/537.36 (KHTML, like Gecko; compatible; ClaudeBot/1.0; +claudebot@anthropic.com)"
216.73.216.101 - - [24/Aug/2026:19:47:12 +0500] "GET /uz/?r=s9u1m0p2h1684010 HTTP/1.1" 200 68209 "http://eskijuva-bozori.uz/?r=s9u1m0p2h1684010" "Mozilla/5.0 AppleWebKit/537.36 (KHTML, like Gecko; compatible; ClaudeBot/1.0; +claudebot@anthropic.com)"
34.10.180.98 - - [24/Aug/2026:19:47:14 +0500] "GET /ru/facts-rus/53-emitentning-2013-jil-yakunlari-bujicha-jillik-hisoboti HTTP/1.1" 200 69086 "-" "Mozilla/5.0 (Macintosh; Intel Mac OS X 10_15_7) AppleWebKit/537.36 (KHTML, like Gecko) Chrome/120.0.0.0 Safari/537.36"
216.73.216.101 - - [24/Aug/2026:19:47:27 +0500] "GET /?r=v9a4s1s2a6l9a0g5e055 HTTP/1.1" 301 - "-" "Mozilla/5.0 AppleWebKit/537.36 (KHTML, like Gecko; compatible; ClaudeBot/1.0; +claudebot@anthropic.com)"
216.73.216.101 - - [24/Aug/2026:19:47:31 +0500] "GET /uz/?r=v9a4s1s2a6l9a0g5e055 HTTP/1.1" 200 68213 "http://eskijuva-bozori.uz/?r=v9a4s1s2a6l9a0g5e055" "Mozilla/5.0 AppleWebKit/537.36 (KHTML, like Gecko; compatible; ClaudeBot/1.0; +claudebot@anthropic.com)"
216.73.216.101 - - [24/Aug/2026:19:47:45 +0500] "GET /?r=e9l1a7e0o1d1e0n2d8r2o3n HTTP/1.1" 301 - "-" "Mozilla/5.0 AppleWebKit/537.36 (KHTML, like Gecko; compatible; ClaudeBot/1.0; +claudebot@anthropic.com)"
34.123.149.87 - - [24/Aug/2026:19:47:51 +0500] "GET /ru/component/search/?Itemid=160&catid=19&format=opensearch&id=182 HTTP/1.1" 200 755 "-" "Mozilla/5.0 (Macintosh; Intel Mac OS X 10_15_7) AppleWebKit/537.36 (KHTML, like Gecko) Chrome/120.0.0.0 Safari/537.36"
216.73.216.101 - - [24/Aug/2026:19:47:49 +0500] "GET /uz/?r=e9l1a7e0o1d1e0n2d8r2o3n HTTP/1.1" 200 68216 "http://eskijuva-bozori.uz/?r=e9l1a7e0o1d1e0n2d8r2o3n" "Mozilla/5.0 AppleWebKit/537.36 (KHTML, like Gecko; compatible; ClaudeBot/1.0; +claudebot@anthropic.com)"
114.119.153.172 - - [24/Aug/2026:19:47:57 +0500] "GET /ru/comissions-rus/11-russian/about-org-rus/320-direction-30-06-2020-rus HTTP/1.1" 200 55345 "http://eskijuva-bozori.uz/ru/comissions-rus/11-russian/about-org-rus?layout" "Mozilla/5.0 (Linux; Android 7.0;) AppleWebKit/537.36 (HTML, like Gecko) Mobile Safari/537.36 (compatible; PetalBot;+https://webmaster.petalsearch.com/site/petalbot)"
216.73.216.101 - - [24/Aug/2026:19:48:05 +0500] "GET /?r=p9a1p9a8v5e4r0i3s8 HTTP/1.1" 301 - "-" "Mozilla/5.0 AppleWebKit/537.36 (KHTML, like Gecko; compatible; ClaudeBot/1.0; +claudebot@anthropic.com)"
216.73.216.101 - - [24/Aug/2026:19:48:11 +0500] "GET /uz/?r=p9a1p9a8v5e4r0i3s8 HTTP/1.1" 200 68211 "http://eskijuva-bozori.uz/?r=p9a1p9a8v5e4r0i3s8" "Mozilla/5.0 AppleWebKit/537.36 (KHTML, like Gecko; compatible; ClaudeBot/1.0; +claudebot@anthropic.com)"
216.73.216.101 - - [24/Aug/2026:19:48:15 +0500] "GET /shops/fringing/v9u4l0v4i8t8i0s1566 HTTP/1.1" 301 - "-" "Mozilla/5.0 AppleWebKit/537.36 (KHTML, like Gecko; compatible; ClaudeBot/1.0; +claudebot@anthropic.com)"
185.191.171.2 - - [24/Aug/2026:19:48:25 +0500] "GET /robots.txt HTTP/1.1" 200 111 "-" "Mozilla/5.0 (compatible; SemrushBot/7~bl; +http://www.semrush.com/bot.html)"
85.208.96.210 - - [24/Aug/2026:19:48:26 +0500] "GET /uz/?route=account%2Flogin&start=28 HTTP/1.1" 508 288 "-" "Mozilla/5.0 (compatible; SemrushBot/7~bl; +http://www.semrush.com/bot.html)"
216.73.216.101 - - [24/Aug/2026:19:48:22 +0500] "GET /uz/shops/fringing/v9u4l0v4i8t8i0s1566 HTTP/1.1" 404 1215 "http://eskijuva-bozori.uz/shops/fringing/v9u4l0v4i8t8i0s1566" "Mozilla/5.0 AppleWebKit/537.36 (KHTML, like Gecko; compatible; ClaudeBot/1.0; +claudebot@anthropic.com)"
216.73.216.101 - - [24/Aug/2026:19:48:35 +0500] "GET /unfeatured/s9t2e9p9h5a6n5o1m8e0r1ia HTTP/1.1" 301 - "-" "Mozilla/5.0 AppleWebKit/537.36 (KHTML, like Gecko; compatible; ClaudeBot/1.0; +claudebot@anthropic.com)"
216.73.216.101 - - [24/Aug/2026:19:48:40 +0500] "GET /uz/unfeatured/s9t2e9p9h5a6n5o1m8e0r1ia HTTP/1.1" 404 1215 "http://eskijuva-bozori.uz/unfeatured/s9t2e9p9h5a6n5o1m8e0r1ia" "Mozilla/5.0 AppleWebKit/537.36 (KHTML, like Gecko; compatible; ClaudeBot/1.0; +claudebot@anthropic.com)"
216.73.216.101 - - [24/Aug/2026:19:48:47 +0500] "GET /shops/atropos/f9e2b7r6i0c8i9t0a9t0e4 HTTP/1.1" 301 - "-" "Mozilla/5.0 AppleWebKit/537.36 (KHTML, like Gecko; compatible; ClaudeBot/1.0; +claudebot@anthropic.com)"
216.73.216.101 - - [24/Aug/2026:19:48:52 +0500] "GET /uz/shops/atropos/f9e2b7r6i0c8i9t0a9t0e4 HTTP/1.1" 404 1215 "http://eskijuva-bozori.uz/shops/atropos/f9e2b7r6i0c8i9t0a9t0e4" "Mozilla/5.0 AppleWebKit/537.36 (KHTML, like Gecko; compatible; ClaudeBot/1.0; +claudebot@anthropic.com)"
114.119.152.128 - - [24/Aug/2026:19:48:55 +0500] "GET /ru/audit-rus/9-russian HTTP/1.1" 200 65933 "http://eskijuva-bozori.uz/ru/audit-rus/17-russian/shareholders-rus" "Mozilla/5.0 (Linux; Android 7.0;) AppleWebKit/537.36 (HTML, like Gecko) Mobile Safari/537.36 (compatible; PetalBot;+https://webmaster.petalsearch.com/site/petalbot)"
216.73.216.101 - - [24/Aug/2026:19:49:07 +0500] "GET /shops/focal/s9a3r8c7o9p5h9i2l0e92 HTTP/1.1" 301 - "-" "Mozilla/5.0 AppleWebKit/537.36 (KHTML, like Gecko; compatible; ClaudeBot/1.0; +claudebot@anthropic.com)"
216.73.216.101 - - [24/Aug/2026:19:49:12 +0500] "GET /uz/shops/focal/s9a3r8c7o9p5h9i2l0e92 HTTP/1.1" 404 1215 "http://eskijuva-bozori.uz/shops/focal/s9a3r8c7o9p5h9i2l0e92" "Mozilla/5.0 AppleWebKit/537.36 (KHTML, like Gecko; compatible; ClaudeBot/1.0; +claudebot@anthropic.com)"
216.73.216.101 - - [24/Aug/2026:19:49:17 +0500] "GET /?r=p9h3a9r4m7a8c6o7l6o4g7ist HTTP/1.1" 301 - "-" "Mozilla/5.0 AppleWebKit/537.36 (KHTML, like Gecko; compatible; ClaudeBot/1.0; +claudebot@anthropic.com)"
216.73.216.101 - - [24/Aug/2026:19:49:22 +0500] "GET /uz/?r=p9h3a9r4m7a8c6o7l6o4g7ist HTTP/1.1" 200 68218 "http://eskijuva-bozori.uz/?r=p9h3a9r4m7a8c6o7l6o4g7ist" "Mozilla/5.0 AppleWebKit/537.36 (KHTML, like Gecko; compatible; ClaudeBot/1.0; +claudebot@anthropic.com)"
216.73.216.101 - - [24/Aug/2026:19:49:29 +0500] "GET /?r=d9e2c7i8p5h3e2r6m3e9n8t HTTP/1.1" 301 - "-" "Mozilla/5.0 AppleWebKit/537.36 (KHTML, like Gecko; compatible; ClaudeBot/1.0; +claudebot@anthropic.com)"
136.119.35.120 - - [24/Aug/2026:19:49:32 +0500] "GET /uz/?ismobile=1&start=44 HTTP/1.1" 200 69409 "-" "Mozilla/5.0 (Macintosh; Intel Mac OS X 10_15_7) AppleWebKit/537.36 (KHTML, like Gecko) Chrome/120.0.0.0 Safari/537.36"
216.73.216.101 - - [24/Aug/2026:19:49:34 +0500] "GET /uz/?r=d9e2c7i8p5h3e2r6m3e9n8t HTTP/1.1" 200 68216 "http://eskijuva-bozori.uz/?r=d9e2c7i8p5h3e2r6m3e9n8t" "Mozilla/5.0 AppleWebKit/537.36 (KHTML, like Gecko; compatible; ClaudeBot/1.0; +claudebot@anthropic.com)"
216.73.216.101 - - [24/Aug/2026:19:49:49 +0500] "GET /shops/conciergerie/j9u4d0a4h4i0t4e9239 HTTP/1.1" 301 - "-" "Mozilla/5.0 AppleWebKit/537.36 (KHTML, like Gecko; compatible; ClaudeBot/1.0; +claudebot@anthropic.com)"
216.73.216.101 - - [24/Aug/2026:19:49:54 +0500] "GET /uz/shops/conciergerie/j9u4d0a4h4i0t4e9239 HTTP/1.1" 404 1215 "http://eskijuva-bozori.uz/shops/conciergerie/j9u4d0a4h4i0t4e9239" "Mozilla/5.0 AppleWebKit/537.36 (KHTML, like Gecko; compatible; ClaudeBot/1.0; +claudebot@anthropic.com)"
216.73.216.101 - - [24/Aug/2026:19:49:59 +0500] "GET /?r=m9a2n9l8i4k0e97650 HTTP/1.1" 301 - "-" "Mozilla/5.0 AppleWebKit/537.36 (KHTML, like Gecko; compatible; ClaudeBot/1.0; +claudebot@anthropic.com)"
216.73.216.101 - - [24/Aug/2026:19:50:04 +0500] "GET /uz/?r=m9a2n9l8i4k0e97650 HTTP/1.1" 200 68211 "http://eskijuva-bozori.uz/?r=m9a2n9l8i4k0e97650" "Mozilla/5.0 AppleWebKit/537.36 (KHTML, like Gecko; compatible; ClaudeBot/1.0; +claudebot@anthropic.com)"
114.119.153.172 - - [24/Aug/2026:19:50:10 +0500] "GET /ru/?start=28 HTTP/1.1" 200 68986 "http://eskijuva-bozori.uz/ru/?start=32" "Mozilla/5.0 (Linux; Android 7.0;) AppleWebKit/537.36 (HTML, like Gecko) Mobile Safari/537.36 (compatible; PetalBot;+https://webmaster.petalsearch.com/site/petalbot)"
216.73.216.101 - - [24/Aug/2026:19:50:19 +0500] "GET /roundishness/unsufficiency/9609261343 HTTP/1.1" 301 - "-" "Mozilla/5.0 AppleWebKit/537.36 (KHTML, like Gecko; compatible; ClaudeBot/1.0; +claudebot@anthropic.com)"
216.73.216.101 - - [24/Aug/2026:19:50:31 +0500] "GET /shops/yetus/c9o1m1e2t0a9r8y9042 HTTP/1.1" 508 288 "-" "Mozilla/5.0 AppleWebKit/537.36 (KHTML, like Gecko; compatible; ClaudeBot/1.0; +claudebot@anthropic.com)"
216.73.216.101 - - [24/Aug/2026:19:50:24 +0500] "GET /uz/roundishness/unsufficiency/9609261343 HTTP/1.1" 404 1215 "http://eskijuva-bozori.uz/roundishness/unsufficiency/9609261343" "Mozilla/5.0 AppleWebKit/537.36 (KHTML, like Gecko; compatible; ClaudeBot/1.0; +claudebot@anthropic.com)"
44.195.50.71 - - [24/Aug/2026:19:50:20 +0500] "GET /uz/news-uzb?start=20 HTTP/1.1" 200 61895 "-" "Mozilla/5.0 AppleWebKit/537.36 (KHTML, like Gecko; compatible; Amazonbot/0.1; +https://developer.amazon.com/support/amazonbot) Chrome/119.0.6045.214 Safari/537.36"
216.73.216.101 - - [24/Aug/2026:19:50:51 +0500] "GET /holywater/crepitating/91910216159 HTTP/1.1" 301 - "-" "Mozilla/5.0 AppleWebKit/537.36 (KHTML, like Gecko; compatible; ClaudeBot/1.0; +claudebot@anthropic.com)"
216.73.216.101 - - [24/Aug/2026:19:50:57 +0500] "GET /uz/holywater/crepitating/91910216159 HTTP/1.1" 404 1215 "http://eskijuva-bozori.uz/holywater/crepitating/91910216159" "Mozilla/5.0 AppleWebKit/537.36 (KHTML, like Gecko; compatible; ClaudeBot/1.0; +claudebot@anthropic.com)"
216.73.216.101 - - [24/Aug/2026:19:51:01 +0500] "GET /?r=s9p1i2k3e6l9e0t1424 HTTP/1.1" 301 - "-" "Mozilla/5.0 AppleWebKit/537.36 (KHTML, like Gecko; compatible; ClaudeBot/1.0; +claudebot@anthropic.com)"
216.73.216.101 - - [24/Aug/2026:19:51:06 +0500] "GET /uz/?r=s9p1i2k3e6l9e0t1424 HTTP/1.1" 508 288 "http://eskijuva-bozori.uz/?r=s9p1i2k3e6l9e0t1424" "Mozilla/5.0 AppleWebKit/537.36 (KHTML, like Gecko; compatible; ClaudeBot/1.0; +claudebot@anthropic.com)"
216.73.216.101 - - [24/Aug/2026:19:51:27 +0500] "GET /uz/?r=s9a3m3s2h6o9o61217 HTTP/1.1" 508 288 "http://eskijuva-bozori.uz/?r=s9a3m3s2h6o9o61217" "Mozilla/5.0 AppleWebKit/537.36 (KHTML, like Gecko; compatible; ClaudeBot/1.0; +claudebot@anthropic.com)"
216.73.216.101 - - [24/Aug/2026:19:51:21 +0500] "GET /?r=s9a3m3s2h6o9o61217 HTTP/1.1" 301 - "-" "Mozilla/5.0 AppleWebKit/537.36 (KHTML, like Gecko; compatible; ClaudeBot/1.0; +claudebot@anthropic.com)"
216.73.216.101 - - [24/Aug/2026:19:51:32 +0500] "GET /?r=t9h1e7o4r4e5t4i6c897 HTTP/1.1" 508 288 "-" "Mozilla/5.0 AppleWebKit/537.36 (KHTML, like Gecko; compatible; ClaudeBot/1.0; +claudebot@anthropic.com)"
216.73.216.101 - - [24/Aug/2026:19:51:53 +0500] "GET /shops/concentering/h9e3t7e0r5o2p8e0l9m4o1us HTTP/1.1" 301 - "-" "Mozilla/5.0 AppleWebKit/537.36 (KHTML, like Gecko; compatible; ClaudeBot/1.0; +claudebot@anthropic.com)"
34.123.149.87 - - [24/Aug/2026:19:52:01 +0500] "GET /ru/14-uzbek/news-uzb?format=feed&type=atom HTTP/1.1" 508 288 "-" "Mozilla/5.0 (Macintosh; Intel Mac OS X 10_15_7) AppleWebKit/537.36 (KHTML, like Gecko) Chrome/120.0.0.0 Safari/537.36"
43.164.131.148 - - [24/Aug/2026:19:51:52 +0500] "GET /uz/?r=p4i2c5t0u4r1a28660&start=8 HTTP/1.1" 200 67640 "-" "Mozilla/5.0 (iPhone; CPU iPhone OS 13_2_3 like Mac OS X) AppleWebKit/605.1.15 (KHTML, like Gecko) Version/13.0.3 Mobile/15E148 Safari/604.1"
216.73.216.101 - - [24/Aug/2026:19:51:59 +0500] "GET /uz/shops/concentering/h9e3t7e0r5o2p8e0l9m4o1us HTTP/1.1" 404 1215 "http://eskijuva-bozori.uz/shops/concentering/h9e3t7e0r5o2p8e0l9m4o1us" "Mozilla/5.0 AppleWebKit/537.36 (KHTML, like Gecko; compatible; ClaudeBot/1.0; +claudebot@anthropic.com)"
216.73.216.101 - - [24/Aug/2026:19:52:03 +0500] "GET /shops/eucharistic/p9r4o0s2l8a5v1e3r4y33 HTTP/1.1" 301 - "-" "Mozilla/5.0 AppleWebKit/537.36 (KHTML, like Gecko; compatible; ClaudeBot/1.0; +claudebot@anthropic.com)"
216.73.216.101 - - [24/Aug/2026:19:52:09 +0500] "GET /uz/shops/eucharistic/p9r4o0s2l8a5v1e3r4y33 HTTP/1.1" 404 1215 "http://eskijuva-bozori.uz/shops/eucharistic/p9r4o0s2l8a5v1e3r4y33" "Mozilla/5.0 AppleWebKit/537.36 (KHTML, like Gecko; compatible; ClaudeBot/1.0; +claudebot@anthropic.com)"
192.178.7.130 - - [24/Aug/2026:19:52:06 +0500] "GET /uz/about-org-uzb/structure-uzb HTTP/1.1" 200 56171 "-" "Mozilla/5.0 (Linux; Android 6.0.1; Nexus 5X Build/MMB29P) AppleWebKit/537.36 (KHTML, like Gecko) Chrome/151.0.7922.173 Mobile Safari/537.36 (compatible; Googlebot/2.1; +http://www.google.com/bot.html)"
185.191.171.15 - - [24/Aug/2026:19:52:27 +0500] "GET /uz/audit-uzb/10-uzbek?start=60 HTTP/1.1" 508 288 "-" "Mozilla/5.0 (compatible; SemrushBot/7~bl; +http://www.semrush.com/bot.html)"
216.73.216.101 - - [24/Aug/2026:19:52:23 +0500] "GET /?r=d9r3a1b8b8i4n0g7982 HTTP/1.1" 301 - "-" "Mozilla/5.0 AppleWebKit/537.36 (KHTML, like Gecko; compatible; ClaudeBot/1.0; +claudebot@anthropic.com)"
216.73.216.101 - - [24/Aug/2026:19:52:30 +0500] "GET /uz/?r=d9r3a1b8b8i4n0g7982 HTTP/1.1" 200 68212 "http://eskijuva-bozori.uz/?r=d9r3a1b8b8i4n0g7982" "Mozilla/5.0 AppleWebKit/537.36 (KHTML, like Gecko; compatible; ClaudeBot/1.0; +claudebot@anthropic.com)"
216.73.216.101 - - [24/Aug/2026:19:52:34 +0500] "GET /?r=f9o5w7l8i2n3g8209 HTTP/1.1" 301 - "-" "Mozilla/5.0 AppleWebKit/537.36 (KHTML, like Gecko; compatible; ClaudeBot/1.0; +claudebot@anthropic.com)"
216.73.216.101 - - [24/Aug/2026:19:52:38 +0500] "GET /uz/?r=f9o5w7l8i2n3g8209 HTTP/1.1" 200 68210 "http://eskijuva-bozori.uz/?r=f9o5w7l8i2n3g8209" "Mozilla/5.0 AppleWebKit/537.36 (KHTML, like Gecko; compatible; ClaudeBot/1.0; +claudebot@anthropic.com)"
216.73.216.101 - - [24/Aug/2026:19:52:56 +0500] "GET /?r=a9s1c6a0p4h3u2s195 HTTP/1.1" 301 - "-" "Mozilla/5.0 AppleWebKit/537.36 (KHTML, like Gecko; compatible; ClaudeBot/1.0; +claudebot@anthropic.com)"
216.73.216.101 - - [24/Aug/2026:19:53:01 +0500] "GET /uz/?r=a9s1c6a0p4h3u2s195 HTTP/1.1" 200 68211 "http://eskijuva-bozori.uz/?r=a9s1c6a0p4h3u2s195" "Mozilla/5.0 AppleWebKit/537.36 (KHTML, like Gecko; compatible; ClaudeBot/1.0; +claudebot@anthropic.com)"
216.73.216.101 - - [24/Aug/2026:19:53:16 +0500] "GET /shops/peninsulate/b9u1c6c9i6n3a5l0i5s28 HTTP/1.1" 301 - "-" "Mozilla/5.0 AppleWebKit/537.36 (KHTML, like Gecko; compatible; ClaudeBot/1.0; +claudebot@anthropic.com)"
216.73.216.101 - - [24/Aug/2026:19:53:27 +0500] "GET /feofor/chlamyphorus/c9r3e2o9l9e871244 HTTP/1.1" 508 288 "-" "Mozilla/5.0 AppleWebKit/537.36 (KHTML, like Gecko; compatible; ClaudeBot/1.0; +claudebot@anthropic.com)"
216.73.216.101 - - [24/Aug/2026:19:53:24 +0500] "GET /uz/shops/peninsulate/b9u1c6c9i6n3a5l0i5s28 HTTP/1.1" 404 1215 "http://eskijuva-bozori.uz/shops/peninsulate/b9u1c6c9i6n3a5l0i5s28" "Mozilla/5.0 AppleWebKit/537.36 (KHTML, like Gecko; compatible; ClaudeBot/1.0; +claudebot@anthropic.com)"
216.73.216.101 - - [24/Aug/2026:19:53:47 +0500] "GET /?r=t9w3o4l5i9p3p4e3d600 HTTP/1.1" 301 - "-" "Mozilla/5.0 AppleWebKit/537.36 (KHTML, like Gecko; compatible; ClaudeBot/1.0; +claudebot@anthropic.com)"
216.73.216.101 - - [24/Aug/2026:19:53:53 +0500] "GET /uz/?r=t9w3o4l5i9p3p4e3d600 HTTP/1.1" 200 68213 "http://eskijuva-bozori.uz/?r=t9w3o4l5i9p3p4e3d600" "Mozilla/5.0 AppleWebKit/537.36 (KHTML, like Gecko; compatible; ClaudeBot/1.0; +claudebot@anthropic.com)"
216.73.216.101 - - [24/Aug/2026:19:53:58 +0500] "GET /minutiae/s9i3s1e8r1a6r0a6126 HTTP/1.1" 301 - "-" "Mozilla/5.0 AppleWebKit/537.36 (KHTML, like Gecko; compatible; ClaudeBot/1.0; +claudebot@anthropic.com)"
216.73.216.101 - - [24/Aug/2026:19:54:02 +0500] "GET /uz/minutiae/s9i3s1e8r1a6r0a6126 HTTP/1.1" 404 1215 "http://eskijuva-bozori.uz/minutiae/s9i3s1e8r1a6r0a6126" "Mozilla/5.0 AppleWebKit/537.36 (KHTML, like Gecko; compatible; ClaudeBot/1.0; +claudebot@anthropic.com)"
216.73.216.101 - - [24/Aug/2026:19:54:18 +0500] "GET /?r=s9a2p7a7d1i6l0l7o625 HTTP/1.1" 301 - "-" "Mozilla/5.0 AppleWebKit/537.36 (KHTML, like Gecko; compatible; ClaudeBot/1.0; +claudebot@anthropic.com)"
216.73.216.101 - - [24/Aug/2026:19:54:23 +0500] "GET /uz/?r=s9a2p7a7d1i6l0l7o625 HTTP/1.1" 200 68213 "http://eskijuva-bozori.uz/?r=s9a2p7a7d1i6l0l7o625" "Mozilla/5.0 AppleWebKit/537.36 (KHTML, like Gecko; compatible; ClaudeBot/1.0; +claudebot@anthropic.com)"
216.73.216.101 - - [24/Aug/2026:19:54:28 +0500] "GET /?r=e9n9d4o8n5e2u2r5i4u2m HTTP/1.1" 301 - "-" "Mozilla/5.0 AppleWebKit/537.36 (KHTML, like Gecko; compatible; ClaudeBot/1.0; +claudebot@anthropic.com)"
216.73.216.101 - - [24/Aug/2026:19:54:33 +0500] "GET /uz/?r=e9n9d4o8n5e2u2r5i4u2m HTTP/1.1" 200 68214 "http://eskijuva-bozori.uz/?r=e9n9d4o8n5e2u2r5i4u2m" "Mozilla/5.0 AppleWebKit/537.36 (KHTML, like Gecko; compatible; ClaudeBot/1.0; +claudebot@anthropic.com)"
216.73.216.101 - - [24/Aug/2026:19:54:48 +0500] "GET /shops/phantom/o9u9t9r2a8g2i5n4g66 HTTP/1.1" 301 - "-" "Mozilla/5.0 AppleWebKit/537.36 (KHTML, like Gecko; compatible; ClaudeBot/1.0; +claudebot@anthropic.com)"
216.73.216.101 - - [24/Aug/2026:19:54:53 +0500] "GET /uz/shops/phantom/o9u9t9r2a8g2i5n4g66 HTTP/1.1" 404 1215 "http://eskijuva-bozori.uz/shops/phantom/o9u9t9r2a8g2i5n4g66" "Mozilla/5.0 AppleWebKit/537.36 (KHTML, like Gecko; compatible; ClaudeBot/1.0; +claudebot@anthropic.com)"
216.73.216.101 - - [24/Aug/2026:19:54:59 +0500] "GET /threat/delectate/t9i2g9r5i9d7i3a7485 HTTP/1.1" 301 - "-" "Mozilla/5.0 AppleWebKit/537.36 (KHTML, like Gecko; compatible; ClaudeBot/1.0; +claudebot@anthropic.com)"
216.73.216.101 - - [24/Aug/2026:19:55:05 +0500] "GET /?r=g9r2o8s4s3e7r76625 HTTP/1.1" 301 - "-" "Mozilla/5.0 AppleWebKit/537.36 (KHTML, like Gecko; compatible; ClaudeBot/1.0; +claudebot@anthropic.com)"
216.73.216.101 - - [24/Aug/2026:19:55:04 +0500] "GET /uz/threat/delectate/t9i2g9r5i9d7i3a7485 HTTP/1.1" 404 1215 "http://eskijuva-bozori.uz/threat/delectate/t9i2g9r5i9d7i3a7485" "Mozilla/5.0 AppleWebKit/537.36 (KHTML, like Gecko; compatible; ClaudeBot/1.0; +claudebot@anthropic.com)"
216.73.216.101 - - [24/Aug/2026:19:55:09 +0500] "GET /uz/?r=g9r2o8s4s3e7r76625 HTTP/1.1" 200 68211 "http://eskijuva-bozori.uz/?r=g9r2o8s4s3e7r76625" "Mozilla/5.0 AppleWebKit/537.36 (KHTML, like Gecko; compatible; ClaudeBot/1.0; +claudebot@anthropic.com)"
216.244.66.202 - - [24/Aug/2026:19:55:09 +0500] "GET /uz/?p=1&start=12 HTTP/1.1" 200 68019 "-" "Mozilla/5.0 (compatible; DotBot/1.2; +https://opensiteexplorer.org/dotbot; help@moz.com)"
216.73.216.101 - - [24/Aug/2026:19:55:40 +0500] "GET /uz/?r=n9o3n5n1e6c4e1s8s2i0t5y HTTP/1.1" 200 68263 "http://eskijuva-bozori.uz/?r=n9o3n5n1e6c4e1s8s2i0t5y" "Mozilla/5.0 AppleWebKit/537.36 (KHTML, like Gecko; compatible; ClaudeBot/1.0; +claudebot@anthropic.com)"
216.73.216.101 - - [24/Aug/2026:19:55:45 +0500] "GET /shops/pipiens/d9a1g7o5n3243314 HTTP/1.1" 301 - "-" "Mozilla/5.0 AppleWebKit/537.36 (KHTML, like Gecko; compatible; ClaudeBot/1.0; +claudebot@anthropic.com)"
85.208.96.198 - - [24/Aug/2026:19:55:43 +0500] "GET /uz/comissions-uzb/18-uzbek/shareholders-uzb/49-changes-uzb HTTP/1.1" 200 61680 "-" "Mozilla/5.0 (compatible; SemrushBot/7~bl; +http://www.semrush.com/bot.html)"
216.73.216.101 - - [24/Aug/2026:19:55:49 +0500] "GET /recipiangle/quook/91332780622 HTTP/1.1" 301 - "-" "Mozilla/5.0 AppleWebKit/537.36 (KHTML, like Gecko; compatible; ClaudeBot/1.0; +claudebot@anthropic.com)"
185.191.171.1 - - [24/Aug/2026:19:55:52 +0500] "GET /uz/facts-uzb?start=90&template=accessibility%27 HTTP/1.1" 200 33462 "-" "Mozilla/5.0 (compatible; SemrushBot/7~bl; +http://www.semrush.com/bot.html)"
136.119.35.120 - - [24/Aug/2026:19:56:04 +0500] "GET /docs/2022/work_performed-uz.pdf HTTP/1.1" 200 1648970 "-" "Mozilla/5.0 (Macintosh; Intel Mac OS X 10_15_7) AppleWebKit/537.36 (KHTML, like Gecko) Chrome/120.0.0.0 Safari/537.36"
216.73.216.101 - - [24/Aug/2026:19:55:58 +0500] "GET /shops/simonian/s9u5b8c2o1n3s1t6e2l2lation HTTP/1.1" 301 - "-" "Mozilla/5.0 AppleWebKit/537.36 (KHTML, like Gecko; compatible; ClaudeBot/1.0; +claudebot@anthropic.com)"
216.73.216.101 - - [24/Aug/2026:19:56:10 +0500] "GET /uz/?r=h9o2a0g4i1e739660 HTTP/1.1" 508 288 "http://eskijuva-bozori.uz/?r=h9o2a0g4i1e739660" "Mozilla/5.0 AppleWebKit/537.36 (KHTML, like Gecko; compatible; ClaudeBot/1.0; +claudebot@anthropic.com)"
216.73.216.101 - - [24/Aug/2026:19:56:04 +0500] "GET /?r=h9o2a0g4i1e739660 HTTP/1.1" 301 - "-" "Mozilla/5.0 AppleWebKit/537.36 (KHTML, like Gecko; compatible; ClaudeBot/1.0; +claudebot@anthropic.com)"
216.73.216.101 - - [24/Aug/2026:19:56:11 +0500] "GET /?r=q9u2o3d0l0i5b8e2t9i1c8al HTTP/1.1" 508 288 "-" "Mozilla/5.0 AppleWebKit/537.36 (KHTML, like Gecko; compatible; ClaudeBot/1.0; +claudebot@anthropic.com)"
216.73.216.101 - - [24/Aug/2026:19:56:14 +0500] "GET /?r=u9n2g3r0a6v5e47344 HTTP/1.1" 508 288 "-" "Mozilla/5.0 AppleWebKit/537.36 (KHTML, like Gecko; compatible; ClaudeBot/1.0; +claudebot@anthropic.com)"
216.73.216.101 - - [24/Aug/2026:19:56:17 +0500] "GET /?r=m9o2d6e6s6t741342 HTTP/1.1" 508 288 "-" "Mozilla/5.0 AppleWebKit/537.36 (KHTML, like Gecko; compatible; ClaudeBot/1.0; +claudebot@anthropic.com)"
85.208.96.206 - - [24/Aug/2026:19:56:21 +0500] "GET /uz/?function=call_user_func_array&start=8&vars%5B0%5D=phpinfo HTTP/1.1" 508 288 "-" "Mozilla/5.0 (compatible; SemrushBot/7~bl; +http://www.semrush.com/bot.html)"
216.73.216.101 - - [24/Aug/2026:19:56:23 +0500] "GET /uz/?format=feed&r=a9e4s1t7r7e4l8a0t1a98&type=atom HTTP/1.1" 508 288 "-" "Mozilla/5.0 AppleWebKit/537.36 (KHTML, like Gecko; compatible; ClaudeBot/1.0; +claudebot@anthropic.com)"
216.73.216.101 - - [24/Aug/2026:19:56:27 +0500] "GET /?r=c9l3o8v6e0r9e3d6713 HTTP/1.1" 508 288 "-" "Mozilla/5.0 AppleWebKit/537.36 (KHTML, like Gecko; compatible; ClaudeBot/1.0; +claudebot@anthropic.com)"
185.191.171.4 - - [24/Aug/2026:19:56:20 +0500] "GET /uz/dividends-uzb?start=12&template=accessibility HTTP/1.1" 200 105831 "-" "Mozilla/5.0 (compatible; SemrushBot/7~bl; +http://www.semrush.com/bot.html)"
216.73.216.101 - - [24/Aug/2026:19:56:31 +0500] "GET /?r=d9e2m9o1n9s5t5r7a1t2er HTTP/1.1" 301 - "-" "Mozilla/5.0 AppleWebKit/537.36 (KHTML, like Gecko; compatible; ClaudeBot/1.0; +claudebot@anthropic.com)"
216.73.216.101 - - [24/Aug/2026:19:56:37 +0500] "GET /uz/?r=d9e2m9o1n9s5t5r7a1t2er HTTP/1.1" 200 68262 "http://eskijuva-bozori.uz/?r=d9e2m9o1n9s5t5r7a1t2er" "Mozilla/5.0 AppleWebKit/537.36 (KHTML, like Gecko; compatible; ClaudeBot/1.0; +claudebot@anthropic.com)"
216.73.216.101 - - [24/Aug/2026:19:56:43 +0500] "GET /?r=p9r2i3m2i0t2i6a6s085 HTTP/1.1" 301 - "-" "Mozilla/5.0 AppleWebKit/537.36 (KHTML, like Gecko; compatible; ClaudeBot/1.0; +claudebot@anthropic.com)"
216.73.216.101 - - [24/Aug/2026:19:56:47 +0500] "GET /uz/?r=p9r2i3m2i0t2i6a6s085 HTTP/1.1" 200 68260 "http://eskijuva-bozori.uz/?r=p9r2i3m2i0t2i6a6s085" "Mozilla/5.0 AppleWebKit/537.36 (KHTML, like Gecko; compatible; ClaudeBot/1.0; +claudebot@anthropic.com)"
216.73.216.101 - - [24/Aug/2026:19:57:00 +0500] "GET /uz/?r=w9o5r3k7b3a1g1942 HTTP/1.1" 508 288 "http://eskijuva-bozori.uz/?r=w9o5r3k7b3a1g1942" "Mozilla/5.0 AppleWebKit/537.36 (KHTML, like Gecko; compatible; ClaudeBot/1.0; +claudebot@anthropic.com)"
216.73.216.101 - - [24/Aug/2026:19:56:54 +0500] "GET /?r=w9o5r3k7b3a1g1942 HTTP/1.1" 301 - "-" "Mozilla/5.0 AppleWebKit/537.36 (KHTML, like Gecko; compatible; ClaudeBot/1.0; +claudebot@anthropic.com)"
216.73.216.101 - - [24/Aug/2026:19:57:03 +0500] "GET /shops/supinely/s9u1b6s2e3l3l5i2u5m51 HTTP/1.1" 301 - "-" "Mozilla/5.0 AppleWebKit/537.36 (KHTML, like Gecko; compatible; ClaudeBot/1.0; +claudebot@anthropic.com)"
216.244.66.202 - - [24/Aug/2026:19:56:59 +0500] "GET /uz/comissions-uzb/12-uzbek/about-org-uzb/298-direction-30-04-2020-uzb HTTP/1.1" 200 60164 "-" "Mozilla/5.0 (compatible; DotBot/1.2; +https://opensiteexplorer.org/dotbot; help@moz.com)"
216.73.216.101 - - [24/Aug/2026:19:57:07 +0500] "GET /?r=m9a3n7u0l9174370 HTTP/1.1" 301 - "-" "Mozilla/5.0 AppleWebKit/537.36 (KHTML, like Gecko; compatible; ClaudeBot/1.0; +claudebot@anthropic.com)"
216.73.216.101 - - [24/Aug/2026:19:57:10 +0500] "GET /uz/shops/supinely/s9u1b6s2e3l3l5i2u5m51 HTTP/1.1" 404 1215 "http://eskijuva-bozori.uz/shops/supinely/s9u1b6s2e3l3l5i2u5m51" "Mozilla/5.0 AppleWebKit/537.36 (KHTML, like Gecko; compatible; ClaudeBot/1.0; +claudebot@anthropic.com)"
216.73.216.101 - - [24/Aug/2026:19:57:13 +0500] "GET /uz/?r=m9a3n7u0l9174370 HTTP/1.1" 200 68256 "http://eskijuva-bozori.uz/?r=m9a3n7u0l9174370" "Mozilla/5.0 AppleWebKit/537.36 (KHTML, like Gecko; compatible; ClaudeBot/1.0; +claudebot@anthropic.com)"
216.73.216.101 - - [24/Aug/2026:19:57:19 +0500] "GET /?r=i9n4l0a7w6014459 HTTP/1.1" 301 - "-" "Mozilla/5.0 AppleWebKit/537.36 (KHTML, like Gecko; compatible; ClaudeBot/1.0; +claudebot@anthropic.com)"
216.73.216.101 - - [24/Aug/2026:19:57:25 +0500] "GET /uz/?r=i9n4l0a7w6014459 HTTP/1.1" 200 68256 "http://eskijuva-bozori.uz/?r=i9n4l0a7w6014459" "Mozilla/5.0 AppleWebKit/537.36 (KHTML, like Gecko; compatible; ClaudeBot/1.0; +claudebot@anthropic.com)"
216.73.216.101 - - [24/Aug/2026:19:57:31 +0500] "GET /?r=w9e4v1i4l9269552 HTTP/1.1" 301 - "-" "Mozilla/5.0 AppleWebKit/537.36 (KHTML, like Gecko; compatible; ClaudeBot/1.0; +claudebot@anthropic.com)"
216.73.216.101 - - [24/Aug/2026:19:57:36 +0500] "GET /uz/?r=w9e4v1i4l9269552 HTTP/1.1" 200 68256 "http://eskijuva-bozori.uz/?r=w9e4v1i4l9269552" "Mozilla/5.0 AppleWebKit/537.36 (KHTML, like Gecko; compatible; ClaudeBot/1.0; +claudebot@anthropic.com)"
216.73.216.101 - - [24/Aug/2026:19:57:38 +0500] "GET /uz/?r=a9e4s1t7r7e4l8a0t1a98&start=12 HTTP/1.1" 200 68011 "-" "Mozilla/5.0 AppleWebKit/537.36 (KHTML, like Gecko; compatible; ClaudeBot/1.0; +claudebot@anthropic.com)"
216.73.216.101 - - [24/Aug/2026:19:57:50 +0500] "GET /uz/?r=a9e4s1t7r7e4l8a0t1a98&start=52 HTTP/1.1" 200 69022 "-" "Mozilla/5.0 AppleWebKit/537.36 (KHTML, like Gecko; compatible; ClaudeBot/1.0; +claudebot@anthropic.com)"
216.73.216.101 - - [24/Aug/2026:19:57:55 +0500] "GET /shops/jeans/w9i1r2e7s9831926 HTTP/1.1" 301 - "-" "Mozilla/5.0 AppleWebKit/537.36 (KHTML, like Gecko; compatible; ClaudeBot/1.0; +claudebot@anthropic.com)"
216.73.216.101 - - [24/Aug/2026:19:58:00 +0500] "GET /uz/shops/jeans/w9i1r2e7s9831926 HTTP/1.1" 404 1215 "http://eskijuva-bozori.uz/shops/jeans/w9i1r2e7s9831926" "Mozilla/5.0 AppleWebKit/537.36 (KHTML, like Gecko; compatible; ClaudeBot/1.0; +claudebot@anthropic.com)"
216.73.216.101 - - [24/Aug/2026:19:58:07 +0500] "GET /?r=c9h2a2u3f1f0e9u5r280 HTTP/1.1" 301 - "-" "Mozilla/5.0 AppleWebKit/537.36 (KHTML, like Gecko; compatible; ClaudeBot/1.0; +claudebot@anthropic.com)"
216.73.216.101 - - [24/Aug/2026:19:58:11 +0500] "GET /?r=r9o3q9u8e3l0o43802 HTTP/1.1" 301 - "-" "Mozilla/5.0 AppleWebKit/537.36 (KHTML, like Gecko; compatible; ClaudeBot/1.0; +claudebot@anthropic.com)"
216.73.216.101 - - [24/Aug/2026:19:58:11 +0500] "GET /uz/?r=c9h2a2u3f1f0e9u5r280 HTTP/1.1" 200 68260 "http://eskijuva-bozori.uz/?r=c9h2a2u3f1f0e9u5r280" "Mozilla/5.0 AppleWebKit/537.36 (KHTML, like Gecko; compatible; ClaudeBot/1.0; +claudebot@anthropic.com)"
216.73.216.101 - - [24/Aug/2026:19:58:16 +0500] "GET /uz/?r=r9o3q9u8e3l0o43802 HTTP/1.1" 200 68258 "http://eskijuva-bozori.uz/?r=r9o3q9u8e3l0o43802" "Mozilla/5.0 AppleWebKit/537.36 (KHTML, like Gecko; compatible; ClaudeBot/1.0; +claudebot@anthropic.com)"
20.169.16.7 - - [24/Aug/2026:19:58:21 +0500] "GET /wp-content/plugins/hellopress/wp_filemanager.php HTTP/1.1" 301 - "-" "-"
216.73.216.101 - - [24/Aug/2026:19:58:25 +0500] "GET /shops/fuddler/a9m3p6h6i0c1o9m1e232 HTTP/1.1" 301 - "-" "Mozilla/5.0 AppleWebKit/537.36 (KHTML, like Gecko; compatible; ClaudeBot/1.0; +claudebot@anthropic.com)"
20.169.16.7 - - [24/Aug/2026:19:58:26 +0500] "GET /uz/wp-content/plugins/hellopress/wp_filemanager.php HTTP/1.1" 404 1215 "-" "-"
20.169.16.7 - - [24/Aug/2026:19:58:34 +0500] "GET /this_is_a_new_hello_world.php HTTP/1.1" 508 288 "-" "-"
216.73.216.101 - - [24/Aug/2026:19:58:30 +0500] "GET /uz/shops/fuddler/a9m3p6h6i0c1o9m1e232 HTTP/1.1" 404 1215 "http://eskijuva-bozori.uz/shops/fuddler/a9m3p6h6i0c1o9m1e232" "Mozilla/5.0 AppleWebKit/537.36 (KHTML, like Gecko; compatible; ClaudeBot/1.0; +claudebot@anthropic.com)"
20.169.16.7 - - [24/Aug/2026:19:58:34 +0500] "GET /Capte.php HTTP/1.1" 301 - "-" "-"
216.73.216.101 - - [24/Aug/2026:19:58:35 +0500] "GET /?r=s9a4i2n3t0i9s6h3914 HTTP/1.1" 301 - "-" "Mozilla/5.0 AppleWebKit/537.36 (KHTML, like Gecko; compatible; ClaudeBot/1.0; +claudebot@anthropic.com)"
20.169.16.7 - - [24/Aug/2026:19:58:39 +0500] "GET /uz/Capte.php HTTP/1.1" 404 1215 "-" "-"
136.119.35.120 - - [24/Aug/2026:19:58:40 +0500] "GET /ru/component/search/?Itemid=125&catid=41&format=opensearch&id=167 HTTP/1.1" 200 770 "-" "Mozilla/5.0 (Macintosh; Intel Mac OS X 10_15_7) AppleWebKit/537.36 (KHTML, like Gecko) Chrome/120.0.0.0 Safari/537.36"
216.73.216.101 - - [24/Aug/2026:19:58:42 +0500] "GET /shops/shirl/d9a1m5p7y1801046 HTTP/1.1" 301 - "-" "Mozilla/5.0 AppleWebKit/537.36 (KHTML, like Gecko; compatible; ClaudeBot/1.0; +claudebot@anthropic.com)"
216.73.216.101 - - [24/Aug/2026:19:58:40 +0500] "GET /uz/?r=s9a4i2n3t0i9s6h3914 HTTP/1.1" 200 68420 "http://eskijuva-bozori.uz/?r=s9a4i2n3t0i9s6h3914" "Mozilla/5.0 AppleWebKit/537.36 (KHTML, like Gecko; compatible; ClaudeBot/1.0; +claudebot@anthropic.com)"
20.169.16.7 - - [24/Aug/2026:19:58:46 +0500] "GET /beetle.php HTTP/1.1" 301 - "-" "-"
216.73.216.101 - - [24/Aug/2026:19:58:48 +0500] "GET /uz/shops/shirl/d9a1m5p7y1801046 HTTP/1.1" 404 1215 "http://eskijuva-bozori.uz/shops/shirl/d9a1m5p7y1801046" "Mozilla/5.0 AppleWebKit/537.36 (KHTML, like Gecko; compatible; ClaudeBot/1.0; +claudebot@anthropic.com)"
20.169.16.7 - - [24/Aug/2026:19:58:52 +0500] "GET /uz/beetle.php HTTP/1.1" 404 1215 "-" "-"
216.73.216.101 - - [24/Aug/2026:19:58:54 +0500] "GET /?r=g9r1e6a7t2761035 HTTP/1.1" 301 - "-" "Mozilla/5.0 AppleWebKit/537.36 (KHTML, like Gecko; compatible; ClaudeBot/1.0; +claudebot@anthropic.com)"
20.169.16.7 - - [24/Aug/2026:19:58:59 +0500] "GET /fin.php HTTP/1.1" 301 - "-" "-"
216.73.216.101 - - [24/Aug/2026:19:59:01 +0500] "GET /uz/?r=g9r1e6a7t2761035 HTTP/1.1" 200 68256 "http://eskijuva-bozori.uz/?r=g9r1e6a7t2761035" "Mozilla/5.0 AppleWebKit/537.36 (KHTML, like Gecko; compatible; ClaudeBot/1.0; +claudebot@anthropic.com)"
20.169.16.7 - - [24/Aug/2026:19:59:05 +0500] "GET /uz/fin.php HTTP/1.1" 404 1215 "-" "-"
216.73.216.101 - - [24/Aug/2026:19:59:10 +0500] "GET /fescued/w9a2f5t8u3r8e85526 HTTP/1.1" 301 - "-" "Mozilla/5.0 AppleWebKit/537.36 (KHTML, like Gecko; compatible; ClaudeBot/1.0; +claudebot@anthropic.com)"
20.169.16.7 - - [24/Aug/2026:19:59:12 +0500] "GET /kurtlar.php HTTP/1.1" 301 - "-" "-"
216.73.216.101 - - [24/Aug/2026:19:59:13 +0500] "GET /?r=t9h3o5r5n2l5e9s2s145 HTTP/1.1" 301 - "-" "Mozilla/5.0 AppleWebKit/537.36 (KHTML, like Gecko; compatible; ClaudeBot/1.0; +claudebot@anthropic.com)"
216.73.216.101 - - [24/Aug/2026:19:59:16 +0500] "GET /uz/fescued/w9a2f5t8u3r8e85526 HTTP/1.1" 404 1215 "http://eskijuva-bozori.uz/fescued/w9a2f5t8u3r8e85526" "Mozilla/5.0 AppleWebKit/537.36 (KHTML, like Gecko; compatible; ClaudeBot/1.0; +claudebot@anthropic.com)"
20.169.16.7 - - [24/Aug/2026:19:59:18 +0500] "GET /uz/kurtlar.php HTTP/1.1" 404 1215 "-" "-"
216.73.216.101 - - [24/Aug/2026:19:59:18 +0500] "GET /uz/?r=t9h3o5r5n2l5e9s2s145 HTTP/1.1" 200 68260 "http://eskijuva-bozori.uz/?r=t9h3o5r5n2l5e9s2s145" "Mozilla/5.0 AppleWebKit/537.36 (KHTML, like Gecko; compatible; ClaudeBot/1.0; +claudebot@anthropic.com)"
20.169.16.7 - - [24/Aug/2026:19:59:26 +0500] "GET /m.php HTTP/1.1" 301 - "-" "-"
216.73.216.101 - - [24/Aug/2026:19:59:25 +0500] "GET /uz/?r=s9w4e2r6v3e6d65080&start=12 HTTP/1.1" 200 68008 "-" "Mozilla/5.0 AppleWebKit/537.36 (KHTML, like Gecko; compatible; ClaudeBot/1.0; +claudebot@anthropic.com)"
20.169.16.7 - - [24/Aug/2026:19:59:32 +0500] "GET /uz/m.php HTTP/1.1" 404 1215 "-" "-"
20.169.16.7 - - [24/Aug/2026:19:59:44 +0500] "GET /uz/anon.php HTTP/1.1" 508 288 "-" "-"
20.169.16.7 - - [24/Aug/2026:19:59:38 +0500] "GET /anon.php HTTP/1.1" 301 - "-" "-"
216.73.216.101 - - [24/Aug/2026:19:59:41 +0500] "GET /shops/eyesaint/c9o2n2f9i9n0a1b7l6e18 HTTP/1.1" 301 - "-" "Mozilla/5.0 AppleWebKit/537.36 (KHTML, like Gecko; compatible; ClaudeBot/1.0; +claudebot@anthropic.com)"
20.169.16.7 - - [24/Aug/2026:19:59:44 +0500] "GET /cmd.php HTTP/1.1" 301 - "-" "-"
216.73.216.101 - - [24/Aug/2026:19:59:44 +0500] "GET /laryngoscopic/parasol/91213493734 HTTP/1.1" 301 - "-" "Mozilla/5.0 AppleWebKit/537.36 (KHTML, like Gecko; compatible; ClaudeBot/1.0; +claudebot@anthropic.com)"
216.73.216.101 - - [24/Aug/2026:19:59:48 +0500] "GET /uz/shops/eyesaint/c9o2n2f9i9n0a1b7l6e18 HTTP/1.1" 404 1215 "http://eskijuva-bozori.uz/shops/eyesaint/c9o2n2f9i9n0a1b7l6e18" "Mozilla/5.0 AppleWebKit/537.36 (KHTML, like Gecko; compatible; ClaudeBot/1.0; +claudebot@anthropic.com)"
216.73.216.101 - - [24/Aug/2026:19:59:50 +0500] "GET /uz/laryngoscopic/parasol/91213493734 HTTP/1.1" 404 1215 "http://eskijuva-bozori.uz/laryngoscopic/parasol/91213493734" "Mozilla/5.0 AppleWebKit/537.36 (KHTML, like Gecko; compatible; ClaudeBot/1.0; +claudebot@anthropic.com)"
20.169.16.7 - - [24/Aug/2026:19:59:50 +0500] "GET /uz/cmd.php HTTP/1.1" 404 1215 "-" "-"
216.73.216.101 - - [24/Aug/2026:19:59:56 +0500] "GET /?r=s9t3a1n0d2p3i8p6e623 HTTP/1.1" 301 - "-" "Mozilla/5.0 AppleWebKit/537.36 (KHTML, like Gecko; compatible; ClaudeBot/1.0; +claudebot@anthropic.com)"
20.169.16.7 - - [24/Aug/2026:19:59:58 +0500] "GET /4rbvp7.php HTTP/1.1" 301 - "-" "-"
20.169.16.7 - - [24/Aug/2026:20:00:02 +0500] "GET /uz/4rbvp7.php HTTP/1.1" 404 1215 "-" "-"
216.73.216.101 - - [24/Aug/2026:20:00:02 +0500] "GET /uz/?r=s9t3a1n0d2p3i8p6e623 HTTP/1.1" 200 68260 "http://eskijuva-bozori.uz/?r=s9t3a1n0d2p3i8p6e623" "Mozilla/5.0 AppleWebKit/537.36 (KHTML, like Gecko; compatible; ClaudeBot/1.0; +claudebot@anthropic.com)"
20.169.16.7 - - [24/Aug/2026:20:00:09 +0500] "GET /0freg0a6xe.php HTTP/1.1" 301 - "-" "-"
216.73.216.101 - - [24/Aug/2026:20:00:12 +0500] "GET /shops/antenicene/c9h2a0n5n5e9l7233 HTTP/1.1" 301 - "-" "Mozilla/5.0 AppleWebKit/537.36 (KHTML, like Gecko; compatible; ClaudeBot/1.0; +claudebot@anthropic.com)"
216.73.216.101 - - [24/Aug/2026:20:00:18 +0500] "GET /uz/shops/antenicene/c9h2a0n5n5e9l7233 HTTP/1.1" 508 288 "http://eskijuva-bozori.uz/shops/antenicene/c9h2a0n5n5e9l7233" "Mozilla/5.0 AppleWebKit/537.36 (KHTML, like Gecko; compatible; ClaudeBot/1.0; +claudebot@anthropic.com)"
216.73.216.101 - - [24/Aug/2026:20:00:21 +0500] "GET /uz/?r=s9o3u5t1h7630304 HTTP/1.1" 508 288 "http://eskijuva-bozori.uz/?r=s9o3u5t1h7630304" "Mozilla/5.0 AppleWebKit/537.36 (KHTML, like Gecko; compatible; ClaudeBot/1.0; +claudebot@anthropic.com)"
216.73.216.101 - - [24/Aug/2026:20:00:15 +0500] "GET /?r=s9o3u5t1h7630304 HTTP/1.1" 301 - "-" "Mozilla/5.0 AppleWebKit/537.36 (KHTML, like Gecko; compatible; ClaudeBot/1.0; +claudebot@anthropic.com)"
20.169.16.7 - - [24/Aug/2026:20:00:14 +0500] "GET /uz/0freg0a6xe.php HTTP/1.1" 404 1215 "-" "-"
185.191.171.13 - - [24/Aug/2026:20:00:16 +0500] "GET /uz/prospectus-uzb/78-emission-25-05-15-uzb HTTP/1.1" 200 56605 "-" "Mozilla/5.0 (compatible; SemrushBot/7~bl; +http://www.semrush.com/bot.html)"
20.169.16.7 - - [24/Aug/2026:20:00:23 +0500] "GET /6zl637u8kl.php HTTP/1.1" 301 - "-" "-"
216.73.216.101 - - [24/Aug/2026:20:00:29 +0500] "GET /?r=v9a1l4o3r2175380 HTTP/1.1" 301 - "-" "Mozilla/5.0 AppleWebKit/537.36 (KHTML, like Gecko; compatible; ClaudeBot/1.0; +claudebot@anthropic.com)"
20.169.16.7 - - [24/Aug/2026:20:00:30 +0500] "GET /uz/6zl637u8kl.php HTTP/1.1" 404 1215 "-" "-"
216.73.216.101 - - [24/Aug/2026:20:00:34 +0500] "GET /uz/?r=v9a1l4o3r2175380 HTTP/1.1" 200 68256 "http://eskijuva-bozori.uz/?r=v9a1l4o3r2175380" "Mozilla/5.0 AppleWebKit/537.36 (KHTML, like Gecko; compatible; ClaudeBot/1.0; +claudebot@anthropic.com)"
20.169.16.7 - - [24/Aug/2026:20:00:39 +0500] "GET /ftde.php HTTP/1.1" 301 - "-" "-"
20.169.16.7 - - [24/Aug/2026:20:00:44 +0500] "GET /uz/ftde.php HTTP/1.1" 404 1215 "-" "-"
216.73.216.101 - - [24/Aug/2026:20:00:45 +0500] "GET /?r=p9a2u0n8c6h5w7a7s620 HTTP/1.1" 301 - "-" "Mozilla/5.0 AppleWebKit/537.36 (KHTML, like Gecko; compatible; ClaudeBot/1.0; +claudebot@anthropic.com)"
20.169.16.7 - - [24/Aug/2026:20:00:57 +0500] "GET /uz/special.php HTTP/1.1" 508 288 "-" "-"
20.169.16.7 - - [24/Aug/2026:20:00:51 +0500] "GET //special.php HTTP/1.1" 301 - "-" "-"
216.73.216.101 - - [24/Aug/2026:20:00:59 +0500] "GET /?r=v9e3r6m7i8l151220 HTTP/1.1" 508 288 "-" "Mozilla/5.0 AppleWebKit/537.36 (KHTML, like Gecko; compatible; ClaudeBot/1.0; +claudebot@anthropic.com)"
216.73.216.101 - - [24/Aug/2026:20:00:51 +0500] "GET /uz/?r=p9a2u0n8c6h5w7a7s620 HTTP/1.1" 200 68260 "http://eskijuva-bozori.uz/?r=p9a2u0n8c6h5w7a7s620" "Mozilla/5.0 AppleWebKit/537.36 (KHTML, like Gecko; compatible; ClaudeBot/1.0; +claudebot@anthropic.com)"
20.169.16.7 - - [24/Aug/2026:20:00:57 +0500] "GET /fz.php HTTP/1.1" 301 - "-" "-"
106.52.216.13 - - [24/Aug/2026:20:01:04 +0500] "GET / HTTP/1.1" 301 - "-" "Mozilla/5.0 (iPhone; CPU iPhone OS 13_2_3 like Mac OS X) AppleWebKit/605.1.15 (KHTML, like Gecko) Version/13.0.3 Mobile/15E148 Safari/604.1"
20.169.16.7 - - [24/Aug/2026:20:01:04 +0500] "GET /uz/fz.php HTTP/1.1" 404 1215 "-" "-"
216.73.216.101 - - [24/Aug/2026:20:01:07 +0500] "GET /?r=m9a1u4d3l0i9n63297 HTTP/1.1" 301 - "-" "Mozilla/5.0 AppleWebKit/537.36 (KHTML, like Gecko; compatible; ClaudeBot/1.0; +claudebot@anthropic.com)"
20.169.16.7 - - [24/Aug/2026:20:01:11 +0500] "GET /v2.php HTTP/1.1" 301 - "-" "-"
54.37.252.131 - - [24/Aug/2026:20:01:08 +0500] "GET /uz/about-org-uzb/sajt-kharitasi HTTP/1.1" 200 58540 "-" "Mozilla/5.0 (compatible; MJ12bot/v1.4.8; http://mj12bot.com/)"
106.52.216.13 - - [24/Aug/2026:20:01:11 +0500] "GET /uz/ HTTP/1.1" 200 68481 "http://eskijuva-bozori.uz" "Mozilla/5.0 (iPhone; CPU iPhone OS 13_2_3 like Mac OS X) AppleWebKit/605.1.15 (KHTML, like Gecko) Version/13.0.3 Mobile/15E148 Safari/604.1"
20.169.16.7 - - [24/Aug/2026:20:01:16 +0500] "GET /uz/v2.php HTTP/1.1" 404 1215 "-" "-"
216.73.216.101 - - [24/Aug/2026:20:01:13 +0500] "GET /uz/?r=m9a1u4d3l0i9n63297 HTTP/1.1" 200 68258 "http://eskijuva-bozori.uz/?r=m9a1u4d3l0i9n63297" "Mozilla/5.0 AppleWebKit/537.36 (KHTML, like Gecko; compatible; ClaudeBot/1.0; +claudebot@anthropic.com)"
185.191.171.18 - - [24/Aug/2026:20:01:11 +0500] "GET /uz/facts-uzb/83-19-fact-28-07-15 HTTP/1.1" 200 59008 "-" "Mozilla/5.0 (compatible; SemrushBot/7~bl; +http://www.semrush.com/bot.html)"
20.169.16.7 - - [24/Aug/2026:20:01:23 +0500] "GET /cnsk.php HTTP/1.1" 301 - "-" "-"
216.73.216.101 - - [24/Aug/2026:20:01:23 +0500] "GET /shops/bystander/d9i2s7p5e6n3s0a2t1o1r6 HTTP/1.1" 301 - "-" "Mozilla/5.0 AppleWebKit/537.36 (KHTML, like Gecko; compatible; ClaudeBot/1.0; +claudebot@anthropic.com)"
20.169.16.7 - - [24/Aug/2026:20:01:28 +0500] "GET /uz/cnsk.php HTTP/1.1" 404 1215 "-" "-"
216.73.216.101 - - [24/Aug/2026:20:01:30 +0500] "GET /uz/shops/bystander/d9i2s7p5e6n3s0a2t1o1r6 HTTP/1.1" 404 1215 "http://eskijuva-bozori.uz/shops/bystander/d9i2s7p5e6n3s0a2t1o1r6" "Mozilla/5.0 AppleWebKit/537.36 (KHTML, like Gecko; compatible; ClaudeBot/1.0; +claudebot@anthropic.com)"
216.73.216.101 - - [24/Aug/2026:20:01:31 +0500] "GET /shops/brachycranic/l9o3p4p8a9r1d62510 HTTP/1.1" 301 - "-" "Mozilla/5.0 AppleWebKit/537.36 (KHTML, like Gecko; compatible; ClaudeBot/1.0; +claudebot@anthropic.com)"
20.169.16.7 - - [24/Aug/2026:20:01:38 +0500] "GET /sc.php HTTP/1.1" 301 - "-" "-"
216.73.216.101 - - [24/Aug/2026:20:01:38 +0500] "GET /uz/shops/brachycranic/l9o3p4p8a9r1d62510 HTTP/1.1" 404 1215 "http://eskijuva-bozori.uz/shops/brachycranic/l9o3p4p8a9r1d62510" "Mozilla/5.0 AppleWebKit/537.36 (KHTML, like Gecko; compatible; ClaudeBot/1.0; +claudebot@anthropic.com)"
216.73.216.101 - - [24/Aug/2026:20:01:43 +0500] "GET /?r=d9e4t1o0n2i2z8i5n2g82 HTTP/1.1" 301 - "-" "Mozilla/5.0 AppleWebKit/537.36 (KHTML, like Gecko; compatible; ClaudeBot/1.0; +claudebot@anthropic.com)"
20.169.16.7 - - [24/Aug/2026:20:01:44 +0500] "GET /uz/sc.php HTTP/1.1" 404 1215 "-" "-"
216.73.216.101 - - [24/Aug/2026:20:01:49 +0500] "GET /uz/?r=d9e4t1o0n2i2z8i5n2g82 HTTP/1.1" 200 68261 "http://eskijuva-bozori.uz/?r=d9e4t1o0n2i2z8i5n2g82" "Mozilla/5.0 AppleWebKit/537.36 (KHTML, like Gecko; compatible; ClaudeBot/1.0; +claudebot@anthropic.com)"
20.169.16.7 - - [24/Aug/2026:20:01:53 +0500] "GET /xstelth.php HTTP/1.1" 301 - "-" "-"
216.73.216.101 - - [24/Aug/2026:20:01:59 +0500] "GET /?r=c9h9r7o1m9a3t0o2s0c0ope HTTP/1.1" 301 - "-" "Mozilla/5.0 AppleWebKit/537.36 (KHTML, like Gecko; compatible; ClaudeBot/1.0; +claudebot@anthropic.com)"
20.169.16.7 - - [24/Aug/2026:20:01:59 +0500] "GET /uz/xstelth.php HTTP/1.1" 404 1215 "-" "-"
216.73.216.101 - - [24/Aug/2026:20:02:10 +0500] "GET /uz/?r=b9a1r5o9c2y6c9l6o3n1o2meter HTTP/1.1" 508 288 "http://eskijuva-bozori.uz/?r=b9a1r5o9c2y6c9l6o3n1o2meter" "Mozilla/5.0 AppleWebKit/537.36 (KHTML, like Gecko; compatible; ClaudeBot/1.0; +claudebot@anthropic.com)"
216.73.216.101 - - [24/Aug/2026:20:02:03 +0500] "GET /?r=b9a1r5o9c2y6c9l6o3n1o2meter HTTP/1.1" 301 - "-" "Mozilla/5.0 AppleWebKit/537.36 (KHTML, like Gecko; compatible; ClaudeBot/1.0; +claudebot@anthropic.com)"
20.169.16.7 - - [24/Aug/2026:20:02:07 +0500] "GET /themes.php HTTP/1.1" 301 - "-" "-"
216.73.216.101 - - [24/Aug/2026:20:02:06 +0500] "GET /uz/?r=c9h9r7o1m9a3t0o2s0c0ope HTTP/1.1" 200 68263 "http://eskijuva-bozori.uz/?r=c9h9r7o1m9a3t0o2s0c0ope" "Mozilla/5.0 AppleWebKit/537.36 (KHTML, like Gecko; compatible; ClaudeBot/1.0; +claudebot@anthropic.com)"
216.73.216.101 - - [24/Aug/2026:20:02:12 +0500] "GET /?r=s9t8r4a3i1n63358 HTTP/1.1" 301 - "-" "Mozilla/5.0 AppleWebKit/537.36 (KHTML, like Gecko; compatible; ClaudeBot/1.0; +claudebot@anthropic.com)"
20.169.16.7 - - [24/Aug/2026:20:02:14 +0500] "GET /uz/themes.php HTTP/1.1" 404 1215 "-" "-"
20.169.16.7 - - [24/Aug/2026:20:02:21 +0500] "GET /coffe.php HTTP/1.1" 508 288 "-" "-"
20.169.16.7 - - [24/Aug/2026:20:02:22 +0500] "GET /ans.php HTTP/1.1" 508 288 "-" "-"
20.169.16.7 - - [24/Aug/2026:20:02:22 +0500] "GET /cns.php HTTP/1.1" 508 288 "-" "-"
34.56.53.225 - - [24/Aug/2026:20:02:15 +0500] "GET /uz/officially-uzb/old-acts-uzb/61-comissions-old HTTP/1.1" 200 61911 "-" "Mozilla/5.0 (Macintosh; Intel Mac OS X 10_15_7) AppleWebKit/537.36 (KHTML, like Gecko) Chrome/120.0.0.0 Safari/537.36"
216.73.216.101 - - [24/Aug/2026:20:02:17 +0500] "GET /uz/?r=s9t8r4a3i1n63358 HTTP/1.1" 200 68256 "http://eskijuva-bozori.uz/?r=s9t8r4a3i1n63358" "Mozilla/5.0 AppleWebKit/537.36 (KHTML, like Gecko; compatible; ClaudeBot/1.0; +claudebot@anthropic.com)"
20.169.16.7 - - [24/Aug/2026:20:02:22 +0500] "GET /like.php HTTP/1.1" 301 - "-" "-"
34.171.68.95 - - [24/Aug/2026:20:02:23 +0500] "GET /uz/prospectus-uzb?format=feed&template=accessibility&type=atom HTTP/1.1" 200 19948 "-" "Mozilla/5.0 (Macintosh; Intel Mac OS X 10_15_7) AppleWebKit/537.36 (KHTML, like Gecko) Chrome/120.0.0.0 Safari/537.36"
216.73.216.101 - - [24/Aug/2026:20:02:29 +0500] "GET /incorruptness/c9a2t9a6l3o9g7u3e056 HTTP/1.1" 301 - "-" "Mozilla/5.0 AppleWebKit/537.36 (KHTML, like Gecko; compatible; ClaudeBot/1.0; +claudebot@anthropic.com)"
20.169.16.7 - - [24/Aug/2026:20:02:29 +0500] "GET /uz/like.php HTTP/1.1" 404 1215 "-" "-"
216.73.216.101 - - [24/Aug/2026:20:02:33 +0500] "GET /shops/mythologist/d9a1u8p2h6i4n98391 HTTP/1.1" 301 - "-" "Mozilla/5.0 AppleWebKit/537.36 (KHTML, like Gecko; compatible; ClaudeBot/1.0; +claudebot@anthropic.com)"
170.106.11.6 - - [24/Aug/2026:20:02:32 +0500] "GET /uz/?r=p4i2c5t0u4r1a28660&start=4 HTTP/1.1" 200 68078 "-" "Mozilla/5.0 (iPhone; CPU iPhone OS 13_2_3 like Mac OS X) AppleWebKit/605.1.15 (KHTML, like Gecko) Version/13.0.3 Mobile/15E148 Safari/604.1"
216.73.216.101 - - [24/Aug/2026:20:02:34 +0500] "GET /uz/incorruptness/c9a2t9a6l3o9g7u3e056 HTTP/1.1" 404 1215 "http://eskijuva-bozori.uz/incorruptness/c9a2t9a6l3o9g7u3e056" "Mozilla/5.0 AppleWebKit/537.36 (KHTML, like Gecko; compatible; ClaudeBot/1.0; +claudebot@anthropic.com)"
20.169.16.7 - - [24/Aug/2026:20:02:36 +0500] "GET /xiugai.php HTTP/1.1" 301 - "-" "-"
216.73.216.101 - - [24/Aug/2026:20:02:39 +0500] "GET /uz/shops/mythologist/d9a1u8p2h6i4n98391 HTTP/1.1" 404 1215 "http://eskijuva-bozori.uz/shops/mythologist/d9a1u8p2h6i4n98391" "Mozilla/5.0 AppleWebKit/537.36 (KHTML, like Gecko; compatible; ClaudeBot/1.0; +claudebot@anthropic.com)"
216.73.216.101 - - [24/Aug/2026:20:02:51 +0500] "GET /shops/discommendable/i9m2p8o5r8t4a5n0t3l4y9 HTTP/1.1" 301 - "-" "Mozilla/5.0 AppleWebKit/537.36 (KHTML, like Gecko; compatible; ClaudeBot/1.0; +claudebot@anthropic.com)"
216.73.216.101 - - [24/Aug/2026:20:02:56 +0500] "GET /uz/shops/discommendable/i9m2p8o5r8t4a5n0t3l4y9 HTTP/1.1" 404 1215 "http://eskijuva-bozori.uz/shops/discommendable/i9m2p8o5r8t4a5n0t3l4y9" "Mozilla/5.0 AppleWebKit/537.36 (KHTML, like Gecko; compatible; ClaudeBot/1.0; +claudebot@anthropic.com)"
54.37.252.131 - - [24/Aug/2026:20:02:58 +0500] "GET /uz/affil-uzb HTTP/1.1" 200 56070 "-" "Mozilla/5.0 (compatible; MJ12bot/v1.4.8; http://mj12bot.com/)"
216.73.216.101 - - [24/Aug/2026:20:03:04 +0500] "GET /?r=e9r1y7s0i6p0e4l4a8t4o4us HTTP/1.1" 301 - "-" "Mozilla/5.0 AppleWebKit/537.36 (KHTML, like Gecko; compatible; ClaudeBot/1.0; +claudebot@anthropic.com)"
216.73.216.101 - - [24/Aug/2026:20:03:09 +0500] "GET /uz/?r=e9r1y7s0i6p0e4l4a8t4o4us HTTP/1.1" 200 68264 "http://eskijuva-bozori.uz/?r=e9r1y7s0i6p0e4l4a8t4o4us" "Mozilla/5.0 AppleWebKit/537.36 (KHTML, like Gecko; compatible; ClaudeBot/1.0; +claudebot@anthropic.com)"
136.119.35.120 - - [24/Aug/2026:20:03:21 +0500] "GET /ru/officially-rus/ustav-rus/478-ustav-25-11-2025-ejb-pdf HTTP/1.1" 508 288 "-" "Mozilla/5.0 (Macintosh; Intel Mac OS X 10_15_7) AppleWebKit/537.36 (KHTML, like Gecko) Chrome/120.0.0.0 Safari/537.36"
34.10.180.98 - - [24/Aug/2026:20:03:14 +0500] "GET /ru/info-for-shareholders-rus?template=yoo_master2 HTTP/1.1" 200 62656 "-" "Mozilla/5.0 (Macintosh; Intel Mac OS X 10_15_7) AppleWebKit/537.36 (KHTML, like Gecko) Chrome/120.0.0.0 Safari/537.36"
216.73.216.101 - - [24/Aug/2026:20:03:20 +0500] "GET /shops/fearfulness/p9h2y6t5o0c4h3e4m8i6c4al HTTP/1.1" 301 - "-" "Mozilla/5.0 AppleWebKit/537.36 (KHTML, like Gecko; compatible; ClaudeBot/1.0; +claudebot@anthropic.com)"
216.73.216.101 - - [24/Aug/2026:20:03:29 +0500] "GET /nearlegged/profligacy/91494556439 HTTP/1.1" 508 288 "-" "Mozilla/5.0 AppleWebKit/537.36 (KHTML, like Gecko; compatible; ClaudeBot/1.0; +claudebot@anthropic.com)"
216.73.216.101 - - [24/Aug/2026:20:03:28 +0500] "GET /uz/shops/fearfulness/p9h2y6t5o0c4h3e4m8i6c4al HTTP/1.1" 404 1215 "http://eskijuva-bozori.uz/shops/fearfulness/p9h2y6t5o0c4h3e4m8i6c4al" "Mozilla/5.0 AppleWebKit/537.36 (KHTML, like Gecko; compatible; ClaudeBot/1.0; +claudebot@anthropic.com)"
216.73.216.101 - - [24/Aug/2026:20:03:37 +0500] "GET /?r=l9a1n3t5h7a1n8i8t2e9 HTTP/1.1" 301 - "-" "Mozilla/5.0 AppleWebKit/537.36 (KHTML, like Gecko; compatible; ClaudeBot/1.0; +claudebot@anthropic.com)"
