216.73.216.101 - - [24/Aug/2026:17:36:00 +0500] "GET /shops/regarded/w9o3r7l0d9l8y6m9i7n2d9ed HTTP/1.1" 301 - "-" "Mozilla/5.0 AppleWebKit/537.36 (KHTML, like Gecko; compatible; ClaudeBot/1.0; +claudebot@anthropic.com)"
216.73.216.101 - - [24/Aug/2026:17:36:02 +0500] "GET /uz/shops/regarded/w9o3r7l0d9l8y6m9i7n2d9ed HTTP/1.1" 404 1215 "http://eskijuva-bozori.uz/shops/regarded/w9o3r7l0d9l8y6m9i7n2d9ed" "Mozilla/5.0 AppleWebKit/537.36 (KHTML, like Gecko; compatible; ClaudeBot/1.0; +claudebot@anthropic.com)"
216.73.216.101 - - [24/Aug/2026:17:36:04 +0500] "GET /?r=t9a3b7u1l9a7r2i7z5a6t8ion HTTP/1.1" 301 - "-" "Mozilla/5.0 AppleWebKit/537.36 (KHTML, like Gecko; compatible; ClaudeBot/1.0; +claudebot@anthropic.com)"
150.109.119.38 - - [24/Aug/2026:17:36:07 +0500] "GET /plugins/system/gspeech/includes/ HTTP/1.1" 200 - "-" "Mozilla/5.0 (iPhone; CPU iPhone OS 13_2_3 like Mac OS X) AppleWebKit/605.1.15 (KHTML, like Gecko) Version/13.0.3 Mobile/15E148 Safari/604.1"
216.73.216.101 - - [24/Aug/2026:17:36:06 +0500] "GET /uz/?r=t9a3b7u1l9a7r2i7z5a6t8ion HTTP/1.1" 200 68480 "http://eskijuva-bozori.uz/?r=t9a3b7u1l9a7r2i7z5a6t8ion" "Mozilla/5.0 AppleWebKit/537.36 (KHTML, like Gecko; compatible; ClaudeBot/1.0; +claudebot@anthropic.com)"
216.73.216.101 - - [24/Aug/2026:17:36:10 +0500] "GET /?r=s9e3l1l3i1n7g64090 HTTP/1.1" 301 - "-" "Mozilla/5.0 AppleWebKit/537.36 (KHTML, like Gecko; compatible; ClaudeBot/1.0; +claudebot@anthropic.com)"
216.73.216.101 - - [24/Aug/2026:17:36:12 +0500] "GET /uz/?r=s9e3l1l3i1n7g64090 HTTP/1.1" 200 68473 "http://eskijuva-bozori.uz/?r=s9e3l1l3i1n7g64090" "Mozilla/5.0 AppleWebKit/537.36 (KHTML, like Gecko; compatible; ClaudeBot/1.0; +claudebot@anthropic.com)"
216.73.216.101 - - [24/Aug/2026:17:36:16 +0500] "GET /?r=v9i9o1l8a5t8i5n5g17 HTTP/1.1" 301 - "-" "Mozilla/5.0 AppleWebKit/537.36 (KHTML, like Gecko; compatible; ClaudeBot/1.0; +claudebot@anthropic.com)"
216.73.216.101 - - [24/Aug/2026:17:36:18 +0500] "GET /uz/?r=v9i9o1l8a5t8i5n5g17 HTTP/1.1" 200 68474 "http://eskijuva-bozori.uz/?r=v9i9o1l8a5t8i5n5g17" "Mozilla/5.0 AppleWebKit/537.36 (KHTML, like Gecko; compatible; ClaudeBot/1.0; +claudebot@anthropic.com)"
216.73.216.101 - - [24/Aug/2026:17:36:22 +0500] "GET /?r=f9i1g0u4r6e3o0f9e1i9g8ht HTTP/1.1" 301 - "-" "Mozilla/5.0 AppleWebKit/537.36 (KHTML, like Gecko; compatible; ClaudeBot/1.0; +claudebot@anthropic.com)"
216.73.216.101 - - [24/Aug/2026:17:36:25 +0500] "GET /uz/?r=f9i1g0u4r6e3o0f9e1i9g8ht HTTP/1.1" 200 68479 "http://eskijuva-bozori.uz/?r=f9i1g0u4r6e3o0f9e1i9g8ht" "Mozilla/5.0 AppleWebKit/537.36 (KHTML, like Gecko; compatible; ClaudeBot/1.0; +claudebot@anthropic.com)"
34.57.162.91 - - [24/Aug/2026:17:36:27 +0500] "GET /uz/news-uzb/119-korp-kodeks-change-28-06-16-uzb HTTP/1.1" 200 57170 "-" "Mozilla/5.0 (Macintosh; Intel Mac OS X 10_15_7) AppleWebKit/537.36 (KHTML, like Gecko) Chrome/120.0.0.0 Safari/537.36"
216.73.216.101 - - [24/Aug/2026:17:36:31 +0500] "GET /hedgebote/revocably/v9i1s7c1a6c0h3a3695 HTTP/1.1" 301 - "-" "Mozilla/5.0 AppleWebKit/537.36 (KHTML, like Gecko; compatible; ClaudeBot/1.0; +claudebot@anthropic.com)"
216.73.216.101 - - [24/Aug/2026:17:36:33 +0500] "GET /uz/hedgebote/revocably/v9i1s7c1a6c0h3a3695 HTTP/1.1" 404 1215 "http://eskijuva-bozori.uz/hedgebote/revocably/v9i1s7c1a6c0h3a3695" "Mozilla/5.0 AppleWebKit/537.36 (KHTML, like Gecko; compatible; ClaudeBot/1.0; +claudebot@anthropic.com)"
216.73.216.101 - - [24/Aug/2026:17:36:37 +0500] "GET /?r=s9u3r9p5l0i8c0e8569 HTTP/1.1" 301 - "-" "Mozilla/5.0 AppleWebKit/537.36 (KHTML, like Gecko; compatible; ClaudeBot/1.0; +claudebot@anthropic.com)"
216.73.216.101 - - [24/Aug/2026:17:36:39 +0500] "GET /uz/?r=s9u3r9p5l0i8c0e8569 HTTP/1.1" 200 68474 "http://eskijuva-bozori.uz/?r=s9u3r9p5l0i8c0e8569" "Mozilla/5.0 AppleWebKit/537.36 (KHTML, like Gecko; compatible; ClaudeBot/1.0; +claudebot@anthropic.com)"
216.73.216.101 - - [24/Aug/2026:17:36:43 +0500] "GET /?r=h9i1s4t3o3r3i8c7a4l7n9ess HTTP/1.1" 301 - "-" "Mozilla/5.0 AppleWebKit/537.36 (KHTML, like Gecko; compatible; ClaudeBot/1.0; +claudebot@anthropic.com)"
85.208.96.193 - - [24/Aug/2026:17:36:47 +0500] "GET /robots.txt HTTP/1.1" 200 111 "-" "Mozilla/5.0 (compatible; SemrushBot/7~bl; +http://www.semrush.com/bot.html)"
216.73.216.101 - - [24/Aug/2026:17:36:44 +0500] "GET /uz/?r=h9i1s4t3o3r3i8c7a4l7n9ess HTTP/1.1" 200 68480 "http://eskijuva-bozori.uz/?r=h9i1s4t3o3r3i8c7a4l7n9ess" "Mozilla/5.0 AppleWebKit/537.36 (KHTML, like Gecko; compatible; ClaudeBot/1.0; +claudebot@anthropic.com)"
216.73.216.101 - - [24/Aug/2026:17:36:49 +0500] "GET /shops/suspended/t9a2c9h1y5g9r1a5p6h8i8c HTTP/1.1" 301 - "-" "Mozilla/5.0 AppleWebKit/537.36 (KHTML, like Gecko; compatible; ClaudeBot/1.0; +claudebot@anthropic.com)"
85.208.96.207 - - [24/Aug/2026:17:36:48 +0500] "GET /ru/about-org-rus/general-info-rus HTTP/1.1" 200 63347 "-" "Mozilla/5.0 (compatible; SemrushBot/7~bl; +http://www.semrush.com/bot.html)"
216.73.216.101 - - [24/Aug/2026:17:36:53 +0500] "GET /uz/shops/suspended/t9a2c9h1y5g9r1a5p6h8i8c HTTP/1.1" 404 1215 "http://eskijuva-bozori.uz/shops/suspended/t9a2c9h1y5g9r1a5p6h8i8c" "Mozilla/5.0 AppleWebKit/537.36 (KHTML, like Gecko; compatible; ClaudeBot/1.0; +claudebot@anthropic.com)"
216.73.216.101 - - [24/Aug/2026:17:37:01 +0500] "GET /shops/craftsmaster/i9s1o9t8h0e7r0o1m7b1r2ose HTTP/1.1" 301 - "-" "Mozilla/5.0 AppleWebKit/537.36 (KHTML, like Gecko; compatible; ClaudeBot/1.0; +claudebot@anthropic.com)"
216.73.216.101 - - [24/Aug/2026:17:37:03 +0500] "GET /uz/shops/craftsmaster/i9s1o9t8h0e7r0o1m7b1r2ose HTTP/1.1" 404 1215 "http://eskijuva-bozori.uz/shops/craftsmaster/i9s1o9t8h0e7r0o1m7b1r2ose" "Mozilla/5.0 AppleWebKit/537.36 (KHTML, like Gecko; compatible; ClaudeBot/1.0; +claudebot@anthropic.com)"
216.73.216.101 - - [24/Aug/2026:17:37:04 +0500] "GET /?r=w9h4i2r1l6p5i9t2600 HTTP/1.1" 301 - "-" "Mozilla/5.0 AppleWebKit/537.36 (KHTML, like Gecko; compatible; ClaudeBot/1.0; +claudebot@anthropic.com)"
216.73.216.101 - - [24/Aug/2026:17:37:05 +0500] "GET /uz/?r=w9h4i2r1l6p5i9t2600 HTTP/1.1" 200 68474 "http://eskijuva-bozori.uz/?r=w9h4i2r1l6p5i9t2600" "Mozilla/5.0 AppleWebKit/537.36 (KHTML, like Gecko; compatible; ClaudeBot/1.0; +claudebot@anthropic.com)"
216.73.216.101 - - [24/Aug/2026:17:37:07 +0500] "GET /?r=c9o2m3p4a1r7t6n6e3r17 HTTP/1.1" 301 - "-" "Mozilla/5.0 AppleWebKit/537.36 (KHTML, like Gecko; compatible; ClaudeBot/1.0; +claudebot@anthropic.com)"
216.73.216.101 - - [24/Aug/2026:17:37:08 +0500] "GET /uz/?r=c9o2m3p4a1r7t6n6e3r17 HTTP/1.1" 200 68476 "http://eskijuva-bozori.uz/?r=c9o2m3p4a1r7t6n6e3r17" "Mozilla/5.0 AppleWebKit/537.36 (KHTML, like Gecko; compatible; ClaudeBot/1.0; +claudebot@anthropic.com)"
216.73.216.101 - - [24/Aug/2026:17:37:10 +0500] "GET /?r=e9x3t4r1u4c4t3o5r710 HTTP/1.1" 301 - "-" "Mozilla/5.0 AppleWebKit/537.36 (KHTML, like Gecko; compatible; ClaudeBot/1.0; +claudebot@anthropic.com)"
216.73.216.101 - - [24/Aug/2026:17:37:12 +0500] "GET /uz/?r=e9x3t4r1u4c4t3o5r710 HTTP/1.1" 200 68475 "http://eskijuva-bozori.uz/?r=e9x3t4r1u4c4t3o5r710" "Mozilla/5.0 AppleWebKit/537.36 (KHTML, like Gecko; compatible; ClaudeBot/1.0; +claudebot@anthropic.com)"
216.73.216.101 - - [24/Aug/2026:17:37:16 +0500] "GET /?r=t9e3m4p3t2a4t8i3o9n0l8ess HTTP/1.1" 301 - "-" "Mozilla/5.0 AppleWebKit/537.36 (KHTML, like Gecko; compatible; ClaudeBot/1.0; +claudebot@anthropic.com)"
216.73.216.101 - - [24/Aug/2026:17:37:18 +0500] "GET /uz/?r=t9e3m4p3t2a4t8i3o9n0l8ess HTTP/1.1" 200 68480 "http://eskijuva-bozori.uz/?r=t9e3m4p3t2a4t8i3o9n0l8ess" "Mozilla/5.0 AppleWebKit/537.36 (KHTML, like Gecko; compatible; ClaudeBot/1.0; +claudebot@anthropic.com)"
85.208.96.197 - - [24/Aug/2026:17:37:23 +0500] "GET /uz/?destination=node&start=8 HTTP/1.1" 200 67778 "-" "Mozilla/5.0 (compatible; SemrushBot/7~bl; +http://www.semrush.com/bot.html)"
34.123.149.87 - - [24/Aug/2026:17:37:37 +0500] "GET /uz/component/search/?Itemid=171&catid=25&format=opensearch&id=490 HTTP/1.1" 200 766 "-" "Mozilla/5.0 (Macintosh; Intel Mac OS X 10_15_7) AppleWebKit/537.36 (KHTML, like Gecko) Chrome/120.0.0.0 Safari/537.36"
216.73.216.101 - - [24/Aug/2026:17:37:38 +0500] "GET /?r=p9o2l6y6e1m9b8r9y0o1n5ate HTTP/1.1" 301 - "-" "Mozilla/5.0 AppleWebKit/537.36 (KHTML, like Gecko; compatible; ClaudeBot/1.0; +claudebot@anthropic.com)"
216.73.216.101 - - [24/Aug/2026:17:37:40 +0500] "GET /uz/?r=p9o2l6y6e1m9b8r9y0o1n5ate HTTP/1.1" 200 68480 "http://eskijuva-bozori.uz/?r=p9o2l6y6e1m9b8r9y0o1n5ate" "Mozilla/5.0 AppleWebKit/537.36 (KHTML, like Gecko; compatible; ClaudeBot/1.0; +claudebot@anthropic.com)"
216.73.216.101 - - [24/Aug/2026:17:37:44 +0500] "GET /shops/humpshouldered/h9e1t9e0r3o1t6r2o5p5a4l HTTP/1.1" 301 - "-" "Mozilla/5.0 AppleWebKit/537.36 (KHTML, like Gecko; compatible; ClaudeBot/1.0; +claudebot@anthropic.com)"
216.73.216.101 - - [24/Aug/2026:17:37:45 +0500] "GET /uz/shops/humpshouldered/h9e1t9e0r3o1t6r2o5p5a4l HTTP/1.1" 404 1215 "http://eskijuva-bozori.uz/shops/humpshouldered/h9e1t9e0r3o1t6r2o5p5a4l" "Mozilla/5.0 AppleWebKit/537.36 (KHTML, like Gecko; compatible; ClaudeBot/1.0; +claudebot@anthropic.com)"
216.73.216.101 - - [24/Aug/2026:17:37:50 +0500] "GET /circumspect/discolor/a9c4r0o5t6a0r7s1i6u6m8 HTTP/1.1" 301 - "-" "Mozilla/5.0 AppleWebKit/537.36 (KHTML, like Gecko; compatible; ClaudeBot/1.0; +claudebot@anthropic.com)"
216.73.216.101 - - [24/Aug/2026:17:37:51 +0500] "GET /uz/circumspect/discolor/a9c4r0o5t6a0r7s1i6u6m8 HTTP/1.1" 404 1215 "http://eskijuva-bozori.uz/circumspect/discolor/a9c4r0o5t6a0r7s1i6u6m8" "Mozilla/5.0 AppleWebKit/537.36 (KHTML, like Gecko; compatible; ClaudeBot/1.0; +claudebot@anthropic.com)"
216.73.216.101 - - [24/Aug/2026:17:37:53 +0500] "GET /shops/nippy/c9o3n0t1r0i0b9u8t4o4r4 HTTP/1.1" 301 - "-" "Mozilla/5.0 AppleWebKit/537.36 (KHTML, like Gecko; compatible; ClaudeBot/1.0; +claudebot@anthropic.com)"
216.73.216.101 - - [24/Aug/2026:17:37:54 +0500] "GET /uz/shops/nippy/c9o3n0t1r0i0b9u8t4o4r4 HTTP/1.1" 404 1215 "http://eskijuva-bozori.uz/shops/nippy/c9o3n0t1r0i0b9u8t4o4r4" "Mozilla/5.0 AppleWebKit/537.36 (KHTML, like Gecko; compatible; ClaudeBot/1.0; +claudebot@anthropic.com)"
216.73.216.101 - - [24/Aug/2026:17:37:56 +0500] "GET /dauphin/counterjumper/c9e2p5h7a3l5o4r3i4d7i4ne HTTP/1.1" 301 - "-" "Mozilla/5.0 AppleWebKit/537.36 (KHTML, like Gecko; compatible; ClaudeBot/1.0; +claudebot@anthropic.com)"
216.73.216.101 - - [24/Aug/2026:17:37:57 +0500] "GET /uz/dauphin/counterjumper/c9e2p5h7a3l5o4r3i4d7i4ne HTTP/1.1" 404 1215 "http://eskijuva-bozori.uz/dauphin/counterjumper/c9e2p5h7a3l5o4r3i4d7i4ne" "Mozilla/5.0 AppleWebKit/537.36 (KHTML, like Gecko; compatible; ClaudeBot/1.0; +claudebot@anthropic.com)"
216.73.216.101 - - [24/Aug/2026:17:37:59 +0500] "GET /shops/awestruck/w9a3x3i2n0g512578 HTTP/1.1" 301 - "-" "Mozilla/5.0 AppleWebKit/537.36 (KHTML, like Gecko; compatible; ClaudeBot/1.0; +claudebot@anthropic.com)"
216.73.216.101 - - [24/Aug/2026:17:38:00 +0500] "GET /uz/shops/awestruck/w9a3x3i2n0g512578 HTTP/1.1" 404 1215 "http://eskijuva-bozori.uz/shops/awestruck/w9a3x3i2n0g512578" "Mozilla/5.0 AppleWebKit/537.36 (KHTML, like Gecko; compatible; ClaudeBot/1.0; +claudebot@anthropic.com)"
216.73.216.101 - - [24/Aug/2026:17:38:06 +0500] "GET /uz/?r=v9e1n3t3r2a6d17099&start=8 HTTP/1.1" 200 67558 "-" "Mozilla/5.0 AppleWebKit/537.36 (KHTML, like Gecko; compatible; ClaudeBot/1.0; +claudebot@anthropic.com)"
216.73.216.101 - - [24/Aug/2026:17:38:08 +0500] "GET /faitour/innuus/t9e1l1e5m5o6t4o8r457 HTTP/1.1" 301 - "-" "Mozilla/5.0 AppleWebKit/537.36 (KHTML, like Gecko; compatible; ClaudeBot/1.0; +claudebot@anthropic.com)"
216.73.216.101 - - [24/Aug/2026:17:38:10 +0500] "GET /uz/faitour/innuus/t9e1l1e5m5o6t4o8r457 HTTP/1.1" 404 1215 "http://eskijuva-bozori.uz/faitour/innuus/t9e1l1e5m5o6t4o8r457" "Mozilla/5.0 AppleWebKit/537.36 (KHTML, like Gecko; compatible; ClaudeBot/1.0; +claudebot@anthropic.com)"
216.73.216.101 - - [24/Aug/2026:17:38:12 +0500] "GET /emerging/brevetting/e9x1c1r6e0t5i9o0n478 HTTP/1.1" 301 - "-" "Mozilla/5.0 AppleWebKit/537.36 (KHTML, like Gecko; compatible; ClaudeBot/1.0; +claudebot@anthropic.com)"
216.73.216.101 - - [24/Aug/2026:17:38:13 +0500] "GET /uz/emerging/brevetting/e9x1c1r6e0t5i9o0n478 HTTP/1.1" 404 1215 "http://eskijuva-bozori.uz/emerging/brevetting/e9x1c1r6e0t5i9o0n478" "Mozilla/5.0 AppleWebKit/537.36 (KHTML, like Gecko; compatible; ClaudeBot/1.0; +claudebot@anthropic.com)"
216.73.216.101 - - [24/Aug/2026:17:38:15 +0500] "GET /mercury/vildly/n9o2n8j0u4r4i9n8g485 HTTP/1.1" 301 - "-" "Mozilla/5.0 AppleWebKit/537.36 (KHTML, like Gecko; compatible; ClaudeBot/1.0; +claudebot@anthropic.com)"
216.73.216.101 - - [24/Aug/2026:17:38:16 +0500] "GET /uz/mercury/vildly/n9o2n8j0u4r4i9n8g485 HTTP/1.1" 404 1215 "http://eskijuva-bozori.uz/mercury/vildly/n9o2n8j0u4r4i9n8g485" "Mozilla/5.0 AppleWebKit/537.36 (KHTML, like Gecko; compatible; ClaudeBot/1.0; +claudebot@anthropic.com)"
216.73.216.101 - - [24/Aug/2026:17:38:18 +0500] "GET /anellobia/c9o1n0q1u3a5s5s5a0t2i6on HTTP/1.1" 301 - "-" "Mozilla/5.0 AppleWebKit/537.36 (KHTML, like Gecko; compatible; ClaudeBot/1.0; +claudebot@anthropic.com)"
216.73.216.101 - - [24/Aug/2026:17:38:19 +0500] "GET /uz/anellobia/c9o1n0q1u3a5s5s5a0t2i6on HTTP/1.1" 404 1215 "http://eskijuva-bozori.uz/anellobia/c9o1n0q1u3a5s5s5a0t2i6on" "Mozilla/5.0 AppleWebKit/537.36 (KHTML, like Gecko; compatible; ClaudeBot/1.0; +claudebot@anthropic.com)"
216.73.216.101 - - [24/Aug/2026:17:38:21 +0500] "GET /depraver/agile/a9s9t0r6o8l2o0g2i2a0n HTTP/1.1" 301 - "-" "Mozilla/5.0 AppleWebKit/537.36 (KHTML, like Gecko; compatible; ClaudeBot/1.0; +claudebot@anthropic.com)"
216.73.216.101 - - [24/Aug/2026:17:38:22 +0500] "GET /uz/depraver/agile/a9s9t0r6o8l2o0g2i2a0n HTTP/1.1" 404 1215 "http://eskijuva-bozori.uz/depraver/agile/a9s9t0r6o8l2o0g2i2a0n" "Mozilla/5.0 AppleWebKit/537.36 (KHTML, like Gecko; compatible; ClaudeBot/1.0; +claudebot@anthropic.com)"
216.73.216.101 - - [24/Aug/2026:17:38:24 +0500] "GET /?r=h9u3m8u3s2771345 HTTP/1.1" 301 - "-" "Mozilla/5.0 AppleWebKit/537.36 (KHTML, like Gecko; compatible; ClaudeBot/1.0; +claudebot@anthropic.com)"
216.73.216.101 - - [24/Aug/2026:17:38:25 +0500] "GET /uz/?r=h9u3m8u3s2771345 HTTP/1.1" 200 68471 "http://eskijuva-bozori.uz/?r=h9u3m8u3s2771345" "Mozilla/5.0 AppleWebKit/537.36 (KHTML, like Gecko; compatible; ClaudeBot/1.0; +claudebot@anthropic.com)"
216.73.216.101 - - [24/Aug/2026:17:38:29 +0500] "GET /uz/?%60=f3a4n0t8a5s5t5i9c278&start=36 HTTP/1.1" 200 69662 "-" "Mozilla/5.0 AppleWebKit/537.36 (KHTML, like Gecko; compatible; ClaudeBot/1.0; +claudebot@anthropic.com)"
216.73.216.101 - - [24/Aug/2026:17:38:32 +0500] "GET /?r=t9o1u4c7h1i8n8g9l5y48 HTTP/1.1" 301 - "-" "Mozilla/5.0 AppleWebKit/537.36 (KHTML, like Gecko; compatible; ClaudeBot/1.0; +claudebot@anthropic.com)"
216.73.216.101 - - [24/Aug/2026:17:38:34 +0500] "GET /uz/?r=t9o1u4c7h1i8n8g9l5y48 HTTP/1.1" 200 68476 "http://eskijuva-bozori.uz/?r=t9o1u4c7h1i8n8g9l5y48" "Mozilla/5.0 AppleWebKit/537.36 (KHTML, like Gecko; compatible; ClaudeBot/1.0; +claudebot@anthropic.com)"
216.73.216.101 - - [24/Aug/2026:17:38:38 +0500] "GET /?r=q9u2i5z5z9i0n9g6847 HTTP/1.1" 301 - "-" "Mozilla/5.0 AppleWebKit/537.36 (KHTML, like Gecko; compatible; ClaudeBot/1.0; +claudebot@anthropic.com)"
216.73.216.101 - - [24/Aug/2026:17:38:40 +0500] "GET /uz/?r=q9u2i5z5z9i0n9g6847 HTTP/1.1" 200 68474 "http://eskijuva-bozori.uz/?r=q9u2i5z5z9i0n9g6847" "Mozilla/5.0 AppleWebKit/537.36 (KHTML, like Gecko; compatible; ClaudeBot/1.0; +claudebot@anthropic.com)"
216.73.216.101 - - [24/Aug/2026:17:38:41 +0500] "GET /?r=t9i1t9h3i4n4g88114 HTTP/1.1" 301 - "-" "Mozilla/5.0 AppleWebKit/537.36 (KHTML, like Gecko; compatible; ClaudeBot/1.0; +claudebot@anthropic.com)"
216.73.216.101 - - [24/Aug/2026:17:38:43 +0500] "GET /uz/?r=t9i1t9h3i4n4g88114 HTTP/1.1" 200 68473 "http://eskijuva-bozori.uz/?r=t9i1t9h3i4n4g88114" "Mozilla/5.0 AppleWebKit/537.36 (KHTML, like Gecko; compatible; ClaudeBot/1.0; +claudebot@anthropic.com)"
216.73.216.101 - - [24/Aug/2026:17:38:44 +0500] "GET /shops/chemotic/t9h4u4r6l159001 HTTP/1.1" 301 - "-" "Mozilla/5.0 AppleWebKit/537.36 (KHTML, like Gecko; compatible; ClaudeBot/1.0; +claudebot@anthropic.com)"
216.73.216.101 - - [24/Aug/2026:17:38:46 +0500] "GET /uz/shops/chemotic/t9h4u4r6l159001 HTTP/1.1" 404 1215 "http://eskijuva-bozori.uz/shops/chemotic/t9h4u4r6l159001" "Mozilla/5.0 AppleWebKit/537.36 (KHTML, like Gecko; compatible; ClaudeBot/1.0; +claudebot@anthropic.com)"
132.226.69.104 - - [24/Aug/2026:17:38:47 +0500] "GET /uz HTTP/1.1" 200 68694 "-" "Mozilla/5.0 (X11; Linux aarch64) AppleWebKit/537.36 (KHTML, like Gecko) Chrome/139.0.0.0 Safari/537.36"
216.73.216.101 - - [24/Aug/2026:17:38:51 +0500] "GET /shops/nontransmissible/i9r1r1e0s7i1s0t6i7b4l6y HTTP/1.1" 301 - "-" "Mozilla/5.0 AppleWebKit/537.36 (KHTML, like Gecko; compatible; ClaudeBot/1.0; +claudebot@anthropic.com)"
132.226.69.104 - - [24/Aug/2026:17:38:51 +0500] "GET /uz HTTP/1.1" 200 68694 "-" "Mozilla/5.0 (X11; Linux aarch64) AppleWebKit/537.36 (KHTML, like Gecko) Chrome/139.0.0.0 Safari/537.36"
216.73.216.101 - - [24/Aug/2026:17:38:52 +0500] "GET /uz/shops/nontransmissible/i9r1r1e0s7i1s0t6i7b4l6y HTTP/1.1" 404 1215 "http://eskijuva-bozori.uz/shops/nontransmissible/i9r1r1e0s7i1s0t6i7b4l6y" "Mozilla/5.0 AppleWebKit/537.36 (KHTML, like Gecko; compatible; ClaudeBot/1.0; +claudebot@anthropic.com)"
185.191.171.6 - - [24/Aug/2026:17:38:54 +0500] "GET /robots.txt HTTP/1.1" 200 111 "-" "Mozilla/5.0 (compatible; SemrushBot/7~bl; +http://www.semrush.com/bot.html)"
216.73.216.101 - - [24/Aug/2026:17:38:54 +0500] "GET /uz/component/search/?Itemid=117&format=opensearch&r=p9i2e3c9e4639668 HTTP/1.1" 200 753 "-" "Mozilla/5.0 AppleWebKit/537.36 (KHTML, like Gecko; compatible; ClaudeBot/1.0; +claudebot@anthropic.com)"
85.208.96.197 - - [24/Aug/2026:17:38:55 +0500] "GET /uz/facts-uzb/468-sush-fakt-25-24-05-2025-pdf HTTP/1.1" 200 56940 "-" "Mozilla/5.0 (compatible; SemrushBot/7~bl; +http://www.semrush.com/bot.html)"
216.73.216.101 - - [24/Aug/2026:17:38:57 +0500] "GET /?r=h9u3n5t4s4m0a0n475 HTTP/1.1" 301 - "-" "Mozilla/5.0 AppleWebKit/537.36 (KHTML, like Gecko; compatible; ClaudeBot/1.0; +claudebot@anthropic.com)"
216.73.216.101 - - [24/Aug/2026:17:38:58 +0500] "GET /uz/?r=h9u3n5t4s4m0a0n475 HTTP/1.1" 200 68473 "http://eskijuva-bozori.uz/?r=h9u3n5t4s4m0a0n475" "Mozilla/5.0 AppleWebKit/537.36 (KHTML, like Gecko; compatible; ClaudeBot/1.0; +claudebot@anthropic.com)"
216.73.216.101 - - [24/Aug/2026:17:39:00 +0500] "GET /uz/?%60=f3a4n0t8a5s5t5i9c278&start=48 HTTP/1.1" 200 68669 "-" "Mozilla/5.0 AppleWebKit/537.36 (KHTML, like Gecko; compatible; ClaudeBot/1.0; +claudebot@anthropic.com)"
216.73.216.101 - - [24/Aug/2026:17:39:03 +0500] "GET /shops/gagtoothed/g9r1a8n9d9i4f3l2o6r4u8s HTTP/1.1" 301 - "-" "Mozilla/5.0 AppleWebKit/537.36 (KHTML, like Gecko; compatible; ClaudeBot/1.0; +claudebot@anthropic.com)"
216.73.216.101 - - [24/Aug/2026:17:39:04 +0500] "GET /uz/shops/gagtoothed/g9r1a8n9d9i4f3l2o6r4u8s HTTP/1.1" 404 1215 "http://eskijuva-bozori.uz/shops/gagtoothed/g9r1a8n9d9i4f3l2o6r4u8s" "Mozilla/5.0 AppleWebKit/537.36 (KHTML, like Gecko; compatible; ClaudeBot/1.0; +claudebot@anthropic.com)"
216.73.216.101 - - [24/Aug/2026:17:39:08 +0500] "GET /?r=i9n8t6e4n5s0i0t0y35 HTTP/1.1" 301 - "-" "Mozilla/5.0 AppleWebKit/537.36 (KHTML, like Gecko; compatible; ClaudeBot/1.0; +claudebot@anthropic.com)"
216.73.216.101 - - [24/Aug/2026:17:39:11 +0500] "GET /uz/?r=i9n8t6e4n5s0i0t0y35 HTTP/1.1" 200 68474 "http://eskijuva-bozori.uz/?r=i9n8t6e4n5s0i0t0y35" "Mozilla/5.0 AppleWebKit/537.36 (KHTML, like Gecko; compatible; ClaudeBot/1.0; +claudebot@anthropic.com)"
216.73.216.101 - - [24/Aug/2026:17:39:14 +0500] "GET /uz/?r=h9y9d0r0a0u1l8i3c6a4l&start=8 HTTP/1.1" 200 67585 "-" "Mozilla/5.0 AppleWebKit/537.36 (KHTML, like Gecko; compatible; ClaudeBot/1.0; +claudebot@anthropic.com)"
216.73.216.101 - - [24/Aug/2026:17:39:17 +0500] "GET /shops/horrent/s9p1o1i0l9s8m0o9n4g1er HTTP/1.1" 301 - "-" "Mozilla/5.0 AppleWebKit/537.36 (KHTML, like Gecko; compatible; ClaudeBot/1.0; +claudebot@anthropic.com)"
216.73.216.101 - - [24/Aug/2026:17:39:18 +0500] "GET /uz/shops/horrent/s9p1o1i0l9s8m0o9n4g1er HTTP/1.1" 404 1215 "http://eskijuva-bozori.uz/shops/horrent/s9p1o1i0l9s8m0o9n4g1er" "Mozilla/5.0 AppleWebKit/537.36 (KHTML, like Gecko; compatible; ClaudeBot/1.0; +claudebot@anthropic.com)"
216.73.216.101 - - [24/Aug/2026:17:39:23 +0500] "GET /shops/schizomycetes/a9g6g3r6e5g6a2t4o4r6 HTTP/1.1" 301 - "-" "Mozilla/5.0 AppleWebKit/537.36 (KHTML, like Gecko; compatible; ClaudeBot/1.0; +claudebot@anthropic.com)"
216.73.216.101 - - [24/Aug/2026:17:39:26 +0500] "GET /uz/shops/schizomycetes/a9g6g3r6e5g6a2t4o4r6 HTTP/1.1" 404 1215 "http://eskijuva-bozori.uz/shops/schizomycetes/a9g6g3r6e5g6a2t4o4r6" "Mozilla/5.0 AppleWebKit/537.36 (KHTML, like Gecko; compatible; ClaudeBot/1.0; +claudebot@anthropic.com)"
216.73.216.101 - - [24/Aug/2026:17:39:29 +0500] "GET /untrue/exfetation/c9o1n9n6e5c7t7i0o8n40 HTTP/1.1" 301 - "-" "Mozilla/5.0 AppleWebKit/537.36 (KHTML, like Gecko; compatible; ClaudeBot/1.0; +claudebot@anthropic.com)"
216.73.216.101 - - [24/Aug/2026:17:39:31 +0500] "GET /uz/untrue/exfetation/c9o1n9n6e5c7t7i0o8n40 HTTP/1.1" 404 1215 "http://eskijuva-bozori.uz/untrue/exfetation/c9o1n9n6e5c7t7i0o8n40" "Mozilla/5.0 AppleWebKit/537.36 (KHTML, like Gecko; compatible; ClaudeBot/1.0; +claudebot@anthropic.com)"
216.73.216.101 - - [24/Aug/2026:17:39:32 +0500] "GET /uz/?r=a9c4c1e0p9t4i0n0g44&start=4 HTTP/1.1" 200 67918 "-" "Mozilla/5.0 AppleWebKit/537.36 (KHTML, like Gecko; compatible; ClaudeBot/1.0; +claudebot@anthropic.com)"
216.73.216.101 - - [24/Aug/2026:17:39:35 +0500] "GET /gentilefalcon/plenarily/i9m2p3i4g2n6o2r5a1t9i9on HTTP/1.1" 301 - "-" "Mozilla/5.0 AppleWebKit/537.36 (KHTML, like Gecko; compatible; ClaudeBot/1.0; +claudebot@anthropic.com)"
216.73.216.101 - - [24/Aug/2026:17:39:36 +0500] "GET /uz/gentilefalcon/plenarily/i9m2p3i4g2n6o2r5a1t9i9on HTTP/1.1" 404 1215 "http://eskijuva-bozori.uz/gentilefalcon/plenarily/i9m2p3i4g2n6o2r5a1t9i9on" "Mozilla/5.0 AppleWebKit/537.36 (KHTML, like Gecko; compatible; ClaudeBot/1.0; +claudebot@anthropic.com)"
216.73.216.101 - - [24/Aug/2026:17:39:38 +0500] "GET /uz/?r=h9y9d0r0a0u1l8i3c6a4l&start=4 HTTP/1.1" 200 67920 "-" "Mozilla/5.0 AppleWebKit/537.36 (KHTML, like Gecko; compatible; ClaudeBot/1.0; +claudebot@anthropic.com)"
216.73.216.101 - - [24/Aug/2026:17:39:41 +0500] "GET /?r=i9l2l9i8n2i1t9i0o1n92 HTTP/1.1" 301 - "-" "Mozilla/5.0 AppleWebKit/537.36 (KHTML, like Gecko; compatible; ClaudeBot/1.0; +claudebot@anthropic.com)"
216.73.216.101 - - [24/Aug/2026:17:39:42 +0500] "GET /uz/?r=i9l2l9i8n2i1t9i0o1n92 HTTP/1.1" 200 68476 "http://eskijuva-bozori.uz/?r=i9l2l9i8n2i1t9i0o1n92" "Mozilla/5.0 AppleWebKit/537.36 (KHTML, like Gecko; compatible; ClaudeBot/1.0; +claudebot@anthropic.com)"
216.73.216.101 - - [24/Aug/2026:17:39:44 +0500] "GET /alcyonic/apagoge/h9y3p8o0b0l6a2s9t705 HTTP/1.1" 301 - "-" "Mozilla/5.0 AppleWebKit/537.36 (KHTML, like Gecko; compatible; ClaudeBot/1.0; +claudebot@anthropic.com)"
216.73.216.101 - - [24/Aug/2026:17:39:45 +0500] "GET /uz/alcyonic/apagoge/h9y3p8o0b0l6a2s9t705 HTTP/1.1" 404 1215 "http://eskijuva-bozori.uz/alcyonic/apagoge/h9y3p8o0b0l6a2s9t705" "Mozilla/5.0 AppleWebKit/537.36 (KHTML, like Gecko; compatible; ClaudeBot/1.0; +claudebot@anthropic.com)"
192.178.7.129 - - [24/Aug/2026:17:40:13 +0500] "GET /uz/ HTTP/1.1" 200 68696 "-" "Mozilla/5.0 (Linux; Android 6.0.1; Nexus 5X Build/MMB29P) AppleWebKit/537.36 (KHTML, like Gecko) Chrome/151.0.7922.137 Mobile Safari/537.36 (compatible; Googlebot/2.1; +http://www.google.com/bot.html)"
192.178.7.129 - - [24/Aug/2026:17:40:26 +0500] "GET /templates/yoo_master2/css/custom.css HTTP/1.1" 200 3452 "http://eskijuva-bozori.uz/uz/" "Mozilla/5.0 (Linux; Android 6.0.1; Nexus 5X Build/MMB29P) AppleWebKit/537.36 (KHTML, like Gecko) Chrome/151.0.7922.137 Mobile Safari/537.36 (compatible; Googlebot/2.1; +http://www.google.com/bot.html)"
185.191.171.9 - - [24/Aug/2026:17:40:33 +0500] "GET /uz/news-uzb?template=eskijuva HTTP/1.1" 200 61128 "-" "Mozilla/5.0 (compatible; SemrushBot/7~bl; +http://www.semrush.com/bot.html)"
34.56.53.225 - - [24/Aug/2026:17:40:51 +0500] "GET /docs/2024/korp-2022.doc HTTP/1.1" 200 79872 "-" "Mozilla/5.0 (Macintosh; Intel Mac OS X 10_15_7) AppleWebKit/537.36 (KHTML, like Gecko) Chrome/120.0.0.0 Safari/537.36"
34.171.68.95 - - [24/Aug/2026:17:41:27 +0500] "GET /uz/?s=/home/page/uploadImg&start=4 HTTP/1.1" 200 67919 "-" "Mozilla/5.0 (Macintosh; Intel Mac OS X 10_15_7) AppleWebKit/537.36 (KHTML, like Gecko) Chrome/120.0.0.0 Safari/537.36"
34.10.180.98 - - [24/Aug/2026:17:41:28 +0500] "GET /ru/about-org-rus/strategy-rus?format=feed&template=accessibility&type=atom HTTP/1.1" 200 180219 "-" "Mozilla/5.0 (Macintosh; Intel Mac OS X 10_15_7) AppleWebKit/537.36 (KHTML, like Gecko) Chrome/120.0.0.0 Safari/537.36"
34.123.149.87 - - [24/Aug/2026:17:41:46 +0500] "GET /uz/news-uzb/72-eski-juva-dehqo-bozori-aj-aktsiyadorlari-diqqatiga HTTP/1.1" 200 58152 "-" "Mozilla/5.0 (Macintosh; Intel Mac OS X 10_15_7) AppleWebKit/537.36 (KHTML, like Gecko) Chrome/120.0.0.0 Safari/537.36"
43.155.140.157 - - [24/Aug/2026:17:41:47 +0500] "GET /uz/?ismobile=1&start=52 HTTP/1.1" 200 69676 "-" "Mozilla/5.0 (iPhone; CPU iPhone OS 13_2_3 like Mac OS X) AppleWebKit/605.1.15 (KHTML, like Gecko) Version/13.0.3 Mobile/15E148 Safari/604.1"
185.191.171.14 - - [24/Aug/2026:17:42:26 +0500] "GET /ru/?start=4 HTTP/1.1" 200 64966 "-" "Mozilla/5.0 (compatible; SemrushBot/7~bl; +http://www.semrush.com/bot.html)"
34.171.68.95 - - [24/Aug/2026:17:44:13 +0500] "GET /uz/?function=call_user_func_array&start=44 HTTP/1.1" 200 69464 "-" "Mozilla/5.0 (Macintosh; Intel Mac OS X 10_15_7) AppleWebKit/537.36 (KHTML, like Gecko) Chrome/120.0.0.0 Safari/537.36"
34.171.68.95 - - [24/Aug/2026:17:44:44 +0500] "GET /ru/?start=16&template=accessibility HTTP/1.1" 200 35870 "-" "Mozilla/5.0 (Macintosh; Intel Mac OS X 10_15_7) AppleWebKit/537.36 (KHTML, like Gecko) Chrome/120.0.0.0 Safari/537.36"
85.208.96.203 - - [24/Aug/2026:17:44:47 +0500] "GET /uz/?_cb=6689739457058942012&start=4 HTTP/1.1" 200 68116 "-" "Mozilla/5.0 (compatible; SemrushBot/7~bl; +http://www.semrush.com/bot.html)"
185.191.171.12 - - [24/Aug/2026:17:44:51 +0500] "GET /ru/korp-upr-rus HTTP/1.1" 200 63119 "-" "Mozilla/5.0 (compatible; SemrushBot/7~bl; +http://www.semrush.com/bot.html)"
34.10.180.98 - - [24/Aug/2026:17:46:00 +0500] "GET /ru/component/search/?Itemid=163&format=opensearch HTTP/1.1" 200 743 "-" "Mozilla/5.0 (Macintosh; Intel Mac OS X 10_15_7) AppleWebKit/537.36 (KHTML, like Gecko) Chrome/120.0.0.0 Safari/537.36"
132.226.89.28 - - [24/Aug/2026:17:47:13 +0500] "GET /uz/facts-uzb/457-sush-fakt-08-15-04-2025ns-ej-pdf HTTP/1.1" 200 15601 "-" "Mozilla/5.0 (X11; Linux aarch64) AppleWebKit/537.36 (KHTML, like Gecko) Chrome/139.0.0.0 Safari/537.36"
132.226.89.28 - - [24/Aug/2026:17:47:25 +0500] "GET /uz/facts-uzb/457-sush-fakt-08-15-04-2025ns-ej-pdf HTTP/1.1" 200 57126 "-" "Mozilla/5.0 (X11; Linux aarch64) AppleWebKit/537.36 (KHTML, like Gecko) Chrome/139.0.0.0 Safari/537.36"
34.57.162.91 - - [24/Aug/2026:17:47:26 +0500] "GET /ru/about-org-rus/strategy-rus/238-bussiness-plan-2018-rus HTTP/1.1" 200 55524 "-" "Mozilla/5.0 (Macintosh; Intel Mac OS X 10_15_7) AppleWebKit/537.36 (KHTML, like Gecko) Chrome/120.0.0.0 Safari/537.36"
114.119.141.42 - - [24/Aug/2026:17:47:40 +0500] "GET /ru/about-org-rus/strategy-rus/325-bussiness-plan-2020-ru HTTP/1.1" 200 55460 "http://eskijuva-bozori.uz/ru/audit-rus/9-russian?start=20" "Mozilla/5.0 (Linux; Android 7.0;) AppleWebKit/537.36 (HTML, like Gecko) Mobile Safari/537.36 (compatible; PetalBot;+https://webmaster.petalsearch.com/site/petalbot)"
34.61.96.6 - - [24/Aug/2026:17:48:56 +0500] "GET /uz/component/search/?Itemid=146&catid=14&format=opensearch&id=396 HTTP/1.1" 200 769 "-" "Mozilla/5.0 (Macintosh; Intel Mac OS X 10_15_7) AppleWebKit/537.36 (KHTML, like Gecko) Chrome/120.0.0.0 Safari/537.36"
132.226.155.84 - - [24/Aug/2026:17:49:27 +0500] "GET /uz/news-uzb/412-meeting-04-09-2023-uz HTTP/1.1" 200 - "-" "Mozilla/5.0 (X11; Linux aarch64) AppleWebKit/537.36 (KHTML, like Gecko) Chrome/139.0.0.0 Safari/537.36"
132.226.155.84 - - [24/Aug/2026:17:49:31 +0500] "GET /uz/news-uzb/412-meeting-04-09-2023-uz HTTP/1.1" 200 - "-" "Mozilla/5.0 (X11; Linux aarch64) AppleWebKit/537.36 (KHTML, like Gecko) Chrome/139.0.0.0 Safari/537.36"
185.191.171.16 - - [24/Aug/2026:17:49:59 +0500] "GET /uz/jsc-docs-uzb/445-izm-osa-ns-2020-docx HTTP/1.1" 200 55848 "-" "Mozilla/5.0 (compatible; SemrushBot/7~bl; +http://www.semrush.com/bot.html)"
216.73.216.101 - - [24/Aug/2026:17:50:13 +0500] "GET /uz/?r=p4o8i5n2t8r3e6l905&start=48 HTTP/1.1" 200 68665 "-" "Mozilla/5.0 AppleWebKit/537.36 (KHTML, like Gecko; compatible; ClaudeBot/1.0; +claudebot@anthropic.com)"
216.73.216.101 - - [24/Aug/2026:17:50:18 +0500] "GET /uz/?r=p4o8i5n2t8r3e6l905 HTTP/1.1" 200 68050 "-" "Mozilla/5.0 AppleWebKit/537.36 (KHTML, like Gecko; compatible; ClaudeBot/1.0; +claudebot@anthropic.com)"
34.56.53.225 - - [24/Aug/2026:17:50:35 +0500] "GET /ru/officially-rus/ustav-rus/134-ustav-22-07-16-rus HTTP/1.1" 200 55493 "-" "Mozilla/5.0 (Macintosh; Intel Mac OS X 10_15_7) AppleWebKit/537.36 (KHTML, like Gecko) Chrome/120.0.0.0 Safari/537.36"
216.73.216.101 - - [24/Aug/2026:17:51:11 +0500] "GET /uz/?r=p4o8i5n2t8r3e6l905&start=20 HTTP/1.1" 200 68164 "-" "Mozilla/5.0 AppleWebKit/537.36 (KHTML, like Gecko; compatible; ClaudeBot/1.0; +claudebot@anthropic.com)"
85.208.96.201 - - [24/Aug/2026:17:52:01 +0500] "GET /uz/?_cb=5635810879191327036&start=32 HTTP/1.1" 200 68408 "-" "Mozilla/5.0 (compatible; SemrushBot/7~bl; +http://www.semrush.com/bot.html)"
216.73.216.101 - - [24/Aug/2026:17:52:05 +0500] "GET /uz/?r=p4o8i5n2t8r3e6l905&start=24 HTTP/1.1" 200 67895 "-" "Mozilla/5.0 AppleWebKit/537.36 (KHTML, like Gecko; compatible; ClaudeBot/1.0; +claudebot@anthropic.com)"
34.57.162.91 - - [24/Aug/2026:17:52:11 +0500] "GET /ru/votes-rus/415-bayon-kk-03-10-2023-pdf HTTP/1.1" 200 55250 "-" "Mozilla/5.0 (Macintosh; Intel Mac OS X 10_15_7) AppleWebKit/537.36 (KHTML, like Gecko) Chrome/120.0.0.0 Safari/537.36"
34.10.180.98 - - [24/Aug/2026:17:52:15 +0500] "GET /ru/officially-rus/norm-baza-rus?template=accessibility HTTP/1.1" 200 28882 "-" "Mozilla/5.0 (Macintosh; Intel Mac OS X 10_15_7) AppleWebKit/537.36 (KHTML, like Gecko) Chrome/120.0.0.0 Safari/537.36"
43.159.143.190 - - [24/Aug/2026:17:53:03 +0500] "GET /uz/?r=p4o8i5n2t8r3e6l905&start=52 HTTP/1.1" 200 68998 "-" "Mozilla/5.0 (iPhone; CPU iPhone OS 13_2_3 like Mac OS X) AppleWebKit/605.1.15 (KHTML, like Gecko) Version/13.0.3 Mobile/15E148 Safari/604.1"
85.208.96.204 - - [24/Aug/2026:17:53:08 +0500] "GET /uz/about-org-uzb/indexes-uzb/10-uzbek?start=30 HTTP/1.1" 200 66319 "-" "Mozilla/5.0 (compatible; SemrushBot/7~bl; +http://www.semrush.com/bot.html)"
216.73.216.101 - - [24/Aug/2026:17:53:27 +0500] "GET /uz/?r=m9u8m0p9e1d56468&start=36 HTTP/1.1" 200 69656 "-" "Mozilla/5.0 AppleWebKit/537.36 (KHTML, like Gecko; compatible; ClaudeBot/1.0; +claudebot@anthropic.com)"
192.178.7.129 - - [24/Aug/2026:17:53:46 +0500] "GET /uz/ HTTP/1.1" 200 68273 "-" "Mozilla/5.0 (Linux; Android 6.0.1; Nexus 5X Build/MMB29P) AppleWebKit/537.36 (KHTML, like Gecko) Chrome/151.0.7922.137 Mobile Safari/537.36 (compatible; Googlebot/2.1; +http://www.google.com/bot.html)"
192.178.7.129 - - [24/Aug/2026:17:53:51 +0500] "GET /media/jui/js/jquery.min.js?bdca9f4aaac7efa5c50df0d08fc1d8dd HTTP/1.1" 200 97646 "http://eskijuva-bozori.uz/uz/" "Mozilla/5.0 (Linux; Android 6.0.1; Nexus 5X Build/MMB29P) AppleWebKit/537.36 (KHTML, like Gecko) Chrome/151.0.7922.137 Mobile Safari/537.36 (compatible; Googlebot/2.1; +http://www.google.com/bot.html)"
192.178.7.129 - - [24/Aug/2026:17:53:55 +0500] "GET /templates/yoo_master2/warp/vendor/uikit/js/components/search.js HTTP/1.1" 200 2715 "http://eskijuva-bozori.uz/uz/" "Mozilla/5.0 (Linux; Android 6.0.1; Nexus 5X Build/MMB29P) AppleWebKit/537.36 (KHTML, like Gecko) Chrome/151.0.7922.137 Mobile Safari/537.36 (compatible; Googlebot/2.1; +http://www.google.com/bot.html)"
192.178.7.129 - - [24/Aug/2026:17:53:57 +0500] "GET /templates/yoo_master2/warp/vendor/uikit/js/components/parallax.js HTTP/1.1" 200 5890 "http://eskijuva-bozori.uz/uz/" "Mozilla/5.0 (Linux; Android 6.0.1; Nexus 5X Build/MMB29P) AppleWebKit/537.36 (KHTML, like Gecko) Chrome/151.0.7922.137 Mobile Safari/537.36 (compatible; Googlebot/2.1; +http://www.google.com/bot.html)"
192.178.7.129 - - [24/Aug/2026:17:53:59 +0500] "GET /templates/yoo_master2/warp/vendor/uikit/js/uikit.js HTTP/1.1" 200 56240 "http://eskijuva-bozori.uz/uz/" "Mozilla/5.0 (Linux; Android 6.0.1; Nexus 5X Build/MMB29P) AppleWebKit/537.36 (KHTML, like Gecko) Chrome/151.0.7922.137 Mobile Safari/537.36 (compatible; Googlebot/2.1; +http://www.google.com/bot.html)"
34.10.180.98 - - [24/Aug/2026:17:54:08 +0500] "GET /docs/2022/konf_int-ru.docx HTTP/1.1" 200 41996 "-" "Mozilla/5.0 (Macintosh; Intel Mac OS X 10_15_7) AppleWebKit/537.36 (KHTML, like Gecko) Chrome/120.0.0.0 Safari/537.36"
216.73.216.101 - - [24/Aug/2026:17:54:57 +0500] "GET /uz/?r=p4o8i5n2t8r3e6l905&start=44 HTTP/1.1" 200 69427 "-" "Mozilla/5.0 AppleWebKit/537.36 (KHTML, like Gecko; compatible; ClaudeBot/1.0; +claudebot@anthropic.com)"
216.73.216.101 - - [24/Aug/2026:17:55:00 +0500] "GET /uz/?r=p4o8i5n2t8r3e6l905&start=40 HTTP/1.1" 200 68523 "-" "Mozilla/5.0 AppleWebKit/537.36 (KHTML, like Gecko; compatible; ClaudeBot/1.0; +claudebot@anthropic.com)"
34.57.162.91 - - [24/Aug/2026:17:55:11 +0500] "GET /uz/facts-uzb/337-32-fact-02-04-2021 HTTP/1.1" 200 56769 "-" "Mozilla/5.0 (Macintosh; Intel Mac OS X 10_15_7) AppleWebKit/537.36 (KHTML, like Gecko) Chrome/120.0.0.0 Safari/537.36"
85.208.96.197 - - [24/Aug/2026:17:55:16 +0500] "GET /uz/about-org-uzb/indexes-uzb/16-uzbek/officially-uzb HTTP/1.1" 200 60108 "-" "Mozilla/5.0 (compatible; SemrushBot/7~bl; +http://www.semrush.com/bot.html)"
185.191.171.15 - - [24/Aug/2026:17:56:02 +0500] "GET /uz/?function=call_user_func_array&s=index%2Fthink%2Fapp%2Finvokefunction&start=12&vars%5B0%5D=phpinfo&vars%5B1%5D%5B0%5D=1 HTTP/1.1" 200 68495 "-" "Mozilla/5.0 (compatible; SemrushBot/7~bl; +http://www.semrush.com/bot.html)"
216.73.216.101 - - [24/Aug/2026:17:56:07 +0500] "GET /uz/?r=m9u8m0p9e1d56468&start=40 HTTP/1.1" 200 68521 "-" "Mozilla/5.0 AppleWebKit/537.36 (KHTML, like Gecko; compatible; ClaudeBot/1.0; +claudebot@anthropic.com)"
34.56.53.225 - - [24/Aug/2026:17:56:37 +0500] "GET /uz/component/search/?Itemid=175&catid=31&format=opensearch&id=442 HTTP/1.1" 200 766 "-" "Mozilla/5.0 (Macintosh; Intel Mac OS X 10_15_7) AppleWebKit/537.36 (KHTML, like Gecko) Chrome/120.0.0.0 Safari/537.36"
216.73.216.101 - - [24/Aug/2026:17:57:09 +0500] "GET /uz/?r=p4o8i5n2t8r3e6l905&start=16 HTTP/1.1" 200 68345 "-" "Mozilla/5.0 AppleWebKit/537.36 (KHTML, like Gecko; compatible; ClaudeBot/1.0; +claudebot@anthropic.com)"
185.191.171.19 - - [24/Aug/2026:17:57:10 +0500] "GET /uz/?phpinfo=1&start=48 HTTP/1.1" 200 68940 "-" "Mozilla/5.0 (compatible; SemrushBot/7~bl; +http://www.semrush.com/bot.html)"
98.80.16.166 - - [24/Aug/2026:17:57:53 +0500] "GET /robots.txt HTTP/1.1" 200 111 "-" "Mozilla/5.0 (Macintosh; Intel Mac OS X 10_10_1) AppleWebKit/600.2.5 (KHTML, like Gecko) Version/8.0.2 Safari/600.2.5 (Gort)"
34.42.229.145 - - [24/Aug/2026:18:00:13 +0500] "GET /ru/officially-rus/arkhiv?format=feed&template=accessibility&type=atom HTTP/1.1" 200 15660 "-" "Mozilla/5.0 (Macintosh; Intel Mac OS X 10_15_7) AppleWebKit/537.36 (KHTML, like Gecko) Chrome/120.0.0.0 Safari/537.36"
34.171.68.95 - - [24/Aug/2026:18:01:14 +0500] "GET /uz/about-org-uzb/indexes-uzb/409-reports-2023-uzb HTTP/1.1" 200 57920 "-" "Mozilla/5.0 (Macintosh; Intel Mac OS X 10_15_7) AppleWebKit/537.36 (KHTML, like Gecko) Chrome/120.0.0.0 Safari/537.36"
101.33.81.73 - - [24/Aug/2026:18:01:21 +0500] "GET /uz/?r=p4o8i5n2t8r3e6l905 HTTP/1.1" 200 68050 "-" "Mozilla/5.0 (iPhone; CPU iPhone OS 13_2_3 like Mac OS X) AppleWebKit/605.1.15 (KHTML, like Gecko) Version/13.0.3 Mobile/15E148 Safari/604.1"
52.205.50.5 - - [24/Aug/2026:18:03:49 +0500] "GET / HTTP/1.1" 301 - "-" "Mozilla/5.0 (Windows NT 10.0; Win64; x64) AppleWebKit/537.36 (KHTML, like Gecko) Chrome/115.0.0.0 Safari/537.36"
52.205.50.5 - - [24/Aug/2026:18:03:52 +0500] "GET /uz/ HTTP/1.1" 200 68351 "-" "Mozilla/5.0 (Windows NT 10.0; Win64; x64) AppleWebKit/537.36 (KHTML, like Gecko) Chrome/115.0.0.0 Safari/537.36"
129.146.233.116 - - [24/Aug/2026:18:04:35 +0500] "GET /uz/korp-upr-uzb?start=10&template=accessibility HTTP/1.1" 200 28210 "-" "Mozilla/5.0 (X11; Linux aarch64) AppleWebKit/537.36 (KHTML, like Gecko) Chrome/139.0.0.0 Safari/537.36"
85.208.96.207 - - [24/Aug/2026:18:05:03 +0500] "GET /robots.txt HTTP/1.1" 200 111 "-" "Mozilla/5.0 (compatible; SemrushBot/7~bl; +http://www.semrush.com/bot.html)"
85.208.96.211 - - [24/Aug/2026:18:05:03 +0500] "GET /uz/news-uzb?start=28&template=yoo_master2 HTTP/1.1" 200 62811 "-" "Mozilla/5.0 (compatible; SemrushBot/7~bl; +http://www.semrush.com/bot.html)"
34.171.68.95 - - [24/Aug/2026:18:05:32 +0500] "GET /docs/2024/balans-3-2024-ejb.pdf HTTP/1.1" 200 104840 "-" "Mozilla/5.0 (Macintosh; Intel Mac OS X 10_15_7) AppleWebKit/537.36 (KHTML, like Gecko) Chrome/120.0.0.0 Safari/537.36"
185.191.171.18 - - [24/Aug/2026:18:06:18 +0500] "GET /uz/?author=17&start=44 HTTP/1.1" 200 69384 "-" "Mozilla/5.0 (compatible; SemrushBot/7~bl; +http://www.semrush.com/bot.html)"
34.171.68.95 - - [24/Aug/2026:18:07:52 +0500] "GET /uz/component/search/?Itemid=172&catid=26&format=opensearch&id=474 HTTP/1.1" 200 769 "-" "Mozilla/5.0 (Macintosh; Intel Mac OS X 10_15_7) AppleWebKit/537.36 (KHTML, like Gecko) Chrome/120.0.0.0 Safari/537.36"
136.119.35.120 - - [24/Aug/2026:18:08:58 +0500] "GET /ru/officially-rus/old-acts-rus/61-comissions-old HTTP/1.1" 200 60739 "-" "Mozilla/5.0 (Macintosh; Intel Mac OS X 10_15_7) AppleWebKit/537.36 (KHTML, like Gecko) Chrome/120.0.0.0 Safari/537.36"
216.73.216.101 - - [24/Aug/2026:18:09:06 +0500] "GET /robots.txt HTTP/1.1" 200 111 "-" "Mozilla/5.0 AppleWebKit/537.36 (KHTML, like Gecko; compatible; ClaudeBot/1.0; +claudebot@anthropic.com)"
216.73.216.101 - - [24/Aug/2026:18:09:06 +0500] "GET /shops/steadfast/d9e2c4o1m2p6o9s3i2t9i7on HTTP/1.1" 301 - "-" "Mozilla/5.0 AppleWebKit/537.36 (KHTML, like Gecko; compatible; ClaudeBot/1.0; +claudebot@anthropic.com)"
216.73.216.101 - - [24/Aug/2026:18:09:07 +0500] "GET /uz/shops/steadfast/d9e2c4o1m2p6o9s3i2t9i7on HTTP/1.1" 404 1215 "http://eskijuva-bozori.uz/shops/steadfast/d9e2c4o1m2p6o9s3i2t9i7on" "Mozilla/5.0 AppleWebKit/537.36 (KHTML, like Gecko; compatible; ClaudeBot/1.0; +claudebot@anthropic.com)"
216.73.216.101 - - [24/Aug/2026:18:09:09 +0500] "GET /?r=d9r6o8w3s8i5h4e5a2d5 HTTP/1.1" 301 - "-" "Mozilla/5.0 AppleWebKit/537.36 (KHTML, like Gecko; compatible; ClaudeBot/1.0; +claudebot@anthropic.com)"
216.73.216.101 - - [24/Aug/2026:18:09:11 +0500] "GET /uz/?r=d9r6o8w3s8i5h4e5a2d5 HTTP/1.1" 200 68080 "http://eskijuva-bozori.uz/?r=d9r6o8w3s8i5h4e5a2d5" "Mozilla/5.0 AppleWebKit/537.36 (KHTML, like Gecko; compatible; ClaudeBot/1.0; +claudebot@anthropic.com)"
216.73.216.101 - - [24/Aug/2026:18:09:15 +0500] "GET /authorism/entomologic/91354331515 HTTP/1.1" 301 - "-" "Mozilla/5.0 AppleWebKit/537.36 (KHTML, like Gecko; compatible; ClaudeBot/1.0; +claudebot@anthropic.com)"
216.73.216.101 - - [24/Aug/2026:18:09:16 +0500] "GET /uz/authorism/entomologic/91354331515 HTTP/1.1" 404 1215 "http://eskijuva-bozori.uz/authorism/entomologic/91354331515" "Mozilla/5.0 AppleWebKit/537.36 (KHTML, like Gecko; compatible; ClaudeBot/1.0; +claudebot@anthropic.com)"
216.73.216.101 - - [24/Aug/2026:18:09:18 +0500] "GET /?r=o9d2d7e4r3102298 HTTP/1.1" 301 - "-" "Mozilla/5.0 AppleWebKit/537.36 (KHTML, like Gecko; compatible; ClaudeBot/1.0; +claudebot@anthropic.com)"
216.73.216.101 - - [24/Aug/2026:18:09:19 +0500] "GET /uz/?r=o9d2d7e4r3102298 HTTP/1.1" 200 68076 "http://eskijuva-bozori.uz/?r=o9d2d7e4r3102298" "Mozilla/5.0 AppleWebKit/537.36 (KHTML, like Gecko; compatible; ClaudeBot/1.0; +claudebot@anthropic.com)"
216.73.216.101 - - [24/Aug/2026:18:09:24 +0500] "GET /?r=s9a3l6a2m8a7n4d2r7i6n8a HTTP/1.1" 301 - "-" "Mozilla/5.0 AppleWebKit/537.36 (KHTML, like Gecko; compatible; ClaudeBot/1.0; +claudebot@anthropic.com)"
216.73.216.101 - - [24/Aug/2026:18:09:25 +0500] "GET /uz/?r=s9a3l6a2m8a7n4d2r7i6n8a HTTP/1.1" 200 68083 "http://eskijuva-bozori.uz/?r=s9a3l6a2m8a7n4d2r7i6n8a" "Mozilla/5.0 AppleWebKit/537.36 (KHTML, like Gecko; compatible; ClaudeBot/1.0; +claudebot@anthropic.com)"
216.73.216.101 - - [24/Aug/2026:18:09:30 +0500] "GET /shops/impinging/m9e3m8b1e2r395002 HTTP/1.1" 301 - "-" "Mozilla/5.0 AppleWebKit/537.36 (KHTML, like Gecko; compatible; ClaudeBot/1.0; +claudebot@anthropic.com)"
216.73.216.101 - - [24/Aug/2026:18:09:31 +0500] "GET /uz/shops/impinging/m9e3m8b1e2r395002 HTTP/1.1" 404 1215 "http://eskijuva-bozori.uz/shops/impinging/m9e3m8b1e2r395002" "Mozilla/5.0 AppleWebKit/537.36 (KHTML, like Gecko; compatible; ClaudeBot/1.0; +claudebot@anthropic.com)"
216.73.216.101 - - [24/Aug/2026:18:09:34 +0500] "GET /shops/eupittonic/f9e2e1l2i7n7g61019 HTTP/1.1" 301 - "-" "Mozilla/5.0 AppleWebKit/537.36 (KHTML, like Gecko; compatible; ClaudeBot/1.0; +claudebot@anthropic.com)"
216.73.216.101 - - [24/Aug/2026:18:09:35 +0500] "GET /uz/shops/eupittonic/f9e2e1l2i7n7g61019 HTTP/1.1" 404 1215 "http://eskijuva-bozori.uz/shops/eupittonic/f9e2e1l2i7n7g61019" "Mozilla/5.0 AppleWebKit/537.36 (KHTML, like Gecko; compatible; ClaudeBot/1.0; +claudebot@anthropic.com)"
216.73.216.101 - - [24/Aug/2026:18:09:39 +0500] "GET /shops/nondenominational/c9h2a9n8g4e6s1p4e3e7d4 HTTP/1.1" 301 - "-" "Mozilla/5.0 AppleWebKit/537.36 (KHTML, like Gecko; compatible; ClaudeBot/1.0; +claudebot@anthropic.com)"
216.73.216.101 - - [24/Aug/2026:18:09:40 +0500] "GET /uz/shops/nondenominational/c9h2a9n8g4e6s1p4e3e7d4 HTTP/1.1" 404 1215 "http://eskijuva-bozori.uz/shops/nondenominational/c9h2a9n8g4e6s1p4e3e7d4" "Mozilla/5.0 AppleWebKit/537.36 (KHTML, like Gecko; compatible; ClaudeBot/1.0; +claudebot@anthropic.com)"
216.73.216.101 - - [24/Aug/2026:18:09:45 +0500] "GET /?r=e9s3t9r0a6d1e52428 HTTP/1.1" 301 - "-" "Mozilla/5.0 AppleWebKit/537.36 (KHTML, like Gecko; compatible; ClaudeBot/1.0; +claudebot@anthropic.com)"
216.73.216.101 - - [24/Aug/2026:18:09:48 +0500] "GET /uz/?r=e9s3t9r0a6d1e52428 HTTP/1.1" 200 68078 "http://eskijuva-bozori.uz/?r=e9s3t9r0a6d1e52428" "Mozilla/5.0 AppleWebKit/537.36 (KHTML, like Gecko; compatible; ClaudeBot/1.0; +claudebot@anthropic.com)"
216.73.216.101 - - [24/Aug/2026:18:09:54 +0500] "GET /?r=i9d3e2o9m7o9t6i3o7n70 HTTP/1.1" 301 - "-" "Mozilla/5.0 AppleWebKit/537.36 (KHTML, like Gecko; compatible; ClaudeBot/1.0; +claudebot@anthropic.com)"
216.73.216.101 - - [24/Aug/2026:18:09:56 +0500] "GET /uz/?r=i9d3e2o9m7o9t6i3o7n70 HTTP/1.1" 200 68081 "http://eskijuva-bozori.uz/?r=i9d3e2o9m7o9t6i3o7n70" "Mozilla/5.0 AppleWebKit/537.36 (KHTML, like Gecko; compatible; ClaudeBot/1.0; +claudebot@anthropic.com)"
216.73.216.101 - - [24/Aug/2026:18:09:59 +0500] "GET /shops/plethodon/d9e4g1e1r1m97160 HTTP/1.1" 301 - "-" "Mozilla/5.0 AppleWebKit/537.36 (KHTML, like Gecko; compatible; ClaudeBot/1.0; +claudebot@anthropic.com)"
216.73.216.101 - - [24/Aug/2026:18:10:01 +0500] "GET /uz/shops/plethodon/d9e4g1e1r1m97160 HTTP/1.1" 404 1215 "http://eskijuva-bozori.uz/shops/plethodon/d9e4g1e1r1m97160" "Mozilla/5.0 AppleWebKit/537.36 (KHTML, like Gecko; compatible; ClaudeBot/1.0; +claudebot@anthropic.com)"
216.73.216.101 - - [24/Aug/2026:18:10:05 +0500] "GET /?r=t9a3b5e6r3843902 HTTP/1.1" 301 - "-" "Mozilla/5.0 AppleWebKit/537.36 (KHTML, like Gecko; compatible; ClaudeBot/1.0; +claudebot@anthropic.com)"
216.73.216.101 - - [24/Aug/2026:18:10:06 +0500] "GET /uz/?r=t9a3b5e6r3843902 HTTP/1.1" 200 68076 "http://eskijuva-bozori.uz/?r=t9a3b5e6r3843902" "Mozilla/5.0 AppleWebKit/537.36 (KHTML, like Gecko; compatible; ClaudeBot/1.0; +claudebot@anthropic.com)"
216.73.216.101 - - [24/Aug/2026:18:10:09 +0500] "GET /shops/trustless/m9e2s2s7u2p115124 HTTP/1.1" 301 - "-" "Mozilla/5.0 AppleWebKit/537.36 (KHTML, like Gecko; compatible; ClaudeBot/1.0; +claudebot@anthropic.com)"
216.73.216.101 - - [24/Aug/2026:18:10:10 +0500] "GET /uz/shops/trustless/m9e2s2s7u2p115124 HTTP/1.1" 404 1215 "http://eskijuva-bozori.uz/shops/trustless/m9e2s2s7u2p115124" "Mozilla/5.0 AppleWebKit/537.36 (KHTML, like Gecko; compatible; ClaudeBot/1.0; +claudebot@anthropic.com)"
216.73.216.101 - - [24/Aug/2026:18:10:15 +0500] "GET /?r=d9e1i5g0n8e8d39543 HTTP/1.1" 301 - "-" "Mozilla/5.0 AppleWebKit/537.36 (KHTML, like Gecko; compatible; ClaudeBot/1.0; +claudebot@anthropic.com)"
216.73.216.101 - - [24/Aug/2026:18:10:16 +0500] "GET /uz/?r=d9e1i5g0n8e8d39543 HTTP/1.1" 200 68078 "http://eskijuva-bozori.uz/?r=d9e1i5g0n8e8d39543" "Mozilla/5.0 AppleWebKit/537.36 (KHTML, like Gecko; compatible; ClaudeBot/1.0; +claudebot@anthropic.com)"
216.73.216.101 - - [24/Aug/2026:18:10:22 +0500] "GET /shops/lacebark/s9u1d7d2e2n351306 HTTP/1.1" 301 - "-" "Mozilla/5.0 AppleWebKit/537.36 (KHTML, like Gecko; compatible; ClaudeBot/1.0; +claudebot@anthropic.com)"
216.73.216.101 - - [24/Aug/2026:18:10:24 +0500] "GET /uz/shops/lacebark/s9u1d7d2e2n351306 HTTP/1.1" 404 1215 "http://eskijuva-bozori.uz/shops/lacebark/s9u1d7d2e2n351306" "Mozilla/5.0 AppleWebKit/537.36 (KHTML, like Gecko; compatible; ClaudeBot/1.0; +claudebot@anthropic.com)"
216.73.216.101 - - [24/Aug/2026:18:10:29 +0500] "GET /?r=a9l1e3a5k7708204 HTTP/1.1" 301 - "-" "Mozilla/5.0 AppleWebKit/537.36 (KHTML, like Gecko; compatible; ClaudeBot/1.0; +claudebot@anthropic.com)"
216.73.216.101 - - [24/Aug/2026:18:10:31 +0500] "GET /uz/?r=a9l1e3a5k7708204 HTTP/1.1" 200 68076 "http://eskijuva-bozori.uz/?r=a9l1e3a5k7708204" "Mozilla/5.0 AppleWebKit/537.36 (KHTML, like Gecko; compatible; ClaudeBot/1.0; +claudebot@anthropic.com)"
216.73.216.101 - - [24/Aug/2026:18:10:36 +0500] "GET /?r=f9l7a7p2p3e0r0082 HTTP/1.1" 301 - "-" "Mozilla/5.0 AppleWebKit/537.36 (KHTML, like Gecko; compatible; ClaudeBot/1.0; +claudebot@anthropic.com)"
216.73.216.101 - - [24/Aug/2026:18:10:37 +0500] "GET /uz/?r=f9l7a7p2p3e0r0082 HTTP/1.1" 200 68077 "http://eskijuva-bozori.uz/?r=f9l7a7p2p3e0r0082" "Mozilla/5.0 AppleWebKit/537.36 (KHTML, like Gecko; compatible; ClaudeBot/1.0; +claudebot@anthropic.com)"
216.73.216.101 - - [24/Aug/2026:18:10:46 +0500] "GET /?r=r9e2c9o8m9f9o7r3t8u3r4e HTTP/1.1" 301 - "-" "Mozilla/5.0 AppleWebKit/537.36 (KHTML, like Gecko; compatible; ClaudeBot/1.0; +claudebot@anthropic.com)"
216.73.216.101 - - [24/Aug/2026:18:10:47 +0500] "GET /uz/?r=r9e2c9o8m9f9o7r3t8u3r4e HTTP/1.1" 200 68083 "http://eskijuva-bozori.uz/?r=r9e2c9o8m9f9o7r3t8u3r4e" "Mozilla/5.0 AppleWebKit/537.36 (KHTML, like Gecko; compatible; ClaudeBot/1.0; +claudebot@anthropic.com)"
216.73.216.101 - - [24/Aug/2026:18:10:53 +0500] "GET /shops/addorsed/r9e3c9r4e7a1t7e2d288 HTTP/1.1" 301 - "-" "Mozilla/5.0 AppleWebKit/537.36 (KHTML, like Gecko; compatible; ClaudeBot/1.0; +claudebot@anthropic.com)"
216.73.216.101 - - [24/Aug/2026:18:10:55 +0500] "GET /uz/shops/addorsed/r9e3c9r4e7a1t7e2d288 HTTP/1.1" 404 1215 "http://eskijuva-bozori.uz/shops/addorsed/r9e3c9r4e7a1t7e2d288" "Mozilla/5.0 AppleWebKit/537.36 (KHTML, like Gecko; compatible; ClaudeBot/1.0; +claudebot@anthropic.com)"
216.73.216.101 - - [24/Aug/2026:18:11:03 +0500] "GET /shops/refraction/w9a1c7i2a7n103633 HTTP/1.1" 301 - "-" "Mozilla/5.0 AppleWebKit/537.36 (KHTML, like Gecko; compatible; ClaudeBot/1.0; +claudebot@anthropic.com)"
216.73.216.101 - - [24/Aug/2026:18:11:04 +0500] "GET /uz/shops/refraction/w9a1c7i2a7n103633 HTTP/1.1" 404 1215 "http://eskijuva-bozori.uz/shops/refraction/w9a1c7i2a7n103633" "Mozilla/5.0 AppleWebKit/537.36 (KHTML, like Gecko; compatible; ClaudeBot/1.0; +claudebot@anthropic.com)"
216.73.216.101 - - [24/Aug/2026:18:11:13 +0500] "GET /?r=l9o2b4o7p0h4o4r4a949 HTTP/1.1" 301 - "-" "Mozilla/5.0 AppleWebKit/537.36 (KHTML, like Gecko; compatible; ClaudeBot/1.0; +claudebot@anthropic.com)"
216.73.216.101 - - [24/Aug/2026:18:11:14 +0500] "GET /uz/?r=l9o2b4o7p0h4o4r4a949 HTTP/1.1" 200 68080 "http://eskijuva-bozori.uz/?r=l9o2b4o7p0h4o4r4a949" "Mozilla/5.0 AppleWebKit/537.36 (KHTML, like Gecko; compatible; ClaudeBot/1.0; +claudebot@anthropic.com)"
216.73.216.101 - - [24/Aug/2026:18:11:17 +0500] "GET /shops/moote/c9i1c8a6t4r3i3z0e0d5 HTTP/1.1" 301 - "-" "Mozilla/5.0 AppleWebKit/537.36 (KHTML, like Gecko; compatible; ClaudeBot/1.0; +claudebot@anthropic.com)"
216.73.216.101 - - [24/Aug/2026:18:11:18 +0500] "GET /uz/shops/moote/c9i1c8a6t4r3i3z0e0d5 HTTP/1.1" 404 1215 "http://eskijuva-bozori.uz/shops/moote/c9i1c8a6t4r3i3z0e0d5" "Mozilla/5.0 AppleWebKit/537.36 (KHTML, like Gecko; compatible; ClaudeBot/1.0; +claudebot@anthropic.com)"
43.165.167.72 - - [24/Aug/2026:18:11:23 +0500] "GET /ru/affil-rus HTTP/1.1" 200 54934 "-" "Mozilla/5.0 (iPhone; CPU iPhone OS 13_2_3 like Mac OS X) AppleWebKit/605.1.15 (KHTML, like Gecko) Version/13.0.3 Mobile/15E148 Safari/604.1"
216.73.216.101 - - [24/Aug/2026:18:11:27 +0500] "GET /gastrolobium/fretwork/94024063678 HTTP/1.1" 301 - "-" "Mozilla/5.0 AppleWebKit/537.36 (KHTML, like Gecko; compatible; ClaudeBot/1.0; +claudebot@anthropic.com)"
216.73.216.101 - - [24/Aug/2026:18:11:30 +0500] "GET /uz/gastrolobium/fretwork/94024063678 HTTP/1.1" 404 1215 "http://eskijuva-bozori.uz/gastrolobium/fretwork/94024063678" "Mozilla/5.0 AppleWebKit/537.36 (KHTML, like Gecko; compatible; ClaudeBot/1.0; +claudebot@anthropic.com)"
216.73.216.101 - - [24/Aug/2026:18:11:37 +0500] "GET /?r=c9h1r4o7m9o3p7h3a8n5e0 HTTP/1.1" 301 - "-" "Mozilla/5.0 AppleWebKit/537.36 (KHTML, like Gecko; compatible; ClaudeBot/1.0; +claudebot@anthropic.com)"
185.191.171.10 - - [24/Aug/2026:18:11:38 +0500] "GET /uz/officially-uzb/norm-baza-uzb/16-uzbek/officially-uzb HTTP/1.1" 200 61645 "-" "Mozilla/5.0 (compatible; SemrushBot/7~bl; +http://www.semrush.com/bot.html)"
216.73.216.101 - - [24/Aug/2026:18:11:41 +0500] "GET /uz/?r=c9h1r4o7m9o3p7h3a8n5e0 HTTP/1.1" 200 68082 "http://eskijuva-bozori.uz/?r=c9h1r4o7m9o3p7h3a8n5e0" "Mozilla/5.0 AppleWebKit/537.36 (KHTML, like Gecko; compatible; ClaudeBot/1.0; +claudebot@anthropic.com)"
