216.73.216.20 - - [25/Aug/2026:01:24:53 +0500] "GET /uz/?r=b9a3r2t7r1a5m2i9a440 HTTP/1.1" 200 68241 "http://eskijuva-bozori.uz/?r=b9a3r2t7r1a5m2i9a440" "Mozilla/5.0 AppleWebKit/537.36 (KHTML, like Gecko; compatible; ClaudeBot/1.0; +claudebot@anthropic.com)"
216.73.216.20 - - [25/Aug/2026:01:24:59 +0500] "GET /uz/?r=g9o1o2d5f1e8l3l2o2w64 HTTP/1.1" 200 68242 "http://eskijuva-bozori.uz/?r=g9o1o2d5f1e8l3l2o2w64" "Mozilla/5.0 AppleWebKit/537.36 (KHTML, like Gecko; compatible; ClaudeBot/1.0; +claudebot@anthropic.com)"
216.73.216.20 - - [25/Aug/2026:01:25:03 +0500] "GET /?r=t9r1a8n5s4i4t4o7r2y62 HTTP/1.1" 301 - "-" "Mozilla/5.0 AppleWebKit/537.36 (KHTML, like Gecko; compatible; ClaudeBot/1.0; +claudebot@anthropic.com)"
34.30.223.149 - - [25/Aug/2026:01:25:04 +0500] "GET /ru/facts-rus?start=15&template=yoo_master2 HTTP/1.1" 200 67696 "-" "Mozilla/5.0 (Macintosh; Intel Mac OS X 10_15_7) AppleWebKit/537.36 (KHTML, like Gecko) Chrome/120.0.0.0 Safari/537.36"
216.73.216.20 - - [25/Aug/2026:01:25:08 +0500] "GET /uz/?r=t9r1a8n5s4i4t4o7r2y62 HTTP/1.1" 200 68242 "http://eskijuva-bozori.uz/?r=t9r1a8n5s4i4t4o7r2y62" "Mozilla/5.0 AppleWebKit/537.36 (KHTML, like Gecko; compatible; ClaudeBot/1.0; +claudebot@anthropic.com)"
216.73.216.20 - - [25/Aug/2026:01:25:27 +0500] "GET /?r=e9t2r5u2r4i7a8n7563 HTTP/1.1" 301 - "-" "Mozilla/5.0 AppleWebKit/537.36 (KHTML, like Gecko; compatible; ClaudeBot/1.0; +claudebot@anthropic.com)"
185.191.171.14 - - [25/Aug/2026:01:25:32 +0500] "GET /ru/facts-rus/58-03-emitentning-olij-boshqaruv-organi-tomonidan-qabul-qilingan-qarorlar-2 HTTP/1.1" 200 65858 "-" "Mozilla/5.0 (compatible; SemrushBot/7~bl; +http://www.semrush.com/bot.html)"
216.73.216.20 - - [25/Aug/2026:01:25:34 +0500] "GET /uz/?r=e9t2r5u2r4i7a8n7563 HTTP/1.1" 200 68240 "http://eskijuva-bozori.uz/?r=e9t2r5u2r4i7a8n7563" "Mozilla/5.0 AppleWebKit/537.36 (KHTML, like Gecko; compatible; ClaudeBot/1.0; +claudebot@anthropic.com)"
216.73.216.20 - - [25/Aug/2026:01:25:48 +0500] "GET /uz/?%60=a3t2r8i5u0m12218&start=4 HTTP/1.1" 200 67959 "-" "Mozilla/5.0 AppleWebKit/537.36 (KHTML, like Gecko; compatible; ClaudeBot/1.0; +claudebot@anthropic.com)"
85.208.96.203 - - [25/Aug/2026:01:25:48 +0500] "GET /uz/?function=call_user_func_array&s=index%2Fthink%5Capp%2Finvokefunction&start=24&vars%5B0%5D=phpinfo&vars%5B1%5D%5B0%5D=1 HTTP/1.1" 200 68270 "-" "Mozilla/5.0 (compatible; SemrushBot/7~bl; +http://www.semrush.com/bot.html)"
216.73.216.20 - - [25/Aug/2026:01:26:11 +0500] "GET /uz/?r=p4i2c5t0u4r1a28660&start=16 HTTP/1.1" 200 67659 "-" "Mozilla/5.0 AppleWebKit/537.36 (KHTML, like Gecko; compatible; ClaudeBot/1.0; +claudebot@anthropic.com)"
216.73.216.20 - - [25/Aug/2026:01:26:25 +0500] "GET /shops/porcelainized/e9l3u5s1i3v7e3n6e8s7s5 HTTP/1.1" 508 288 "-" "Mozilla/5.0 AppleWebKit/537.36 (KHTML, like Gecko; compatible; ClaudeBot/1.0; +claudebot@anthropic.com)"
34.123.149.87 - - [25/Aug/2026:01:26:43 +0500] "GET /uz/?function=call_user_func_array&start=52 HTTP/1.1" 200 69045 "-" "Mozilla/5.0 (Macintosh; Intel Mac OS X 10_15_7) AppleWebKit/537.36 (KHTML, like Gecko) Chrome/120.0.0.0 Safari/537.36"
216.73.216.20 - - [25/Aug/2026:01:26:53 +0500] "GET /?r=p9o3n7g9h9e3e24013 HTTP/1.1" 301 - "-" "Mozilla/5.0 AppleWebKit/537.36 (KHTML, like Gecko; compatible; ClaudeBot/1.0; +claudebot@anthropic.com)"
104.28.240.84 - - [25/Aug/2026:01:27:19 +0500] "GET /wp-login.php HTTP/1.1" 508 288 "-" "Mozilla/5.0"
104.28.240.84 - - [25/Aug/2026:01:27:19 +0500] "GET /wp-login.php HTTP/1.1" 508 288 "-" "Mozilla/5.0"
216.73.216.20 - - [25/Aug/2026:01:27:14 +0500] "GET /?r=g9o2n5i2a9t3i4t7e20 HTTP/1.1" 301 - "-" "Mozilla/5.0 AppleWebKit/537.36 (KHTML, like Gecko; compatible; ClaudeBot/1.0; +claudebot@anthropic.com)"
129.146.26.38 - - [25/Aug/2026:01:27:17 +0500] "GET /uz/officially-uzb/tenders-uzb?template=yoo_master2 HTTP/1.1" 200 - "-" "Mozilla/5.0 (X11; Linux aarch64) AppleWebKit/537.36 (KHTML, like Gecko) Chrome/139.0.0.0 Safari/537.36"
216.73.216.20 - - [25/Aug/2026:01:27:30 +0500] "GET /?r=c9e4l0l7u1l2i6t2i1s32 HTTP/1.1" 301 - "-" "Mozilla/5.0 AppleWebKit/537.36 (KHTML, like Gecko; compatible; ClaudeBot/1.0; +claudebot@anthropic.com)"
34.171.68.95 - - [25/Aug/2026:01:27:29 +0500] "GET /uz/officially-uzb/tenders-uzb?start=16&template=accessibility HTTP/1.1" 200 38280 "-" "Mozilla/5.0 (Macintosh; Intel Mac OS X 10_15_7) AppleWebKit/537.36 (KHTML, like Gecko) Chrome/120.0.0.0 Safari/537.36"
216.73.216.20 - - [25/Aug/2026:01:27:34 +0500] "GET /?r=p9h2a5r8m9a6c8o6m4a2t9hy HTTP/1.1" 301 - "-" "Mozilla/5.0 AppleWebKit/537.36 (KHTML, like Gecko; compatible; ClaudeBot/1.0; +claudebot@anthropic.com)"
216.73.216.20 - - [25/Aug/2026:01:27:36 +0500] "GET /uz/?r=c9e4l0l7u1l2i6t2i1s32 HTTP/1.1" 200 68310 "http://eskijuva-bozori.uz/?r=c9e4l0l7u1l2i6t2i1s32" "Mozilla/5.0 AppleWebKit/537.36 (KHTML, like Gecko; compatible; ClaudeBot/1.0; +claudebot@anthropic.com)"
216.73.216.20 - - [25/Aug/2026:01:27:42 +0500] "GET /uz/?r=p9h2a5r8m9a6c8o6m4a2t9hy HTTP/1.1" 200 68313 "http://eskijuva-bozori.uz/?r=p9h2a5r8m9a6c8o6m4a2t9hy" "Mozilla/5.0 AppleWebKit/537.36 (KHTML, like Gecko; compatible; ClaudeBot/1.0; +claudebot@anthropic.com)"
216.73.216.20 - - [25/Aug/2026:01:27:58 +0500] "GET /maternity/sciadophyllum/i9n1c5o1n9c1e8p1t6i2b7le HTTP/1.1" 301 - "-" "Mozilla/5.0 AppleWebKit/537.36 (KHTML, like Gecko; compatible; ClaudeBot/1.0; +claudebot@anthropic.com)"
216.73.216.20 - - [25/Aug/2026:01:28:03 +0500] "GET /uz/maternity/sciadophyllum/i9n1c5o1n9c1e8p1t6i2b7le HTTP/1.1" 404 1215 "http://eskijuva-bozori.uz/maternity/sciadophyllum/i9n1c5o1n9c1e8p1t6i2b7le" "Mozilla/5.0 AppleWebKit/537.36 (KHTML, like Gecko; compatible; ClaudeBot/1.0; +claudebot@anthropic.com)"
216.73.216.20 - - [25/Aug/2026:01:28:05 +0500] "GET /shops/nutritiveness/t9r3i3g7o4n6a2l7949 HTTP/1.1" 301 - "-" "Mozilla/5.0 AppleWebKit/537.36 (KHTML, like Gecko; compatible; ClaudeBot/1.0; +claudebot@anthropic.com)"
216.73.216.20 - - [25/Aug/2026:01:28:10 +0500] "GET /uz/shops/nutritiveness/t9r3i3g7o4n6a2l7949 HTTP/1.1" 404 1215 "http://eskijuva-bozori.uz/shops/nutritiveness/t9r3i3g7o4n6a2l7949" "Mozilla/5.0 AppleWebKit/537.36 (KHTML, like Gecko; compatible; ClaudeBot/1.0; +claudebot@anthropic.com)"
216.73.216.20 - - [25/Aug/2026:01:28:29 +0500] "GET /?r=e9n1r5i0c5h109637 HTTP/1.1" 301 - "-" "Mozilla/5.0 AppleWebKit/537.36 (KHTML, like Gecko; compatible; ClaudeBot/1.0; +claudebot@anthropic.com)"
54.37.252.119 - - [25/Aug/2026:01:28:28 +0500] "GET /ru/facts-rus/473-sush-fakt-06-15-09-2025-pdf HTTP/1.1" 200 55926 "-" "Mozilla/5.0 (compatible; MJ12bot/v1.4.8; http://mj12bot.com/)"
216.73.216.20 - - [25/Aug/2026:01:28:34 +0500] "GET /uz/?r=e9n1r5i0c5h109637 HTTP/1.1" 200 68306 "http://eskijuva-bozori.uz/?r=e9n1r5i0c5h109637" "Mozilla/5.0 AppleWebKit/537.36 (KHTML, like Gecko; compatible; ClaudeBot/1.0; +claudebot@anthropic.com)"
216.73.216.20 - - [25/Aug/2026:01:28:35 +0500] "GET /shops/resignation/p9r2e5s1c8r9i8p6t6i6b0le HTTP/1.1" 301 - "-" "Mozilla/5.0 AppleWebKit/537.36 (KHTML, like Gecko; compatible; ClaudeBot/1.0; +claudebot@anthropic.com)"
216.73.216.20 - - [25/Aug/2026:01:28:38 +0500] "GET /shops/jargonelle/e9c3o4n5o0m3i0c7224 HTTP/1.1" 301 - "-" "Mozilla/5.0 AppleWebKit/537.36 (KHTML, like Gecko; compatible; ClaudeBot/1.0; +claudebot@anthropic.com)"
216.73.216.20 - - [25/Aug/2026:01:28:41 +0500] "GET /uz/shops/resignation/p9r2e5s1c8r9i8p6t6i6b0le HTTP/1.1" 404 1215 "http://eskijuva-bozori.uz/shops/resignation/p9r2e5s1c8r9i8p6t6i6b0le" "Mozilla/5.0 AppleWebKit/537.36 (KHTML, like Gecko; compatible; ClaudeBot/1.0; +claudebot@anthropic.com)"
54.37.252.119 - - [25/Aug/2026:01:28:39 +0500] "GET /ru/facts-rus/477-sush-fakt-40-20-11-2025-pdf HTTP/1.1" 200 55974 "-" "Mozilla/5.0 (compatible; MJ12bot/v1.4.8; http://mj12bot.com/)"
216.73.216.20 - - [25/Aug/2026:01:28:43 +0500] "GET /uz/shops/jargonelle/e9c3o4n5o0m3i0c7224 HTTP/1.1" 404 1215 "http://eskijuva-bozori.uz/shops/jargonelle/e9c3o4n5o0m3i0c7224" "Mozilla/5.0 AppleWebKit/537.36 (KHTML, like Gecko; compatible; ClaudeBot/1.0; +claudebot@anthropic.com)"
54.37.252.119 - - [25/Aug/2026:01:28:54 +0500] "GET /ru/jsc-docs-rus/480-poloj-ns-01-04-2024-pdf-ru HTTP/1.1" 200 54851 "-" "Mozilla/5.0 (compatible; MJ12bot/v1.4.8; http://mj12bot.com/)"
216.73.216.20 - - [25/Aug/2026:01:29:02 +0500] "GET /?r=a9c1c2o5m3p5l6i1c1e19 HTTP/1.1" 301 - "-" "Mozilla/5.0 AppleWebKit/537.36 (KHTML, like Gecko; compatible; ClaudeBot/1.0; +claudebot@anthropic.com)"
216.73.216.20 - - [25/Aug/2026:01:29:11 +0500] "GET /logarithmically/g9r5u1n6t0i3n7g421 HTTP/1.1" 508 288 "-" "Mozilla/5.0 AppleWebKit/537.36 (KHTML, like Gecko; compatible; ClaudeBot/1.0; +claudebot@anthropic.com)"
216.73.216.20 - - [25/Aug/2026:01:29:09 +0500] "GET /uz/?r=a9c1c2o5m3p5l6i1c1e19 HTTP/1.1" 200 68310 "http://eskijuva-bozori.uz/?r=a9c1c2o5m3p5l6i1c1e19" "Mozilla/5.0 AppleWebKit/537.36 (KHTML, like Gecko; compatible; ClaudeBot/1.0; +claudebot@anthropic.com)"
54.37.252.119 - - [25/Aug/2026:01:29:19 +0500] "GET /ru/news-rus/494-iz-istorii-ao-eskijuva-dehqon-bozori HTTP/1.1" 200 54882 "-" "Mozilla/5.0 (compatible; MJ12bot/v1.4.8; http://mj12bot.com/)"
216.73.216.20 - - [25/Aug/2026:01:29:35 +0500] "GET /shops/roccellic/c9y2a4n6o8t0y2p0e767 HTTP/1.1" 301 - "-" "Mozilla/5.0 AppleWebKit/537.36 (KHTML, like Gecko; compatible; ClaudeBot/1.0; +claudebot@anthropic.com)"
54.37.252.119 - - [25/Aug/2026:01:29:33 +0500] "GET /ru/news-rus?start=8 HTTP/1.1" 200 58656 "-" "Mozilla/5.0 (compatible; MJ12bot/v1.4.8; http://mj12bot.com/)"
216.73.216.20 - - [25/Aug/2026:01:29:41 +0500] "GET /uz/shops/roccellic/c9y2a4n6o8t0y2p0e767 HTTP/1.1" 404 1215 "http://eskijuva-bozori.uz/shops/roccellic/c9y2a4n6o8t0y2p0e767" "Mozilla/5.0 AppleWebKit/537.36 (KHTML, like Gecko; compatible; ClaudeBot/1.0; +claudebot@anthropic.com)"
216.73.216.20 - - [25/Aug/2026:01:29:43 +0500] "GET /?r=s9i3m2o8n6i7s1m2029 HTTP/1.1" 301 - "-" "Mozilla/5.0 AppleWebKit/537.36 (KHTML, like Gecko; compatible; ClaudeBot/1.0; +claudebot@anthropic.com)"
216.73.216.20 - - [25/Aug/2026:01:29:49 +0500] "GET /uz/?r=s9i3m2o8n6i7s1m2029 HTTP/1.1" 200 68308 "http://eskijuva-bozori.uz/?r=s9i3m2o8n6i7s1m2029" "Mozilla/5.0 AppleWebKit/537.36 (KHTML, like Gecko; compatible; ClaudeBot/1.0; +claudebot@anthropic.com)"
54.37.252.119 - - [25/Aug/2026:01:29:58 +0500] "GET /ru/officially-rus/tenders-rus/483-tend-audit-2026-uzb HTTP/1.1" 200 58820 "-" "Mozilla/5.0 (compatible; MJ12bot/v1.4.8; http://mj12bot.com/)"
216.73.216.20 - - [25/Aug/2026:01:30:07 +0500] "GET /?r=t9e2s4t8u8d3i9n7u0m78 HTTP/1.1" 301 - "-" "Mozilla/5.0 AppleWebKit/537.36 (KHTML, like Gecko; compatible; ClaudeBot/1.0; +claudebot@anthropic.com)"
54.37.252.119 - - [25/Aug/2026:01:30:08 +0500] "GET /ru/officially-rus/tenders-rus/484-tend-korp-2026-uzb HTTP/1.1" 200 58900 "-" "Mozilla/5.0 (compatible; MJ12bot/v1.4.8; http://mj12bot.com/)"
216.73.216.20 - - [25/Aug/2026:01:30:12 +0500] "GET /uz/?r=t9e2s4t8u8d3i9n7u0m78 HTTP/1.1" 200 68310 "http://eskijuva-bozori.uz/?r=t9e2s4t8u8d3i9n7u0m78" "Mozilla/5.0 AppleWebKit/537.36 (KHTML, like Gecko; compatible; ClaudeBot/1.0; +claudebot@anthropic.com)"
216.73.216.20 - - [25/Aug/2026:01:30:15 +0500] "GET /shops/mackenzie/v9i3r6g2u4l8a4r9i3a39 HTTP/1.1" 301 - "-" "Mozilla/5.0 AppleWebKit/537.36 (KHTML, like Gecko; compatible; ClaudeBot/1.0; +claudebot@anthropic.com)"
216.73.216.20 - - [25/Aug/2026:01:30:20 +0500] "GET /uz/shops/mackenzie/v9i3r6g2u4l8a4r9i3a39 HTTP/1.1" 404 1215 "http://eskijuva-bozori.uz/shops/mackenzie/v9i3r6g2u4l8a4r9i3a39" "Mozilla/5.0 AppleWebKit/537.36 (KHTML, like Gecko; compatible; ClaudeBot/1.0; +claudebot@anthropic.com)"
216.73.216.20 - - [25/Aug/2026:01:30:20 +0500] "GET /chaffern/dibranch/c9h3u5r8r0i2n3g8590 HTTP/1.1" 301 - "-" "Mozilla/5.0 AppleWebKit/537.36 (KHTML, like Gecko; compatible; ClaudeBot/1.0; +claudebot@anthropic.com)"
54.37.252.119 - - [25/Aug/2026:01:30:18 +0500] "GET /ru/officially-rus/tenders-rus/485-vacancy-director-2026 HTTP/1.1" 200 59188 "-" "Mozilla/5.0 (compatible; MJ12bot/v1.4.8; http://mj12bot.com/)"
216.73.216.20 - - [25/Aug/2026:01:30:26 +0500] "GET /uz/chaffern/dibranch/c9h3u5r8r0i2n3g8590 HTTP/1.1" 404 1215 "http://eskijuva-bozori.uz/chaffern/dibranch/c9h3u5r8r0i2n3g8590" "Mozilla/5.0 AppleWebKit/537.36 (KHTML, like Gecko; compatible; ClaudeBot/1.0; +claudebot@anthropic.com)"
129.153.114.87 - - [25/Aug/2026:01:30:27 +0500] "GET /ru/news-rus/148-reception-rus HTTP/1.1" 200 15978 "-" "Mozilla/5.0 (X11; Linux aarch64) AppleWebKit/537.36 (KHTML, like Gecko) Chrome/139.0.0.0 Safari/537.36"
216.73.216.20 - - [25/Aug/2026:01:30:50 +0500] "GET /robots.txt HTTP/1.1" 200 111 "-" "Mozilla/5.0 AppleWebKit/537.36 (KHTML, like Gecko; compatible; ClaudeBot/1.0; +claudebot@anthropic.com)"
216.73.216.20 - - [25/Aug/2026:01:30:50 +0500] "GET /shops/roved/a9u4t2o0h2a2r6p8909 HTTP/1.1" 508 288 "-" "Mozilla/5.0 AppleWebKit/537.36 (KHTML, like Gecko; compatible; ClaudeBot/1.0; +claudebot@anthropic.com)"
216.73.216.20 - - [25/Aug/2026:01:30:44 +0500] "GET /shops/carpal/f9o9s6s2i5l8i9s1m17 HTTP/1.1" 301 - "-" "Mozilla/5.0 AppleWebKit/537.36 (KHTML, like Gecko; compatible; ClaudeBot/1.0; +claudebot@anthropic.com)"
54.37.252.119 - - [25/Aug/2026:01:30:46 +0500] "GET /ru/officially-rus/ustav-rus/470-ustav-13-08-2025-ru HTTP/1.1" 200 54658 "-" "Mozilla/5.0 (compatible; MJ12bot/v1.4.8; http://mj12bot.com/)"
216.73.216.20 - - [25/Aug/2026:01:30:52 +0500] "GET /uz/shops/carpal/f9o9s6s2i5l8i9s1m17 HTTP/1.1" 404 1215 "http://eskijuva-bozori.uz/shops/carpal/f9o9s6s2i5l8i9s1m17" "Mozilla/5.0 AppleWebKit/537.36 (KHTML, like Gecko; compatible; ClaudeBot/1.0; +claudebot@anthropic.com)"
54.37.252.119 - - [25/Aug/2026:01:31:02 +0500] "GET /ru/officially-rus/ustav-rus/478-ustav-25-11-2025-ejb-pdf HTTP/1.1" 200 54697 "-" "Mozilla/5.0 (compatible; MJ12bot/v1.4.8; http://mj12bot.com/)"
216.73.216.20 - - [25/Aug/2026:01:31:14 +0500] "GET /?r=l9a8x6l9y088823 HTTP/1.1" 508 288 "-" "Mozilla/5.0 AppleWebKit/537.36 (KHTML, like Gecko; compatible; ClaudeBot/1.0; +claudebot@anthropic.com)"
54.37.252.119 - - [25/Aug/2026:01:31:16 +0500] "GET /ru/prospectus-rus/476-prospectus-change-20-11-2025-pdf-ru HTTP/1.1" 200 55888 "-" "Mozilla/5.0 (compatible; MJ12bot/v1.4.8; http://mj12bot.com/)"
216.73.216.20 - - [25/Aug/2026:01:31:23 +0500] "GET /?r=l9a1r7k3c3o6l2o0r0e0d HTTP/1.1" 301 - "-" "Mozilla/5.0 AppleWebKit/537.36 (KHTML, like Gecko; compatible; ClaudeBot/1.0; +claudebot@anthropic.com)"
216.73.216.20 - - [25/Aug/2026:01:31:31 +0500] "GET /uz/?r=l9a1r7k3c3o6l2o0r0e0d HTTP/1.1" 200 68310 "http://eskijuva-bozori.uz/?r=l9a1r7k3c3o6l2o0r0e0d" "Mozilla/5.0 AppleWebKit/537.36 (KHTML, like Gecko; compatible; ClaudeBot/1.0; +claudebot@anthropic.com)"
216.73.216.20 - - [25/Aug/2026:01:31:35 +0500] "GET /shops/hymar/u9n1r7a9v7e8l03370 HTTP/1.1" 301 - "-" "Mozilla/5.0 AppleWebKit/537.36 (KHTML, like Gecko; compatible; ClaudeBot/1.0; +claudebot@anthropic.com)"
54.37.252.119 - - [25/Aug/2026:01:31:33 +0500] "GET /ru/votes-rus/474-prot-osa-15-09-2025-pdf HTTP/1.1" 200 54973 "-" "Mozilla/5.0 (compatible; MJ12bot/v1.4.8; http://mj12bot.com/)"
216.73.216.20 - - [25/Aug/2026:01:31:40 +0500] "GET /uz/shops/hymar/u9n1r7a9v7e8l03370 HTTP/1.1" 404 1215 "http://eskijuva-bozori.uz/shops/hymar/u9n1r7a9v7e8l03370" "Mozilla/5.0 AppleWebKit/537.36 (KHTML, like Gecko; compatible; ClaudeBot/1.0; +claudebot@anthropic.com)"
54.37.252.119 - - [25/Aug/2026:01:31:44 +0500] "GET /uz/10-uzbek?start=28 HTTP/1.1" 200 69934 "-" "Mozilla/5.0 (compatible; MJ12bot/v1.4.8; http://mj12bot.com/)"
54.37.252.119 - - [25/Aug/2026:01:31:53 +0500] "GET /uz/10-uzbek?start=32 HTTP/1.1" 200 69875 "-" "Mozilla/5.0 (compatible; MJ12bot/v1.4.8; http://mj12bot.com/)"
44.207.69.106 - - [25/Aug/2026:01:31:57 +0500] "GET /uz/about-org-uzb/indexes-uzb/12-uzbek/about-org-uzb?format=feed&type=atom HTTP/1.1" 200 28507 "-" "Mozilla/5.0 AppleWebKit/537.36 (KHTML, like Gecko; compatible; Amazonbot/0.1; +https://developer.amazon.com/support/amazonbot) Chrome/119.0.6045.214 Safari/537.36"
216.73.216.20 - - [25/Aug/2026:01:31:59 +0500] "GET /?r=u9n3t8e3n4t0e7d7053 HTTP/1.1" 301 - "-" "Mozilla/5.0 AppleWebKit/537.36 (KHTML, like Gecko; compatible; ClaudeBot/1.0; +claudebot@anthropic.com)"
54.37.252.119 - - [25/Aug/2026:01:32:03 +0500] "GET /uz/10-uzbek?start=36 HTTP/1.1" 200 69840 "-" "Mozilla/5.0 (compatible; MJ12bot/v1.4.8; http://mj12bot.com/)"
216.73.216.20 - - [25/Aug/2026:01:32:03 +0500] "GET /uz/?r=u9n3t8e3n4t0e7d7053 HTTP/1.1" 200 68308 "http://eskijuva-bozori.uz/?r=u9n3t8e3n4t0e7d7053" "Mozilla/5.0 AppleWebKit/537.36 (KHTML, like Gecko; compatible; ClaudeBot/1.0; +claudebot@anthropic.com)"
216.73.216.20 - - [25/Aug/2026:01:32:07 +0500] "GET /?r=t9e2s7t6e9r5n36644 HTTP/1.1" 301 - "-" "Mozilla/5.0 AppleWebKit/537.36 (KHTML, like Gecko; compatible; ClaudeBot/1.0; +claudebot@anthropic.com)"
54.37.252.119 - - [25/Aug/2026:01:32:11 +0500] "GET /uz/10-uzbek?start=60 HTTP/1.1" 200 70013 "-" "Mozilla/5.0 (compatible; MJ12bot/v1.4.8; http://mj12bot.com/)"
216.73.216.20 - - [25/Aug/2026:01:32:12 +0500] "GET /uz/?r=t9e2s7t6e9r5n36644 HTTP/1.1" 200 68307 "http://eskijuva-bozori.uz/?r=t9e2s7t6e9r5n36644" "Mozilla/5.0 AppleWebKit/537.36 (KHTML, like Gecko; compatible; ClaudeBot/1.0; +claudebot@anthropic.com)"
54.37.252.119 - - [25/Aug/2026:01:32:18 +0500] "GET /uz/10-uzbek?start=64 HTTP/1.1" 200 69927 "-" "Mozilla/5.0 (compatible; MJ12bot/v1.4.8; http://mj12bot.com/)"
152.53.181.85 - - [25/Aug/2026:01:32:24 +0500] "GET /uz/audit-uzb?format=feed&type=rss HTTP/1.1" 200 7068 "-" "Mozilla/5.0 (Macintosh; Intel Mac OS X 10.15; rv:144.0) Gecko/20100101 Firefox/144.0"
34.123.149.87 - - [25/Aug/2026:01:32:29 +0500] "GET /ru/jsc-docs-rus/385-the-conflicts-of-interest HTTP/1.1" 200 54478 "-" "Mozilla/5.0 (Macintosh; Intel Mac OS X 10_15_7) AppleWebKit/537.36 (KHTML, like Gecko) Chrome/120.0.0.0 Safari/537.36"
54.37.252.119 - - [25/Aug/2026:01:32:31 +0500] "GET /uz/18-uzbek/shareholders-uzb/49-changes-uzb HTTP/1.1" 200 67084 "-" "Mozilla/5.0 (compatible; MJ12bot/v1.4.8; http://mj12bot.com/)"
216.73.216.20 - - [25/Aug/2026:01:32:32 +0500] "GET /shops/stigmaria/v9e2r8b8a2l6i3z1a8t7i9on HTTP/1.1" 301 - "-" "Mozilla/5.0 AppleWebKit/537.36 (KHTML, like Gecko; compatible; ClaudeBot/1.0; +claudebot@anthropic.com)"
216.73.216.20 - - [25/Aug/2026:01:32:34 +0500] "GET /uz/shops/stigmaria/v9e2r8b8a2l6i3z1a8t7i9on HTTP/1.1" 404 1215 "http://eskijuva-bozori.uz/shops/stigmaria/v9e2r8b8a2l6i3z1a8t7i9on" "Mozilla/5.0 AppleWebKit/537.36 (KHTML, like Gecko; compatible; ClaudeBot/1.0; +claudebot@anthropic.com)"
54.37.252.119 - - [25/Aug/2026:01:32:37 +0500] "GET /uz/18-uzbek/shareholders-uzb?start=16 HTTP/1.1" 200 67232 "-" "Mozilla/5.0 (compatible; MJ12bot/v1.4.8; http://mj12bot.com/)"
216.73.216.20 - - [25/Aug/2026:01:32:38 +0500] "GET /?r=g9u3a2r3a2n8t3e7e693 HTTP/1.1" 301 - "-" "Mozilla/5.0 AppleWebKit/537.36 (KHTML, like Gecko; compatible; ClaudeBot/1.0; +claudebot@anthropic.com)"
216.73.216.20 - - [25/Aug/2026:01:32:41 +0500] "GET /uz/?r=g9u3a2r3a2n8t3e7e693 HTTP/1.1" 200 68309 "http://eskijuva-bozori.uz/?r=g9u3a2r3a2n8t3e7e693" "Mozilla/5.0 AppleWebKit/537.36 (KHTML, like Gecko; compatible; ClaudeBot/1.0; +claudebot@anthropic.com)"
54.37.252.119 - - [25/Aug/2026:01:32:45 +0500] "GET /uz/18-uzbek/shareholders-uzb?start=20 HTTP/1.1" 200 67176 "-" "Mozilla/5.0 (compatible; MJ12bot/v1.4.8; http://mj12bot.com/)"
3.223.134.5 - - [25/Aug/2026:01:32:46 +0500] "GET /uz/about-org-uzb/indexes-uzb/12-uzbek/about-org-uzb?format=feed&type=rss HTTP/1.1" 200 13335 "-" "Mozilla/5.0 AppleWebKit/537.36 (KHTML, like Gecko; compatible; Amazonbot/0.1; +https://developer.amazon.com/support/amazonbot) Chrome/119.0.6045.214 Safari/537.36"
54.37.252.119 - - [25/Aug/2026:01:32:52 +0500] "GET /uz/?3x=3x&start=12 HTTP/1.1" 200 68045 "-" "Mozilla/5.0 (compatible; MJ12bot/v1.4.8; http://mj12bot.com/)"
54.37.252.119 - - [25/Aug/2026:01:32:58 +0500] "GET /uz/?format=feed&type=rss HTTP/1.1" 200 5769 "-" "Mozilla/5.0 (compatible; MJ12bot/v1.4.8; http://mj12bot.com/)"
216.73.216.20 - - [25/Aug/2026:01:33:03 +0500] "GET /shops/golfcart/p9e2n5e2t0r1a9n8c7e59 HTTP/1.1" 301 - "-" "Mozilla/5.0 AppleWebKit/537.36 (KHTML, like Gecko; compatible; ClaudeBot/1.0; +claudebot@anthropic.com)"
216.73.216.20 - - [25/Aug/2026:01:33:06 +0500] "GET /uz/shops/golfcart/p9e2n5e2t0r1a9n8c7e59 HTTP/1.1" 404 1215 "http://eskijuva-bozori.uz/shops/golfcart/p9e2n5e2t0r1a9n8c7e59" "Mozilla/5.0 AppleWebKit/537.36 (KHTML, like Gecko; compatible; ClaudeBot/1.0; +claudebot@anthropic.com)"
216.73.216.20 - - [25/Aug/2026:01:33:10 +0500] "GET /shops/pearleyed/t9h4i2o1p5h1e2n3i3c69 HTTP/1.1" 301 - "-" "Mozilla/5.0 AppleWebKit/537.36 (KHTML, like Gecko; compatible; ClaudeBot/1.0; +claudebot@anthropic.com)"
216.73.216.20 - - [25/Aug/2026:01:33:13 +0500] "GET /uz/shops/pearleyed/t9h4i2o1p5h1e2n3i3c69 HTTP/1.1" 404 1215 "http://eskijuva-bozori.uz/shops/pearleyed/t9h4i2o1p5h1e2n3i3c69" "Mozilla/5.0 AppleWebKit/537.36 (KHTML, like Gecko; compatible; ClaudeBot/1.0; +claudebot@anthropic.com)"
216.73.216.20 - - [25/Aug/2026:01:33:26 +0500] "GET /somberly/p9r3e3c3i8s9i8o3n646 HTTP/1.1" 301 - "-" "Mozilla/5.0 AppleWebKit/537.36 (KHTML, like Gecko; compatible; ClaudeBot/1.0; +claudebot@anthropic.com)"
216.73.216.20 - - [25/Aug/2026:01:33:29 +0500] "GET /uz/somberly/p9r3e3c3i8s9i8o3n646 HTTP/1.1" 404 1215 "http://eskijuva-bozori.uz/somberly/p9r3e3c3i8s9i8o3n646" "Mozilla/5.0 AppleWebKit/537.36 (KHTML, like Gecko; compatible; ClaudeBot/1.0; +claudebot@anthropic.com)"
185.191.171.7 - - [25/Aug/2026:01:33:30 +0500] "GET /uz/?function=call_user_func_array&s=index%2Fthink%5C%5C%5C%5C%5C%5C%5C%5C%5C%5C%5C%5C%5C%5C%5C%5C%5C%5C%5C%5C%5C%5C%5C%5C%5C%5C%5C%5C%5C%5C%5C%5C%5C%5C%5C%5C%5C%5C%5C%5C%5C%5C%5C%5C%5C%5C%5C%5C%5C%5C%5C%5C%5C%5C%5C%5C%5C%5C%5C%5C%5C%5C%5C%5Capp%2Finvokefunction&start=28&vars%5B0%5D=phpinfo&vars%5B1%5D%5B0%5D=1 HTTP/1.1" 200 70622 "-" "Mozilla/5.0 (compatible; SemrushBot/7~bl; +http://www.semrush.com/bot.html)"
216.73.216.20 - - [25/Aug/2026:01:33:38 +0500] "GET /shops/antipode/c9u1r5t2a1i7n6i9n3g32 HTTP/1.1" 301 - "-" "Mozilla/5.0 AppleWebKit/537.36 (KHTML, like Gecko; compatible; ClaudeBot/1.0; +claudebot@anthropic.com)"
216.73.216.20 - - [25/Aug/2026:01:33:41 +0500] "GET /uz/shops/antipode/c9u1r5t2a1i7n6i9n3g32 HTTP/1.1" 404 1215 "http://eskijuva-bozori.uz/shops/antipode/c9u1r5t2a1i7n6i9n3g32" "Mozilla/5.0 AppleWebKit/537.36 (KHTML, like Gecko; compatible; ClaudeBot/1.0; +claudebot@anthropic.com)"
216.73.216.20 - - [25/Aug/2026:01:34:02 +0500] "GET /shops/canadensis/p9a3n8t5a6g2r7a2p6h12 HTTP/1.1" 301 - "-" "Mozilla/5.0 AppleWebKit/537.36 (KHTML, like Gecko; compatible; ClaudeBot/1.0; +claudebot@anthropic.com)"
34.56.53.225 - - [25/Aug/2026:01:34:03 +0500] "GET /ru/jsc-docs-rus?ismobile=1 HTTP/1.1" 200 61852 "-" "Mozilla/5.0 (Macintosh; Intel Mac OS X 10_15_7) AppleWebKit/537.36 (KHTML, like Gecko) Chrome/120.0.0.0 Safari/537.36"
216.73.216.20 - - [25/Aug/2026:01:34:05 +0500] "GET /uz/shops/canadensis/p9a3n8t5a6g2r7a2p6h12 HTTP/1.1" 404 1215 "http://eskijuva-bozori.uz/shops/canadensis/p9a3n8t5a6g2r7a2p6h12" "Mozilla/5.0 AppleWebKit/537.36 (KHTML, like Gecko; compatible; ClaudeBot/1.0; +claudebot@anthropic.com)"
216.73.216.20 - - [25/Aug/2026:01:34:09 +0500] "GET /?r=e9m3a6n3c3i3p3a1t5i4o0n HTTP/1.1" 301 - "-" "Mozilla/5.0 AppleWebKit/537.36 (KHTML, like Gecko; compatible; ClaudeBot/1.0; +claudebot@anthropic.com)"
216.73.216.20 - - [25/Aug/2026:01:34:11 +0500] "GET /uz/?r=e9m3a6n3c3i3p3a1t5i4o0n HTTP/1.1" 200 68312 "http://eskijuva-bozori.uz/?r=e9m3a6n3c3i3p3a1t5i4o0n" "Mozilla/5.0 AppleWebKit/537.36 (KHTML, like Gecko; compatible; ClaudeBot/1.0; +claudebot@anthropic.com)"
54.37.252.119 - - [25/Aug/2026:01:34:31 +0500] "GET /uz/?template=eskijuva&start=48 HTTP/1.1" 200 68766 "-" "Mozilla/5.0 (compatible; MJ12bot/v1.4.8; http://mj12bot.com/)"
216.73.216.20 - - [25/Aug/2026:01:34:33 +0500] "GET /shops/attirement/t9r6i1p2e0m3a8n742 HTTP/1.1" 301 - "-" "Mozilla/5.0 AppleWebKit/537.36 (KHTML, like Gecko; compatible; ClaudeBot/1.0; +claudebot@anthropic.com)"
216.73.216.20 - - [25/Aug/2026:01:34:36 +0500] "GET /uz/shops/attirement/t9r6i1p2e0m3a8n742 HTTP/1.1" 404 1215 "http://eskijuva-bozori.uz/shops/attirement/t9r6i1p2e0m3a8n742" "Mozilla/5.0 AppleWebKit/537.36 (KHTML, like Gecko; compatible; ClaudeBot/1.0; +claudebot@anthropic.com)"
54.37.252.119 - - [25/Aug/2026:01:34:37 +0500] "GET /uz/?template=yoo_master2&start=24 HTTP/1.1" 200 67947 "-" "Mozilla/5.0 (compatible; MJ12bot/v1.4.8; http://mj12bot.com/)"
216.73.216.20 - - [25/Aug/2026:01:34:39 +0500] "GET /shops/alarmism/f9i2e7r0i4247028 HTTP/1.1" 301 - "-" "Mozilla/5.0 AppleWebKit/537.36 (KHTML, like Gecko; compatible; ClaudeBot/1.0; +claudebot@anthropic.com)"
216.73.216.20 - - [25/Aug/2026:01:34:41 +0500] "GET /uz/shops/alarmism/f9i2e7r0i4247028 HTTP/1.1" 404 1215 "http://eskijuva-bozori.uz/shops/alarmism/f9i2e7r0i4247028" "Mozilla/5.0 AppleWebKit/537.36 (KHTML, like Gecko; compatible; ClaudeBot/1.0; +claudebot@anthropic.com)"
34.61.96.6 - - [25/Aug/2026:01:34:41 +0500] "GET /uz/component/search/?Itemid=173&catid=39&format=opensearch&id=188 HTTP/1.1" 200 766 "-" "Mozilla/5.0 (Macintosh; Intel Mac OS X 10_15_7) AppleWebKit/537.36 (KHTML, like Gecko) Chrome/120.0.0.0 Safari/537.36"
54.37.252.119 - - [25/Aug/2026:01:34:44 +0500] "GET /uz/?template=yoo_master2&start=28 HTTP/1.1" 200 70164 "-" "Mozilla/5.0 (compatible; MJ12bot/v1.4.8; http://mj12bot.com/)"
54.37.252.119 - - [25/Aug/2026:01:34:50 +0500] "GET /uz/?template=yoo_master2&start=36 HTTP/1.1" 200 69686 "-" "Mozilla/5.0 (compatible; MJ12bot/v1.4.8; http://mj12bot.com/)"
54.37.252.119 - - [25/Aug/2026:01:35:02 +0500] "GET /uz/?v=1 HTTP/1.1" 200 68318 "-" "Mozilla/5.0 (compatible; MJ12bot/v1.4.8; http://mj12bot.com/)"
43.165.198.5 - - [25/Aug/2026:01:35:03 +0500] "GET /ru/interactive-rus/faq-rus HTTP/1.1" 200 58130 "-" "Mozilla/5.0 (iPhone; CPU iPhone OS 13_2_3 like Mac OS X) AppleWebKit/605.1.15 (KHTML, like Gecko) Version/13.0.3 Mobile/15E148 Safari/604.1"
85.208.96.211 - - [25/Aug/2026:01:35:08 +0500] "GET /uz/prospectus-uzb/10-uzbek?start=80 HTTP/1.1" 200 66330 "-" "Mozilla/5.0 (compatible; SemrushBot/7~bl; +http://www.semrush.com/bot.html)"
54.37.252.119 - - [25/Aug/2026:01:35:22 +0500] "GET /uz/about-org-uzb/strategy-uzb/444-bp-2025-ej-docx HTTP/1.1" 200 56121 "-" "Mozilla/5.0 (compatible; MJ12bot/v1.4.8; http://mj12bot.com/)"
54.37.252.119 - - [25/Aug/2026:01:35:28 +0500] "GET /uz/audit-uzb/10-uzbek?format=feed&type=atom HTTP/1.1" 200 20312 "-" "Mozilla/5.0 (compatible; MJ12bot/v1.4.8; http://mj12bot.com/)"
216.73.216.20 - - [25/Aug/2026:01:35:30 +0500] "GET /?r=t9r1o4w0s1e0d56177 HTTP/1.1" 301 - "-" "Mozilla/5.0 AppleWebKit/537.36 (KHTML, like Gecko; compatible; ClaudeBot/1.0; +claudebot@anthropic.com)"
216.73.216.20 - - [25/Aug/2026:01:35:32 +0500] "GET /uz/?r=t9r1o4w0s1e0d56177 HTTP/1.1" 200 68307 "http://eskijuva-bozori.uz/?r=t9r1o4w0s1e0d56177" "Mozilla/5.0 AppleWebKit/537.36 (KHTML, like Gecko; compatible; ClaudeBot/1.0; +claudebot@anthropic.com)"
54.37.252.119 - - [25/Aug/2026:01:35:40 +0500] "GET /uz/audit-uzb/10-uzbek?format=feed&type=rss HTTP/1.1" 200 11195 "-" "Mozilla/5.0 (compatible; MJ12bot/v1.4.8; http://mj12bot.com/)"
216.73.216.20 - - [25/Aug/2026:01:35:54 +0500] "GET /?r=q9u5i7s6h167228 HTTP/1.1" 301 - "-" "Mozilla/5.0 AppleWebKit/537.36 (KHTML, like Gecko; compatible; ClaudeBot/1.0; +claudebot@anthropic.com)"
216.73.216.20 - - [25/Aug/2026:01:35:58 +0500] "GET /uz/?r=q9u5i7s6h167228 HTTP/1.1" 200 68304 "http://eskijuva-bozori.uz/?r=q9u5i7s6h167228" "Mozilla/5.0 AppleWebKit/537.36 (KHTML, like Gecko; compatible; ClaudeBot/1.0; +claudebot@anthropic.com)"
54.37.252.119 - - [25/Aug/2026:01:36:00 +0500] "GET /uz/audit-uzb/10-uzbek?start=10 HTTP/1.1" 200 66966 "-" "Mozilla/5.0 (compatible; MJ12bot/v1.4.8; http://mj12bot.com/)"
34.10.180.98 - - [25/Aug/2026:01:36:06 +0500] "GET /ru/component/search/?Itemid=124&catid=27&format=opensearch&id=192 HTTP/1.1" 200 770 "-" "Mozilla/5.0 (Macintosh; Intel Mac OS X 10_15_7) AppleWebKit/537.36 (KHTML, like Gecko) Chrome/120.0.0.0 Safari/537.36"
54.37.252.119 - - [25/Aug/2026:01:36:15 +0500] "GET /uz/audit-uzb/10-uzbek?start=20 HTTP/1.1" 200 67657 "-" "Mozilla/5.0 (compatible; MJ12bot/v1.4.8; http://mj12bot.com/)"
54.37.252.119 - - [25/Aug/2026:01:36:27 +0500] "GET /uz/audit-uzb/10-uzbek?start=30 HTTP/1.1" 200 67204 "-" "Mozilla/5.0 (compatible; MJ12bot/v1.4.8; http://mj12bot.com/)"
216.73.216.20 - - [25/Aug/2026:01:36:31 +0500] "GET /shops/exfoliation/b9o2u4n4t1i3e2d4598 HTTP/1.1" 301 - "-" "Mozilla/5.0 AppleWebKit/537.36 (KHTML, like Gecko; compatible; ClaudeBot/1.0; +claudebot@anthropic.com)"
216.73.216.20 - - [25/Aug/2026:01:36:34 +0500] "GET /uz/shops/exfoliation/b9o2u4n4t1i3e2d4598 HTTP/1.1" 404 1215 "http://eskijuva-bozori.uz/shops/exfoliation/b9o2u4n4t1i3e2d4598" "Mozilla/5.0 AppleWebKit/537.36 (KHTML, like Gecko; compatible; ClaudeBot/1.0; +claudebot@anthropic.com)"
216.73.216.20 - - [25/Aug/2026:01:36:55 +0500] "GET /shops/judaizing/o9b1t1u0r6a2t7i7n2g4 HTTP/1.1" 301 - "-" "Mozilla/5.0 AppleWebKit/537.36 (KHTML, like Gecko; compatible; ClaudeBot/1.0; +claudebot@anthropic.com)"
216.73.216.20 - - [25/Aug/2026:01:36:58 +0500] "GET /uz/shops/judaizing/o9b1t1u0r6a2t7i7n2g4 HTTP/1.1" 404 1215 "http://eskijuva-bozori.uz/shops/judaizing/o9b1t1u0r6a2t7i7n2g4" "Mozilla/5.0 AppleWebKit/537.36 (KHTML, like Gecko; compatible; ClaudeBot/1.0; +claudebot@anthropic.com)"
216.73.216.20 - - [25/Aug/2026:01:37:03 +0500] "GET /shops/arrowworm/a9z3y1m7o9u5s35129 HTTP/1.1" 301 - "-" "Mozilla/5.0 AppleWebKit/537.36 (KHTML, like Gecko; compatible; ClaudeBot/1.0; +claudebot@anthropic.com)"
216.73.216.20 - - [25/Aug/2026:01:37:07 +0500] "GET /uz/shops/arrowworm/a9z3y1m7o9u5s35129 HTTP/1.1" 404 1215 "http://eskijuva-bozori.uz/shops/arrowworm/a9z3y1m7o9u5s35129" "Mozilla/5.0 AppleWebKit/537.36 (KHTML, like Gecko; compatible; ClaudeBot/1.0; +claudebot@anthropic.com)"
54.37.252.119 - - [25/Aug/2026:01:37:07 +0500] "GET /uz/audit-uzb/10-uzbek?start=80 HTTP/1.1" 200 66098 "-" "Mozilla/5.0 (compatible; MJ12bot/v1.4.8; http://mj12bot.com/)"
34.10.180.98 - - [25/Aug/2026:01:37:10 +0500] "GET /docs/2019/sush_fakt-08-25.04.2019-io.docx HTTP/1.1" 200 24024 "-" "Mozilla/5.0 (Macintosh; Intel Mac OS X 10_15_7) AppleWebKit/537.36 (KHTML, like Gecko) Chrome/120.0.0.0 Safari/537.36"
54.37.252.119 - - [25/Aug/2026:01:37:19 +0500] "GET /uz/audit-uzb/12-uzbek/about-org-uzb HTTP/1.1" 200 63800 "-" "Mozilla/5.0 (compatible; MJ12bot/v1.4.8; http://mj12bot.com/)"
216.73.216.20 - - [25/Aug/2026:01:37:20 +0500] "GET /minimis/c9o3o5k1s1t3o1v2e661 HTTP/1.1" 301 - "-" "Mozilla/5.0 AppleWebKit/537.36 (KHTML, like Gecko; compatible; ClaudeBot/1.0; +claudebot@anthropic.com)"
216.73.216.20 - - [25/Aug/2026:01:37:23 +0500] "GET /uz/minimis/c9o3o5k1s1t3o1v2e661 HTTP/1.1" 404 1215 "http://eskijuva-bozori.uz/minimis/c9o3o5k1s1t3o1v2e661" "Mozilla/5.0 AppleWebKit/537.36 (KHTML, like Gecko; compatible; ClaudeBot/1.0; +claudebot@anthropic.com)"
152.70.156.225 - - [25/Aug/2026:01:37:25 +0500] "GET /uz/officially-uzb/tenders-uzb/157-tender-audit-2016-uzb HTTP/1.1" 200 15978 "-" "Mozilla/5.0 (X11; Linux aarch64) AppleWebKit/537.36 (KHTML, like Gecko) Chrome/139.0.0.0 Safari/537.36"
43.157.147.3 - - [25/Aug/2026:01:37:29 +0500] "GET / HTTP/1.1" 301 - "-" "Mozilla/5.0 (iPhone; CPU iPhone OS 13_2_3 like Mac OS X) AppleWebKit/605.1.15 (KHTML, like Gecko) Version/13.0.3 Mobile/15E148 Safari/604.1"
116.179.32.71 - - [25/Aug/2026:01:37:26 +0500] "GET /uz/?author=1&start=8 HTTP/1.1" 200 67405 "-" "Mozilla/5.0 (compatible; Baiduspider/2.0; +http://www.baidu.com/search/spider.html)"
152.70.156.225 - - [25/Aug/2026:01:37:29 +0500] "GET /uz/officially-uzb/tenders-uzb/157-tender-audit-2016-uzb HTTP/1.1" 200 15692 "-" "Mozilla/5.0 (X11; Linux aarch64) AppleWebKit/537.36 (KHTML, like Gecko) Chrome/139.0.0.0 Safari/537.36"
185.191.171.19 - - [25/Aug/2026:01:37:37 +0500] "GET /uz/?amp%3Bstart=48&function=call_user_func_array&start=52&vars%5B1%5D%5B0%5D=1 HTTP/1.1" 200 69888 "-" "Mozilla/5.0 (compatible; SemrushBot/7~bl; +http://www.semrush.com/bot.html)"
185.191.171.19 - - [25/Aug/2026:01:37:37 +0500] "GET /uz/prospectus-uzb/16-uzbek/officially-uzb HTTP/1.1" 200 60869 "-" "Mozilla/5.0 (compatible; SemrushBot/7~bl; +http://www.semrush.com/bot.html)"
43.157.147.3 - - [25/Aug/2026:01:37:38 +0500] "GET /uz/ HTTP/1.1" 200 68600 "http://www.eskijuva-bozori.uz:80" "Mozilla/5.0 (iPhone; CPU iPhone OS 13_2_3 like Mac OS X) AppleWebKit/605.1.15 (KHTML, like Gecko) Version/13.0.3 Mobile/15E148 Safari/604.1"
216.73.216.20 - - [25/Aug/2026:01:37:44 +0500] "GET /regalement/h9a6u7l1e8r3666 HTTP/1.1" 301 - "-" "Mozilla/5.0 AppleWebKit/537.36 (KHTML, like Gecko; compatible; ClaudeBot/1.0; +claudebot@anthropic.com)"
216.73.216.20 - - [25/Aug/2026:01:37:49 +0500] "GET /uz/regalement/h9a6u7l1e8r3666 HTTP/1.1" 404 1215 "http://eskijuva-bozori.uz/regalement/h9a6u7l1e8r3666" "Mozilla/5.0 AppleWebKit/537.36 (KHTML, like Gecko; compatible; ClaudeBot/1.0; +claudebot@anthropic.com)"
216.73.216.20 - - [25/Aug/2026:01:37:53 +0500] "GET /?r=p9h8i4l5h2e3l4l3e2n3ism HTTP/1.1" 301 - "-" "Mozilla/5.0 AppleWebKit/537.36 (KHTML, like Gecko; compatible; ClaudeBot/1.0; +claudebot@anthropic.com)"
216.73.216.20 - - [25/Aug/2026:01:37:55 +0500] "GET /uz/?r=p9h8i4l5h2e3l4l3e2n3ism HTTP/1.1" 200 68312 "http://eskijuva-bozori.uz/?r=p9h8i4l5h2e3l4l3e2n3ism" "Mozilla/5.0 AppleWebKit/537.36 (KHTML, like Gecko; compatible; ClaudeBot/1.0; +claudebot@anthropic.com)"
216.73.216.20 - - [25/Aug/2026:01:38:17 +0500] "GET /shops/seaming/z9y3g7o3d0a0c6t9y6l2a0e HTTP/1.1" 301 - "-" "Mozilla/5.0 AppleWebKit/537.36 (KHTML, like Gecko; compatible; ClaudeBot/1.0; +claudebot@anthropic.com)"
216.73.216.20 - - [25/Aug/2026:01:38:20 +0500] "GET /uz/shops/seaming/z9y3g7o3d0a0c6t9y6l2a0e HTTP/1.1" 404 1215 "http://eskijuva-bozori.uz/shops/seaming/z9y3g7o3d0a0c6t9y6l2a0e" "Mozilla/5.0 AppleWebKit/537.36 (KHTML, like Gecko; compatible; ClaudeBot/1.0; +claudebot@anthropic.com)"
34.30.223.149 - - [25/Aug/2026:01:38:22 +0500] "GET /uz/votes-uzb/100-poll-18-06-15 HTTP/1.1" 200 60103 "-" "Mozilla/5.0 (Macintosh; Intel Mac OS X 10_15_7) AppleWebKit/537.36 (KHTML, like Gecko) Chrome/120.0.0.0 Safari/537.36"
216.73.216.20 - - [25/Aug/2026:01:38:23 +0500] "GET /?r=r9e4n4t8e5r8i3n2g15 HTTP/1.1" 301 - "-" "Mozilla/5.0 AppleWebKit/537.36 (KHTML, like Gecko; compatible; ClaudeBot/1.0; +claudebot@anthropic.com)"
54.37.252.119 - - [25/Aug/2026:01:38:23 +0500] "GET /uz/audit-uzb/16-uzbek/officially-uzb HTTP/1.1" 200 60898 "-" "Mozilla/5.0 (compatible; MJ12bot/v1.4.8; http://mj12bot.com/)"
216.73.216.20 - - [25/Aug/2026:01:38:27 +0500] "GET /uz/?r=r9e4n4t8e5r8i3n2g15 HTTP/1.1" 200 68308 "http://eskijuva-bozori.uz/?r=r9e4n4t8e5r8i3n2g15" "Mozilla/5.0 AppleWebKit/537.36 (KHTML, like Gecko; compatible; ClaudeBot/1.0; +claudebot@anthropic.com)"
54.37.252.119 - - [25/Aug/2026:01:38:36 +0500] "GET /uz/audit-uzb/18-uzbek/shareholders-uzb HTTP/1.1" 200 63663 "-" "Mozilla/5.0 (compatible; MJ12bot/v1.4.8; http://mj12bot.com/)"
216.73.216.20 - - [25/Aug/2026:01:38:44 +0500] "GET /tantalism/d9u1l7i9a3909941 HTTP/1.1" 301 - "-" "Mozilla/5.0 AppleWebKit/537.36 (KHTML, like Gecko; compatible; ClaudeBot/1.0; +claudebot@anthropic.com)"
216.73.216.20 - - [25/Aug/2026:01:38:46 +0500] "GET /uz/tantalism/d9u1l7i9a3909941 HTTP/1.1" 404 1215 "http://eskijuva-bozori.uz/tantalism/d9u1l7i9a3909941" "Mozilla/5.0 AppleWebKit/537.36 (KHTML, like Gecko; compatible; ClaudeBot/1.0; +claudebot@anthropic.com)"
85.208.96.205 - - [25/Aug/2026:01:38:56 +0500] "GET /uz/?start=12&vars%5B1%5D%5B0%5D=1 HTTP/1.1" 200 68067 "-" "Mozilla/5.0 (compatible; SemrushBot/7~bl; +http://www.semrush.com/bot.html)"
54.37.252.119 - - [25/Aug/2026:01:39:03 +0500] "GET /uz/audit-uzb/442-audit-2022-uzb HTTP/1.1" 200 55685 "-" "Mozilla/5.0 (compatible; MJ12bot/v1.4.8; http://mj12bot.com/)"
216.73.216.20 - - [25/Aug/2026:01:39:10 +0500] "GET /?r=a9r3n5i0c7i9n3e5972 HTTP/1.1" 301 - "-" "Mozilla/5.0 AppleWebKit/537.36 (KHTML, like Gecko; compatible; ClaudeBot/1.0; +claudebot@anthropic.com)"
54.37.252.119 - - [25/Aug/2026:01:39:09 +0500] "GET /uz/audit-uzb/451-audit-2024-uzb HTTP/1.1" 200 55682 "-" "Mozilla/5.0 (compatible; MJ12bot/v1.4.8; http://mj12bot.com/)"
216.73.216.20 - - [25/Aug/2026:01:39:13 +0500] "GET /uz/?r=a9r3n5i0c7i9n3e5972 HTTP/1.1" 200 68308 "http://eskijuva-bozori.uz/?r=a9r3n5i0c7i9n3e5972" "Mozilla/5.0 AppleWebKit/537.36 (KHTML, like Gecko; compatible; ClaudeBot/1.0; +claudebot@anthropic.com)"
216.73.216.20 - - [25/Aug/2026:01:39:30 +0500] "GET /shops/infinities/g9o8a0t6m7i3l2k2e8r6 HTTP/1.1" 301 - "-" "Mozilla/5.0 AppleWebKit/537.36 (KHTML, like Gecko; compatible; ClaudeBot/1.0; +claudebot@anthropic.com)"
216.73.216.20 - - [25/Aug/2026:01:39:33 +0500] "GET /uz/shops/infinities/g9o8a0t6m7i3l2k2e8r6 HTTP/1.1" 404 1215 "http://eskijuva-bozori.uz/shops/infinities/g9o8a0t6m7i3l2k2e8r6" "Mozilla/5.0 AppleWebKit/537.36 (KHTML, like Gecko; compatible; ClaudeBot/1.0; +claudebot@anthropic.com)"
216.73.216.20 - - [25/Aug/2026:01:39:54 +0500] "GET /shops/oread/g9u2m0p3t0i6o6u9s706 HTTP/1.1" 301 - "-" "Mozilla/5.0 AppleWebKit/537.36 (KHTML, like Gecko; compatible; ClaudeBot/1.0; +claudebot@anthropic.com)"
216.73.216.20 - - [25/Aug/2026:01:39:58 +0500] "GET /uz/shops/oread/g9u2m0p3t0i6o6u9s706 HTTP/1.1" 404 1215 "http://eskijuva-bozori.uz/shops/oread/g9u2m0p3t0i6o6u9s706" "Mozilla/5.0 AppleWebKit/537.36 (KHTML, like Gecko; compatible; ClaudeBot/1.0; +claudebot@anthropic.com)"
34.123.149.87 - - [25/Aug/2026:01:39:57 +0500] "GET /uz/facts-uzb?start=75&template=yoo_master2 HTTP/1.1" 200 67729 "-" "Mozilla/5.0 (Macintosh; Intel Mac OS X 10_15_7) AppleWebKit/537.36 (KHTML, like Gecko) Chrome/120.0.0.0 Safari/537.36"
216.73.216.20 - - [25/Aug/2026:01:40:02 +0500] "GET /shops/ophryon/e9u1p3h9e9m5i8s6m946 HTTP/1.1" 301 - "-" "Mozilla/5.0 AppleWebKit/537.36 (KHTML, like Gecko; compatible; ClaudeBot/1.0; +claudebot@anthropic.com)"
216.73.216.20 - - [25/Aug/2026:01:40:05 +0500] "GET /uz/shops/ophryon/e9u1p3h9e9m5i8s6m946 HTTP/1.1" 404 1215 "http://eskijuva-bozori.uz/shops/ophryon/e9u1p3h9e9m5i8s6m946" "Mozilla/5.0 AppleWebKit/537.36 (KHTML, like Gecko; compatible; ClaudeBot/1.0; +claudebot@anthropic.com)"
216.73.216.20 - - [25/Aug/2026:01:40:26 +0500] "GET /shops/condom/h9a3u3l5m745096 HTTP/1.1" 301 - "-" "Mozilla/5.0 AppleWebKit/537.36 (KHTML, like Gecko; compatible; ClaudeBot/1.0; +claudebot@anthropic.com)"
216.73.216.20 - - [25/Aug/2026:01:40:27 +0500] "GET /uz/shops/condom/h9a3u3l5m745096 HTTP/1.1" 404 1215 "http://eskijuva-bozori.uz/shops/condom/h9a3u3l5m745096" "Mozilla/5.0 AppleWebKit/537.36 (KHTML, like Gecko; compatible; ClaudeBot/1.0; +claudebot@anthropic.com)"
216.73.216.20 - - [25/Aug/2026:01:40:33 +0500] "GET /inisle/i9n1f7a8n9t6l7y4386 HTTP/1.1" 301 - "-" "Mozilla/5.0 AppleWebKit/537.36 (KHTML, like Gecko; compatible; ClaudeBot/1.0; +claudebot@anthropic.com)"
54.37.252.119 - - [25/Aug/2026:01:40:33 +0500] "GET /uz/facts-uzb/419-sush-fakt-08-06-11-2023-io-doc HTTP/1.1" 200 56964 "-" "Mozilla/5.0 (compatible; MJ12bot/v1.4.8; http://mj12bot.com/)"
216.73.216.20 - - [25/Aug/2026:01:40:35 +0500] "GET /uz/inisle/i9n1f7a8n9t6l7y4386 HTTP/1.1" 404 1215 "http://eskijuva-bozori.uz/inisle/i9n1f7a8n9t6l7y4386" "Mozilla/5.0 AppleWebKit/537.36 (KHTML, like Gecko; compatible; ClaudeBot/1.0; +claudebot@anthropic.com)"
185.191.171.8 - - [25/Aug/2026:01:40:38 +0500] "GET /uz/?r=m9u8m0p9e1d56468&start=4 HTTP/1.1" 200 68249 "-" "Mozilla/5.0 (compatible; SemrushBot/7~bl; +http://www.semrush.com/bot.html)"
54.37.252.119 - - [25/Aug/2026:01:40:38 +0500] "GET /uz/facts-uzb/427-sush-fakt-08-01-04-2024-io-doc HTTP/1.1" 200 57073 "-" "Mozilla/5.0 (compatible; MJ12bot/v1.4.8; http://mj12bot.com/)"
216.73.216.20 - - [25/Aug/2026:01:40:39 +0500] "GET /shops/kaffir/a9n4t2i5s1p9a4s7t406 HTTP/1.1" 301 - "-" "Mozilla/5.0 AppleWebKit/537.36 (KHTML, like Gecko; compatible; ClaudeBot/1.0; +claudebot@anthropic.com)"
216.73.216.20 - - [25/Aug/2026:01:40:41 +0500] "GET /uz/shops/kaffir/a9n4t2i5s1p9a4s7t406 HTTP/1.1" 404 1215 "http://eskijuva-bozori.uz/shops/kaffir/a9n4t2i5s1p9a4s7t406" "Mozilla/5.0 AppleWebKit/537.36 (KHTML, like Gecko; compatible; ClaudeBot/1.0; +claudebot@anthropic.com)"
54.37.252.119 - - [25/Aug/2026:01:40:44 +0500] "GET /uz/facts-uzb/456-sush-fakt-06-15-04-2025-ej-pdf HTTP/1.1" 200 56997 "-" "Mozilla/5.0 (compatible; MJ12bot/v1.4.8; http://mj12bot.com/)"
216.73.216.20 - - [25/Aug/2026:01:40:45 +0500] "GET /?r=g9r2a5p4h1i5c3a5l468 HTTP/1.1" 301 - "-" "Mozilla/5.0 AppleWebKit/537.36 (KHTML, like Gecko; compatible; ClaudeBot/1.0; +claudebot@anthropic.com)"
216.73.216.20 - - [25/Aug/2026:01:40:47 +0500] "GET /uz/?r=g9r2a5p4h1i5c3a5l468 HTTP/1.1" 200 68309 "http://eskijuva-bozori.uz/?r=g9r2a5p4h1i5c3a5l468" "Mozilla/5.0 AppleWebKit/537.36 (KHTML, like Gecko; compatible; ClaudeBot/1.0; +claudebot@anthropic.com)"
54.37.252.119 - - [25/Aug/2026:01:40:50 +0500] "GET /uz/facts-uzb/473-sush-fakt-06-15-09-2025-pdf HTTP/1.1" 200 56976 "-" "Mozilla/5.0 (compatible; MJ12bot/v1.4.8; http://mj12bot.com/)"
216.73.216.20 - - [25/Aug/2026:01:40:51 +0500] "GET /shops/busybody/a9l2l8a7y5198254 HTTP/1.1" 301 - "-" "Mozilla/5.0 AppleWebKit/537.36 (KHTML, like Gecko; compatible; ClaudeBot/1.0; +claudebot@anthropic.com)"
216.73.216.20 - - [25/Aug/2026:01:40:53 +0500] "GET /uz/shops/busybody/a9l2l8a7y5198254 HTTP/1.1" 404 1215 "http://eskijuva-bozori.uz/shops/busybody/a9l2l8a7y5198254" "Mozilla/5.0 AppleWebKit/537.36 (KHTML, like Gecko; compatible; ClaudeBot/1.0; +claudebot@anthropic.com)"
216.73.216.20 - - [25/Aug/2026:01:40:57 +0500] "GET /?r=b9o3o9n4d5o8g6g6l5e64 HTTP/1.1" 301 - "-" "Mozilla/5.0 AppleWebKit/537.36 (KHTML, like Gecko; compatible; ClaudeBot/1.0; +claudebot@anthropic.com)"
216.73.216.20 - - [25/Aug/2026:01:40:59 +0500] "GET /uz/?r=b9o3o9n4d5o8g6g6l5e64 HTTP/1.1" 200 68310 "http://eskijuva-bozori.uz/?r=b9o3o9n4d5o8g6g6l5e64" "Mozilla/5.0 AppleWebKit/537.36 (KHTML, like Gecko; compatible; ClaudeBot/1.0; +claudebot@anthropic.com)"
54.37.252.119 - - [25/Aug/2026:01:41:01 +0500] "GET /uz/facts-uzb?template=accessibility'&format=feed&type=atom HTTP/1.1" 200 14438 "-" "Mozilla/5.0 (compatible; MJ12bot/v1.4.8; http://mj12bot.com/)"
216.73.216.20 - - [25/Aug/2026:01:41:03 +0500] "GET /shops/pedagogism/g9a1s7t4r2u9l8a56 HTTP/1.1" 301 - "-" "Mozilla/5.0 AppleWebKit/537.36 (KHTML, like Gecko; compatible; ClaudeBot/1.0; +claudebot@anthropic.com)"
216.73.216.20 - - [25/Aug/2026:01:41:05 +0500] "GET /uz/shops/pedagogism/g9a1s7t4r2u9l8a56 HTTP/1.1" 404 1215 "http://eskijuva-bozori.uz/shops/pedagogism/g9a1s7t4r2u9l8a56" "Mozilla/5.0 AppleWebKit/537.36 (KHTML, like Gecko; compatible; ClaudeBot/1.0; +claudebot@anthropic.com)"
54.37.252.119 - - [25/Aug/2026:01:41:06 +0500] "GET /uz/facts-uzb?template=accessibility'&format=feed&type=rss HTTP/1.1" 200 9864 "-" "Mozilla/5.0 (compatible; MJ12bot/v1.4.8; http://mj12bot.com/)"
216.73.216.20 - - [25/Aug/2026:01:41:09 +0500] "GET /shops/rotenone/i9n3d6i0g4i8t6a3t7e6d2 HTTP/1.1" 301 - "-" "Mozilla/5.0 AppleWebKit/537.36 (KHTML, like Gecko; compatible; ClaudeBot/1.0; +claudebot@anthropic.com)"
54.37.252.119 - - [25/Aug/2026:01:41:11 +0500] "GET /uz/facts-uzb?template=accessibility'&start=15 HTTP/1.1" 200 38380 "-" "Mozilla/5.0 (compatible; MJ12bot/v1.4.8; http://mj12bot.com/)"
216.73.216.20 - - [25/Aug/2026:01:41:11 +0500] "GET /uz/shops/rotenone/i9n3d6i0g4i8t6a3t7e6d2 HTTP/1.1" 404 1215 "http://eskijuva-bozori.uz/shops/rotenone/i9n3d6i0g4i8t6a3t7e6d2" "Mozilla/5.0 AppleWebKit/537.36 (KHTML, like Gecko; compatible; ClaudeBot/1.0; +claudebot@anthropic.com)"
54.37.252.119 - - [25/Aug/2026:01:41:17 +0500] "GET /uz/facts-uzb?template=accessibility'&start=30 HTTP/1.1" 200 38157 "-" "Mozilla/5.0 (compatible; MJ12bot/v1.4.8; http://mj12bot.com/)"
216.73.216.20 - - [25/Aug/2026:01:41:17 +0500] "GET /?r=p9r7o5f5e9s9s3i5o8n8 HTTP/1.1" 301 - "-" "Mozilla/5.0 AppleWebKit/537.36 (KHTML, like Gecko; compatible; ClaudeBot/1.0; +claudebot@anthropic.com)"
216.73.216.20 - - [25/Aug/2026:01:41:20 +0500] "GET /uz/?r=p9r7o5f5e9s9s3i5o8n8 HTTP/1.1" 200 68309 "http://eskijuva-bozori.uz/?r=p9r7o5f5e9s9s3i5o8n8" "Mozilla/5.0 AppleWebKit/537.36 (KHTML, like Gecko; compatible; ClaudeBot/1.0; +claudebot@anthropic.com)"
54.37.252.119 - - [25/Aug/2026:01:41:22 +0500] "GET /uz/facts-uzb?template=accessibility'&start=45 HTTP/1.1" 200 38144 "-" "Mozilla/5.0 (compatible; MJ12bot/v1.4.8; http://mj12bot.com/)"
216.73.216.20 - - [25/Aug/2026:01:41:27 +0500] "GET /?r=c9l1o6c9k0w5i4s9e625 HTTP/1.1" 301 - "-" "Mozilla/5.0 AppleWebKit/537.36 (KHTML, like Gecko; compatible; ClaudeBot/1.0; +claudebot@anthropic.com)"
54.37.252.119 - - [25/Aug/2026:01:41:28 +0500] "GET /uz/facts-uzb?template=accessibility'&start=60 HTTP/1.1" 200 38197 "-" "Mozilla/5.0 (compatible; MJ12bot/v1.4.8; http://mj12bot.com/)"
216.73.216.20 - - [25/Aug/2026:01:41:30 +0500] "GET /uz/?r=c9l1o6c9k0w5i4s9e625 HTTP/1.1" 200 68309 "http://eskijuva-bozori.uz/?r=c9l1o6c9k0w5i4s9e625" "Mozilla/5.0 AppleWebKit/537.36 (KHTML, like Gecko; compatible; ClaudeBot/1.0; +claudebot@anthropic.com)"
34.57.162.91 - - [25/Aug/2026:01:41:32 +0500] "GET /ru/ HTTP/1.1" 200 67854 "-" "Mozilla/5.0 (Macintosh; Intel Mac OS X 10_15_7) AppleWebKit/537.36 (KHTML, like Gecko) Chrome/120.0.0.0 Safari/537.36"
54.37.252.119 - - [25/Aug/2026:01:41:34 +0500] "GET /uz/facts-uzb?template=accessibility'&start=75 HTTP/1.1" 200 36860 "-" "Mozilla/5.0 (compatible; MJ12bot/v1.4.8; http://mj12bot.com/)"
216.73.216.20 - - [25/Aug/2026:01:41:35 +0500] "GET /thermantidote/p9l1a7n9i1s8p3h8e9r7i6c HTTP/1.1" 301 - "-" "Mozilla/5.0 AppleWebKit/537.36 (KHTML, like Gecko; compatible; ClaudeBot/1.0; +claudebot@anthropic.com)"
216.73.216.20 - - [25/Aug/2026:01:41:38 +0500] "GET /uz/thermantidote/p9l1a7n9i1s8p3h8e9r7i6c HTTP/1.1" 404 1215 "http://eskijuva-bozori.uz/thermantidote/p9l1a7n9i1s8p3h8e9r7i6c" "Mozilla/5.0 AppleWebKit/537.36 (KHTML, like Gecko; compatible; ClaudeBot/1.0; +claudebot@anthropic.com)"
85.208.96.210 - - [25/Aug/2026:01:41:38 +0500] "GET /uz/?r=l9i1t1h9o6t6r6i8t3i3s3t&start=8 HTTP/1.1" 200 67422 "-" "Mozilla/5.0 (compatible; SemrushBot/7~bl; +http://www.semrush.com/bot.html)"
54.37.252.119 - - [25/Aug/2026:01:41:40 +0500] "GET /uz/facts-uzb?template=accessibility'&start=90 HTTP/1.1" 200 33264 "-" "Mozilla/5.0 (compatible; MJ12bot/v1.4.8; http://mj12bot.com/)"
216.73.216.20 - - [25/Aug/2026:01:41:41 +0500] "GET /?r=m9o3i5l6i7n2g8588 HTTP/1.1" 301 - "-" "Mozilla/5.0 AppleWebKit/537.36 (KHTML, like Gecko; compatible; ClaudeBot/1.0; +claudebot@anthropic.com)"
34.123.149.87 - - [25/Aug/2026:01:41:41 +0500] "GET /ru/officially-rus/tenders-rus/330-vacancy-director-2021-uzb HTTP/1.1" 200 60309 "-" "Mozilla/5.0 (Macintosh; Intel Mac OS X 10_15_7) AppleWebKit/537.36 (KHTML, like Gecko) Chrome/120.0.0.0 Safari/537.36"
216.73.216.20 - - [25/Aug/2026:01:41:44 +0500] "GET /uz/?r=m9o3i5l6i7n2g8588 HTTP/1.1" 200 68215 "http://eskijuva-bozori.uz/?r=m9o3i5l6i7n2g8588" "Mozilla/5.0 AppleWebKit/537.36 (KHTML, like Gecko; compatible; ClaudeBot/1.0; +claudebot@anthropic.com)"
54.37.252.119 - - [25/Aug/2026:01:41:46 +0500] "GET /uz/info-for-shareholders-uzb/277-kpe-3-2019-ej HTTP/1.1" 200 56704 "-" "Mozilla/5.0 (compatible; MJ12bot/v1.4.8; http://mj12bot.com/)"
216.73.216.20 - - [25/Aug/2026:01:41:53 +0500] "GET /?r=l9a4m3e0n0t1a6t0i6o2n HTTP/1.1" 301 - "-" "Mozilla/5.0 AppleWebKit/537.36 (KHTML, like Gecko; compatible; ClaudeBot/1.0; +claudebot@anthropic.com)"
216.73.216.20 - - [25/Aug/2026:01:41:57 +0500] "GET /uz/?r=l9a4m3e0n0t1a6t0i6o2n HTTP/1.1" 200 68219 "http://eskijuva-bozori.uz/?r=l9a4m3e0n0t1a6t0i6o2n" "Mozilla/5.0 AppleWebKit/537.36 (KHTML, like Gecko; compatible; ClaudeBot/1.0; +claudebot@anthropic.com)"
54.37.252.119 - - [25/Aug/2026:01:41:57 +0500] "GET /uz/jsc-docs-uzb/174-ustav-elga-xizmat-2016-uzb HTTP/1.1" 200 74951 "-" "Mozilla/5.0 (compatible; MJ12bot/v1.4.8; http://mj12bot.com/)"
216.73.216.20 - - [25/Aug/2026:01:42:00 +0500] "GET /?r=f9i1l7a3t7u3r7e0372 HTTP/1.1" 301 - "-" "Mozilla/5.0 AppleWebKit/537.36 (KHTML, like Gecko; compatible; ClaudeBot/1.0; +claudebot@anthropic.com)"
216.73.216.20 - - [25/Aug/2026:01:42:04 +0500] "GET /uz/?r=f9i1l7a3t7u3r7e0372 HTTP/1.1" 200 68217 "http://eskijuva-bozori.uz/?r=f9i1l7a3t7u3r7e0372" "Mozilla/5.0 AppleWebKit/537.36 (KHTML, like Gecko; compatible; ClaudeBot/1.0; +claudebot@anthropic.com)"
54.37.252.119 - - [25/Aug/2026:01:42:06 +0500] "GET /uz/jsc-docs-uzb/185-vnutr-contr-28-06-16-uzb HTTP/1.1" 200 86322 "-" "Mozilla/5.0 (compatible; MJ12bot/v1.4.8; http://mj12bot.com/)"
54.37.252.119 - - [25/Aug/2026:01:42:14 +0500] "GET /uz/jsc-docs-uzb/27-nabl-sovet-14-07-14-uzb HTTP/1.1" 200 92036 "-" "Mozilla/5.0 (compatible; MJ12bot/v1.4.8; http://mj12bot.com/)"
54.37.252.119 - - [25/Aug/2026:01:42:20 +0500] "GET /uz/jsc-docs-uzb/445-izm-osa-ns-2020-docx HTTP/1.1" 200 55827 "-" "Mozilla/5.0 (compatible; MJ12bot/v1.4.8; http://mj12bot.com/)"
216.73.216.20 - - [25/Aug/2026:01:42:25 +0500] "GET /shops/ironclad/l9y5c5o2p5e9r0s6i1c6um HTTP/1.1" 301 - "-" "Mozilla/5.0 AppleWebKit/537.36 (KHTML, like Gecko; compatible; ClaudeBot/1.0; +claudebot@anthropic.com)"
54.37.252.119 - - [25/Aug/2026:01:42:26 +0500] "GET /uz/jsc-docs-uzb/50-rev-kom-14-07-14-uzb HTTP/1.1" 200 77368 "-" "Mozilla/5.0 (compatible; MJ12bot/v1.4.8; http://mj12bot.com/)"
216.73.216.20 - - [25/Aug/2026:01:42:27 +0500] "GET /uz/shops/ironclad/l9y5c5o2p5e9r0s6i1c6um HTTP/1.1" 404 1215 "http://eskijuva-bozori.uz/shops/ironclad/l9y5c5o2p5e9r0s6i1c6um" "Mozilla/5.0 AppleWebKit/537.36 (KHTML, like Gecko; compatible; ClaudeBot/1.0; +claudebot@anthropic.com)"
216.73.216.20 - - [25/Aug/2026:01:42:30 +0500] "GET /?r=u9n2c2o5n5s5p3i0c7u4o2us HTTP/1.1" 301 - "-" "Mozilla/5.0 AppleWebKit/537.36 (KHTML, like Gecko; compatible; ClaudeBot/1.0; +claudebot@anthropic.com)"
54.37.252.119 - - [25/Aug/2026:01:42:31 +0500] "GET /uz/jsc-docs-uzb/89-sof-foyda-taqsimoti HTTP/1.1" 200 57900 "-" "Mozilla/5.0 (compatible; MJ12bot/v1.4.8; http://mj12bot.com/)"
