34.42.229.145 - - [24/Aug/2026:19:17:23 +0500] "GET /ru/component/search/?Itemid=128&catid=34&format=opensearch&id=313 HTTP/1.1" 200 755 "-" "Mozilla/5.0 (Macintosh; Intel Mac OS X 10_15_7) AppleWebKit/537.36 (KHTML, like Gecko) Chrome/120.0.0.0 Safari/537.36"
85.208.96.199 - - [24/Aug/2026:19:17:36 +0500] "GET /uz/prospectus-uzb?template=accessibility HTTP/1.1" 200 32165 "-" "Mozilla/5.0 (compatible; SemrushBot/7~bl; +http://www.semrush.com/bot.html)"
34.123.149.87 - - [24/Aug/2026:19:19:00 +0500] "GET /ru/component/search/?Itemid=165&format=opensearch&template=accessibility HTTP/1.1" 200 775 "-" "Mozilla/5.0 (Macintosh; Intel Mac OS X 10_15_7) AppleWebKit/537.36 (KHTML, like Gecko) Chrome/120.0.0.0 Safari/537.36"
34.171.68.95 - - [24/Aug/2026:19:19:13 +0500] "GET /ru/component/search/?Itemid=160&catid=19&format=opensearch&id=381 HTTP/1.1" 200 770 "-" "Mozilla/5.0 (Macintosh; Intel Mac OS X 10_15_7) AppleWebKit/537.36 (KHTML, like Gecko) Chrome/120.0.0.0 Safari/537.36"
34.10.180.98 - - [24/Aug/2026:19:19:20 +0500] "GET /ru/about-org-rus/direction-rus?template=accessibility HTTP/1.1" 200 30534 "-" "Mozilla/5.0 (Macintosh; Intel Mac OS X 10_15_7) AppleWebKit/537.36 (KHTML, like Gecko) Chrome/120.0.0.0 Safari/537.36"
185.191.171.5 - - [24/Aug/2026:19:20:06 +0500] "GET /ru/facts-rus/82-05-fact-22-07-15 HTTP/1.1" 200 59054 "-" "Mozilla/5.0 (compatible; SemrushBot/7~bl; +http://www.semrush.com/bot.html)"
216.73.216.101 - - [24/Aug/2026:19:20:11 +0500] "GET /robots.txt HTTP/1.1" 200 111 "-" "Mozilla/5.0 AppleWebKit/537.36 (KHTML, like Gecko; compatible; ClaudeBot/1.0; +claudebot@anthropic.com)"
216.73.216.101 - - [24/Aug/2026:19:20:11 +0500] "GET /?r=h9a3g5g8a2d7a56397 HTTP/1.1" 301 - "-" "Mozilla/5.0 AppleWebKit/537.36 (KHTML, like Gecko; compatible; ClaudeBot/1.0; +claudebot@anthropic.com)"
216.73.216.101 - - [24/Aug/2026:19:20:13 +0500] "GET /uz/?r=h9a3g5g8a2d7a56397 HTTP/1.1" 200 68307 "http://eskijuva-bozori.uz/?r=h9a3g5g8a2d7a56397" "Mozilla/5.0 AppleWebKit/537.36 (KHTML, like Gecko; compatible; ClaudeBot/1.0; +claudebot@anthropic.com)"
216.73.216.101 - - [24/Aug/2026:19:20:17 +0500] "GET /shops/sanatorium/i9m3p6o0s3t651663 HTTP/1.1" 301 - "-" "Mozilla/5.0 AppleWebKit/537.36 (KHTML, like Gecko; compatible; ClaudeBot/1.0; +claudebot@anthropic.com)"
216.73.216.101 - - [24/Aug/2026:19:20:18 +0500] "GET /uz/shops/sanatorium/i9m3p6o0s3t651663 HTTP/1.1" 404 1215 "http://eskijuva-bozori.uz/shops/sanatorium/i9m3p6o0s3t651663" "Mozilla/5.0 AppleWebKit/537.36 (KHTML, like Gecko; compatible; ClaudeBot/1.0; +claudebot@anthropic.com)"
216.73.216.101 - - [24/Aug/2026:19:20:20 +0500] "GET /?r=f9a2l7d7e5r3a3l7547 HTTP/1.1" 301 - "-" "Mozilla/5.0 AppleWebKit/537.36 (KHTML, like Gecko; compatible; ClaudeBot/1.0; +claudebot@anthropic.com)"
216.73.216.101 - - [24/Aug/2026:19:20:21 +0500] "GET /uz/?r=f9a2l7d7e5r3a3l7547 HTTP/1.1" 200 68308 "http://eskijuva-bozori.uz/?r=f9a2l7d7e5r3a3l7547" "Mozilla/5.0 AppleWebKit/537.36 (KHTML, like Gecko; compatible; ClaudeBot/1.0; +claudebot@anthropic.com)"
216.73.216.101 - - [24/Aug/2026:19:20:23 +0500] "GET /horsecart/b9e4a2u7f0i7n71691 HTTP/1.1" 301 - "-" "Mozilla/5.0 AppleWebKit/537.36 (KHTML, like Gecko; compatible; ClaudeBot/1.0; +claudebot@anthropic.com)"
216.73.216.101 - - [24/Aug/2026:19:20:24 +0500] "GET /uz/horsecart/b9e4a2u7f0i7n71691 HTTP/1.1" 404 1215 "http://eskijuva-bozori.uz/horsecart/b9e4a2u7f0i7n71691" "Mozilla/5.0 AppleWebKit/537.36 (KHTML, like Gecko; compatible; ClaudeBot/1.0; +claudebot@anthropic.com)"
216.73.216.101 - - [24/Aug/2026:19:20:26 +0500] "GET /?r=c9a2l1c6e2d332874 HTTP/1.1" 301 - "-" "Mozilla/5.0 AppleWebKit/537.36 (KHTML, like Gecko; compatible; ClaudeBot/1.0; +claudebot@anthropic.com)"
216.73.216.101 - - [24/Aug/2026:19:20:28 +0500] "GET /uz/?r=c9a2l1c6e2d332874 HTTP/1.1" 200 68306 "http://eskijuva-bozori.uz/?r=c9a2l1c6e2d332874" "Mozilla/5.0 AppleWebKit/537.36 (KHTML, like Gecko; compatible; ClaudeBot/1.0; +claudebot@anthropic.com)"
216.73.216.101 - - [24/Aug/2026:19:20:32 +0500] "GET /shops/hemadromometry/s9p1u7t2e1139207 HTTP/1.1" 301 - "-" "Mozilla/5.0 AppleWebKit/537.36 (KHTML, like Gecko; compatible; ClaudeBot/1.0; +claudebot@anthropic.com)"
216.73.216.101 - - [24/Aug/2026:19:20:33 +0500] "GET /uz/shops/hemadromometry/s9p1u7t2e1139207 HTTP/1.1" 404 1215 "http://eskijuva-bozori.uz/shops/hemadromometry/s9p1u7t2e1139207" "Mozilla/5.0 AppleWebKit/537.36 (KHTML, like Gecko; compatible; ClaudeBot/1.0; +claudebot@anthropic.com)"
216.73.216.101 - - [24/Aug/2026:19:20:35 +0500] "GET /?r=b9e2e9c1h7e1n27803 HTTP/1.1" 301 - "-" "Mozilla/5.0 AppleWebKit/537.36 (KHTML, like Gecko; compatible; ClaudeBot/1.0; +claudebot@anthropic.com)"
216.73.216.101 - - [24/Aug/2026:19:20:45 +0500] "GET /shops/bicyanide/m9a9c9e2d1o3n0i1a2n3 HTTP/1.1" 508 288 "-" "Mozilla/5.0 AppleWebKit/537.36 (KHTML, like Gecko; compatible; ClaudeBot/1.0; +claudebot@anthropic.com)"
85.208.96.195 - - [24/Aug/2026:19:20:45 +0500] "GET /uz/?author=17&start=48 HTTP/1.1" 508 288 "-" "Mozilla/5.0 (compatible; SemrushBot/7~bl; +http://www.semrush.com/bot.html)"
216.73.216.101 - - [24/Aug/2026:19:20:39 +0500] "GET /uz/?r=b9e2e9c1h7e1n27803 HTTP/1.1" 200 68307 "http://eskijuva-bozori.uz/?r=b9e2e9c1h7e1n27803" "Mozilla/5.0 AppleWebKit/537.36 (KHTML, like Gecko; compatible; ClaudeBot/1.0; +claudebot@anthropic.com)"
216.73.216.101 - - [24/Aug/2026:19:20:48 +0500] "GET /?r=d9e7g7e5n9e3r6a3t7e9d HTTP/1.1" 301 - "-" "Mozilla/5.0 AppleWebKit/537.36 (KHTML, like Gecko; compatible; ClaudeBot/1.0; +claudebot@anthropic.com)"
216.73.216.101 - - [24/Aug/2026:19:20:51 +0500] "GET /uz/?r=d9e7g7e5n9e3r6a3t7e9d HTTP/1.1" 200 68310 "http://eskijuva-bozori.uz/?r=d9e7g7e5n9e3r6a3t7e9d" "Mozilla/5.0 AppleWebKit/537.36 (KHTML, like Gecko; compatible; ClaudeBot/1.0; +claudebot@anthropic.com)"
216.73.216.101 - - [24/Aug/2026:19:20:57 +0500] "GET /?r=m9a4s2s1a1s8a4u0g3a05 HTTP/1.1" 301 - "-" "Mozilla/5.0 AppleWebKit/537.36 (KHTML, like Gecko; compatible; ClaudeBot/1.0; +claudebot@anthropic.com)"
216.73.216.101 - - [24/Aug/2026:19:20:58 +0500] "GET /uz/?r=m9a4s2s1a1s8a4u0g3a05 HTTP/1.1" 200 68310 "http://eskijuva-bozori.uz/?r=m9a4s2s1a1s8a4u0g3a05" "Mozilla/5.0 AppleWebKit/537.36 (KHTML, like Gecko; compatible; ClaudeBot/1.0; +claudebot@anthropic.com)"
216.73.216.101 - - [24/Aug/2026:19:21:00 +0500] "GET /shops/randomize/b9o1n0n8i9e499959 HTTP/1.1" 301 - "-" "Mozilla/5.0 AppleWebKit/537.36 (KHTML, like Gecko; compatible; ClaudeBot/1.0; +claudebot@anthropic.com)"
216.73.216.101 - - [24/Aug/2026:19:21:01 +0500] "GET /uz/shops/randomize/b9o1n0n8i9e499959 HTTP/1.1" 404 1215 "http://eskijuva-bozori.uz/shops/randomize/b9o1n0n8i9e499959" "Mozilla/5.0 AppleWebKit/537.36 (KHTML, like Gecko; compatible; ClaudeBot/1.0; +claudebot@anthropic.com)"
216.73.216.101 - - [24/Aug/2026:19:21:03 +0500] "GET /shops/stillborn/h9a2b5e6r8d7a9s1h163 HTTP/1.1" 301 - "-" "Mozilla/5.0 AppleWebKit/537.36 (KHTML, like Gecko; compatible; ClaudeBot/1.0; +claudebot@anthropic.com)"
216.73.216.101 - - [24/Aug/2026:19:21:04 +0500] "GET /uz/shops/stillborn/h9a2b5e6r8d7a9s1h163 HTTP/1.1" 404 1215 "http://eskijuva-bozori.uz/shops/stillborn/h9a2b5e6r8d7a9s1h163" "Mozilla/5.0 AppleWebKit/537.36 (KHTML, like Gecko; compatible; ClaudeBot/1.0; +claudebot@anthropic.com)"
216.73.216.101 - - [24/Aug/2026:19:21:06 +0500] "GET /suasively/krishnas/92738513510 HTTP/1.1" 301 - "-" "Mozilla/5.0 AppleWebKit/537.36 (KHTML, like Gecko; compatible; ClaudeBot/1.0; +claudebot@anthropic.com)"
216.73.216.101 - - [24/Aug/2026:19:21:07 +0500] "GET /uz/suasively/krishnas/92738513510 HTTP/1.1" 404 1215 "http://eskijuva-bozori.uz/suasively/krishnas/92738513510" "Mozilla/5.0 AppleWebKit/537.36 (KHTML, like Gecko; compatible; ClaudeBot/1.0; +claudebot@anthropic.com)"
216.73.216.101 - - [24/Aug/2026:19:21:09 +0500] "GET /shops/obequitation/n9e4e0l0b2h7u2n6d9e6r9 HTTP/1.1" 301 - "-" "Mozilla/5.0 AppleWebKit/537.36 (KHTML, like Gecko; compatible; ClaudeBot/1.0; +claudebot@anthropic.com)"
216.73.216.101 - - [24/Aug/2026:19:21:10 +0500] "GET /uz/shops/obequitation/n9e4e0l0b2h7u2n6d9e6r9 HTTP/1.1" 404 1215 "http://eskijuva-bozori.uz/shops/obequitation/n9e4e0l0b2h7u2n6d9e6r9" "Mozilla/5.0 AppleWebKit/537.36 (KHTML, like Gecko; compatible; ClaudeBot/1.0; +claudebot@anthropic.com)"
216.73.216.101 - - [24/Aug/2026:19:21:12 +0500] "GET /?r=t9h2y4s6b2e219864 HTTP/1.1" 301 - "-" "Mozilla/5.0 AppleWebKit/537.36 (KHTML, like Gecko; compatible; ClaudeBot/1.0; +claudebot@anthropic.com)"
216.73.216.101 - - [24/Aug/2026:19:21:13 +0500] "GET /uz/?r=t9h2y4s6b2e219864 HTTP/1.1" 200 68306 "http://eskijuva-bozori.uz/?r=t9h2y4s6b2e219864" "Mozilla/5.0 AppleWebKit/537.36 (KHTML, like Gecko; compatible; ClaudeBot/1.0; +claudebot@anthropic.com)"
216.73.216.101 - - [24/Aug/2026:19:21:15 +0500] "GET /shops/moonseed/c9a6p9u9t61065 HTTP/1.1" 301 - "-" "Mozilla/5.0 AppleWebKit/537.36 (KHTML, like Gecko; compatible; ClaudeBot/1.0; +claudebot@anthropic.com)"
216.73.216.101 - - [24/Aug/2026:19:21:16 +0500] "GET /uz/shops/moonseed/c9a6p9u9t61065 HTTP/1.1" 404 1215 "http://eskijuva-bozori.uz/shops/moonseed/c9a6p9u9t61065" "Mozilla/5.0 AppleWebKit/537.36 (KHTML, like Gecko; compatible; ClaudeBot/1.0; +claudebot@anthropic.com)"
216.73.216.101 - - [24/Aug/2026:19:21:19 +0500] "GET /ranedeer/c9e4r2e8v7i5s19596 HTTP/1.1" 301 - "-" "Mozilla/5.0 AppleWebKit/537.36 (KHTML, like Gecko; compatible; ClaudeBot/1.0; +claudebot@anthropic.com)"
216.73.216.101 - - [24/Aug/2026:19:21:20 +0500] "GET /uz/ranedeer/c9e4r2e8v7i5s19596 HTTP/1.1" 404 1215 "http://eskijuva-bozori.uz/ranedeer/c9e4r2e8v7i5s19596" "Mozilla/5.0 AppleWebKit/537.36 (KHTML, like Gecko; compatible; ClaudeBot/1.0; +claudebot@anthropic.com)"
34.171.68.95 - - [24/Aug/2026:19:21:26 +0500] "GET /ru/korp-upr-rus/441-corp-upr-rating-2020 HTTP/1.1" 200 54991 "-" "Mozilla/5.0 (Macintosh; Intel Mac OS X 10_15_7) AppleWebKit/537.36 (KHTML, like Gecko) Chrome/120.0.0.0 Safari/537.36"
216.73.216.101 - - [24/Aug/2026:19:21:28 +0500] "GET /shops/twilt/p9i1l4c7r5o7w82977 HTTP/1.1" 301 - "-" "Mozilla/5.0 AppleWebKit/537.36 (KHTML, like Gecko; compatible; ClaudeBot/1.0; +claudebot@anthropic.com)"
216.73.216.101 - - [24/Aug/2026:19:21:30 +0500] "GET /uz/shops/twilt/p9i1l4c7r5o7w82977 HTTP/1.1" 404 1215 "http://eskijuva-bozori.uz/shops/twilt/p9i1l4c7r5o7w82977" "Mozilla/5.0 AppleWebKit/537.36 (KHTML, like Gecko; compatible; ClaudeBot/1.0; +claudebot@anthropic.com)"
216.73.216.101 - - [24/Aug/2026:19:21:34 +0500] "GET /shops/regulative/l9a3c4u8n3a1e98084 HTTP/1.1" 301 - "-" "Mozilla/5.0 AppleWebKit/537.36 (KHTML, like Gecko; compatible; ClaudeBot/1.0; +claudebot@anthropic.com)"
216.73.216.101 - - [24/Aug/2026:19:21:35 +0500] "GET /uz/shops/regulative/l9a3c4u8n3a1e98084 HTTP/1.1" 404 1215 "http://eskijuva-bozori.uz/shops/regulative/l9a3c4u8n3a1e98084" "Mozilla/5.0 AppleWebKit/537.36 (KHTML, like Gecko; compatible; ClaudeBot/1.0; +claudebot@anthropic.com)"
216.73.216.101 - - [24/Aug/2026:19:21:38 +0500] "GET /shops/periblast/d9e1o7n4t7o4l4o2g4i2s7t HTTP/1.1" 301 - "-" "Mozilla/5.0 AppleWebKit/537.36 (KHTML, like Gecko; compatible; ClaudeBot/1.0; +claudebot@anthropic.com)"
216.73.216.101 - - [24/Aug/2026:19:21:39 +0500] "GET /uz/shops/periblast/d9e1o7n4t7o4l4o2g4i2s7t HTTP/1.1" 404 1215 "http://eskijuva-bozori.uz/shops/periblast/d9e1o7n4t7o4l4o2g4i2s7t" "Mozilla/5.0 AppleWebKit/537.36 (KHTML, like Gecko; compatible; ClaudeBot/1.0; +claudebot@anthropic.com)"
216.73.216.101 - - [24/Aug/2026:19:21:42 +0500] "GET /shops/bermudas/s9e2t4o2n1200004 HTTP/1.1" 301 - "-" "Mozilla/5.0 AppleWebKit/537.36 (KHTML, like Gecko; compatible; ClaudeBot/1.0; +claudebot@anthropic.com)"
216.73.216.101 - - [24/Aug/2026:19:21:43 +0500] "GET /uz/shops/bermudas/s9e2t4o2n1200004 HTTP/1.1" 404 1215 "http://eskijuva-bozori.uz/shops/bermudas/s9e2t4o2n1200004" "Mozilla/5.0 AppleWebKit/537.36 (KHTML, like Gecko; compatible; ClaudeBot/1.0; +claudebot@anthropic.com)"
216.73.216.101 - - [24/Aug/2026:19:21:46 +0500] "GET /shops/cloyless/t9i3f6f5e3d619657 HTTP/1.1" 301 - "-" "Mozilla/5.0 AppleWebKit/537.36 (KHTML, like Gecko; compatible; ClaudeBot/1.0; +claudebot@anthropic.com)"
216.73.216.101 - - [24/Aug/2026:19:21:47 +0500] "GET /uz/shops/cloyless/t9i3f6f5e3d619657 HTTP/1.1" 404 1215 "http://eskijuva-bozori.uz/shops/cloyless/t9i3f6f5e3d619657" "Mozilla/5.0 AppleWebKit/537.36 (KHTML, like Gecko; compatible; ClaudeBot/1.0; +claudebot@anthropic.com)"
216.73.216.101 - - [24/Aug/2026:19:21:50 +0500] "GET /shops/squintifego/m9u4d1d4l9e1h0e6a0d29 HTTP/1.1" 301 - "-" "Mozilla/5.0 AppleWebKit/537.36 (KHTML, like Gecko; compatible; ClaudeBot/1.0; +claudebot@anthropic.com)"
216.73.216.101 - - [24/Aug/2026:19:21:51 +0500] "GET /uz/shops/squintifego/m9u4d1d4l9e1h0e6a0d29 HTTP/1.1" 404 1215 "http://eskijuva-bozori.uz/shops/squintifego/m9u4d1d4l9e1h0e6a0d29" "Mozilla/5.0 AppleWebKit/537.36 (KHTML, like Gecko; compatible; ClaudeBot/1.0; +claudebot@anthropic.com)"
216.73.216.101 - - [24/Aug/2026:19:22:21 +0500] "GET /shops/kickup/f9r5e3e9z7a3b6l1e56 HTTP/1.1" 301 - "-" "Mozilla/5.0 AppleWebKit/537.36 (KHTML, like Gecko; compatible; ClaudeBot/1.0; +claudebot@anthropic.com)"
172.191.149.99 - - [24/Aug/2026:19:22:22 +0500] "GET /wp-content/plugins/hellopress/wp_filemanager.php HTTP/1.1" 301 - "-" "-"
216.73.216.101 - - [24/Aug/2026:19:22:24 +0500] "GET /?r=o9v2e8r1g2l9a8d0718 HTTP/1.1" 301 - "-" "Mozilla/5.0 AppleWebKit/537.36 (KHTML, like Gecko; compatible; ClaudeBot/1.0; +claudebot@anthropic.com)"
43.165.198.5 - - [24/Aug/2026:19:22:26 +0500] "GET /uz/about-org-uzb/strategy-uzb/421-biznes-plan-2024-pdf HTTP/1.1" 200 56366 "-" "Mozilla/5.0 (iPhone; CPU iPhone OS 13_2_3 like Mac OS X) AppleWebKit/605.1.15 (KHTML, like Gecko) Version/13.0.3 Mobile/15E148 Safari/604.1"
216.73.216.101 - - [24/Aug/2026:19:22:27 +0500] "GET /shops/awhile/i9m3m2e2a2s1u2r0e9d72 HTTP/1.1" 301 - "-" "Mozilla/5.0 AppleWebKit/537.36 (KHTML, like Gecko; compatible; ClaudeBot/1.0; +claudebot@anthropic.com)"
216.73.216.101 - - [24/Aug/2026:19:22:33 +0500] "GET /uz/shops/awhile/i9m3m2e2a2s1u2r0e9d72 HTTP/1.1" 404 1215 "http://eskijuva-bozori.uz/shops/awhile/i9m3m2e2a2s1u2r0e9d72" "Mozilla/5.0 AppleWebKit/537.36 (KHTML, like Gecko; compatible; ClaudeBot/1.0; +claudebot@anthropic.com)"
216.73.216.101 - - [24/Aug/2026:19:22:35 +0500] "GET /?r=d9i3s5s2e9n1t8e4r455 HTTP/1.1" 301 - "-" "Mozilla/5.0 AppleWebKit/537.36 (KHTML, like Gecko; compatible; ClaudeBot/1.0; +claudebot@anthropic.com)"
216.73.216.101 - - [24/Aug/2026:19:22:37 +0500] "GET /uz/?r=d9i3s5s2e9n1t8e4r455 HTTP/1.1" 200 68309 "http://eskijuva-bozori.uz/?r=d9i3s5s2e9n1t8e4r455" "Mozilla/5.0 AppleWebKit/537.36 (KHTML, like Gecko; compatible; ClaudeBot/1.0; +claudebot@anthropic.com)"
216.73.216.101 - - [24/Aug/2026:19:22:40 +0500] "GET /?r=s9u2p1r1a9d1e4c8o6m0pound HTTP/1.1" 301 - "-" "Mozilla/5.0 AppleWebKit/537.36 (KHTML, like Gecko; compatible; ClaudeBot/1.0; +claudebot@anthropic.com)"
216.73.216.101 - - [24/Aug/2026:19:22:41 +0500] "GET /uz/?r=s9u2p1r1a9d1e4c8o6m0pound HTTP/1.1" 200 68314 "http://eskijuva-bozori.uz/?r=s9u2p1r1a9d1e4c8o6m0pound" "Mozilla/5.0 AppleWebKit/537.36 (KHTML, like Gecko; compatible; ClaudeBot/1.0; +claudebot@anthropic.com)"
216.73.216.101 - - [24/Aug/2026:19:22:45 +0500] "GET /shops/murinum/s9u2r5m9i9s4e7690 HTTP/1.1" 301 - "-" "Mozilla/5.0 AppleWebKit/537.36 (KHTML, like Gecko; compatible; ClaudeBot/1.0; +claudebot@anthropic.com)"
216.73.216.101 - - [24/Aug/2026:19:22:46 +0500] "GET /uz/shops/murinum/s9u2r5m9i9s4e7690 HTTP/1.1" 404 1215 "http://eskijuva-bozori.uz/shops/murinum/s9u2r5m9i9s4e7690" "Mozilla/5.0 AppleWebKit/537.36 (KHTML, like Gecko; compatible; ClaudeBot/1.0; +claudebot@anthropic.com)"
216.73.216.101 - - [24/Aug/2026:19:22:49 +0500] "GET /?r=r9e1f8i5n2d20890 HTTP/1.1" 301 - "-" "Mozilla/5.0 AppleWebKit/537.36 (KHTML, like Gecko; compatible; ClaudeBot/1.0; +claudebot@anthropic.com)"
216.73.216.101 - - [24/Aug/2026:19:22:51 +0500] "GET /uz/?r=r9e1f8i5n2d20890 HTTP/1.1" 200 68305 "http://eskijuva-bozori.uz/?r=r9e1f8i5n2d20890" "Mozilla/5.0 AppleWebKit/537.36 (KHTML, like Gecko; compatible; ClaudeBot/1.0; +claudebot@anthropic.com)"
216.73.216.101 - - [24/Aug/2026:19:22:55 +0500] "GET /shops/calamiferous/d9r2e2a7m3l3a2n7d223 HTTP/1.1" 301 - "-" "Mozilla/5.0 AppleWebKit/537.36 (KHTML, like Gecko; compatible; ClaudeBot/1.0; +claudebot@anthropic.com)"
216.73.216.101 - - [24/Aug/2026:19:22:57 +0500] "GET /uz/shops/calamiferous/d9r2e2a7m3l3a2n7d223 HTTP/1.1" 404 1215 "http://eskijuva-bozori.uz/shops/calamiferous/d9r2e2a7m3l3a2n7d223" "Mozilla/5.0 AppleWebKit/537.36 (KHTML, like Gecko; compatible; ClaudeBot/1.0; +claudebot@anthropic.com)"
34.123.149.87 - - [24/Aug/2026:19:23:00 +0500] "GET /docs/2025/prot_osa-15.09.2025.pdf HTTP/1.1" 200 251769 "-" "Mozilla/5.0 (Macintosh; Intel Mac OS X 10_15_7) AppleWebKit/537.36 (KHTML, like Gecko) Chrome/120.0.0.0 Safari/537.36"
216.73.216.101 - - [24/Aug/2026:19:23:03 +0500] "GET /?r=p9e2r0c9e5i9v1a8b7l3e5 HTTP/1.1" 301 - "-" "Mozilla/5.0 AppleWebKit/537.36 (KHTML, like Gecko; compatible; ClaudeBot/1.0; +claudebot@anthropic.com)"
216.73.216.101 - - [24/Aug/2026:19:23:04 +0500] "GET /uz/?r=p9e2r0c9e5i9v1a8b7l3e5 HTTP/1.1" 200 68311 "http://eskijuva-bozori.uz/?r=p9e2r0c9e5i9v1a8b7l3e5" "Mozilla/5.0 AppleWebKit/537.36 (KHTML, like Gecko; compatible; ClaudeBot/1.0; +claudebot@anthropic.com)"
216.73.216.101 - - [24/Aug/2026:19:23:10 +0500] "GET /shops/dernful/d9e2p6o4l4a4r7i0z4e3d8 HTTP/1.1" 301 - "-" "Mozilla/5.0 AppleWebKit/537.36 (KHTML, like Gecko; compatible; ClaudeBot/1.0; +claudebot@anthropic.com)"
216.73.216.101 - - [24/Aug/2026:19:23:11 +0500] "GET /uz/shops/dernful/d9e2p6o4l4a4r7i0z4e3d8 HTTP/1.1" 404 1215 "http://eskijuva-bozori.uz/shops/dernful/d9e2p6o4l4a4r7i0z4e3d8" "Mozilla/5.0 AppleWebKit/537.36 (KHTML, like Gecko; compatible; ClaudeBot/1.0; +claudebot@anthropic.com)"
216.73.216.101 - - [24/Aug/2026:19:23:16 +0500] "GET /shops/paperwork/h9a1l4b2e9r8t8931 HTTP/1.1" 301 - "-" "Mozilla/5.0 AppleWebKit/537.36 (KHTML, like Gecko; compatible; ClaudeBot/1.0; +claudebot@anthropic.com)"
216.73.216.101 - - [24/Aug/2026:19:23:17 +0500] "GET /uz/shops/paperwork/h9a1l4b2e9r8t8931 HTTP/1.1" 404 1215 "http://eskijuva-bozori.uz/shops/paperwork/h9a1l4b2e9r8t8931" "Mozilla/5.0 AppleWebKit/537.36 (KHTML, like Gecko; compatible; ClaudeBot/1.0; +claudebot@anthropic.com)"
216.73.216.101 - - [24/Aug/2026:19:23:21 +0500] "GET /?r=w9e7a5r2e6r16899 HTTP/1.1" 301 - "-" "Mozilla/5.0 AppleWebKit/537.36 (KHTML, like Gecko; compatible; ClaudeBot/1.0; +claudebot@anthropic.com)"
216.73.216.101 - - [24/Aug/2026:19:23:23 +0500] "GET /uz/?r=w9e7a5r2e6r16899 HTTP/1.1" 200 68305 "http://eskijuva-bozori.uz/?r=w9e7a5r2e6r16899" "Mozilla/5.0 AppleWebKit/537.36 (KHTML, like Gecko; compatible; ClaudeBot/1.0; +claudebot@anthropic.com)"
216.73.216.101 - - [24/Aug/2026:19:23:27 +0500] "GET /shops/unsight/o9v8e8r8a7n3x5i6o0us HTTP/1.1" 301 - "-" "Mozilla/5.0 AppleWebKit/537.36 (KHTML, like Gecko; compatible; ClaudeBot/1.0; +claudebot@anthropic.com)"
216.73.216.101 - - [24/Aug/2026:19:23:28 +0500] "GET /uz/shops/unsight/o9v8e8r8a7n3x5i6o0us HTTP/1.1" 404 1215 "http://eskijuva-bozori.uz/shops/unsight/o9v8e8r8a7n3x5i6o0us" "Mozilla/5.0 AppleWebKit/537.36 (KHTML, like Gecko; compatible; ClaudeBot/1.0; +claudebot@anthropic.com)"
216.73.216.101 - - [24/Aug/2026:19:23:32 +0500] "GET /coversed/russia/92683489247 HTTP/1.1" 301 - "-" "Mozilla/5.0 AppleWebKit/537.36 (KHTML, like Gecko; compatible; ClaudeBot/1.0; +claudebot@anthropic.com)"
216.73.216.101 - - [24/Aug/2026:19:23:33 +0500] "GET /uz/coversed/russia/92683489247 HTTP/1.1" 404 1215 "http://eskijuva-bozori.uz/coversed/russia/92683489247" "Mozilla/5.0 AppleWebKit/537.36 (KHTML, like Gecko; compatible; ClaudeBot/1.0; +claudebot@anthropic.com)"
216.73.216.101 - - [24/Aug/2026:19:23:37 +0500] "GET /?r=c9a2n0n1e6d862739 HTTP/1.1" 301 - "-" "Mozilla/5.0 AppleWebKit/537.36 (KHTML, like Gecko; compatible; ClaudeBot/1.0; +claudebot@anthropic.com)"
216.73.216.101 - - [24/Aug/2026:19:23:47 +0500] "GET /shops/extraocular/e9n3l6i8v8e4n7e1r02 HTTP/1.1" 508 288 "-" "Mozilla/5.0 AppleWebKit/537.36 (KHTML, like Gecko; compatible; ClaudeBot/1.0; +claudebot@anthropic.com)"
216.73.216.101 - - [24/Aug/2026:19:23:41 +0500] "GET /uz/?r=c9a2n0n1e6d862739 HTTP/1.1" 200 68306 "http://eskijuva-bozori.uz/?r=c9a2n0n1e6d862739" "Mozilla/5.0 AppleWebKit/537.36 (KHTML, like Gecko; compatible; ClaudeBot/1.0; +claudebot@anthropic.com)"
216.73.216.101 - - [24/Aug/2026:19:23:52 +0500] "GET /?r=d9o2m2i2n7i4c5a8n9s67 HTTP/1.1" 301 - "-" "Mozilla/5.0 AppleWebKit/537.36 (KHTML, like Gecko; compatible; ClaudeBot/1.0; +claudebot@anthropic.com)"
216.73.216.101 - - [24/Aug/2026:19:23:56 +0500] "GET /uz/?r=d9o2m2i2n7i4c5a8n9s67 HTTP/1.1" 200 68310 "http://eskijuva-bozori.uz/?r=d9o2m2i2n7i4c5a8n9s67" "Mozilla/5.0 AppleWebKit/537.36 (KHTML, like Gecko; compatible; ClaudeBot/1.0; +claudebot@anthropic.com)"
216.73.216.101 - - [24/Aug/2026:19:24:02 +0500] "GET /shops/sympathize/l9a2b3r4u7m5s67188 HTTP/1.1" 301 - "-" "Mozilla/5.0 AppleWebKit/537.36 (KHTML, like Gecko; compatible; ClaudeBot/1.0; +claudebot@anthropic.com)"
216.73.216.101 - - [24/Aug/2026:19:24:04 +0500] "GET /uz/shops/sympathize/l9a2b3r4u7m5s67188 HTTP/1.1" 404 1215 "http://eskijuva-bozori.uz/shops/sympathize/l9a2b3r4u7m5s67188" "Mozilla/5.0 AppleWebKit/537.36 (KHTML, like Gecko; compatible; ClaudeBot/1.0; +claudebot@anthropic.com)"
216.73.216.101 - - [24/Aug/2026:19:24:07 +0500] "GET /?r=e9n7l6i1v9e5n8e0d14 HTTP/1.1" 301 - "-" "Mozilla/5.0 AppleWebKit/537.36 (KHTML, like Gecko; compatible; ClaudeBot/1.0; +claudebot@anthropic.com)"
216.73.216.101 - - [24/Aug/2026:19:24:08 +0500] "GET /uz/?r=e9n7l6i1v9e5n8e0d14 HTTP/1.1" 200 68308 "http://eskijuva-bozori.uz/?r=e9n7l6i1v9e5n8e0d14" "Mozilla/5.0 AppleWebKit/537.36 (KHTML, like Gecko; compatible; ClaudeBot/1.0; +claudebot@anthropic.com)"
85.208.96.208 - - [24/Aug/2026:19:24:09 +0500] "GET /uz/?function=call_user_func_array&s=index%2Fthinkapp%2Finvokefunction&start=12&vars%5B0%5D=phpinfo HTTP/1.1" 200 69457 "-" "Mozilla/5.0 (compatible; SemrushBot/7~bl; +http://www.semrush.com/bot.html)"
216.73.216.101 - - [24/Aug/2026:19:24:17 +0500] "GET /?r=b9a3r9b4a9s5t9e6l470 HTTP/1.1" 301 - "-" "Mozilla/5.0 AppleWebKit/537.36 (KHTML, like Gecko; compatible; ClaudeBot/1.0; +claudebot@anthropic.com)"
216.73.216.101 - - [24/Aug/2026:19:24:20 +0500] "GET /uz/?r=b9a3r9b4a9s5t9e6l470 HTTP/1.1" 200 68309 "http://eskijuva-bozori.uz/?r=b9a3r9b4a9s5t9e6l470" "Mozilla/5.0 AppleWebKit/537.36 (KHTML, like Gecko; compatible; ClaudeBot/1.0; +claudebot@anthropic.com)"
216.73.216.101 - - [24/Aug/2026:19:24:27 +0500] "GET /shops/retrorsely/c9o2s9t6s9078568 HTTP/1.1" 301 - "-" "Mozilla/5.0 AppleWebKit/537.36 (KHTML, like Gecko; compatible; ClaudeBot/1.0; +claudebot@anthropic.com)"
216.73.216.101 - - [24/Aug/2026:19:24:33 +0500] "GET /uz/shops/retrorsely/c9o2s9t6s9078568 HTTP/1.1" 404 1215 "http://eskijuva-bozori.uz/shops/retrorsely/c9o2s9t6s9078568" "Mozilla/5.0 AppleWebKit/537.36 (KHTML, like Gecko; compatible; ClaudeBot/1.0; +claudebot@anthropic.com)"
137.131.45.225 - - [24/Aug/2026:19:24:41 +0500] "GET /uz?page=gravitysmtp-settings&rest_route=%2Fgravitysmtp%2Fv1%2Ftests%2Fmock-data&start=44 HTTP/1.1" 508 288 "-" "Mozilla/5.0 (X11; Linux aarch64) AppleWebKit/537.36 (KHTML, like Gecko) Chrome/139.0.0.0 Safari/537.36"
216.73.216.101 - - [24/Aug/2026:19:24:42 +0500] "GET /uz/melicerous/g9l3a1m4o8u5r1i2e011 HTTP/1.1" 508 288 "http://eskijuva-bozori.uz/melicerous/g9l3a1m4o8u5r1i2e011" "Mozilla/5.0 AppleWebKit/537.36 (KHTML, like Gecko; compatible; ClaudeBot/1.0; +claudebot@anthropic.com)"
216.73.216.101 - - [24/Aug/2026:19:24:37 +0500] "GET /melicerous/g9l3a1m4o8u5r1i2e011 HTTP/1.1" 301 - "-" "Mozilla/5.0 AppleWebKit/537.36 (KHTML, like Gecko; compatible; ClaudeBot/1.0; +claudebot@anthropic.com)"
137.131.45.225 - - [24/Aug/2026:19:24:36 +0500] "GET /uz?page=gravitysmtp-settings&rest_route=%2Fgravitysmtp%2Fv1%2Ftests%2Fmock-data&start=44 HTTP/1.1" 200 15601 "-" "Mozilla/5.0 (X11; Linux aarch64) AppleWebKit/537.36 (KHTML, like Gecko) Chrome/139.0.0.0 Safari/537.36"
34.171.68.95 - - [24/Aug/2026:19:24:50 +0500] "GET /docs/reports/2020/balans-3-2020.pdf HTTP/1.1" 200 1176784 "-" "Mozilla/5.0 (Macintosh; Intel Mac OS X 10_15_7) AppleWebKit/537.36 (KHTML, like Gecko) Chrome/120.0.0.0 Safari/537.36"
216.73.216.101 - - [24/Aug/2026:19:24:50 +0500] "GET /?r=g9a1s9t3r3o7l9o2b7i3u9m HTTP/1.1" 301 - "-" "Mozilla/5.0 AppleWebKit/537.36 (KHTML, like Gecko; compatible; ClaudeBot/1.0; +claudebot@anthropic.com)"
216.73.216.101 - - [24/Aug/2026:19:24:55 +0500] "GET /uz/?r=g9a1s9t3r3o7l9o2b7i3u9m HTTP/1.1" 200 68312 "http://eskijuva-bozori.uz/?r=g9a1s9t3r3o7l9o2b7i3u9m" "Mozilla/5.0 AppleWebKit/537.36 (KHTML, like Gecko; compatible; ClaudeBot/1.0; +claudebot@anthropic.com)"
216.73.216.101 - - [24/Aug/2026:19:25:03 +0500] "GET /shops/tastier/s9e9l0f3a9s1s1u7m9e3d HTTP/1.1" 301 - "-" "Mozilla/5.0 AppleWebKit/537.36 (KHTML, like Gecko; compatible; ClaudeBot/1.0; +claudebot@anthropic.com)"
216.73.216.101 - - [24/Aug/2026:19:25:05 +0500] "GET /uz/shops/tastier/s9e9l0f3a9s1s1u7m9e3d HTTP/1.1" 404 1215 "http://eskijuva-bozori.uz/shops/tastier/s9e9l0f3a9s1s1u7m9e3d" "Mozilla/5.0 AppleWebKit/537.36 (KHTML, like Gecko; compatible; ClaudeBot/1.0; +claudebot@anthropic.com)"
34.56.53.225 - - [24/Aug/2026:19:25:06 +0500] "GET /uz/officially-uzb/old-acts-uzb?template=yoo_master2 HTTP/1.1" 200 59237 "-" "Mozilla/5.0 (Macintosh; Intel Mac OS X 10_15_7) AppleWebKit/537.36 (KHTML, like Gecko) Chrome/120.0.0.0 Safari/537.36"
216.73.216.101 - - [24/Aug/2026:19:25:19 +0500] "GET /?r=s9a7c3c3h2a6r2i9f9y3ing HTTP/1.1" 301 - "-" "Mozilla/5.0 AppleWebKit/537.36 (KHTML, like Gecko; compatible; ClaudeBot/1.0; +claudebot@anthropic.com)"
34.171.68.95 - - [24/Aug/2026:19:25:20 +0500] "GET /uz/facts-uzb/302-06-fact-19-05-2020 HTTP/1.1" 200 57030 "-" "Mozilla/5.0 (Macintosh; Intel Mac OS X 10_15_7) AppleWebKit/537.36 (KHTML, like Gecko) Chrome/120.0.0.0 Safari/537.36"
216.73.216.101 - - [24/Aug/2026:19:25:21 +0500] "GET /uz/?r=s9a7c3c3h2a6r2i9f9y3ing HTTP/1.1" 200 68263 "http://eskijuva-bozori.uz/?r=s9a7c3c3h2a6r2i9f9y3ing" "Mozilla/5.0 AppleWebKit/537.36 (KHTML, like Gecko; compatible; ClaudeBot/1.0; +claudebot@anthropic.com)"
216.73.216.101 - - [24/Aug/2026:19:25:38 +0500] "GET /?r=t9s3u2n4g2409089 HTTP/1.1" 301 - "-" "Mozilla/5.0 AppleWebKit/537.36 (KHTML, like Gecko; compatible; ClaudeBot/1.0; +claudebot@anthropic.com)"
216.73.216.101 - - [24/Aug/2026:19:25:44 +0500] "GET /uz/?r=t9s3u2n4g2409089 HTTP/1.1" 200 68256 "http://eskijuva-bozori.uz/?r=t9s3u2n4g2409089" "Mozilla/5.0 AppleWebKit/537.36 (KHTML, like Gecko; compatible; ClaudeBot/1.0; +claudebot@anthropic.com)"
216.73.216.101 - - [24/Aug/2026:19:25:58 +0500] "GET /?r=r9e1e2d7w5o2r4k3154 HTTP/1.1" 301 - "-" "Mozilla/5.0 AppleWebKit/537.36 (KHTML, like Gecko; compatible; ClaudeBot/1.0; +claudebot@anthropic.com)"
216.73.216.101 - - [24/Aug/2026:19:26:00 +0500] "GET /uz/?r=r9e1e2d7w5o2r4k3154 HTTP/1.1" 200 68259 "http://eskijuva-bozori.uz/?r=r9e1e2d7w5o2r4k3154" "Mozilla/5.0 AppleWebKit/537.36 (KHTML, like Gecko; compatible; ClaudeBot/1.0; +claudebot@anthropic.com)"
216.73.216.101 - - [24/Aug/2026:19:26:19 +0500] "GET /dewing/northpolar/u9n2t9i3t8l1e8d6592 HTTP/1.1" 301 - "-" "Mozilla/5.0 AppleWebKit/537.36 (KHTML, like Gecko; compatible; ClaudeBot/1.0; +claudebot@anthropic.com)"
216.73.216.101 - - [24/Aug/2026:19:26:23 +0500] "GET /uz/dewing/northpolar/u9n2t9i3t8l1e8d6592 HTTP/1.1" 404 1215 "http://eskijuva-bozori.uz/dewing/northpolar/u9n2t9i3t8l1e8d6592" "Mozilla/5.0 AppleWebKit/537.36 (KHTML, like Gecko; compatible; ClaudeBot/1.0; +claudebot@anthropic.com)"
216.73.216.101 - - [24/Aug/2026:19:26:29 +0500] "GET /shops/headlamp/a9n3t4o4e6c9i3a0n5s35 HTTP/1.1" 301 - "-" "Mozilla/5.0 AppleWebKit/537.36 (KHTML, like Gecko; compatible; ClaudeBot/1.0; +claudebot@anthropic.com)"
34.56.53.225 - - [24/Aug/2026:19:26:39 +0500] "GET /docs/anketa.doc HTTP/1.1" 200 35328 "-" "Mozilla/5.0 (Macintosh; Intel Mac OS X 10_15_7) AppleWebKit/537.36 (KHTML, like Gecko) Chrome/120.0.0.0 Safari/537.36"
216.73.216.101 - - [24/Aug/2026:19:26:33 +0500] "GET /uz/shops/headlamp/a9n3t4o4e6c9i3a0n5s35 HTTP/1.1" 404 1215 "http://eskijuva-bozori.uz/shops/headlamp/a9n3t4o4e6c9i3a0n5s35" "Mozilla/5.0 AppleWebKit/537.36 (KHTML, like Gecko; compatible; ClaudeBot/1.0; +claudebot@anthropic.com)"
34.10.180.98 - - [24/Aug/2026:19:26:43 +0500] "GET /uz/news-uzb/81-taklifnoma HTTP/1.1" 200 57647 "-" "Mozilla/5.0 (Macintosh; Intel Mac OS X 10_15_7) AppleWebKit/537.36 (KHTML, like Gecko) Chrome/120.0.0.0 Safari/537.36"
216.73.216.101 - - [24/Aug/2026:19:26:49 +0500] "GET /?r=d9i9s4p3a9i3r3738 HTTP/1.1" 301 - "-" "Mozilla/5.0 AppleWebKit/537.36 (KHTML, like Gecko; compatible; ClaudeBot/1.0; +claudebot@anthropic.com)"
216.73.216.101 - - [24/Aug/2026:19:26:50 +0500] "GET /uz/?r=d9i9s4p3a9i3r3738 HTTP/1.1" 200 68257 "http://eskijuva-bozori.uz/?r=d9i9s4p3a9i3r3738" "Mozilla/5.0 AppleWebKit/537.36 (KHTML, like Gecko; compatible; ClaudeBot/1.0; +claudebot@anthropic.com)"
216.73.216.101 - - [24/Aug/2026:19:27:00 +0500] "GET /shops/legitimation/o9b2e2r7m6e8y6e7r4i51 HTTP/1.1" 301 - "-" "Mozilla/5.0 AppleWebKit/537.36 (KHTML, like Gecko; compatible; ClaudeBot/1.0; +claudebot@anthropic.com)"
216.73.216.101 - - [24/Aug/2026:19:27:02 +0500] "GET /uz/shops/legitimation/o9b2e2r7m6e8y6e7r4i51 HTTP/1.1" 404 1215 "http://eskijuva-bozori.uz/shops/legitimation/o9b2e2r7m6e8y6e7r4i51" "Mozilla/5.0 AppleWebKit/537.36 (KHTML, like Gecko; compatible; ClaudeBot/1.0; +claudebot@anthropic.com)"
216.73.216.101 - - [24/Aug/2026:19:27:21 +0500] "GET /?r=d9e8w4i8n9g64229 HTTP/1.1" 301 - "-" "Mozilla/5.0 AppleWebKit/537.36 (KHTML, like Gecko; compatible; ClaudeBot/1.0; +claudebot@anthropic.com)"
216.73.216.101 - - [24/Aug/2026:19:27:24 +0500] "GET /uz/?r=d9e8w4i8n9g64229 HTTP/1.1" 200 68256 "http://eskijuva-bozori.uz/?r=d9e8w4i8n9g64229" "Mozilla/5.0 AppleWebKit/537.36 (KHTML, like Gecko; compatible; ClaudeBot/1.0; +claudebot@anthropic.com)"
216.73.216.101 - - [24/Aug/2026:19:27:31 +0500] "GET /?r=m9e1l7i8s8m4a62287 HTTP/1.1" 301 - "-" "Mozilla/5.0 AppleWebKit/537.36 (KHTML, like Gecko; compatible; ClaudeBot/1.0; +claudebot@anthropic.com)"
216.73.216.101 - - [24/Aug/2026:19:27:34 +0500] "GET /uz/?r=m9e1l7i8s8m4a62287 HTTP/1.1" 200 68258 "http://eskijuva-bozori.uz/?r=m9e1l7i8s8m4a62287" "Mozilla/5.0 AppleWebKit/537.36 (KHTML, like Gecko; compatible; ClaudeBot/1.0; +claudebot@anthropic.com)"
34.56.53.225 - - [24/Aug/2026:19:27:43 +0500] "GET /uz/prospectus-uzb?format=feed&template=yoo_master2&type=atom HTTP/1.1" 200 19946 "-" "Mozilla/5.0 (Macintosh; Intel Mac OS X 10_15_7) AppleWebKit/537.36 (KHTML, like Gecko) Chrome/120.0.0.0 Safari/537.36"
216.73.216.101 - - [24/Aug/2026:19:27:51 +0500] "GET /shops/holothurida/s9a3y4i4n5g718436 HTTP/1.1" 301 - "-" "Mozilla/5.0 AppleWebKit/537.36 (KHTML, like Gecko; compatible; ClaudeBot/1.0; +claudebot@anthropic.com)"
216.73.216.101 - - [24/Aug/2026:19:27:56 +0500] "GET /uz/shops/holothurida/s9a3y4i4n5g718436 HTTP/1.1" 404 1215 "http://eskijuva-bozori.uz/shops/holothurida/s9a3y4i4n5g718436" "Mozilla/5.0 AppleWebKit/537.36 (KHTML, like Gecko; compatible; ClaudeBot/1.0; +claudebot@anthropic.com)"
216.73.216.101 - - [24/Aug/2026:19:28:02 +0500] "GET /?r=s9e2l8f2m6u0r7d6e2r1e3r HTTP/1.1" 301 - "-" "Mozilla/5.0 AppleWebKit/537.36 (KHTML, like Gecko; compatible; ClaudeBot/1.0; +claudebot@anthropic.com)"
216.73.216.101 - - [24/Aug/2026:19:28:08 +0500] "GET /uz/?r=s9e2l8f2m6u0r7d6e2r1e3r HTTP/1.1" 200 68263 "http://eskijuva-bozori.uz/?r=s9e2l8f2m6u0r7d6e2r1e3r" "Mozilla/5.0 AppleWebKit/537.36 (KHTML, like Gecko; compatible; ClaudeBot/1.0; +claudebot@anthropic.com)"
34.10.180.98 - - [24/Aug/2026:19:28:14 +0500] "GET /ru/about-org-rus/indexes-rus/202-report-emitent-2016-full-rus HTTP/1.1" 200 94814 "-" "Mozilla/5.0 (Macintosh; Intel Mac OS X 10_15_7) AppleWebKit/537.36 (KHTML, like Gecko) Chrome/120.0.0.0 Safari/537.36"
34.56.53.225 - - [24/Aug/2026:19:28:20 +0500] "GET /ru/?start=8&template=accessibility HTTP/1.1" 200 33999 "-" "Mozilla/5.0 (Macintosh; Intel Mac OS X 10_15_7) AppleWebKit/537.36 (KHTML, like Gecko) Chrome/120.0.0.0 Safari/537.36"
216.73.216.101 - - [24/Aug/2026:19:28:22 +0500] "GET /?r=p9a2n4y1m7659808 HTTP/1.1" 301 - "-" "Mozilla/5.0 AppleWebKit/537.36 (KHTML, like Gecko; compatible; ClaudeBot/1.0; +claudebot@anthropic.com)"
216.73.216.101 - - [24/Aug/2026:19:28:26 +0500] "GET /uz/?r=p9a2n4y1m7659808 HTTP/1.1" 200 68256 "http://eskijuva-bozori.uz/?r=p9a2n4y1m7659808" "Mozilla/5.0 AppleWebKit/537.36 (KHTML, like Gecko; compatible; ClaudeBot/1.0; +claudebot@anthropic.com)"
34.56.53.225 - - [24/Aug/2026:19:28:34 +0500] "GET /ru/korp-upr-rus?format=feed&type=rss HTTP/1.1" 200 10143 "-" "Mozilla/5.0 (Macintosh; Intel Mac OS X 10_15_7) AppleWebKit/537.36 (KHTML, like Gecko) Chrome/120.0.0.0 Safari/537.36"
216.73.216.101 - - [24/Aug/2026:19:28:42 +0500] "GET /?r=g9o2e4t9h5i9t5e82 HTTP/1.1" 301 - "-" "Mozilla/5.0 AppleWebKit/537.36 (KHTML, like Gecko; compatible; ClaudeBot/1.0; +claudebot@anthropic.com)"
216.73.216.101 - - [24/Aug/2026:19:28:48 +0500] "GET /uz/?r=g9o2e4t9h5i9t5e82 HTTP/1.1" 200 68257 "http://eskijuva-bozori.uz/?r=g9o2e4t9h5i9t5e82" "Mozilla/5.0 AppleWebKit/537.36 (KHTML, like Gecko; compatible; ClaudeBot/1.0; +claudebot@anthropic.com)"
216.73.216.101 - - [24/Aug/2026:19:29:03 +0500] "GET /?r=m9u1s3q9u6a1s2h258 HTTP/1.1" 301 - "-" "Mozilla/5.0 AppleWebKit/537.36 (KHTML, like Gecko; compatible; ClaudeBot/1.0; +claudebot@anthropic.com)"
216.73.216.101 - - [24/Aug/2026:19:29:12 +0500] "GET /uz/?r=m9u1s3q9u6a1s2h258 HTTP/1.1" 200 68258 "http://eskijuva-bozori.uz/?r=m9u1s3q9u6a1s2h258" "Mozilla/5.0 AppleWebKit/537.36 (KHTML, like Gecko; compatible; ClaudeBot/1.0; +claudebot@anthropic.com)"
216.73.216.101 - - [24/Aug/2026:19:29:15 +0500] "GET /schismatic/dysuric/9412409275 HTTP/1.1" 301 - "-" "Mozilla/5.0 AppleWebKit/537.36 (KHTML, like Gecko; compatible; ClaudeBot/1.0; +claudebot@anthropic.com)"
216.73.216.101 - - [24/Aug/2026:19:29:22 +0500] "GET /uz/schismatic/dysuric/9412409275 HTTP/1.1" 404 1215 "http://eskijuva-bozori.uz/schismatic/dysuric/9412409275" "Mozilla/5.0 AppleWebKit/537.36 (KHTML, like Gecko; compatible; ClaudeBot/1.0; +claudebot@anthropic.com)"
20.226.91.14 - - [24/Aug/2026:19:29:26 +0500] "GET /wp-content/plugins/hellopress/wp_filemanager.php HTTP/1.1" 301 - "-" "-"
20.226.91.14 - - [24/Aug/2026:19:29:30 +0500] "GET /uz/wp-content/plugins/hellopress/wp_filemanager.php HTTP/1.1" 404 1215 "-" "-"
20.226.91.14 - - [24/Aug/2026:19:29:32 +0500] "GET /this_is_a_new_hello_world.php HTTP/1.1" 301 - "-" "-"
20.226.91.14 - - [24/Aug/2026:19:29:33 +0500] "GET /uz/this_is_a_new_hello_world.php HTTP/1.1" 404 1215 "-" "-"
20.226.91.14 - - [24/Aug/2026:19:29:35 +0500] "GET /Capte.php HTTP/1.1" 301 - "-" "-"
216.73.216.101 - - [24/Aug/2026:19:29:35 +0500] "GET /?r=m9a1c7h7r8o1d2u0s219 HTTP/1.1" 301 - "-" "Mozilla/5.0 AppleWebKit/537.36 (KHTML, like Gecko; compatible; ClaudeBot/1.0; +claudebot@anthropic.com)"
20.226.91.14 - - [24/Aug/2026:19:29:37 +0500] "GET /uz/Capte.php HTTP/1.1" 404 1215 "-" "-"
216.73.216.101 - - [24/Aug/2026:19:29:37 +0500] "GET /uz/?r=m9a1c7h7r8o1d2u0s219 HTTP/1.1" 200 68260 "http://eskijuva-bozori.uz/?r=m9a1c7h7r8o1d2u0s219" "Mozilla/5.0 AppleWebKit/537.36 (KHTML, like Gecko; compatible; ClaudeBot/1.0; +claudebot@anthropic.com)"
20.226.91.14 - - [24/Aug/2026:19:29:42 +0500] "GET /beetle.php HTTP/1.1" 301 - "-" "-"
20.226.91.14 - - [24/Aug/2026:19:29:47 +0500] "GET /uz/beetle.php HTTP/1.1" 404 1215 "-" "-"
20.226.91.14 - - [24/Aug/2026:19:29:50 +0500] "GET /fin.php HTTP/1.1" 301 - "-" "-"
20.226.91.14 - - [24/Aug/2026:19:29:52 +0500] "GET /uz/fin.php HTTP/1.1" 404 1215 "-" "-"
20.226.91.14 - - [24/Aug/2026:19:29:54 +0500] "GET /kurtlar.php HTTP/1.1" 301 - "-" "-"
20.226.91.14 - - [24/Aug/2026:19:29:56 +0500] "GET /uz/kurtlar.php HTTP/1.1" 404 1215 "-" "-"
20.226.91.14 - - [24/Aug/2026:19:29:58 +0500] "GET /m.php HTTP/1.1" 301 - "-" "-"
20.226.91.14 - - [24/Aug/2026:19:30:02 +0500] "GET /uz/m.php HTTP/1.1" 404 1215 "-" "-"
20.226.91.14 - - [24/Aug/2026:19:30:03 +0500] "GET /anon.php HTTP/1.1" 301 - "-" "-"
20.226.91.14 - - [24/Aug/2026:19:30:05 +0500] "GET /uz/anon.php HTTP/1.1" 404 1215 "-" "-"
20.226.91.14 - - [24/Aug/2026:19:30:06 +0500] "GET /cmd.php HTTP/1.1" 301 - "-" "-"
216.73.216.101 - - [24/Aug/2026:19:30:16 +0500] "GET /uz/component/search/?Itemid=117&format=opensearch&r=p9r1e9d3e6c2e1s6s9o3r7 HTTP/1.1" 200 759 "-" "Mozilla/5.0 AppleWebKit/537.36 (KHTML, like Gecko; compatible; ClaudeBot/1.0; +claudebot@anthropic.com)"
20.226.91.14 - - [24/Aug/2026:19:30:18 +0500] "GET /uz/cmd.php HTTP/1.1" 404 1215 "-" "-"
20.226.91.14 - - [24/Aug/2026:19:30:21 +0500] "GET /4rbvp7.php HTTP/1.1" 301 - "-" "-"
20.226.91.14 - - [24/Aug/2026:19:30:23 +0500] "GET /uz/4rbvp7.php HTTP/1.1" 404 1215 "-" "-"
20.226.91.14 - - [24/Aug/2026:19:30:25 +0500] "GET /0freg0a6xe.php HTTP/1.1" 301 - "-" "-"
20.226.91.14 - - [24/Aug/2026:19:30:26 +0500] "GET /uz/0freg0a6xe.php HTTP/1.1" 404 1215 "-" "-"
20.226.91.14 - - [24/Aug/2026:19:30:27 +0500] "GET /6zl637u8kl.php HTTP/1.1" 301 - "-" "-"
20.226.91.14 - - [24/Aug/2026:19:30:29 +0500] "GET /uz/6zl637u8kl.php HTTP/1.1" 404 1215 "-" "-"
20.226.91.14 - - [24/Aug/2026:19:30:30 +0500] "GET /ftde.php HTTP/1.1" 301 - "-" "-"
34.56.53.225 - - [24/Aug/2026:19:30:30 +0500] "GET /uz/?_cb=5635810879191327036&format=feed&type=atom HTTP/1.1" 200 8936 "-" "Mozilla/5.0 (Macintosh; Intel Mac OS X 10_15_7) AppleWebKit/537.36 (KHTML, like Gecko) Chrome/120.0.0.0 Safari/537.36"
20.226.91.14 - - [24/Aug/2026:19:30:31 +0500] "GET /uz/ftde.php HTTP/1.1" 404 1215 "-" "-"
20.226.91.14 - - [24/Aug/2026:19:30:32 +0500] "GET //special.php HTTP/1.1" 301 - "-" "-"
20.226.91.14 - - [24/Aug/2026:19:30:34 +0500] "GET /uz/special.php HTTP/1.1" 404 1215 "-" "-"
20.226.91.14 - - [24/Aug/2026:19:30:38 +0500] "GET /fz.php HTTP/1.1" 301 - "-" "-"
20.226.91.14 - - [24/Aug/2026:19:30:43 +0500] "GET /uz/fz.php HTTP/1.1" 404 1215 "-" "-"
20.226.91.14 - - [24/Aug/2026:19:30:45 +0500] "GET /v2.php HTTP/1.1" 301 - "-" "-"
20.226.91.14 - - [24/Aug/2026:19:30:48 +0500] "GET /uz/v2.php HTTP/1.1" 404 1215 "-" "-"
20.226.91.14 - - [24/Aug/2026:19:30:50 +0500] "GET /cnsk.php HTTP/1.1" 301 - "-" "-"
20.226.91.14 - - [24/Aug/2026:19:30:52 +0500] "GET /uz/cnsk.php HTTP/1.1" 404 1215 "-" "-"
20.226.91.14 - - [24/Aug/2026:19:30:55 +0500] "GET /sc.php HTTP/1.1" 301 - "-" "-"
20.226.91.14 - - [24/Aug/2026:19:30:58 +0500] "GET /uz/sc.php HTTP/1.1" 404 1215 "-" "-"
20.226.91.14 - - [24/Aug/2026:19:30:59 +0500] "GET /xstelth.php HTTP/1.1" 301 - "-" "-"
20.226.91.14 - - [24/Aug/2026:19:31:02 +0500] "GET /uz/xstelth.php HTTP/1.1" 404 1215 "-" "-"
20.226.91.14 - - [24/Aug/2026:19:31:04 +0500] "GET /themes.php HTTP/1.1" 301 - "-" "-"
20.226.91.14 - - [24/Aug/2026:19:31:06 +0500] "GET /uz/themes.php HTTP/1.1" 404 1215 "-" "-"
20.226.91.14 - - [24/Aug/2026:19:31:11 +0500] "GET /coffe.php HTTP/1.1" 301 - "-" "-"
20.226.91.14 - - [24/Aug/2026:19:31:14 +0500] "GET /uz/coffe.php HTTP/1.1" 404 1215 "-" "-"
20.226.91.14 - - [24/Aug/2026:19:31:17 +0500] "GET /ans.php HTTP/1.1" 301 - "-" "-"
20.226.91.14 - - [24/Aug/2026:19:31:18 +0500] "GET /uz/ans.php HTTP/1.1" 404 1215 "-" "-"
20.226.91.14 - - [24/Aug/2026:19:31:20 +0500] "GET /cns.php HTTP/1.1" 301 - "-" "-"
20.226.91.14 - - [24/Aug/2026:19:31:22 +0500] "GET /uz/cns.php HTTP/1.1" 404 1215 "-" "-"
20.226.91.14 - - [24/Aug/2026:19:31:26 +0500] "GET /like.php HTTP/1.1" 301 - "-" "-"
20.226.91.14 - - [24/Aug/2026:19:31:31 +0500] "GET /uz/like.php HTTP/1.1" 404 1215 "-" "-"
20.226.91.14 - - [24/Aug/2026:19:31:33 +0500] "GET /xiugai.php HTTP/1.1" 301 - "-" "-"
20.226.91.14 - - [24/Aug/2026:19:31:34 +0500] "GET /uz/xiugai.php HTTP/1.1" 404 1215 "-" "-"
43.157.170.126 - - [24/Aug/2026:19:31:35 +0500] "GET /uz/?r=p4i2c5t0u4r1a28660&start=12 HTTP/1.1" 200 69209 "-" "Mozilla/5.0 (iPhone; CPU iPhone OS 13_2_3 like Mac OS X) AppleWebKit/605.1.15 (KHTML, like Gecko) Version/13.0.3 Mobile/15E148 Safari/604.1"
114.119.146.195 - - [24/Aug/2026:19:32:36 +0500] "GET /ru/prospectus-rus/211-prospectus-change-15-09-14-rus HTTP/1.1" 200 56152 "http://eskijuva-bozori.uz/ru/news-rus/17-russian/shareholders-rus?start=28" "Mozilla/5.0 (Linux; Android 7.0;) AppleWebKit/537.36 (HTML, like Gecko) Mobile Safari/537.36 (compatible; PetalBot;+https://webmaster.petalsearch.com/site/petalbot)"
192.178.7.129 - - [24/Aug/2026:19:32:55 +0500] "GET /uz/about-org-uzb/structure-uzb HTTP/1.1" 200 56171 "-" "Mozilla/5.0 (Linux; Android 6.0.1; Nexus 5X Build/MMB29P) AppleWebKit/537.36 (KHTML, like Gecko) Chrome/151.0.7922.173 Mobile Safari/537.36 (compatible; Googlebot/2.1; +http://www.google.com/bot.html)"
114.119.138.59 - - [24/Aug/2026:19:33:59 +0500] "GET /ru/jsc-docs-rus/384-the-audit-commission-doc HTTP/1.1" 200 54594 "http://eskijuva-bozori.uz/ru/comissions-rus/17-russian/shareholders-rus" "Mozilla/5.0 (Linux; Android 7.0;) AppleWebKit/537.36 (HTML, like Gecko) Mobile Safari/537.36 (compatible; PetalBot;+https://webmaster.petalsearch.com/site/petalbot)"
192.178.6.8 - - [24/Aug/2026:19:34:20 +0500] "GET /ru/11-russian/about-org-rus/320-direction-30-06-2020-rus HTTP/1.1" 200 198489 "-" "Mozilla/5.0 (Linux; Android 6.0.1; Nexus 5X Build/MMB29P) AppleWebKit/537.36 (KHTML, like Gecko) Chrome/151.0.7922.137 Mobile Safari/537.36 (compatible; Googlebot/2.1; +http://www.google.com/bot.html)"
192.178.6.10 - - [24/Aug/2026:19:35:11 +0500] "GET /uz/audit-uzb/18-uzbek/shareholders-uzb HTTP/1.1" 200 197836 "-" "Mozilla/5.0 (Linux; Android 6.0.1; Nexus 5X Build/MMB29P) AppleWebKit/537.36 (KHTML, like Gecko) Chrome/151.0.7922.137 Mobile Safari/537.36 (compatible; Googlebot/2.1; +http://www.google.com/bot.html)"
192.178.6.9 - - [24/Aug/2026:19:35:32 +0500] "GET /odr/order/apiGetCartItems/ HTTP/1.1" 301 - "http://www.eskijuva-bozori.uz/uz/audit-uzb/18-uzbek/shareholders-uzb" "Mozilla/5.0 (Linux; Android 6.0.1; Nexus 5X Build/MMB29P) AppleWebKit/537.36 (KHTML, like Gecko) Chrome/151.0.7922.137 Mobile Safari/537.36 (compatible; Googlebot/2.1; +http://www.google.com/bot.html)"
34.10.180.98 - - [24/Aug/2026:19:35:37 +0500] "GET /uz/?s=/home/page/uploadImg&start=12 HTTP/1.1" 200 69162 "-" "Mozilla/5.0 (Macintosh; Intel Mac OS X 10_15_7) AppleWebKit/537.36 (KHTML, like Gecko) Chrome/120.0.0.0 Safari/537.36"
192.178.6.8 - - [24/Aug/2026:19:35:44 +0500] "GET /uz/odr/order/apiGetCartItems HTTP/1.1" 404 1219 "http://www.eskijuva-bozori.uz/uz/audit-uzb/18-uzbek/shareholders-uzb" "Mozilla/5.0 (Linux; Android 6.0.1; Nexus 5X Build/MMB29P) AppleWebKit/537.36 (KHTML, like Gecko) Chrome/151.0.7922.137 Mobile Safari/537.36 (compatible; Googlebot/2.1; +http://www.google.com/bot.html)"
192.178.6.8 - - [24/Aug/2026:19:35:51 +0500] "GET /ru/jsc-docs-rus/51-rev-kom-14-07-14-rus HTTP/1.1" 200 190881 "-" "Mozilla/5.0 (Linux; Android 6.0.1; Nexus 5X Build/MMB29P) AppleWebKit/537.36 (KHTML, like Gecko) Chrome/151.0.7922.137 Mobile Safari/537.36 (compatible; Googlebot/2.1; +http://www.google.com/bot.html)"
34.61.96.6 - - [24/Aug/2026:19:35:53 +0500] "GET /ru/officially-rus/ustav-rus?format=feed&type=atom HTTP/1.1" 200 148147 "-" "Mozilla/5.0 (Macintosh; Intel Mac OS X 10_15_7) AppleWebKit/537.36 (KHTML, like Gecko) Chrome/120.0.0.0 Safari/537.36"
192.178.6.8 - - [24/Aug/2026:19:35:54 +0500] "GET /uz/ctg/apiAllLCate HTTP/1.1" 404 1219 "http://www.eskijuva-bozori.uz/uz/audit-uzb/18-uzbek/shareholders-uzb" "Mozilla/5.0 (Linux; Android 6.0.1; Nexus 5X Build/MMB29P) AppleWebKit/537.36 (KHTML, like Gecko) Chrome/151.0.7922.137 Mobile Safari/537.36 (compatible; Googlebot/2.1; +http://www.google.com/bot.html)"
192.178.6.8 - - [24/Aug/2026:19:36:03 +0500] "GET /resource/js/json/megadrop_2015new.json HTTP/1.1" 200 208806 "http://www.eskijuva-bozori.uz/uz/audit-uzb/18-uzbek/shareholders-uzb" "Mozilla/5.0 (Linux; Android 6.0.1; Nexus 5X Build/MMB29P) AppleWebKit/537.36 (KHTML, like Gecko) Chrome/151.0.7922.137 Mobile Safari/537.36 (compatible; Googlebot/2.1; +http://www.google.com/bot.html)"
192.178.6.8 - - [24/Aug/2026:19:36:18 +0500] "GET /resource/js/json/megadrop_2015new.json HTTP/1.1" 200 208806 "http://www.eskijuva-bozori.uz/ru/11-russian/about-org-rus/320-direction-30-06-2020-rus" "Mozilla/5.0 (Linux; Android 6.0.1; Nexus 5X Build/MMB29P) AppleWebKit/537.36 (KHTML, like Gecko) Chrome/151.0.7922.137 Mobile Safari/537.36 (compatible; Googlebot/2.1; +http://www.google.com/bot.html)"
34.61.96.6 - - [24/Aug/2026:19:36:31 +0500] "GET /ru/officially-rus/ustav-rus?template=accessibility HTTP/1.1" 200 30491 "-" "Mozilla/5.0 (Macintosh; Intel Mac OS X 10_15_7) AppleWebKit/537.36 (KHTML, like Gecko) Chrome/120.0.0.0 Safari/537.36"
40.77.167.11 - - [24/Aug/2026:19:36:32 +0500] "GET /uz/jsc-docs-uzb/445-izm-osa-ns-2020-docx HTTP/1.1" 200 201658 "-" "Mozilla/5.0 AppleWebKit/537.36 (KHTML, like Gecko; compatible; bingbot/2.0; +http://www.bing.com/bingbot.htm) Chrome/116.0.1938.76 Safari/537.36"
216.73.216.101 - - [24/Aug/2026:19:36:37 +0500] "GET /shops/painted/m9e2l8l0i7t1a7t9e815 HTTP/1.1" 301 - "-" "Mozilla/5.0 AppleWebKit/537.36 (KHTML, like Gecko; compatible; ClaudeBot/1.0; +claudebot@anthropic.com)"
216.73.216.101 - - [24/Aug/2026:19:36:38 +0500] "GET /uz/shops/painted/m9e2l8l0i7t1a7t9e815 HTTP/1.1" 404 1215 "http://eskijuva-bozori.uz/shops/painted/m9e2l8l0i7t1a7t9e815" "Mozilla/5.0 AppleWebKit/537.36 (KHTML, like Gecko; compatible; ClaudeBot/1.0; +claudebot@anthropic.com)"
34.10.180.98 - - [24/Aug/2026:19:36:57 +0500] "GET /ru/15-russian/officially-rus/79-ustav-add-rus-18-06-15 HTTP/1.1" 200 60902 "-" "Mozilla/5.0 (Macintosh; Intel Mac OS X 10_15_7) AppleWebKit/537.36 (KHTML, like Gecko) Chrome/120.0.0.0 Safari/537.36"
141.148.135.15 - - [24/Aug/2026:19:37:32 +0500] "GET /uz?function=call_user_func_array&s=index%2Fthink%2Fapp%2Finvokefunction&start=24&vars%5B1%5D%5B0%5D=1 HTTP/1.1" 200 68118 "-" "Mozilla/5.0 (X11; Linux aarch64) AppleWebKit/537.36 (KHTML, like Gecko) Chrome/139.0.0.0 Safari/537.36"
34.123.149.87 - - [24/Aug/2026:19:38:42 +0500] "GET /ru/officially-rus/ustav-rus?format=feed&type=atom HTTP/1.1" 200 148188 "-" "Mozilla/5.0 (Macintosh; Intel Mac OS X 10_15_7) AppleWebKit/537.36 (KHTML, like Gecko) Chrome/120.0.0.0 Safari/537.36"
185.191.171.18 - - [24/Aug/2026:19:39:04 +0500] "GET /robots.txt HTTP/1.1" 200 111 "-" "Mozilla/5.0 (compatible; SemrushBot/7~bl; +http://www.semrush.com/bot.html)"
85.208.96.195 - - [24/Aug/2026:19:39:04 +0500] "GET /uz/?author=17&start=28 HTTP/1.1" 200 68138 "-" "Mozilla/5.0 (compatible; SemrushBot/7~bl; +http://www.semrush.com/bot.html)"
34.61.96.6 - - [24/Aug/2026:19:39:39 +0500] "GET /media/aridocsviewer/pdfjs/web/viewer.html?file=http://www.eskijuva-bozori.uz/docs/prospectus/prospectus-change-15-09-2014.pdf HTTP/1.1" 200 19712 "-" "Mozilla/5.0 (Macintosh; Intel Mac OS X 10_15_7) AppleWebKit/537.36 (KHTML, like Gecko) Chrome/120.0.0.0 Safari/537.36"
34.57.162.91 - - [24/Aug/2026:19:40:36 +0500] "GET /ru/?start=28 HTTP/1.1" 200 69036 "-" "Mozilla/5.0 (Macintosh; Intel Mac OS X 10_15_7) AppleWebKit/537.36 (KHTML, like Gecko) Chrome/120.0.0.0 Safari/537.36"
34.171.68.95 - - [24/Aug/2026:19:41:11 +0500] "GET /uz/about-org-uzb/strategy-uzb?format=feed&template=accessibility&type=rss HTTP/1.1" 200 8084 "-" "Mozilla/5.0 (Macintosh; Intel Mac OS X 10_15_7) AppleWebKit/537.36 (KHTML, like Gecko) Chrome/120.0.0.0 Safari/537.36"
35.254.159.230 - - [24/Aug/2026:19:41:15 +0500] "GET /ru/facts-rus/232-08-fact-24-04-2018-rk HTTP/1.1" 200 83594 "-" "Mozilla/5.0 (Macintosh; Intel Mac OS X 10_15_7) AppleWebKit/537.36 (KHTML, like Gecko) Chrome/120.0.0.0 Safari/537.36"
216.73.216.101 - - [24/Aug/2026:19:42:27 +0500] "GET /?r=b9e3s9e2e8n955152 HTTP/1.1" 508 288 "-" "Mozilla/5.0 AppleWebKit/537.36 (KHTML, like Gecko; compatible; ClaudeBot/1.0; +claudebot@anthropic.com)"
34.56.53.225 - - [24/Aug/2026:19:42:18 +0500] "GET /ru/info-for-shareholders-rus/155-performance-indicators-2016-full HTTP/1.1" 200 58675 "-" "Mozilla/5.0 (Macintosh; Intel Mac OS X 10_15_7) AppleWebKit/537.36 (KHTML, like Gecko) Chrome/120.0.0.0 Safari/537.36"
43.155.129.131 - - [24/Aug/2026:19:42:26 +0500] "GET /uz/?r=p4i2c5t0u4r1a28660&start=52 HTTP/1.1" 200 69154 "-" "Mozilla/5.0 (iPhone; CPU iPhone OS 13_2_3 like Mac OS X) AppleWebKit/605.1.15 (KHTML, like Gecko) Version/13.0.3 Mobile/15E148 Safari/604.1"
35.254.159.230 - - [24/Aug/2026:19:42:51 +0500] "GET /ru/officially-rus/tenders-rus?start=4 HTTP/1.1" 200 60922 "-" "Mozilla/5.0 (Macintosh; Intel Mac OS X 10_15_7) AppleWebKit/537.36 (KHTML, like Gecko) Chrome/120.0.0.0 Safari/537.36"
216.73.216.101 - - [24/Aug/2026:19:43:31 +0500] "GET /subtilization/f9u2m7i7g0a3t9e5d526 HTTP/1.1" 301 - "-" "Mozilla/5.0 AppleWebKit/537.36 (KHTML, like Gecko; compatible; ClaudeBot/1.0; +claudebot@anthropic.com)"
216.73.216.101 - - [24/Aug/2026:19:43:37 +0500] "GET /uz/subtilization/f9u2m7i7g0a3t9e5d526 HTTP/1.1" 404 1215 "http://eskijuva-bozori.uz/subtilization/f9u2m7i7g0a3t9e5d526" "Mozilla/5.0 AppleWebKit/537.36 (KHTML, like Gecko; compatible; ClaudeBot/1.0; +claudebot@anthropic.com)"
216.73.216.101 - - [24/Aug/2026:19:43:51 +0500] "GET /shops/cashed/d9a1m4s5e0l552839 HTTP/1.1" 301 - "-" "Mozilla/5.0 AppleWebKit/537.36 (KHTML, like Gecko; compatible; ClaudeBot/1.0; +claudebot@anthropic.com)"
216.73.216.101 - - [24/Aug/2026:19:43:58 +0500] "GET /uz/shops/cashed/d9a1m4s5e0l552839 HTTP/1.1" 404 1215 "http://eskijuva-bozori.uz/shops/cashed/d9a1m4s5e0l552839" "Mozilla/5.0 AppleWebKit/537.36 (KHTML, like Gecko; compatible; ClaudeBot/1.0; +claudebot@anthropic.com)"
34.30.223.149 - - [24/Aug/2026:19:44:03 +0500] "GET /ru/facts-rus/126-08-fact-rk-28-06-16 HTTP/1.1" 200 61378 "-" "Mozilla/5.0 (Macintosh; Intel Mac OS X 10_15_7) AppleWebKit/537.36 (KHTML, like Gecko) Chrome/120.0.0.0 Safari/537.36"
34.231.118.144 - - [24/Aug/2026:19:44:44 +0500] "GET /uz/?app=main&inc=core_auth&route=login&start=52 HTTP/1.1" 200 69323 "-" "Mozilla/5.0 AppleWebKit/537.36 (KHTML, like Gecko; compatible; Amazonbot/0.1; +https://developer.amazon.com/support/amazonbot) Chrome/119.0.6045.214 Safari/537.36"
