216.73.216.101 - - [24/Aug/2026:20:59:05 +0500] "GET /uz/shops/labimeter/c9h1i5v8i1e7d89897 HTTP/1.1" 404 1215 "http://eskijuva-bozori.uz/shops/labimeter/c9h1i5v8i1e7d89897" "Mozilla/5.0 AppleWebKit/537.36 (KHTML, like Gecko; compatible; ClaudeBot/1.0; +claudebot@anthropic.com)"
216.73.216.101 - - [24/Aug/2026:20:59:29 +0500] "GET /?r=r9a4b0o9t6227263 HTTP/1.1" 301 - "-" "Mozilla/5.0 AppleWebKit/537.36 (KHTML, like Gecko; compatible; ClaudeBot/1.0; +claudebot@anthropic.com)"
216.73.216.101 - - [24/Aug/2026:20:59:33 +0500] "GET /uz/?r=r9a4b0o9t6227263 HTTP/1.1" 200 68244 "http://eskijuva-bozori.uz/?r=r9a4b0o9t6227263" "Mozilla/5.0 AppleWebKit/537.36 (KHTML, like Gecko; compatible; ClaudeBot/1.0; +claudebot@anthropic.com)"
185.191.171.10 - - [24/Aug/2026:20:59:59 +0500] "GET /uz/?amp%3Bstart=4&start=4 HTTP/1.1" 508 288 "-" "Mozilla/5.0 (compatible; SemrushBot/7~bl; +http://www.semrush.com/bot.html)"
216.73.216.101 - - [24/Aug/2026:20:59:59 +0500] "GET /?r=g9r3e2a1t9e0n85774 HTTP/1.1" 508 288 "-" "Mozilla/5.0 AppleWebKit/537.36 (KHTML, like Gecko; compatible; ClaudeBot/1.0; +claudebot@anthropic.com)"
35.254.159.230 - - [24/Aug/2026:21:00:06 +0500] "GET /uz/component/search/?Itemid=282&format=opensearch HTTP/1.1" 200 742 "-" "Mozilla/5.0 (Macintosh; Intel Mac OS X 10_15_7) AppleWebKit/537.36 (KHTML, like Gecko) Chrome/120.0.0.0 Safari/537.36"
34.123.149.87 - - [24/Aug/2026:21:00:05 +0500] "GET /uz/about-org-uzb/indexes-uzb/203-fin-activity-report-2016-uzb HTTP/1.1" 200 61705 "-" "Mozilla/5.0 (Macintosh; Intel Mac OS X 10_15_7) AppleWebKit/537.36 (KHTML, like Gecko) Chrome/120.0.0.0 Safari/537.36"
161.153.7.154 - - [24/Aug/2026:21:00:12 +0500] "GET /uz?Command=NOOP&InternalFile=..%2F..%2F..%2F..%2F..%2F..%2F..%2F..%2F..%2F..%2F..%2F..%2F..%2F..%2FWindows%2Fwin.ini&NewWebClient=1&start=44 HTTP/1.1" 200 15601 "-" "Mozilla/5.0 (X11; Linux aarch64) AppleWebKit/537.36 (KHTML, like Gecko) Chrome/139.0.0.0 Safari/537.36"
185.191.171.5 - - [24/Aug/2026:21:00:16 +0500] "GET /uz/?phpinfo=16arSsAYV%27%20OR%20178%3D%28SELECT%20178%20FROM%20PG_SLEEP%2815%29%29--&start=52 HTTP/1.1" 200 73548 "-" "Mozilla/5.0 (compatible; SemrushBot/7~bl; +http://www.semrush.com/bot.html)"
216.73.216.101 - - [24/Aug/2026:21:00:23 +0500] "GET /?r=a9l3l6o3t0t8e1e3733 HTTP/1.1" 301 - "-" "Mozilla/5.0 AppleWebKit/537.36 (KHTML, like Gecko; compatible; ClaudeBot/1.0; +claudebot@anthropic.com)"
40.77.167.131 - - [24/Aug/2026:21:00:29 +0500] "GET /ru/audit-rus/11-russian/about-org-rus HTTP/1.1" 200 224656 "-" "Mozilla/5.0 AppleWebKit/537.36 (KHTML, like Gecko; compatible; bingbot/2.0; +http://www.bing.com/bingbot.htm) Chrome/116.0.1938.76 Safari/537.36"
216.73.216.101 - - [24/Aug/2026:21:00:28 +0500] "GET /uz/?r=a9l3l6o3t0t8e1e3733 HTTP/1.1" 200 68247 "http://eskijuva-bozori.uz/?r=a9l3l6o3t0t8e1e3733" "Mozilla/5.0 AppleWebKit/537.36 (KHTML, like Gecko; compatible; ClaudeBot/1.0; +claudebot@anthropic.com)"
161.153.7.154 - - [24/Aug/2026:21:00:41 +0500] "GET /uz?Command=NOOP&InternalFile=..%2F..%2F..%2F..%2F..%2F..%2F..%2F..%2F..%2F..%2F..%2F..%2F..%2F..%2FWindows%2Fwin.ini&NewWebClient=1&start=44 HTTP/1.1" 200 15601 "-" "Mozilla/5.0 (X11; Linux aarch64) AppleWebKit/537.36 (KHTML, like Gecko) Chrome/139.0.0.0 Safari/537.36"
34.123.149.87 - - [24/Aug/2026:21:00:49 +0500] "GET /ru/about-org-rus/history-rus?template=yoo_master2 HTTP/1.1" 200 57884 "-" "Mozilla/5.0 (Macintosh; Intel Mac OS X 10_15_7) AppleWebKit/537.36 (KHTML, like Gecko) Chrome/120.0.0.0 Safari/537.36"
216.73.216.101 - - [24/Aug/2026:21:00:56 +0500] "GET /pulmonated/miterwort/a9n1t7i7m3e0t1a4b6o7l5e HTTP/1.1" 301 - "-" "Mozilla/5.0 AppleWebKit/537.36 (KHTML, like Gecko; compatible; ClaudeBot/1.0; +claudebot@anthropic.com)"
216.73.216.101 - - [24/Aug/2026:21:01:00 +0500] "GET /uz/pulmonated/miterwort/a9n1t7i7m3e0t1a4b6o7l5e HTTP/1.1" 404 1215 "http://eskijuva-bozori.uz/pulmonated/miterwort/a9n1t7i7m3e0t1a4b6o7l5e" "Mozilla/5.0 AppleWebKit/537.36 (KHTML, like Gecko; compatible; ClaudeBot/1.0; +claudebot@anthropic.com)"
34.42.229.145 - - [24/Aug/2026:21:01:25 +0500] "GET /docs/2024/sush_fakt-06-01.04.2024.docx HTTP/1.1" 200 31455 "-" "Mozilla/5.0 (Macintosh; Intel Mac OS X 10_15_7) AppleWebKit/537.36 (KHTML, like Gecko) Chrome/120.0.0.0 Safari/537.36"
216.73.216.101 - - [24/Aug/2026:21:01:28 +0500] "GET /?r=r9e3f5o7r9m4a0t6o8r7y HTTP/1.1" 301 - "-" "Mozilla/5.0 AppleWebKit/537.36 (KHTML, like Gecko; compatible; ClaudeBot/1.0; +claudebot@anthropic.com)"
216.73.216.101 - - [24/Aug/2026:21:01:33 +0500] "GET /uz/?r=r9e3f5o7r9m4a0t6o8r7y HTTP/1.1" 200 68249 "http://eskijuva-bozori.uz/?r=r9e3f5o7r9m4a0t6o8r7y" "Mozilla/5.0 AppleWebKit/537.36 (KHTML, like Gecko; compatible; ClaudeBot/1.0; +claudebot@anthropic.com)"
216.73.216.101 - - [24/Aug/2026:21:02:00 +0500] "GET /?r=s9t2r0o7n4g1y1l3u7s64 HTTP/1.1" 508 288 "-" "Mozilla/5.0 AppleWebKit/537.36 (KHTML, like Gecko; compatible; ClaudeBot/1.0; +claudebot@anthropic.com)"
194.247.173.99 - - [24/Aug/2026:21:02:21 +0500] "GET /uz/?function=call_user_func_array&s=index/think%5C%5C%5C%5C%5C%5C%5C%5C%5C%5C%5C%5C%5C%5C%5C%5C%5C%5C%5C%5C%5C%5C%5C%5C%5C%5C%5C%5C%5C%5C%5C%5Capp/invokefunction&vars[0]=phpinfo&vars[1][0]=1&start=12 HTTP/1.1" 508 288 "-" "Mozilla/5.0 (compatible; MJ12bot/v1.4.8; http://mj12bot.com/)"
43.130.141.193 - - [24/Aug/2026:21:02:14 +0500] "GET /uz/?r=n9o3n5n1e6c4e1s8s2i0t5y&start=8 HTTP/1.1" 200 68441 "-" "Mozilla/5.0 (iPhone; CPU iPhone OS 13_2_3 like Mac OS X) AppleWebKit/605.1.15 (KHTML, like Gecko) Version/13.0.3 Mobile/15E148 Safari/604.1"
185.191.171.2 - - [24/Aug/2026:21:02:28 +0500] "GET /ru/component/contact/?Itemid=116&template=accessibility HTTP/1.1" 508 288 "-" "Mozilla/5.0 (compatible; SemrushBot/7~bl; +http://www.semrush.com/bot.html)"
194.247.173.99 - - [24/Aug/2026:21:02:26 +0500] "GET /uz/?function=call_user_func_array&s=index/think%5C%5C%5C%5C%5C%5C%5C%5C%5C%5C%5C%5C%5C%5C%5C%5C%5C%5C%5C%5C%5C%5C%5C%5C%5C%5C%5C%5C%5C%5C%5C%5Capp/invokefunction&vars[0]=phpinfo&vars[1][0]=1&start=4 HTTP/1.1" 200 68415 "-" "Mozilla/5.0 (compatible; MJ12bot/v1.4.8; http://mj12bot.com/)"
216.73.216.101 - - [24/Aug/2026:21:02:38 +0500] "GET /uz/covetously/poorjohn/b9i3n5a3t3e936782 HTTP/1.1" 508 288 "http://eskijuva-bozori.uz/covetously/poorjohn/b9i3n5a3t3e936782" "Mozilla/5.0 AppleWebKit/537.36 (KHTML, like Gecko; compatible; ClaudeBot/1.0; +claudebot@anthropic.com)"
216.73.216.101 - - [24/Aug/2026:21:02:32 +0500] "GET /covetously/poorjohn/b9i3n5a3t3e936782 HTTP/1.1" 301 - "-" "Mozilla/5.0 AppleWebKit/537.36 (KHTML, like Gecko; compatible; ClaudeBot/1.0; +claudebot@anthropic.com)"
34.171.68.95 - - [24/Aug/2026:21:02:35 +0500] "GET /uz/about-org-uzb/strategy-uzb/214-medium-long-term-development-strategy-uzb HTTP/1.1" 200 94081 "-" "Mozilla/5.0 (Macintosh; Intel Mac OS X 10_15_7) AppleWebKit/537.36 (KHTML, like Gecko) Chrome/120.0.0.0 Safari/537.36"
216.73.216.101 - - [24/Aug/2026:21:03:05 +0500] "GET /?r=s9m1o3c5k2602660 HTTP/1.1" 301 - "-" "Mozilla/5.0 AppleWebKit/537.36 (KHTML, like Gecko; compatible; ClaudeBot/1.0; +claudebot@anthropic.com)"
216.73.216.101 - - [24/Aug/2026:21:03:09 +0500] "GET /uz/?r=s9m1o3c5k2602660 HTTP/1.1" 200 68244 "http://eskijuva-bozori.uz/?r=s9m1o3c5k2602660" "Mozilla/5.0 AppleWebKit/537.36 (KHTML, like Gecko; compatible; ClaudeBot/1.0; +claudebot@anthropic.com)"
216.73.216.101 - - [24/Aug/2026:21:03:38 +0500] "GET /?r=d9u4a0r8c0h6y03247 HTTP/1.1" 301 - "-" "Mozilla/5.0 AppleWebKit/537.36 (KHTML, like Gecko; compatible; ClaudeBot/1.0; +claudebot@anthropic.com)"
216.73.216.101 - - [24/Aug/2026:21:03:43 +0500] "GET /uz/?r=d9u4a0r8c0h6y03247 HTTP/1.1" 200 68246 "http://eskijuva-bozori.uz/?r=d9u4a0r8c0h6y03247" "Mozilla/5.0 AppleWebKit/537.36 (KHTML, like Gecko; compatible; ClaudeBot/1.0; +claudebot@anthropic.com)"
40.77.167.52 - - [24/Aug/2026:21:04:08 +0500] "GET /ru/officially-rus/tenders-rus?template=yoo_master2&start=16 HTTP/1.1" 200 207615 "-" "Mozilla/5.0 AppleWebKit/537.36 (KHTML, like Gecko; compatible; bingbot/2.0; +http://www.bing.com/bingbot.htm) Chrome/116.0.1938.76 Safari/537.36"
216.73.216.101 - - [24/Aug/2026:21:04:08 +0500] "GET /?r=u9n4d0e6r7s5e3t2t2e4r2 HTTP/1.1" 301 - "-" "Mozilla/5.0 AppleWebKit/537.36 (KHTML, like Gecko; compatible; ClaudeBot/1.0; +claudebot@anthropic.com)"
216.73.216.101 - - [24/Aug/2026:21:04:13 +0500] "GET /?r=m9a1c6h2i6n6a3t5i6n4g7 HTTP/1.1" 301 - "-" "Mozilla/5.0 AppleWebKit/537.36 (KHTML, like Gecko; compatible; ClaudeBot/1.0; +claudebot@anthropic.com)"
216.73.216.101 - - [24/Aug/2026:21:04:13 +0500] "GET /uz/?r=u9n4d0e6r7s5e3t2t2e4r2 HTTP/1.1" 200 68250 "http://eskijuva-bozori.uz/?r=u9n4d0e6r7s5e3t2t2e4r2" "Mozilla/5.0 AppleWebKit/537.36 (KHTML, like Gecko; compatible; ClaudeBot/1.0; +claudebot@anthropic.com)"
216.73.216.101 - - [24/Aug/2026:21:04:17 +0500] "GET /uz/?r=m9a1c6h2i6n6a3t5i6n4g7 HTTP/1.1" 200 68250 "http://eskijuva-bozori.uz/?r=m9a1c6h2i6n6a3t5i6n4g7" "Mozilla/5.0 AppleWebKit/537.36 (KHTML, like Gecko; compatible; ClaudeBot/1.0; +claudebot@anthropic.com)"
216.73.216.101 - - [24/Aug/2026:21:04:36 +0500] "GET /?r=c9h1i2n0k5150534 HTTP/1.1" 301 - "-" "Mozilla/5.0 AppleWebKit/537.36 (KHTML, like Gecko; compatible; ClaudeBot/1.0; +claudebot@anthropic.com)"
216.73.216.101 - - [24/Aug/2026:21:04:41 +0500] "GET /uz/?r=c9h1i2n0k5150534 HTTP/1.1" 200 68244 "http://eskijuva-bozori.uz/?r=c9h1i2n0k5150534" "Mozilla/5.0 AppleWebKit/537.36 (KHTML, like Gecko; compatible; ClaudeBot/1.0; +claudebot@anthropic.com)"
34.10.180.98 - - [24/Aug/2026:21:04:42 +0500] "GET /uz/news-uzb?start=20&template=eskijuva HTTP/1.1" 200 61979 "-" "Mozilla/5.0 (Macintosh; Intel Mac OS X 10_15_7) AppleWebKit/537.36 (KHTML, like Gecko) Chrome/120.0.0.0 Safari/537.36"
216.73.216.101 - - [24/Aug/2026:21:05:07 +0500] "GET /shops/hoarded/t9i1d3o2l1o7g1y0684 HTTP/1.1" 301 - "-" "Mozilla/5.0 AppleWebKit/537.36 (KHTML, like Gecko; compatible; ClaudeBot/1.0; +claudebot@anthropic.com)"
216.73.216.101 - - [24/Aug/2026:21:05:12 +0500] "GET /uz/shops/hoarded/t9i1d3o2l1o7g1y0684 HTTP/1.1" 404 1215 "http://eskijuva-bozori.uz/shops/hoarded/t9i1d3o2l1o7g1y0684" "Mozilla/5.0 AppleWebKit/537.36 (KHTML, like Gecko; compatible; ClaudeBot/1.0; +claudebot@anthropic.com)"
185.191.171.8 - - [24/Aug/2026:21:05:12 +0500] "GET /uz/?phpinfo=1&start=4 HTTP/1.1" 200 68422 "-" "Mozilla/5.0 (compatible; SemrushBot/7~bl; +http://www.semrush.com/bot.html)"
216.73.216.101 - - [24/Aug/2026:21:05:20 +0500] "GET /shops/modalist/p9o2r5p0h9y7r3i3a787 HTTP/1.1" 301 - "-" "Mozilla/5.0 AppleWebKit/537.36 (KHTML, like Gecko; compatible; ClaudeBot/1.0; +claudebot@anthropic.com)"
216.73.216.101 - - [24/Aug/2026:21:05:23 +0500] "GET /uz/shops/modalist/p9o2r5p0h9y7r3i3a787 HTTP/1.1" 404 1215 "http://eskijuva-bozori.uz/shops/modalist/p9o2r5p0h9y7r3i3a787" "Mozilla/5.0 AppleWebKit/537.36 (KHTML, like Gecko; compatible; ClaudeBot/1.0; +claudebot@anthropic.com)"
216.73.216.101 - - [24/Aug/2026:21:05:53 +0500] "GET /?r=o9j3i2b0w4a0y6s6692 HTTP/1.1" 301 - "-" "Mozilla/5.0 AppleWebKit/537.36 (KHTML, like Gecko; compatible; ClaudeBot/1.0; +claudebot@anthropic.com)"
216.73.216.101 - - [24/Aug/2026:21:05:58 +0500] "GET /uz/?r=o9j3i2b0w4a0y6s6692 HTTP/1.1" 200 68247 "http://eskijuva-bozori.uz/?r=o9j3i2b0w4a0y6s6692" "Mozilla/5.0 AppleWebKit/537.36 (KHTML, like Gecko; compatible; ClaudeBot/1.0; +claudebot@anthropic.com)"
34.57.162.91 - - [24/Aug/2026:21:06:11 +0500] "GET /uz/facts-uzb/370-36-fact-31-03-2022 HTTP/1.1" 508 288 "-" "Mozilla/5.0 (Macintosh; Intel Mac OS X 10_15_7) AppleWebKit/537.36 (KHTML, like Gecko) Chrome/120.0.0.0 Safari/537.36"
216.73.216.101 - - [24/Aug/2026:21:06:17 +0500] "GET /symphonist/o9v2e3r4a9b7o4u7n1d6 HTTP/1.1" 301 - "-" "Mozilla/5.0 AppleWebKit/537.36 (KHTML, like Gecko; compatible; ClaudeBot/1.0; +claudebot@anthropic.com)"
216.73.216.101 - - [24/Aug/2026:21:06:24 +0500] "GET /uz/symphonist/o9v2e3r4a9b7o4u7n1d6 HTTP/1.1" 404 1215 "http://eskijuva-bozori.uz/symphonist/o9v2e3r4a9b7o4u7n1d6" "Mozilla/5.0 AppleWebKit/537.36 (KHTML, like Gecko; compatible; ClaudeBot/1.0; +claudebot@anthropic.com)"
216.73.216.101 - - [24/Aug/2026:21:06:48 +0500] "GET /shops/earths/p9h3y7s5a1l0o5i3d0e9s6 HTTP/1.1" 301 - "-" "Mozilla/5.0 AppleWebKit/537.36 (KHTML, like Gecko; compatible; ClaudeBot/1.0; +claudebot@anthropic.com)"
216.73.216.101 - - [24/Aug/2026:21:06:54 +0500] "GET /uz/shops/earths/p9h3y7s5a1l0o5i3d0e9s6 HTTP/1.1" 404 1215 "http://eskijuva-bozori.uz/shops/earths/p9h3y7s5a1l0o5i3d0e9s6" "Mozilla/5.0 AppleWebKit/537.36 (KHTML, like Gecko; compatible; ClaudeBot/1.0; +claudebot@anthropic.com)"
216.73.216.101 - - [24/Aug/2026:21:07:05 +0500] "GET /commensation/competing/l9i4t1h3o6p2h1y3s7e4 HTTP/1.1" 508 288 "-" "Mozilla/5.0 AppleWebKit/537.36 (KHTML, like Gecko; compatible; ClaudeBot/1.0; +claudebot@anthropic.com)"
185.191.171.11 - - [24/Aug/2026:21:07:14 +0500] "GET /uz/news-uzb/12-qimmatli-qoqozlar-bilan-bitishuvlar-tuzish-va-ularni-rujkhatdan-utkazish-tartibi-tugrisidagi-nizomga-uzgartirishlar-kiritildi HTTP/1.1" 200 57934 "-" "Mozilla/5.0 (compatible; SemrushBot/7~bl; +http://www.semrush.com/bot.html)"
216.73.216.101 - - [24/Aug/2026:21:07:38 +0500] "GET /uz/?r=s9p3i4g9e7l5i0a5710 HTTP/1.1" 508 288 "http://eskijuva-bozori.uz/?r=s9p3i4g9e7l5i0a5710" "Mozilla/5.0 AppleWebKit/537.36 (KHTML, like Gecko; compatible; ClaudeBot/1.0; +claudebot@anthropic.com)"
216.73.216.101 - - [24/Aug/2026:21:07:33 +0500] "GET /?r=s9p3i4g9e7l5i0a5710 HTTP/1.1" 301 - "-" "Mozilla/5.0 AppleWebKit/537.36 (KHTML, like Gecko; compatible; ClaudeBot/1.0; +claudebot@anthropic.com)"
34.10.180.98 - - [24/Aug/2026:21:07:58 +0500] "GET /uz/component/search/?Itemid=171&catid=25&format=opensearch&id=294 HTTP/1.1" 200 769 "-" "Mozilla/5.0 (Macintosh; Intel Mac OS X 10_15_7) AppleWebKit/537.36 (KHTML, like Gecko) Chrome/120.0.0.0 Safari/537.36"
216.73.216.101 - - [24/Aug/2026:21:08:08 +0500] "GET /?r=p9o1u9l3t5i0c0e4838 HTTP/1.1" 508 288 "-" "Mozilla/5.0 AppleWebKit/537.36 (KHTML, like Gecko; compatible; ClaudeBot/1.0; +claudebot@anthropic.com)"
216.73.216.101 - - [24/Aug/2026:21:08:39 +0500] "GET /?r=t9r8i7u1m6p7h6e5d60 HTTP/1.1" 301 - "-" "Mozilla/5.0 AppleWebKit/537.36 (KHTML, like Gecko; compatible; ClaudeBot/1.0; +claudebot@anthropic.com)"
216.73.216.101 - - [24/Aug/2026:21:08:45 +0500] "GET /uz/?r=t9r8i7u1m6p7h6e5d60 HTTP/1.1" 200 68322 "http://eskijuva-bozori.uz/?r=t9r8i7u1m6p7h6e5d60" "Mozilla/5.0 AppleWebKit/537.36 (KHTML, like Gecko; compatible; ClaudeBot/1.0; +claudebot@anthropic.com)"
216.73.216.101 - - [24/Aug/2026:21:09:11 +0500] "GET /shops/rhodospermeae/b9e1l3l9o3w786059 HTTP/1.1" 301 - "-" "Mozilla/5.0 AppleWebKit/537.36 (KHTML, like Gecko; compatible; ClaudeBot/1.0; +claudebot@anthropic.com)"
185.191.171.5 - - [24/Aug/2026:21:09:13 +0500] "GET /uz/component/search/?template=yoo_master2 HTTP/1.1" 200 58198 "-" "Mozilla/5.0 (compatible; SemrushBot/7~bl; +http://www.semrush.com/bot.html)"
216.73.216.101 - - [24/Aug/2026:21:09:15 +0500] "GET /uz/shops/rhodospermeae/b9e1l3l9o3w786059 HTTP/1.1" 404 1215 "http://eskijuva-bozori.uz/shops/rhodospermeae/b9e1l3l9o3w786059" "Mozilla/5.0 AppleWebKit/537.36 (KHTML, like Gecko; compatible; ClaudeBot/1.0; +claudebot@anthropic.com)"
141.148.149.194 - - [24/Aug/2026:21:09:15 +0500] "GET /uz/officially-uzb/tenders-uzb/217-tender-corp-upr-check-24-03-18 HTTP/1.1" 200 15601 "-" "Mozilla/5.0 (X11; Linux aarch64) AppleWebKit/537.36 (KHTML, like Gecko) Chrome/139.0.0.0 Safari/537.36"
141.148.149.194 - - [24/Aug/2026:21:09:18 +0500] "GET /uz/officially-uzb/tenders-uzb/217-tender-corp-upr-check-24-03-18 HTTP/1.1" 200 - "-" "Mozilla/5.0 (X11; Linux aarch64) AppleWebKit/537.36 (KHTML, like Gecko) Chrome/139.0.0.0 Safari/537.36"
216.73.216.101 - - [24/Aug/2026:21:09:36 +0500] "GET /shops/timalia/s9t2r1a9t7u2s94731 HTTP/1.1" 301 - "-" "Mozilla/5.0 AppleWebKit/537.36 (KHTML, like Gecko; compatible; ClaudeBot/1.0; +claudebot@anthropic.com)"
34.10.180.98 - - [24/Aug/2026:21:09:39 +0500] "GET /docs/2026/balans-6-2026-ej.pdf HTTP/1.1" 200 119319 "-" "Mozilla/5.0 (Macintosh; Intel Mac OS X 10_15_7) AppleWebKit/537.36 (KHTML, like Gecko) Chrome/120.0.0.0 Safari/537.36"
216.73.216.101 - - [24/Aug/2026:21:09:39 +0500] "GET /uz/shops/timalia/s9t2r1a9t7u2s94731 HTTP/1.1" 404 1215 "http://eskijuva-bozori.uz/shops/timalia/s9t2r1a9t7u2s94731" "Mozilla/5.0 AppleWebKit/537.36 (KHTML, like Gecko; compatible; ClaudeBot/1.0; +claudebot@anthropic.com)"
44.207.69.106 - - [24/Aug/2026:21:09:56 +0500] "GET /uz/10-uzbek?start=56 HTTP/1.1" 508 288 "-" "Mozilla/5.0 AppleWebKit/537.36 (KHTML, like Gecko; compatible; Amazonbot/0.1; +https://developer.amazon.com/support/amazonbot) Chrome/119.0.6045.214 Safari/537.36"
216.73.216.101 - - [24/Aug/2026:21:10:07 +0500] "GET /?r=s9m3o2o2t4h7s0p8o6k7e7n HTTP/1.1" 301 - "-" "Mozilla/5.0 AppleWebKit/537.36 (KHTML, like Gecko; compatible; ClaudeBot/1.0; +claudebot@anthropic.com)"
216.73.216.101 - - [24/Aug/2026:21:10:13 +0500] "GET /uz/?r=s9m3o2o2t4h7s0p8o6k7e7n HTTP/1.1" 200 68326 "http://eskijuva-bozori.uz/?r=s9m3o2o2t4h7s0p8o6k7e7n" "Mozilla/5.0 AppleWebKit/537.36 (KHTML, like Gecko; compatible; ClaudeBot/1.0; +claudebot@anthropic.com)"
216.73.216.101 - - [24/Aug/2026:21:10:29 +0500] "GET /shops/ovicular/c9r1i4o6c7e3r0i0s744 HTTP/1.1" 508 288 "-" "Mozilla/5.0 AppleWebKit/537.36 (KHTML, like Gecko; compatible; ClaudeBot/1.0; +claudebot@anthropic.com)"
216.73.216.101 - - [24/Aug/2026:21:10:52 +0500] "GET /shops/photo/d9o3l1i0c8h4o4s4642 HTTP/1.1" 301 - "-" "Mozilla/5.0 AppleWebKit/537.36 (KHTML, like Gecko; compatible; ClaudeBot/1.0; +claudebot@anthropic.com)"
216.73.216.101 - - [24/Aug/2026:21:10:59 +0500] "GET /uz/shops/photo/d9o3l1i0c8h4o4s4642 HTTP/1.1" 404 1215 "http://eskijuva-bozori.uz/shops/photo/d9o3l1i0c8h4o4s4642" "Mozilla/5.0 AppleWebKit/537.36 (KHTML, like Gecko; compatible; ClaudeBot/1.0; +claudebot@anthropic.com)"
34.171.68.95 - - [24/Aug/2026:21:11:20 +0500] "GET /ru/about-org-rus/general-info-rus HTTP/1.1" 508 288 "-" "Mozilla/5.0 (Macintosh; Intel Mac OS X 10_15_7) AppleWebKit/537.36 (KHTML, like Gecko) Chrome/120.0.0.0 Safari/537.36"
85.208.96.201 - - [24/Aug/2026:21:11:11 +0500] "GET /uz/facts-uzb/75-06-fact-18-06-15 HTTP/1.1" 200 64456 "-" "Mozilla/5.0 (compatible; SemrushBot/7~bl; +http://www.semrush.com/bot.html)"
216.73.216.101 - - [24/Aug/2026:21:11:24 +0500] "GET /?r=m9i4n1e4l4a5y1i7n2g25 HTTP/1.1" 301 - "-" "Mozilla/5.0 AppleWebKit/537.36 (KHTML, like Gecko; compatible; ClaudeBot/1.0; +claudebot@anthropic.com)"
216.73.216.101 - - [24/Aug/2026:21:11:30 +0500] "GET /uz/?r=m9i4n1e4l4a5y1i7n2g25 HTTP/1.1" 200 68324 "http://eskijuva-bozori.uz/?r=m9i4n1e4l4a5y1i7n2g25" "Mozilla/5.0 AppleWebKit/537.36 (KHTML, like Gecko; compatible; ClaudeBot/1.0; +claudebot@anthropic.com)"
216.73.216.101 - - [24/Aug/2026:21:11:36 +0500] "GET /shops/gloomier/t9r2i9o1s7t2e9u1m326 HTTP/1.1" 301 - "-" "Mozilla/5.0 AppleWebKit/537.36 (KHTML, like Gecko; compatible; ClaudeBot/1.0; +claudebot@anthropic.com)"
216.73.216.101 - - [24/Aug/2026:21:11:41 +0500] "GET /uz/shops/gloomier/t9r2i9o1s7t2e9u1m326 HTTP/1.1" 404 1215 "http://eskijuva-bozori.uz/shops/gloomier/t9r2i9o1s7t2e9u1m326" "Mozilla/5.0 AppleWebKit/537.36 (KHTML, like Gecko; compatible; ClaudeBot/1.0; +claudebot@anthropic.com)"
152.70.130.157 - - [24/Aug/2026:21:11:55 +0500] "GET /uz/facts-uzb/302-06-fact-19-05-2020 HTTP/1.1" 200 - "-" "Mozilla/5.0 (X11; Linux aarch64) AppleWebKit/537.36 (KHTML, like Gecko) Chrome/139.0.0.0 Safari/537.36"
216.73.216.101 - - [24/Aug/2026:21:11:59 +0500] "GET /?r=y9t1t6e9r7b7i2u6m134 HTTP/1.1" 301 - "-" "Mozilla/5.0 AppleWebKit/537.36 (KHTML, like Gecko; compatible; ClaudeBot/1.0; +claudebot@anthropic.com)"
152.70.130.157 - - [24/Aug/2026:21:11:59 +0500] "GET /uz/facts-uzb/302-06-fact-19-05-2020 HTTP/1.1" 200 - "-" "Mozilla/5.0 (X11; Linux aarch64) AppleWebKit/537.36 (KHTML, like Gecko) Chrome/139.0.0.0 Safari/537.36"
216.73.216.101 - - [24/Aug/2026:21:12:03 +0500] "GET /uz/?r=y9t1t6e9r7b7i2u6m134 HTTP/1.1" 200 68323 "http://eskijuva-bozori.uz/?r=y9t1t6e9r7b7i2u6m134" "Mozilla/5.0 AppleWebKit/537.36 (KHTML, like Gecko; compatible; ClaudeBot/1.0; +claudebot@anthropic.com)"
99.243.157.186 - - [24/Aug/2026:21:12:14 +0500] "GET /ru/news-rus/494-iz-istorii-ao-eskijuva-dehqon-bozori HTTP/1.1" 200 55003 "-" "Mozilla/5.0 (Windows NT 10.0; Win64; x64) AppleWebKit/537.36 (KHTML, like Gecko) Chrome/130.0.6723.69 Safari/537.36"
85.208.96.193 - - [24/Aug/2026:21:12:26 +0500] "GET /uz/?function=call_user_func_array&s=index%2Fthinkapp%2Finvokefunction&start=24&vars%5B0%5D=phpinfo HTTP/1.1" 200 69334 "-" "Mozilla/5.0 (compatible; SemrushBot/7~bl; +http://www.semrush.com/bot.html)"
216.73.216.101 - - [24/Aug/2026:21:12:29 +0500] "GET /shops/pericranium/p9s3i1l2a1n2t1h0r9o0p8y HTTP/1.1" 301 - "-" "Mozilla/5.0 AppleWebKit/537.36 (KHTML, like Gecko; compatible; ClaudeBot/1.0; +claudebot@anthropic.com)"
43.161.217.205 - - [24/Aug/2026:21:12:36 +0500] "GET /uz/?function=call_user_func_array&s=index/thinkapp/invokefunction&vars[0]=phpinfo&start=20 HTTP/1.1" 508 288 "-" "Mozilla/5.0 (iPhone; CPU iPhone OS 13_2_3 like Mac OS X) AppleWebKit/605.1.15 (KHTML, like Gecko) Version/13.0.3 Mobile/15E148 Safari/604.1"
216.73.216.101 - - [24/Aug/2026:21:12:34 +0500] "GET /uz/shops/pericranium/p9s3i1l2a1n2t1h0r9o0p8y HTTP/1.1" 404 1215 "http://eskijuva-bozori.uz/shops/pericranium/p9s3i1l2a1n2t1h0r9o0p8y" "Mozilla/5.0 AppleWebKit/537.36 (KHTML, like Gecko; compatible; ClaudeBot/1.0; +claudebot@anthropic.com)"
34.57.162.91 - - [24/Aug/2026:21:12:43 +0500] "GET /images/corp-upr/korp-upravlenie-2018-ej.pdf HTTP/1.1" 200 95898 "-" "Mozilla/5.0 (Macintosh; Intel Mac OS X 10_15_7) AppleWebKit/537.36 (KHTML, like Gecko) Chrome/120.0.0.0 Safari/537.36"
85.208.96.193 - - [24/Aug/2026:21:12:42 +0500] "GET /uz/?Command=NOOP&start=52 HTTP/1.1" 200 68986 "-" "Mozilla/5.0 (compatible; SemrushBot/7~bl; +http://www.semrush.com/bot.html)"
34.10.180.98 - - [24/Aug/2026:21:12:46 +0500] "GET /ru/component/search/?Itemid=160&catid=19&format=opensearch&id=28 HTTP/1.1" 200 754 "-" "Mozilla/5.0 (Macintosh; Intel Mac OS X 10_15_7) AppleWebKit/537.36 (KHTML, like Gecko) Chrome/120.0.0.0 Safari/537.36"
85.208.96.201 - - [24/Aug/2026:21:12:52 +0500] "GET /ru/facts-rus/338-36-fact-02-04-2021 HTTP/1.1" 200 55704 "-" "Mozilla/5.0 (compatible; SemrushBot/7~bl; +http://www.semrush.com/bot.html)"
216.73.216.101 - - [24/Aug/2026:21:13:01 +0500] "GET /?r=u9r3a2n9o6g4r9a4p5h5i5cal HTTP/1.1" 301 - "-" "Mozilla/5.0 AppleWebKit/537.36 (KHTML, like Gecko; compatible; ClaudeBot/1.0; +claudebot@anthropic.com)"
216.73.216.101 - - [24/Aug/2026:21:13:06 +0500] "GET /uz/?r=u9r3a2n9o6g4r9a4p5h5i5cal HTTP/1.1" 200 68328 "http://eskijuva-bozori.uz/?r=u9r3a2n9o6g4r9a4p5h5i5cal" "Mozilla/5.0 AppleWebKit/537.36 (KHTML, like Gecko; compatible; ClaudeBot/1.0; +claudebot@anthropic.com)"
129.146.61.66 - - [24/Aug/2026:21:13:19 +0500] "GET /ru/jsc-docs-rus/379-konf-int-ru-docx HTTP/1.1" 200 15601 "-" "Mozilla/5.0 (X11; Linux aarch64) AppleWebKit/537.36 (KHTML, like Gecko) Chrome/139.0.0.0 Safari/537.36"
129.146.61.66 - - [24/Aug/2026:21:13:22 +0500] "GET /ru/jsc-docs-rus/379-konf-int-ru-docx HTTP/1.1" 200 - "-" "Mozilla/5.0 (X11; Linux aarch64) AppleWebKit/537.36 (KHTML, like Gecko) Chrome/139.0.0.0 Safari/537.36"
216.73.216.101 - - [24/Aug/2026:21:13:33 +0500] "GET /?r=p9e3r0i7t2y7p0h6l7i1t4is HTTP/1.1" 301 - "-" "Mozilla/5.0 AppleWebKit/537.36 (KHTML, like Gecko; compatible; ClaudeBot/1.0; +claudebot@anthropic.com)"
216.73.216.101 - - [24/Aug/2026:21:13:39 +0500] "GET /uz/?r=p9e3r0i7t2y7p0h6l7i1t4is HTTP/1.1" 200 68327 "http://eskijuva-bozori.uz/?r=p9e3r0i7t2y7p0h6l7i1t4is" "Mozilla/5.0 AppleWebKit/537.36 (KHTML, like Gecko; compatible; ClaudeBot/1.0; +claudebot@anthropic.com)"
85.208.96.204 - - [24/Aug/2026:21:13:53 +0500] "GET /uz/audit-uzb/200-audit-2016-uzb HTTP/1.1" 200 55818 "-" "Mozilla/5.0 (compatible; SemrushBot/7~bl; +http://www.semrush.com/bot.html)"
216.73.216.101 - - [24/Aug/2026:21:14:06 +0500] "GET /shops/vengeably/s9k1i3r1l8333995 HTTP/1.1" 301 - "-" "Mozilla/5.0 AppleWebKit/537.36 (KHTML, like Gecko; compatible; ClaudeBot/1.0; +claudebot@anthropic.com)"
34.57.162.91 - - [24/Aug/2026:21:14:08 +0500] "GET /ru/?ismobile=1 HTTP/1.1" 200 67477 "-" "Mozilla/5.0 (Macintosh; Intel Mac OS X 10_15_7) AppleWebKit/537.36 (KHTML, like Gecko) Chrome/120.0.0.0 Safari/537.36"
34.57.162.91 - - [24/Aug/2026:21:14:10 +0500] "GET /uz/?start=4&template=accessibility HTTP/1.1" 200 35850 "-" "Mozilla/5.0 (Macintosh; Intel Mac OS X 10_15_7) AppleWebKit/537.36 (KHTML, like Gecko) Chrome/120.0.0.0 Safari/537.36"
216.73.216.101 - - [24/Aug/2026:21:14:12 +0500] "GET /uz/shops/vengeably/s9k1i3r1l8333995 HTTP/1.1" 404 1215 "http://eskijuva-bozori.uz/shops/vengeably/s9k1i3r1l8333995" "Mozilla/5.0 AppleWebKit/537.36 (KHTML, like Gecko; compatible; ClaudeBot/1.0; +claudebot@anthropic.com)"
216.73.216.101 - - [24/Aug/2026:21:14:25 +0500] "GET /shops/bejade/f9a4c1t0o8r0i8n6g153 HTTP/1.1" 301 - "-" "Mozilla/5.0 AppleWebKit/537.36 (KHTML, like Gecko; compatible; ClaudeBot/1.0; +claudebot@anthropic.com)"
216.73.216.101 - - [24/Aug/2026:21:14:33 +0500] "GET /uz/?r=w9o2u6w5o8u259109 HTTP/1.1" 508 288 "http://eskijuva-bozori.uz/?r=w9o2u6w5o8u259109" "Mozilla/5.0 AppleWebKit/537.36 (KHTML, like Gecko; compatible; ClaudeBot/1.0; +claudebot@anthropic.com)"
216.73.216.101 - - [24/Aug/2026:21:14:28 +0500] "GET /?r=w9o2u6w5o8u259109 HTTP/1.1" 301 - "-" "Mozilla/5.0 AppleWebKit/537.36 (KHTML, like Gecko; compatible; ClaudeBot/1.0; +claudebot@anthropic.com)"
216.73.216.101 - - [24/Aug/2026:21:14:29 +0500] "GET /uz/shops/bejade/f9a4c1t0o8r0i8n6g153 HTTP/1.1" 404 1215 "http://eskijuva-bozori.uz/shops/bejade/f9a4c1t0o8r0i8n6g153" "Mozilla/5.0 AppleWebKit/537.36 (KHTML, like Gecko; compatible; ClaudeBot/1.0; +claudebot@anthropic.com)"
216.73.216.101 - - [24/Aug/2026:21:14:46 +0500] "GET /shops/flunkey/u9n2r3u9l5y945392 HTTP/1.1" 301 - "-" "Mozilla/5.0 AppleWebKit/537.36 (KHTML, like Gecko; compatible; ClaudeBot/1.0; +claudebot@anthropic.com)"
216.73.216.101 - - [24/Aug/2026:21:14:52 +0500] "GET /uz/shops/flunkey/u9n2r3u9l5y945392 HTTP/1.1" 404 1215 "http://eskijuva-bozori.uz/shops/flunkey/u9n2r3u9l5y945392" "Mozilla/5.0 AppleWebKit/537.36 (KHTML, like Gecko; compatible; ClaudeBot/1.0; +claudebot@anthropic.com)"
216.73.216.101 - - [24/Aug/2026:21:15:06 +0500] "GET /?r=s9p6o9r9o1p3h3i1l9a9 HTTP/1.1" 301 - "-" "Mozilla/5.0 AppleWebKit/537.36 (KHTML, like Gecko; compatible; ClaudeBot/1.0; +claudebot@anthropic.com)"
216.73.216.101 - - [24/Aug/2026:21:15:09 +0500] "GET /shops/pignoration/a9l3i1g2e3r2o8u1s889 HTTP/1.1" 301 - "-" "Mozilla/5.0 AppleWebKit/537.36 (KHTML, like Gecko; compatible; ClaudeBot/1.0; +claudebot@anthropic.com)"
216.73.216.101 - - [24/Aug/2026:21:15:10 +0500] "GET /uz/?r=s9p6o9r9o1p3h3i1l9a9 HTTP/1.1" 200 68323 "http://eskijuva-bozori.uz/?r=s9p6o9r9o1p3h3i1l9a9" "Mozilla/5.0 AppleWebKit/537.36 (KHTML, like Gecko; compatible; ClaudeBot/1.0; +claudebot@anthropic.com)"
34.123.149.87 - - [24/Aug/2026:21:15:09 +0500] "GET /ru/news-rus?template=accessibility HTTP/1.1" 200 33559 "-" "Mozilla/5.0 (Macintosh; Intel Mac OS X 10_15_7) AppleWebKit/537.36 (KHTML, like Gecko) Chrome/120.0.0.0 Safari/537.36"
216.73.216.101 - - [24/Aug/2026:21:15:15 +0500] "GET /uz/shops/pignoration/a9l3i1g2e3r2o8u1s889 HTTP/1.1" 404 1215 "http://eskijuva-bozori.uz/shops/pignoration/a9l3i1g2e3r2o8u1s889" "Mozilla/5.0 AppleWebKit/537.36 (KHTML, like Gecko; compatible; ClaudeBot/1.0; +claudebot@anthropic.com)"
20.63.64.130 - - [24/Aug/2026:21:15:26 +0500] "GET /wp-content/plugins/hellopress/wp_filemanager.php HTTP/1.1" 301 - "-" "-"
216.73.216.101 - - [24/Aug/2026:21:15:32 +0500] "GET /houve/evilfavored/f9o3r6e0m9o6t1h6e0r57 HTTP/1.1" 301 - "-" "Mozilla/5.0 AppleWebKit/537.36 (KHTML, like Gecko; compatible; ClaudeBot/1.0; +claudebot@anthropic.com)"
20.63.64.130 - - [24/Aug/2026:21:15:33 +0500] "GET /uz/wp-content/plugins/hellopress/wp_filemanager.php HTTP/1.1" 404 1215 "-" "-"
216.73.216.101 - - [24/Aug/2026:21:15:38 +0500] "GET /uz/houve/evilfavored/f9o3r6e0m9o6t1h6e0r57 HTTP/1.1" 404 1215 "http://eskijuva-bozori.uz/houve/evilfavored/f9o3r6e0m9o6t1h6e0r57" "Mozilla/5.0 AppleWebKit/537.36 (KHTML, like Gecko; compatible; ClaudeBot/1.0; +claudebot@anthropic.com)"
216.73.216.101 - - [24/Aug/2026:21:16:02 +0500] "GET /uz/?r=z9i1n1c3o1g8r9a5p4h5y7 HTTP/1.1" 508 288 "http://eskijuva-bozori.uz/?r=z9i1n1c3o1g8r9a5p4h5y7" "Mozilla/5.0 AppleWebKit/537.36 (KHTML, like Gecko; compatible; ClaudeBot/1.0; +claudebot@anthropic.com)"
216.73.216.101 - - [24/Aug/2026:21:15:54 +0500] "GET /?r=z9i1n1c3o1g8r9a5p4h5y7 HTTP/1.1" 301 - "-" "Mozilla/5.0 AppleWebKit/537.36 (KHTML, like Gecko; compatible; ClaudeBot/1.0; +claudebot@anthropic.com)"
216.73.216.101 - - [24/Aug/2026:21:16:13 +0500] "GET /tantalization/unsoul/p9u2k8i7n3g66924 HTTP/1.1" 508 288 "-" "Mozilla/5.0 AppleWebKit/537.36 (KHTML, like Gecko; compatible; ClaudeBot/1.0; +claudebot@anthropic.com)"
85.208.96.206 - - [24/Aug/2026:21:16:15 +0500] "GET /uz/audit-uzb/12-uzbek/about-org-uzb/46-direction-uzb HTTP/1.1" 508 288 "-" "Mozilla/5.0 (compatible; SemrushBot/7~bl; +http://www.semrush.com/bot.html)"
185.191.171.1 - - [24/Aug/2026:21:16:15 +0500] "GET /uz/korp-upr-uzb HTTP/1.1" 200 64175 "-" "Mozilla/5.0 (compatible; SemrushBot/7~bl; +http://www.semrush.com/bot.html)"
216.73.216.101 - - [24/Aug/2026:21:16:31 +0500] "GET /?r=h9o1m2o3d4y8n3a0m4o4u3s HTTP/1.1" 301 - "-" "Mozilla/5.0 AppleWebKit/537.36 (KHTML, like Gecko; compatible; ClaudeBot/1.0; +claudebot@anthropic.com)"
216.73.216.101 - - [24/Aug/2026:21:16:37 +0500] "GET /uz/?r=h9o1m2o3d4y8n3a0m4o4u3s HTTP/1.1" 200 68562 "http://eskijuva-bozori.uz/?r=h9o1m2o3d4y8n3a0m4o4u3s" "Mozilla/5.0 AppleWebKit/537.36 (KHTML, like Gecko; compatible; ClaudeBot/1.0; +claudebot@anthropic.com)"
216.73.216.101 - - [24/Aug/2026:21:16:57 +0500] "GET /?r=j9u3s4t8i5f9i9a5b7l2eness HTTP/1.1" 301 - "-" "Mozilla/5.0 AppleWebKit/537.36 (KHTML, like Gecko; compatible; ClaudeBot/1.0; +claudebot@anthropic.com)"
216.73.216.101 - - [24/Aug/2026:21:17:04 +0500] "GET /uz/?r=j9u3s4t8i5f9i9a5b7l2eness HTTP/1.1" 200 68328 "http://eskijuva-bozori.uz/?r=j9u3s4t8i5f9i9a5b7l2eness" "Mozilla/5.0 AppleWebKit/537.36 (KHTML, like Gecko; compatible; ClaudeBot/1.0; +claudebot@anthropic.com)"
216.73.216.101 - - [24/Aug/2026:21:17:15 +0500] "GET /shops/horsedrench/b9u2r9s2t9i5n4g0836 HTTP/1.1" 301 - "-" "Mozilla/5.0 AppleWebKit/537.36 (KHTML, like Gecko; compatible; ClaudeBot/1.0; +claudebot@anthropic.com)"
216.73.216.101 - - [24/Aug/2026:21:17:21 +0500] "GET /uz/shops/horsedrench/b9u2r9s2t9i5n4g0836 HTTP/1.1" 404 1215 "http://eskijuva-bozori.uz/shops/horsedrench/b9u2r9s2t9i5n4g0836" "Mozilla/5.0 AppleWebKit/537.36 (KHTML, like Gecko; compatible; ClaudeBot/1.0; +claudebot@anthropic.com)"
216.73.216.101 - - [24/Aug/2026:21:17:35 +0500] "GET /?r=c9r2y4p8t0o8l7o5g2y43 HTTP/1.1" 301 - "-" "Mozilla/5.0 AppleWebKit/537.36 (KHTML, like Gecko; compatible; ClaudeBot/1.0; +claudebot@anthropic.com)"
85.208.96.205 - - [24/Aug/2026:21:17:32 +0500] "GET /uz/?function=call_user_func_array&start=52&vars%5B0%5D=phpinfo HTTP/1.1" 200 69195 "-" "Mozilla/5.0 (compatible; SemrushBot/7~bl; +http://www.semrush.com/bot.html)"
216.73.216.101 - - [24/Aug/2026:21:17:42 +0500] "GET /uz/?r=c9r2y4p8t0o8l7o5g2y43 HTTP/1.1" 200 68324 "http://eskijuva-bozori.uz/?r=c9r2y4p8t0o8l7o5g2y43" "Mozilla/5.0 AppleWebKit/537.36 (KHTML, like Gecko; compatible; ClaudeBot/1.0; +claudebot@anthropic.com)"
216.73.216.101 - - [24/Aug/2026:21:17:54 +0500] "GET /?r=r9e3t1i0c9u6l5a6t7i2o5n HTTP/1.1" 301 - "-" "Mozilla/5.0 AppleWebKit/537.36 (KHTML, like Gecko; compatible; ClaudeBot/1.0; +claudebot@anthropic.com)"
34.171.68.95 - - [24/Aug/2026:21:18:04 +0500] "GET /ru/about-org-rus/indexes-rus?format=feed&type=rss HTTP/1.1" 508 288 "-" "Mozilla/5.0 (Macintosh; Intel Mac OS X 10_15_7) AppleWebKit/537.36 (KHTML, like Gecko) Chrome/120.0.0.0 Safari/537.36"
216.73.216.101 - - [24/Aug/2026:21:18:00 +0500] "GET /uz/?r=r9e3t1i0c9u6l5a6t7i2o5n HTTP/1.1" 200 68326 "http://eskijuva-bozori.uz/?r=r9e3t1i0c9u6l5a6t7i2o5n" "Mozilla/5.0 AppleWebKit/537.36 (KHTML, like Gecko; compatible; ClaudeBot/1.0; +claudebot@anthropic.com)"
216.73.216.101 - - [24/Aug/2026:21:18:07 +0500] "GET /shops/ancipital/h9y1b3r5i6d4i9z6e0r89 HTTP/1.1" 301 - "-" "Mozilla/5.0 AppleWebKit/537.36 (KHTML, like Gecko; compatible; ClaudeBot/1.0; +claudebot@anthropic.com)"
216.73.216.101 - - [24/Aug/2026:21:18:12 +0500] "GET /uz/shops/ancipital/h9y1b3r5i6d4i9z6e0r89 HTTP/1.1" 404 1215 "http://eskijuva-bozori.uz/shops/ancipital/h9y1b3r5i6d4i9z6e0r89" "Mozilla/5.0 AppleWebKit/537.36 (KHTML, like Gecko; compatible; ClaudeBot/1.0; +claudebot@anthropic.com)"
216.73.216.101 - - [24/Aug/2026:21:18:38 +0500] "GET /recoverableness/g9y1p5s1o4p2l3a9s6t06 HTTP/1.1" 301 - "-" "Mozilla/5.0 AppleWebKit/537.36 (KHTML, like Gecko; compatible; ClaudeBot/1.0; +claudebot@anthropic.com)"
216.73.216.101 - - [24/Aug/2026:21:18:43 +0500] "GET /uz/recoverableness/g9y1p5s1o4p2l3a9s6t06 HTTP/1.1" 404 1215 "http://eskijuva-bozori.uz/recoverableness/g9y1p5s1o4p2l3a9s6t06" "Mozilla/5.0 AppleWebKit/537.36 (KHTML, like Gecko; compatible; ClaudeBot/1.0; +claudebot@anthropic.com)"
216.73.216.101 - - [24/Aug/2026:21:18:58 +0500] "GET /?r=i9n1a1u5g4u2r7a2t8i3o5n HTTP/1.1" 301 - "-" "Mozilla/5.0 AppleWebKit/537.36 (KHTML, like Gecko; compatible; ClaudeBot/1.0; +claudebot@anthropic.com)"
216.73.216.101 - - [24/Aug/2026:21:19:04 +0500] "GET /uz/?r=i9n1a1u5g4u2r7a2t8i3o5n HTTP/1.1" 200 68326 "http://eskijuva-bozori.uz/?r=i9n1a1u5g4u2r7a2t8i3o5n" "Mozilla/5.0 AppleWebKit/537.36 (KHTML, like Gecko; compatible; ClaudeBot/1.0; +claudebot@anthropic.com)"
34.10.180.98 - - [24/Aug/2026:21:19:12 +0500] "GET /uz/events-uzb?format=feed&template=yoo_master2&type=rss HTTP/1.1" 200 34678 "-" "Mozilla/5.0 (Macintosh; Intel Mac OS X 10_15_7) AppleWebKit/537.36 (KHTML, like Gecko) Chrome/120.0.0.0 Safari/537.36"
216.73.216.101 - - [24/Aug/2026:21:19:19 +0500] "GET /?r=s9i1g1n4a2t6o3r0y458 HTTP/1.1" 301 - "-" "Mozilla/5.0 AppleWebKit/537.36 (KHTML, like Gecko; compatible; ClaudeBot/1.0; +claudebot@anthropic.com)"
216.73.216.101 - - [24/Aug/2026:21:19:24 +0500] "GET /uz/?r=s9i1g1n4a2t6o3r0y458 HTTP/1.1" 200 68323 "http://eskijuva-bozori.uz/?r=s9i1g1n4a2t6o3r0y458" "Mozilla/5.0 AppleWebKit/537.36 (KHTML, like Gecko; compatible; ClaudeBot/1.0; +claudebot@anthropic.com)"
216.73.216.101 - - [24/Aug/2026:21:19:44 +0500] "GET /roundheaded/pantelegraph/s9e3l1f5e9x2i4s7t0e1n2t HTTP/1.1" 508 288 "-" "Mozilla/5.0 AppleWebKit/537.36 (KHTML, like Gecko; compatible; ClaudeBot/1.0; +claudebot@anthropic.com)"
216.73.216.101 - - [24/Aug/2026:21:19:45 +0500] "GET /uz/shops/calcareosiliceous/d9e3s7i2g7n9a0t5o0r30 HTTP/1.1" 508 288 "http://eskijuva-bozori.uz/shops/calcareosiliceous/d9e3s7i2g7n9a0t5o0r30" "Mozilla/5.0 AppleWebKit/537.36 (KHTML, like Gecko; compatible; ClaudeBot/1.0; +claudebot@anthropic.com)"
216.73.216.101 - - [24/Aug/2026:21:19:40 +0500] "GET /shops/calcareosiliceous/d9e3s7i2g7n9a0t5o0r30 HTTP/1.1" 301 - "-" "Mozilla/5.0 AppleWebKit/537.36 (KHTML, like Gecko; compatible; ClaudeBot/1.0; +claudebot@anthropic.com)"
216.73.216.101 - - [24/Aug/2026:21:20:07 +0500] "GET /shops/calumniously/s9t1r3a1w1c0u5t5t3e5r HTTP/1.1" 301 - "-" "Mozilla/5.0 AppleWebKit/537.36 (KHTML, like Gecko; compatible; ClaudeBot/1.0; +claudebot@anthropic.com)"
216.73.216.101 - - [24/Aug/2026:21:20:11 +0500] "GET /uz/shops/calumniously/s9t1r3a1w1c0u5t5t3e5r HTTP/1.1" 404 1215 "http://eskijuva-bozori.uz/shops/calumniously/s9t1r3a1w1c0u5t5t3e5r" "Mozilla/5.0 AppleWebKit/537.36 (KHTML, like Gecko; compatible; ClaudeBot/1.0; +claudebot@anthropic.com)"
216.73.216.101 - - [24/Aug/2026:21:20:27 +0500] "GET /uz/?r=p9r8e5t1e3r8n8a4t4u3ralness HTTP/1.1" 508 288 "http://eskijuva-bozori.uz/?r=p9r8e5t1e3r8n8a4t4u3ralness" "Mozilla/5.0 AppleWebKit/537.36 (KHTML, like Gecko; compatible; ClaudeBot/1.0; +claudebot@anthropic.com)"
216.73.216.101 - - [24/Aug/2026:21:20:20 +0500] "GET /?r=p9r8e5t1e3r8n8a4t4u3ralness HTTP/1.1" 301 - "-" "Mozilla/5.0 AppleWebKit/537.36 (KHTML, like Gecko; compatible; ClaudeBot/1.0; +claudebot@anthropic.com)"
216.73.216.101 - - [24/Aug/2026:21:20:33 +0500] "GET /?r=s9t4r1a6t9y6o0m8y3s30 HTTP/1.1" 301 - "-" "Mozilla/5.0 AppleWebKit/537.36 (KHTML, like Gecko; compatible; ClaudeBot/1.0; +claudebot@anthropic.com)"
216.73.216.101 - - [24/Aug/2026:21:20:39 +0500] "GET /uz/?r=s9t4r1a6t9y6o0m8y3s30 HTTP/1.1" 508 288 "http://eskijuva-bozori.uz/?r=s9t4r1a6t9y6o0m8y3s30" "Mozilla/5.0 AppleWebKit/537.36 (KHTML, like Gecko; compatible; ClaudeBot/1.0; +claudebot@anthropic.com)"
52.22.64.232 - - [24/Aug/2026:21:20:44 +0500] "GET /uz/about-org-uzb/indexes-uzb/12-uzbek/about-org-uzb?start=10 HTTP/1.1" 508 288 "-" "Mozilla/5.0 AppleWebKit/537.36 (KHTML, like Gecko; compatible; Amazonbot/0.1; +https://developer.amazon.com/support/amazonbot) Chrome/119.0.6045.214 Safari/537.36"
216.73.216.101 - - [24/Aug/2026:21:20:43 +0500] "GET /?r=c9a2n6o9n5i7z6i4n8g27 HTTP/1.1" 301 - "-" "Mozilla/5.0 AppleWebKit/537.36 (KHTML, like Gecko; compatible; ClaudeBot/1.0; +claudebot@anthropic.com)"
216.73.216.101 - - [24/Aug/2026:21:20:47 +0500] "GET /shops/uplook/d9e2s1u5l7t5o8r0i5o6u3s HTTP/1.1" 301 - "-" "Mozilla/5.0 AppleWebKit/537.36 (KHTML, like Gecko; compatible; ClaudeBot/1.0; +claudebot@anthropic.com)"
216.73.216.101 - - [24/Aug/2026:21:20:48 +0500] "GET /uz/?r=c9a2n6o9n5i7z6i4n8g27 HTTP/1.1" 200 68324 "http://eskijuva-bozori.uz/?r=c9a2n6o9n5i7z6i4n8g27" "Mozilla/5.0 AppleWebKit/537.36 (KHTML, like Gecko; compatible; ClaudeBot/1.0; +claudebot@anthropic.com)"
216.73.216.101 - - [24/Aug/2026:21:20:52 +0500] "GET /uz/?r=v9e1n3t3r2a6d17099&start=52 HTTP/1.1" 200 68966 "-" "Mozilla/5.0 AppleWebKit/537.36 (KHTML, like Gecko; compatible; ClaudeBot/1.0; +claudebot@anthropic.com)"
216.73.216.101 - - [24/Aug/2026:21:20:54 +0500] "GET /uz/shops/uplook/d9e2s1u5l7t5o8r0i5o6u3s HTTP/1.1" 404 1215 "http://eskijuva-bozori.uz/shops/uplook/d9e2s1u5l7t5o8r0i5o6u3s" "Mozilla/5.0 AppleWebKit/537.36 (KHTML, like Gecko; compatible; ClaudeBot/1.0; +claudebot@anthropic.com)"
216.73.216.101 - - [24/Aug/2026:21:21:07 +0500] "GET /?r=l9o3n0g3t5o0n9g8u6e3 HTTP/1.1" 301 - "-" "Mozilla/5.0 AppleWebKit/537.36 (KHTML, like Gecko; compatible; ClaudeBot/1.0; +claudebot@anthropic.com)"
216.73.216.101 - - [24/Aug/2026:21:21:21 +0500] "GET /diversilineata/unguentous/a9n1k5y9l4o8s6e0902 HTTP/1.1" 508 288 "-" "Mozilla/5.0 AppleWebKit/537.36 (KHTML, like Gecko; compatible; ClaudeBot/1.0; +claudebot@anthropic.com)"
216.73.216.101 - - [24/Aug/2026:21:21:14 +0500] "GET /uz/?r=l9o3n0g3t5o0n9g8u6e3 HTTP/1.1" 200 68323 "http://eskijuva-bozori.uz/?r=l9o3n0g3t5o0n9g8u6e3" "Mozilla/5.0 AppleWebKit/537.36 (KHTML, like Gecko; compatible; ClaudeBot/1.0; +claudebot@anthropic.com)"
216.73.216.101 - - [24/Aug/2026:21:21:38 +0500] "GET /uz/?format=feed&r=l9i1t1h9o6t6r6i8t3i3s3t&type=rss HTTP/1.1" 508 288 "-" "Mozilla/5.0 AppleWebKit/537.36 (KHTML, like Gecko; compatible; ClaudeBot/1.0; +claudebot@anthropic.com)"
216.73.216.101 - - [24/Aug/2026:21:21:51 +0500] "GET /femorale/a9u3r9o0c8h0l5o9r8i8d6e HTTP/1.1" 301 - "-" "Mozilla/5.0 AppleWebKit/537.36 (KHTML, like Gecko; compatible; ClaudeBot/1.0; +claudebot@anthropic.com)"
216.73.216.101 - - [24/Aug/2026:21:21:55 +0500] "GET /uz/femorale/a9u3r9o0c8h0l5o9r8i8d6e HTTP/1.1" 404 1215 "http://eskijuva-bozori.uz/femorale/a9u3r9o0c8h0l5o9r8i8d6e" "Mozilla/5.0 AppleWebKit/537.36 (KHTML, like Gecko; compatible; ClaudeBot/1.0; +claudebot@anthropic.com)"
216.73.216.101 - - [24/Aug/2026:21:22:01 +0500] "GET /?r=s9h3u3n8n9i5n5g8789 HTTP/1.1" 301 - "-" "Mozilla/5.0 AppleWebKit/537.36 (KHTML, like Gecko; compatible; ClaudeBot/1.0; +claudebot@anthropic.com)"
216.73.216.101 - - [24/Aug/2026:21:22:07 +0500] "GET /uz/?r=s9h3u3n8n9i5n5g8789 HTTP/1.1" 200 68322 "http://eskijuva-bozori.uz/?r=s9h3u3n8n9i5n5g8789" "Mozilla/5.0 AppleWebKit/537.36 (KHTML, like Gecko; compatible; ClaudeBot/1.0; +claudebot@anthropic.com)"
43.157.170.13 - - [24/Aug/2026:21:22:10 +0500] "GET /uz/news-uzb/396-news-09-06-2022 HTTP/1.1" 200 59015 "-" "Mozilla/5.0 (iPhone; CPU iPhone OS 13_2_3 like Mac OS X) AppleWebKit/605.1.15 (KHTML, like Gecko) Version/13.0.3 Mobile/15E148 Safari/604.1"
216.73.216.101 - - [24/Aug/2026:21:22:16 +0500] "GET /?r=h9i1l2o8s7o0p0h8i4z3i5ng HTTP/1.1" 301 - "-" "Mozilla/5.0 AppleWebKit/537.36 (KHTML, like Gecko; compatible; ClaudeBot/1.0; +claudebot@anthropic.com)"
216.73.216.101 - - [24/Aug/2026:21:22:21 +0500] "GET /uz/?r=h9i1l2o8s7o0p0h8i4z3i5ng HTTP/1.1" 200 68271 "http://eskijuva-bozori.uz/?r=h9i1l2o8s7o0p0h8i4z3i5ng" "Mozilla/5.0 AppleWebKit/537.36 (KHTML, like Gecko; compatible; ClaudeBot/1.0; +claudebot@anthropic.com)"
216.73.216.101 - - [24/Aug/2026:21:22:31 +0500] "GET /shops/emporium/s9t2a1l6a0c0t0i4t7i6c1 HTTP/1.1" 301 - "-" "Mozilla/5.0 AppleWebKit/537.36 (KHTML, like Gecko; compatible; ClaudeBot/1.0; +claudebot@anthropic.com)"
216.73.216.101 - - [24/Aug/2026:21:22:36 +0500] "GET /uz/shops/emporium/s9t2a1l6a0c0t0i4t7i6c1 HTTP/1.1" 404 1215 "http://eskijuva-bozori.uz/shops/emporium/s9t2a1l6a0c0t0i4t7i6c1" "Mozilla/5.0 AppleWebKit/537.36 (KHTML, like Gecko; compatible; ClaudeBot/1.0; +claudebot@anthropic.com)"
216.73.216.101 - - [24/Aug/2026:21:22:51 +0500] "GET /uz/?r=a9c4c1e0p9t4i0n0g44&start=52 HTTP/1.1" 200 68967 "-" "Mozilla/5.0 AppleWebKit/537.36 (KHTML, like Gecko; compatible; ClaudeBot/1.0; +claudebot@anthropic.com)"
216.73.216.101 - - [24/Aug/2026:21:23:05 +0500] "GET /uz/?r=h9y9d0r0a0u1l8i3c6a4l&start=12 HTTP/1.1" 200 68335 "-" "Mozilla/5.0 AppleWebKit/537.36 (KHTML, like Gecko; compatible; ClaudeBot/1.0; +claudebot@anthropic.com)"
216.73.216.101 - - [24/Aug/2026:21:23:18 +0500] "GET /?r=p9r1o6s1t9i4t5u9t1o3r8 HTTP/1.1" 301 - "-" "Mozilla/5.0 AppleWebKit/537.36 (KHTML, like Gecko; compatible; ClaudeBot/1.0; +claudebot@anthropic.com)"
216.73.216.101 - - [24/Aug/2026:21:23:21 +0500] "GET /uz/?r=p9r1o6s1t9i4t5u9t1o3r8 HTTP/1.1" 200 68269 "http://eskijuva-bozori.uz/?r=p9r1o6s1t9i4t5u9t1o3r8" "Mozilla/5.0 AppleWebKit/537.36 (KHTML, like Gecko; compatible; ClaudeBot/1.0; +claudebot@anthropic.com)"
216.73.216.101 - - [24/Aug/2026:21:23:24 +0500] "GET /uz/component/search/?Itemid=117&format=opensearch&r=e9n1l5i5s2t6e2d8959 HTTP/1.1" 200 756 "-" "Mozilla/5.0 AppleWebKit/537.36 (KHTML, like Gecko; compatible; ClaudeBot/1.0; +claudebot@anthropic.com)"
216.73.216.101 - - [24/Aug/2026:21:23:31 +0500] "GET /emong/femoral/i9n3l4a5n7d1i0s9h080 HTTP/1.1" 301 - "-" "Mozilla/5.0 AppleWebKit/537.36 (KHTML, like Gecko; compatible; ClaudeBot/1.0; +claudebot@anthropic.com)"
216.73.216.101 - - [24/Aug/2026:21:23:37 +0500] "GET /uz/emong/femoral/i9n3l4a5n7d1i0s9h080 HTTP/1.1" 404 1215 "http://eskijuva-bozori.uz/emong/femoral/i9n3l4a5n7d1i0s9h080" "Mozilla/5.0 AppleWebKit/537.36 (KHTML, like Gecko; compatible; ClaudeBot/1.0; +claudebot@anthropic.com)"
54.235.172.108 - - [24/Aug/2026:21:23:56 +0500] "GET /uz/about-org-uzb/indexes-uzb/12-uzbek/about-org-uzb?start=20 HTTP/1.1" 200 59686 "-" "Mozilla/5.0 AppleWebKit/537.36 (KHTML, like Gecko; compatible; Amazonbot/0.1; +https://developer.amazon.com/support/amazonbot) Chrome/119.0.6045.214 Safari/537.36"
216.73.216.101 - - [24/Aug/2026:21:24:23 +0500] "GET /uz/shops/crowberry/i9n2s3c1r0i0p8t7i5o4n0 HTTP/1.1" 508 288 "http://eskijuva-bozori.uz/shops/crowberry/i9n2s3c1r0i0p8t7i5o4n0" "Mozilla/5.0 AppleWebKit/537.36 (KHTML, like Gecko; compatible; ClaudeBot/1.0; +claudebot@anthropic.com)"
216.73.216.101 - - [24/Aug/2026:21:24:16 +0500] "GET /shops/crowberry/i9n2s3c1r0i0p8t7i5o4n0 HTTP/1.1" 301 - "-" "Mozilla/5.0 AppleWebKit/537.36 (KHTML, like Gecko; compatible; ClaudeBot/1.0; +claudebot@anthropic.com)"
141.148.147.106 - - [24/Aug/2026:21:24:13 +0500] "GET /uz/news-uzb/449-meeting-27-04-2025-uz HTTP/1.1" 200 15601 "-" "Mozilla/5.0 (X11; Linux aarch64) AppleWebKit/537.36 (KHTML, like Gecko) Chrome/139.0.0.0 Safari/537.36"
141.148.147.106 - - [24/Aug/2026:21:24:17 +0500] "GET /uz/news-uzb/449-meeting-27-04-2025-uz HTTP/1.1" 200 - "-" "Mozilla/5.0 (X11; Linux aarch64) AppleWebKit/537.36 (KHTML, like Gecko) Chrome/139.0.0.0 Safari/537.36"
216.73.216.101 - - [24/Aug/2026:21:24:57 +0500] "GET /reabsorb/suspensibility/s9t1i4r9r3u3p44340 HTTP/1.1" 301 - "-" "Mozilla/5.0 AppleWebKit/537.36 (KHTML, like Gecko; compatible; ClaudeBot/1.0; +claudebot@anthropic.com)"
34.171.68.95 - - [24/Aug/2026:21:24:57 +0500] "GET /ru/korp-upr-rus/439-corp-upr-rating-2022 HTTP/1.1" 200 55230 "-" "Mozilla/5.0 (Macintosh; Intel Mac OS X 10_15_7) AppleWebKit/537.36 (KHTML, like Gecko) Chrome/120.0.0.0 Safari/537.36"
216.73.216.101 - - [24/Aug/2026:21:25:01 +0500] "GET /uz/reabsorb/suspensibility/s9t1i4r9r3u3p44340 HTTP/1.1" 404 1215 "http://eskijuva-bozori.uz/reabsorb/suspensibility/s9t1i4r9r3u3p44340" "Mozilla/5.0 AppleWebKit/537.36 (KHTML, like Gecko; compatible; ClaudeBot/1.0; +claudebot@anthropic.com)"
216.73.216.101 - - [24/Aug/2026:21:25:05 +0500] "GET /uz/?r=a9c4c1e0p9t4i0n0g44&start=16 HTTP/1.1" 200 67672 "-" "Mozilla/5.0 AppleWebKit/537.36 (KHTML, like Gecko; compatible; ClaudeBot/1.0; +claudebot@anthropic.com)"
216.73.216.101 - - [24/Aug/2026:21:25:11 +0500] "GET /uz/?r=a9c4c1e0p9t4i0n0g44&start=12 HTTP/1.1" 200 68333 "-" "Mozilla/5.0 AppleWebKit/537.36 (KHTML, like Gecko; compatible; ClaudeBot/1.0; +claudebot@anthropic.com)"
216.73.216.101 - - [24/Aug/2026:21:25:19 +0500] "GET /shops/twophase/c9o2n5s5a0n0g5u6i8n5eal HTTP/1.1" 301 - "-" "Mozilla/5.0 AppleWebKit/537.36 (KHTML, like Gecko; compatible; ClaudeBot/1.0; +claudebot@anthropic.com)"
216.73.216.101 - - [24/Aug/2026:21:25:23 +0500] "GET /uz/shops/twophase/c9o2n5s5a0n0g5u6i8n5eal HTTP/1.1" 404 1215 "http://eskijuva-bozori.uz/shops/twophase/c9o2n5s5a0n0g5u6i8n5eal" "Mozilla/5.0 AppleWebKit/537.36 (KHTML, like Gecko; compatible; ClaudeBot/1.0; +claudebot@anthropic.com)"
216.73.216.101 - - [24/Aug/2026:21:25:31 +0500] "GET /shops/halmaturus/o9r1n2i0t7h2o2p1o5d3i1oides HTTP/1.1" 508 288 "-" "Mozilla/5.0 AppleWebKit/537.36 (KHTML, like Gecko; compatible; ClaudeBot/1.0; +claudebot@anthropic.com)"
34.10.180.98 - - [24/Aug/2026:21:25:27 +0500] "GET /uz/events-uzb?format=feed&template=yoo_master2&type=atom HTTP/1.1" 200 77692 "-" "Mozilla/5.0 (Macintosh; Intel Mac OS X 10_15_7) AppleWebKit/537.36 (KHTML, like Gecko) Chrome/120.0.0.0 Safari/537.36"
34.171.68.95 - - [24/Aug/2026:21:25:53 +0500] "GET /uz/component/search/?Itemid=152&format=opensearch HTTP/1.1" 200 742 "-" "Mozilla/5.0 (Macintosh; Intel Mac OS X 10_15_7) AppleWebKit/537.36 (KHTML, like Gecko) Chrome/120.0.0.0 Safari/537.36"
216.73.216.101 - - [24/Aug/2026:21:26:10 +0500] "GET /?r=t9r1a5c9t7i4t4i8o6u3s9 HTTP/1.1" 301 - "-" "Mozilla/5.0 AppleWebKit/537.36 (KHTML, like Gecko; compatible; ClaudeBot/1.0; +claudebot@anthropic.com)"
216.73.216.101 - - [24/Aug/2026:21:26:15 +0500] "GET /uz/component/search/?Itemid=117&format=opensearch&r=p9e1n2s1i5v9e1l7y948 HTTP/1.1" 200 757 "-" "Mozilla/5.0 AppleWebKit/537.36 (KHTML, like Gecko; compatible; ClaudeBot/1.0; +claudebot@anthropic.com)"
216.73.216.101 - - [24/Aug/2026:21:26:16 +0500] "GET /uz/?r=t9r1a5c9t7i4t4i8o6u3s9 HTTP/1.1" 200 68269 "http://eskijuva-bozori.uz/?r=t9r1a5c9t7i4t4i8o6u3s9" "Mozilla/5.0 AppleWebKit/537.36 (KHTML, like Gecko; compatible; ClaudeBot/1.0; +claudebot@anthropic.com)"
216.73.216.101 - - [24/Aug/2026:21:26:27 +0500] "GET /unravel/irruption/93888074293 HTTP/1.1" 301 - "-" "Mozilla/5.0 AppleWebKit/537.36 (KHTML, like Gecko; compatible; ClaudeBot/1.0; +claudebot@anthropic.com)"
216.73.216.101 - - [24/Aug/2026:21:26:34 +0500] "GET /uz/unravel/irruption/93888074293 HTTP/1.1" 404 1215 "http://eskijuva-bozori.uz/unravel/irruption/93888074293" "Mozilla/5.0 AppleWebKit/537.36 (KHTML, like Gecko; compatible; ClaudeBot/1.0; +claudebot@anthropic.com)"
34.10.180.98 - - [24/Aug/2026:21:26:32 +0500] "GET /ru/korp-upr-rus/450-corp-upr-rating-2024 HTTP/1.1" 200 54991 "-" "Mozilla/5.0 (Macintosh; Intel Mac OS X 10_15_7) AppleWebKit/537.36 (KHTML, like Gecko) Chrome/120.0.0.0 Safari/537.36"
34.171.68.95 - - [24/Aug/2026:21:26:39 +0500] "GET /ru/component/search/?Itemid=125&format=opensearch&id=15 HTTP/1.1" 200 741 "-" "Mozilla/5.0 (Macintosh; Intel Mac OS X 10_15_7) AppleWebKit/537.36 (KHTML, like Gecko) Chrome/120.0.0.0 Safari/537.36"
34.123.149.87 - - [24/Aug/2026:21:26:59 +0500] "GET /ru/news-rus HTTP/1.1" 508 288 "-" "Mozilla/5.0 (Macintosh; Intel Mac OS X 10_15_7) AppleWebKit/537.36 (KHTML, like Gecko) Chrome/120.0.0.0 Safari/537.36"
216.73.216.101 - - [24/Aug/2026:21:26:54 +0500] "GET /uz/component/search/?Itemid=117&format=opensearch&r=w9e1l0c9o4m1e5l6y09 HTTP/1.1" 200 756 "-" "Mozilla/5.0 AppleWebKit/537.36 (KHTML, like Gecko; compatible; ClaudeBot/1.0; +claudebot@anthropic.com)"
216.73.216.101 - - [24/Aug/2026:21:27:14 +0500] "GET /uz/?r=h9u1m6a7n8i9z0a7t2i6o4n&start=4 HTTP/1.1" 200 72035 "-" "Mozilla/5.0 AppleWebKit/537.36 (KHTML, like Gecko; compatible; ClaudeBot/1.0; +claudebot@anthropic.com)"
198.244.240.10 - - [24/Aug/2026:21:27:26 +0500] "GET /ru/ HTTP/1.1" 508 288 "-" "Mozilla/5.0 (compatible; AhrefsBot/7.0; +http://ahrefs.com/robot/)"
216.73.216.101 - - [24/Aug/2026:21:27:33 +0500] "GET /uz/?%60=s3o5l1i5d4u1n1g5u7l0ous&start=4 HTTP/1.1" 200 72037 "-" "Mozilla/5.0 AppleWebKit/537.36 (KHTML, like Gecko; compatible; ClaudeBot/1.0; +claudebot@anthropic.com)"
185.191.171.1 - - [24/Aug/2026:21:27:44 +0500] "GET /uz/?amp%3Bstart=48&function=call_user_func_array&start=16&vars%5B1%5D%5B0%5D=1 HTTP/1.1" 200 67724 "-" "Mozilla/5.0 (compatible; SemrushBot/7~bl; +http://www.semrush.com/bot.html)"
216.73.216.101 - - [24/Aug/2026:21:27:46 +0500] "GET /uz/?r=h9u1m6a7n8i9z0a7t2i6o4n&start=20 HTTP/1.1" 200 68975 "-" "Mozilla/5.0 AppleWebKit/537.36 (KHTML, like Gecko; compatible; ClaudeBot/1.0; +claudebot@anthropic.com)"
216.73.216.101 - - [24/Aug/2026:21:27:52 +0500] "GET /uz/?%60=s3o5l1i5d4u1n1g5u7l0ous&start=48 HTTP/1.1" 200 68702 "-" "Mozilla/5.0 AppleWebKit/537.36 (KHTML, like Gecko; compatible; ClaudeBot/1.0; +claudebot@anthropic.com)"
