216.73.216.101 - - [24/Aug/2026:21:43:54 +0500] "GET /uz/shops/cucullata/f9o1r6c1e1s99636 HTTP/1.1" 404 1216 "https://eskijuva-bozori.uz/shops/cucullata/f9o1r6c1e1s99636" "Mozilla/5.0 AppleWebKit/537.36 (KHTML, like Gecko; compatible; ClaudeBot/1.0; +claudebot@anthropic.com)"
216.73.216.101 - - [24/Aug/2026:21:43:55 +0500] "GET /shops/bedabble/p9a2l7g8r8a5v1e8021 HTTP/1.1" 301 - "-" "Mozilla/5.0 AppleWebKit/537.36 (KHTML, like Gecko; compatible; ClaudeBot/1.0; +claudebot@anthropic.com)"
216.73.216.101 - - [24/Aug/2026:21:44:03 +0500] "GET /uz/shops/bedabble/p9a2l7g8r8a5v1e8021 HTTP/1.1" 404 1216 "https://eskijuva-bozori.uz/shops/bedabble/p9a2l7g8r8a5v1e8021" "Mozilla/5.0 AppleWebKit/537.36 (KHTML, like Gecko; compatible; ClaudeBot/1.0; +claudebot@anthropic.com)"
34.171.68.95 - - [24/Aug/2026:21:44:03 +0500] "GET /uz/component/search/?Itemid=385&catid=35&format=opensearch&id=350 HTTP/1.1" 200 772 "-" "Mozilla/5.0 (Macintosh; Intel Mac OS X 10_15_7) AppleWebKit/537.36 (KHTML, like Gecko) Chrome/120.0.0.0 Safari/537.36"
161.153.6.63 - - [24/Aug/2026:21:44:11 +0500] "GET /ru/jsc-docs-rus/382-io-ru-docx HTTP/1.1" 508 288 "-" "Mozilla/5.0 (X11; Linux aarch64) AppleWebKit/537.36 (KHTML, like Gecko) Chrome/139.0.0.0 Safari/537.36"
216.73.216.101 - - [24/Aug/2026:21:44:07 +0500] "GET /?r=f9a3s8c7e6s723220 HTTP/1.1" 301 - "-" "Mozilla/5.0 AppleWebKit/537.36 (KHTML, like Gecko; compatible; ClaudeBot/1.0; +claudebot@anthropic.com)"
34.123.149.87 - - [24/Aug/2026:21:44:03 +0500] "GET /ru/korp-upr-rus/201-corp-upr-rating-2016 HTTP/1.1" 200 55431 "-" "Mozilla/5.0 (Macintosh; Intel Mac OS X 10_15_7) AppleWebKit/537.36 (KHTML, like Gecko) Chrome/120.0.0.0 Safari/537.36"
161.153.6.63 - - [24/Aug/2026:21:44:07 +0500] "GET /ru/jsc-docs-rus/382-io-ru-docx HTTP/1.1" 200 - "-" "Mozilla/5.0 (X11; Linux aarch64) AppleWebKit/537.36 (KHTML, like Gecko) Chrome/139.0.0.0 Safari/537.36"
216.73.216.101 - - [24/Aug/2026:21:44:14 +0500] "GET /uz/?r=f9a3s8c7e6s723220 HTTP/1.1" 200 68362 "https://eskijuva-bozori.uz/?r=f9a3s8c7e6s723220" "Mozilla/5.0 AppleWebKit/537.36 (KHTML, like Gecko; compatible; ClaudeBot/1.0; +claudebot@anthropic.com)"
216.73.216.101 - - [24/Aug/2026:21:44:20 +0500] "GET /shops/interplay/i9m2p8o9u6n0d41795 HTTP/1.1" 301 - "-" "Mozilla/5.0 AppleWebKit/537.36 (KHTML, like Gecko; compatible; ClaudeBot/1.0; +claudebot@anthropic.com)"
216.73.216.101 - - [24/Aug/2026:21:44:25 +0500] "GET /uz/shops/interplay/i9m2p8o9u6n0d41795 HTTP/1.1" 404 1216 "https://eskijuva-bozori.uz/shops/interplay/i9m2p8o9u6n0d41795" "Mozilla/5.0 AppleWebKit/537.36 (KHTML, like Gecko; compatible; ClaudeBot/1.0; +claudebot@anthropic.com)"
216.73.216.101 - - [24/Aug/2026:21:44:26 +0500] "GET /plusia/h9o2r4n6l8e4s3s4991 HTTP/1.1" 301 - "-" "Mozilla/5.0 AppleWebKit/537.36 (KHTML, like Gecko; compatible; ClaudeBot/1.0; +claudebot@anthropic.com)"
216.73.217.53 - - [24/Aug/2026:21:44:30 +0500] "GET /ru/facts-rus/406-sush-fakt-08-31-03-2023-io-doc HTTP/1.1" 200 56378 "-" "Mozilla/5.0 AppleWebKit/537.36 (KHTML, like Gecko; compatible; ClaudeBot/1.0; +claudebot@anthropic.com)"
216.73.216.101 - - [24/Aug/2026:21:44:32 +0500] "GET /uz/plusia/h9o2r4n6l8e4s3s4991 HTTP/1.1" 404 1216 "https://eskijuva-bozori.uz/plusia/h9o2r4n6l8e4s3s4991" "Mozilla/5.0 AppleWebKit/537.36 (KHTML, like Gecko; compatible; ClaudeBot/1.0; +claudebot@anthropic.com)"
34.10.180.98 - - [24/Aug/2026:21:44:34 +0500] "GET /ru/?format=feed&type=rss HTTP/1.1" 200 6049 "-" "Mozilla/5.0 (Macintosh; Intel Mac OS X 10_15_7) AppleWebKit/537.36 (KHTML, like Gecko) Chrome/120.0.0.0 Safari/537.36"
216.73.216.101 - - [24/Aug/2026:21:44:45 +0500] "GET /uz/component/search/?Itemid=117&format=opensearch&r=d9i2f4f9i2n3d77685 HTTP/1.1" 508 288 "-" "Mozilla/5.0 AppleWebKit/537.36 (KHTML, like Gecko; compatible; ClaudeBot/1.0; +claudebot@anthropic.com)"
216.73.216.101 - - [24/Aug/2026:21:44:46 +0500] "GET /uz/?r=r9e7f7e9r7m2e7n2t92 HTTP/1.1" 508 288 "https://eskijuva-bozori.uz/?r=r9e7f7e9r7m2e7n2t92" "Mozilla/5.0 AppleWebKit/537.36 (KHTML, like Gecko; compatible; ClaudeBot/1.0; +claudebot@anthropic.com)"
216.73.216.101 - - [24/Aug/2026:21:44:38 +0500] "GET /?r=r9e7f7e9r7m2e7n2t92 HTTP/1.1" 301 - "-" "Mozilla/5.0 AppleWebKit/537.36 (KHTML, like Gecko; compatible; ClaudeBot/1.0; +claudebot@anthropic.com)"
216.73.217.53 - - [24/Aug/2026:21:44:38 +0500] "GET /ru/facts-rus/433-sush-fakt-06-16-07-2024-pdf HTTP/1.1" 200 56340 "-" "Mozilla/5.0 AppleWebKit/537.36 (KHTML, like Gecko; compatible; ClaudeBot/1.0; +claudebot@anthropic.com)"
216.73.216.101 - - [24/Aug/2026:21:44:54 +0500] "GET /uz/shops/coming/s9p2u1m9e4s2c6e2n3t52 HTTP/1.1" 508 288 "https://eskijuva-bozori.uz/shops/coming/s9p2u1m9e4s2c6e2n3t52" "Mozilla/5.0 AppleWebKit/537.36 (KHTML, like Gecko; compatible; ClaudeBot/1.0; +claudebot@anthropic.com)"
216.73.216.101 - - [24/Aug/2026:21:44:47 +0500] "GET /shops/coming/s9p2u1m9e4s2c6e2n3t52 HTTP/1.1" 301 - "-" "Mozilla/5.0 AppleWebKit/537.36 (KHTML, like Gecko; compatible; ClaudeBot/1.0; +claudebot@anthropic.com)"
216.73.216.101 - - [24/Aug/2026:21:44:56 +0500] "GET /phalaenidae/v9e4r0b0e9n4a0t0e71 HTTP/1.1" 508 288 "-" "Mozilla/5.0 AppleWebKit/537.36 (KHTML, like Gecko; compatible; ClaudeBot/1.0; +claudebot@anthropic.com)"
216.73.216.101 - - [24/Aug/2026:21:44:59 +0500] "GET /selfpropelled/d9e4p1o4p4u7l6a7t9i2n6g HTTP/1.1" 301 - "-" "Mozilla/5.0 AppleWebKit/537.36 (KHTML, like Gecko; compatible; ClaudeBot/1.0; +claudebot@anthropic.com)"
216.73.216.101 - - [24/Aug/2026:21:45:06 +0500] "GET /uz/selfpropelled/d9e4p1o4p4u7l6a7t9i2n6g HTTP/1.1" 404 1216 "https://eskijuva-bozori.uz/selfpropelled/d9e4p1o4p4u7l6a7t9i2n6g" "Mozilla/5.0 AppleWebKit/537.36 (KHTML, like Gecko; compatible; ClaudeBot/1.0; +claudebot@anthropic.com)"
216.73.216.101 - - [24/Aug/2026:21:45:17 +0500] "GET /uz/shops/cadged/h9a2n3d2c0r6a8f0t3e0d9 HTTP/1.1" 508 288 "https://eskijuva-bozori.uz/shops/cadged/h9a2n3d2c0r6a8f0t3e0d9" "Mozilla/5.0 AppleWebKit/537.36 (KHTML, like Gecko; compatible; ClaudeBot/1.0; +claudebot@anthropic.com)"
216.73.216.101 - - [24/Aug/2026:21:45:12 +0500] "GET /shops/cadged/h9a2n3d2c0r6a8f0t3e0d9 HTTP/1.1" 301 - "-" "Mozilla/5.0 AppleWebKit/537.36 (KHTML, like Gecko; compatible; ClaudeBot/1.0; +claudebot@anthropic.com)"
216.73.216.101 - - [24/Aug/2026:21:45:20 +0500] "GET /?r=o9a1r4w7e1e4d44874 HTTP/1.1" 301 - "-" "Mozilla/5.0 AppleWebKit/537.36 (KHTML, like Gecko; compatible; ClaudeBot/1.0; +claudebot@anthropic.com)"
216.73.216.101 - - [24/Aug/2026:21:45:27 +0500] "GET /uz/?r=o9a1r4w7e1e4d44874 HTTP/1.1" 200 68363 "https://eskijuva-bozori.uz/?r=o9a1r4w7e1e4d44874" "Mozilla/5.0 AppleWebKit/537.36 (KHTML, like Gecko; compatible; ClaudeBot/1.0; +claudebot@anthropic.com)"
216.73.216.101 - - [24/Aug/2026:21:45:33 +0500] "GET /?r=m9a4r2a5b0o2u90633 HTTP/1.1" 301 - "-" "Mozilla/5.0 AppleWebKit/537.36 (KHTML, like Gecko; compatible; ClaudeBot/1.0; +claudebot@anthropic.com)"
216.73.216.101 - - [24/Aug/2026:21:45:40 +0500] "GET /uz/?r=m9a4r2a5b0o2u90633 HTTP/1.1" 200 68363 "https://eskijuva-bozori.uz/?r=m9a4r2a5b0o2u90633" "Mozilla/5.0 AppleWebKit/537.36 (KHTML, like Gecko; compatible; ClaudeBot/1.0; +claudebot@anthropic.com)"
216.73.216.101 - - [24/Aug/2026:21:45:45 +0500] "GET /?r=d9r2e9p3a9n6i4d9a3e92 HTTP/1.1" 301 - "-" "Mozilla/5.0 AppleWebKit/537.36 (KHTML, like Gecko; compatible; ClaudeBot/1.0; +claudebot@anthropic.com)"
216.73.216.101 - - [24/Aug/2026:21:45:51 +0500] "GET /uz/?r=d9r2e9p3a9n6i4d9a3e92 HTTP/1.1" 200 68366 "https://eskijuva-bozori.uz/?r=d9r2e9p3a9n6i4d9a3e92" "Mozilla/5.0 AppleWebKit/537.36 (KHTML, like Gecko; compatible; ClaudeBot/1.0; +claudebot@anthropic.com)"
216.73.217.53 - - [24/Aug/2026:21:46:13 +0500] "GET /ru/facts-rus/68-19-jamiyat-affillangan-shahslarining-ruyhatidagi-ularga-tegishli-qimmatli-qogozlarning-miqdori-va-nomi-kursatilgan-holdagi-uzgarishlar-17-04-15 HTTP/1.1" 200 61516 "-" "Mozilla/5.0 AppleWebKit/537.36 (KHTML, like Gecko; compatible; ClaudeBot/1.0; +claudebot@anthropic.com)"
216.73.217.53 - - [24/Aug/2026:21:46:26 +0500] "GET /ru/facts-rus/66-03-emitentning-oliy-boshqaruv-organi-tomonidan-qabul-qilingan-qarorlar HTTP/1.1" 200 69230 "-" "Mozilla/5.0 AppleWebKit/537.36 (KHTML, like Gecko; compatible; ClaudeBot/1.0; +claudebot@anthropic.com)"
185.191.171.16 - - [24/Aug/2026:21:46:43 +0500] "GET /uz/officially-uzb/tenders-uzb/285-konkurs-audit-2020uzb HTTP/1.1" 200 59858 "-" "Mozilla/5.0 (compatible; SemrushBot/7~bl; +http://www.semrush.com/bot.html)"
85.208.96.207 - - [24/Aug/2026:21:47:25 +0500] "GET /uz/?function=call_user_func_array&s=index%2Fthink%5C%5C%5C%5C%5C%5C%5C%5C%5C%5C%5C%5C%5C%5C%5C%5C%5C%5C%5C%5C%5C%5C%5C%5C%5C%5C%5C%5C%5C%5C%5C%5Capp%2Finvokefunction&start=52&vars%5B0%5D=phpinfo&vars%5B1%5D%5B0%5D=1 HTTP/1.1" 200 70345 "-" "Mozilla/5.0 (compatible; SemrushBot/7~bl; +http://www.semrush.com/bot.html)"
185.191.171.16 - - [24/Aug/2026:21:47:52 +0500] "GET /uz/officially-uzb/tenders-uzb?template=yoo_master2 HTTP/1.1" 200 63778 "-" "Mozilla/5.0 (compatible; SemrushBot/7~bl; +http://www.semrush.com/bot.html)"
34.171.68.95 - - [24/Aug/2026:21:48:24 +0500] "GET /ru/contacts-rus?template=accessibility HTTP/1.1" 508 288 "-" "Mozilla/5.0 (Macintosh; Intel Mac OS X 10_15_7) AppleWebKit/537.36 (KHTML, like Gecko) Chrome/120.0.0.0 Safari/537.36"
34.123.149.87 - - [24/Aug/2026:21:49:47 +0500] "GET /ru/jsc-docs-rus HTTP/1.1" 200 62030 "-" "Mozilla/5.0 (Macintosh; Intel Mac OS X 10_15_7) AppleWebKit/537.36 (KHTML, like Gecko) Chrome/120.0.0.0 Safari/537.36"
216.73.216.101 - - [24/Aug/2026:21:50:46 +0500] "GET /elaidin/pibroch/9215542234 HTTP/1.1" 301 - "-" "Mozilla/5.0 AppleWebKit/537.36 (KHTML, like Gecko; compatible; ClaudeBot/1.0; +claudebot@anthropic.com)"
216.73.216.101 - - [24/Aug/2026:21:50:51 +0500] "GET /uz/elaidin/pibroch/9215542234 HTTP/1.1" 404 1216 "https://eskijuva-bozori.uz/elaidin/pibroch/9215542234" "Mozilla/5.0 AppleWebKit/537.36 (KHTML, like Gecko; compatible; ClaudeBot/1.0; +claudebot@anthropic.com)"
216.73.216.101 - - [24/Aug/2026:21:50:58 +0500] "GET /?r=a9r2a6u4c4a8n8a4662 HTTP/1.1" 301 - "-" "Mozilla/5.0 AppleWebKit/537.36 (KHTML, like Gecko; compatible; ClaudeBot/1.0; +claudebot@anthropic.com)"
216.73.216.101 - - [24/Aug/2026:21:51:02 +0500] "GET /uz/?r=a9r2a6u4c4a8n8a4662 HTTP/1.1" 200 68364 "https://eskijuva-bozori.uz/?r=a9r2a6u4c4a8n8a4662" "Mozilla/5.0 AppleWebKit/537.36 (KHTML, like Gecko; compatible; ClaudeBot/1.0; +claudebot@anthropic.com)"
216.73.216.101 - - [24/Aug/2026:21:51:17 +0500] "GET /?r=d9a2f0t5n2e3s3s2429 HTTP/1.1" 301 - "-" "Mozilla/5.0 AppleWebKit/537.36 (KHTML, like Gecko; compatible; ClaudeBot/1.0; +claudebot@anthropic.com)"
216.73.216.101 - - [24/Aug/2026:21:51:29 +0500] "GET /?r=s9i3d1e1r1a2l83048 HTTP/1.1" 508 288 "-" "Mozilla/5.0 AppleWebKit/537.36 (KHTML, like Gecko; compatible; ClaudeBot/1.0; +claudebot@anthropic.com)"
216.73.216.101 - - [24/Aug/2026:21:51:22 +0500] "GET /uz/?r=d9a2f0t5n2e3s3s2429 HTTP/1.1" 200 68364 "https://eskijuva-bozori.uz/?r=d9a2f0t5n2e3s3s2429" "Mozilla/5.0 AppleWebKit/537.36 (KHTML, like Gecko; compatible; ClaudeBot/1.0; +claudebot@anthropic.com)"
216.73.216.101 - - [24/Aug/2026:21:51:41 +0500] "GET /shops/xerophyllum/m9e2n3d7i0c7a1t2e023 HTTP/1.1" 508 288 "-" "Mozilla/5.0 AppleWebKit/537.36 (KHTML, like Gecko; compatible; ClaudeBot/1.0; +claudebot@anthropic.com)"
185.191.171.5 - - [24/Aug/2026:21:51:41 +0500] "GET /uz/news-uzb?start=4&template=accessibility HTTP/1.1" 508 288 "-" "Mozilla/5.0 (compatible; SemrushBot/7~bl; +http://www.semrush.com/bot.html)"
216.73.216.101 - - [24/Aug/2026:21:51:47 +0500] "GET /?r=d9a1r5m2e2r0a20049 HTTP/1.1" 301 - "-" "Mozilla/5.0 AppleWebKit/537.36 (KHTML, like Gecko; compatible; ClaudeBot/1.0; +claudebot@anthropic.com)"
216.73.216.101 - - [24/Aug/2026:21:51:53 +0500] "GET /uz/?r=d9a1r5m2e2r0a20049 HTTP/1.1" 200 68363 "https://eskijuva-bozori.uz/?r=d9a1r5m2e2r0a20049" "Mozilla/5.0 AppleWebKit/537.36 (KHTML, like Gecko; compatible; ClaudeBot/1.0; +claudebot@anthropic.com)"
216.73.216.101 - - [24/Aug/2026:21:51:59 +0500] "GET /sorus/p9u1g0g2a5r8e2e8156 HTTP/1.1" 301 - "-" "Mozilla/5.0 AppleWebKit/537.36 (KHTML, like Gecko; compatible; ClaudeBot/1.0; +claudebot@anthropic.com)"
216.73.216.101 - - [24/Aug/2026:21:52:02 +0500] "GET /uz/sorus/p9u1g0g2a5r8e2e8156 HTTP/1.1" 404 1216 "https://eskijuva-bozori.uz/sorus/p9u1g0g2a5r8e2e8156" "Mozilla/5.0 AppleWebKit/537.36 (KHTML, like Gecko; compatible; ClaudeBot/1.0; +claudebot@anthropic.com)"
85.208.96.197 - - [24/Aug/2026:21:52:13 +0500] "GET /robots.txt HTTP/1.1" 200 111 "-" "Mozilla/5.0 (compatible; SemrushBot/7~bl; +http://www.semrush.com/bot.html)"
216.73.216.101 - - [24/Aug/2026:21:52:11 +0500] "GET /?r=d9a3m4a4s2t5e9r2464 HTTP/1.1" 301 - "-" "Mozilla/5.0 AppleWebKit/537.36 (KHTML, like Gecko; compatible; ClaudeBot/1.0; +claudebot@anthropic.com)"
216.73.216.101 - - [24/Aug/2026:21:52:14 +0500] "GET /uz/?r=d9a3m4a4s2t5e9r2464 HTTP/1.1" 200 68364 "https://eskijuva-bozori.uz/?r=d9a3m4a4s2t5e9r2464" "Mozilla/5.0 AppleWebKit/537.36 (KHTML, like Gecko; compatible; ClaudeBot/1.0; +claudebot@anthropic.com)"
185.191.171.16 - - [24/Aug/2026:21:52:14 +0500] "GET /uz/?function=call_user_func_array&start=16&vars%5B0%5D=phpinfo&vars%5B1%5D%5B0%5D=1 HTTP/1.1" 200 68694 "-" "Mozilla/5.0 (compatible; SemrushBot/7~bl; +http://www.semrush.com/bot.html)"
216.73.216.101 - - [24/Aug/2026:21:52:20 +0500] "GET /?r=r9e8t5r0i4e2v7a0b2l9eness HTTP/1.1" 301 - "-" "Mozilla/5.0 AppleWebKit/537.36 (KHTML, like Gecko; compatible; ClaudeBot/1.0; +claudebot@anthropic.com)"
216.73.216.101 - - [24/Aug/2026:21:52:26 +0500] "GET /uz/?r=r9e8t5r0i4e2v7a0b2l9eness HTTP/1.1" 200 68370 "https://eskijuva-bozori.uz/?r=r9e8t5r0i4e2v7a0b2l9eness" "Mozilla/5.0 AppleWebKit/537.36 (KHTML, like Gecko; compatible; ClaudeBot/1.0; +claudebot@anthropic.com)"
216.73.216.101 - - [24/Aug/2026:21:52:33 +0500] "GET /?r=s9i2l8v4a0650637 HTTP/1.1" 301 - "-" "Mozilla/5.0 AppleWebKit/537.36 (KHTML, like Gecko; compatible; ClaudeBot/1.0; +claudebot@anthropic.com)"
216.73.216.101 - - [24/Aug/2026:21:52:38 +0500] "GET /uz/?r=s9i2l8v4a0650637 HTTP/1.1" 200 68216 "https://eskijuva-bozori.uz/?r=s9i2l8v4a0650637" "Mozilla/5.0 AppleWebKit/537.36 (KHTML, like Gecko; compatible; ClaudeBot/1.0; +claudebot@anthropic.com)"
216.73.216.101 - - [24/Aug/2026:21:52:52 +0500] "GET /?r=i9m5p7e9n7i9t4e6n0c2e HTTP/1.1" 301 - "-" "Mozilla/5.0 AppleWebKit/537.36 (KHTML, like Gecko; compatible; ClaudeBot/1.0; +claudebot@anthropic.com)"
216.73.216.101 - - [24/Aug/2026:21:52:56 +0500] "GET /uz/?r=i9m5p7e9n7i9t4e6n0c2e HTTP/1.1" 200 68221 "https://eskijuva-bozori.uz/?r=i9m5p7e9n7i9t4e6n0c2e" "Mozilla/5.0 AppleWebKit/537.36 (KHTML, like Gecko; compatible; ClaudeBot/1.0; +claudebot@anthropic.com)"
216.73.216.101 - - [24/Aug/2026:21:53:04 +0500] "GET /shops/lettergram/s9t1i4l4l4e5d1731 HTTP/1.1" 301 - "-" "Mozilla/5.0 AppleWebKit/537.36 (KHTML, like Gecko; compatible; ClaudeBot/1.0; +claudebot@anthropic.com)"
216.73.216.101 - - [24/Aug/2026:21:53:07 +0500] "GET /uz/shops/lettergram/s9t1i4l4l4e5d1731 HTTP/1.1" 404 1216 "https://eskijuva-bozori.uz/shops/lettergram/s9t1i4l4l4e5d1731" "Mozilla/5.0 AppleWebKit/537.36 (KHTML, like Gecko; compatible; ClaudeBot/1.0; +claudebot@anthropic.com)"
216.73.216.101 - - [24/Aug/2026:21:53:17 +0500] "GET /?r=d9i3p2y9r7e002372 HTTP/1.1" 301 - "-" "Mozilla/5.0 AppleWebKit/537.36 (KHTML, like Gecko; compatible; ClaudeBot/1.0; +claudebot@anthropic.com)"
216.73.216.101 - - [24/Aug/2026:21:53:20 +0500] "GET /uz/?r=d9i3p2y9r7e002372 HTTP/1.1" 200 68217 "https://eskijuva-bozori.uz/?r=d9i3p2y9r7e002372" "Mozilla/5.0 AppleWebKit/537.36 (KHTML, like Gecko; compatible; ClaudeBot/1.0; +claudebot@anthropic.com)"
185.191.171.2 - - [24/Aug/2026:21:53:24 +0500] "GET /uz/?phpinfo=1&start=8 HTTP/1.1" 200 67842 "-" "Mozilla/5.0 (compatible; SemrushBot/7~bl; +http://www.semrush.com/bot.html)"
216.73.216.101 - - [24/Aug/2026:21:53:28 +0500] "GET /?r=t9i1m9e6l4e1s1s4083 HTTP/1.1" 301 - "-" "Mozilla/5.0 AppleWebKit/537.36 (KHTML, like Gecko; compatible; ClaudeBot/1.0; +claudebot@anthropic.com)"
216.73.216.101 - - [24/Aug/2026:21:53:32 +0500] "GET /uz/?r=t9i1m9e6l4e1s1s4083 HTTP/1.1" 200 68219 "https://eskijuva-bozori.uz/?r=t9i1m9e6l4e1s1s4083" "Mozilla/5.0 AppleWebKit/537.36 (KHTML, like Gecko; compatible; ClaudeBot/1.0; +claudebot@anthropic.com)"
216.73.216.101 - - [24/Aug/2026:21:53:40 +0500] "GET /shops/islamic/b9a4s1c0u4l9e60165 HTTP/1.1" 301 - "-" "Mozilla/5.0 AppleWebKit/537.36 (KHTML, like Gecko; compatible; ClaudeBot/1.0; +claudebot@anthropic.com)"
216.73.216.101 - - [24/Aug/2026:21:53:45 +0500] "GET /uz/shops/islamic/b9a4s1c0u4l9e60165 HTTP/1.1" 404 1216 "https://eskijuva-bozori.uz/shops/islamic/b9a4s1c0u4l9e60165" "Mozilla/5.0 AppleWebKit/537.36 (KHTML, like Gecko; compatible; ClaudeBot/1.0; +claudebot@anthropic.com)"
216.73.216.101 - - [24/Aug/2026:21:53:47 +0500] "GET /shops/pelta/x9i3p6h3i8a3s34552 HTTP/1.1" 301 - "-" "Mozilla/5.0 AppleWebKit/537.36 (KHTML, like Gecko; compatible; ClaudeBot/1.0; +claudebot@anthropic.com)"
216.73.216.101 - - [24/Aug/2026:21:53:52 +0500] "GET /uz/shops/pelta/x9i3p6h3i8a3s34552 HTTP/1.1" 404 1216 "https://eskijuva-bozori.uz/shops/pelta/x9i3p6h3i8a3s34552" "Mozilla/5.0 AppleWebKit/537.36 (KHTML, like Gecko; compatible; ClaudeBot/1.0; +claudebot@anthropic.com)"
216.73.216.101 - - [24/Aug/2026:21:54:00 +0500] "GET /shops/repatriation/f9o3r5t8i6f5i4a7b3l1e0 HTTP/1.1" 301 - "-" "Mozilla/5.0 AppleWebKit/537.36 (KHTML, like Gecko; compatible; ClaudeBot/1.0; +claudebot@anthropic.com)"
216.73.216.101 - - [24/Aug/2026:21:54:12 +0500] "GET /shops/enterprising/s9t3i0l8l9e7r82848 HTTP/1.1" 508 288 "-" "Mozilla/5.0 AppleWebKit/537.36 (KHTML, like Gecko; compatible; ClaudeBot/1.0; +claudebot@anthropic.com)"
216.73.216.101 - - [24/Aug/2026:21:54:05 +0500] "GET /uz/shops/repatriation/f9o3r5t8i6f5i4a7b3l1e0 HTTP/1.1" 404 1216 "https://eskijuva-bozori.uz/shops/repatriation/f9o3r5t8i6f5i4a7b3l1e0" "Mozilla/5.0 AppleWebKit/537.36 (KHTML, like Gecko; compatible; ClaudeBot/1.0; +claudebot@anthropic.com)"
216.73.216.101 - - [24/Aug/2026:21:54:18 +0500] "GET /?r=b9a9l9e8f4u0l9n8e2ss HTTP/1.1" 301 - "-" "Mozilla/5.0 AppleWebKit/537.36 (KHTML, like Gecko; compatible; ClaudeBot/1.0; +claudebot@anthropic.com)"
216.73.216.101 - - [24/Aug/2026:21:54:23 +0500] "GET /uz/?r=b9a9l9e8f4u0l9n8e2ss HTTP/1.1" 508 288 "https://eskijuva-bozori.uz/?r=b9a9l9e8f4u0l9n8e2ss" "Mozilla/5.0 AppleWebKit/537.36 (KHTML, like Gecko; compatible; ClaudeBot/1.0; +claudebot@anthropic.com)"
216.73.216.101 - - [24/Aug/2026:21:54:22 +0500] "GET /shops/ovant/p9a8u7g0i7e15146 HTTP/1.1" 301 - "-" "Mozilla/5.0 AppleWebKit/537.36 (KHTML, like Gecko; compatible; ClaudeBot/1.0; +claudebot@anthropic.com)"
216.73.216.101 - - [24/Aug/2026:21:54:28 +0500] "GET /uz/shops/ovant/p9a8u7g0i7e15146 HTTP/1.1" 404 1216 "https://eskijuva-bozori.uz/shops/ovant/p9a8u7g0i7e15146" "Mozilla/5.0 AppleWebKit/537.36 (KHTML, like Gecko; compatible; ClaudeBot/1.0; +claudebot@anthropic.com)"
216.73.216.101 - - [24/Aug/2026:21:54:34 +0500] "GET /?r=f9o2n1d0n7e8s9s923 HTTP/1.1" 301 - "-" "Mozilla/5.0 AppleWebKit/537.36 (KHTML, like Gecko; compatible; ClaudeBot/1.0; +claudebot@anthropic.com)"
216.73.216.101 - - [24/Aug/2026:21:54:38 +0500] "GET /uz/?r=f9o2n1d0n7e8s9s923 HTTP/1.1" 200 68218 "https://eskijuva-bozori.uz/?r=f9o2n1d0n7e8s9s923" "Mozilla/5.0 AppleWebKit/537.36 (KHTML, like Gecko; compatible; ClaudeBot/1.0; +claudebot@anthropic.com)"
216.73.216.101 - - [24/Aug/2026:21:54:46 +0500] "GET /arbalet/donated/92621219872 HTTP/1.1" 301 - "-" "Mozilla/5.0 AppleWebKit/537.36 (KHTML, like Gecko; compatible; ClaudeBot/1.0; +claudebot@anthropic.com)"
216.73.216.101 - - [24/Aug/2026:21:54:53 +0500] "GET /uz/arbalet/donated/92621219872 HTTP/1.1" 508 288 "https://eskijuva-bozori.uz/arbalet/donated/92621219872" "Mozilla/5.0 AppleWebKit/537.36 (KHTML, like Gecko; compatible; ClaudeBot/1.0; +claudebot@anthropic.com)"
216.73.216.101 - - [24/Aug/2026:21:54:55 +0500] "GET /shops/hornsman/d9a3i3l1i0e6s1667 HTTP/1.1" 301 - "-" "Mozilla/5.0 AppleWebKit/537.36 (KHTML, like Gecko; compatible; ClaudeBot/1.0; +claudebot@anthropic.com)"
216.73.216.101 - - [24/Aug/2026:21:55:01 +0500] "GET /uz/shops/hornsman/d9a3i3l1i0e6s1667 HTTP/1.1" 404 1216 "https://eskijuva-bozori.uz/shops/hornsman/d9a3i3l1i0e6s1667" "Mozilla/5.0 AppleWebKit/537.36 (KHTML, like Gecko; compatible; ClaudeBot/1.0; +claudebot@anthropic.com)"
216.73.216.101 - - [24/Aug/2026:21:55:07 +0500] "GET /hermeneutic/phoebetria/s9e2a3m9a7n571699 HTTP/1.1" 301 - "-" "Mozilla/5.0 AppleWebKit/537.36 (KHTML, like Gecko; compatible; ClaudeBot/1.0; +claudebot@anthropic.com)"
216.73.216.101 - - [24/Aug/2026:21:55:10 +0500] "GET /uz/hermeneutic/phoebetria/s9e2a3m9a7n571699 HTTP/1.1" 404 1216 "https://eskijuva-bozori.uz/hermeneutic/phoebetria/s9e2a3m9a7n571699" "Mozilla/5.0 AppleWebKit/537.36 (KHTML, like Gecko; compatible; ClaudeBot/1.0; +claudebot@anthropic.com)"
216.73.216.101 - - [24/Aug/2026:21:55:18 +0500] "GET /shops/prodition/a9n2e1s8t0h5e4t3i5s9t5 HTTP/1.1" 301 - "-" "Mozilla/5.0 AppleWebKit/537.36 (KHTML, like Gecko; compatible; ClaudeBot/1.0; +claudebot@anthropic.com)"
216.73.216.101 - - [24/Aug/2026:21:55:22 +0500] "GET /uz/shops/prodition/a9n2e1s8t0h5e4t3i5s9t5 HTTP/1.1" 404 1216 "https://eskijuva-bozori.uz/shops/prodition/a9n2e1s8t0h5e4t3i5s9t5" "Mozilla/5.0 AppleWebKit/537.36 (KHTML, like Gecko; compatible; ClaudeBot/1.0; +claudebot@anthropic.com)"
216.73.216.101 - - [24/Aug/2026:21:55:25 +0500] "GET /?r=a9b3s0t5e5r3g5e0628 HTTP/1.1" 301 - "-" "Mozilla/5.0 AppleWebKit/537.36 (KHTML, like Gecko; compatible; ClaudeBot/1.0; +claudebot@anthropic.com)"
34.10.180.98 - - [24/Aug/2026:21:55:28 +0500] "GET /uz/prospectus-uzb?format=feed&template=accessibility&type=atom HTTP/1.1" 200 19656 "-" "Mozilla/5.0 (Macintosh; Intel Mac OS X 10_15_7) AppleWebKit/537.36 (KHTML, like Gecko) Chrome/120.0.0.0 Safari/537.36"
216.73.216.101 - - [24/Aug/2026:21:55:31 +0500] "GET /?r=c9r3e0s6c1e8r4e762 HTTP/1.1" 301 - "-" "Mozilla/5.0 AppleWebKit/537.36 (KHTML, like Gecko; compatible; ClaudeBot/1.0; +claudebot@anthropic.com)"
216.73.216.101 - - [24/Aug/2026:21:55:30 +0500] "GET /uz/?r=a9b3s0t5e5r3g5e0628 HTTP/1.1" 200 68219 "https://eskijuva-bozori.uz/?r=a9b3s0t5e5r3g5e0628" "Mozilla/5.0 AppleWebKit/537.36 (KHTML, like Gecko; compatible; ClaudeBot/1.0; +claudebot@anthropic.com)"
216.73.216.101 - - [24/Aug/2026:21:55:37 +0500] "GET /uz/?r=c9r3e0s6c1e8r4e762 HTTP/1.1" 200 68218 "https://eskijuva-bozori.uz/?r=c9r3e0s6c1e8r4e762" "Mozilla/5.0 AppleWebKit/537.36 (KHTML, like Gecko; compatible; ClaudeBot/1.0; +claudebot@anthropic.com)"
216.73.216.101 - - [24/Aug/2026:21:55:52 +0500] "GET /timalinae/maniable/92742304423 HTTP/1.1" 301 - "-" "Mozilla/5.0 AppleWebKit/537.36 (KHTML, like Gecko; compatible; ClaudeBot/1.0; +claudebot@anthropic.com)"
216.73.216.101 - - [24/Aug/2026:21:55:56 +0500] "GET /uz/timalinae/maniable/92742304423 HTTP/1.1" 404 1216 "https://eskijuva-bozori.uz/timalinae/maniable/92742304423" "Mozilla/5.0 AppleWebKit/537.36 (KHTML, like Gecko; compatible; ClaudeBot/1.0; +claudebot@anthropic.com)"
216.73.216.101 - - [24/Aug/2026:21:56:04 +0500] "GET /shops/hardbake/i9m2p0l9e0a3d6i8n5g33 HTTP/1.1" 508 288 "-" "Mozilla/5.0 AppleWebKit/537.36 (KHTML, like Gecko; compatible; ClaudeBot/1.0; +claudebot@anthropic.com)"
216.73.216.101 - - [24/Aug/2026:21:56:16 +0500] "GET /?r=o9t3a9h0e1i6t5e0818 HTTP/1.1" 301 - "-" "Mozilla/5.0 AppleWebKit/537.36 (KHTML, like Gecko; compatible; ClaudeBot/1.0; +claudebot@anthropic.com)"
216.73.216.101 - - [24/Aug/2026:21:56:24 +0500] "GET /?r=f9a3u2l4c5o0n83972 HTTP/1.1" 301 - "-" "Mozilla/5.0 AppleWebKit/537.36 (KHTML, like Gecko; compatible; ClaudeBot/1.0; +claudebot@anthropic.com)"
216.73.216.101 - - [24/Aug/2026:21:56:22 +0500] "GET /uz/?r=o9t3a9h0e1i6t5e0818 HTTP/1.1" 200 68219 "https://eskijuva-bozori.uz/?r=o9t3a9h0e1i6t5e0818" "Mozilla/5.0 AppleWebKit/537.36 (KHTML, like Gecko; compatible; ClaudeBot/1.0; +claudebot@anthropic.com)"
216.73.216.101 - - [24/Aug/2026:21:56:29 +0500] "GET /uz/?r=f9a3u2l4c5o0n83972 HTTP/1.1" 200 68218 "https://eskijuva-bozori.uz/?r=f9a3u2l4c5o0n83972" "Mozilla/5.0 AppleWebKit/537.36 (KHTML, like Gecko; compatible; ClaudeBot/1.0; +claudebot@anthropic.com)"
216.73.216.101 - - [24/Aug/2026:21:56:42 +0500] "GET /uz/shops/farcimen/f9a2u6l9c5h3i2o0n153 HTTP/1.1" 508 288 "https://eskijuva-bozori.uz/shops/farcimen/f9a2u6l9c5h3i2o0n153" "Mozilla/5.0 AppleWebKit/537.36 (KHTML, like Gecko; compatible; ClaudeBot/1.0; +claudebot@anthropic.com)"
216.73.216.101 - - [24/Aug/2026:21:56:36 +0500] "GET /shops/farcimen/f9a2u6l9c5h3i2o0n153 HTTP/1.1" 301 - "-" "Mozilla/5.0 AppleWebKit/537.36 (KHTML, like Gecko; compatible; ClaudeBot/1.0; +claudebot@anthropic.com)"
216.73.216.101 - - [24/Aug/2026:21:56:48 +0500] "GET /?r=n9e2r3i1i5n9e28014 HTTP/1.1" 508 288 "-" "Mozilla/5.0 AppleWebKit/537.36 (KHTML, like Gecko; compatible; ClaudeBot/1.0; +claudebot@anthropic.com)"
216.73.216.101 - - [24/Aug/2026:21:56:57 +0500] "GET /?r=e9u1r8a8s9i4a8n3368 HTTP/1.1" 301 - "-" "Mozilla/5.0 AppleWebKit/537.36 (KHTML, like Gecko; compatible; ClaudeBot/1.0; +claudebot@anthropic.com)"
216.73.216.101 - - [24/Aug/2026:21:57:01 +0500] "GET /uz/?r=e9u1r8a8s9i4a8n3368 HTTP/1.1" 200 68219 "https://eskijuva-bozori.uz/?r=e9u1r8a8s9i4a8n3368" "Mozilla/5.0 AppleWebKit/537.36 (KHTML, like Gecko; compatible; ClaudeBot/1.0; +claudebot@anthropic.com)"
216.73.216.101 - - [24/Aug/2026:21:57:08 +0500] "GET /?r=m9a2n4t6i3s6p8i2d664 HTTP/1.1" 301 - "-" "Mozilla/5.0 AppleWebKit/537.36 (KHTML, like Gecko; compatible; ClaudeBot/1.0; +claudebot@anthropic.com)"
216.73.216.101 - - [24/Aug/2026:21:57:11 +0500] "GET /uz/?r=m9a2n4t6i3s6p8i2d664 HTTP/1.1" 200 68220 "https://eskijuva-bozori.uz/?r=m9a2n4t6i3s6p8i2d664" "Mozilla/5.0 AppleWebKit/537.36 (KHTML, like Gecko; compatible; ClaudeBot/1.0; +claudebot@anthropic.com)"
216.73.216.101 - - [24/Aug/2026:21:57:21 +0500] "GET /?r=d9a9i8n6t2i8e8s8t3 HTTP/1.1" 301 - "-" "Mozilla/5.0 AppleWebKit/537.36 (KHTML, like Gecko; compatible; ClaudeBot/1.0; +claudebot@anthropic.com)"
216.73.216.101 - - [24/Aug/2026:21:57:24 +0500] "GET /uz/?r=d9a9i8n6t2i8e8s8t3 HTTP/1.1" 200 68218 "https://eskijuva-bozori.uz/?r=d9a9i8n6t2i8e8s8t3" "Mozilla/5.0 AppleWebKit/537.36 (KHTML, like Gecko; compatible; ClaudeBot/1.0; +claudebot@anthropic.com)"
216.73.216.101 - - [24/Aug/2026:21:57:27 +0500] "GET /?r=m9i2n8i9s1t4e5r3e0d23 HTTP/1.1" 301 - "-" "Mozilla/5.0 AppleWebKit/537.36 (KHTML, like Gecko; compatible; ClaudeBot/1.0; +claudebot@anthropic.com)"
34.10.180.98 - - [24/Aug/2026:21:57:26 +0500] "GET /uz/votes-uzb/352-poll-31-03-2022 HTTP/1.1" 200 56728 "-" "Mozilla/5.0 (Macintosh; Intel Mac OS X 10_15_7) AppleWebKit/537.36 (KHTML, like Gecko) Chrome/120.0.0.0 Safari/537.36"
216.73.216.101 - - [24/Aug/2026:21:57:31 +0500] "GET /uz/?r=m9i2n8i9s1t4e5r3e0d23 HTTP/1.1" 200 68221 "https://eskijuva-bozori.uz/?r=m9i2n8i9s1t4e5r3e0d23" "Mozilla/5.0 AppleWebKit/537.36 (KHTML, like Gecko; compatible; ClaudeBot/1.0; +claudebot@anthropic.com)"
216.73.216.101 - - [24/Aug/2026:21:57:44 +0500] "GET /?r=t9i2m3i2d0i5t1y6802 HTTP/1.1" 301 - "-" "Mozilla/5.0 AppleWebKit/537.36 (KHTML, like Gecko; compatible; ClaudeBot/1.0; +claudebot@anthropic.com)"
216.73.216.101 - - [24/Aug/2026:21:57:47 +0500] "GET /uz/?r=t9i2m3i2d0i5t1y6802 HTTP/1.1" 200 68219 "https://eskijuva-bozori.uz/?r=t9i2m3i2d0i5t1y6802" "Mozilla/5.0 AppleWebKit/537.36 (KHTML, like Gecko; compatible; ClaudeBot/1.0; +claudebot@anthropic.com)"
216.73.216.101 - - [24/Aug/2026:21:57:56 +0500] "GET /shops/palpator/c9i3r6c7u9m3s5p4e4c2t8ively HTTP/1.1" 301 - "-" "Mozilla/5.0 AppleWebKit/537.36 (KHTML, like Gecko; compatible; ClaudeBot/1.0; +claudebot@anthropic.com)"
216.73.216.101 - - [24/Aug/2026:21:58:00 +0500] "GET /uz/shops/palpator/c9i3r6c7u9m3s5p4e4c2t8ively HTTP/1.1" 404 1216 "https://eskijuva-bozori.uz/shops/palpator/c9i3r6c7u9m3s5p4e4c2t8ively" "Mozilla/5.0 AppleWebKit/537.36 (KHTML, like Gecko; compatible; ClaudeBot/1.0; +claudebot@anthropic.com)"
216.73.216.101 - - [24/Aug/2026:21:58:08 +0500] "GET /?r=e9n1c2o3r5e0d81128 HTTP/1.1" 301 - "-" "Mozilla/5.0 AppleWebKit/537.36 (KHTML, like Gecko; compatible; ClaudeBot/1.0; +claudebot@anthropic.com)"
216.73.216.101 - - [24/Aug/2026:21:58:10 +0500] "GET /uz/?r=e9n1c2o3r5e0d81128 HTTP/1.1" 200 68218 "https://eskijuva-bozori.uz/?r=e9n1c2o3r5e0d81128" "Mozilla/5.0 AppleWebKit/537.36 (KHTML, like Gecko; compatible; ClaudeBot/1.0; +claudebot@anthropic.com)"
216.73.216.101 - - [24/Aug/2026:21:58:15 +0500] "GET /shops/viticultural/a9n1n1u8l0e5t24330 HTTP/1.1" 301 - "-" "Mozilla/5.0 AppleWebKit/537.36 (KHTML, like Gecko; compatible; ClaudeBot/1.0; +claudebot@anthropic.com)"
216.73.216.101 - - [24/Aug/2026:21:58:19 +0500] "GET /uz/shops/viticultural/a9n1n1u8l0e5t24330 HTTP/1.1" 404 1216 "https://eskijuva-bozori.uz/shops/viticultural/a9n1n1u8l0e5t24330" "Mozilla/5.0 AppleWebKit/537.36 (KHTML, like Gecko; compatible; ClaudeBot/1.0; +claudebot@anthropic.com)"
216.73.216.101 - - [24/Aug/2026:21:58:27 +0500] "GET /?r=e9n1d3e9i3x1i7s7862 HTTP/1.1" 301 - "-" "Mozilla/5.0 AppleWebKit/537.36 (KHTML, like Gecko; compatible; ClaudeBot/1.0; +claudebot@anthropic.com)"
216.73.216.101 - - [24/Aug/2026:21:58:30 +0500] "GET /uz/?r=e9n1d3e9i3x1i7s7862 HTTP/1.1" 200 68219 "https://eskijuva-bozori.uz/?r=e9n1d3e9i3x1i7s7862" "Mozilla/5.0 AppleWebKit/537.36 (KHTML, like Gecko; compatible; ClaudeBot/1.0; +claudebot@anthropic.com)"
216.73.216.101 - - [24/Aug/2026:21:58:38 +0500] "GET /?r=m9a3r7l3a6c3e8o9u6s8 HTTP/1.1" 301 - "-" "Mozilla/5.0 AppleWebKit/537.36 (KHTML, like Gecko; compatible; ClaudeBot/1.0; +claudebot@anthropic.com)"
216.73.216.101 - - [24/Aug/2026:21:58:41 +0500] "GET /uz/?r=m9a3r7l3a6c3e8o9u6s8 HTTP/1.1" 200 68220 "https://eskijuva-bozori.uz/?r=m9a3r7l3a6c3e8o9u6s8" "Mozilla/5.0 AppleWebKit/537.36 (KHTML, like Gecko; compatible; ClaudeBot/1.0; +claudebot@anthropic.com)"
216.73.216.101 - - [24/Aug/2026:21:58:45 +0500] "GET /?r=t9w1i9s6t9e9d14970 HTTP/1.1" 301 - "-" "Mozilla/5.0 AppleWebKit/537.36 (KHTML, like Gecko; compatible; ClaudeBot/1.0; +claudebot@anthropic.com)"
216.73.216.101 - - [24/Aug/2026:21:58:47 +0500] "GET /uz/?r=t9w1i9s6t9e9d14970 HTTP/1.1" 200 68218 "https://eskijuva-bozori.uz/?r=t9w1i9s6t9e9d14970" "Mozilla/5.0 AppleWebKit/537.36 (KHTML, like Gecko; compatible; ClaudeBot/1.0; +claudebot@anthropic.com)"
172.234.200.228 - - [24/Aug/2026:21:58:57 +0500] "GET / HTTP/1.1" 301 - "-" "Mozilla/5.0 (compatible; MSIE 10.0; Windows NT 6.3; WOW64; Trident/6.0)"
172.234.200.228 - - [24/Aug/2026:21:59:00 +0500] "GET /uz/ HTTP/1.1" 200 68629 "https://eskijuva-bozori.uz/" "Mozilla/5.0 (compatible; MSIE 10.0; Windows NT 6.3; WOW64; Trident/6.0)"
216.73.217.53 - - [24/Aug/2026:21:59:04 +0500] "GET /uz/audit-uzb/16-uzbek/officially-uzb HTTP/1.1" 200 61418 "-" "Mozilla/5.0 AppleWebKit/537.36 (KHTML, like Gecko; compatible; ClaudeBot/1.0; +claudebot@anthropic.com)"
216.73.216.101 - - [24/Aug/2026:21:59:10 +0500] "GET /dissociability/t9o8n3g9u8e7l3e8s3s1 HTTP/1.1" 301 - "-" "Mozilla/5.0 AppleWebKit/537.36 (KHTML, like Gecko; compatible; ClaudeBot/1.0; +claudebot@anthropic.com)"
216.73.216.101 - - [24/Aug/2026:21:59:11 +0500] "GET /uz/dissociability/t9o8n3g9u8e7l3e8s3s1 HTTP/1.1" 404 1216 "https://eskijuva-bozori.uz/dissociability/t9o8n3g9u8e7l3e8s3s1" "Mozilla/5.0 AppleWebKit/537.36 (KHTML, like Gecko; compatible; ClaudeBot/1.0; +claudebot@anthropic.com)"
85.208.96.204 - - [24/Aug/2026:21:59:19 +0500] "GET /robots.txt HTTP/1.1" 200 111 "-" "Mozilla/5.0 (compatible; SemrushBot/7~bl; +http://www.semrush.com/bot.html)"
85.208.96.205 - - [24/Aug/2026:21:59:20 +0500] "GET /uz/news-uzb/13-russian/news-rus/494-iz-istorii-ao-eskijuva-dehqon-bozori HTTP/1.1" 200 56356 "-" "Mozilla/5.0 (compatible; SemrushBot/7~bl; +http://www.semrush.com/bot.html)"
216.73.216.101 - - [24/Aug/2026:21:59:34 +0500] "GET /?r=i9m1m1i2n8g5l0e9845 HTTP/1.1" 301 - "-" "Mozilla/5.0 AppleWebKit/537.36 (KHTML, like Gecko; compatible; ClaudeBot/1.0; +claudebot@anthropic.com)"
216.73.216.101 - - [24/Aug/2026:21:59:37 +0500] "GET /uz/?r=i9m1m1i2n8g5l0e9845 HTTP/1.1" 200 68219 "https://eskijuva-bozori.uz/?r=i9m1m1i2n8g5l0e9845" "Mozilla/5.0 AppleWebKit/537.36 (KHTML, like Gecko; compatible; ClaudeBot/1.0; +claudebot@anthropic.com)"
216.73.216.101 - - [24/Aug/2026:21:59:54 +0500] "GET /neptunes/m9i1c4r4o5g3a5d5u8s86 HTTP/1.1" 301 - "-" "Mozilla/5.0 AppleWebKit/537.36 (KHTML, like Gecko; compatible; ClaudeBot/1.0; +claudebot@anthropic.com)"
216.73.216.101 - - [24/Aug/2026:21:59:59 +0500] "GET /uz/neptunes/m9i1c4r4o5g3a5d5u8s86 HTTP/1.1" 404 1216 "https://eskijuva-bozori.uz/neptunes/m9i1c4r4o5g3a5d5u8s86" "Mozilla/5.0 AppleWebKit/537.36 (KHTML, like Gecko; compatible; ClaudeBot/1.0; +claudebot@anthropic.com)"
185.191.171.15 - - [24/Aug/2026:22:00:13 +0500] "GET /uz/?author=5&start=4 HTTP/1.1" 200 68200 "-" "Mozilla/5.0 (compatible; SemrushBot/7~bl; +http://www.semrush.com/bot.html)"
216.73.216.101 - - [24/Aug/2026:22:00:16 +0500] "GET /shops/jutlander/f9o1r4t3u2n5e8l9l6a04 HTTP/1.1" 301 - "-" "Mozilla/5.0 AppleWebKit/537.36 (KHTML, like Gecko; compatible; ClaudeBot/1.0; +claudebot@anthropic.com)"
216.73.216.101 - - [24/Aug/2026:22:00:17 +0500] "GET /uz/shops/jutlander/f9o1r4t3u2n5e8l9l6a04 HTTP/1.1" 404 1216 "https://eskijuva-bozori.uz/shops/jutlander/f9o1r4t3u2n5e8l9l6a04" "Mozilla/5.0 AppleWebKit/537.36 (KHTML, like Gecko; compatible; ClaudeBot/1.0; +claudebot@anthropic.com)"
216.73.216.101 - - [24/Aug/2026:22:00:40 +0500] "GET /shops/consulary/a9s2s4u2m2p6t6i2v8e0l4y HTTP/1.1" 301 - "-" "Mozilla/5.0 AppleWebKit/537.36 (KHTML, like Gecko; compatible; ClaudeBot/1.0; +claudebot@anthropic.com)"
216.73.216.101 - - [24/Aug/2026:22:00:43 +0500] "GET /uz/shops/consulary/a9s2s4u2m2p6t6i2v8e0l4y HTTP/1.1" 404 1216 "https://eskijuva-bozori.uz/shops/consulary/a9s2s4u2m2p6t6i2v8e0l4y" "Mozilla/5.0 AppleWebKit/537.36 (KHTML, like Gecko; compatible; ClaudeBot/1.0; +claudebot@anthropic.com)"
34.55.247.17 - - [24/Aug/2026:22:00:44 +0500] "GET / HTTP/1.1" 401 53 "http://webdisk.eskijuva-bozori.uz" "Mozilla/5.0 (compatible; CMS-Checker/1.0; +https://example.com)"
216.73.216.101 - - [24/Aug/2026:22:00:49 +0500] "GET /shops/cabining/a9n3n1i6h0i8l7a3t3i3n5g HTTP/1.1" 301 - "-" "Mozilla/5.0 AppleWebKit/537.36 (KHTML, like Gecko; compatible; ClaudeBot/1.0; +claudebot@anthropic.com)"
216.73.216.101 - - [24/Aug/2026:22:00:52 +0500] "GET /uz/shops/cabining/a9n3n1i6h0i8l7a3t3i3n5g HTTP/1.1" 404 1216 "https://eskijuva-bozori.uz/shops/cabining/a9n3n1i6h0i8l7a3t3i3n5g" "Mozilla/5.0 AppleWebKit/537.36 (KHTML, like Gecko; compatible; ClaudeBot/1.0; +claudebot@anthropic.com)"
216.73.216.101 - - [24/Aug/2026:22:01:13 +0500] "GET /?r=w9e1l2t1i3n7g44435 HTTP/1.1" 301 - "-" "Mozilla/5.0 AppleWebKit/537.36 (KHTML, like Gecko; compatible; ClaudeBot/1.0; +claudebot@anthropic.com)"
216.73.216.101 - - [24/Aug/2026:22:01:15 +0500] "GET /uz/?r=w9e1l2t1i3n7g44435 HTTP/1.1" 200 68218 "https://eskijuva-bozori.uz/?r=w9e1l2t1i3n7g44435" "Mozilla/5.0 AppleWebKit/537.36 (KHTML, like Gecko; compatible; ClaudeBot/1.0; +claudebot@anthropic.com)"
216.73.216.101 - - [24/Aug/2026:22:01:37 +0500] "GET /shops/arenose/w9a1r7i1s8h013219 HTTP/1.1" 301 - "-" "Mozilla/5.0 AppleWebKit/537.36 (KHTML, like Gecko; compatible; ClaudeBot/1.0; +claudebot@anthropic.com)"
216.73.216.101 - - [24/Aug/2026:22:01:47 +0500] "GET /?r=i9m9p5a0c1t4i8o8n65 HTTP/1.1" 508 288 "-" "Mozilla/5.0 AppleWebKit/537.36 (KHTML, like Gecko; compatible; ClaudeBot/1.0; +claudebot@anthropic.com)"
216.73.216.101 - - [24/Aug/2026:22:01:42 +0500] "GET /uz/shops/arenose/w9a1r7i1s8h013219 HTTP/1.1" 404 1216 "https://eskijuva-bozori.uz/shops/arenose/w9a1r7i1s8h013219" "Mozilla/5.0 AppleWebKit/537.36 (KHTML, like Gecko; compatible; ClaudeBot/1.0; +claudebot@anthropic.com)"
216.73.216.101 - - [24/Aug/2026:22:02:11 +0500] "GET /?r=o9b1l2o2q9u2i8o0u2s57 HTTP/1.1" 301 - "-" "Mozilla/5.0 AppleWebKit/537.36 (KHTML, like Gecko; compatible; ClaudeBot/1.0; +claudebot@anthropic.com)"
216.73.216.101 - - [24/Aug/2026:22:02:14 +0500] "GET /uz/?r=o9b1l2o2q9u2i8o0u2s57 HTTP/1.1" 200 68221 "https://eskijuva-bozori.uz/?r=o9b1l2o2q9u2i8o0u2s57" "Mozilla/5.0 AppleWebKit/537.36 (KHTML, like Gecko; compatible; ClaudeBot/1.0; +claudebot@anthropic.com)"
216.73.216.101 - - [24/Aug/2026:22:02:18 +0500] "GET /?r=v9i3c5i1s0s8i6t8u0d0i3nary HTTP/1.1" 301 - "-" "Mozilla/5.0 AppleWebKit/537.36 (KHTML, like Gecko; compatible; ClaudeBot/1.0; +claudebot@anthropic.com)"
216.73.216.101 - - [24/Aug/2026:22:02:20 +0500] "GET /uz/?r=v9i3c5i1s0s8i6t8u0d0i3nary HTTP/1.1" 200 68226 "https://eskijuva-bozori.uz/?r=v9i3c5i1s0s8i6t8u0d0i3nary" "Mozilla/5.0 AppleWebKit/537.36 (KHTML, like Gecko; compatible; ClaudeBot/1.0; +claudebot@anthropic.com)"
216.73.216.101 - - [24/Aug/2026:22:02:42 +0500] "GET /?r=s9t1r0u8t7t3i2n6g478 HTTP/1.1" 301 - "-" "Mozilla/5.0 AppleWebKit/537.36 (KHTML, like Gecko; compatible; ClaudeBot/1.0; +claudebot@anthropic.com)"
216.73.216.101 - - [24/Aug/2026:22:02:45 +0500] "GET /uz/?r=s9t1r0u8t7t3i2n6g478 HTTP/1.1" 200 68454 "https://eskijuva-bozori.uz/?r=s9t1r0u8t7t3i2n6g478" "Mozilla/5.0 AppleWebKit/537.36 (KHTML, like Gecko; compatible; ClaudeBot/1.0; +claudebot@anthropic.com)"
34.61.96.6 - - [24/Aug/2026:22:03:09 +0500] "GET /docs/audit/audit-2018-result.pdf HTTP/1.1" 200 96554 "-" "Mozilla/5.0 (Macintosh; Intel Mac OS X 10_15_7) AppleWebKit/537.36 (KHTML, like Gecko) Chrome/120.0.0.0 Safari/537.36"
216.73.216.101 - - [24/Aug/2026:22:03:06 +0500] "GET /?r=i9n1o8b4t2r2u8s4i9v1e4ly HTTP/1.1" 301 - "-" "Mozilla/5.0 AppleWebKit/537.36 (KHTML, like Gecko; compatible; ClaudeBot/1.0; +claudebot@anthropic.com)"
85.208.96.194 - - [24/Aug/2026:22:03:12 +0500] "GET /ru/audit-rus?start=10 HTTP/1.1" 200 58060 "-" "Mozilla/5.0 (compatible; SemrushBot/7~bl; +http://www.semrush.com/bot.html)"
216.73.216.101 - - [24/Aug/2026:22:03:12 +0500] "GET /uz/?r=i9n1o8b4t2r2u8s4i9v1e4ly HTTP/1.1" 200 68224 "https://eskijuva-bozori.uz/?r=i9n1o8b4t2r2u8s4i9v1e4ly" "Mozilla/5.0 AppleWebKit/537.36 (KHTML, like Gecko; compatible; ClaudeBot/1.0; +claudebot@anthropic.com)"
47.128.27.227 - - [24/Aug/2026:22:03:19 +0500] "GET /uz/?Command=NOOP&start=4 HTTP/1.1" 200 67980 "-" "Mozilla/5.0 (Linux; Android 5.0) AppleWebKit/537.36 (KHTML, like Gecko) Mobile Safari/537.36 (compatible; Bytespider; https://bytedance.sg.larkoffice.com/docx/K5bxdypulop3IIxrJb0lOjLVgFe)"
47.128.27.227 - - [24/Aug/2026:22:03:25 +0500] "GET /images/news/meeting.jpg HTTP/1.1" 206 500 "https://eskijuva-bozori.uz/uz/?Command=NOOP&start=4" "Mozilla/5.0 (Linux; Android 5.0) AppleWebKit/537.36 (KHTML, like Gecko) Mobile Safari/537.36 (compatible; Bytespider; https://bytedance.sg.larkoffice.com/docx/K5bxdypulop3IIxrJb0lOjLVgFe)"
216.73.216.101 - - [24/Aug/2026:22:03:37 +0500] "GET /uz/?r=r9e3n5d8r2o9c3k904&start=8 HTTP/1.1" 200 67629 "-" "Mozilla/5.0 AppleWebKit/537.36 (KHTML, like Gecko; compatible; ClaudeBot/1.0; +claudebot@anthropic.com)"
47.128.111.148 - - [24/Aug/2026:22:03:39 +0500] "GET /ru/about-org-rus/indexes-rus/9-russian?start=60 HTTP/1.1" 200 65705 "-" "Mozilla/5.0 (Linux; Android 5.0) AppleWebKit/537.36 (KHTML, like Gecko) Mobile Safari/537.36 (compatible; TikTokSpider; ttspider-feedback@tiktok.com)"
216.73.217.53 - - [24/Aug/2026:22:03:51 +0500] "GET /robots.txt HTTP/1.1" 200 111 "-" "Mozilla/5.0 AppleWebKit/537.36 (KHTML, like Gecko; compatible; ClaudeBot/1.0; +claudebot@anthropic.com)"
216.73.216.101 - - [24/Aug/2026:22:04:01 +0500] "GET /shops/salticidae/f9e1l6l8o5w1s2h2i3p5i9ng HTTP/1.1" 301 - "-" "Mozilla/5.0 AppleWebKit/537.36 (KHTML, like Gecko; compatible; ClaudeBot/1.0; +claudebot@anthropic.com)"
216.73.216.101 - - [24/Aug/2026:22:04:03 +0500] "GET /uz/shops/salticidae/f9e1l6l8o5w1s2h2i3p5i9ng HTTP/1.1" 404 1216 "https://eskijuva-bozori.uz/shops/salticidae/f9e1l6l8o5w1s2h2i3p5i9ng" "Mozilla/5.0 AppleWebKit/537.36 (KHTML, like Gecko; compatible; ClaudeBot/1.0; +claudebot@anthropic.com)"
216.73.217.53 - - [24/Aug/2026:22:04:04 +0500] "GET /ru/facts-rus/54-03-emitentning-olij-boshqaruv-organi-tomonidan-qabul-qilingan-qarorlar HTTP/1.1" 200 73880 "-" "Mozilla/5.0 AppleWebKit/537.36 (KHTML, like Gecko; compatible; ClaudeBot/1.0; +claudebot@anthropic.com)"
136.65.14.24 - - [24/Aug/2026:22:04:12 +0500] "GET / HTTP/1.1" 200 12421 "http://whm.eskijuva-bozori.uz" "Mozilla/5.0 (compatible; CMS-Checker/1.0; +https://example.com)"
216.73.216.101 - - [24/Aug/2026:22:04:09 +0500] "GET /shops/bowleg/m9u3l5t6i8p8l4i6c9i1t4y HTTP/1.1" 301 - "-" "Mozilla/5.0 AppleWebKit/537.36 (KHTML, like Gecko; compatible; ClaudeBot/1.0; +claudebot@anthropic.com)"
216.73.216.101 - - [24/Aug/2026:22:04:14 +0500] "GET /uz/shops/bowleg/m9u3l5t6i8p8l4i6c9i1t4y HTTP/1.1" 404 1216 "https://eskijuva-bozori.uz/shops/bowleg/m9u3l5t6i8p8l4i6c9i1t4y" "Mozilla/5.0 AppleWebKit/537.36 (KHTML, like Gecko; compatible; ClaudeBot/1.0; +claudebot@anthropic.com)"
34.10.180.98 - - [24/Aug/2026:22:06:03 +0500] "GET /ru/korp-upr-rus/439-corp-upr-rating-2022 HTTP/1.1" 200 55252 "-" "Mozilla/5.0 (Macintosh; Intel Mac OS X 10_15_7) AppleWebKit/537.36 (KHTML, like Gecko) Chrome/120.0.0.0 Safari/537.36"
85.208.96.194 - - [24/Aug/2026:22:07:21 +0500] "GET /uz/news-uzb/13-russian/news-rus/494-iz-istorii-ao-eskijuva-dehqon-bozori HTTP/1.1" 200 56150 "-" "Mozilla/5.0 (compatible; SemrushBot/7~bl; +http://www.semrush.com/bot.html)"
200.95.176.246 - - [24/Aug/2026:22:07:41 +0500] "GET /ru/officially-rus/tenders-rus?start=16&template=yoo_master2 HTTP/1.1" 200 61410 "-" "Mozilla/5.0 (Macintosh; Intel Mac OS X 13.1; rv:132.0) Gecko/20100101 Firefox/132.0"
185.191.171.5 - - [24/Aug/2026:22:08:36 +0500] "GET /uz/?start=28&template=accessibility HTTP/1.1" 200 36198 "-" "Mozilla/5.0 (compatible; SemrushBot/7~bl; +http://www.semrush.com/bot.html)"
47.128.27.22 - - [24/Aug/2026:22:08:48 +0500] "GET /robots.txt HTTP/1.1" 200 111 "-" "Mozilla/5.0 (Linux; Android 5.0) AppleWebKit/537.36 (KHTML, like Gecko) Mobile Safari/537.36 (compatible; Bytespider; https://bytedance.sg.larkoffice.com/docx/K5bxdypulop3IIxrJb0lOjLVgFe)"
34.56.53.225 - - [24/Aug/2026:22:08:44 +0500] "GET /uz/news-uzb/486-meeting-07-04-2026 HTTP/1.1" 200 60338 "-" "Mozilla/5.0 (Macintosh; Intel Mac OS X 10_15_7) AppleWebKit/537.36 (KHTML, like Gecko) Chrome/120.0.0.0 Safari/537.36"
34.56.53.225 - - [24/Aug/2026:22:09:18 +0500] "GET /ru/officially-rus/old-acts-rus?template=accessibility HTTP/1.1" 200 27970 "-" "Mozilla/5.0 (Macintosh; Intel Mac OS X 10_15_7) AppleWebKit/537.36 (KHTML, like Gecko) Chrome/120.0.0.0 Safari/537.36"
136.119.35.120 - - [24/Aug/2026:22:12:24 +0500] "GET /uz/component/search/?Itemid=327&catid=32&format=opensearch&id=314 HTTP/1.1" 200 772 "-" "Mozilla/5.0 (Macintosh; Intel Mac OS X 10_15_7) AppleWebKit/537.36 (KHTML, like Gecko) Chrome/120.0.0.0 Safari/537.36"
208.214.160.237 - - [24/Aug/2026:22:14:25 +0500] "GET /robots.txt HTTP/1.1" 200 111 "-" "Mozilla/5.0 AppleWebKit/537.36 (KHTML, like Gecko); compatible; SEOJuice-SearchBot/1.0; +https://seojuice.io/bot"
208.214.160.237 - - [24/Aug/2026:22:14:25 +0500] "GET /llms.txt HTTP/1.1" 301 - "-" "Mozilla/5.0 AppleWebKit/537.36 (KHTML, like Gecko); compatible; SEOJuice-SearchBot/1.0; +https://seojuice.io/bot"
208.214.160.237 - - [24/Aug/2026:22:14:32 +0500] "GET /ai.txt HTTP/1.1" 301 - "-" "Mozilla/5.0 AppleWebKit/537.36 (KHTML, like Gecko); compatible; SEOJuice-SearchBot/1.0; +https://seojuice.io/bot"
208.214.160.237 - - [24/Aug/2026:22:14:36 +0500] "GET /uz/audit-uzb HTTP/1.1" 200 62808 "-" "Mozilla/5.0 AppleWebKit/537.36 (KHTML, like Gecko); compatible; SEOJuice-SearchBot/1.0; +https://seojuice.io/bot"
34.10.180.98 - - [24/Aug/2026:22:14:58 +0500] "GET /uz/facts-uzb/82-05-fact-22-07-15 HTTP/1.1" 200 60116 "-" "Mozilla/5.0 (Macintosh; Intel Mac OS X 10_15_7) AppleWebKit/537.36 (KHTML, like Gecko) Chrome/120.0.0.0 Safari/537.36"
185.191.171.16 - - [24/Aug/2026:22:15:03 +0500] "GET /ru/votes-rus/340-poll-02-04-2021 HTTP/1.1" 200 55856 "-" "Mozilla/5.0 (compatible; SemrushBot/7~bl; +http://www.semrush.com/bot.html)"
34.61.96.6 - - [24/Aug/2026:22:17:55 +0500] "GET /uz/component/search/?Itemid=145&catid=42&format=opensearch&id=247 HTTP/1.1" 200 772 "-" "Mozilla/5.0 (Macintosh; Intel Mac OS X 10_15_7) AppleWebKit/537.36 (KHTML, like Gecko) Chrome/120.0.0.0 Safari/537.36"
85.208.96.195 - - [24/Aug/2026:22:17:54 +0500] "GET /ru/officially-rus/tenders-rus?start=4&template=yoo_master2 HTTP/1.1" 200 61288 "-" "Mozilla/5.0 (compatible; SemrushBot/7~bl; +http://www.semrush.com/bot.html)"
103.78.255.129 - - [24/Aug/2026:22:18:43 +0500] "GET /wp-login.php HTTP/1.1" 404 3419 "-" "Mozilla/5.0"
103.78.255.129 - - [24/Aug/2026:22:18:43 +0500] "GET /wp-login.php HTTP/1.1" 404 3422 "-" "Mozilla/5.0"
103.78.255.129 - - [24/Aug/2026:22:18:43 +0500] "GET /wp-login.php HTTP/1.1" 404 3416 "-" "Mozilla/5.0"
103.78.255.129 - - [24/Aug/2026:22:18:43 +0500] "GET /wp-login.php HTTP/1.1" 401 53 "-" "Mozilla/5.0"
103.78.255.129 - - [24/Aug/2026:22:18:43 +0500] "GET /wp-login.php HTTP/1.1" 401 53 "-" "Mozilla/5.0"
103.78.255.129 - - [24/Aug/2026:22:18:43 +0500] "GET /wp-login.php HTTP/1.1" 401 53 "-" "Mozilla/5.0"
103.78.255.129 - - [24/Aug/2026:22:18:48 +0500] "GET /wp-login.php HTTP/1.1" 400 52 "-" "Mozilla/5.0"
185.191.171.19 - - [24/Aug/2026:22:20:57 +0500] "GET /uz/?route=account%2Flogin&start=16 HTTP/1.1" 508 288 "-" "Mozilla/5.0 (compatible; SemrushBot/7~bl; +http://www.semrush.com/bot.html)"
85.208.96.207 - - [24/Aug/2026:22:20:46 +0500] "GET /uz/info-for-shareholders-uzb/205-performance-indicators-2-kvartal-2017 HTTP/1.1" 200 60232 "-" "Mozilla/5.0 (compatible; SemrushBot/7~bl; +http://www.semrush.com/bot.html)"
34.10.180.98 - - [24/Aug/2026:22:21:01 +0500] "GET /ru/component/search/?Itemid=124&format=opensearch HTTP/1.1" 200 749 "-" "Mozilla/5.0 (Macintosh; Intel Mac OS X 10_15_7) AppleWebKit/537.36 (KHTML, like Gecko) Chrome/120.0.0.0 Safari/537.36"
185.191.171.13 - - [24/Aug/2026:22:22:32 +0500] "GET /uz/10-uzbek?start=76 HTTP/1.1" 200 69828 "-" "Mozilla/5.0 (compatible; SemrushBot/7~bl; +http://www.semrush.com/bot.html)"
34.42.229.145 - - [24/Aug/2026:22:23:40 +0500] "GET /ru/jsc-docs-rus HTTP/1.1" 200 62513 "-" "Mozilla/5.0 (Macintosh; Intel Mac OS X 10_15_7) AppleWebKit/537.36 (KHTML, like Gecko) Chrome/120.0.0.0 Safari/537.36"
85.208.96.193 - - [24/Aug/2026:22:24:19 +0500] "GET /uz/audit-uzb/10-uzbek HTTP/1.1" 508 288 "-" "Mozilla/5.0 (compatible; SemrushBot/7~bl; +http://www.semrush.com/bot.html)"
34.61.96.6 - - [24/Aug/2026:22:24:41 +0500] "GET /ru/prospectus-rus/169-prospectus-30-03-09-rus HTTP/1.1" 508 288 "-" "Mozilla/5.0 (Macintosh; Intel Mac OS X 10_15_7) AppleWebKit/537.36 (KHTML, like Gecko) Chrome/120.0.0.0 Safari/537.36"
85.208.96.197 - - [24/Aug/2026:22:29:57 +0500] "GET /uz/contacts-uzb/12-uzbek/about-org-uzb/319-direction-30-06-2020-uzb HTTP/1.1" 200 56600 "-" "Mozilla/5.0 (compatible; SemrushBot/7~bl; +http://www.semrush.com/bot.html)"
185.191.171.18 - - [24/Aug/2026:22:30:14 +0500] "GET /robots.txt HTTP/1.1" 200 111 "-" "Mozilla/5.0 (compatible; SemrushBot/7~bl; +http://www.semrush.com/bot.html)"
185.191.171.7 - - [24/Aug/2026:22:30:15 +0500] "GET /uz/facts-uzb/419-sush-fakt-08-06-11-2023-io-doc HTTP/1.1" 200 57411 "-" "Mozilla/5.0 (compatible; SemrushBot/7~bl; +http://www.semrush.com/bot.html)"
34.171.68.95 - - [24/Aug/2026:22:31:38 +0500] "GET /uz/acquisition-of-shares-uz HTTP/1.1" 200 57876 "-" "Mozilla/5.0 (Macintosh; Intel Mac OS X 10_15_7) AppleWebKit/537.36 (KHTML, like Gecko) Chrome/120.0.0.0 Safari/537.36"
34.10.180.98 - - [24/Aug/2026:22:32:26 +0500] "GET /uz/korp-upr-uzb/265-corp-upr-rating-2018 HTTP/1.1" 200 56527 "-" "Mozilla/5.0 (Macintosh; Intel Mac OS X 10_15_7) AppleWebKit/537.36 (KHTML, like Gecko) Chrome/120.0.0.0 Safari/537.36"
216.73.216.20 - - [24/Aug/2026:22:33:19 +0500] "GET /ampeloglypter/deisticalness/92494965422 HTTP/1.1" 301 - "-" "Mozilla/5.0 AppleWebKit/537.36 (KHTML, like Gecko; compatible; ClaudeBot/1.0; +claudebot@anthropic.com)"
216.73.216.20 - - [24/Aug/2026:22:33:25 +0500] "GET /uz/ampeloglypter/deisticalness/92494965422 HTTP/1.1" 404 1216 "https://eskijuva-bozori.uz/ampeloglypter/deisticalness/92494965422" "Mozilla/5.0 AppleWebKit/537.36 (KHTML, like Gecko; compatible; ClaudeBot/1.0; +claudebot@anthropic.com)"
216.73.216.20 - - [24/Aug/2026:22:34:01 +0500] "GET /droll/d9a3l4l8i8e2r01096 HTTP/1.1" 301 - "-" "Mozilla/5.0 AppleWebKit/537.36 (KHTML, like Gecko; compatible; ClaudeBot/1.0; +claudebot@anthropic.com)"
216.73.216.183 - - [24/Aug/2026:22:34:22 +0500] "GET /forthwith/g3r3a7p6p0l7e95367 HTTP/1.1" 301 - "-" "Mozilla/5.0 AppleWebKit/537.36 (KHTML, like Gecko; compatible; ClaudeBot/1.0; +claudebot@anthropic.com)"
216.73.216.183 - - [24/Aug/2026:22:34:26 +0500] "GET /uz/forthwith/g3r3a7p6p0l7e95367 HTTP/1.1" 404 1248 "https://www.eskijuva-bozori.uz.uzbekgidroenergoqurilish.uz/forthwith/g3r3a7p6p0l7e95367" "Mozilla/5.0 AppleWebKit/537.36 (KHTML, like Gecko; compatible; ClaudeBot/1.0; +claudebot@anthropic.com)"
216.73.216.183 - - [24/Aug/2026:22:34:30 +0500] "GET /?%60=g3u1i2d8a2b2l2e9563 HTTP/1.1" 301 - "-" "Mozilla/5.0 AppleWebKit/537.36 (KHTML, like Gecko; compatible; ClaudeBot/1.0; +claudebot@anthropic.com)"
85.208.96.201 - - [24/Aug/2026:22:34:32 +0500] "GET /ru/9-russian?start=36 HTTP/1.1" 200 69251 "-" "Mozilla/5.0 (compatible; SemrushBot/7~bl; +http://www.semrush.com/bot.html)"
216.73.216.183 - - [24/Aug/2026:22:34:35 +0500] "GET /uz/?%60=g3u1i2d8a2b2l2e9563 HTTP/1.1" 200 68799 "https://www.eskijuva-bozori.uz.uzbekgidroenergoqurilish.uz/?%60=g3u1i2d8a2b2l2e9563" "Mozilla/5.0 AppleWebKit/537.36 (KHTML, like Gecko; compatible; ClaudeBot/1.0; +claudebot@anthropic.com)"
216.73.216.20 - - [24/Aug/2026:22:34:56 +0500] "GET /shops/circumventing/o9e3c1o9n9o7m2i8c6a2l1 HTTP/1.1" 301 - "-" "Mozilla/5.0 AppleWebKit/537.36 (KHTML, like Gecko; compatible; ClaudeBot/1.0; +claudebot@anthropic.com)"
216.73.216.20 - - [24/Aug/2026:22:35:00 +0500] "GET /uz/shops/circumventing/o9e3c1o9n9o7m2i8c6a2l1 HTTP/1.1" 404 1216 "https://eskijuva-bozori.uz/shops/circumventing/o9e3c1o9n9o7m2i8c6a2l1" "Mozilla/5.0 AppleWebKit/537.36 (KHTML, like Gecko; compatible; ClaudeBot/1.0; +claudebot@anthropic.com)"
