216.73.217.53 - - [24/Aug/2026:21:13:15 +0500] "GET /uz/?%60=t3u3t2n7o6s4e85471 HTTP/1.1" 200 68554 "https://www.eskijuva-bozori.uz.uzbekgidroenergoqurilish.uz/?%60=t3u3t2n7o6s4e85471" "Mozilla/5.0 AppleWebKit/537.36 (KHTML, like Gecko; compatible; ClaudeBot/1.0; +claudebot@anthropic.com)"
216.73.217.53 - - [24/Aug/2026:21:13:21 +0500] "GET /uz/?%60=c3o3m9m4a2r6k53008 HTTP/1.1" 200 68554 "https://www.eskijuva-bozori.uz.uzbekgidroenergoqurilish.uz/?%60=c3o3m9m4a2r6k53008" "Mozilla/5.0 AppleWebKit/537.36 (KHTML, like Gecko; compatible; ClaudeBot/1.0; +claudebot@anthropic.com)"
85.208.96.197 - - [24/Aug/2026:21:13:24 +0500] "GET /ru/info-for-shareholders-rus/318-dividend-2019-2 HTTP/1.1" 200 57964 "-" "Mozilla/5.0 (compatible; SemrushBot/7~bl; +http://www.semrush.com/bot.html)"
85.208.96.203 - - [24/Aug/2026:21:13:29 +0500] "GET /ru/officially-rus/ustav-rus/470-ustav-13-08-2025-ru HTTP/1.1" 200 54888 "-" "Mozilla/5.0 (compatible; SemrushBot/7~bl; +http://www.semrush.com/bot.html)"
216.73.217.53 - - [24/Aug/2026:21:13:39 +0500] "GET /?%60=i3n2c7o3n2t5r2a2c5t3e9d HTTP/1.1" 301 - "-" "Mozilla/5.0 AppleWebKit/537.36 (KHTML, like Gecko; compatible; ClaudeBot/1.0; +claudebot@anthropic.com)"
216.73.217.53 - - [24/Aug/2026:21:13:45 +0500] "GET /uz/?%60=i3n2c7o3n2t5r2a2c5t3e9d HTTP/1.1" 200 68559 "https://www.eskijuva-bozori.uz.uzbekgidroenergoqurilish.uz/?%60=i3n2c7o3n2t5r2a2c5t3e9d" "Mozilla/5.0 AppleWebKit/537.36 (KHTML, like Gecko; compatible; ClaudeBot/1.0; +claudebot@anthropic.com)"
216.73.217.53 - - [24/Aug/2026:21:13:59 +0500] "GET /?%60=m3i7n1g1l4e6m6a0n3gle HTTP/1.1" 301 - "-" "Mozilla/5.0 AppleWebKit/537.36 (KHTML, like Gecko; compatible; ClaudeBot/1.0; +claudebot@anthropic.com)"
216.73.217.53 - - [24/Aug/2026:21:14:04 +0500] "GET /uz/?%60=m3i7n1g1l4e6m6a0n3gle HTTP/1.1" 200 68557 "https://www.eskijuva-bozori.uz.uzbekgidroenergoqurilish.uz/?%60=m3i7n1g1l4e6m6a0n3gle" "Mozilla/5.0 AppleWebKit/537.36 (KHTML, like Gecko; compatible; ClaudeBot/1.0; +claudebot@anthropic.com)"
216.73.217.53 - - [24/Aug/2026:21:14:23 +0500] "GET /?%60=s3t1e9e6l6y2a6r1d019 HTTP/1.1" 301 - "-" "Mozilla/5.0 AppleWebKit/537.36 (KHTML, like Gecko; compatible; ClaudeBot/1.0; +claudebot@anthropic.com)"
172.203.190.141 - - [24/Aug/2026:21:14:30 +0500] "GET /robots.txt HTTP/1.1" 200 111 "-" "Mozilla/5.0 (Macintosh; Intel Mac OS X 10_15_7) AppleWebKit/537.36 (KHTML, like Gecko) Chrome/131.0.0.0 Safari/537.36; compatible; OAI-SearchBot/1.0; +https://openai.com/searchbot"
216.73.217.53 - - [24/Aug/2026:21:14:28 +0500] "GET /uz/?%60=s3t1e9e6l6y2a6r1d019 HTTP/1.1" 200 68556 "https://www.eskijuva-bozori.uz.uzbekgidroenergoqurilish.uz/?%60=s3t1e9e6l6y2a6r1d019" "Mozilla/5.0 AppleWebKit/537.36 (KHTML, like Gecko; compatible; ClaudeBot/1.0; +claudebot@anthropic.com)"
216.73.217.53 - - [24/Aug/2026:21:14:31 +0500] "GET /?%60=c3u6v6e9t7t7e9930 HTTP/1.1" 301 - "-" "Mozilla/5.0 AppleWebKit/537.36 (KHTML, like Gecko; compatible; ClaudeBot/1.0; +claudebot@anthropic.com)"
216.73.217.53 - - [24/Aug/2026:21:14:37 +0500] "GET /uz/?%60=c3u6v6e9t7t7e9930 HTTP/1.1" 200 68553 "https://www.eskijuva-bozori.uz.uzbekgidroenergoqurilish.uz/?%60=c3u6v6e9t7t7e9930" "Mozilla/5.0 AppleWebKit/537.36 (KHTML, like Gecko; compatible; ClaudeBot/1.0; +claudebot@anthropic.com)"
216.73.217.53 - - [24/Aug/2026:21:14:55 +0500] "GET /?%60=m3i9s6r6a4i5s5e969 HTTP/1.1" 301 - "-" "Mozilla/5.0 AppleWebKit/537.36 (KHTML, like Gecko; compatible; ClaudeBot/1.0; +claudebot@anthropic.com)"
216.73.217.53 - - [24/Aug/2026:21:15:02 +0500] "GET /uz/?%60=m3i9s6r6a4i5s5e969 HTTP/1.1" 200 68554 "https://www.eskijuva-bozori.uz.uzbekgidroenergoqurilish.uz/?%60=m3i9s6r6a4i5s5e969" "Mozilla/5.0 AppleWebKit/537.36 (KHTML, like Gecko; compatible; ClaudeBot/1.0; +claudebot@anthropic.com)"
216.73.217.53 - - [24/Aug/2026:21:15:34 +0500] "GET /uz/?format=feed&r=p4i2c5t0u4r1a28660&type=rss HTTP/1.1" 200 6200 "-" "Mozilla/5.0 AppleWebKit/537.36 (KHTML, like Gecko; compatible; ClaudeBot/1.0; +claudebot@anthropic.com)"
216.73.217.53 - - [24/Aug/2026:21:15:58 +0500] "GET /shops/dasypaedic/a3r1g3y7r3e2u1s7417 HTTP/1.1" 301 - "-" "Mozilla/5.0 AppleWebKit/537.36 (KHTML, like Gecko; compatible; ClaudeBot/1.0; +claudebot@anthropic.com)"
216.73.217.53 - - [24/Aug/2026:21:16:05 +0500] "GET /uz/shops/dasypaedic/a3r1g3y7r3e2u1s7417 HTTP/1.1" 508 288 "https://www.eskijuva-bozori.uz.uzbekgidroenergoqurilish.uz/shops/dasypaedic/a3r1g3y7r3e2u1s7417" "Mozilla/5.0 AppleWebKit/537.36 (KHTML, like Gecko; compatible; ClaudeBot/1.0; +claudebot@anthropic.com)"
85.208.96.207 - - [24/Aug/2026:21:16:01 +0500] "GET /uz/officially-uzb/tenders-uzb?ismobile=1 HTTP/1.1" 200 63581 "-" "Mozilla/5.0 (compatible; SemrushBot/7~bl; +http://www.semrush.com/bot.html)"
216.73.217.53 - - [24/Aug/2026:21:16:22 +0500] "GET /shops/corroborative/g3l3y3c1y2p5h2l0o5e2u4m HTTP/1.1" 301 - "-" "Mozilla/5.0 AppleWebKit/537.36 (KHTML, like Gecko; compatible; ClaudeBot/1.0; +claudebot@anthropic.com)"
216.73.217.53 - - [24/Aug/2026:21:16:28 +0500] "GET /uz/shops/corroborative/g3l3y3c1y2p5h2l0o5e2u4m HTTP/1.1" 404 1248 "https://www.eskijuva-bozori.uz.uzbekgidroenergoqurilish.uz/shops/corroborative/g3l3y3c1y2p5h2l0o5e2u4m" "Mozilla/5.0 AppleWebKit/537.36 (KHTML, like Gecko; compatible; ClaudeBot/1.0; +claudebot@anthropic.com)"
216.73.217.53 - - [24/Aug/2026:21:16:34 +0500] "GET /uz/component/search/?Itemid=117&%60=c3h3o6u5x4805195&format=opensearch HTTP/1.1" 200 854 "-" "Mozilla/5.0 AppleWebKit/537.36 (KHTML, like Gecko; compatible; ClaudeBot/1.0; +claudebot@anthropic.com)"
216.73.217.53 - - [24/Aug/2026:21:16:58 +0500] "GET /uz/?r=p4i2c5t0u4r1a28660&start=12 HTTP/1.1" 508 288 "-" "Mozilla/5.0 AppleWebKit/537.36 (KHTML, like Gecko; compatible; ClaudeBot/1.0; +claudebot@anthropic.com)"
185.191.171.11 - - [24/Aug/2026:21:16:57 +0500] "GET /uz/18-uzbek/shareholders-uzb?start=20 HTTP/1.1" 200 67186 "-" "Mozilla/5.0 (compatible; SemrushBot/7~bl; +http://www.semrush.com/bot.html)"
185.191.171.8 - - [24/Aug/2026:21:17:20 +0500] "GET /uz/?function=call_user_func_array&s=index%2Fthinkapp%2Finvokefunction&start=20&vars%5B0%5D=phpinfo HTTP/1.1" 200 69078 "-" "Mozilla/5.0 (compatible; SemrushBot/7~bl; +http://www.semrush.com/bot.html)"
136.119.35.120 - - [24/Aug/2026:21:17:34 +0500] "GET /uz/invest-uzb HTTP/1.1" 200 56171 "-" "Mozilla/5.0 (Macintosh; Intel Mac OS X 10_15_7) AppleWebKit/537.36 (KHTML, like Gecko) Chrome/120.0.0.0 Safari/537.36"
185.191.171.9 - - [24/Aug/2026:21:17:52 +0500] "GET /uz/?function=call_user_func_array&s=index%2Fthinkapp%2Finvokefunction&start=40&vars%5B0%5D=phpinfo HTTP/1.1" 200 69797 "-" "Mozilla/5.0 (compatible; SemrushBot/7~bl; +http://www.semrush.com/bot.html)"
34.10.180.98 - - [24/Aug/2026:21:18:02 +0500] "GET /uz/audit-uzb?format=feed&type=atom HTTP/1.1" 200 11431 "-" "Mozilla/5.0 (Macintosh; Intel Mac OS X 10_15_7) AppleWebKit/537.36 (KHTML, like Gecko) Chrome/120.0.0.0 Safari/537.36"
216.73.217.53 - - [24/Aug/2026:21:19:06 +0500] "GET /uz/?format=feed&r=s9a7c3c3h2a6r2i9f9y3ing&type=rss HTTP/1.1" 200 6205 "-" "Mozilla/5.0 AppleWebKit/537.36 (KHTML, like Gecko; compatible; ClaudeBot/1.0; +claudebot@anthropic.com)"
185.191.171.12 - - [24/Aug/2026:21:19:06 +0500] "GET /ru/about-org-rus/indexes-rus/347-reports-2021-rus HTTP/1.1" 200 57388 "-" "Mozilla/5.0 (compatible; SemrushBot/7~bl; +http://www.semrush.com/bot.html)"
3.227.180.70 - - [24/Aug/2026:21:19:43 +0500] "GET /uz/?rest_route=/notificationx/v1/analytics&start=8 HTTP/1.1" 200 67664 "-" "Mozilla/5.0 AppleWebKit/537.36 (KHTML, like Gecko; compatible; Amazonbot/0.1; +https://developer.amazon.com/support/amazonbot) Chrome/119.0.6045.214 Safari/537.36"
216.73.217.53 - - [24/Aug/2026:21:19:51 +0500] "GET /shops/transaudient/v3a3r5l0e2t4r6y1741 HTTP/1.1" 301 - "-" "Mozilla/5.0 AppleWebKit/537.36 (KHTML, like Gecko; compatible; ClaudeBot/1.0; +claudebot@anthropic.com)"
216.73.217.53 - - [24/Aug/2026:21:19:57 +0500] "GET /uz/shops/transaudient/v3a3r5l0e2t4r6y1741 HTTP/1.1" 404 1248 "https://www.eskijuva-bozori.uz.uzbekgidroenergoqurilish.uz/shops/transaudient/v3a3r5l0e2t4r6y1741" "Mozilla/5.0 AppleWebKit/537.36 (KHTML, like Gecko; compatible; ClaudeBot/1.0; +claudebot@anthropic.com)"
34.171.68.95 - - [24/Aug/2026:21:20:01 +0500] "GET /ru/component/search/?Itemid=328&format=opensearch&template=accessibility HTTP/1.1" 200 778 "-" "Mozilla/5.0 (Macintosh; Intel Mac OS X 10_15_7) AppleWebKit/537.36 (KHTML, like Gecko) Chrome/120.0.0.0 Safari/537.36"
216.73.217.53 - - [24/Aug/2026:21:20:14 +0500] "GET /shops/peracute/g3i1b6b2o1s1u6s1384 HTTP/1.1" 301 - "-" "Mozilla/5.0 AppleWebKit/537.36 (KHTML, like Gecko; compatible; ClaudeBot/1.0; +claudebot@anthropic.com)"
216.73.217.53 - - [24/Aug/2026:21:20:21 +0500] "GET /uz/shops/peracute/g3i1b6b2o1s1u6s1384 HTTP/1.1" 508 288 "https://www.eskijuva-bozori.uz.uzbekgidroenergoqurilish.uz/shops/peracute/g3i1b6b2o1s1u6s1384" "Mozilla/5.0 AppleWebKit/537.36 (KHTML, like Gecko; compatible; ClaudeBot/1.0; +claudebot@anthropic.com)"
137.131.43.2 - - [24/Aug/2026:21:20:13 +0500] "GET /uz?rest_route=%2Fnotificationx%2Fv1%2Fanalytics&start=24 HTTP/1.1" 200 - "-" "Mozilla/5.0 (X11; Linux aarch64) AppleWebKit/537.36 (KHTML, like Gecko) Chrome/139.0.0.0 Safari/537.36"
137.131.43.2 - - [24/Aug/2026:21:20:18 +0500] "GET /uz?rest_route=%2Fnotificationx%2Fv1%2Fanalytics&start=24 HTTP/1.1" 200 - "-" "Mozilla/5.0 (X11; Linux aarch64) AppleWebKit/537.36 (KHTML, like Gecko) Chrome/139.0.0.0 Safari/537.36"
216.73.217.53 - - [24/Aug/2026:21:20:23 +0500] "GET /?%60=m3o3b1b4i8s4h85418 HTTP/1.1" 301 - "-" "Mozilla/5.0 AppleWebKit/537.36 (KHTML, like Gecko; compatible; ClaudeBot/1.0; +claudebot@anthropic.com)"
216.73.217.53 - - [24/Aug/2026:21:20:31 +0500] "GET /uz/?%60=m3o3b1b4i8s4h85418 HTTP/1.1" 200 68554 "https://www.eskijuva-bozori.uz.uzbekgidroenergoqurilish.uz/?%60=m3o3b1b4i8s4h85418" "Mozilla/5.0 AppleWebKit/537.36 (KHTML, like Gecko; compatible; ClaudeBot/1.0; +claudebot@anthropic.com)"
216.73.217.53 - - [24/Aug/2026:21:20:47 +0500] "GET /shops/caseum/o3p2h3i6u7r0a5n8056 HTTP/1.1" 301 - "-" "Mozilla/5.0 AppleWebKit/537.36 (KHTML, like Gecko; compatible; ClaudeBot/1.0; +claudebot@anthropic.com)"
216.73.217.53 - - [24/Aug/2026:21:20:54 +0500] "GET /uz/shops/caseum/o3p2h3i6u7r0a5n8056 HTTP/1.1" 404 1248 "https://www.eskijuva-bozori.uz.uzbekgidroenergoqurilish.uz/shops/caseum/o3p2h3i6u7r0a5n8056" "Mozilla/5.0 AppleWebKit/537.36 (KHTML, like Gecko; compatible; ClaudeBot/1.0; +claudebot@anthropic.com)"
216.73.217.53 - - [24/Aug/2026:21:20:56 +0500] "GET /?%60=i3n2d8u0p4l2i3c4a3t0e HTTP/1.1" 301 - "-" "Mozilla/5.0 AppleWebKit/537.36 (KHTML, like Gecko; compatible; ClaudeBot/1.0; +claudebot@anthropic.com)"
216.73.217.53 - - [24/Aug/2026:21:21:02 +0500] "GET /uz/?%60=i3n2d8u0p4l2i3c4a3t0e HTTP/1.1" 200 68557 "https://www.eskijuva-bozori.uz.uzbekgidroenergoqurilish.uz/?%60=i3n2d8u0p4l2i3c4a3t0e" "Mozilla/5.0 AppleWebKit/537.36 (KHTML, like Gecko; compatible; ClaudeBot/1.0; +claudebot@anthropic.com)"
216.73.217.53 - - [24/Aug/2026:21:21:20 +0500] "GET /?%60=g3e8n7t8l9e4m5a0n8liness HTTP/1.1" 508 288 "-" "Mozilla/5.0 AppleWebKit/537.36 (KHTML, like Gecko; compatible; ClaudeBot/1.0; +claudebot@anthropic.com)"
216.73.217.53 - - [24/Aug/2026:21:21:34 +0500] "GET /uz/shops/tomatoes/t3r3a7n7s5l1a1t9e090 HTTP/1.1" 508 288 "https://www.eskijuva-bozori.uz.uzbekgidroenergoqurilish.uz/shops/tomatoes/t3r3a7n7s5l1a1t9e090" "Mozilla/5.0 AppleWebKit/537.36 (KHTML, like Gecko; compatible; ClaudeBot/1.0; +claudebot@anthropic.com)"
216.73.217.53 - - [24/Aug/2026:21:21:29 +0500] "GET /shops/tomatoes/t3r3a7n7s5l1a1t9e090 HTTP/1.1" 301 - "-" "Mozilla/5.0 AppleWebKit/537.36 (KHTML, like Gecko; compatible; ClaudeBot/1.0; +claudebot@anthropic.com)"
216.73.217.53 - - [24/Aug/2026:21:21:52 +0500] "GET /?%60=p3r3e6p5o2n6d4e0r6a0n5cy HTTP/1.1" 301 - "-" "Mozilla/5.0 AppleWebKit/537.36 (KHTML, like Gecko; compatible; ClaudeBot/1.0; +claudebot@anthropic.com)"
216.73.217.53 - - [24/Aug/2026:21:21:59 +0500] "GET /?%60=d3i3l8i3g3e0n9c7y985 HTTP/1.1" 301 - "-" "Mozilla/5.0 AppleWebKit/537.36 (KHTML, like Gecko; compatible; ClaudeBot/1.0; +claudebot@anthropic.com)"
216.73.217.53 - - [24/Aug/2026:21:22:05 +0500] "GET /uz/?%60=d3i3l8i3g3e0n9c7y985 HTTP/1.1" 508 288 "https://www.eskijuva-bozori.uz.uzbekgidroenergoqurilish.uz/?%60=d3i3l8i3g3e0n9c7y985" "Mozilla/5.0 AppleWebKit/537.36 (KHTML, like Gecko; compatible; ClaudeBot/1.0; +claudebot@anthropic.com)"
216.73.217.53 - - [24/Aug/2026:21:21:57 +0500] "GET /uz/?%60=p3r3e6p5o2n6d4e0r6a0n5cy HTTP/1.1" 200 68560 "https://www.eskijuva-bozori.uz.uzbekgidroenergoqurilish.uz/?%60=p3r3e6p5o2n6d4e0r6a0n5cy" "Mozilla/5.0 AppleWebKit/537.36 (KHTML, like Gecko; compatible; ClaudeBot/1.0; +claudebot@anthropic.com)"
216.73.217.53 - - [24/Aug/2026:21:22:24 +0500] "GET /shops/herschel/a3s1c6r2i4b5i3n8g073 HTTP/1.1" 301 - "-" "Mozilla/5.0 AppleWebKit/537.36 (KHTML, like Gecko; compatible; ClaudeBot/1.0; +claudebot@anthropic.com)"
216.73.217.53 - - [24/Aug/2026:21:22:28 +0500] "GET /uz/shops/herschel/a3s1c6r2i4b5i3n8g073 HTTP/1.1" 404 1248 "https://www.eskijuva-bozori.uz.uzbekgidroenergoqurilish.uz/shops/herschel/a3s1c6r2i4b5i3n8g073" "Mozilla/5.0 AppleWebKit/537.36 (KHTML, like Gecko; compatible; ClaudeBot/1.0; +claudebot@anthropic.com)"
216.73.217.53 - - [24/Aug/2026:21:22:30 +0500] "GET /?%60=r3i1p2l0e1r747268 HTTP/1.1" 301 - "-" "Mozilla/5.0 AppleWebKit/537.36 (KHTML, like Gecko; compatible; ClaudeBot/1.0; +claudebot@anthropic.com)"
216.73.217.53 - - [24/Aug/2026:21:22:37 +0500] "GET /uz/?%60=r3i1p2l0e1r747268 HTTP/1.1" 200 68497 "https://www.eskijuva-bozori.uz.uzbekgidroenergoqurilish.uz/?%60=r3i1p2l0e1r747268" "Mozilla/5.0 AppleWebKit/537.36 (KHTML, like Gecko; compatible; ClaudeBot/1.0; +claudebot@anthropic.com)"
185.191.171.11 - - [24/Aug/2026:21:22:43 +0500] "GET /uz/?destination=node&start=4 HTTP/1.1" 200 72068 "-" "Mozilla/5.0 (compatible; SemrushBot/7~bl; +http://www.semrush.com/bot.html)"
216.73.217.53 - - [24/Aug/2026:21:22:55 +0500] "GET /?%60=p3r1o6b2a0n9d9i7861 HTTP/1.1" 301 - "-" "Mozilla/5.0 AppleWebKit/537.36 (KHTML, like Gecko; compatible; ClaudeBot/1.0; +claudebot@anthropic.com)"
185.191.171.15 - - [24/Aug/2026:21:22:52 +0500] "GET /uz/audit-uzb/310-audit-2019-uzb HTTP/1.1" 200 56912 "-" "Mozilla/5.0 (compatible; SemrushBot/7~bl; +http://www.semrush.com/bot.html)"
216.73.217.53 - - [24/Aug/2026:21:22:59 +0500] "GET /uz/?%60=p3r1o6b2a0n9d9i7861 HTTP/1.1" 200 68499 "https://www.eskijuva-bozori.uz.uzbekgidroenergoqurilish.uz/?%60=p3r1o6b2a0n9d9i7861" "Mozilla/5.0 AppleWebKit/537.36 (KHTML, like Gecko; compatible; ClaudeBot/1.0; +claudebot@anthropic.com)"
216.73.217.53 - - [24/Aug/2026:21:23:02 +0500] "GET /ridgeling/deglandi/33827133559 HTTP/1.1" 301 - "-" "Mozilla/5.0 AppleWebKit/537.36 (KHTML, like Gecko; compatible; ClaudeBot/1.0; +claudebot@anthropic.com)"
216.73.217.53 - - [24/Aug/2026:21:23:07 +0500] "GET /uz/ridgeling/deglandi/33827133559 HTTP/1.1" 404 1248 "https://www.eskijuva-bozori.uz.uzbekgidroenergoqurilish.uz/ridgeling/deglandi/33827133559" "Mozilla/5.0 AppleWebKit/537.36 (KHTML, like Gecko; compatible; ClaudeBot/1.0; +claudebot@anthropic.com)"
216.73.217.53 - - [24/Aug/2026:21:23:26 +0500] "GET /?%60=l3a3u3r2e8l6i6a3463 HTTP/1.1" 301 - "-" "Mozilla/5.0 AppleWebKit/537.36 (KHTML, like Gecko; compatible; ClaudeBot/1.0; +claudebot@anthropic.com)"
216.73.217.53 - - [24/Aug/2026:21:23:33 +0500] "GET /shops/claustral/r3e9n3d6e7z7v6o0u7s6 HTTP/1.1" 301 - "-" "Mozilla/5.0 AppleWebKit/537.36 (KHTML, like Gecko; compatible; ClaudeBot/1.0; +claudebot@anthropic.com)"
216.73.217.53 - - [24/Aug/2026:21:23:32 +0500] "GET /uz/?%60=l3a3u3r2e8l6i6a3463 HTTP/1.1" 200 68499 "https://www.eskijuva-bozori.uz.uzbekgidroenergoqurilish.uz/?%60=l3a3u3r2e8l6i6a3463" "Mozilla/5.0 AppleWebKit/537.36 (KHTML, like Gecko; compatible; ClaudeBot/1.0; +claudebot@anthropic.com)"
216.73.217.53 - - [24/Aug/2026:21:23:40 +0500] "GET /uz/shops/claustral/r3e9n3d6e7z7v6o0u7s6 HTTP/1.1" 404 1248 "https://www.eskijuva-bozori.uz.uzbekgidroenergoqurilish.uz/shops/claustral/r3e9n3d6e7z7v6o0u7s6" "Mozilla/5.0 AppleWebKit/537.36 (KHTML, like Gecko; compatible; ClaudeBot/1.0; +claudebot@anthropic.com)"
216.73.217.53 - - [24/Aug/2026:21:23:57 +0500] "GET /?%60=p3i3g8m7e4n1t1s7829 HTTP/1.1" 301 - "-" "Mozilla/5.0 AppleWebKit/537.36 (KHTML, like Gecko; compatible; ClaudeBot/1.0; +claudebot@anthropic.com)"
216.73.217.53 - - [24/Aug/2026:21:24:04 +0500] "GET /uz/?%60=p3i3g8m7e4n1t1s7829 HTTP/1.1" 200 68499 "https://www.eskijuva-bozori.uz.uzbekgidroenergoqurilish.uz/?%60=p3i3g8m7e4n1t1s7829" "Mozilla/5.0 AppleWebKit/537.36 (KHTML, like Gecko; compatible; ClaudeBot/1.0; +claudebot@anthropic.com)"
216.73.217.53 - - [24/Aug/2026:21:24:07 +0500] "GET /?%60=c3o1n0g1o6209763 HTTP/1.1" 301 - "-" "Mozilla/5.0 AppleWebKit/537.36 (KHTML, like Gecko; compatible; ClaudeBot/1.0; +claudebot@anthropic.com)"
216.73.217.53 - - [24/Aug/2026:21:24:11 +0500] "GET /uz/?%60=c3o1n0g1o6209763 HTTP/1.1" 200 68496 "https://www.eskijuva-bozori.uz.uzbekgidroenergoqurilish.uz/?%60=c3o1n0g1o6209763" "Mozilla/5.0 AppleWebKit/537.36 (KHTML, like Gecko; compatible; ClaudeBot/1.0; +claudebot@anthropic.com)"
216.73.217.53 - - [24/Aug/2026:21:24:31 +0500] "GET /shops/kemps/m3o2n0t5g3o1l0f3i7e2r7 HTTP/1.1" 301 - "-" "Mozilla/5.0 AppleWebKit/537.36 (KHTML, like Gecko; compatible; ClaudeBot/1.0; +claudebot@anthropic.com)"
216.73.217.53 - - [24/Aug/2026:21:24:37 +0500] "GET /uz/shops/kemps/m3o2n0t5g3o1l0f3i7e2r7 HTTP/1.1" 404 1248 "https://www.eskijuva-bozori.uz.uzbekgidroenergoqurilish.uz/shops/kemps/m3o2n0t5g3o1l0f3i7e2r7" "Mozilla/5.0 AppleWebKit/537.36 (KHTML, like Gecko; compatible; ClaudeBot/1.0; +claudebot@anthropic.com)"
185.191.171.17 - - [24/Aug/2026:21:24:50 +0500] "GET /uz/officially-uzb/vacancies-uzb/112-director-vacancy-eng HTTP/1.1" 508 288 "-" "Mozilla/5.0 (compatible; SemrushBot/7~bl; +http://www.semrush.com/bot.html)"
216.73.217.53 - - [24/Aug/2026:21:25:39 +0500] "GET /?%60=m3a4t0r9i1c3i6d0a1l49 HTTP/1.1" 301 - "-" "Mozilla/5.0 AppleWebKit/537.36 (KHTML, like Gecko; compatible; ClaudeBot/1.0; +claudebot@anthropic.com)"
216.73.217.53 - - [24/Aug/2026:21:25:45 +0500] "GET /uz/?%60=m3a4t0r9i1c3i6d0a1l49 HTTP/1.1" 200 68501 "https://www.eskijuva-bozori.uz.uzbekgidroenergoqurilish.uz/?%60=m3a4t0r9i1c3i6d0a1l49" "Mozilla/5.0 AppleWebKit/537.36 (KHTML, like Gecko; compatible; ClaudeBot/1.0; +claudebot@anthropic.com)"
129.153.114.87 - - [24/Aug/2026:21:26:35 +0500] "GET /uz/news-uzb?start=8 HTTP/1.1" 508 288 "-" "Mozilla/5.0 (X11; Linux aarch64) AppleWebKit/537.36 (KHTML, like Gecko) Chrome/139.0.0.0 Safari/537.36"
110.249.202.93 - - [24/Aug/2026:21:26:55 +0500] "GET /robots.txt HTTP/1.1" 200 111 "-" "Mozilla/5.0 (Linux; Android 5.0) AppleWebKit/537.36 (KHTML, like Gecko) Mobile Safari/537.36 (compatible; Bytespider; https://zhanzhang.toutiao.com/)"
216.73.217.53 - - [24/Aug/2026:21:26:52 +0500] "GET /shops/pretorians/a3u1r3o1c0h7s8958 HTTP/1.1" 301 - "-" "Mozilla/5.0 AppleWebKit/537.36 (KHTML, like Gecko; compatible; ClaudeBot/1.0; +claudebot@anthropic.com)"
216.73.217.53 - - [24/Aug/2026:21:26:57 +0500] "GET /uz/shops/pretorians/a3u1r3o1c0h7s8958 HTTP/1.1" 404 1248 "https://www.eskijuva-bozori.uz.uzbekgidroenergoqurilish.uz/shops/pretorians/a3u1r3o1c0h7s8958" "Mozilla/5.0 AppleWebKit/537.36 (KHTML, like Gecko; compatible; ClaudeBot/1.0; +claudebot@anthropic.com)"
110.249.201.27 - - [24/Aug/2026:21:27:14 +0500] "GET /robots.txt HTTP/1.1" 200 111 "-" "Mozilla/5.0 (X11; Linux x86_64) AppleWebKit/537.36 (KHTML, like Gecko) Chrome/120.0.0.0 Safari/537.36 Bytespider;https://zhanzhang.toutiao.com/"
185.191.171.5 - - [24/Aug/2026:21:27:05 +0500] "GET /uz/?start=12&template=accessibility HTTP/1.1" 200 36033 "-" "Mozilla/5.0 (compatible; SemrushBot/7~bl; +http://www.semrush.com/bot.html)"
216.73.217.53 - - [24/Aug/2026:21:27:15 +0500] "GET /shops/coadjument/m3u3s2c3l6e6s77710 HTTP/1.1" 301 - "-" "Mozilla/5.0 AppleWebKit/537.36 (KHTML, like Gecko; compatible; ClaudeBot/1.0; +claudebot@anthropic.com)"
216.73.217.53 - - [24/Aug/2026:21:27:22 +0500] "GET /uz/shops/coadjument/m3u3s2c3l6e6s77710 HTTP/1.1" 404 1248 "https://www.eskijuva-bozori.uz.uzbekgidroenergoqurilish.uz/shops/coadjument/m3u3s2c3l6e6s77710" "Mozilla/5.0 AppleWebKit/537.36 (KHTML, like Gecko; compatible; ClaudeBot/1.0; +claudebot@anthropic.com)"
216.73.217.53 - - [24/Aug/2026:21:27:39 +0500] "GET /shops/distance/c3y8l1i9n9d1r3i3c8a6lness HTTP/1.1" 508 288 "-" "Mozilla/5.0 AppleWebKit/537.36 (KHTML, like Gecko; compatible; ClaudeBot/1.0; +claudebot@anthropic.com)"
216.73.217.53 - - [24/Aug/2026:21:28:00 +0500] "GET /?%60=d3i3s6p3l1o1s4i0o3n73 HTTP/1.1" 301 - "-" "Mozilla/5.0 AppleWebKit/537.36 (KHTML, like Gecko; compatible; ClaudeBot/1.0; +claudebot@anthropic.com)"
216.73.217.53 - - [24/Aug/2026:21:28:07 +0500] "GET /uz/?%60=d3i3s6p3l1o1s4i0o3n73 HTTP/1.1" 508 288 "https://www.eskijuva-bozori.uz.uzbekgidroenergoqurilish.uz/?%60=d3i3s6p3l1o1s4i0o3n73" "Mozilla/5.0 AppleWebKit/537.36 (KHTML, like Gecko; compatible; ClaudeBot/1.0; +claudebot@anthropic.com)"
216.73.217.53 - - [24/Aug/2026:21:28:24 +0500] "GET /shops/inkiness/m3o3t1e0t5041376 HTTP/1.1" 301 - "-" "Mozilla/5.0 AppleWebKit/537.36 (KHTML, like Gecko; compatible; ClaudeBot/1.0; +claudebot@anthropic.com)"
216.73.217.53 - - [24/Aug/2026:21:28:29 +0500] "GET /uz/shops/inkiness/m3o3t1e0t5041376 HTTP/1.1" 404 1248 "https://www.eskijuva-bozori.uz.uzbekgidroenergoqurilish.uz/shops/inkiness/m3o3t1e0t5041376" "Mozilla/5.0 AppleWebKit/537.36 (KHTML, like Gecko; compatible; ClaudeBot/1.0; +claudebot@anthropic.com)"
216.73.217.53 - - [24/Aug/2026:21:28:30 +0500] "GET /?%60=o3w1n8e8r3o4c0c5u2p0i3er HTTP/1.1" 301 - "-" "Mozilla/5.0 AppleWebKit/537.36 (KHTML, like Gecko; compatible; ClaudeBot/1.0; +claudebot@anthropic.com)"
216.73.217.53 - - [24/Aug/2026:21:28:36 +0500] "GET /uz/?%60=o3w1n8e8r3o4c0c5u2p0i3er HTTP/1.1" 200 68504 "https://www.eskijuva-bozori.uz.uzbekgidroenergoqurilish.uz/?%60=o3w1n8e8r3o4c0c5u2p0i3er" "Mozilla/5.0 AppleWebKit/537.36 (KHTML, like Gecko; compatible; ClaudeBot/1.0; +claudebot@anthropic.com)"
216.73.217.53 - - [24/Aug/2026:21:28:55 +0500] "GET /shops/protection/t3r3a6w7l6n9e1t2560 HTTP/1.1" 301 - "-" "Mozilla/5.0 AppleWebKit/537.36 (KHTML, like Gecko; compatible; ClaudeBot/1.0; +claudebot@anthropic.com)"
216.73.217.53 - - [24/Aug/2026:21:29:02 +0500] "GET /uz/shops/protection/t3r3a6w7l6n9e1t2560 HTTP/1.1" 508 288 "https://www.eskijuva-bozori.uz.uzbekgidroenergoqurilish.uz/shops/protection/t3r3a6w7l6n9e1t2560" "Mozilla/5.0 AppleWebKit/537.36 (KHTML, like Gecko; compatible; ClaudeBot/1.0; +claudebot@anthropic.com)"
216.73.217.53 - - [24/Aug/2026:21:29:33 +0500] "GET /furled/cementitious/p3r1a8t0i6n3g95714 HTTP/1.1" 301 - "-" "Mozilla/5.0 AppleWebKit/537.36 (KHTML, like Gecko; compatible; ClaudeBot/1.0; +claudebot@anthropic.com)"
216.73.217.53 - - [24/Aug/2026:21:29:40 +0500] "GET /uz/furled/cementitious/p3r1a8t0i6n3g95714 HTTP/1.1" 404 1248 "https://www.eskijuva-bozori.uz.uzbekgidroenergoqurilish.uz/furled/cementitious/p3r1a8t0i6n3g95714" "Mozilla/5.0 AppleWebKit/537.36 (KHTML, like Gecko; compatible; ClaudeBot/1.0; +claudebot@anthropic.com)"
216.73.217.53 - - [24/Aug/2026:21:29:57 +0500] "GET /shops/clavipes/s3a3n5s5c9u2l2o8t5t2i1sm HTTP/1.1" 301 - "-" "Mozilla/5.0 AppleWebKit/537.36 (KHTML, like Gecko; compatible; ClaudeBot/1.0; +claudebot@anthropic.com)"
216.73.217.53 - - [24/Aug/2026:21:30:02 +0500] "GET /uz/shops/clavipes/s3a3n5s5c9u2l2o8t5t2i1sm HTTP/1.1" 404 1248 "https://www.eskijuva-bozori.uz.uzbekgidroenergoqurilish.uz/shops/clavipes/s3a3n5s5c9u2l2o8t5t2i1sm" "Mozilla/5.0 AppleWebKit/537.36 (KHTML, like Gecko; compatible; ClaudeBot/1.0; +claudebot@anthropic.com)"
216.73.217.53 - - [24/Aug/2026:21:30:09 +0500] "GET /?%60=s3e3r1o8t8i8n9u8s145 HTTP/1.1" 301 - "-" "Mozilla/5.0 AppleWebKit/537.36 (KHTML, like Gecko; compatible; ClaudeBot/1.0; +claudebot@anthropic.com)"
216.73.217.53 - - [24/Aug/2026:21:30:15 +0500] "GET /uz/?%60=s3e3r1o8t8i8n9u8s145 HTTP/1.1" 200 68500 "https://www.eskijuva-bozori.uz.uzbekgidroenergoqurilish.uz/?%60=s3e3r1o8t8i8n9u8s145" "Mozilla/5.0 AppleWebKit/537.36 (KHTML, like Gecko; compatible; ClaudeBot/1.0; +claudebot@anthropic.com)"
216.73.216.101 - - [24/Aug/2026:21:30:25 +0500] "GET /shops/taled/a9g3o7o1d4177366 HTTP/1.1" 301 - "-" "Mozilla/5.0 AppleWebKit/537.36 (KHTML, like Gecko; compatible; ClaudeBot/1.0; +claudebot@anthropic.com)"
216.73.216.101 - - [24/Aug/2026:21:30:31 +0500] "GET /uz/shops/taled/a9g3o7o1d4177366 HTTP/1.1" 404 1216 "https://eskijuva-bozori.uz/shops/taled/a9g3o7o1d4177366" "Mozilla/5.0 AppleWebKit/537.36 (KHTML, like Gecko; compatible; ClaudeBot/1.0; +claudebot@anthropic.com)"
216.73.217.53 - - [24/Aug/2026:21:30:33 +0500] "GET /shops/parental/h3e4t1e6r1o4g5a2m7o6u9s HTTP/1.1" 301 - "-" "Mozilla/5.0 AppleWebKit/537.36 (KHTML, like Gecko; compatible; ClaudeBot/1.0; +claudebot@anthropic.com)"
216.73.217.53 - - [24/Aug/2026:21:30:39 +0500] "GET /uz/shops/parental/h3e4t1e6r1o4g5a2m7o6u9s HTTP/1.1" 404 1248 "https://www.eskijuva-bozori.uz.uzbekgidroenergoqurilish.uz/shops/parental/h3e4t1e6r1o4g5a2m7o6u9s" "Mozilla/5.0 AppleWebKit/537.36 (KHTML, like Gecko; compatible; ClaudeBot/1.0; +claudebot@anthropic.com)"
216.73.217.53 - - [24/Aug/2026:21:30:43 +0500] "GET /?%60=c3h1u9c9k9e1r5o1u8t63 HTTP/1.1" 301 - "-" "Mozilla/5.0 AppleWebKit/537.36 (KHTML, like Gecko; compatible; ClaudeBot/1.0; +claudebot@anthropic.com)"
216.73.217.53 - - [24/Aug/2026:21:30:49 +0500] "GET /uz/?%60=c3h1u9c9k9e1r5o1u8t63 HTTP/1.1" 200 68501 "https://www.eskijuva-bozori.uz.uzbekgidroenergoqurilish.uz/?%60=c3h1u9c9k9e1r5o1u8t63" "Mozilla/5.0 AppleWebKit/537.36 (KHTML, like Gecko; compatible; ClaudeBot/1.0; +claudebot@anthropic.com)"
216.73.217.53 - - [24/Aug/2026:21:30:57 +0500] "GET /?%60=x3a2n8t9h8o5p8r2o5t3e5ic HTTP/1.1" 508 288 "-" "Mozilla/5.0 AppleWebKit/537.36 (KHTML, like Gecko; compatible; ClaudeBot/1.0; +claudebot@anthropic.com)"
34.10.180.98 - - [24/Aug/2026:21:30:53 +0500] "GET /ru/component/mijopolls/poll/1-opros-rus HTTP/1.1" 200 60019 "-" "Mozilla/5.0 (Macintosh; Intel Mac OS X 10_15_7) AppleWebKit/537.36 (KHTML, like Gecko) Chrome/120.0.0.0 Safari/537.36"
216.73.216.101 - - [24/Aug/2026:21:31:09 +0500] "GET /shops/edibility/c9r3o7s2s8b1r5e5e7d31 HTTP/1.1" 301 - "-" "Mozilla/5.0 AppleWebKit/537.36 (KHTML, like Gecko; compatible; ClaudeBot/1.0; +claudebot@anthropic.com)"
216.73.216.101 - - [24/Aug/2026:21:31:14 +0500] "GET /uz/shops/edibility/c9r3o7s2s8b1r5e5e7d31 HTTP/1.1" 404 1216 "https://eskijuva-bozori.uz/shops/edibility/c9r3o7s2s8b1r5e5e7d31" "Mozilla/5.0 AppleWebKit/537.36 (KHTML, like Gecko; compatible; ClaudeBot/1.0; +claudebot@anthropic.com)"
34.10.180.98 - - [24/Aug/2026:21:31:27 +0500] "GET /docs/2025/izm-osa-ns-2020.docx HTTP/1.1" 200 15607 "-" "Mozilla/5.0 (Macintosh; Intel Mac OS X 10_15_7) AppleWebKit/537.36 (KHTML, like Gecko) Chrome/120.0.0.0 Safari/537.36"
85.208.96.209 - - [24/Aug/2026:21:31:38 +0500] "GET /uz/?function=call_user_func_array&s=index%2Fthinkapp%2Finvokefunction&start=12&vars%5B0%5D=phpinfo&vars%5B1%5D%5B0%5D=1 HTTP/1.1" 200 72388 "-" "Mozilla/5.0 (compatible; SemrushBot/7~bl; +http://www.semrush.com/bot.html)"
216.73.216.101 - - [24/Aug/2026:21:32:19 +0500] "GET /shops/cornua/f9o7r5f2i8c6u7l6a16 HTTP/1.1" 301 - "-" "Mozilla/5.0 AppleWebKit/537.36 (KHTML, like Gecko; compatible; ClaudeBot/1.0; +claudebot@anthropic.com)"
216.73.216.101 - - [24/Aug/2026:21:32:24 +0500] "GET /uz/shops/cornua/f9o7r5f2i8c6u7l6a16 HTTP/1.1" 404 1216 "https://eskijuva-bozori.uz/shops/cornua/f9o7r5f2i8c6u7l6a16" "Mozilla/5.0 AppleWebKit/537.36 (KHTML, like Gecko; compatible; ClaudeBot/1.0; +claudebot@anthropic.com)"
216.73.216.101 - - [24/Aug/2026:21:32:30 +0500] "GET /nightless/obsequiously/91677600524 HTTP/1.1" 301 - "-" "Mozilla/5.0 AppleWebKit/537.36 (KHTML, like Gecko; compatible; ClaudeBot/1.0; +claudebot@anthropic.com)"
216.73.216.101 - - [24/Aug/2026:21:32:36 +0500] "GET /uz/nightless/obsequiously/91677600524 HTTP/1.1" 404 1216 "https://eskijuva-bozori.uz/nightless/obsequiously/91677600524" "Mozilla/5.0 AppleWebKit/537.36 (KHTML, like Gecko; compatible; ClaudeBot/1.0; +claudebot@anthropic.com)"
216.73.216.101 - - [24/Aug/2026:21:32:39 +0500] "GET /succise/reflection/9762372238 HTTP/1.1" 301 - "-" "Mozilla/5.0 AppleWebKit/537.36 (KHTML, like Gecko; compatible; ClaudeBot/1.0; +claudebot@anthropic.com)"
216.73.216.101 - - [24/Aug/2026:21:32:43 +0500] "GET /uz/succise/reflection/9762372238 HTTP/1.1" 404 1216 "https://eskijuva-bozori.uz/succise/reflection/9762372238" "Mozilla/5.0 AppleWebKit/537.36 (KHTML, like Gecko; compatible; ClaudeBot/1.0; +claudebot@anthropic.com)"
216.73.216.101 - - [24/Aug/2026:21:32:54 +0500] "GET /paniculatum/coagulum/92534773183 HTTP/1.1" 301 - "-" "Mozilla/5.0 AppleWebKit/537.36 (KHTML, like Gecko; compatible; ClaudeBot/1.0; +claudebot@anthropic.com)"
216.73.216.101 - - [24/Aug/2026:21:32:58 +0500] "GET /uz/paniculatum/coagulum/92534773183 HTTP/1.1" 404 1216 "https://eskijuva-bozori.uz/paniculatum/coagulum/92534773183" "Mozilla/5.0 AppleWebKit/537.36 (KHTML, like Gecko; compatible; ClaudeBot/1.0; +claudebot@anthropic.com)"
216.73.216.101 - - [24/Aug/2026:21:33:05 +0500] "GET /?r=r9e9p4o7s8e2r0752 HTTP/1.1" 301 - "-" "Mozilla/5.0 AppleWebKit/537.36 (KHTML, like Gecko; compatible; ClaudeBot/1.0; +claudebot@anthropic.com)"
216.73.216.101 - - [24/Aug/2026:21:33:13 +0500] "GET /uz/?r=r9e9p4o7s8e2r0752 HTTP/1.1" 508 288 "https://eskijuva-bozori.uz/?r=r9e9p4o7s8e2r0752" "Mozilla/5.0 AppleWebKit/537.36 (KHTML, like Gecko; compatible; ClaudeBot/1.0; +claudebot@anthropic.com)"
34.10.180.98 - - [24/Aug/2026:21:33:20 +0500] "GET /uz/component/users/?Itemid=117 HTTP/1.1" 200 63738 "-" "Mozilla/5.0 (Macintosh; Intel Mac OS X 10_15_7) AppleWebKit/537.36 (KHTML, like Gecko) Chrome/120.0.0.0 Safari/537.36"
216.73.216.101 - - [24/Aug/2026:21:34:57 +0500] "GET /shops/atomisation/e9f8f8u0s4i9o7n672 HTTP/1.1" 301 - "-" "Mozilla/5.0 AppleWebKit/537.36 (KHTML, like Gecko; compatible; ClaudeBot/1.0; +claudebot@anthropic.com)"
216.73.216.101 - - [24/Aug/2026:21:35:01 +0500] "GET /uz/shops/atomisation/e9f8f8u0s4i9o7n672 HTTP/1.1" 404 1216 "https://eskijuva-bozori.uz/shops/atomisation/e9f8f8u0s4i9o7n672" "Mozilla/5.0 AppleWebKit/537.36 (KHTML, like Gecko; compatible; ClaudeBot/1.0; +claudebot@anthropic.com)"
216.73.216.101 - - [24/Aug/2026:21:35:06 +0500] "GET /echinodermal/b9u2c8k8e6d700696 HTTP/1.1" 301 - "-" "Mozilla/5.0 AppleWebKit/537.36 (KHTML, like Gecko; compatible; ClaudeBot/1.0; +claudebot@anthropic.com)"
216.73.216.101 - - [24/Aug/2026:21:35:10 +0500] "GET /uz/echinodermal/b9u2c8k8e6d700696 HTTP/1.1" 404 1216 "https://eskijuva-bozori.uz/echinodermal/b9u2c8k8e6d700696" "Mozilla/5.0 AppleWebKit/537.36 (KHTML, like Gecko; compatible; ClaudeBot/1.0; +claudebot@anthropic.com)"
34.10.180.98 - - [24/Aug/2026:21:35:26 +0500] "GET /ru/facts-rus HTTP/1.1" 200 67242 "-" "Mozilla/5.0 (Macintosh; Intel Mac OS X 10_15_7) AppleWebKit/537.36 (KHTML, like Gecko) Chrome/120.0.0.0 Safari/537.36"
216.73.216.101 - - [24/Aug/2026:21:35:42 +0500] "GET /shops/brewing/r9o1c1o7c9o312231 HTTP/1.1" 301 - "-" "Mozilla/5.0 AppleWebKit/537.36 (KHTML, like Gecko; compatible; ClaudeBot/1.0; +claudebot@anthropic.com)"
216.73.216.101 - - [24/Aug/2026:21:35:47 +0500] "GET /uz/shops/brewing/r9o1c1o7c9o312231 HTTP/1.1" 404 1216 "https://eskijuva-bozori.uz/shops/brewing/r9o1c1o7c9o312231" "Mozilla/5.0 AppleWebKit/537.36 (KHTML, like Gecko; compatible; ClaudeBot/1.0; +claudebot@anthropic.com)"
185.191.171.12 - - [24/Aug/2026:21:36:00 +0500] "GET /uz/?function=call_user_func_array&s=index%2Fthink%5C%5C%5C%5C%5C%5C%5C%5C%5C%5C%5C%5C%5C%5C%5C%5C%5C%5C%5C%5C%5C%5C%5C%5C%5C%5C%5C%5C%5C%5C%5C%5C%5C%5C%5C%5C%5C%5C%5C%5C%5C%5C%5C%5C%5C%5C%5C%5C%5C%5C%5C%5C%5C%5C%5C%5C%5C%5C%5C%5C%5C%5C%5C%5Capp%2Finvokefunction&start=36&vars%5B0%5D=phpinfo&vars%5B1%5D%5B0%5D=1 HTTP/1.1" 200 71685 "-" "Mozilla/5.0 (compatible; SemrushBot/7~bl; +http://www.semrush.com/bot.html)"
185.191.171.1 - - [24/Aug/2026:21:36:12 +0500] "GET /uz/?amp%3Bstart=48&function=call_user_func_array&start=48&vars%5B1%5D%5B0%5D=1 HTTP/1.1" 200 68755 "-" "Mozilla/5.0 (compatible; SemrushBot/7~bl; +http://www.semrush.com/bot.html)"
34.56.53.225 - - [24/Aug/2026:21:36:40 +0500] "GET /uz/officially-uzb/work-performed-uz?template=accessibility HTTP/1.1" 200 26319 "-" "Mozilla/5.0 (Macintosh; Intel Mac OS X 10_15_7) AppleWebKit/537.36 (KHTML, like Gecko) Chrome/120.0.0.0 Safari/537.36"
85.208.96.212 - - [24/Aug/2026:21:36:50 +0500] "GET /ru/?start=4&template=yoo_master2 HTTP/1.1" 200 65556 "-" "Mozilla/5.0 (compatible; SemrushBot/7~bl; +http://www.semrush.com/bot.html)"
185.191.171.14 - - [24/Aug/2026:21:37:16 +0500] "GET /ru/about-org-rus/strategy-rus/11-russian/about-org-rus HTTP/1.1" 200 61109 "-" "Mozilla/5.0 (compatible; SemrushBot/7~bl; +http://www.semrush.com/bot.html)"
216.73.216.101 - - [24/Aug/2026:21:38:25 +0500] "GET /robots.txt HTTP/1.1" 200 111 "-" "Mozilla/5.0 AppleWebKit/537.36 (KHTML, like Gecko; compatible; ClaudeBot/1.0; +claudebot@anthropic.com)"
216.73.216.101 - - [24/Aug/2026:21:38:25 +0500] "GET /?r=d9o7d5i6p4a0t7e812 HTTP/1.1" 508 288 "-" "Mozilla/5.0 AppleWebKit/537.36 (KHTML, like Gecko; compatible; ClaudeBot/1.0; +claudebot@anthropic.com)"
85.208.96.197 - - [24/Aug/2026:21:38:49 +0500] "GET /ru/facts-rus?start=15&template=accessibility HTTP/1.1" 200 37682 "-" "Mozilla/5.0 (compatible; SemrushBot/7~bl; +http://www.semrush.com/bot.html)"
216.73.217.53 - - [24/Aug/2026:21:38:54 +0500] "GET /uz/?destination=node&start=8 HTTP/1.1" 200 67622 "-" "Mozilla/5.0 AppleWebKit/537.36 (KHTML, like Gecko; compatible; ClaudeBot/1.0; +claudebot@anthropic.com)"
216.73.216.101 - - [24/Aug/2026:21:39:06 +0500] "GET /shops/nonobjective/n9o7l9d5e263082 HTTP/1.1" 301 - "-" "Mozilla/5.0 AppleWebKit/537.36 (KHTML, like Gecko; compatible; ClaudeBot/1.0; +claudebot@anthropic.com)"
216.73.216.101 - - [24/Aug/2026:21:39:10 +0500] "GET /uz/shops/nonobjective/n9o7l9d5e263082 HTTP/1.1" 404 1216 "https://eskijuva-bozori.uz/shops/nonobjective/n9o7l9d5e263082" "Mozilla/5.0 AppleWebKit/537.36 (KHTML, like Gecko; compatible; ClaudeBot/1.0; +claudebot@anthropic.com)"
216.73.217.53 - - [24/Aug/2026:21:39:18 +0500] "GET /uz/?destination=node&start=4 HTTP/1.1" 200 68288 "-" "Mozilla/5.0 AppleWebKit/537.36 (KHTML, like Gecko; compatible; ClaudeBot/1.0; +claudebot@anthropic.com)"
216.73.217.53 - - [24/Aug/2026:21:39:25 +0500] "GET /ru/facts-rus?format=feed&template=accessibility&type=atom HTTP/1.1" 200 15694 "-" "Mozilla/5.0 AppleWebKit/537.36 (KHTML, like Gecko; compatible; ClaudeBot/1.0; +claudebot@anthropic.com)"
216.73.217.53 - - [24/Aug/2026:21:39:37 +0500] "GET /uz/interactive-uzb/faq-uzb?template=yoo_master2 HTTP/1.1" 200 61888 "-" "Mozilla/5.0 AppleWebKit/537.36 (KHTML, like Gecko; compatible; ClaudeBot/1.0; +claudebot@anthropic.com)"
216.73.216.101 - - [24/Aug/2026:21:39:41 +0500] "GET /rhythmic/safekeeping/93518044528 HTTP/1.1" 301 - "-" "Mozilla/5.0 AppleWebKit/537.36 (KHTML, like Gecko; compatible; ClaudeBot/1.0; +claudebot@anthropic.com)"
216.73.216.101 - - [24/Aug/2026:21:39:46 +0500] "GET /uz/rhythmic/safekeeping/93518044528 HTTP/1.1" 404 1216 "https://eskijuva-bozori.uz/rhythmic/safekeeping/93518044528" "Mozilla/5.0 AppleWebKit/537.36 (KHTML, like Gecko; compatible; ClaudeBot/1.0; +claudebot@anthropic.com)"
216.73.217.53 - - [24/Aug/2026:21:39:46 +0500] "GET /ru/info-for-shareholders-rus/277-kpe-3-2019-ej HTTP/1.1" 200 56105 "-" "Mozilla/5.0 AppleWebKit/537.36 (KHTML, like Gecko; compatible; ClaudeBot/1.0; +claudebot@anthropic.com)"
216.73.216.101 - - [24/Aug/2026:21:39:53 +0500] "GET /enthronization/v9a2l4v9a8l342111 HTTP/1.1" 301 - "-" "Mozilla/5.0 AppleWebKit/537.36 (KHTML, like Gecko; compatible; ClaudeBot/1.0; +claudebot@anthropic.com)"
216.73.216.101 - - [24/Aug/2026:21:39:59 +0500] "GET /uz/enthronization/v9a2l4v9a8l342111 HTTP/1.1" 404 1216 "https://eskijuva-bozori.uz/enthronization/v9a2l4v9a8l342111" "Mozilla/5.0 AppleWebKit/537.36 (KHTML, like Gecko; compatible; ClaudeBot/1.0; +claudebot@anthropic.com)"
216.73.217.53 - - [24/Aug/2026:21:39:58 +0500] "GET /ru/audit-rus?start=10 HTTP/1.1" 200 58549 "-" "Mozilla/5.0 AppleWebKit/537.36 (KHTML, like Gecko; compatible; ClaudeBot/1.0; +claudebot@anthropic.com)"
216.73.216.101 - - [24/Aug/2026:21:40:05 +0500] "GET /?r=c9a1r6n2o7s2a39565 HTTP/1.1" 301 - "-" "Mozilla/5.0 AppleWebKit/537.36 (KHTML, like Gecko; compatible; ClaudeBot/1.0; +claudebot@anthropic.com)"
216.73.217.53 - - [24/Aug/2026:21:40:07 +0500] "GET /ru/info-for-shareholders-rus/275-kpe-2-2019-ej HTTP/1.1" 200 55830 "-" "Mozilla/5.0 AppleWebKit/537.36 (KHTML, like Gecko; compatible; ClaudeBot/1.0; +claudebot@anthropic.com)"
216.73.216.101 - - [24/Aug/2026:21:40:08 +0500] "GET /uz/?r=c9a1r6n2o7s2a39565 HTTP/1.1" 200 68363 "https://eskijuva-bozori.uz/?r=c9a1r6n2o7s2a39565" "Mozilla/5.0 AppleWebKit/537.36 (KHTML, like Gecko; compatible; ClaudeBot/1.0; +claudebot@anthropic.com)"
216.73.216.101 - - [24/Aug/2026:21:40:16 +0500] "GET /deserting/postboy/92323104523 HTTP/1.1" 301 - "-" "Mozilla/5.0 AppleWebKit/537.36 (KHTML, like Gecko; compatible; ClaudeBot/1.0; +claudebot@anthropic.com)"
216.73.217.53 - - [24/Aug/2026:21:40:16 +0500] "GET /ru/votes-rus/340-poll-02-04-2021 HTTP/1.1" 200 55942 "-" "Mozilla/5.0 AppleWebKit/537.36 (KHTML, like Gecko; compatible; ClaudeBot/1.0; +claudebot@anthropic.com)"
216.73.216.101 - - [24/Aug/2026:21:40:22 +0500] "GET /uz/deserting/postboy/92323104523 HTTP/1.1" 404 1216 "https://eskijuva-bozori.uz/deserting/postboy/92323104523" "Mozilla/5.0 AppleWebKit/537.36 (KHTML, like Gecko; compatible; ClaudeBot/1.0; +claudebot@anthropic.com)"
216.73.216.101 - - [24/Aug/2026:21:40:29 +0500] "GET /shops/dilection/i9m2p8r1o7m9p8t3u730 HTTP/1.1" 301 - "-" "Mozilla/5.0 AppleWebKit/537.36 (KHTML, like Gecko; compatible; ClaudeBot/1.0; +claudebot@anthropic.com)"
216.73.217.53 - - [24/Aug/2026:21:40:40 +0500] "GET /ru/component/search/?Itemid=121&format=opensearch HTTP/1.1" 508 288 "-" "Mozilla/5.0 AppleWebKit/537.36 (KHTML, like Gecko; compatible; ClaudeBot/1.0; +claudebot@anthropic.com)"
216.73.217.53 - - [24/Aug/2026:21:40:28 +0500] "GET /ru/info-for-shareholders-rus/256-kpe-4-2018-ej HTTP/1.1" 200 55842 "-" "Mozilla/5.0 AppleWebKit/537.36 (KHTML, like Gecko; compatible; ClaudeBot/1.0; +claudebot@anthropic.com)"
216.73.217.53 - - [24/Aug/2026:21:40:45 +0500] "GET /ru/news-rus?format=feed&template=accessibility&type=atom HTTP/1.1" 508 288 "-" "Mozilla/5.0 AppleWebKit/537.36 (KHTML, like Gecko; compatible; ClaudeBot/1.0; +claudebot@anthropic.com)"
216.73.216.101 - - [24/Aug/2026:21:40:38 +0500] "GET /uz/shops/dilection/i9m2p8r1o7m9p8t3u730 HTTP/1.1" 404 1216 "https://eskijuva-bozori.uz/shops/dilection/i9m2p8r1o7m9p8t3u730" "Mozilla/5.0 AppleWebKit/537.36 (KHTML, like Gecko; compatible; ClaudeBot/1.0; +claudebot@anthropic.com)"
216.73.216.101 - - [24/Aug/2026:21:40:43 +0500] "GET /shops/interstratify/c9h1i2f8f1294726 HTTP/1.1" 301 - "-" "Mozilla/5.0 AppleWebKit/537.36 (KHTML, like Gecko; compatible; ClaudeBot/1.0; +claudebot@anthropic.com)"
216.73.216.101 - - [24/Aug/2026:21:40:50 +0500] "GET /uz/shops/interstratify/c9h1i2f8f1294726 HTTP/1.1" 508 288 "https://eskijuva-bozori.uz/shops/interstratify/c9h1i2f8f1294726" "Mozilla/5.0 AppleWebKit/537.36 (KHTML, like Gecko; compatible; ClaudeBot/1.0; +claudebot@anthropic.com)"
216.73.216.101 - - [24/Aug/2026:21:40:48 +0500] "GET /shops/epitheca/p9e1r7i9t4r6i7c7h3a82 HTTP/1.1" 301 - "-" "Mozilla/5.0 AppleWebKit/537.36 (KHTML, like Gecko; compatible; ClaudeBot/1.0; +claudebot@anthropic.com)"
216.73.217.53 - - [24/Aug/2026:21:40:52 +0500] "GET /ru/info-for-shareholders-rus/350-kpe-3-2021 HTTP/1.1" 200 55913 "-" "Mozilla/5.0 AppleWebKit/537.36 (KHTML, like Gecko; compatible; ClaudeBot/1.0; +claudebot@anthropic.com)"
216.73.216.101 - - [24/Aug/2026:21:40:54 +0500] "GET /uz/shops/epitheca/p9e1r7i9t4r6i7c7h3a82 HTTP/1.1" 404 1216 "https://eskijuva-bozori.uz/shops/epitheca/p9e1r7i9t4r6i7c7h3a82" "Mozilla/5.0 AppleWebKit/537.36 (KHTML, like Gecko; compatible; ClaudeBot/1.0; +claudebot@anthropic.com)"
216.73.216.101 - - [24/Aug/2026:21:41:00 +0500] "GET /shops/esopian/d9i1c7e2n2t6r0a2007 HTTP/1.1" 301 - "-" "Mozilla/5.0 AppleWebKit/537.36 (KHTML, like Gecko; compatible; ClaudeBot/1.0; +claudebot@anthropic.com)"
216.73.216.101 - - [24/Aug/2026:21:41:06 +0500] "GET /uz/shops/esopian/d9i1c7e2n2t6r0a2007 HTTP/1.1" 508 288 "https://eskijuva-bozori.uz/shops/esopian/d9i1c7e2n2t6r0a2007" "Mozilla/5.0 AppleWebKit/537.36 (KHTML, like Gecko; compatible; ClaudeBot/1.0; +claudebot@anthropic.com)"
85.208.96.202 - - [24/Aug/2026:21:41:06 +0500] "GET /uz/?rest_route=%2Fwqc%2Fv1%2Fquery&start=32 HTTP/1.1" 508 288 "-" "Mozilla/5.0 (compatible; SemrushBot/7~bl; +http://www.semrush.com/bot.html)"
216.73.217.53 - - [24/Aug/2026:21:41:13 +0500] "GET /ru/component/search/?Itemid=283&format=opensearch&template=accessibility HTTP/1.1" 508 288 "-" "Mozilla/5.0 AppleWebKit/537.36 (KHTML, like Gecko; compatible; ClaudeBot/1.0; +claudebot@anthropic.com)"
216.73.217.53 - - [24/Aug/2026:21:41:03 +0500] "GET /ru/about-org-rus/direction-rus?template=accessibility HTTP/1.1" 200 30795 "-" "Mozilla/5.0 AppleWebKit/537.36 (KHTML, like Gecko; compatible; ClaudeBot/1.0; +claudebot@anthropic.com)"
216.73.216.101 - - [24/Aug/2026:21:41:09 +0500] "GET /zaptieh/undramatic/92640132367 HTTP/1.1" 301 - "-" "Mozilla/5.0 AppleWebKit/537.36 (KHTML, like Gecko; compatible; ClaudeBot/1.0; +claudebot@anthropic.com)"
20.196.209.81 - - [24/Aug/2026:21:41:15 +0500] "GET / HTTP/1.1" 508 288 "-" "Mozilla/5.0 (Windows NT 10.0; Win64; x64) AppleWebKit/537.36 (KHTML, like Gecko) Chrome/120.0.0.0 Safari/537.36"
216.73.216.101 - - [24/Aug/2026:21:41:15 +0500] "GET /uz/zaptieh/undramatic/92640132367 HTTP/1.1" 404 1216 "https://eskijuva-bozori.uz/zaptieh/undramatic/92640132367" "Mozilla/5.0 AppleWebKit/537.36 (KHTML, like Gecko; compatible; ClaudeBot/1.0; +claudebot@anthropic.com)"
216.73.216.101 - - [24/Aug/2026:21:41:25 +0500] "GET /shops/cuneate/n9o1t6o7d1o6n4t0i6a2n HTTP/1.1" 508 288 "-" "Mozilla/5.0 AppleWebKit/537.36 (KHTML, like Gecko; compatible; ClaudeBot/1.0; +claudebot@anthropic.com)"
216.73.216.101 - - [24/Aug/2026:21:41:20 +0500] "GET /shops/oilfish/g9e3n9t5i2a0n1a1c7e7o7us HTTP/1.1" 301 - "-" "Mozilla/5.0 AppleWebKit/537.36 (KHTML, like Gecko; compatible; ClaudeBot/1.0; +claudebot@anthropic.com)"
216.73.217.53 - - [24/Aug/2026:21:41:19 +0500] "GET /ru/facts-rus?start=60&template=accessibility HTTP/1.1" 200 37510 "-" "Mozilla/5.0 AppleWebKit/537.36 (KHTML, like Gecko; compatible; ClaudeBot/1.0; +claudebot@anthropic.com)"
216.73.216.101 - - [24/Aug/2026:21:41:28 +0500] "GET /?r=r9e3p4r0o7a9c3h3e0d17 HTTP/1.1" 301 - "-" "Mozilla/5.0 AppleWebKit/537.36 (KHTML, like Gecko; compatible; ClaudeBot/1.0; +claudebot@anthropic.com)"
216.73.216.101 - - [24/Aug/2026:21:41:27 +0500] "GET /uz/shops/oilfish/g9e3n9t5i2a0n1a1c7e7o7us HTTP/1.1" 404 1216 "https://eskijuva-bozori.uz/shops/oilfish/g9e3n9t5i2a0n1a1c7e7o7us" "Mozilla/5.0 AppleWebKit/537.36 (KHTML, like Gecko; compatible; ClaudeBot/1.0; +claudebot@anthropic.com)"
216.73.216.101 - - [24/Aug/2026:21:41:41 +0500] "GET /shops/euchroite/m9o7n4o9s6u4l0p9h3ide HTTP/1.1" 508 288 "-" "Mozilla/5.0 AppleWebKit/537.36 (KHTML, like Gecko; compatible; ClaudeBot/1.0; +claudebot@anthropic.com)"
216.73.217.53 - - [24/Aug/2026:21:41:31 +0500] "GET /ru/facts-rus?start=75&template=accessibility HTTP/1.1" 200 36934 "-" "Mozilla/5.0 AppleWebKit/537.36 (KHTML, like Gecko; compatible; ClaudeBot/1.0; +claudebot@anthropic.com)"
216.73.216.101 - - [24/Aug/2026:21:41:34 +0500] "GET /uz/?r=r9e3p4r0o7a9c3h3e0d17 HTTP/1.1" 200 68366 "https://eskijuva-bozori.uz/?r=r9e3p4r0o7a9c3h3e0d17" "Mozilla/5.0 AppleWebKit/537.36 (KHTML, like Gecko; compatible; ClaudeBot/1.0; +claudebot@anthropic.com)"
216.73.217.53 - - [24/Aug/2026:21:41:43 +0500] "GET /ru/votes-rus/431-bayon-osa-01-04-2024-pdf HTTP/1.1" 200 54912 "-" "Mozilla/5.0 AppleWebKit/537.36 (KHTML, like Gecko; compatible; ClaudeBot/1.0; +claudebot@anthropic.com)"
216.73.217.53 - - [24/Aug/2026:21:41:54 +0500] "GET /ru/votes-rus/459-bayon-osa-15-04-2025-ej-pdf HTTP/1.1" 508 288 "-" "Mozilla/5.0 AppleWebKit/537.36 (KHTML, like Gecko; compatible; ClaudeBot/1.0; +claudebot@anthropic.com)"
216.73.217.53 - - [24/Aug/2026:21:42:01 +0500] "GET /ru/facts-rus?format=feed&ismobile=1&type=rss HTTP/1.1" 200 10789 "-" "Mozilla/5.0 AppleWebKit/537.36 (KHTML, like Gecko; compatible; ClaudeBot/1.0; +claudebot@anthropic.com)"
216.73.216.101 - - [24/Aug/2026:21:42:06 +0500] "GET /carabineer/v9e1n8d5u4e71591 HTTP/1.1" 301 - "-" "Mozilla/5.0 AppleWebKit/537.36 (KHTML, like Gecko; compatible; ClaudeBot/1.0; +claudebot@anthropic.com)"
216.73.216.101 - - [24/Aug/2026:21:42:12 +0500] "GET /uz/carabineer/v9e1n8d5u4e71591 HTTP/1.1" 404 1216 "https://eskijuva-bozori.uz/carabineer/v9e1n8d5u4e71591" "Mozilla/5.0 AppleWebKit/537.36 (KHTML, like Gecko; compatible; ClaudeBot/1.0; +claudebot@anthropic.com)"
216.73.216.101 - - [24/Aug/2026:21:42:17 +0500] "GET /shops/tipstaff/r9o2s9e1r2e7d89700 HTTP/1.1" 301 - "-" "Mozilla/5.0 AppleWebKit/537.36 (KHTML, like Gecko; compatible; ClaudeBot/1.0; +claudebot@anthropic.com)"
102.207.130.145 - - [24/Aug/2026:21:42:17 +0500] "GET /uz/?author=14&start=40 HTTP/1.1" 200 68437 "-" "Mozilla/5.0 (Macintosh; Intel Mac OS X 11.6; rv:129.0) Gecko/20100101 Firefox/129.0"
216.73.216.101 - - [24/Aug/2026:21:42:21 +0500] "GET /uz/shops/tipstaff/r9o2s9e1r2e7d89700 HTTP/1.1" 404 1216 "https://eskijuva-bozori.uz/shops/tipstaff/r9o2s9e1r2e7d89700" "Mozilla/5.0 AppleWebKit/537.36 (KHTML, like Gecko; compatible; ClaudeBot/1.0; +claudebot@anthropic.com)"
216.73.216.101 - - [24/Aug/2026:21:42:29 +0500] "GET /?r=e9s3g4u8a2r2d36702 HTTP/1.1" 301 - "-" "Mozilla/5.0 AppleWebKit/537.36 (KHTML, like Gecko; compatible; ClaudeBot/1.0; +claudebot@anthropic.com)"
216.73.216.101 - - [24/Aug/2026:21:42:39 +0500] "GET /shops/communalist/d9e2c0a8g8r2a0m3m9u4s3 HTTP/1.1" 508 288 "-" "Mozilla/5.0 AppleWebKit/537.36 (KHTML, like Gecko; compatible; ClaudeBot/1.0; +claudebot@anthropic.com)"
216.73.216.101 - - [24/Aug/2026:21:42:34 +0500] "GET /uz/?r=e9s3g4u8a2r2d36702 HTTP/1.1" 200 68363 "https://eskijuva-bozori.uz/?r=e9s3g4u8a2r2d36702" "Mozilla/5.0 AppleWebKit/537.36 (KHTML, like Gecko; compatible; ClaudeBot/1.0; +claudebot@anthropic.com)"
216.73.216.101 - - [24/Aug/2026:21:42:41 +0500] "GET /shops/procellarian/p9a1r8a9l8d8e2h4y4d6e7 HTTP/1.1" 301 - "-" "Mozilla/5.0 AppleWebKit/537.36 (KHTML, like Gecko; compatible; ClaudeBot/1.0; +claudebot@anthropic.com)"
216.73.216.101 - - [24/Aug/2026:21:42:49 +0500] "GET /connectedly/d9e3m1o2n5i0a0s1m821 HTTP/1.1" 301 - "-" "Mozilla/5.0 AppleWebKit/537.36 (KHTML, like Gecko; compatible; ClaudeBot/1.0; +claudebot@anthropic.com)"
216.73.216.101 - - [24/Aug/2026:21:42:47 +0500] "GET /uz/shops/procellarian/p9a1r8a9l8d8e2h4y4d6e7 HTTP/1.1" 404 1216 "https://eskijuva-bozori.uz/shops/procellarian/p9a1r8a9l8d8e2h4y4d6e7" "Mozilla/5.0 AppleWebKit/537.36 (KHTML, like Gecko; compatible; ClaudeBot/1.0; +claudebot@anthropic.com)"
216.73.216.101 - - [24/Aug/2026:21:42:55 +0500] "GET /uz/connectedly/d9e3m1o2n5i0a0s1m821 HTTP/1.1" 404 1216 "https://eskijuva-bozori.uz/connectedly/d9e3m1o2n5i0a0s1m821" "Mozilla/5.0 AppleWebKit/537.36 (KHTML, like Gecko; compatible; ClaudeBot/1.0; +claudebot@anthropic.com)"
216.73.216.101 - - [24/Aug/2026:21:43:01 +0500] "GET /?r=e9t3u6d4e508999 HTTP/1.1" 301 - "-" "Mozilla/5.0 AppleWebKit/537.36 (KHTML, like Gecko; compatible; ClaudeBot/1.0; +claudebot@anthropic.com)"
216.73.216.101 - - [24/Aug/2026:21:43:06 +0500] "GET /?r=l9a8n6c5e9d62835 HTTP/1.1" 301 - "-" "Mozilla/5.0 AppleWebKit/537.36 (KHTML, like Gecko; compatible; ClaudeBot/1.0; +claudebot@anthropic.com)"
216.73.216.101 - - [24/Aug/2026:21:43:06 +0500] "GET /uz/?r=e9t3u6d4e508999 HTTP/1.1" 200 68360 "https://eskijuva-bozori.uz/?r=e9t3u6d4e508999" "Mozilla/5.0 AppleWebKit/537.36 (KHTML, like Gecko; compatible; ClaudeBot/1.0; +claudebot@anthropic.com)"
216.73.216.101 - - [24/Aug/2026:21:43:10 +0500] "GET /uz/?r=l9a8n6c5e9d62835 HTTP/1.1" 200 68361 "https://eskijuva-bozori.uz/?r=l9a8n6c5e9d62835" "Mozilla/5.0 AppleWebKit/537.36 (KHTML, like Gecko; compatible; ClaudeBot/1.0; +claudebot@anthropic.com)"
216.73.216.101 - - [24/Aug/2026:21:43:18 +0500] "GET /?r=d9e5p9r6e5c4a2b5l2e3 HTTP/1.1" 301 - "-" "Mozilla/5.0 AppleWebKit/537.36 (KHTML, like Gecko; compatible; ClaudeBot/1.0; +claudebot@anthropic.com)"
216.73.216.101 - - [24/Aug/2026:21:43:24 +0500] "GET /uz/?r=d9e5p9r6e5c4a2b5l2e3 HTTP/1.1" 200 68365 "https://eskijuva-bozori.uz/?r=d9e5p9r6e5c4a2b5l2e3" "Mozilla/5.0 AppleWebKit/537.36 (KHTML, like Gecko; compatible; ClaudeBot/1.0; +claudebot@anthropic.com)"
216.73.216.101 - - [24/Aug/2026:21:43:30 +0500] "GET /?r=s9l1a8k2e0d94902 HTTP/1.1" 301 - "-" "Mozilla/5.0 AppleWebKit/537.36 (KHTML, like Gecko; compatible; ClaudeBot/1.0; +claudebot@anthropic.com)"
216.73.216.101 - - [24/Aug/2026:21:43:34 +0500] "GET /uz/?r=s9l1a8k2e0d94902 HTTP/1.1" 200 68361 "https://eskijuva-bozori.uz/?r=s9l1a8k2e0d94902" "Mozilla/5.0 AppleWebKit/537.36 (KHTML, like Gecko; compatible; ClaudeBot/1.0; +claudebot@anthropic.com)"
216.73.216.101 - - [24/Aug/2026:21:43:38 +0500] "GET /sapientially/b9a3r1m4c8l7o6t2h696 HTTP/1.1" 301 - "-" "Mozilla/5.0 AppleWebKit/537.36 (KHTML, like Gecko; compatible; ClaudeBot/1.0; +claudebot@anthropic.com)"
216.73.216.101 - - [24/Aug/2026:21:43:43 +0500] "GET /uz/sapientially/b9a3r1m4c8l7o6t2h696 HTTP/1.1" 404 1216 "https://eskijuva-bozori.uz/sapientially/b9a3r1m4c8l7o6t2h696" "Mozilla/5.0 AppleWebKit/537.36 (KHTML, like Gecko; compatible; ClaudeBot/1.0; +claudebot@anthropic.com)"
216.73.216.101 - - [24/Aug/2026:21:43:49 +0500] "GET /shops/cucullata/f9o1r6c1e1s99636 HTTP/1.1" 301 - "-" "Mozilla/5.0 AppleWebKit/537.36 (KHTML, like Gecko; compatible; ClaudeBot/1.0; +claudebot@anthropic.com)"
35.254.159.230 - - [24/Aug/2026:21:43:54 +0500] "GET /docs/reports/2021/balans-2-1-2021.xls HTTP/1.1" 200 44544 "-" "Mozilla/5.0 (Macintosh; Intel Mac OS X 10_15_7) AppleWebKit/537.36 (KHTML, like Gecko) Chrome/120.0.0.0 Safari/537.36"
