216.73.216.183 - - [25/Aug/2026:01:32:57 +0500] "GET /uz/shops/desinential/c3h2i2c1o5t926717 HTTP/1.1" 404 1248 "https://www.eskijuva-bozori.uz.uzbekgidroenergoqurilish.uz/shops/desinential/c3h2i2c1o5t926717" "Mozilla/5.0 AppleWebKit/537.36 (KHTML, like Gecko; compatible; ClaudeBot/1.0; +claudebot@anthropic.com)"
54.37.252.119 - - [25/Aug/2026:01:33:04 +0500] "GET /uz/?r=e4d2u9c8a4t8i3o6n6a3l9ist HTTP/1.1" 200 68349 "-" "Mozilla/5.0 (compatible; MJ12bot/v1.4.8; http://mj12bot.com/)"
216.73.216.183 - - [25/Aug/2026:01:33:06 +0500] "GET /shops/perished/p3o1s6t4i0l0l7a3t8o7r9 HTTP/1.1" 301 - "-" "Mozilla/5.0 AppleWebKit/537.36 (KHTML, like Gecko; compatible; ClaudeBot/1.0; +claudebot@anthropic.com)"
216.73.216.183 - - [25/Aug/2026:01:33:08 +0500] "GET /uz/shops/perished/p3o1s6t4i0l0l7a3t8o7r9 HTTP/1.1" 404 1248 "https://www.eskijuva-bozori.uz.uzbekgidroenergoqurilish.uz/shops/perished/p3o1s6t4i0l0l7a3t8o7r9" "Mozilla/5.0 AppleWebKit/537.36 (KHTML, like Gecko; compatible; ClaudeBot/1.0; +claudebot@anthropic.com)"
54.37.252.119 - - [25/Aug/2026:01:33:10 +0500] "GET /uz/?r=e4d2u9c8a4t8i3o6n6a3l9ist&format=feed&type=atom HTTP/1.1" 200 8940 "-" "Mozilla/5.0 (compatible; MJ12bot/v1.4.8; http://mj12bot.com/)"
216.73.216.183 - - [25/Aug/2026:01:33:15 +0500] "GET /?%60=l3y1c0a7e8n9a20184 HTTP/1.1" 301 - "-" "Mozilla/5.0 AppleWebKit/537.36 (KHTML, like Gecko; compatible; ClaudeBot/1.0; +claudebot@anthropic.com)"
54.37.252.119 - - [25/Aug/2026:01:33:16 +0500] "GET /uz/?r=e4d2u9c8a4t8i3o6n6a3l9ist&format=feed&type=rss HTTP/1.1" 200 5815 "-" "Mozilla/5.0 (compatible; MJ12bot/v1.4.8; http://mj12bot.com/)"
216.73.216.183 - - [25/Aug/2026:01:33:18 +0500] "GET /uz/?%60=l3y1c0a7e8n9a20184 HTTP/1.1" 200 68540 "https://www.eskijuva-bozori.uz.uzbekgidroenergoqurilish.uz/?%60=l3y1c0a7e8n9a20184" "Mozilla/5.0 AppleWebKit/537.36 (KHTML, like Gecko; compatible; ClaudeBot/1.0; +claudebot@anthropic.com)"
54.37.252.119 - - [25/Aug/2026:01:33:22 +0500] "GET /uz/?r=e4d2u9c8a4t8i3o6n6a3l9ist&start=12 HTTP/1.1" 200 68074 "-" "Mozilla/5.0 (compatible; MJ12bot/v1.4.8; http://mj12bot.com/)"
216.73.216.183 - - [25/Aug/2026:01:33:28 +0500] "GET /?%60=b3i1c7a4m7e4r1a5l834 HTTP/1.1" 301 - "-" "Mozilla/5.0 AppleWebKit/537.36 (KHTML, like Gecko; compatible; ClaudeBot/1.0; +claudebot@anthropic.com)"
54.37.252.119 - - [25/Aug/2026:01:33:28 +0500] "GET /uz/?r=e4d2u9c8a4t8i3o6n6a3l9ist&start=16 HTTP/1.1" 200 67701 "-" "Mozilla/5.0 (compatible; MJ12bot/v1.4.8; http://mj12bot.com/)"
216.73.216.183 - - [25/Aug/2026:01:33:31 +0500] "GET /uz/?%60=b3i1c7a4m7e4r1a5l834 HTTP/1.1" 200 68542 "https://www.eskijuva-bozori.uz.uzbekgidroenergoqurilish.uz/?%60=b3i1c7a4m7e4r1a5l834" "Mozilla/5.0 AppleWebKit/537.36 (KHTML, like Gecko; compatible; ClaudeBot/1.0; +claudebot@anthropic.com)"
54.37.252.119 - - [25/Aug/2026:01:33:34 +0500] "GET /uz/?r=e4d2u9c8a4t8i3o6n6a3l9ist&start=20 HTTP/1.1" 200 68316 "-" "Mozilla/5.0 (compatible; MJ12bot/v1.4.8; http://mj12bot.com/)"
54.37.252.119 - - [25/Aug/2026:01:33:41 +0500] "GET /uz/?r=e4d2u9c8a4t8i3o6n6a3l9ist&start=4 HTTP/1.1" 200 68001 "-" "Mozilla/5.0 (compatible; MJ12bot/v1.4.8; http://mj12bot.com/)"
54.37.252.119 - - [25/Aug/2026:01:33:47 +0500] "GET /uz/?r=e4d2u9c8a4t8i3o6n6a3l9ist&start=40 HTTP/1.1" 200 68723 "-" "Mozilla/5.0 (compatible; MJ12bot/v1.4.8; http://mj12bot.com/)"
54.37.252.119 - - [25/Aug/2026:01:33:53 +0500] "GET /uz/?r=e4d2u9c8a4t8i3o6n6a3l9ist&start=44 HTTP/1.1" 200 69609 "-" "Mozilla/5.0 (compatible; MJ12bot/v1.4.8; http://mj12bot.com/)"
54.37.252.119 - - [25/Aug/2026:01:33:59 +0500] "GET /uz/?r=e4d2u9c8a4t8i3o6n6a3l9ist&start=48 HTTP/1.1" 200 68783 "-" "Mozilla/5.0 (compatible; MJ12bot/v1.4.8; http://mj12bot.com/)"
54.37.252.119 - - [25/Aug/2026:01:34:05 +0500] "GET /uz/?r=e4d2u9c8a4t8i3o6n6a3l9ist&start=52 HTTP/1.1" 200 69653 "-" "Mozilla/5.0 (compatible; MJ12bot/v1.4.8; http://mj12bot.com/)"
54.37.252.119 - - [25/Aug/2026:01:34:12 +0500] "GET /uz/?r=n9o3n5n1e6c4e1s8s2i0t5y HTTP/1.1" 200 68347 "-" "Mozilla/5.0 (compatible; MJ12bot/v1.4.8; http://mj12bot.com/)"
54.37.252.119 - - [25/Aug/2026:01:34:18 +0500] "GET /uz/?r=n9o3n5n1e6c4e1s8s2i0t5y&start=16 HTTP/1.1" 200 67699 "-" "Mozilla/5.0 (compatible; MJ12bot/v1.4.8; http://mj12bot.com/)"
54.37.252.119 - - [25/Aug/2026:01:34:24 +0500] "GET /uz/?start=48 HTTP/1.1" 200 69010 "-" "Mozilla/5.0 (compatible; MJ12bot/v1.4.8; http://mj12bot.com/)"
200.10.34.97 - - [25/Aug/2026:01:34:30 +0500] "GET /robots.txt HTTP/1.1" 200 111 "-" "Mozilla/5.0 AppleWebKit/537.36 (KHTML, like Gecko); compatible; SEOJuice-SearchBot/1.0; +https://seojuice.io/bot"
200.10.34.97 - - [25/Aug/2026:01:34:30 +0500] "GET /llms.txt HTTP/1.1" 301 - "-" "Mozilla/5.0 AppleWebKit/537.36 (KHTML, like Gecko); compatible; SEOJuice-SearchBot/1.0; +https://seojuice.io/bot"
200.10.34.97 - - [25/Aug/2026:01:34:34 +0500] "GET /uz/llms.txt HTTP/1.1" 404 1216 "https://eskijuva-bozori.uz/llms.txt" "Mozilla/5.0 AppleWebKit/537.36 (KHTML, like Gecko); compatible; SEOJuice-SearchBot/1.0; +https://seojuice.io/bot"
200.10.34.97 - - [25/Aug/2026:01:34:36 +0500] "GET /ai.txt HTTP/1.1" 301 - "-" "Mozilla/5.0 AppleWebKit/537.36 (KHTML, like Gecko); compatible; SEOJuice-SearchBot/1.0; +https://seojuice.io/bot"
200.10.34.97 - - [25/Aug/2026:01:34:39 +0500] "GET /uz/ai.txt HTTP/1.1" 404 1216 "https://eskijuva-bozori.uz/ai.txt" "Mozilla/5.0 AppleWebKit/537.36 (KHTML, like Gecko); compatible; SEOJuice-SearchBot/1.0; +https://seojuice.io/bot"
200.10.34.97 - - [25/Aug/2026:01:34:41 +0500] "GET /uz/audit-uzb HTTP/1.1" 200 62729 "-" "Mozilla/5.0 AppleWebKit/537.36 (KHTML, like Gecko); compatible; SEOJuice-SearchBot/1.0; +https://seojuice.io/bot"
216.73.216.183 - - [25/Aug/2026:01:34:53 +0500] "GET /reguardant/s3h2a6p3e5l1i0e2r762 HTTP/1.1" 301 - "-" "Mozilla/5.0 AppleWebKit/537.36 (KHTML, like Gecko; compatible; ClaudeBot/1.0; +claudebot@anthropic.com)"
216.73.216.183 - - [25/Aug/2026:01:34:56 +0500] "GET /uz/reguardant/s3h2a6p3e5l1i0e2r762 HTTP/1.1" 404 1248 "https://www.eskijuva-bozori.uz.uzbekgidroenergoqurilish.uz/reguardant/s3h2a6p3e5l1i0e2r762" "Mozilla/5.0 AppleWebKit/537.36 (KHTML, like Gecko; compatible; ClaudeBot/1.0; +claudebot@anthropic.com)"
216.73.216.20 - - [25/Aug/2026:01:34:56 +0500] "GET /shops/stimulus/b9o2s0u9n6332959 HTTP/1.1" 301 - "-" "Mozilla/5.0 AppleWebKit/537.36 (KHTML, like Gecko; compatible; ClaudeBot/1.0; +claudebot@anthropic.com)"
54.37.252.119 - - [25/Aug/2026:01:34:56 +0500] "GET /uz/?template=yoo_master2&start=36 HTTP/1.1" 200 69693 "-" "Mozilla/5.0 (compatible; MJ12bot/v1.4.8; http://mj12bot.com/)"
216.73.216.20 - - [25/Aug/2026:01:34:59 +0500] "GET /uz/shops/stimulus/b9o2s0u9n6332959 HTTP/1.1" 404 1216 "https://eskijuva-bozori.uz/shops/stimulus/b9o2s0u9n6332959" "Mozilla/5.0 AppleWebKit/537.36 (KHTML, like Gecko; compatible; ClaudeBot/1.0; +claudebot@anthropic.com)"
216.73.216.183 - - [25/Aug/2026:01:35:05 +0500] "GET /?%60=r3i1s9e8r7156285 HTTP/1.1" 301 - "-" "Mozilla/5.0 AppleWebKit/537.36 (KHTML, like Gecko; compatible; ClaudeBot/1.0; +claudebot@anthropic.com)"
216.73.216.183 - - [25/Aug/2026:01:35:08 +0500] "GET /uz/?%60=r3i1s9e8r7156285 HTTP/1.1" 200 68538 "https://www.eskijuva-bozori.uz.uzbekgidroenergoqurilish.uz/?%60=r3i1s9e8r7156285" "Mozilla/5.0 AppleWebKit/537.36 (KHTML, like Gecko; compatible; ClaudeBot/1.0; +claudebot@anthropic.com)"
54.37.252.119 - - [25/Aug/2026:01:35:08 +0500] "GET /uz/about-org-uzb/indexes-uzb/10-uzbek HTTP/1.1" 200 65317 "-" "Mozilla/5.0 (compatible; MJ12bot/v1.4.8; http://mj12bot.com/)"
54.37.252.119 - - [25/Aug/2026:01:35:15 +0500] "GET /uz/about-org-uzb/indexes-uzb/18-uzbek/shareholders-uzb HTTP/1.1" 200 62273 "-" "Mozilla/5.0 (compatible; MJ12bot/v1.4.8; http://mj12bot.com/)"
216.73.216.183 - - [25/Aug/2026:01:35:17 +0500] "GET /?%60=t3a1m0t7a6m755594 HTTP/1.1" 301 - "-" "Mozilla/5.0 AppleWebKit/537.36 (KHTML, like Gecko; compatible; ClaudeBot/1.0; +claudebot@anthropic.com)"
34.56.53.225 - - [25/Aug/2026:01:35:17 +0500] "GET /uz/component/search/?Itemid=175&catid=31&format=opensearch&id=451 HTTP/1.1" 200 757 "-" "Mozilla/5.0 (Macintosh; Intel Mac OS X 10_15_7) AppleWebKit/537.36 (KHTML, like Gecko) Chrome/120.0.0.0 Safari/537.36"
216.73.216.183 - - [25/Aug/2026:01:35:20 +0500] "GET /uz/?%60=t3a1m0t7a6m755594 HTTP/1.1" 200 68539 "https://www.eskijuva-bozori.uz.uzbekgidroenergoqurilish.uz/?%60=t3a1m0t7a6m755594" "Mozilla/5.0 AppleWebKit/537.36 (KHTML, like Gecko; compatible; ClaudeBot/1.0; +claudebot@anthropic.com)"
216.73.216.20 - - [25/Aug/2026:01:35:20 +0500] "GET /shops/blissom/v9u4l1t0u6r1o7u2s264 HTTP/1.1" 301 - "-" "Mozilla/5.0 AppleWebKit/537.36 (KHTML, like Gecko; compatible; ClaudeBot/1.0; +claudebot@anthropic.com)"
216.73.216.20 - - [25/Aug/2026:01:35:23 +0500] "GET /uz/shops/blissom/v9u4l1t0u6r1o7u2s264 HTTP/1.1" 404 1216 "https://eskijuva-bozori.uz/shops/blissom/v9u4l1t0u6r1o7u2s264" "Mozilla/5.0 AppleWebKit/537.36 (KHTML, like Gecko; compatible; ClaudeBot/1.0; +claudebot@anthropic.com)"
216.73.216.183 - - [25/Aug/2026:01:35:25 +0500] "GET /proglottid/acherontia/s3t8a5i6n3e4d4458 HTTP/1.1" 301 - "-" "Mozilla/5.0 AppleWebKit/537.36 (KHTML, like Gecko; compatible; ClaudeBot/1.0; +claudebot@anthropic.com)"
216.73.216.183 - - [25/Aug/2026:01:35:28 +0500] "GET /uz/proglottid/acherontia/s3t8a5i6n3e4d4458 HTTP/1.1" 404 1248 "https://www.eskijuva-bozori.uz.uzbekgidroenergoqurilish.uz/proglottid/acherontia/s3t8a5i6n3e4d4458" "Mozilla/5.0 AppleWebKit/537.36 (KHTML, like Gecko; compatible; ClaudeBot/1.0; +claudebot@anthropic.com)"
54.37.252.119 - - [25/Aug/2026:01:35:34 +0500] "GET /uz/audit-uzb/10-uzbek?format=feed&type=atom HTTP/1.1" 200 20353 "-" "Mozilla/5.0 (compatible; MJ12bot/v1.4.8; http://mj12bot.com/)"
216.73.216.183 - - [25/Aug/2026:01:35:38 +0500] "GET /?%60=m3a9t6i4n291363 HTTP/1.1" 301 - "-" "Mozilla/5.0 AppleWebKit/537.36 (KHTML, like Gecko; compatible; ClaudeBot/1.0; +claudebot@anthropic.com)"
216.73.216.183 - - [25/Aug/2026:01:35:41 +0500] "GET /uz/?%60=m3a9t6i4n291363 HTTP/1.1" 200 68537 "https://www.eskijuva-bozori.uz.uzbekgidroenergoqurilish.uz/?%60=m3a9t6i4n291363" "Mozilla/5.0 AppleWebKit/537.36 (KHTML, like Gecko; compatible; ClaudeBot/1.0; +claudebot@anthropic.com)"
54.37.252.119 - - [25/Aug/2026:01:35:50 +0500] "GET /uz/audit-uzb/10-uzbek?format=feed&type=rss HTTP/1.1" 200 11226 "-" "Mozilla/5.0 (compatible; MJ12bot/v1.4.8; http://mj12bot.com/)"
216.73.216.183 - - [25/Aug/2026:01:35:55 +0500] "GET /?%60=s3o3r6t5a7b2l2y9393 HTTP/1.1" 301 - "-" "Mozilla/5.0 AppleWebKit/537.36 (KHTML, like Gecko; compatible; ClaudeBot/1.0; +claudebot@anthropic.com)"
216.73.216.183 - - [25/Aug/2026:01:35:59 +0500] "GET /uz/?%60=s3o3r6t5a7b2l2y9393 HTTP/1.1" 200 68541 "https://www.eskijuva-bozori.uz.uzbekgidroenergoqurilish.uz/?%60=s3o3r6t5a7b2l2y9393" "Mozilla/5.0 AppleWebKit/537.36 (KHTML, like Gecko; compatible; ClaudeBot/1.0; +claudebot@anthropic.com)"
216.73.216.20 - - [25/Aug/2026:01:36:01 +0500] "GET /?r=f9e3a2s2i4b9l5e9394 HTTP/1.1" 301 - "-" "Mozilla/5.0 AppleWebKit/537.36 (KHTML, like Gecko; compatible; ClaudeBot/1.0; +claudebot@anthropic.com)"
216.73.216.20 - - [25/Aug/2026:01:36:05 +0500] "GET /uz/?r=f9e3a2s2i4b9l5e9394 HTTP/1.1" 200 68315 "https://eskijuva-bozori.uz/?r=f9e3a2s2i4b9l5e9394" "Mozilla/5.0 AppleWebKit/537.36 (KHTML, like Gecko; compatible; ClaudeBot/1.0; +claudebot@anthropic.com)"
216.73.216.183 - - [25/Aug/2026:01:36:07 +0500] "GET /shops/nocake/a3m3e9l3c9o0r1n6695 HTTP/1.1" 301 - "-" "Mozilla/5.0 AppleWebKit/537.36 (KHTML, like Gecko; compatible; ClaudeBot/1.0; +claudebot@anthropic.com)"
54.37.252.119 - - [25/Aug/2026:01:36:08 +0500] "GET /uz/audit-uzb/10-uzbek?start=10 HTTP/1.1" 200 66802 "-" "Mozilla/5.0 (compatible; MJ12bot/v1.4.8; http://mj12bot.com/)"
216.73.216.183 - - [25/Aug/2026:01:36:10 +0500] "GET /uz/shops/nocake/a3m3e9l3c9o0r1n6695 HTTP/1.1" 404 1248 "https://www.eskijuva-bozori.uz.uzbekgidroenergoqurilish.uz/shops/nocake/a3m3e9l3c9o0r1n6695" "Mozilla/5.0 AppleWebKit/537.36 (KHTML, like Gecko; compatible; ClaudeBot/1.0; +claudebot@anthropic.com)"
216.73.216.183 - - [25/Aug/2026:01:36:19 +0500] "GET /?%60=r3e1b2u6c3o1u0s5938 HTTP/1.1" 301 - "-" "Mozilla/5.0 AppleWebKit/537.36 (KHTML, like Gecko; compatible; ClaudeBot/1.0; +claudebot@anthropic.com)"
54.37.252.119 - - [25/Aug/2026:01:36:21 +0500] "GET /uz/audit-uzb/10-uzbek?start=20 HTTP/1.1" 200 67493 "-" "Mozilla/5.0 (compatible; MJ12bot/v1.4.8; http://mj12bot.com/)"
216.73.216.183 - - [25/Aug/2026:01:36:21 +0500] "GET /uz/?%60=r3e1b2u6c3o1u0s5938 HTTP/1.1" 200 68541 "https://www.eskijuva-bozori.uz.uzbekgidroenergoqurilish.uz/?%60=r3e1b2u6c3o1u0s5938" "Mozilla/5.0 AppleWebKit/537.36 (KHTML, like Gecko; compatible; ClaudeBot/1.0; +claudebot@anthropic.com)"
216.73.216.20 - - [25/Aug/2026:01:36:25 +0500] "GET /?r=d9i4a1b0a2t5i3c5983 HTTP/1.1" 301 - "-" "Mozilla/5.0 AppleWebKit/537.36 (KHTML, like Gecko; compatible; ClaudeBot/1.0; +claudebot@anthropic.com)"
216.73.216.20 - - [25/Aug/2026:01:36:27 +0500] "GET /uz/?r=d9i4a1b0a2t5i3c5983 HTTP/1.1" 200 68315 "https://eskijuva-bozori.uz/?r=d9i4a1b0a2t5i3c5983" "Mozilla/5.0 AppleWebKit/537.36 (KHTML, like Gecko; compatible; ClaudeBot/1.0; +claudebot@anthropic.com)"
185.191.171.1 - - [25/Aug/2026:01:36:33 +0500] "GET /uz/?function=call_user_func_array&s=index%2Fthink%5C%5C%5C%5C%5C%5C%5C%5C%5C%5C%5C%5C%5C%5C%5C%5C%5C%5C%5C%5C%5C%5C%5C%5C%5C%5C%5C%5C%5C%5C%5C%5C%5C%5C%5C%5C%5C%5C%5C%5C%5C%5C%5C%5C%5C%5C%5C%5C%5C%5C%5C%5C%5C%5C%5C%5C%5C%5C%5C%5C%5C%5C%5C%5C%5C%5C%5C%5C%5C%5C%5C%5C%5C%5C%5C%5C%5C%5C%5C%5C%5C%5C%5C%5C%5C%5C%5C%5C%5C%5C%5C%5C%5C%5C%5C%5C%5C%5C%5C%5C%5C%5C%5C%5C%5C%5C%5C%5C%5C%5C%5C%5C%5C%5C%5C%5C%5C%5C%5C%5C%5C%5C%5C%5C%5C%5C%5C%5C%5C%5C%5C%5C%5C%5C%5C%5C%5C%5C%5C%5C%5C%5C%5C%5C%5C%5C%5C%5C%5C%5C%5C%5C%5C%5C%5C%5C%5C%5C%5C%5C%5C%5C%5C%5C%5C%5C%5C%5C%5C%5C%5C%5C%5C%5C%5C%5C%5C%5C%5C%5C%5C%5C%5C%5C%5C%5C%5C%5C%5C%5C%5C%5C%5C%5C%5C%5C%5C%5C%5C%5C%5C%5C%5C%5C%5C%5C%5C%5C%5C%5C%5C%5C%5C%5C%5C%5C%5C%5C%5C%5C%5C%5C%5C%5C%5C%5C%5C%5C%5C%5C%5C%5C%5C%5C%5C%5C%5C%5C%5C%5C%5C%5C%5C%5C%5C%5C%5C%5C%5C%5C%5C%5C%5C%5C%5C%5C%5C%5C%5C%5C%5C%5C%5C%5C%5C%5C%5C%5C%5C%5C%5C%5C%5C%5C%5C%5C%5C%5C%5C%5C%5C%5C%5C%5C%5C%5C%5C%5C%5C%5C%5C%5C%5C%5C%5C%5C%5C%5C%5C%5C%5C%5C%5C%5C%5C%5C%5C%5C%5C%5C%5C%5C%5C%5C%5C%5C%5C%5C%5C%5C%5C%5C%5C%5C%5C%5C%5C%5C%5C%5C%5C%5C%5C%5C%5C%5C%5C%5C%5C%5C%5C%5C%5C%5C%5C%5C%5C%5C%5C%5C%5C%5C%5C%5C%5C%5C%5C%5C%5C%5C%5C%5C%5C%5C%5C%5C%5C%5C%5C%5C%5C%5C%5C%5C%5C%5C%5C%5C%5C%5C%5C%5C%5C%5C%5C%5C%5C%5C%5C%5C%5C%5C%5C%5C%5C%5C%5C%5C%5C%5C%5C%5C%5C%5C%5C%5C%5C%5C%5C%5C%5C%5C%5C%5C%5C%5C%5C%5C%5C%5C%5C%5C%5C%5C%5C%5C%5C%5C%5C%5C%5C%5C%5C%5C%5C%5C%5C%5C%5C%5C%5C%5C%5C%5C%5C%5C%5C%5C%5C%5C%5C%5C%5C%5C%5C%5C%5C%5C%5C%5C%5C%5C%5C%5C%5C%5C%5C%5C%5C%5C%5C%5C%5C%5C%5C%5C%5C%5C%5C%5C%5C%5C%5C%5C%5C%5C%5C%5C%5C%5C%5C%5C%5C%5C%5C%5C%5C%5C%5C%5C%5C%5C%5C%5C%5C%5C%5C%5C%5C%5C%5C%5Capp%2Finvokefunction&start=16&vars%5B0%5D=phpinfo&vars%5B1%5D%5B0%5D=1 HTTP/1.1" 200 69300 "-" "Mozilla/5.0 (compatible; SemrushBot/7~bl; +http://www.semrush.com/bot.html)"
54.37.252.119 - - [25/Aug/2026:01:36:34 +0500] "GET /uz/audit-uzb/10-uzbek?start=30 HTTP/1.1" 200 67040 "-" "Mozilla/5.0 (compatible; MJ12bot/v1.4.8; http://mj12bot.com/)"
54.37.252.119 - - [25/Aug/2026:01:36:41 +0500] "GET /uz/audit-uzb/10-uzbek?start=40 HTTP/1.1" 200 67446 "-" "Mozilla/5.0 (compatible; MJ12bot/v1.4.8; http://mj12bot.com/)"
34.171.68.95 - - [25/Aug/2026:01:36:46 +0500] "GET /ru/component/search/?Itemid=116&format=opensearch HTTP/1.1" 200 734 "-" "Mozilla/5.0 (Macintosh; Intel Mac OS X 10_15_7) AppleWebKit/537.36 (KHTML, like Gecko) Chrome/120.0.0.0 Safari/537.36"
54.37.252.119 - - [25/Aug/2026:01:36:47 +0500] "GET /uz/audit-uzb/10-uzbek?start=50 HTTP/1.1" 200 67565 "-" "Mozilla/5.0 (compatible; MJ12bot/v1.4.8; http://mj12bot.com/)"
34.56.53.225 - - [25/Aug/2026:01:36:48 +0500] "GET /ru/?start=16&template=accessibility HTTP/1.1" 200 36128 "-" "Mozilla/5.0 (Macintosh; Intel Mac OS X 10_15_7) AppleWebKit/537.36 (KHTML, like Gecko) Chrome/120.0.0.0 Safari/537.36"
54.37.252.119 - - [25/Aug/2026:01:36:53 +0500] "GET /uz/audit-uzb/10-uzbek?start=60 HTTP/1.1" 200 67378 "-" "Mozilla/5.0 (compatible; MJ12bot/v1.4.8; http://mj12bot.com/)"
54.37.252.119 - - [25/Aug/2026:01:37:01 +0500] "GET /uz/audit-uzb/10-uzbek?start=70 HTTP/1.1" 200 67276 "-" "Mozilla/5.0 (compatible; MJ12bot/v1.4.8; http://mj12bot.com/)"
185.191.171.7 - - [25/Aug/2026:01:37:02 +0500] "GET /uz/?%60=f3u1c5k1e6d9u9p0460&start=16 HTTP/1.1" 200 67893 "-" "Mozilla/5.0 (compatible; SemrushBot/7~bl; +http://www.semrush.com/bot.html)"
34.10.180.98 - - [25/Aug/2026:01:37:12 +0500] "GET /ru/about-org-rus/direction-rus HTTP/1.1" 200 60527 "-" "Mozilla/5.0 (Macintosh; Intel Mac OS X 10_15_7) AppleWebKit/537.36 (KHTML, like Gecko) Chrome/120.0.0.0 Safari/537.36"
54.37.252.119 - - [25/Aug/2026:01:37:13 +0500] "GET /uz/audit-uzb/10-uzbek?start=80 HTTP/1.1" 200 65934 "-" "Mozilla/5.0 (compatible; MJ12bot/v1.4.8; http://mj12bot.com/)"
54.37.252.119 - - [25/Aug/2026:01:37:25 +0500] "GET /uz/audit-uzb/12-uzbek/about-org-uzb HTTP/1.1" 200 63636 "-" "Mozilla/5.0 (compatible; MJ12bot/v1.4.8; http://mj12bot.com/)"
54.37.252.119 - - [25/Aug/2026:01:37:32 +0500] "GET /uz/audit-uzb/12-uzbek/about-org-uzb/298-direction-30-04-2020-uzb HTTP/1.1" 200 60098 "-" "Mozilla/5.0 (compatible; MJ12bot/v1.4.8; http://mj12bot.com/)"
216.73.216.183 - - [25/Aug/2026:01:37:38 +0500] "GET /?%60=m3a2r7m9o9t0t2e4s254 HTTP/1.1" 301 - "-" "Mozilla/5.0 AppleWebKit/537.36 (KHTML, like Gecko; compatible; ClaudeBot/1.0; +claudebot@anthropic.com)"
129.146.120.124 - - [25/Aug/2026:01:37:42 +0500] "GET /uz/korp-upr-uzb/314-corp-upr-rating-2019 HTTP/1.1" 200 15601 "-" "Mozilla/5.0 (X11; Linux aarch64) AppleWebKit/537.36 (KHTML, like Gecko) Chrome/139.0.0.0 Safari/537.36"
34.123.149.87 - - [25/Aug/2026:01:37:42 +0500] "GET /uz/component/mijopolls/poll/2-sajtimizda-kanaka-mavzular-joritilishi-kerak-deb-bilasiz HTTP/1.1" 200 61567 "-" "Mozilla/5.0 (Macintosh; Intel Mac OS X 10_15_7) AppleWebKit/537.36 (KHTML, like Gecko) Chrome/120.0.0.0 Safari/537.36"
54.37.252.119 - - [25/Aug/2026:01:37:46 +0500] "GET /uz/audit-uzb/12-uzbek/about-org-uzb/319-direction-30-06-2020-uzb HTTP/1.1" 200 56428 "-" "Mozilla/5.0 (compatible; MJ12bot/v1.4.8; http://mj12bot.com/)"
216.73.216.183 - - [25/Aug/2026:01:37:46 +0500] "GET /uz/?%60=m3a2r7m9o9t0t2e4s254 HTTP/1.1" 200 15692 "https://www.eskijuva-bozori.uz.uzbekgidroenergoqurilish.uz/?%60=m3a2r7m9o9t0t2e4s254" "Mozilla/5.0 AppleWebKit/537.36 (KHTML, like Gecko; compatible; ClaudeBot/1.0; +claudebot@anthropic.com)"
216.73.216.183 - - [25/Aug/2026:01:37:49 +0500] "GET /?%60=r3e9f6i8n8e8r0i1e5s1 HTTP/1.1" 301 - "-" "Mozilla/5.0 AppleWebKit/537.36 (KHTML, like Gecko; compatible; ClaudeBot/1.0; +claudebot@anthropic.com)"
216.73.216.183 - - [25/Aug/2026:01:37:53 +0500] "GET /uz/?%60=r3e9f6i8n8e8r0i1e5s1 HTTP/1.1" 200 68542 "https://www.eskijuva-bozori.uz.uzbekgidroenergoqurilish.uz/?%60=r3e9f6i8n8e8r0i1e5s1" "Mozilla/5.0 AppleWebKit/537.36 (KHTML, like Gecko; compatible; ClaudeBot/1.0; +claudebot@anthropic.com)"
54.37.252.119 - - [25/Aug/2026:01:37:55 +0500] "GET /uz/audit-uzb/12-uzbek/about-org-uzb/46-direction-uzb HTTP/1.1" 200 64386 "-" "Mozilla/5.0 (compatible; MJ12bot/v1.4.8; http://mj12bot.com/)"
216.73.216.183 - - [25/Aug/2026:01:38:02 +0500] "GET /?%60=p3a2r5a0x5y8l0e0n3e0 HTTP/1.1" 301 - "-" "Mozilla/5.0 AppleWebKit/537.36 (KHTML, like Gecko; compatible; ClaudeBot/1.0; +claudebot@anthropic.com)"
54.37.252.119 - - [25/Aug/2026:01:38:02 +0500] "GET /uz/audit-uzb/12-uzbek/about-org-uzb/52-filials-uzb HTTP/1.1" 200 57658 "-" "Mozilla/5.0 (compatible; MJ12bot/v1.4.8; http://mj12bot.com/)"
216.73.216.183 - - [25/Aug/2026:01:38:05 +0500] "GET /uz/?%60=p3a2r5a0x5y8l0e0n3e0 HTTP/1.1" 200 68542 "https://www.eskijuva-bozori.uz.uzbekgidroenergoqurilish.uz/?%60=p3a2r5a0x5y8l0e0n3e0" "Mozilla/5.0 AppleWebKit/537.36 (KHTML, like Gecko; compatible; ClaudeBot/1.0; +claudebot@anthropic.com)"
54.37.252.119 - - [25/Aug/2026:01:38:09 +0500] "GET /uz/audit-uzb/12-uzbek/about-org-uzb?start=10 HTTP/1.1" 200 63971 "-" "Mozilla/5.0 (compatible; MJ12bot/v1.4.8; http://mj12bot.com/)"
216.73.216.183 - - [25/Aug/2026:01:38:11 +0500] "GET /shops/noneffective/a3g1g1r9e2g4a0t6e1l6y9 HTTP/1.1" 301 - "-" "Mozilla/5.0 AppleWebKit/537.36 (KHTML, like Gecko; compatible; ClaudeBot/1.0; +claudebot@anthropic.com)"
216.73.216.183 - - [25/Aug/2026:01:38:14 +0500] "GET /uz/shops/noneffective/a3g1g1r9e2g4a0t6e1l6y9 HTTP/1.1" 404 1248 "https://www.eskijuva-bozori.uz.uzbekgidroenergoqurilish.uz/shops/noneffective/a3g1g1r9e2g4a0t6e1l6y9" "Mozilla/5.0 AppleWebKit/537.36 (KHTML, like Gecko; compatible; ClaudeBot/1.0; +claudebot@anthropic.com)"
54.37.252.119 - - [25/Aug/2026:01:38:17 +0500] "GET /uz/audit-uzb/12-uzbek/about-org-uzb?start=20 HTTP/1.1" 200 59759 "-" "Mozilla/5.0 (compatible; MJ12bot/v1.4.8; http://mj12bot.com/)"
216.73.216.183 - - [25/Aug/2026:01:38:21 +0500] "GET /shops/pommeled/s3e3m4i5p7e2l4l6u0c2i6dity HTTP/1.1" 301 - "-" "Mozilla/5.0 AppleWebKit/537.36 (KHTML, like Gecko; compatible; ClaudeBot/1.0; +claudebot@anthropic.com)"
216.73.216.183 - - [25/Aug/2026:01:38:24 +0500] "GET /uz/shops/pommeled/s3e3m4i5p7e2l4l6u0c2i6dity HTTP/1.1" 404 1248 "https://www.eskijuva-bozori.uz.uzbekgidroenergoqurilish.uz/shops/pommeled/s3e3m4i5p7e2l4l6u0c2i6dity" "Mozilla/5.0 AppleWebKit/537.36 (KHTML, like Gecko; compatible; ClaudeBot/1.0; +claudebot@anthropic.com)"
54.37.252.119 - - [25/Aug/2026:01:38:30 +0500] "GET /uz/audit-uzb/16-uzbek/officially-uzb HTTP/1.1" 200 60734 "-" "Mozilla/5.0 (compatible; MJ12bot/v1.4.8; http://mj12bot.com/)"
216.73.216.183 - - [25/Aug/2026:01:38:32 +0500] "GET /shops/actuary/t3u7r1a4n5i5a4n2s02 HTTP/1.1" 301 - "-" "Mozilla/5.0 AppleWebKit/537.36 (KHTML, like Gecko; compatible; ClaudeBot/1.0; +claudebot@anthropic.com)"
216.73.216.183 - - [25/Aug/2026:01:38:37 +0500] "GET /uz/shops/actuary/t3u7r1a4n5i5a4n2s02 HTTP/1.1" 404 1248 "https://www.eskijuva-bozori.uz.uzbekgidroenergoqurilish.uz/shops/actuary/t3u7r1a4n5i5a4n2s02" "Mozilla/5.0 AppleWebKit/537.36 (KHTML, like Gecko; compatible; ClaudeBot/1.0; +claudebot@anthropic.com)"
85.208.96.205 - - [25/Aug/2026:01:38:41 +0500] "GET /uz/facts-uzb/242-13-fact-29-10-2018 HTTP/1.1" 200 67658 "-" "Mozilla/5.0 (compatible; SemrushBot/7~bl; +http://www.semrush.com/bot.html)"
54.37.252.119 - - [25/Aug/2026:01:38:43 +0500] "GET /uz/audit-uzb/18-uzbek/shareholders-uzb HTTP/1.1" 200 63670 "-" "Mozilla/5.0 (compatible; MJ12bot/v1.4.8; http://mj12bot.com/)"
54.37.252.119 - - [25/Aug/2026:01:38:49 +0500] "GET /uz/audit-uzb/18-uzbek/shareholders-uzb?start=10 HTTP/1.1" 200 64531 "-" "Mozilla/5.0 (compatible; MJ12bot/v1.4.8; http://mj12bot.com/)"
54.37.252.119 - - [25/Aug/2026:01:38:56 +0500] "GET /uz/audit-uzb/18-uzbek/shareholders-uzb?start=20 HTTP/1.1" 200 62997 "-" "Mozilla/5.0 (compatible; MJ12bot/v1.4.8; http://mj12bot.com/)"
34.10.180.98 - - [25/Aug/2026:01:39:04 +0500] "GET /uz/about-org-uzb/indexes-uzb?start=10 HTTP/1.1" 200 62221 "-" "Mozilla/5.0 (Macintosh; Intel Mac OS X 10_15_7) AppleWebKit/537.36 (KHTML, like Gecko) Chrome/120.0.0.0 Safari/537.36"
54.37.252.119 - - [25/Aug/2026:01:39:17 +0500] "GET /uz/comissions-uzb/10-uzbek?format=feed&type=atom HTTP/1.1" 200 20342 "-" "Mozilla/5.0 (compatible; MJ12bot/v1.4.8; http://mj12bot.com/)"
54.37.252.119 - - [25/Aug/2026:01:39:23 +0500] "GET /uz/comissions-uzb/10-uzbek?format=feed&type=rss HTTP/1.1" 200 11210 "-" "Mozilla/5.0 (compatible; MJ12bot/v1.4.8; http://mj12bot.com/)"
85.208.96.211 - - [25/Aug/2026:01:39:27 +0500] "GET /uz/votes-uzb/123-poll-28-06-16 HTTP/1.1" 200 56067 "-" "Mozilla/5.0 (compatible; SemrushBot/7~bl; +http://www.semrush.com/bot.html)"
54.37.252.119 - - [25/Aug/2026:01:39:30 +0500] "GET /uz/comissions-uzb/12-uzbek/about-org-uzb HTTP/1.1" 200 69336 "-" "Mozilla/5.0 (compatible; MJ12bot/v1.4.8; http://mj12bot.com/)"
54.37.252.119 - - [25/Aug/2026:01:39:37 +0500] "GET /uz/comissions-uzb/12-uzbek/about-org-uzb/298-direction-30-04-2020-uzb HTTP/1.1" 200 59935 "-" "Mozilla/5.0 (compatible; MJ12bot/v1.4.8; http://mj12bot.com/)"
54.37.252.119 - - [25/Aug/2026:01:39:43 +0500] "GET /uz/comissions-uzb/12-uzbek/about-org-uzb/300-direction-14-05-2020-uzb HTTP/1.1" 200 62002 "-" "Mozilla/5.0 (compatible; MJ12bot/v1.4.8; http://mj12bot.com/)"
216.73.216.183 - - [25/Aug/2026:01:39:47 +0500] "GET /shops/rimey/f3u2r1c4u6l9a06545 HTTP/1.1" 301 - "-" "Mozilla/5.0 AppleWebKit/537.36 (KHTML, like Gecko; compatible; ClaudeBot/1.0; +claudebot@anthropic.com)"
54.37.252.119 - - [25/Aug/2026:01:39:49 +0500] "GET /uz/comissions-uzb/12-uzbek/about-org-uzb/319-direction-30-06-2020-uzb HTTP/1.1" 200 56264 "-" "Mozilla/5.0 (compatible; MJ12bot/v1.4.8; http://mj12bot.com/)"
216.73.216.183 - - [25/Aug/2026:01:39:52 +0500] "GET /uz/shops/rimey/f3u2r1c4u6l9a06545 HTTP/1.1" 404 1248 "https://www.eskijuva-bozori.uz.uzbekgidroenergoqurilish.uz/shops/rimey/f3u2r1c4u6l9a06545" "Mozilla/5.0 AppleWebKit/537.36 (KHTML, like Gecko; compatible; ClaudeBot/1.0; +claudebot@anthropic.com)"
216.73.216.183 - - [25/Aug/2026:01:39:55 +0500] "GET /?%60=g3a2r4n5i9s9h1m2e2n6t HTTP/1.1" 301 - "-" "Mozilla/5.0 AppleWebKit/537.36 (KHTML, like Gecko; compatible; ClaudeBot/1.0; +claudebot@anthropic.com)"
216.73.216.183 - - [25/Aug/2026:01:39:59 +0500] "GET /uz/?%60=g3a2r4n5i9s9h1m2e2n6t HTTP/1.1" 200 68543 "https://www.eskijuva-bozori.uz.uzbekgidroenergoqurilish.uz/?%60=g3a2r4n5i9s9h1m2e2n6t" "Mozilla/5.0 AppleWebKit/537.36 (KHTML, like Gecko; compatible; ClaudeBot/1.0; +claudebot@anthropic.com)"
54.37.252.119 - - [25/Aug/2026:01:39:58 +0500] "GET /uz/comissions-uzb/12-uzbek/about-org-uzb/46-direction-uzb HTTP/1.1" 200 64236 "-" "Mozilla/5.0 (compatible; MJ12bot/v1.4.8; http://mj12bot.com/)"
216.73.216.183 - - [25/Aug/2026:01:40:06 +0500] "GET /?%60=u3v1a3u7r2s5i7568 HTTP/1.1" 301 - "-" "Mozilla/5.0 AppleWebKit/537.36 (KHTML, like Gecko; compatible; ClaudeBot/1.0; +claudebot@anthropic.com)"
54.37.252.119 - - [25/Aug/2026:01:40:06 +0500] "GET /uz/comissions-uzb/12-uzbek/about-org-uzb/52-filials-uzb HTTP/1.1" 200 57437 "-" "Mozilla/5.0 (compatible; MJ12bot/v1.4.8; http://mj12bot.com/)"
216.73.216.183 - - [25/Aug/2026:01:40:09 +0500] "GET /uz/?%60=u3v1a3u7r2s5i7568 HTTP/1.1" 200 68539 "https://www.eskijuva-bozori.uz.uzbekgidroenergoqurilish.uz/?%60=u3v1a3u7r2s5i7568" "Mozilla/5.0 AppleWebKit/537.36 (KHTML, like Gecko; compatible; ClaudeBot/1.0; +claudebot@anthropic.com)"
54.37.252.119 - - [25/Aug/2026:01:40:12 +0500] "GET /uz/comissions-uzb/16-uzbek/officially-uzb HTTP/1.1" 200 60936 "-" "Mozilla/5.0 (compatible; MJ12bot/v1.4.8; http://mj12bot.com/)"
216.73.216.183 - - [25/Aug/2026:01:40:16 +0500] "GET /?%60=c3o2w8p5o2c9k76086 HTTP/1.1" 301 - "-" "Mozilla/5.0 AppleWebKit/537.36 (KHTML, like Gecko; compatible; ClaudeBot/1.0; +claudebot@anthropic.com)"
54.37.252.119 - - [25/Aug/2026:01:40:17 +0500] "GET /uz/comissions-uzb/18-uzbek/shareholders-uzb/49-changes-uzb HTTP/1.1" 200 60978 "-" "Mozilla/5.0 (compatible; MJ12bot/v1.4.8; http://mj12bot.com/)"
216.73.216.183 - - [25/Aug/2026:01:40:21 +0500] "GET /uz/?%60=c3o2w8p5o2c9k76086 HTTP/1.1" 200 68540 "https://www.eskijuva-bozori.uz.uzbekgidroenergoqurilish.uz/?%60=c3o2w8p5o2c9k76086" "Mozilla/5.0 AppleWebKit/537.36 (KHTML, like Gecko; compatible; ClaudeBot/1.0; +claudebot@anthropic.com)"
54.37.252.119 - - [25/Aug/2026:01:40:22 +0500] "GET /uz/comissions-uzb/18-uzbek/shareholders-uzb?format=feed&type=atom HTTP/1.1" 200 60494 "-" "Mozilla/5.0 (compatible; MJ12bot/v1.4.8; http://mj12bot.com/)"
54.37.252.119 - - [25/Aug/2026:01:40:27 +0500] "GET /uz/comissions-uzb/18-uzbek/shareholders-uzb?format=feed&type=rss HTTP/1.1" 200 29384 "-" "Mozilla/5.0 (compatible; MJ12bot/v1.4.8; http://mj12bot.com/)"
216.73.216.183 - - [25/Aug/2026:01:40:30 +0500] "GET /?%60=d3o3l8l3a1r8f8i5s8h86 HTTP/1.1" 301 - "-" "Mozilla/5.0 AppleWebKit/537.36 (KHTML, like Gecko; compatible; ClaudeBot/1.0; +claudebot@anthropic.com)"
216.73.216.183 - - [25/Aug/2026:01:40:32 +0500] "GET /uz/?%60=d3o3l8l3a1r8f8i5s8h86 HTTP/1.1" 200 68543 "https://www.eskijuva-bozori.uz.uzbekgidroenergoqurilish.uz/?%60=d3o3l8l3a1r8f8i5s8h86" "Mozilla/5.0 AppleWebKit/537.36 (KHTML, like Gecko; compatible; ClaudeBot/1.0; +claudebot@anthropic.com)"
216.73.216.183 - - [25/Aug/2026:01:40:44 +0500] "GET /?%60=n3o2n6d8e6l9i1v3e8r7y5 HTTP/1.1" 301 - "-" "Mozilla/5.0 AppleWebKit/537.36 (KHTML, like Gecko; compatible; ClaudeBot/1.0; +claudebot@anthropic.com)"
216.73.216.183 - - [25/Aug/2026:01:40:46 +0500] "GET /uz/?%60=n3o2n6d8e6l9i1v3e8r7y5 HTTP/1.1" 200 68544 "https://www.eskijuva-bozori.uz.uzbekgidroenergoqurilish.uz/?%60=n3o2n6d8e6l9i1v3e8r7y5" "Mozilla/5.0 AppleWebKit/537.36 (KHTML, like Gecko; compatible; ClaudeBot/1.0; +claudebot@anthropic.com)"
216.73.216.183 - - [25/Aug/2026:01:40:52 +0500] "GET /shops/bylane/r3e1t0r8o7p8u9l7s7i4ve HTTP/1.1" 301 - "-" "Mozilla/5.0 AppleWebKit/537.36 (KHTML, like Gecko; compatible; ClaudeBot/1.0; +claudebot@anthropic.com)"
216.73.216.183 - - [25/Aug/2026:01:40:54 +0500] "GET /uz/shops/bylane/r3e1t0r8o7p8u9l7s7i4ve HTTP/1.1" 404 1248 "https://www.eskijuva-bozori.uz.uzbekgidroenergoqurilish.uz/shops/bylane/r3e1t0r8o7p8u9l7s7i4ve" "Mozilla/5.0 AppleWebKit/537.36 (KHTML, like Gecko; compatible; ClaudeBot/1.0; +claudebot@anthropic.com)"
54.37.252.119 - - [25/Aug/2026:01:40:56 +0500] "GET /uz/facts-uzb?template=accessibility' HTTP/1.1" 200 38207 "-" "Mozilla/5.0 (compatible; MJ12bot/v1.4.8; http://mj12bot.com/)"
216.73.216.183 - - [25/Aug/2026:01:41:05 +0500] "GET /?%60=n3e2l9l5u0t155593 HTTP/1.1" 301 - "-" "Mozilla/5.0 AppleWebKit/537.36 (KHTML, like Gecko; compatible; ClaudeBot/1.0; +claudebot@anthropic.com)"
216.73.216.183 - - [25/Aug/2026:01:41:08 +0500] "GET /uz/?%60=n3e2l9l5u0t155593 HTTP/1.1" 200 68539 "https://www.eskijuva-bozori.uz.uzbekgidroenergoqurilish.uz/?%60=n3e2l9l5u0t155593" "Mozilla/5.0 AppleWebKit/537.36 (KHTML, like Gecko; compatible; ClaudeBot/1.0; +claudebot@anthropic.com)"
216.73.216.183 - - [25/Aug/2026:01:41:17 +0500] "GET /uz/?format=feed&r=r9e3n5d8r2o9c3k904&type=atom HTTP/1.1" 200 9465 "-" "Mozilla/5.0 AppleWebKit/537.36 (KHTML, like Gecko; compatible; ClaudeBot/1.0; +claudebot@anthropic.com)"
34.56.53.225 - - [25/Aug/2026:01:41:24 +0500] "GET /ru/prospectus-rus/211-prospectus-change-15-09-14-rus HTTP/1.1" 200 56383 "-" "Mozilla/5.0 (Macintosh; Intel Mac OS X 10_15_7) AppleWebKit/537.36 (KHTML, like Gecko) Chrome/120.0.0.0 Safari/537.36"
89.162.131.198 - - [25/Aug/2026:01:41:29 +0500] "GET /ru/events-rus HTTP/1.1" 200 59081 "-" "Mozilla/5.0 (Macintosh; Intel Mac OS X 15.1; rv:133.0) Gecko/20100101 Firefox/133.0"
18.205.91.101 - - [25/Aug/2026:01:41:52 +0500] "GET /plugins/system/gspeech/includes/ HTTP/1.1" 200 - "-" "Mozilla/5.0 AppleWebKit/537.36 (KHTML, like Gecko; compatible; Amazonbot/0.1; +https://developer.amazon.com/support/amazonbot) Chrome/119.0.6045.214 Safari/537.36"
54.37.252.119 - - [25/Aug/2026:01:44:24 +0500] "GET /uz/news-uzb?format=feed&type=atom HTTP/1.1" 200 8731 "-" "Mozilla/5.0 (compatible; MJ12bot/v1.4.8; http://mj12bot.com/)"
54.37.252.119 - - [25/Aug/2026:01:44:29 +0500] "GET /uz/news-uzb?format=feed&type=rss HTTP/1.1" 200 5315 "-" "Mozilla/5.0 (compatible; MJ12bot/v1.4.8; http://mj12bot.com/)"
216.73.216.20 - - [25/Aug/2026:01:44:32 +0500] "GET /robots.txt HTTP/1.1" 200 111 "-" "Mozilla/5.0 AppleWebKit/537.36 (KHTML, like Gecko; compatible; ClaudeBot/1.0; +claudebot@anthropic.com)"
216.73.216.20 - - [25/Aug/2026:01:45:06 +0500] "GET /uz/fuselage/obstructionist/94070300750 HTTP/1.1" 508 288 "https://eskijuva-bozori.uz/fuselage/obstructionist/94070300750" "Mozilla/5.0 AppleWebKit/537.36 (KHTML, like Gecko; compatible; ClaudeBot/1.0; +claudebot@anthropic.com)"
216.73.216.20 - - [25/Aug/2026:01:44:59 +0500] "GET /fuselage/obstructionist/94070300750 HTTP/1.1" 301 - "-" "Mozilla/5.0 AppleWebKit/537.36 (KHTML, like Gecko; compatible; ClaudeBot/1.0; +claudebot@anthropic.com)"
54.37.252.119 - - [25/Aug/2026:01:45:04 +0500] "GET /uz/officially-uzb/ustav-uzb/10-uzbek?format=feed&type=atom HTTP/1.1" 200 20373 "-" "Mozilla/5.0 (compatible; MJ12bot/v1.4.8; http://mj12bot.com/)"
216.73.216.20 - - [25/Aug/2026:01:45:11 +0500] "GET /shops/multiferous/c9o6r8n9i9c9e667 HTTP/1.1" 301 - "-" "Mozilla/5.0 AppleWebKit/537.36 (KHTML, like Gecko; compatible; ClaudeBot/1.0; +claudebot@anthropic.com)"
54.37.252.119 - - [25/Aug/2026:01:45:14 +0500] "GET /uz/officially-uzb/ustav-uzb/10-uzbek?format=feed&type=rss HTTP/1.1" 200 11231 "-" "Mozilla/5.0 (compatible; MJ12bot/v1.4.8; http://mj12bot.com/)"
216.73.216.20 - - [25/Aug/2026:01:45:15 +0500] "GET /uz/shops/multiferous/c9o6r8n9i9c9e667 HTTP/1.1" 404 1216 "https://eskijuva-bozori.uz/shops/multiferous/c9o6r8n9i9c9e667" "Mozilla/5.0 AppleWebKit/537.36 (KHTML, like Gecko; compatible; ClaudeBot/1.0; +claudebot@anthropic.com)"
54.37.252.119 - - [25/Aug/2026:01:45:20 +0500] "GET /uz/officially-uzb/ustav-uzb/10-uzbek?start=10 HTTP/1.1" 200 67497 "-" "Mozilla/5.0 (compatible; MJ12bot/v1.4.8; http://mj12bot.com/)"
216.73.216.20 - - [25/Aug/2026:01:45:25 +0500] "GET /?r=e9d3i3t2o0r9i2a6l802 HTTP/1.1" 301 - "-" "Mozilla/5.0 AppleWebKit/537.36 (KHTML, like Gecko; compatible; ClaudeBot/1.0; +claudebot@anthropic.com)"
54.37.252.119 - - [25/Aug/2026:01:45:25 +0500] "GET /uz/officially-uzb/ustav-uzb/10-uzbek?start=20 HTTP/1.1" 200 67982 "-" "Mozilla/5.0 (compatible; MJ12bot/v1.4.8; http://mj12bot.com/)"
216.73.216.20 - - [25/Aug/2026:01:45:26 +0500] "GET /uz/?r=e9d3i3t2o0r9i2a6l802 HTTP/1.1" 200 68225 "https://eskijuva-bozori.uz/?r=e9d3i3t2o0r9i2a6l802" "Mozilla/5.0 AppleWebKit/537.36 (KHTML, like Gecko; compatible; ClaudeBot/1.0; +claudebot@anthropic.com)"
54.37.252.119 - - [25/Aug/2026:01:45:30 +0500] "GET /uz/officially-uzb/ustav-uzb/10-uzbek?start=30 HTTP/1.1" 200 67604 "-" "Mozilla/5.0 (compatible; MJ12bot/v1.4.8; http://mj12bot.com/)"
216.73.216.20 - - [25/Aug/2026:01:45:37 +0500] "GET /shops/antiscriptural/h9y3p2e8r6b1o0l3i8s3m2 HTTP/1.1" 301 - "-" "Mozilla/5.0 AppleWebKit/537.36 (KHTML, like Gecko; compatible; ClaudeBot/1.0; +claudebot@anthropic.com)"
54.37.252.119 - - [25/Aug/2026:01:45:36 +0500] "GET /uz/officially-uzb/ustav-uzb/10-uzbek?start=80 HTTP/1.1" 200 66363 "-" "Mozilla/5.0 (compatible; MJ12bot/v1.4.8; http://mj12bot.com/)"
216.73.216.20 - - [25/Aug/2026:01:45:39 +0500] "GET /uz/shops/antiscriptural/h9y3p2e8r6b1o0l3i8s3m2 HTTP/1.1" 404 1216 "https://eskijuva-bozori.uz/shops/antiscriptural/h9y3p2e8r6b1o0l3i8s3m2" "Mozilla/5.0 AppleWebKit/537.36 (KHTML, like Gecko; compatible; ClaudeBot/1.0; +claudebot@anthropic.com)"
54.37.252.119 - - [25/Aug/2026:01:45:42 +0500] "GET /uz/officially-uzb/ustav-uzb/12-uzbek/about-org-uzb HTTP/1.1" 200 64020 "-" "Mozilla/5.0 (compatible; MJ12bot/v1.4.8; http://mj12bot.com/)"
34.10.180.98 - - [25/Aug/2026:01:45:47 +0500] "GET /uz/audit-uzb?format=feed&template=accessibility&type=rss HTTP/1.1" 200 7163 "-" "Mozilla/5.0 (Macintosh; Intel Mac OS X 10_15_7) AppleWebKit/537.36 (KHTML, like Gecko) Chrome/120.0.0.0 Safari/537.36"
54.37.252.119 - - [25/Aug/2026:01:45:49 +0500] "GET /uz/officially-uzb/ustav-uzb/16-uzbek/officially-uzb HTTP/1.1" 200 61043 "-" "Mozilla/5.0 (compatible; MJ12bot/v1.4.8; http://mj12bot.com/)"
34.227.234.246 - - [25/Aug/2026:01:45:51 +0500] "GET /uz/officially-uzb/ustav-uzb HTTP/1.1" 200 63198 "-" "Mozilla/5.0 AppleWebKit/537.36 (KHTML, like Gecko; compatible; Amazonbot/0.1; +https://developer.amazon.com/support/amazonbot) Chrome/119.0.6045.214 Safari/537.36"
54.37.252.119 - - [25/Aug/2026:01:45:56 +0500] "GET /uz/officially-uzb/ustav-uzb/18-uzbek/shareholders-uzb?format=feed&type=rss HTTP/1.1" 200 29405 "-" "Mozilla/5.0 (compatible; MJ12bot/v1.4.8; http://mj12bot.com/)"
216.73.216.20 - - [25/Aug/2026:01:45:57 +0500] "GET /shops/batzen/r9a1p2t8u7r2e5d9152 HTTP/1.1" 301 - "-" "Mozilla/5.0 AppleWebKit/537.36 (KHTML, like Gecko; compatible; ClaudeBot/1.0; +claudebot@anthropic.com)"
216.73.216.20 - - [25/Aug/2026:01:46:00 +0500] "GET /uz/shops/batzen/r9a1p2t8u7r2e5d9152 HTTP/1.1" 404 1216 "https://eskijuva-bozori.uz/shops/batzen/r9a1p2t8u7r2e5d9152" "Mozilla/5.0 AppleWebKit/537.36 (KHTML, like Gecko; compatible; ClaudeBot/1.0; +claudebot@anthropic.com)"
54.37.252.119 - - [25/Aug/2026:01:46:02 +0500] "GET /uz/officially-uzb/ustav-uzb/18-uzbek/shareholders-uzb?start=10 HTTP/1.1" 200 64771 "-" "Mozilla/5.0 (compatible; MJ12bot/v1.4.8; http://mj12bot.com/)"
216.73.216.183 - - [25/Aug/2026:01:46:05 +0500] "GET /uz/?r=e4d2u9c8a4t8i3o6n6a3l9ist HTTP/1.1" 200 68454 "-" "Mozilla/5.0 AppleWebKit/537.36 (KHTML, like Gecko; compatible; ClaudeBot/1.0; +claudebot@anthropic.com)"
216.73.216.20 - - [25/Aug/2026:01:46:09 +0500] "GET /?r=p9t2e4r9o5p9h1o7r8u9s7 HTTP/1.1" 301 - "-" "Mozilla/5.0 AppleWebKit/537.36 (KHTML, like Gecko; compatible; ClaudeBot/1.0; +claudebot@anthropic.com)"
54.37.252.119 - - [25/Aug/2026:01:46:11 +0500] "GET /uz/officially-uzb/ustav-uzb/18-uzbek/shareholders-uzb?start=20 HTTP/1.1" 200 63192 "-" "Mozilla/5.0 (compatible; MJ12bot/v1.4.8; http://mj12bot.com/)"
216.73.216.20 - - [25/Aug/2026:01:46:11 +0500] "GET /uz/?r=p9t2e4r9o5p9h1o7r8u9s7 HTTP/1.1" 200 68227 "https://eskijuva-bozori.uz/?r=p9t2e4r9o5p9h1o7r8u9s7" "Mozilla/5.0 AppleWebKit/537.36 (KHTML, like Gecko; compatible; ClaudeBot/1.0; +claudebot@anthropic.com)"
216.73.216.183 - - [25/Aug/2026:01:46:17 +0500] "GET /uz/?r=s9a7c3c3h2a6r2i9f9y3ing HTTP/1.1" 200 68452 "-" "Mozilla/5.0 AppleWebKit/537.36 (KHTML, like Gecko; compatible; ClaudeBot/1.0; +claudebot@anthropic.com)"
54.37.252.119 - - [25/Aug/2026:01:46:24 +0500] "GET /uz/officially-uzb/vacancies-uzb?template=accessibility&format=feed&type=atom HTTP/1.1" 200 4192 "-" "Mozilla/5.0 (compatible; MJ12bot/v1.4.8; http://mj12bot.com/)"
34.57.162.91 - - [25/Aug/2026:01:46:24 +0500] "GET /ru/about-org-rus/history-rus HTTP/1.1" 200 58519 "-" "Mozilla/5.0 (Macintosh; Intel Mac OS X 10_15_7) AppleWebKit/537.36 (KHTML, like Gecko) Chrome/120.0.0.0 Safari/537.36"
216.73.216.183 - - [25/Aug/2026:01:46:29 +0500] "GET /uz/?format=feed&r=e4d2u9c8a4t8i3o6n6a3l9ist&type=atom HTTP/1.1" 200 9472 "-" "Mozilla/5.0 AppleWebKit/537.36 (KHTML, like Gecko; compatible; ClaudeBot/1.0; +claudebot@anthropic.com)"
54.37.252.119 - - [25/Aug/2026:01:46:30 +0500] "GET /uz/officially-uzb/vacancies-uzb?template=accessibility&format=feed&type=rss HTTP/1.1" 200 2656 "-" "Mozilla/5.0 (compatible; MJ12bot/v1.4.8; http://mj12bot.com/)"
216.73.216.183 - - [25/Aug/2026:01:46:41 +0500] "GET /uz/?format=feed&r=e4d2u9c8a4t8i3o6n6a3l9ist&type=rss HTTP/1.1" 200 6207 "-" "Mozilla/5.0 AppleWebKit/537.36 (KHTML, like Gecko; compatible; ClaudeBot/1.0; +claudebot@anthropic.com)"
185.191.171.13 - - [25/Aug/2026:01:47:04 +0500] "GET /ru/11-russian/about-org-rus/320-direction-30-06-2020-rus HTTP/1.1" 200 61000 "-" "Mozilla/5.0 (compatible; SemrushBot/7~bl; +http://www.semrush.com/bot.html)"
54.37.252.119 - - [25/Aug/2026:01:47:04 +0500] "GET /uz/votes-uzb?template=accessibility&start=10 HTTP/1.1" 200 32141 "-" "Mozilla/5.0 (compatible; MJ12bot/v1.4.8; http://mj12bot.com/)"
216.73.216.183 - - [25/Aug/2026:01:47:14 +0500] "GET /?%60=c3o5n9c7e4s7s7i3o4n4ist HTTP/1.1" 508 288 "-" "Mozilla/5.0 AppleWebKit/537.36 (KHTML, like Gecko; compatible; ClaudeBot/1.0; +claudebot@anthropic.com)"
216.73.216.183 - - [25/Aug/2026:01:47:26 +0500] "GET /?%60=i3n1c8r8a9s2s0a6t0i9o0n HTTP/1.1" 301 - "-" "Mozilla/5.0 AppleWebKit/537.36 (KHTML, like Gecko; compatible; ClaudeBot/1.0; +claudebot@anthropic.com)"
216.73.216.183 - - [25/Aug/2026:01:47:34 +0500] "GET /uz/?%60=i3n1c8r8a9s2s0a6t0i9o0n HTTP/1.1" 200 68454 "https://www.eskijuva-bozori.uz.uzbekgidroenergoqurilish.uz/?%60=i3n1c8r8a9s2s0a6t0i9o0n" "Mozilla/5.0 AppleWebKit/537.36 (KHTML, like Gecko; compatible; ClaudeBot/1.0; +claudebot@anthropic.com)"
216.73.216.183 - - [25/Aug/2026:01:47:39 +0500] "GET /shops/bridalwreath/b3i3n5d5e6r8y04323 HTTP/1.1" 301 - "-" "Mozilla/5.0 AppleWebKit/537.36 (KHTML, like Gecko; compatible; ClaudeBot/1.0; +claudebot@anthropic.com)"
216.73.216.183 - - [25/Aug/2026:01:47:45 +0500] "GET /uz/shops/bridalwreath/b3i3n5d5e6r8y04323 HTTP/1.1" 404 1248 "https://www.eskijuva-bozori.uz.uzbekgidroenergoqurilish.uz/shops/bridalwreath/b3i3n5d5e6r8y04323" "Mozilla/5.0 AppleWebKit/537.36 (KHTML, like Gecko; compatible; ClaudeBot/1.0; +claudebot@anthropic.com)"
216.73.216.183 - - [25/Aug/2026:01:47:51 +0500] "GET /?%60=s3c2h6i0s0t6i0c6854 HTTP/1.1" 301 - "-" "Mozilla/5.0 AppleWebKit/537.36 (KHTML, like Gecko; compatible; ClaudeBot/1.0; +claudebot@anthropic.com)"
34.171.68.95 - - [25/Aug/2026:01:47:53 +0500] "GET /uz/votes-uzb?template=yoo_master2 HTTP/1.1" 200 63066 "-" "Mozilla/5.0 (Macintosh; Intel Mac OS X 10_15_7) AppleWebKit/537.36 (KHTML, like Gecko) Chrome/120.0.0.0 Safari/537.36"
216.73.216.183 - - [25/Aug/2026:01:47:54 +0500] "GET /uz/?%60=s3c2h6i0s0t6i0c6854 HTTP/1.1" 200 68450 "https://www.eskijuva-bozori.uz.uzbekgidroenergoqurilish.uz/?%60=s3c2h6i0s0t6i0c6854" "Mozilla/5.0 AppleWebKit/537.36 (KHTML, like Gecko; compatible; ClaudeBot/1.0; +claudebot@anthropic.com)"
216.73.216.183 - - [25/Aug/2026:01:48:03 +0500] "GET /shops/dictatorian/s3u1b2s7i4z8a7r1219 HTTP/1.1" 301 - "-" "Mozilla/5.0 AppleWebKit/537.36 (KHTML, like Gecko; compatible; ClaudeBot/1.0; +claudebot@anthropic.com)"
216.73.216.183 - - [25/Aug/2026:01:48:06 +0500] "GET /uz/shops/dictatorian/s3u1b2s7i4z8a7r1219 HTTP/1.1" 404 1248 "https://www.eskijuva-bozori.uz.uzbekgidroenergoqurilish.uz/shops/dictatorian/s3u1b2s7i4z8a7r1219" "Mozilla/5.0 AppleWebKit/537.36 (KHTML, like Gecko; compatible; ClaudeBot/1.0; +claudebot@anthropic.com)"
216.73.216.183 - - [25/Aug/2026:01:48:15 +0500] "GET /?%60=h3a2n9g5i8n4g9s8793 HTTP/1.1" 301 - "-" "Mozilla/5.0 AppleWebKit/537.36 (KHTML, like Gecko; compatible; ClaudeBot/1.0; +claudebot@anthropic.com)"
216.73.216.183 - - [25/Aug/2026:01:48:20 +0500] "GET /uz/?%60=h3a2n9g5i8n4g9s8793 HTTP/1.1" 200 68450 "https://www.eskijuva-bozori.uz.uzbekgidroenergoqurilish.uz/?%60=h3a2n9g5i8n4g9s8793" "Mozilla/5.0 AppleWebKit/537.36 (KHTML, like Gecko; compatible; ClaudeBot/1.0; +claudebot@anthropic.com)"
216.73.216.183 - - [25/Aug/2026:01:48:51 +0500] "GET /uz/?%60=f3a4n0t8a5s5t5i9c278&format=feed&type=atom HTTP/1.1" 200 9467 "-" "Mozilla/5.0 AppleWebKit/537.36 (KHTML, like Gecko; compatible; ClaudeBot/1.0; +claudebot@anthropic.com)"
185.191.171.5 - - [25/Aug/2026:01:49:22 +0500] "GET /uz/about-org-uzb/activity-uzb?template=yoo_master2 HTTP/1.1" 200 65090 "-" "Mozilla/5.0 (compatible; SemrushBot/7~bl; +http://www.semrush.com/bot.html)"
129.146.120.124 - - [25/Aug/2026:01:49:41 +0500] "GET /uz/korp-upr-uzb/314-corp-upr-rating-2019 HTTP/1.1" 200 15601 "-" "Mozilla/5.0 (X11; Linux aarch64) AppleWebKit/537.36 (KHTML, like Gecko) Chrome/139.0.0.0 Safari/537.36"
185.191.171.10 - - [25/Aug/2026:01:49:50 +0500] "GET /ru/17-russian/shareholders-rus HTTP/1.1" 200 65737 "-" "Mozilla/5.0 (compatible; SemrushBot/7~bl; +http://www.semrush.com/bot.html)"
216.73.216.183 - - [25/Aug/2026:01:50:04 +0500] "GET /shops/orthophony/r3a2t8a0n4y988648 HTTP/1.1" 301 - "-" "Mozilla/5.0 AppleWebKit/537.36 (KHTML, like Gecko; compatible; ClaudeBot/1.0; +claudebot@anthropic.com)"
216.73.216.183 - - [25/Aug/2026:01:50:06 +0500] "GET /uz/shops/orthophony/r3a2t8a0n4y988648 HTTP/1.1" 404 1248 "https://www.eskijuva-bozori.uz.uzbekgidroenergoqurilish.uz/shops/orthophony/r3a2t8a0n4y988648" "Mozilla/5.0 AppleWebKit/537.36 (KHTML, like Gecko; compatible; ClaudeBot/1.0; +claudebot@anthropic.com)"
34.123.149.87 - - [25/Aug/2026:01:50:09 +0500] "GET /ru/?format=feed&template=accessibility&type=atom HTTP/1.1" 200 9592 "-" "Mozilla/5.0 (Macintosh; Intel Mac OS X 10_15_7) AppleWebKit/537.36 (KHTML, like Gecko) Chrome/120.0.0.0 Safari/537.36"
216.73.216.183 - - [25/Aug/2026:01:50:16 +0500] "GET /shops/deleble/g3r4a1p0n1e3l06198 HTTP/1.1" 301 - "-" "Mozilla/5.0 AppleWebKit/537.36 (KHTML, like Gecko; compatible; ClaudeBot/1.0; +claudebot@anthropic.com)"
216.73.216.183 - - [25/Aug/2026:01:50:18 +0500] "GET /uz/shops/deleble/g3r4a1p0n1e3l06198 HTTP/1.1" 404 1248 "https://www.eskijuva-bozori.uz.uzbekgidroenergoqurilish.uz/shops/deleble/g3r4a1p0n1e3l06198" "Mozilla/5.0 AppleWebKit/537.36 (KHTML, like Gecko; compatible; ClaudeBot/1.0; +claudebot@anthropic.com)"
216.73.216.183 - - [25/Aug/2026:01:50:28 +0500] "GET /shops/ferruginosa/m3a3l8a7c1o6p9t3e6r4i7 HTTP/1.1" 301 - "-" "Mozilla/5.0 AppleWebKit/537.36 (KHTML, like Gecko; compatible; ClaudeBot/1.0; +claudebot@anthropic.com)"
216.73.216.183 - - [25/Aug/2026:01:50:30 +0500] "GET /uz/shops/ferruginosa/m3a3l8a7c1o6p9t3e6r4i7 HTTP/1.1" 404 1248 "https://www.eskijuva-bozori.uz.uzbekgidroenergoqurilish.uz/shops/ferruginosa/m3a3l8a7c1o6p9t3e6r4i7" "Mozilla/5.0 AppleWebKit/537.36 (KHTML, like Gecko; compatible; ClaudeBot/1.0; +claudebot@anthropic.com)"
34.10.180.98 - - [25/Aug/2026:01:50:35 +0500] "GET /ru/audit-rus/224-audit-2017-rus HTTP/1.1" 200 54944 "-" "Mozilla/5.0 (Macintosh; Intel Mac OS X 10_15_7) AppleWebKit/537.36 (KHTML, like Gecko) Chrome/120.0.0.0 Safari/537.36"
216.73.216.183 - - [25/Aug/2026:01:50:41 +0500] "GET /?%60=b3u1t9y0l4741896 HTTP/1.1" 301 - "-" "Mozilla/5.0 AppleWebKit/537.36 (KHTML, like Gecko; compatible; ClaudeBot/1.0; +claudebot@anthropic.com)"
216.73.216.183 - - [25/Aug/2026:01:50:43 +0500] "GET /uz/?%60=b3u1t9y0l4741896 HTTP/1.1" 200 68447 "https://www.eskijuva-bozori.uz.uzbekgidroenergoqurilish.uz/?%60=b3u1t9y0l4741896" "Mozilla/5.0 AppleWebKit/537.36 (KHTML, like Gecko; compatible; ClaudeBot/1.0; +claudebot@anthropic.com)"
216.73.216.183 - - [25/Aug/2026:01:50:53 +0500] "GET /?%60=m3a9r6i0t6a5l5066 HTTP/1.1" 301 - "-" "Mozilla/5.0 AppleWebKit/537.36 (KHTML, like Gecko; compatible; ClaudeBot/1.0; +claudebot@anthropic.com)"
216.73.216.183 - - [25/Aug/2026:01:50:54 +0500] "GET /uz/?%60=m3a9r6i0t6a5l5066 HTTP/1.1" 200 68448 "https://www.eskijuva-bozori.uz.uzbekgidroenergoqurilish.uz/?%60=m3a9r6i0t6a5l5066" "Mozilla/5.0 AppleWebKit/537.36 (KHTML, like Gecko; compatible; ClaudeBot/1.0; +claudebot@anthropic.com)"
216.73.216.183 - - [25/Aug/2026:01:51:04 +0500] "GET /?%60=b3o1w0w8o3w672511 HTTP/1.1" 301 - "-" "Mozilla/5.0 AppleWebKit/537.36 (KHTML, like Gecko; compatible; ClaudeBot/1.0; +claudebot@anthropic.com)"
216.73.216.183 - - [25/Aug/2026:01:51:07 +0500] "GET /uz/?%60=b3o1w0w8o3w672511 HTTP/1.1" 200 68448 "https://www.eskijuva-bozori.uz.uzbekgidroenergoqurilish.uz/?%60=b3o1w0w8o3w672511" "Mozilla/5.0 AppleWebKit/537.36 (KHTML, like Gecko; compatible; ClaudeBot/1.0; +claudebot@anthropic.com)"
34.171.68.95 - - [25/Aug/2026:01:51:09 +0500] "GET /ru/facts-rus/473-sush-fakt-06-15-09-2025-pdf HTTP/1.1" 200 55720 "-" "Mozilla/5.0 (Macintosh; Intel Mac OS X 10_15_7) AppleWebKit/537.36 (KHTML, like Gecko) Chrome/120.0.0.0 Safari/537.36"
216.73.216.183 - - [25/Aug/2026:01:51:37 +0500] "GET /preciously/s3o9l1i0l6o8q7u0y72 HTTP/1.1" 301 - "-" "Mozilla/5.0 AppleWebKit/537.36 (KHTML, like Gecko; compatible; ClaudeBot/1.0; +claudebot@anthropic.com)"
216.73.216.183 - - [25/Aug/2026:01:51:39 +0500] "GET /uz/preciously/s3o9l1i0l6o8q7u0y72 HTTP/1.1" 404 1248 "https://www.eskijuva-bozori.uz.uzbekgidroenergoqurilish.uz/preciously/s3o9l1i0l6o8q7u0y72" "Mozilla/5.0 AppleWebKit/537.36 (KHTML, like Gecko; compatible; ClaudeBot/1.0; +claudebot@anthropic.com)"
216.73.216.183 - - [25/Aug/2026:01:51:49 +0500] "GET /?%60=m3o3n3a9r8c1h5o1133 HTTP/1.1" 301 - "-" "Mozilla/5.0 AppleWebKit/537.36 (KHTML, like Gecko; compatible; ClaudeBot/1.0; +claudebot@anthropic.com)"
216.73.216.183 - - [25/Aug/2026:01:51:52 +0500] "GET /uz/?%60=m3o3n3a9r8c1h5o1133 HTTP/1.1" 200 68450 "https://www.eskijuva-bozori.uz.uzbekgidroenergoqurilish.uz/?%60=m3o3n3a9r8c1h5o1133" "Mozilla/5.0 AppleWebKit/537.36 (KHTML, like Gecko; compatible; ClaudeBot/1.0; +claudebot@anthropic.com)"
216.73.216.20 - - [25/Aug/2026:01:52:06 +0500] "GET /shops/selfsufficiency/r9e4v0e2l3m1e0n2t264 HTTP/1.1" 301 - "-" "Mozilla/5.0 AppleWebKit/537.36 (KHTML, like Gecko; compatible; ClaudeBot/1.0; +claudebot@anthropic.com)"
216.73.216.20 - - [25/Aug/2026:01:52:08 +0500] "GET /uz/shops/selfsufficiency/r9e4v0e2l3m1e0n2t264 HTTP/1.1" 404 1216 "https://eskijuva-bozori.uz/shops/selfsufficiency/r9e4v0e2l3m1e0n2t264" "Mozilla/5.0 AppleWebKit/537.36 (KHTML, like Gecko; compatible; ClaudeBot/1.0; +claudebot@anthropic.com)"
216.73.216.20 - - [25/Aug/2026:01:52:18 +0500] "GET /?r=o9f2f6e2n5d2r6e5s0s4 HTTP/1.1" 301 - "-" "Mozilla/5.0 AppleWebKit/537.36 (KHTML, like Gecko; compatible; ClaudeBot/1.0; +claudebot@anthropic.com)"
216.73.216.20 - - [25/Aug/2026:01:52:20 +0500] "GET /uz/?r=o9f2f6e2n5d2r6e5s0s4 HTTP/1.1" 200 68225 "https://eskijuva-bozori.uz/?r=o9f2f6e2n5d2r6e5s0s4" "Mozilla/5.0 AppleWebKit/537.36 (KHTML, like Gecko; compatible; ClaudeBot/1.0; +claudebot@anthropic.com)"
216.73.216.183 - - [25/Aug/2026:01:52:29 +0500] "GET /?%60=s3u4l2p6h8i0n2i4c74 HTTP/1.1" 301 - "-" "Mozilla/5.0 AppleWebKit/537.36 (KHTML, like Gecko; compatible; ClaudeBot/1.0; +claudebot@anthropic.com)"
216.73.216.20 - - [25/Aug/2026:01:52:32 +0500] "GET /?r=s9l9a5m3b5a2n5g554 HTTP/1.1" 301 - "-" "Mozilla/5.0 AppleWebKit/537.36 (KHTML, like Gecko; compatible; ClaudeBot/1.0; +claudebot@anthropic.com)"
216.73.216.183 - - [25/Aug/2026:01:52:32 +0500] "GET /uz/?%60=s3u4l2p6h8i0n2i4c74 HTTP/1.1" 200 68450 "https://www.eskijuva-bozori.uz.uzbekgidroenergoqurilish.uz/?%60=s3u4l2p6h8i0n2i4c74" "Mozilla/5.0 AppleWebKit/537.36 (KHTML, like Gecko; compatible; ClaudeBot/1.0; +claudebot@anthropic.com)"
216.73.216.20 - - [25/Aug/2026:01:52:34 +0500] "GET /uz/?r=s9l9a5m3b5a2n5g554 HTTP/1.1" 200 68455 "https://eskijuva-bozori.uz/?r=s9l9a5m3b5a2n5g554" "Mozilla/5.0 AppleWebKit/537.36 (KHTML, like Gecko; compatible; ClaudeBot/1.0; +claudebot@anthropic.com)"
216.73.216.183 - - [25/Aug/2026:01:52:41 +0500] "GET /brachyramphus/l3i4t1a9n0i9e1s8462 HTTP/1.1" 301 - "-" "Mozilla/5.0 AppleWebKit/537.36 (KHTML, like Gecko; compatible; ClaudeBot/1.0; +claudebot@anthropic.com)"
216.73.216.183 - - [25/Aug/2026:01:52:43 +0500] "GET /uz/brachyramphus/l3i4t1a9n0i9e1s8462 HTTP/1.1" 404 1248 "https://www.eskijuva-bozori.uz.uzbekgidroenergoqurilish.uz/brachyramphus/l3i4t1a9n0i9e1s8462" "Mozilla/5.0 AppleWebKit/537.36 (KHTML, like Gecko; compatible; ClaudeBot/1.0; +claudebot@anthropic.com)"
