54.223.246.35 - - [24/Aug/2026:21:02:38 +0500] "GET /templates/yoo_master2/warp/vendor/uikit/js/uikit.js HTTP/1.1" 200 56240 "https://eskijuva-bozori.uz/uz/?author=16&start=52" "Mozilla/5.0 (Linux; Android 8.0; Pixel 2 Build/OPD3.170816.012) AppleWebKit/537.36 (KHTML, like Gecko) Chrome/43.0.1157.1576 Mobile Safari/537.36"
54.222.247.252 - - [24/Aug/2026:21:02:39 +0500] "GET /templates/yoo_master2/warp/vendor/uikit/js/components/search.js HTTP/1.1" 200 2715 "https://eskijuva-bozori.uz/uz/?author=16&start=52" "Mozilla/5.0 (Linux; Android 8.0; Pixel 2 Build/OPD3.170816.012) AppleWebKit/537.36 (KHTML, like Gecko) Chrome/43.0.1157.1576 Mobile Safari/537.36"
194.247.173.99 - - [24/Aug/2026:21:02:39 +0500] "GET /robots.txt HTTP/1.1" 200 111 "-" "Mozilla/5.0 (compatible; MJ12bot/v1.4.8; http://mj12bot.com/)"
52.81.131.84 - - [24/Aug/2026:21:02:40 +0500] "GET /templates/yoo_master2/warp/vendor/uikit/js/components/autocomplete.js HTTP/1.1" 200 4169 "https://eskijuva-bozori.uz/uz/?author=16&start=52" "Mozilla/5.0 (Linux; Android 8.0; Pixel 2 Build/OPD3.170816.012) AppleWebKit/537.36 (KHTML, like Gecko) Chrome/43.0.1157.1576 Mobile Safari/537.36"
54.222.247.252 - - [24/Aug/2026:21:02:40 +0500] "GET /templates/yoo_master2/warp/vendor/uikit/js/components/parallax.js HTTP/1.1" 200 5890 "https://eskijuva-bozori.uz/uz/?author=16&start=52" "Mozilla/5.0 (Linux; Android 8.0; Pixel 2 Build/OPD3.170816.012) AppleWebKit/537.36 (KHTML, like Gecko) Chrome/43.0.1157.1576 Mobile Safari/537.36"
93.152.221.252 - - [24/Aug/2026:21:02:34 +0500] "POST /index.php?option=com_jce&task=plugin.rpc&plugin=browser&profile_id=1 HTTP/1.1" 303 - "-" "Mozilla/5.0 (Windows NT 10.0; Win64; x64) AppleWebKit/537.36"
52.81.131.84 - - [24/Aug/2026:21:02:41 +0500] "GET /templates/yoo_master2/warp/vendor/uikit/js/components/tooltip.js HTTP/1.1" 200 3640 "https://eskijuva-bozori.uz/uz/?author=16&start=52" "Mozilla/5.0 (Linux; Android 8.0; Pixel 2 Build/OPD3.170816.012) AppleWebKit/537.36 (KHTML, like Gecko) Chrome/43.0.1157.1576 Mobile Safari/537.36"
52.81.131.84 - - [24/Aug/2026:21:02:43 +0500] "GET /templates/yoo_master2/js/theme.js HTTP/1.1" 200 236 "https://eskijuva-bozori.uz/uz/?author=16&start=52" "Mozilla/5.0 (Linux; Android 8.0; Pixel 2 Build/OPD3.170816.012) AppleWebKit/537.36 (KHTML, like Gecko) Chrome/43.0.1157.1576 Mobile Safari/537.36"
54.223.39.215 - - [24/Aug/2026:21:02:43 +0500] "GET /uz/dividends-uzb/493-dividend-2025-taklif HTTP/1.1" 508 288 "-" "Mozilla/5.0 (Linux; Android 8.0; Pixel 2 Build/OPD3.170816.012) AppleWebKit/537.36 (KHTML, like Gecko) Chrome/42.0.3840.1881 Mobile Safari/537.36"
54.222.247.252 - - [24/Aug/2026:21:02:43 +0500] "GET /templates/yoo_master2/warp/js/social.js HTTP/1.1" 200 1481 "https://eskijuva-bozori.uz/uz/?author=16&start=52" "Mozilla/5.0 (Linux; Android 8.0; Pixel 2 Build/OPD3.170816.012) AppleWebKit/537.36 (KHTML, like Gecko) Chrome/43.0.1157.1576 Mobile Safari/537.36"
52.81.131.84 - - [24/Aug/2026:21:02:43 +0500] "GET /plugins/system/gspeech/includes/js/color.js HTTP/1.1" 200 1622 "https://eskijuva-bozori.uz/uz/?author=16&start=52" "Mozilla/5.0 (Linux; Android 8.0; Pixel 2 Build/OPD3.170816.012) AppleWebKit/537.36 (KHTML, like Gecko) Chrome/43.0.1157.1576 Mobile Safari/537.36"
52.81.131.84 - - [24/Aug/2026:21:02:44 +0500] "GET /plugins/system/gspeech/includes/js/easing.js HTTP/1.1" 200 6170 "https://eskijuva-bozori.uz/uz/?author=16&start=52" "Mozilla/5.0 (Linux; Android 8.0; Pixel 2 Build/OPD3.170816.012) AppleWebKit/537.36 (KHTML, like Gecko) Chrome/43.0.1157.1576 Mobile Safari/537.36"
216.73.217.53 - - [24/Aug/2026:21:02:37 +0500] "GET /shops/cercoleptes/y3e2l1l2o7w5s70903 HTTP/1.1" 301 - "-" "Mozilla/5.0 AppleWebKit/537.36 (KHTML, like Gecko; compatible; ClaudeBot/1.0; +claudebot@anthropic.com)"
52.81.131.84 - - [24/Aug/2026:21:02:46 +0500] "GET /plugins/system/gspeech/includes/js/jQueryRotate.2.1.js HTTP/1.1" 200 10309 "https://eskijuva-bozori.uz/uz/?author=16&start=52" "Mozilla/5.0 (Linux; Android 8.0; Pixel 2 Build/OPD3.170816.012) AppleWebKit/537.36 (KHTML, like Gecko) Chrome/43.0.1157.1576 Mobile Safari/537.36"
93.152.221.252 - - [24/Aug/2026:21:02:41 +0500] "GET /index.php HTTP/1.1" 301 - "-" "Mozilla/5.0 (Windows NT 10.0; Win64; x64) AppleWebKit/537.36"
52.81.131.84 - - [24/Aug/2026:21:02:48 +0500] "GET /plugins/system/gspeech/includes/js/gspeech.js?version=2.7.0 HTTP/1.1" 200 14024 "https://eskijuva-bozori.uz/uz/?author=16&start=52" "Mozilla/5.0 (Linux; Android 8.0; Pixel 2 Build/OPD3.170816.012) AppleWebKit/537.36 (KHTML, like Gecko) Chrome/43.0.1157.1576 Mobile Safari/537.36"
216.73.217.53 - - [24/Aug/2026:21:02:44 +0500] "GET /uz/shops/cercoleptes/y3e2l1l2o7w5s70903 HTTP/1.1" 404 1248 "https://www.eskijuva-bozori.uz.uzbekgidroenergoqurilish.uz/shops/cercoleptes/y3e2l1l2o7w5s70903" "Mozilla/5.0 AppleWebKit/537.36 (KHTML, like Gecko; compatible; ClaudeBot/1.0; +claudebot@anthropic.com)"
194.247.173.99 - - [24/Aug/2026:21:02:44 +0500] "GET /uz/?function=call_user_func_array&s=index/think%5Capp/invokefunction&vars[0]=phpinfo&vars[1][0]=1&start=32 HTTP/1.1" 200 69309 "-" "Mozilla/5.0 (compatible; MJ12bot/v1.4.8; http://mj12bot.com/)"
54.222.182.145 - - [24/Aug/2026:21:02:31 +0500] "GET /media/jui/js/jquery.min.js?bdca9f4aaac7efa5c50df0d08fc1d8dd HTTP/1.1" 200 97646 "https://eskijuva-bozori.uz/uz/?author=16&start=52" "Mozilla/5.0 (Linux; Android 8.0; Pixel 2 Build/OPD3.170816.012) AppleWebKit/537.36 (KHTML, like Gecko) Chrome/43.0.1157.1576 Mobile Safari/537.36"
52.80.242.176 - - [24/Aug/2026:21:02:37 +0500] "GET /cache/widgetkit/uikit-29fbce3c.js HTTP/1.1" 200 97849 "https://eskijuva-bozori.uz/uz/?author=16&start=52" "Mozilla/5.0 (Linux; Android 8.0; Pixel 2 Build/OPD3.170816.012) AppleWebKit/537.36 (KHTML, like Gecko) Chrome/43.0.1157.1576 Mobile Safari/537.36"
216.73.217.53 - - [24/Aug/2026:21:02:48 +0500] "GET /superfluitant/salubrity/3452450051 HTTP/1.1" 301 - "-" "Mozilla/5.0 AppleWebKit/537.36 (KHTML, like Gecko; compatible; ClaudeBot/1.0; +claudebot@anthropic.com)"
54.222.247.252 - - [24/Aug/2026:21:02:44 +0500] "GET /plugins/system/gspeech/includes/js/jquery-1.8.1.min.js HTTP/1.1" 200 92831 "https://eskijuva-bozori.uz/uz/?author=16&start=52" "Mozilla/5.0 (Linux; Android 8.0; Pixel 2 Build/OPD3.170816.012) AppleWebKit/537.36 (KHTML, like Gecko) Chrome/43.0.1157.1576 Mobile Safari/537.36"
93.152.221.252 - - [24/Aug/2026:21:02:47 +0500] "GET /uz/ HTTP/1.1" 200 68662 "-" "Mozilla/5.0 (Windows NT 10.0; Win64; x64) AppleWebKit/537.36"
216.73.217.53 - - [24/Aug/2026:21:02:52 +0500] "GET /shops/ignify/m3i3m2u1s9o5p7s5937 HTTP/1.1" 301 - "-" "Mozilla/5.0 AppleWebKit/537.36 (KHTML, like Gecko; compatible; ClaudeBot/1.0; +claudebot@anthropic.com)"
216.73.217.53 - - [24/Aug/2026:21:02:52 +0500] "GET /uz/superfluitant/salubrity/3452450051 HTTP/1.1" 404 1248 "https://www.eskijuva-bozori.uz.uzbekgidroenergoqurilish.uz/superfluitant/salubrity/3452450051" "Mozilla/5.0 AppleWebKit/537.36 (KHTML, like Gecko; compatible; ClaudeBot/1.0; +claudebot@anthropic.com)"
93.152.221.252 - - [24/Aug/2026:21:02:53 +0500] "POST /index.php?option=com_jce&task=plugin.rpc&plugin=browser&profile_id=2 HTTP/1.1" 303 - "-" "Mozilla/5.0 (Windows NT 10.0; Win64; x64) AppleWebKit/537.36"
216.73.217.53 - - [24/Aug/2026:21:02:59 +0500] "GET /uz/shops/ignify/m3i3m2u1s9o5p7s5937 HTTP/1.1" 404 1248 "https://www.eskijuva-bozori.uz.uzbekgidroenergoqurilish.uz/shops/ignify/m3i3m2u1s9o5p7s5937" "Mozilla/5.0 AppleWebKit/537.36 (KHTML, like Gecko; compatible; ClaudeBot/1.0; +claudebot@anthropic.com)"
93.152.221.252 - - [24/Aug/2026:21:03:00 +0500] "GET /index.php HTTP/1.1" 301 - "-" "Mozilla/5.0 (Windows NT 10.0; Win64; x64) AppleWebKit/537.36"
194.247.173.99 - - [24/Aug/2026:21:02:57 +0500] "GET /uz/?s=index/think%5C%5C%5C%5C%5C%5C%5C%5C%5C%5C%5C%5C%5C%5C%5C%5Capp/invokefunction&function=call_user_func_array&vars[0]=phpinfo&vars[1][0]=1 HTTP/1.1" 200 68383 "-" "Mozilla/5.0 (compatible; MJ12bot/v1.4.8; http://mj12bot.com/)"
216.73.217.53 - - [24/Aug/2026:21:03:04 +0500] "GET /?%60=f3e1u1d9a6l9i9z4e973 HTTP/1.1" 301 - "-" "Mozilla/5.0 AppleWebKit/537.36 (KHTML, like Gecko; compatible; ClaudeBot/1.0; +claudebot@anthropic.com)"
93.152.221.252 - - [24/Aug/2026:21:03:06 +0500] "GET /uz/ HTTP/1.1" 200 68662 "-" "Mozilla/5.0 (Windows NT 10.0; Win64; x64) AppleWebKit/537.36"
52.81.4.98 - - [24/Aug/2026:21:03:07 +0500] "GET /uz/officially-uzb/tenders-uzb/484-tend-korp-2026-uzb HTTP/1.1" 200 59683 "-" "Mozilla/5.0 (Linux; Android 6.0; Nexus 5 Build/MRA58N) AppleWebKit/537.36 (KHTML, like Gecko) Chrome/46.0.8659.1741 Mobile Safari/537.36"
52.81.4.98 - - [24/Aug/2026:21:03:16 +0500] "GET /media/jui/js/jquery.min.js?bdca9f4aaac7efa5c50df0d08fc1d8dd HTTP/1.1" 200 97646 "https://eskijuva-bozori.uz/uz/officially-uzb/tenders-uzb/484-tend-korp-2026-uzb" "Mozilla/5.0 (Linux; Android 6.0; Nexus 5 Build/MRA58N) AppleWebKit/537.36 (KHTML, like Gecko) Chrome/46.0.8659.1741 Mobile Safari/537.36"
52.81.111.166 - - [24/Aug/2026:21:03:16 +0500] "GET /media/ext_tss/assets/js/script.js HTTP/1.1" 200 1117 "https://eskijuva-bozori.uz/uz/officially-uzb/tenders-uzb/484-tend-korp-2026-uzb" "Mozilla/5.0 (Linux; Android 6.0; Nexus 5 Build/MRA58N) AppleWebKit/537.36 (KHTML, like Gecko) Chrome/46.0.8659.1741 Mobile Safari/537.36"
54.223.95.239 - - [24/Aug/2026:21:03:16 +0500] "GET /templates/yoo_master2/warp/vendor/uikit/js/uikit.js HTTP/1.1" 200 56240 "https://eskijuva-bozori.uz/uz/officially-uzb/tenders-uzb/484-tend-korp-2026-uzb" "Mozilla/5.0 (Linux; Android 6.0; Nexus 5 Build/MRA58N) AppleWebKit/537.36 (KHTML, like Gecko) Chrome/46.0.8659.1741 Mobile Safari/537.36"
52.81.4.98 - - [24/Aug/2026:21:03:16 +0500] "GET /plugins/system/gspeech/includes/js/gspeech.js?version=2.7.0 HTTP/1.1" 200 14024 "https://eskijuva-bozori.uz/uz/officially-uzb/tenders-uzb/484-tend-korp-2026-uzb" "Mozilla/5.0 (Linux; Android 6.0; Nexus 5 Build/MRA58N) AppleWebKit/537.36 (KHTML, like Gecko) Chrome/46.0.8659.1741 Mobile Safari/537.36"
54.223.105.130 - - [24/Aug/2026:21:03:16 +0500] "GET /plugins/system/gspeech/includes/js/mediaelement-and-player.min.js HTTP/1.1" 200 37720 "https://eskijuva-bozori.uz/uz/officially-uzb/tenders-uzb/484-tend-korp-2026-uzb" "Mozilla/5.0 (Linux; Android 6.0; Nexus 5 Build/MRA58N) AppleWebKit/537.36 (KHTML, like Gecko) Chrome/46.0.8659.1741 Mobile Safari/537.36"
52.81.111.166 - - [24/Aug/2026:21:03:16 +0500] "GET /plugins/system/gspeech/includes/js/gspeech_pro.js?version=2.7.0 HTTP/1.1" 200 15387 "https://eskijuva-bozori.uz/uz/officially-uzb/tenders-uzb/484-tend-korp-2026-uzb" "Mozilla/5.0 (Linux; Android 6.0; Nexus 5 Build/MRA58N) AppleWebKit/537.36 (KHTML, like Gecko) Chrome/46.0.8659.1741 Mobile Safari/537.36"
52.81.126.191 - - [24/Aug/2026:21:03:16 +0500] "GET /cache/widgetkit/uikit-29fbce3c.js HTTP/1.1" 200 97849 "https://eskijuva-bozori.uz/uz/officially-uzb/tenders-uzb/484-tend-korp-2026-uzb" "Mozilla/5.0 (Linux; Android 6.0; Nexus 5 Build/MRA58N) AppleWebKit/537.36 (KHTML, like Gecko) Chrome/46.0.8659.1741 Mobile Safari/537.36"
54.223.48.253 - - [24/Aug/2026:21:03:16 +0500] "GET /plugins/system/gspeech/includes/js/jquery-1.8.1.min.js HTTP/1.1" 200 92831 "https://eskijuva-bozori.uz/uz/officially-uzb/tenders-uzb/484-tend-korp-2026-uzb" "Mozilla/5.0 (Linux; Android 6.0; Nexus 5 Build/MRA58N) AppleWebKit/537.36 (KHTML, like Gecko) Chrome/46.0.8659.1741 Mobile Safari/537.36"
216.73.217.53 - - [24/Aug/2026:21:03:09 +0500] "GET /uz/?%60=f3e1u1d9a6l9i9z4e973 HTTP/1.1" 200 68481 "https://www.eskijuva-bozori.uz.uzbekgidroenergoqurilish.uz/?%60=f3e1u1d9a6l9i9z4e973" "Mozilla/5.0 AppleWebKit/537.36 (KHTML, like Gecko; compatible; ClaudeBot/1.0; +claudebot@anthropic.com)"
93.152.221.252 - - [24/Aug/2026:21:03:16 +0500] "POST /index.php?option=com_jce&task=plugin.rpc&plugin=browser&profile_id=2 HTTP/1.1" 303 - "-" "Mozilla/5.0 (Windows NT 10.0; Win64; x64) AppleWebKit/537.36"
216.73.217.53 - - [24/Aug/2026:21:03:17 +0500] "GET /shops/gorbellied/p3e2n1s4i4l4e82347 HTTP/1.1" 301 - "-" "Mozilla/5.0 AppleWebKit/537.36 (KHTML, like Gecko; compatible; ClaudeBot/1.0; +claudebot@anthropic.com)"
93.152.221.252 - - [24/Aug/2026:21:03:22 +0500] "GET /index.php HTTP/1.1" 301 - "-" "Mozilla/5.0 (Windows NT 10.0; Win64; x64) AppleWebKit/537.36"
216.73.217.53 - - [24/Aug/2026:21:03:23 +0500] "GET /uz/shops/gorbellied/p3e2n1s4i4l4e82347 HTTP/1.1" 404 1248 "https://www.eskijuva-bozori.uz.uzbekgidroenergoqurilish.uz/shops/gorbellied/p3e2n1s4i4l4e82347" "Mozilla/5.0 AppleWebKit/537.36 (KHTML, like Gecko; compatible; ClaudeBot/1.0; +claudebot@anthropic.com)"
93.152.221.252 - - [24/Aug/2026:21:03:29 +0500] "GET /uz/ HTTP/1.1" 200 68662 "-" "Mozilla/5.0 (Windows NT 10.0; Win64; x64) AppleWebKit/537.36"
40.77.167.181 - - [24/Aug/2026:21:03:41 +0500] "GET /robots.txt HTTP/1.1" 200 111 "-" "Mozilla/5.0 AppleWebKit/537.36 (KHTML, like Gecko; compatible; bingbot/2.0; +http://www.bing.com/bingbot.htm) Chrome/116.0.1938.76 Safari/537.36"
93.152.221.252 - - [24/Aug/2026:21:03:39 +0500] "POST /index.php?option=com_jce&task=plugin.rpc&plugin=browser&profile_id=3 HTTP/1.1" 303 - "-" "Mozilla/5.0 (Windows NT 10.0; Win64; x64) AppleWebKit/537.36"
93.152.221.252 - - [24/Aug/2026:21:03:43 +0500] "GET /index.php HTTP/1.1" 301 - "-" "Mozilla/5.0 (Windows NT 10.0; Win64; x64) AppleWebKit/537.36"
93.152.221.252 - - [24/Aug/2026:21:03:48 +0500] "GET /uz/ HTTP/1.1" 200 68662 "-" "Mozilla/5.0 (Windows NT 10.0; Win64; x64) AppleWebKit/537.36"
52.167.144.173 - - [24/Aug/2026:21:03:49 +0500] "GET /uz/officially-uzb/ustav-uzb HTTP/1.1" 200 63409 "-" "Mozilla/5.0 AppleWebKit/537.36 (KHTML, like Gecko; compatible; bingbot/2.0; +http://www.bing.com/bingbot.htm) Chrome/116.0.1938.76 Safari/537.36"
93.152.221.252 - - [24/Aug/2026:21:03:58 +0500] "POST /index.php?option=com_jce&task=plugin.rpc&plugin=browser&profile_id=3 HTTP/1.1" 303 - "-" "Mozilla/5.0 (Windows NT 10.0; Win64; x64) AppleWebKit/537.36"
93.152.221.252 - - [24/Aug/2026:21:04:03 +0500] "GET /index.php HTTP/1.1" 301 - "-" "Mozilla/5.0 (Windows NT 10.0; Win64; x64) AppleWebKit/537.36"
52.80.158.127 - - [24/Aug/2026:21:04:01 +0500] "GET /ru/votes-rus/461-bayon-osa-16-06-2024-ej-pdf HTTP/1.1" 200 54999 "-" "Mozilla/5.0 (iPhone; CPU iPhone OS 11_0 like Mac OS X) AppleWebKit/537.36 (KHTML, like Gecko) Chrome/54.0.9169.1174 Mobile Safari/537.36"
93.152.221.252 - - [24/Aug/2026:21:04:08 +0500] "GET /uz/ HTTP/1.1" 200 68662 "-" "Mozilla/5.0 (Windows NT 10.0; Win64; x64) AppleWebKit/537.36"
93.152.221.252 - - [24/Aug/2026:21:04:15 +0500] "POST /index.php?option=com_jce&task=plugin.rpc&plugin=browser&profile_id=4 HTTP/1.1" 303 - "-" "Mozilla/5.0 (Windows NT 10.0; Win64; x64) AppleWebKit/537.36"
93.152.221.252 - - [24/Aug/2026:21:04:20 +0500] "GET /index.php HTTP/1.1" 301 - "-" "Mozilla/5.0 (Windows NT 10.0; Win64; x64) AppleWebKit/537.36"
52.80.113.215 - - [24/Aug/2026:21:04:21 +0500] "GET / HTTP/1.1" 301 - "-" "Mozilla/5.0 (Linux; Android 5.0; SM-G900P Build/LRX21T) AppleWebKit/537.36 (KHTML, like Gecko) Chrome/48.0.9244.1095 Mobile Safari/537.36"
52.80.113.215 - - [24/Aug/2026:21:04:26 +0500] "GET /uz/ HTTP/1.1" 200 68519 "-" "Mozilla/5.0 (Linux; Android 5.0; SM-G900P Build/LRX21T) AppleWebKit/537.36 (KHTML, like Gecko) Chrome/48.0.9244.1095 Mobile Safari/537.36"
52.81.111.193 - - [24/Aug/2026:21:04:34 +0500] "GET /images/slideshow/01.jpg HTTP/1.1" 206 500 "https://www.eskijuva-bozori.uz/uz/" "Mozilla/5.0 (Linux; Android 5.0; SM-G900P Build/LRX21T) AppleWebKit/537.36 (KHTML, like Gecko) Chrome/48.0.9244.1095 Mobile Safari/537.36"
52.80.113.215 - - [24/Aug/2026:21:04:34 +0500] "GET /images/slideshow/02.jpg HTTP/1.1" 206 500 "https://www.eskijuva-bozori.uz/uz/" "Mozilla/5.0 (Linux; Android 5.0; SM-G900P Build/LRX21T) AppleWebKit/537.36 (KHTML, like Gecko) Chrome/48.0.9244.1095 Mobile Safari/537.36"
52.81.111.193 - - [24/Aug/2026:21:04:34 +0500] "GET /images/slideshow/04.jpg HTTP/1.1" 206 500 "https://www.eskijuva-bozori.uz/uz/" "Mozilla/5.0 (Linux; Android 5.0; SM-G900P Build/LRX21T) AppleWebKit/537.36 (KHTML, like Gecko) Chrome/48.0.9244.1095 Mobile Safari/537.36"
52.80.113.215 - - [24/Aug/2026:21:04:34 +0500] "GET /images/slideshow/03.jpg HTTP/1.1" 206 500 "https://www.eskijuva-bozori.uz/uz/" "Mozilla/5.0 (Linux; Android 5.0; SM-G900P Build/LRX21T) AppleWebKit/537.36 (KHTML, like Gecko) Chrome/48.0.9244.1095 Mobile Safari/537.36"
93.152.221.252 - - [24/Aug/2026:21:04:26 +0500] "GET /uz/ HTTP/1.1" 200 68662 "-" "Mozilla/5.0 (Windows NT 10.0; Win64; x64) AppleWebKit/537.36"
216.73.217.53 - - [24/Aug/2026:21:04:29 +0500] "GET /shops/enterprise/i3l2e7u6m5969871 HTTP/1.1" 301 - "-" "Mozilla/5.0 AppleWebKit/537.36 (KHTML, like Gecko; compatible; ClaudeBot/1.0; +claudebot@anthropic.com)"
52.81.111.193 - - [24/Aug/2026:21:04:34 +0500] "GET /images/news/korp.upravlenie.jpg HTTP/1.1" 206 500 "https://www.eskijuva-bozori.uz/uz/" "Mozilla/5.0 (Linux; Android 5.0; SM-G900P Build/LRX21T) AppleWebKit/537.36 (KHTML, like Gecko) Chrome/48.0.9244.1095 Mobile Safari/537.36"
52.80.113.215 - - [24/Aug/2026:21:04:34 +0500] "GET /images/news/vacancy.jpg HTTP/1.1" 206 500 "https://www.eskijuva-bozori.uz/uz/" "Mozilla/5.0 (Linux; Android 5.0; SM-G900P Build/LRX21T) AppleWebKit/537.36 (KHTML, like Gecko) Chrome/48.0.9244.1095 Mobile Safari/537.36"
54.222.151.169 - - [24/Aug/2026:21:04:34 +0500] "GET /images/slideshow/05.jpg HTTP/1.1" 206 500 "https://www.eskijuva-bozori.uz/uz/" "Mozilla/5.0 (Linux; Android 5.0; SM-G900P Build/LRX21T) AppleWebKit/537.36 (KHTML, like Gecko) Chrome/48.0.9244.1095 Mobile Safari/537.36"
52.81.111.193 - - [24/Aug/2026:21:04:34 +0500] "GET /images/links/banner_200_300_uz_a2.png HTTP/1.1" 206 500 "https://www.eskijuva-bozori.uz/uz/" "Mozilla/5.0 (Linux; Android 5.0; SM-G900P Build/LRX21T) AppleWebKit/537.36 (KHTML, like Gecko) Chrome/48.0.9244.1095 Mobile Safari/537.36"
85.208.96.199 - - [24/Aug/2026:21:04:32 +0500] "GET /uz/?function=call_user_func_array&start=8&vars%5B0%5D=phpinfo HTTP/1.1" 200 68672 "-" "Mozilla/5.0 (compatible; SemrushBot/7~bl; +http://www.semrush.com/bot.html)"
93.152.221.252 - - [24/Aug/2026:21:04:34 +0500] "POST /index.php?option=com_jce&task=plugin.rpc&plugin=browser&profile_id=4 HTTP/1.1" 303 - "-" "Mozilla/5.0 (Windows NT 10.0; Win64; x64) AppleWebKit/537.36"
216.73.217.53 - - [24/Aug/2026:21:04:34 +0500] "GET /uz/shops/enterprise/i3l2e7u6m5969871 HTTP/1.1" 404 1248 "https://www.eskijuva-bozori.uz.uzbekgidroenergoqurilish.uz/shops/enterprise/i3l2e7u6m5969871" "Mozilla/5.0 AppleWebKit/537.36 (KHTML, like Gecko; compatible; ClaudeBot/1.0; +claudebot@anthropic.com)"
93.152.221.252 - - [24/Aug/2026:21:04:39 +0500] "GET /index.php HTTP/1.1" 301 - "-" "Mozilla/5.0 (Windows NT 10.0; Win64; x64) AppleWebKit/537.36"
216.73.217.53 - - [24/Aug/2026:21:04:41 +0500] "GET /shops/gleditschia/c3a3m2b1e4r8k2e3e6l1e0d HTTP/1.1" 301 - "-" "Mozilla/5.0 AppleWebKit/537.36 (KHTML, like Gecko; compatible; ClaudeBot/1.0; +claudebot@anthropic.com)"
93.152.221.252 - - [24/Aug/2026:21:04:44 +0500] "GET /uz/ HTTP/1.1" 200 68662 "-" "Mozilla/5.0 (Windows NT 10.0; Win64; x64) AppleWebKit/537.36"
216.73.217.53 - - [24/Aug/2026:21:04:47 +0500] "GET /uz/shops/gleditschia/c3a3m2b1e4r8k2e3e6l1e0d HTTP/1.1" 404 1248 "https://www.eskijuva-bozori.uz.uzbekgidroenergoqurilish.uz/shops/gleditschia/c3a3m2b1e4r8k2e3e6l1e0d" "Mozilla/5.0 AppleWebKit/537.36 (KHTML, like Gecko; compatible; ClaudeBot/1.0; +claudebot@anthropic.com)"
52.81.126.125 - - [24/Aug/2026:21:04:45 +0500] "GET /ru/facts-rus/60-05-mansabdor-shaxslarning-shaxsij-tarkibidagi-uzgarishlar-2 HTTP/1.1" 200 59405 "-" "Mozilla/5.0 (Linux; Android 8.0; Pixel 2 Build/OPD3.170816.012) AppleWebKit/537.36 (KHTML, like Gecko) Chrome/41.0.2072.1601 Mobile Safari/537.36"
93.152.221.252 - - [24/Aug/2026:21:04:53 +0500] "POST /index.php?option=com_jce&task=plugin.rpc&plugin=browser&profile_id=5 HTTP/1.1" 303 - "-" "Mozilla/5.0 (Windows NT 10.0; Win64; x64) AppleWebKit/537.36"
216.73.217.53 - - [24/Aug/2026:21:04:53 +0500] "GET /shops/lucifer/m3e2n1d9a7c6i2t1i3e7s1 HTTP/1.1" 301 - "-" "Mozilla/5.0 AppleWebKit/537.36 (KHTML, like Gecko; compatible; ClaudeBot/1.0; +claudebot@anthropic.com)"
93.152.221.252 - - [24/Aug/2026:21:04:57 +0500] "GET /index.php HTTP/1.1" 301 - "-" "Mozilla/5.0 (Windows NT 10.0; Win64; x64) AppleWebKit/537.36"
216.73.217.53 - - [24/Aug/2026:21:04:57 +0500] "GET /uz/shops/lucifer/m3e2n1d9a7c6i2t1i3e7s1 HTTP/1.1" 404 1248 "https://www.eskijuva-bozori.uz.uzbekgidroenergoqurilish.uz/shops/lucifer/m3e2n1d9a7c6i2t1i3e7s1" "Mozilla/5.0 AppleWebKit/537.36 (KHTML, like Gecko; compatible; ClaudeBot/1.0; +claudebot@anthropic.com)"
93.152.221.252 - - [24/Aug/2026:21:05:00 +0500] "GET /uz/ HTTP/1.1" 200 68662 "-" "Mozilla/5.0 (Windows NT 10.0; Win64; x64) AppleWebKit/537.36"
216.73.217.53 - - [24/Aug/2026:21:05:01 +0500] "GET /?%60=n3a3r7r9a7t2e2d6439 HTTP/1.1" 301 - "-" "Mozilla/5.0 AppleWebKit/537.36 (KHTML, like Gecko; compatible; ClaudeBot/1.0; +claudebot@anthropic.com)"
93.152.221.252 - - [24/Aug/2026:21:05:04 +0500] "POST /index.php?option=com_jce&task=plugin.rpc&plugin=browser&profile_id=5 HTTP/1.1" 303 - "-" "Mozilla/5.0 (Windows NT 10.0; Win64; x64) AppleWebKit/537.36"
216.73.217.53 - - [24/Aug/2026:21:05:05 +0500] "GET /uz/?%60=n3a3r7r9a7t2e2d6439 HTTP/1.1" 200 68480 "https://www.eskijuva-bozori.uz.uzbekgidroenergoqurilish.uz/?%60=n3a3r7r9a7t2e2d6439" "Mozilla/5.0 AppleWebKit/537.36 (KHTML, like Gecko; compatible; ClaudeBot/1.0; +claudebot@anthropic.com)"
93.152.221.252 - - [24/Aug/2026:21:05:10 +0500] "GET /index.php HTTP/1.1" 301 - "-" "Mozilla/5.0 (Windows NT 10.0; Win64; x64) AppleWebKit/537.36"
216.73.217.53 - - [24/Aug/2026:21:05:13 +0500] "GET /?%60=c3o3r4t3i8c7o7i4d974 HTTP/1.1" 301 - "-" "Mozilla/5.0 AppleWebKit/537.36 (KHTML, like Gecko; compatible; ClaudeBot/1.0; +claudebot@anthropic.com)"
54.223.196.168 - - [24/Aug/2026:21:05:13 +0500] "GET /uz/news-uzb/139-meeting-15-11-16 HTTP/1.1" 200 59192 "-" "Mozilla/5.0 (iPhone; CPU iPhone OS 11_0 like Mac OS X) AppleWebKit/537.36 (KHTML, like Gecko) Chrome/40.0.9016.1081 Mobile Safari/537.36"
93.152.221.252 - - [24/Aug/2026:21:05:15 +0500] "GET /uz/ HTTP/1.1" 200 68662 "-" "Mozilla/5.0 (Windows NT 10.0; Win64; x64) AppleWebKit/537.36"
93.152.221.252 - - [24/Aug/2026:21:05:19 +0500] "POST /index.php?option=com_jce&task=plugin.rpc&plugin=browser HTTP/1.1" 303 - "-" "Mozilla/5.0 (Windows NT 10.0; Win64; x64) AppleWebKit/537.36"
216.73.217.53 - - [24/Aug/2026:21:05:18 +0500] "GET /uz/?%60=c3o3r4t3i8c7o7i4d974 HTTP/1.1" 200 68481 "https://www.eskijuva-bozori.uz.uzbekgidroenergoqurilish.uz/?%60=c3o3r4t3i8c7o7i4d974" "Mozilla/5.0 AppleWebKit/537.36 (KHTML, like Gecko; compatible; ClaudeBot/1.0; +claudebot@anthropic.com)"
93.152.221.252 - - [24/Aug/2026:21:05:23 +0500] "GET /index.php HTTP/1.1" 301 - "-" "Mozilla/5.0 (Windows NT 10.0; Win64; x64) AppleWebKit/537.36"
216.73.217.53 - - [24/Aug/2026:21:05:25 +0500] "GET /shops/tillyvally/a3s4t2r1a3e0i2d5a8e11 HTTP/1.1" 301 - "-" "Mozilla/5.0 AppleWebKit/537.36 (KHTML, like Gecko; compatible; ClaudeBot/1.0; +claudebot@anthropic.com)"
93.152.221.252 - - [24/Aug/2026:21:05:28 +0500] "GET /uz/ HTTP/1.1" 200 68662 "-" "Mozilla/5.0 (Windows NT 10.0; Win64; x64) AppleWebKit/537.36"
216.73.217.53 - - [24/Aug/2026:21:05:31 +0500] "GET /uz/shops/tillyvally/a3s4t2r1a3e0i2d5a8e11 HTTP/1.1" 404 1248 "https://www.eskijuva-bozori.uz.uzbekgidroenergoqurilish.uz/shops/tillyvally/a3s4t2r1a3e0i2d5a8e11" "Mozilla/5.0 AppleWebKit/537.36 (KHTML, like Gecko; compatible; ClaudeBot/1.0; +claudebot@anthropic.com)"
216.73.217.53 - - [24/Aug/2026:21:05:34 +0500] "GET /?%60=e3n3c9o4m3p6a0s5s4e9d9 HTTP/1.1" 301 - "-" "Mozilla/5.0 AppleWebKit/537.36 (KHTML, like Gecko; compatible; ClaudeBot/1.0; +claudebot@anthropic.com)"
34.61.96.6 - - [24/Aug/2026:21:05:30 +0500] "GET /uz/audit-uzb/342-audit-2020-uzb HTTP/1.1" 200 55887 "-" "Mozilla/5.0 (Macintosh; Intel Mac OS X 10_15_7) AppleWebKit/537.36 (KHTML, like Gecko) Chrome/120.0.0.0 Safari/537.36"
93.152.221.252 - - [24/Aug/2026:21:05:36 +0500] "POST /index.php?option=com_jce&task=plugin.rpc&plugin=browser HTTP/1.1" 303 - "-" "Mozilla/5.0 (Windows NT 10.0; Win64; x64) AppleWebKit/537.36"
194.247.173.99 - - [24/Aug/2026:21:05:35 +0500] "GET /uz/?s=index/think%5C%5C%5C%5C%5C%5C%5C%5C%5C%5C%5C%5C%5C%5C%5C%5Capp/invokefunction&function=call_user_func_array&vars[0]=phpinfo&vars[1][0]=1&start=40 HTTP/1.1" 200 69668 "-" "Mozilla/5.0 (compatible; MJ12bot/v1.4.8; http://mj12bot.com/)"
216.73.217.53 - - [24/Aug/2026:21:05:38 +0500] "GET /uz/?%60=e3n3c9o4m3p6a0s5s4e9d9 HTTP/1.1" 200 68483 "https://www.eskijuva-bozori.uz.uzbekgidroenergoqurilish.uz/?%60=e3n3c9o4m3p6a0s5s4e9d9" "Mozilla/5.0 AppleWebKit/537.36 (KHTML, like Gecko; compatible; ClaudeBot/1.0; +claudebot@anthropic.com)"
93.152.221.252 - - [24/Aug/2026:21:05:41 +0500] "GET /index.php HTTP/1.1" 301 - "-" "Mozilla/5.0 (Windows NT 10.0; Win64; x64) AppleWebKit/537.36"
216.73.217.53 - - [24/Aug/2026:21:05:45 +0500] "GET /shops/monarda/f3o4r4e6w4a8r5n6e4d1 HTTP/1.1" 301 - "-" "Mozilla/5.0 AppleWebKit/537.36 (KHTML, like Gecko; compatible; ClaudeBot/1.0; +claudebot@anthropic.com)"
194.247.173.99 - - [24/Aug/2026:21:05:47 +0500] "GET /uz/?s=index/think%5C%5C%5C%5C%5C%5C%5C%5C%5C%5C%5C%5C%5C%5C%5C%5Capp/invokefunction&function=call_user_func_array&vars[0]=phpinfo&vars[1][0]=1&start=44 HTTP/1.1" 200 70571 "-" "Mozilla/5.0 (compatible; MJ12bot/v1.4.8; http://mj12bot.com/)"
93.152.221.252 - - [24/Aug/2026:21:05:48 +0500] "GET /uz/ HTTP/1.1" 200 68662 "-" "Mozilla/5.0 (Windows NT 10.0; Win64; x64) AppleWebKit/537.36"
216.73.217.53 - - [24/Aug/2026:21:05:51 +0500] "GET /uz/shops/monarda/f3o4r4e6w4a8r5n6e4d1 HTTP/1.1" 404 1248 "https://www.eskijuva-bozori.uz.uzbekgidroenergoqurilish.uz/shops/monarda/f3o4r4e6w4a8r5n6e4d1" "Mozilla/5.0 AppleWebKit/537.36 (KHTML, like Gecko; compatible; ClaudeBot/1.0; +claudebot@anthropic.com)"
93.152.221.252 - - [24/Aug/2026:21:05:56 +0500] "POST /index.php?option=com_jce&task=plugin.rpc&plugin=browser&profile_id=1 HTTP/1.1" 303 - "-" "Mozilla/5.0 (Windows NT 10.0; Win64; x64) AppleWebKit/537.36"
216.73.217.53 - - [24/Aug/2026:21:05:57 +0500] "GET /?%60=f3l2e9c9t7o3r54079 HTTP/1.1" 301 - "-" "Mozilla/5.0 AppleWebKit/537.36 (KHTML, like Gecko; compatible; ClaudeBot/1.0; +claudebot@anthropic.com)"
93.152.221.252 - - [24/Aug/2026:21:06:01 +0500] "GET /index.php HTTP/1.1" 301 - "-" "Mozilla/5.0 (Windows NT 10.0; Win64; x64) AppleWebKit/537.36"
194.247.173.99 - - [24/Aug/2026:21:06:00 +0500] "GET /uz/?s=index/think%5C%5C%5C%5C%5C%5C%5C%5C%5C%5C%5C%5C%5C%5C%5C%5Capp/invokefunction&function=call_user_func_array&vars[0]=phpinfo&vars[1][0]=1&start=48 HTTP/1.1" 200 69764 "-" "Mozilla/5.0 (compatible; MJ12bot/v1.4.8; http://mj12bot.com/)"
52.80.113.168 - - [24/Aug/2026:21:05:59 +0500] "GET /uz/18-uzbek/shareholders-uzb HTTP/1.1" 200 66824 "-" "Mozilla/5.0 (Linux; Android 8.0; Pixel 2 Build/OPD3.170816.012) AppleWebKit/537.36 (KHTML, like Gecko) Chrome/47.0.1317.1184 Mobile Safari/537.36"
216.73.217.53 - - [24/Aug/2026:21:06:02 +0500] "GET /uz/?%60=f3l2e9c9t7o3r54079 HTTP/1.1" 200 68479 "https://www.eskijuva-bozori.uz.uzbekgidroenergoqurilish.uz/?%60=f3l2e9c9t7o3r54079" "Mozilla/5.0 AppleWebKit/537.36 (KHTML, like Gecko; compatible; ClaudeBot/1.0; +claudebot@anthropic.com)"
93.152.221.252 - - [24/Aug/2026:21:06:06 +0500] "GET /uz/ HTTP/1.1" 200 68662 "-" "Mozilla/5.0 (Windows NT 10.0; Win64; x64) AppleWebKit/537.36"
216.73.217.53 - - [24/Aug/2026:21:06:09 +0500] "GET /shops/caterpillars/e3v4a6s2i0v2e1n4e4s7s HTTP/1.1" 301 - "-" "Mozilla/5.0 AppleWebKit/537.36 (KHTML, like Gecko; compatible; ClaudeBot/1.0; +claudebot@anthropic.com)"
93.152.221.252 - - [24/Aug/2026:21:06:14 +0500] "POST /index.php?option=com_jce&task=plugin.rpc&plugin=browser&profile_id=1 HTTP/1.1" 303 - "-" "Mozilla/5.0 (Windows NT 10.0; Win64; x64) AppleWebKit/537.36"
216.73.217.53 - - [24/Aug/2026:21:06:16 +0500] "GET /?%60=t3r4a0b1e7a120184 HTTP/1.1" 301 - "-" "Mozilla/5.0 AppleWebKit/537.36 (KHTML, like Gecko; compatible; ClaudeBot/1.0; +claudebot@anthropic.com)"
216.73.217.53 - - [24/Aug/2026:21:06:15 +0500] "GET /uz/shops/caterpillars/e3v4a6s2i0v2e1n4e4s7s HTTP/1.1" 404 1248 "https://www.eskijuva-bozori.uz.uzbekgidroenergoqurilish.uz/shops/caterpillars/e3v4a6s2i0v2e1n4e4s7s" "Mozilla/5.0 AppleWebKit/537.36 (KHTML, like Gecko; compatible; ClaudeBot/1.0; +claudebot@anthropic.com)"
93.152.221.252 - - [24/Aug/2026:21:06:19 +0500] "GET /index.php HTTP/1.1" 301 - "-" "Mozilla/5.0 (Windows NT 10.0; Win64; x64) AppleWebKit/537.36"
185.191.171.5 - - [24/Aug/2026:21:06:18 +0500] "GET /ru/facts-rus/294-36-fact-30-04-2020 HTTP/1.1" 200 55659 "-" "Mozilla/5.0 (compatible; SemrushBot/7~bl; +http://www.semrush.com/bot.html)"
216.73.217.53 - - [24/Aug/2026:21:06:21 +0500] "GET /uz/?%60=t3r4a0b1e7a120184 HTTP/1.1" 200 68478 "https://www.eskijuva-bozori.uz.uzbekgidroenergoqurilish.uz/?%60=t3r4a0b1e7a120184" "Mozilla/5.0 AppleWebKit/537.36 (KHTML, like Gecko; compatible; ClaudeBot/1.0; +claudebot@anthropic.com)"
52.80.238.202 - - [24/Aug/2026:21:06:23 +0500] "GET /ru/facts-rus/457-sush-fakt-08-15-04-2025ns-ej-pdf HTTP/1.1" 200 55980 "-" "Mozilla/5.0 (Linux; Android 6.0; Nexus 5 Build/MRA58N) AppleWebKit/537.36 (KHTML, like Gecko) Chrome/53.0.7498.1219 Mobile Safari/537.36"
93.152.221.252 - - [24/Aug/2026:21:06:25 +0500] "GET /uz/ HTTP/1.1" 200 68662 "-" "Mozilla/5.0 (Windows NT 10.0; Win64; x64) AppleWebKit/537.36"
52.80.238.202 - - [24/Aug/2026:21:06:33 +0500] "GET /media/aridocsviewer/js/aridocsviewer.js?v=322e302e32 HTTP/1.1" 200 550 "https://eskijuva-bozori.uz/ru/facts-rus/457-sush-fakt-08-15-04-2025ns-ej-pdf" "Mozilla/5.0 (Linux; Android 6.0; Nexus 5 Build/MRA58N) AppleWebKit/537.36 (KHTML, like Gecko) Chrome/53.0.7498.1219 Mobile Safari/537.36"
93.152.221.252 - - [24/Aug/2026:21:06:33 +0500] "POST /index.php?option=com_jce&task=plugin.rpc&plugin=browser&profile_id=2 HTTP/1.1" 303 - "-" "Mozilla/5.0 (Windows NT 10.0; Win64; x64) AppleWebKit/537.36"
93.152.221.252 - - [24/Aug/2026:21:06:38 +0500] "GET /index.php HTTP/1.1" 301 - "-" "Mozilla/5.0 (Windows NT 10.0; Win64; x64) AppleWebKit/537.36"
93.152.221.252 - - [24/Aug/2026:21:06:44 +0500] "GET /uz/ HTTP/1.1" 200 68662 "-" "Mozilla/5.0 (Windows NT 10.0; Win64; x64) AppleWebKit/537.36"
121.53.204.60 - - [24/Aug/2026:21:06:58 +0500] "GET /images/design/ayuda.gif HTTP/1.1" 200 1761 "https://eskijuva-bozori.uz/images/design/ayuda.gif" "Mozilla/5.0 (Windows NT 10.0; Win64; x64) AppleWebKit/537.36 (KHTML, like Gecko) Chrome/149.0.0.0 Safari/537.36"
93.152.221.252 - - [24/Aug/2026:21:06:52 +0500] "POST /index.php?option=com_jce&task=plugin.rpc&plugin=browser&profile_id=2 HTTP/1.1" 303 - "-" "Mozilla/5.0 (Windows NT 10.0; Win64; x64) AppleWebKit/537.36"
52.80.163.77 - - [24/Aug/2026:21:06:48 +0500] "GET /uz/officially-uzb/vacancies-uzb/355-vakancies-uz HTTP/1.1" 200 57258 "-" "Mozilla/5.0 (Linux; Android 8.0; Pixel 2 Build/OPD3.170816.012) AppleWebKit/537.36 (KHTML, like Gecko) Chrome/42.0.1968.1479 Mobile Safari/537.36"
93.152.221.252 - - [24/Aug/2026:21:06:59 +0500] "GET /index.php HTTP/1.1" 301 - "-" "Mozilla/5.0 (Windows NT 10.0; Win64; x64) AppleWebKit/537.36"
93.152.221.252 - - [24/Aug/2026:21:07:04 +0500] "GET /uz/ HTTP/1.1" 508 288 "-" "Mozilla/5.0 (Windows NT 10.0; Win64; x64) AppleWebKit/537.36"
93.152.221.252 - - [24/Aug/2026:21:07:05 +0500] "POST /index.php?option=com_jce&task=plugin.rpc&plugin=browser&profile_id=3 HTTP/1.1" 508 288 "-" "Mozilla/5.0 (Windows NT 10.0; Win64; x64) AppleWebKit/537.36"
93.152.221.252 - - [24/Aug/2026:21:07:05 +0500] "POST /index.php?option=com_jce&task=plugin.rpc&plugin=browser&profile_id=3 HTTP/1.1" 303 - "-" "Mozilla/5.0 (Windows NT 10.0; Win64; x64) AppleWebKit/537.36"
93.152.221.252 - - [24/Aug/2026:21:07:11 +0500] "GET /index.php HTTP/1.1" 301 - "-" "Mozilla/5.0 (Windows NT 10.0; Win64; x64) AppleWebKit/537.36"
52.80.71.50 - - [24/Aug/2026:21:07:12 +0500] "GET /ru/officially-rus/ustav-rus/134-ustav-22-07-16-rus HTTP/1.1" 200 55517 "-" "Mozilla/5.0 (iPhone; CPU iPhone OS 11_0 like Mac OS X) AppleWebKit/537.36 (KHTML, like Gecko) Chrome/47.0.6663.1286 Mobile Safari/537.36"
52.80.71.50 - - [24/Aug/2026:21:07:24 +0500] "GET /media/aridocsviewer/css/styles.css?v=322e302e32 HTTP/1.1" 200 654 "https://www.eskijuva-bozori.uz/ru/officially-rus/ustav-rus/134-ustav-22-07-16-rus" "Mozilla/5.0 (iPhone; CPU iPhone OS 11_0 like Mac OS X) AppleWebKit/537.36 (KHTML, like Gecko) Chrome/47.0.6663.1286 Mobile Safari/537.36"
52.81.133.208 - - [24/Aug/2026:21:07:25 +0500] "GET /media/aridocsviewer/js/aridocsviewer.js?v=322e302e32 HTTP/1.1" 200 550 "https://www.eskijuva-bozori.uz/ru/officially-rus/ustav-rus/134-ustav-22-07-16-rus" "Mozilla/5.0 (iPhone; CPU iPhone OS 11_0 like Mac OS X) AppleWebKit/537.36 (KHTML, like Gecko) Chrome/47.0.6663.1286 Mobile Safari/537.36"
52.81.133.208 - - [24/Aug/2026:21:07:26 +0500] "GET /media/aridocsviewer/css/images/loading.gif HTTP/1.1" 206 500 "https://www.eskijuva-bozori.uz/media/aridocsviewer/css/styles.css?v=322e302e32" "Mozilla/5.0 (iPhone; CPU iPhone OS 11_0 like Mac OS X) AppleWebKit/537.36 (KHTML, like Gecko) Chrome/47.0.6663.1286 Mobile Safari/537.36"
93.152.221.252 - - [24/Aug/2026:21:07:18 +0500] "GET /uz/ HTTP/1.1" 200 68737 "-" "Mozilla/5.0 (Windows NT 10.0; Win64; x64) AppleWebKit/537.36"
93.152.221.252 - - [24/Aug/2026:21:07:27 +0500] "POST /index.php?option=com_jce&task=plugin.rpc&plugin=browser&profile_id=4 HTTP/1.1" 303 - "-" "Mozilla/5.0 (Windows NT 10.0; Win64; x64) AppleWebKit/537.36"
93.152.221.252 - - [24/Aug/2026:21:07:32 +0500] "GET /index.php HTTP/1.1" 301 - "-" "Mozilla/5.0 (Windows NT 10.0; Win64; x64) AppleWebKit/537.36"
85.208.96.205 - - [24/Aug/2026:21:07:33 +0500] "GET /uz/facts-uzb/336-08-fact-02-04-2021-rk HTTP/1.1" 200 57320 "-" "Mozilla/5.0 (compatible; SemrushBot/7~bl; +http://www.semrush.com/bot.html)"
93.152.221.252 - - [24/Aug/2026:21:07:37 +0500] "GET /uz/ HTTP/1.1" 200 68737 "-" "Mozilla/5.0 (Windows NT 10.0; Win64; x64) AppleWebKit/537.36"
93.152.221.252 - - [24/Aug/2026:21:07:46 +0500] "POST /index.php?option=com_jce&task=plugin.rpc&plugin=browser&profile_id=4 HTTP/1.1" 303 - "-" "Mozilla/5.0 (Windows NT 10.0; Win64; x64) AppleWebKit/537.36"
93.152.221.252 - - [24/Aug/2026:21:07:51 +0500] "GET /index.php HTTP/1.1" 301 - "-" "Mozilla/5.0 (Windows NT 10.0; Win64; x64) AppleWebKit/537.36"
216.73.217.53 - - [24/Aug/2026:21:07:59 +0500] "GET /?%60=d3a3g4g7e3r8s30408 HTTP/1.1" 301 - "-" "Mozilla/5.0 AppleWebKit/537.36 (KHTML, like Gecko; compatible; ClaudeBot/1.0; +claudebot@anthropic.com)"
93.152.221.252 - - [24/Aug/2026:21:07:56 +0500] "GET /uz/ HTTP/1.1" 200 68737 "-" "Mozilla/5.0 (Windows NT 10.0; Win64; x64) AppleWebKit/537.36"
93.152.221.252 - - [24/Aug/2026:21:08:04 +0500] "POST /index.php?option=com_jce&task=plugin.rpc&plugin=browser&profile_id=5 HTTP/1.1" 303 - "-" "Mozilla/5.0 (Windows NT 10.0; Win64; x64) AppleWebKit/537.36"
216.73.217.53 - - [24/Aug/2026:21:08:04 +0500] "GET /uz/?%60=d3a3g4g7e3r8s30408 HTTP/1.1" 200 68554 "https://www.eskijuva-bozori.uz.uzbekgidroenergoqurilish.uz/?%60=d3a3g4g7e3r8s30408" "Mozilla/5.0 AppleWebKit/537.36 (KHTML, like Gecko; compatible; ClaudeBot/1.0; +claudebot@anthropic.com)"
216.73.217.53 - - [24/Aug/2026:21:08:11 +0500] "GET /shops/emotion/b3u4r1e7a6u7c5r8a2t6i2st HTTP/1.1" 301 - "-" "Mozilla/5.0 AppleWebKit/537.36 (KHTML, like Gecko; compatible; ClaudeBot/1.0; +claudebot@anthropic.com)"
93.152.221.252 - - [24/Aug/2026:21:08:11 +0500] "GET /index.php HTTP/1.1" 301 - "-" "Mozilla/5.0 (Windows NT 10.0; Win64; x64) AppleWebKit/537.36"
216.73.217.53 - - [24/Aug/2026:21:08:17 +0500] "GET /uz/shops/emotion/b3u4r1e7a6u7c5r8a2t6i2st HTTP/1.1" 404 1248 "https://www.eskijuva-bozori.uz.uzbekgidroenergoqurilish.uz/shops/emotion/b3u4r1e7a6u7c5r8a2t6i2st" "Mozilla/5.0 AppleWebKit/537.36 (KHTML, like Gecko; compatible; ClaudeBot/1.0; +claudebot@anthropic.com)"
93.152.221.252 - - [24/Aug/2026:21:08:17 +0500] "GET /uz/ HTTP/1.1" 200 68737 "-" "Mozilla/5.0 (Windows NT 10.0; Win64; x64) AppleWebKit/537.36"
216.73.217.53 - - [24/Aug/2026:21:08:23 +0500] "GET /?%60=b3a2c1k1d1o4w2n7964 HTTP/1.1" 301 - "-" "Mozilla/5.0 AppleWebKit/537.36 (KHTML, like Gecko; compatible; ClaudeBot/1.0; +claudebot@anthropic.com)"
93.152.221.252 - - [24/Aug/2026:21:08:25 +0500] "POST /index.php?option=com_jce&task=plugin.rpc&plugin=browser&profile_id=5 HTTP/1.1" 303 - "-" "Mozilla/5.0 (Windows NT 10.0; Win64; x64) AppleWebKit/537.36"
216.73.217.53 - - [24/Aug/2026:21:08:35 +0500] "GET /crossstone/t3e6n7d5i6n9g8932 HTTP/1.1" 508 288 "-" "Mozilla/5.0 AppleWebKit/537.36 (KHTML, like Gecko; compatible; ClaudeBot/1.0; +claudebot@anthropic.com)"
216.73.217.53 - - [24/Aug/2026:21:08:30 +0500] "GET /?%60=s3c3u1t0t7l4e65558 HTTP/1.1" 301 - "-" "Mozilla/5.0 AppleWebKit/537.36 (KHTML, like Gecko; compatible; ClaudeBot/1.0; +claudebot@anthropic.com)"
93.152.221.252 - - [24/Aug/2026:21:08:32 +0500] "GET /index.php HTTP/1.1" 301 - "-" "Mozilla/5.0 (Windows NT 10.0; Win64; x64) AppleWebKit/537.36"
216.73.217.53 - - [24/Aug/2026:21:08:30 +0500] "GET /uz/?%60=b3a2c1k1d1o4w2n7964 HTTP/1.1" 200 68555 "https://www.eskijuva-bozori.uz.uzbekgidroenergoqurilish.uz/?%60=b3a2c1k1d1o4w2n7964" "Mozilla/5.0 AppleWebKit/537.36 (KHTML, like Gecko; compatible; ClaudeBot/1.0; +claudebot@anthropic.com)"
216.73.217.53 - - [24/Aug/2026:21:08:36 +0500] "GET /uz/?%60=s3c3u1t0t7l4e65558 HTTP/1.1" 200 68554 "https://www.eskijuva-bozori.uz.uzbekgidroenergoqurilish.uz/?%60=s3c3u1t0t7l4e65558" "Mozilla/5.0 AppleWebKit/537.36 (KHTML, like Gecko; compatible; ClaudeBot/1.0; +claudebot@anthropic.com)"
216.73.217.53 - - [24/Aug/2026:21:08:47 +0500] "GET /uz/shops/pentecost/d3r1a9w1s1h9a1v8e405 HTTP/1.1" 508 288 "https://www.eskijuva-bozori.uz.uzbekgidroenergoqurilish.uz/shops/pentecost/d3r1a9w1s1h9a1v8e405" "Mozilla/5.0 AppleWebKit/537.36 (KHTML, like Gecko; compatible; ClaudeBot/1.0; +claudebot@anthropic.com)"
216.73.217.53 - - [24/Aug/2026:21:08:41 +0500] "GET /shops/pentecost/d3r1a9w1s1h9a1v8e405 HTTP/1.1" 301 - "-" "Mozilla/5.0 AppleWebKit/537.36 (KHTML, like Gecko; compatible; ClaudeBot/1.0; +claudebot@anthropic.com)"
93.152.221.252 - - [24/Aug/2026:21:08:39 +0500] "GET /uz/ HTTP/1.1" 200 68737 "-" "Mozilla/5.0 (Windows NT 10.0; Win64; x64) AppleWebKit/537.36"
93.152.221.252 - - [24/Aug/2026:21:08:47 +0500] "POST /index.php?option=com_jce&task=plugin.rpc&plugin=filemanager HTTP/1.1" 303 - "-" "Mozilla/5.0 (Windows NT 10.0; Win64; x64) AppleWebKit/537.36"
216.73.217.53 - - [24/Aug/2026:21:08:52 +0500] "GET /?%60=r3a3d5i2u9s157878 HTTP/1.1" 301 - "-" "Mozilla/5.0 AppleWebKit/537.36 (KHTML, like Gecko; compatible; ClaudeBot/1.0; +claudebot@anthropic.com)"
93.152.221.252 - - [24/Aug/2026:21:08:53 +0500] "GET /index.php HTTP/1.1" 301 - "-" "Mozilla/5.0 (Windows NT 10.0; Win64; x64) AppleWebKit/537.36"
216.73.217.53 - - [24/Aug/2026:21:08:56 +0500] "GET /uz/?%60=r3a3d5i2u9s157878 HTTP/1.1" 200 68553 "https://www.eskijuva-bozori.uz.uzbekgidroenergoqurilish.uz/?%60=r3a3d5i2u9s157878" "Mozilla/5.0 AppleWebKit/537.36 (KHTML, like Gecko; compatible; ClaudeBot/1.0; +claudebot@anthropic.com)"
93.152.221.252 - - [24/Aug/2026:21:08:57 +0500] "GET /uz/ HTTP/1.1" 200 68737 "-" "Mozilla/5.0 (Windows NT 10.0; Win64; x64) AppleWebKit/537.36"
93.152.221.252 - - [24/Aug/2026:21:09:04 +0500] "POST /index.php?option=com_jce&task=plugin.rpc&plugin=filemanager HTTP/1.1" 303 - "-" "Mozilla/5.0 (Windows NT 10.0; Win64; x64) AppleWebKit/537.36"
216.73.217.53 - - [24/Aug/2026:21:09:04 +0500] "GET /shops/hierotheca/b3a3c8i2l3l3i1f5o4r4m3 HTTP/1.1" 301 - "-" "Mozilla/5.0 AppleWebKit/537.36 (KHTML, like Gecko; compatible; ClaudeBot/1.0; +claudebot@anthropic.com)"
93.152.221.252 - - [24/Aug/2026:21:09:07 +0500] "GET /index.php HTTP/1.1" 301 - "-" "Mozilla/5.0 (Windows NT 10.0; Win64; x64) AppleWebKit/537.36"
216.73.217.53 - - [24/Aug/2026:21:09:08 +0500] "GET /uz/shops/hierotheca/b3a3c8i2l3l3i1f5o4r4m3 HTTP/1.1" 404 1248 "https://www.eskijuva-bozori.uz.uzbekgidroenergoqurilish.uz/shops/hierotheca/b3a3c8i2l3l3i1f5o4r4m3" "Mozilla/5.0 AppleWebKit/537.36 (KHTML, like Gecko; compatible; ClaudeBot/1.0; +claudebot@anthropic.com)"
93.152.221.252 - - [24/Aug/2026:21:09:09 +0500] "GET /uz/ HTTP/1.1" 200 68737 "-" "Mozilla/5.0 (Windows NT 10.0; Win64; x64) AppleWebKit/537.36"
93.152.221.252 - - [24/Aug/2026:21:09:14 +0500] "POST /index.php?option=com_jce&task=plugin.rpc&plugin=filemanager&profile_id=1 HTTP/1.1" 303 - "-" "Mozilla/5.0 (Windows NT 10.0; Win64; x64) AppleWebKit/537.36"
85.208.96.197 - - [24/Aug/2026:21:09:14 +0500] "GET /ru/facts-rus/230-06-fact-24-04-2018 HTTP/1.1" 200 55760 "-" "Mozilla/5.0 (compatible; SemrushBot/7~bl; +http://www.semrush.com/bot.html)"
93.152.221.252 - - [24/Aug/2026:21:09:20 +0500] "GET /index.php HTTP/1.1" 301 - "-" "Mozilla/5.0 (Windows NT 10.0; Win64; x64) AppleWebKit/537.36"
93.152.221.252 - - [24/Aug/2026:21:09:26 +0500] "GET /uz/ HTTP/1.1" 200 68737 "-" "Mozilla/5.0 (Windows NT 10.0; Win64; x64) AppleWebKit/537.36"
216.73.217.53 - - [24/Aug/2026:21:09:29 +0500] "GET /uz/?%60=d3i3o1m9e5d9e1a1131&format=feed&type=atom HTTP/1.1" 200 9466 "-" "Mozilla/5.0 AppleWebKit/537.36 (KHTML, like Gecko; compatible; ClaudeBot/1.0; +claudebot@anthropic.com)"
93.152.221.252 - - [24/Aug/2026:21:09:33 +0500] "POST /index.php?option=com_jce&task=plugin.rpc&plugin=filemanager&profile_id=1 HTTP/1.1" 303 - "-" "Mozilla/5.0 (Windows NT 10.0; Win64; x64) AppleWebKit/537.36"
93.152.221.252 - - [24/Aug/2026:21:09:38 +0500] "GET /index.php HTTP/1.1" 301 - "-" "Mozilla/5.0 (Windows NT 10.0; Win64; x64) AppleWebKit/537.36"
93.152.221.252 - - [24/Aug/2026:21:09:41 +0500] "GET /uz/ HTTP/1.1" 200 68737 "-" "Mozilla/5.0 (Windows NT 10.0; Win64; x64) AppleWebKit/537.36"
93.152.221.252 - - [24/Aug/2026:21:09:46 +0500] "POST /index.php?option=com_jce&task=plugin.rpc&plugin=filemanager&profile_id=2 HTTP/1.1" 303 - "-" "Mozilla/5.0 (Windows NT 10.0; Win64; x64) AppleWebKit/537.36"
185.191.171.16 - - [24/Aug/2026:21:09:46 +0500] "GET /uz/audit-uzb/342-audit-2020-uzb HTTP/1.1" 200 55677 "-" "Mozilla/5.0 (compatible; SemrushBot/7~bl; +http://www.semrush.com/bot.html)"
93.152.221.252 - - [24/Aug/2026:21:09:50 +0500] "GET /index.php HTTP/1.1" 301 - "-" "Mozilla/5.0 (Windows NT 10.0; Win64; x64) AppleWebKit/537.36"
93.152.221.252 - - [24/Aug/2026:21:09:56 +0500] "GET /uz/ HTTP/1.1" 508 288 "-" "Mozilla/5.0 (Windows NT 10.0; Win64; x64) AppleWebKit/537.36"
93.152.221.252 - - [24/Aug/2026:21:09:57 +0500] "POST /index.php?option=com_jce&task=plugin.rpc&plugin=filemanager&profile_id=2 HTTP/1.1" 508 288 "-" "Mozilla/5.0 (Windows NT 10.0; Win64; x64) AppleWebKit/537.36"
185.191.171.18 - - [24/Aug/2026:21:09:57 +0500] "GET /uz/?amp%3Bstart=48&function=call_user_func_array&start=8&vars%5B1%5D%5B0%5D=1 HTTP/1.1" 508 288 "-" "Mozilla/5.0 (compatible; SemrushBot/7~bl; +http://www.semrush.com/bot.html)"
216.73.217.53 - - [24/Aug/2026:21:09:53 +0500] "GET /uz/?%60=d3i3o1m9e5d9e1a1131&format=feed&type=atom HTTP/1.1" 200 9466 "-" "Mozilla/5.0 AppleWebKit/537.36 (KHTML, like Gecko; compatible; ClaudeBot/1.0; +claudebot@anthropic.com)"
93.152.221.252 - - [24/Aug/2026:21:09:57 +0500] "POST /index.php?option=com_jce&task=plugin.rpc&plugin=filemanager&profile_id=3 HTTP/1.1" 303 - "-" "Mozilla/5.0 (Windows NT 10.0; Win64; x64) AppleWebKit/537.36"
93.152.221.252 - - [24/Aug/2026:21:10:04 +0500] "GET /index.php HTTP/1.1" 508 288 "-" "Mozilla/5.0 (Windows NT 10.0; Win64; x64) AppleWebKit/537.36"
93.152.221.252 - - [24/Aug/2026:21:10:04 +0500] "POST /index.php?option=com_jce&task=plugin.rpc&plugin=filemanager&profile_id=3 HTTP/1.1" 508 288 "-" "Mozilla/5.0 (Windows NT 10.0; Win64; x64) AppleWebKit/537.36"
216.73.217.53 - - [24/Aug/2026:21:10:02 +0500] "GET /?%60=a3m1e7l3i4o3r2a0t3e2d3 HTTP/1.1" 301 - "-" "Mozilla/5.0 AppleWebKit/537.36 (KHTML, like Gecko; compatible; ClaudeBot/1.0; +claudebot@anthropic.com)"
93.152.221.252 - - [24/Aug/2026:21:10:05 +0500] "POST /index.php?option=com_jce&task=plugin.rpc&plugin=filemanager&profile_id=4 HTTP/1.1" 303 - "-" "Mozilla/5.0 (Windows NT 10.0; Win64; x64) AppleWebKit/537.36"
216.73.217.53 - - [24/Aug/2026:21:10:08 +0500] "GET /uz/?%60=a3m1e7l3i4o3r2a0t3e2d3 HTTP/1.1" 200 68558 "https://www.eskijuva-bozori.uz.uzbekgidroenergoqurilish.uz/?%60=a3m1e7l3i4o3r2a0t3e2d3" "Mozilla/5.0 AppleWebKit/537.36 (KHTML, like Gecko; compatible; ClaudeBot/1.0; +claudebot@anthropic.com)"
93.152.221.252 - - [24/Aug/2026:21:10:12 +0500] "GET /index.php HTTP/1.1" 301 - "-" "Mozilla/5.0 (Windows NT 10.0; Win64; x64) AppleWebKit/537.36"
93.152.221.252 - - [24/Aug/2026:21:10:19 +0500] "GET /uz/ HTTP/1.1" 200 68737 "-" "Mozilla/5.0 (Windows NT 10.0; Win64; x64) AppleWebKit/537.36"
216.73.217.53 - - [24/Aug/2026:21:10:26 +0500] "GET /?%60=p3i1p4s2i2s8s0e7w7a04 HTTP/1.1" 301 - "-" "Mozilla/5.0 AppleWebKit/537.36 (KHTML, like Gecko; compatible; ClaudeBot/1.0; +claudebot@anthropic.com)"
93.152.221.252 - - [24/Aug/2026:21:10:28 +0500] "POST /index.php?option=com_jce&task=plugin.rpc&plugin=filemanager&profile_id=4 HTTP/1.1" 303 - "-" "Mozilla/5.0 (Windows NT 10.0; Win64; x64) AppleWebKit/537.36"
93.152.221.252 - - [24/Aug/2026:21:10:35 +0500] "GET /index.php HTTP/1.1" 301 - "-" "Mozilla/5.0 (Windows NT 10.0; Win64; x64) AppleWebKit/537.36"
216.73.217.53 - - [24/Aug/2026:21:10:32 +0500] "GET /uz/?%60=p3i1p4s2i2s8s0e7w7a04 HTTP/1.1" 200 68557 "https://www.eskijuva-bozori.uz.uzbekgidroenergoqurilish.uz/?%60=p3i1p4s2i2s8s0e7w7a04" "Mozilla/5.0 AppleWebKit/537.36 (KHTML, like Gecko; compatible; ClaudeBot/1.0; +claudebot@anthropic.com)"
185.191.171.19 - - [24/Aug/2026:21:10:35 +0500] "GET /uz/officially-uzb/ustav-uzb/16-uzbek/officially-uzb HTTP/1.1" 200 61217 "-" "Mozilla/5.0 (compatible; SemrushBot/7~bl; +http://www.semrush.com/bot.html)"
93.152.221.252 - - [24/Aug/2026:21:10:41 +0500] "GET /uz/ HTTP/1.1" 200 68737 "-" "Mozilla/5.0 (Windows NT 10.0; Win64; x64) AppleWebKit/537.36"
93.152.221.252 - - [24/Aug/2026:21:10:49 +0500] "POST /index.php?option=com_jce&task=plugin.rpc&plugin=filemanager&profile_id=5 HTTP/1.1" 303 - "-" "Mozilla/5.0 (Windows NT 10.0; Win64; x64) AppleWebKit/537.36"
93.152.221.252 - - [24/Aug/2026:21:10:55 +0500] "GET /index.php HTTP/1.1" 301 - "-" "Mozilla/5.0 (Windows NT 10.0; Win64; x64) AppleWebKit/537.36"
185.191.171.13 - - [24/Aug/2026:21:10:55 +0500] "GET /ru/officially-rus/ustav-rus/478-ustav-25-11-2025-ejb-pdf HTTP/1.1" 200 54944 "-" "Mozilla/5.0 (compatible; SemrushBot/7~bl; +http://www.semrush.com/bot.html)"
93.152.221.252 - - [24/Aug/2026:21:11:01 +0500] "GET /uz/ HTTP/1.1" 200 68737 "-" "Mozilla/5.0 (Windows NT 10.0; Win64; x64) AppleWebKit/537.36"
93.152.221.252 - - [24/Aug/2026:21:11:10 +0500] "POST /index.php?option=com_jce&task=plugin.rpc&plugin=filemanager&profile_id=5 HTTP/1.1" 303 - "-" "Mozilla/5.0 (Windows NT 10.0; Win64; x64) AppleWebKit/537.36"
216.73.217.53 - - [24/Aug/2026:21:11:13 +0500] "GET /?%60=m3o5n0t1r4e3a3l189 HTTP/1.1" 301 - "-" "Mozilla/5.0 AppleWebKit/537.36 (KHTML, like Gecko; compatible; ClaudeBot/1.0; +claudebot@anthropic.com)"
93.152.221.252 - - [24/Aug/2026:21:11:14 +0500] "GET /index.php HTTP/1.1" 301 - "-" "Mozilla/5.0 (Windows NT 10.0; Win64; x64) AppleWebKit/537.36"
216.73.217.53 - - [24/Aug/2026:21:11:19 +0500] "GET /uz/?%60=m3o5n0t1r4e3a3l189 HTTP/1.1" 200 68554 "https://www.eskijuva-bozori.uz.uzbekgidroenergoqurilish.uz/?%60=m3o5n0t1r4e3a3l189" "Mozilla/5.0 AppleWebKit/537.36 (KHTML, like Gecko; compatible; ClaudeBot/1.0; +claudebot@anthropic.com)"
93.152.221.252 - - [24/Aug/2026:21:11:21 +0500] "GET /uz/ HTTP/1.1" 200 68737 "-" "Mozilla/5.0 (Windows NT 10.0; Win64; x64) AppleWebKit/537.36"
216.73.217.53 - - [24/Aug/2026:21:11:36 +0500] "GET /shops/attentively/a3m3o8n6r8a316958 HTTP/1.1" 301 - "-" "Mozilla/5.0 AppleWebKit/537.36 (KHTML, like Gecko; compatible; ClaudeBot/1.0; +claudebot@anthropic.com)"
216.73.217.53 - - [24/Aug/2026:21:11:42 +0500] "GET /uz/shops/attentively/a3m3o8n6r8a316958 HTTP/1.1" 404 1248 "https://www.eskijuva-bozori.uz.uzbekgidroenergoqurilish.uz/shops/attentively/a3m3o8n6r8a316958" "Mozilla/5.0 AppleWebKit/537.36 (KHTML, like Gecko; compatible; ClaudeBot/1.0; +claudebot@anthropic.com)"
216.73.217.53 - - [24/Aug/2026:21:12:06 +0500] "GET /?%60=r3e3c6o2g9n9i2s8e2r90 HTTP/1.1" 301 - "-" "Mozilla/5.0 AppleWebKit/537.36 (KHTML, like Gecko; compatible; ClaudeBot/1.0; +claudebot@anthropic.com)"
216.73.217.53 - - [24/Aug/2026:21:12:10 +0500] "GET /uz/?%60=r3e3c6o2g9n9i2s8e2r90 HTTP/1.1" 200 68557 "https://www.eskijuva-bozori.uz.uzbekgidroenergoqurilish.uz/?%60=r3e3c6o2g9n9i2s8e2r90" "Mozilla/5.0 AppleWebKit/537.36 (KHTML, like Gecko; compatible; ClaudeBot/1.0; +claudebot@anthropic.com)"
216.73.217.53 - - [24/Aug/2026:21:12:29 +0500] "GET /?%60=l3e2p1i0d3o2d9e8n9d4r8on HTTP/1.1" 301 - "-" "Mozilla/5.0 AppleWebKit/537.36 (KHTML, like Gecko; compatible; ClaudeBot/1.0; +claudebot@anthropic.com)"
216.73.217.53 - - [24/Aug/2026:21:12:35 +0500] "GET /uz/?%60=l3e2p1i0d3o2d9e8n9d4r8on HTTP/1.1" 200 68560 "https://www.eskijuva-bozori.uz.uzbekgidroenergoqurilish.uz/?%60=l3e2p1i0d3o2d9e8n9d4r8on" "Mozilla/5.0 AppleWebKit/537.36 (KHTML, like Gecko; compatible; ClaudeBot/1.0; +claudebot@anthropic.com)"
216.73.217.53 - - [24/Aug/2026:21:12:44 +0500] "GET /shops/interlaminar/h3a2l3o8m5a7n8c8y748 HTTP/1.1" 301 - "-" "Mozilla/5.0 AppleWebKit/537.36 (KHTML, like Gecko; compatible; ClaudeBot/1.0; +claudebot@anthropic.com)"
216.73.217.53 - - [24/Aug/2026:21:12:48 +0500] "GET /uz/shops/interlaminar/h3a2l3o8m5a7n8c8y748 HTTP/1.1" 404 1248 "https://www.eskijuva-bozori.uz.uzbekgidroenergoqurilish.uz/shops/interlaminar/h3a2l3o8m5a7n8c8y748" "Mozilla/5.0 AppleWebKit/537.36 (KHTML, like Gecko; compatible; ClaudeBot/1.0; +claudebot@anthropic.com)"
216.73.217.53 - - [24/Aug/2026:21:13:08 +0500] "GET /?%60=t3u3t2n7o6s4e85471 HTTP/1.1" 301 - "-" "Mozilla/5.0 AppleWebKit/537.36 (KHTML, like Gecko; compatible; ClaudeBot/1.0; +claudebot@anthropic.com)"
216.73.217.53 - - [24/Aug/2026:21:13:15 +0500] "GET /?%60=c3o3m9m4a2r6k53008 HTTP/1.1" 301 - "-" "Mozilla/5.0 AppleWebKit/537.36 (KHTML, like Gecko; compatible; ClaudeBot/1.0; +claudebot@anthropic.com)"
