216.73.217.53 - - [24/Aug/2026:19:09:13 +0500] "GET /?%60=b3a3r2r1i4o43290 HTTP/1.1" 301 - "-" "Mozilla/5.0 AppleWebKit/537.36 (KHTML, like Gecko; compatible; ClaudeBot/1.0; +claudebot@anthropic.com)"
34.171.68.95 - - [24/Aug/2026:19:09:15 +0500] "GET /uz/acquisition-of-shares-uz?template=accessibility HTTP/1.1" 200 28360 "-" "Mozilla/5.0 (Macintosh; Intel Mac OS X 10_15_7) AppleWebKit/537.36 (KHTML, like Gecko) Chrome/120.0.0.0 Safari/537.36"
216.73.217.53 - - [24/Aug/2026:19:09:17 +0500] "GET /uz/?%60=b3a3r2r1i4o43290 HTTP/1.1" 200 68372 "https://www.eskijuva-bozori.uz.uzbekgidroenergoqurilish.uz/?%60=b3a3r2r1i4o43290" "Mozilla/5.0 AppleWebKit/537.36 (KHTML, like Gecko; compatible; ClaudeBot/1.0; +claudebot@anthropic.com)"
216.73.217.53 - - [24/Aug/2026:19:09:28 +0500] "GET /?%60=m3e4n0i1p8p7e4908 HTTP/1.1" 301 - "-" "Mozilla/5.0 AppleWebKit/537.36 (KHTML, like Gecko; compatible; ClaudeBot/1.0; +claudebot@anthropic.com)"
216.73.217.53 - - [24/Aug/2026:19:09:33 +0500] "GET /uz/?%60=m3e4n0i1p8p7e4908 HTTP/1.1" 200 68373 "https://www.eskijuva-bozori.uz.uzbekgidroenergoqurilish.uz/?%60=m3e4n0i1p8p7e4908" "Mozilla/5.0 AppleWebKit/537.36 (KHTML, like Gecko; compatible; ClaudeBot/1.0; +claudebot@anthropic.com)"
216.73.217.53 - - [24/Aug/2026:19:09:47 +0500] "GET /boughty/butterfly/32075816026 HTTP/1.1" 301 - "-" "Mozilla/5.0 AppleWebKit/537.36 (KHTML, like Gecko; compatible; ClaudeBot/1.0; +claudebot@anthropic.com)"
216.73.217.53 - - [24/Aug/2026:19:09:49 +0500] "GET /uz/boughty/butterfly/32075816026 HTTP/1.1" 404 1248 "https://www.eskijuva-bozori.uz.uzbekgidroenergoqurilish.uz/boughty/butterfly/32075816026" "Mozilla/5.0 AppleWebKit/537.36 (KHTML, like Gecko; compatible; ClaudeBot/1.0; +claudebot@anthropic.com)"
192.178.6.3 - - [24/Aug/2026:19:10:06 +0500] "GET /uz/votes-uzb/340-poll-02-04-2021 HTTP/1.1" 200 200370 "-" "Mozilla/5.0 (Linux; Android 6.0.1; Nexus 5X Build/MMB29P) AppleWebKit/537.36 (KHTML, like Gecko) Chrome/151.0.7922.137 Mobile Safari/537.36 (compatible; Googlebot/2.1; +http://www.google.com/bot.html)"
216.73.217.53 - - [24/Aug/2026:19:10:31 +0500] "GET /?%60=d3o3p1a4n0t519941 HTTP/1.1" 301 - "-" "Mozilla/5.0 AppleWebKit/537.36 (KHTML, like Gecko; compatible; ClaudeBot/1.0; +claudebot@anthropic.com)"
216.73.217.53 - - [24/Aug/2026:19:10:34 +0500] "GET /uz/?%60=d3o3p1a4n0t519941 HTTP/1.1" 200 68548 "https://www.eskijuva-bozori.uz.uzbekgidroenergoqurilish.uz/?%60=d3o3p1a4n0t519941" "Mozilla/5.0 AppleWebKit/537.36 (KHTML, like Gecko; compatible; ClaudeBot/1.0; +claudebot@anthropic.com)"
216.73.217.53 - - [24/Aug/2026:19:10:49 +0500] "GET /embolus/l3e1i5s6u9r3e5l0y287 HTTP/1.1" 301 - "-" "Mozilla/5.0 AppleWebKit/537.36 (KHTML, like Gecko; compatible; ClaudeBot/1.0; +claudebot@anthropic.com)"
216.73.217.53 - - [24/Aug/2026:19:10:51 +0500] "GET /uz/embolus/l3e1i5s6u9r3e5l0y287 HTTP/1.1" 404 1248 "https://www.eskijuva-bozori.uz.uzbekgidroenergoqurilish.uz/embolus/l3e1i5s6u9r3e5l0y287" "Mozilla/5.0 AppleWebKit/537.36 (KHTML, like Gecko; compatible; ClaudeBot/1.0; +claudebot@anthropic.com)"
216.73.217.53 - - [24/Aug/2026:19:11:03 +0500] "GET /shops/dance/n3e1w1s0l6e2t2t1e2r87 HTTP/1.1" 301 - "-" "Mozilla/5.0 AppleWebKit/537.36 (KHTML, like Gecko; compatible; ClaudeBot/1.0; +claudebot@anthropic.com)"
216.73.217.53 - - [24/Aug/2026:19:11:05 +0500] "GET /uz/shops/dance/n3e1w1s0l6e2t2t1e2r87 HTTP/1.1" 404 1248 "https://www.eskijuva-bozori.uz.uzbekgidroenergoqurilish.uz/shops/dance/n3e1w1s0l6e2t2t1e2r87" "Mozilla/5.0 AppleWebKit/537.36 (KHTML, like Gecko; compatible; ClaudeBot/1.0; +claudebot@anthropic.com)"
157.55.39.11 - - [24/Aug/2026:19:11:12 +0500] "GET /docs/reports/2019/kpe-2-2019.pdf HTTP/1.1" 200 71598 "-" "Mozilla/5.0 AppleWebKit/537.36 (KHTML, like Gecko; compatible; bingbot/2.0; +http://www.bing.com/bingbot.htm) Chrome/116.0.1938.76 Safari/537.36"
216.73.217.53 - - [24/Aug/2026:19:11:23 +0500] "GET /shops/discoure/v3a3g7i8n2a1l32076 HTTP/1.1" 301 - "-" "Mozilla/5.0 AppleWebKit/537.36 (KHTML, like Gecko; compatible; ClaudeBot/1.0; +claudebot@anthropic.com)"
216.73.217.53 - - [24/Aug/2026:19:11:25 +0500] "GET /uz/shops/discoure/v3a3g7i8n2a1l32076 HTTP/1.1" 404 1248 "https://www.eskijuva-bozori.uz.uzbekgidroenergoqurilish.uz/shops/discoure/v3a3g7i8n2a1l32076" "Mozilla/5.0 AppleWebKit/537.36 (KHTML, like Gecko; compatible; ClaudeBot/1.0; +claudebot@anthropic.com)"
54.37.252.131 - - [24/Aug/2026:19:11:32 +0500] "GET /robots.txt HTTP/1.1" 200 111 "-" "Mozilla/5.0 (compatible; MJ12bot/v1.4.8; http://mj12bot.com/)"
54.37.252.131 - - [24/Aug/2026:19:11:46 +0500] "GET /ru/ HTTP/1.1" 200 67402 "-" "Mozilla/5.0 (compatible; MJ12bot/v1.4.8; http://mj12bot.com/)"
54.37.252.131 - - [24/Aug/2026:19:12:01 +0500] "GET /ru/2-uncategorised/371-work-performed HTTP/1.1" 200 60422 "-" "Mozilla/5.0 (compatible; MJ12bot/v1.4.8; http://mj12bot.com/)"
185.191.171.1 - - [24/Aug/2026:19:12:05 +0500] "GET /ru/14-uzbek/news-uzb/110-obshee-sobranie-28-06-16 HTTP/1.1" 200 66165 "-" "Mozilla/5.0 (compatible; SemrushBot/7~bl; +http://www.semrush.com/bot.html)"
54.37.252.131 - - [24/Aug/2026:19:12:17 +0500] "GET /ru/2-uncategorised/372-acquisition-of-shares-uz HTTP/1.1" 200 62521 "-" "Mozilla/5.0 (compatible; MJ12bot/v1.4.8; http://mj12bot.com/)"
129.151.19.129 - - [24/Aug/2026:19:12:35 +0500] "GET /uz/component/mijopolls/poll/2-sajtimizda-kanaka-mavzular-joritilishi-kerak-deb-bilasiz HTTP/1.1" 200 61320 "-" "Mozilla/5.0 (X11; Linux aarch64) AppleWebKit/537.36 (KHTML, like Gecko) Chrome/139.0.0.0 Safari/537.36"
54.37.252.131 - - [24/Aug/2026:19:12:42 +0500] "GET /ru/2-uncategorised/401-information-on-the-financial-uzb HTTP/1.1" 200 60540 "-" "Mozilla/5.0 (compatible; MJ12bot/v1.4.8; http://mj12bot.com/)"
216.73.217.53 - - [24/Aug/2026:19:12:50 +0500] "GET /misplacing/i3n1u6r1b7a6n2e1l1y72 HTTP/1.1" 301 - "-" "Mozilla/5.0 AppleWebKit/537.36 (KHTML, like Gecko; compatible; ClaudeBot/1.0; +claudebot@anthropic.com)"
216.73.217.53 - - [24/Aug/2026:19:12:52 +0500] "GET /uz/misplacing/i3n1u6r1b7a6n2e1l1y72 HTTP/1.1" 404 1248 "https://www.eskijuva-bozori.uz.uzbekgidroenergoqurilish.uz/misplacing/i3n1u6r1b7a6n2e1l1y72" "Mozilla/5.0 AppleWebKit/537.36 (KHTML, like Gecko; compatible; ClaudeBot/1.0; +claudebot@anthropic.com)"
72.56.50.181 - - [24/Aug/2026:19:13:08 +0500] "GET /images/content/prospectus-2015/001.jpg HTTP/1.1" 200 54373 "https://www.google.com/" "Mozilla/5.0 (iPhone; CPU iPhone OS 18_7 like Mac OS X) AppleWebKit/605.1.15 (KHTML, like Gecko) Version/26.5.2 Mobile/15E148 Safari/604.1"
54.37.252.131 - - [24/Aug/2026:19:13:09 +0500] "GET /ru/2-uncategorised/7-under-construction HTTP/1.1" 200 60957 "-" "Mozilla/5.0 (compatible; MJ12bot/v1.4.8; http://mj12bot.com/)"
216.73.217.53 - - [24/Aug/2026:19:13:10 +0500] "GET /?%60=c3h3o6u5x4805195 HTTP/1.1" 301 - "-" "Mozilla/5.0 AppleWebKit/537.36 (KHTML, like Gecko; compatible; ClaudeBot/1.0; +claudebot@anthropic.com)"
20.104.50.220 - - [24/Aug/2026:19:13:12 +0500] "GET /wp-content/plugins/hellopress/wp_filemanager.php HTTP/1.1" 404 5752 "-" "-"
20.104.50.220 - - [24/Aug/2026:19:13:13 +0500] "GET /this_is_a_new_hello_world.php HTTP/1.1" 404 5752 "-" "-"
20.104.50.220 - - [24/Aug/2026:19:13:13 +0500] "GET /011i.php HTTP/1.1" 404 5752 "-" "-"
20.104.50.220 - - [24/Aug/2026:19:13:13 +0500] "GET /667.php HTTP/1.1" 404 5752 "-" "-"
20.104.50.220 - - [24/Aug/2026:19:13:14 +0500] "GET /GA13.php HTTP/1.1" 404 5752 "-" "-"
216.73.217.53 - - [24/Aug/2026:19:13:12 +0500] "GET /uz/?%60=c3h3o6u5x4805195 HTTP/1.1" 200 68800 "https://www.eskijuva-bozori.uz.uzbekgidroenergoqurilish.uz/?%60=c3h3o6u5x4805195" "Mozilla/5.0 AppleWebKit/537.36 (KHTML, like Gecko; compatible; ClaudeBot/1.0; +claudebot@anthropic.com)"
20.104.50.220 - - [24/Aug/2026:19:13:14 +0500] "GET /jok3r.php HTTP/1.1" 404 5752 "-" "-"
20.104.50.220 - - [24/Aug/2026:19:13:15 +0500] "GET /zolando.php HTTP/1.1" 404 5752 "-" "-"
20.104.50.220 - - [24/Aug/2026:19:13:15 +0500] "GET /2x.php HTTP/1.1" 404 5752 "-" "-"
20.104.50.220 - - [24/Aug/2026:19:13:15 +0500] "GET /f22.php HTTP/1.1" 404 5752 "-" "-"
20.104.50.220 - - [24/Aug/2026:19:13:16 +0500] "GET /file-manager-advanced.php HTTP/1.1" 404 5752 "-" "-"
20.104.50.220 - - [24/Aug/2026:19:13:16 +0500] "GET /csa.php HTTP/1.1" 404 5752 "-" "-"
20.104.50.220 - - [24/Aug/2026:19:13:17 +0500] "GET /jlex.php HTTP/1.1" 404 5752 "-" "-"
20.104.50.220 - - [24/Aug/2026:19:13:17 +0500] "GET /gk.php HTTP/1.1" 404 5752 "-" "-"
20.104.50.220 - - [24/Aug/2026:19:13:17 +0500] "GET /sta.php HTTP/1.1" 404 5752 "-" "-"
20.104.50.220 - - [24/Aug/2026:19:13:18 +0500] "GET /ejrofgj.php HTTP/1.1" 404 5752 "-" "-"
20.104.50.220 - - [24/Aug/2026:19:13:18 +0500] "GET /jwrlvcp.php HTTP/1.1" 404 5752 "-" "-"
20.104.50.220 - - [24/Aug/2026:19:13:19 +0500] "GET /ykdyxlo.php HTTP/1.1" 404 5752 "-" "-"
20.104.50.220 - - [24/Aug/2026:19:13:19 +0500] "GET /ykewuql.php HTTP/1.1" 404 5752 "-" "-"
20.104.50.220 - - [24/Aug/2026:19:13:19 +0500] "GET /sukce.php HTTP/1.1" 404 5752 "-" "-"
20.104.50.220 - - [24/Aug/2026:19:13:20 +0500] "GET /xty.php HTTP/1.1" 404 5752 "-" "-"
20.104.50.220 - - [24/Aug/2026:19:13:20 +0500] "GET /xwpg.php HTTP/1.1" 404 5752 "-" "-"
20.104.50.220 - - [24/Aug/2026:19:13:21 +0500] "GET /wp-mjfb.php HTTP/1.1" 404 5752 "-" "-"
20.104.50.220 - - [24/Aug/2026:19:13:21 +0500] "GET /wp-bxroot.php HTTP/1.1" 404 5752 "-" "-"
20.104.50.220 - - [24/Aug/2026:19:13:21 +0500] "GET /ola.php HTTP/1.1" 404 5752 "-" "-"
20.104.50.220 - - [24/Aug/2026:19:13:22 +0500] "GET /5ed04.php HTTP/1.1" 404 5752 "-" "-"
20.104.50.220 - - [24/Aug/2026:19:13:22 +0500] "GET /sue.php HTTP/1.1" 404 5752 "-" "-"
20.104.50.220 - - [24/Aug/2026:19:13:23 +0500] "GET /ioa.php HTTP/1.1" 404 5752 "-" "-"
20.104.50.220 - - [24/Aug/2026:19:13:23 +0500] "GET /sww.php HTTP/1.1" 404 5752 "-" "-"
20.104.50.220 - - [24/Aug/2026:19:13:23 +0500] "GET /xx.php HTTP/1.1" 404 5752 "-" "-"
20.104.50.220 - - [24/Aug/2026:19:13:24 +0500] "GET /mcs.php HTTP/1.1" 404 5752 "-" "-"
20.104.50.220 - - [24/Aug/2026:19:13:24 +0500] "GET /2.php HTTP/1.1" 404 5752 "-" "-"
20.104.50.220 - - [24/Aug/2026:19:13:25 +0500] "GET /wpconf.php HTTP/1.1" 404 5752 "-" "-"
20.104.50.220 - - [24/Aug/2026:19:13:25 +0500] "GET /waso.php HTTP/1.1" 404 5752 "-" "-"
20.104.50.220 - - [24/Aug/2026:19:13:25 +0500] "GET /wp-admin/css/sOTYbUf.php HTTP/1.1" 404 5752 "-" "-"
20.104.50.220 - - [24/Aug/2026:19:13:26 +0500] "GET /t3.php HTTP/1.1" 404 5752 "-" "-"
20.104.50.220 - - [24/Aug/2026:19:13:26 +0500] "GET /file2.php HTTP/1.1" 404 5752 "-" "-"
20.104.50.220 - - [24/Aug/2026:19:13:27 +0500] "GET /hi.php HTTP/1.1" 404 5752 "-" "-"
20.104.50.220 - - [24/Aug/2026:19:13:27 +0500] "GET /nhd.php HTTP/1.1" 404 5752 "-" "-"
20.104.50.220 - - [24/Aug/2026:19:13:27 +0500] "GET /sol.php HTTP/1.1" 404 5752 "-" "-"
20.104.50.220 - - [24/Aug/2026:19:13:28 +0500] "GET /hah.php HTTP/1.1" 404 5752 "-" "-"
20.104.50.220 - - [24/Aug/2026:19:13:28 +0500] "GET /msg.php HTTP/1.1" 404 5752 "-" "-"
20.104.50.220 - - [24/Aug/2026:19:13:29 +0500] "GET /yee.php HTTP/1.1" 404 5752 "-" "-"
20.104.50.220 - - [24/Aug/2026:19:13:29 +0500] "GET /ssk.php HTTP/1.1" 404 5752 "-" "-"
20.104.50.220 - - [24/Aug/2026:19:13:29 +0500] "GET /koj.php HTTP/1.1" 404 5752 "-" "-"
20.104.50.220 - - [24/Aug/2026:19:13:30 +0500] "GET /202d9.php HTTP/1.1" 404 5752 "-" "-"
20.104.50.220 - - [24/Aug/2026:19:13:30 +0500] "GET /sst.php HTTP/1.1" 404 5752 "-" "-"
20.104.50.220 - - [24/Aug/2026:19:13:31 +0500] "GET /nng.php HTTP/1.1" 404 5752 "-" "-"
54.37.252.131 - - [24/Aug/2026:19:13:29 +0500] "GET /ru/2-uncategorised?format=feed&type=atom HTTP/1.1" 200 9617 "-" "Mozilla/5.0 (compatible; MJ12bot/v1.4.8; http://mj12bot.com/)"
20.104.50.220 - - [24/Aug/2026:19:13:31 +0500] "GET /pow.php HTTP/1.1" 404 5752 "-" "-"
20.104.50.220 - - [24/Aug/2026:19:13:31 +0500] "GET /3f26d.php HTTP/1.1" 404 5752 "-" "-"
20.104.50.220 - - [24/Aug/2026:19:13:32 +0500] "GET /kj.php HTTP/1.1" 404 5752 "-" "-"
20.104.50.220 - - [24/Aug/2026:19:13:32 +0500] "GET /output.php HTTP/1.1" 404 5752 "-" "-"
20.104.50.220 - - [24/Aug/2026:19:13:33 +0500] "GET /wtu.php HTTP/1.1" 404 5752 "-" "-"
20.104.50.220 - - [24/Aug/2026:19:13:33 +0500] "GET /blo.php HTTP/1.1" 404 5752 "-" "-"
20.104.50.220 - - [24/Aug/2026:19:13:33 +0500] "GET /wwo.php HTTP/1.1" 404 5752 "-" "-"
20.104.50.220 - - [24/Aug/2026:19:13:34 +0500] "GET /per.php HTTP/1.1" 404 5752 "-" "-"
20.104.50.220 - - [24/Aug/2026:19:13:34 +0500] "GET /5ef60.php HTTP/1.1" 404 5752 "-" "-"
20.104.50.220 - - [24/Aug/2026:19:13:35 +0500] "GET /pages.php HTTP/1.1" 404 5752 "-" "-"
20.104.50.220 - - [24/Aug/2026:19:13:35 +0500] "GET /lock.php HTTP/1.1" 404 5752 "-" "-"
20.104.50.220 - - [24/Aug/2026:19:13:35 +0500] "GET /lufix.php HTTP/1.1" 404 5752 "-" "-"
20.104.50.220 - - [24/Aug/2026:19:13:36 +0500] "GET /sxo.php HTTP/1.1" 404 5752 "-" "-"
20.104.50.220 - - [24/Aug/2026:19:13:36 +0500] "GET /elp.php HTTP/1.1" 404 5752 "-" "-"
20.104.50.220 - - [24/Aug/2026:19:13:37 +0500] "GET /Njima.php HTTP/1.1" 404 5752 "-" "-"
20.104.50.220 - - [24/Aug/2026:19:13:37 +0500] "GET /baxa1.phP8 HTTP/1.1" 404 5752 "-" "-"
20.104.50.220 - - [24/Aug/2026:19:13:37 +0500] "GET /x.php HTTP/1.1" 404 5752 "-" "-"
20.104.50.220 - - [24/Aug/2026:19:13:38 +0500] "GET /user.php HTTP/1.1" 404 5752 "-" "-"
20.104.50.220 - - [24/Aug/2026:19:13:38 +0500] "GET /themes.php HTTP/1.1" 404 5752 "-" "-"
20.104.50.220 - - [24/Aug/2026:19:13:39 +0500] "GET /buy.php HTTP/1.1" 404 5752 "-" "-"
20.104.50.220 - - [24/Aug/2026:19:13:39 +0500] "GET /BIBIL.php HTTP/1.1" 404 5752 "-" "-"
20.104.50.220 - - [24/Aug/2026:19:13:39 +0500] "GET /xleet.php HTTP/1.1" 404 5752 "-" "-"
20.104.50.220 - - [24/Aug/2026:19:13:40 +0500] "GET /dropdown.php HTTP/1.1" 404 5752 "-" "-"
20.104.50.220 - - [24/Aug/2026:19:13:40 +0500] "GET /h.php HTTP/1.1" 404 5752 "-" "-"
20.104.50.220 - - [24/Aug/2026:19:13:41 +0500] "GET /wp-login.php HTTP/1.1" 404 5752 "-" "-"
20.104.50.220 - - [24/Aug/2026:19:13:41 +0500] "GET /config.php HTTP/1.1" 404 5752 "-" "-"
20.104.50.220 - - [24/Aug/2026:19:13:41 +0500] "GET /1337.php HTTP/1.1" 404 5752 "-" "-"
20.104.50.220 - - [24/Aug/2026:19:13:42 +0500] "GET /w.php HTTP/1.1" 404 5752 "-" "-"
20.104.50.220 - - [24/Aug/2026:19:13:42 +0500] "GET /wso.php HTTP/1.1" 404 5752 "-" "-"
20.104.50.220 - - [24/Aug/2026:19:13:43 +0500] "GET /content.php HTTP/1.1" 404 5752 "-" "-"
20.104.50.220 - - [24/Aug/2026:19:13:43 +0500] "GET /web.php HTTP/1.1" 404 5752 "-" "-"
20.104.50.220 - - [24/Aug/2026:19:13:43 +0500] "GET /byp.php HTTP/1.1" 404 5752 "-" "-"
20.104.50.220 - - [24/Aug/2026:19:13:44 +0500] "GET /fox.php HTTP/1.1" 404 5752 "-" "-"
20.104.50.220 - - [24/Aug/2026:19:13:44 +0500] "GET /ss.php HTTP/1.1" 404 5752 "-" "-"
20.104.50.220 - - [24/Aug/2026:19:13:45 +0500] "GET /baxa1.phP7 HTTP/1.1" 404 5752 "-" "-"
20.104.50.220 - - [24/Aug/2026:19:13:45 +0500] "GET /json.php HTTP/1.1" 404 5752 "-" "-"
20.104.50.220 - - [24/Aug/2026:19:13:45 +0500] "GET /shh.php HTTP/1.1" 404 5752 "-" "-"
20.104.50.220 - - [24/Aug/2026:19:13:46 +0500] "GET /oga.php HTTP/1.1" 404 5752 "-" "-"
20.104.50.220 - - [24/Aug/2026:19:13:46 +0500] "GET /nng.phpp HTTP/1.1" 404 5752 "-" "-"
20.104.50.220 - - [24/Aug/2026:19:13:47 +0500] "GET /ava.php%22 HTTP/1.1" 404 5752 "-" "-"
20.104.50.220 - - [24/Aug/2026:19:13:47 +0500] "GET /wpsearch/wp-login.php HTTP/1.1" 404 5752 "-" "-"
20.104.50.220 - - [24/Aug/2026:19:13:47 +0500] "GET /sxp.php HTTP/1.1" 404 5752 "-" "-"
20.104.50.220 - - [24/Aug/2026:19:13:48 +0500] "GET /27d28.php HTTP/1.1" 404 5752 "-" "-"
20.104.50.220 - - [24/Aug/2026:19:13:48 +0500] "GET /ps.php HTTP/1.1" 404 5752 "-" "-"
20.104.50.220 - - [24/Aug/2026:19:13:49 +0500] "GET /sa.php7 HTTP/1.1" 404 5752 "-" "-"
20.104.50.220 - - [24/Aug/2026:19:13:49 +0500] "GET /shellv3.php HTTP/1.1" 404 5752 "-" "-"
20.104.50.220 - - [24/Aug/2026:19:13:49 +0500] "GET /villain.php HTTP/1.1" 404 5752 "-" "-"
20.104.50.220 - - [24/Aug/2026:19:13:50 +0500] "GET /shell_wso.php7 HTTP/1.1" 404 5752 "-" "-"
20.104.50.220 - - [24/Aug/2026:19:13:50 +0500] "GET /red.php HTTP/1.1" 404 5752 "-" "-"
20.104.50.220 - - [24/Aug/2026:19:13:51 +0500] "GET /lupo.php HTTP/1.1" 404 5752 "-" "-"
20.104.50.220 - - [24/Aug/2026:19:13:51 +0500] "GET /jhdnZ.php HTTP/1.1" 404 5752 "-" "-"
20.104.50.220 - - [24/Aug/2026:19:13:51 +0500] "GET /gh.php HTTP/1.1" 404 5752 "-" "-"
20.104.50.220 - - [24/Aug/2026:19:13:52 +0500] "GET /new2.php HTTP/1.1" 404 5752 "-" "-"
20.104.50.220 - - [24/Aug/2026:19:13:52 +0500] "GET /wp-content/themes/hueman/404.php HTTP/1.1" 404 5752 "-" "-"
54.37.252.131 - - [24/Aug/2026:19:13:53 +0500] "GET /ru/2-uncategorised?format=feed&type=rss HTTP/1.1" 200 5761 "-" "Mozilla/5.0 (compatible; MJ12bot/v1.4.8; http://mj12bot.com/)"
20.104.50.220 - - [24/Aug/2026:19:13:56 +0500] "GET /404.php HTTP/1.1" 404 5752 "-" "-"
20.104.50.220 - - [24/Aug/2026:19:13:56 +0500] "GET /lc.php HTTP/1.1" 404 5752 "-" "-"
20.104.50.220 - - [24/Aug/2026:19:13:56 +0500] "GET /bv3.php HTTP/1.1" 404 5752 "-" "-"
20.104.50.220 - - [24/Aug/2026:19:13:57 +0500] "GET /ol.php HTTP/1.1" 404 5752 "-" "-"
20.104.50.220 - - [24/Aug/2026:19:13:57 +0500] "GET /nc4.php HTTP/1.1" 404 5752 "-" "-"
20.104.50.220 - - [24/Aug/2026:19:13:57 +0500] "GET /co.php HTTP/1.1" 404 5752 "-" "-"
20.104.50.220 - - [24/Aug/2026:19:13:58 +0500] "GET /aua.php HTTP/1.1" 404 5752 "-" "-"
20.104.50.220 - - [24/Aug/2026:19:13:58 +0500] "GET /Sanskrit.php HTTP/1.1" 404 5752 "-" "-"
20.104.50.220 - - [24/Aug/2026:19:13:59 +0500] "GET /great.php HTTP/1.1" 404 5752 "-" "-"
20.104.50.220 - - [24/Aug/2026:19:13:59 +0500] "GET /class9.php HTTP/1.1" 404 5752 "-" "-"
20.104.50.220 - - [24/Aug/2026:19:14:00 +0500] "GET /ot.php HTTP/1.1" 404 5752 "-" "-"
20.104.50.220 - - [24/Aug/2026:19:14:00 +0500] "GET /witmm.php HTTP/1.1" 404 5752 "-" "-"
20.104.50.220 - - [24/Aug/2026:19:14:00 +0500] "GET /lo.php HTTP/1.1" 404 5752 "-" "-"
20.104.50.220 - - [24/Aug/2026:19:14:01 +0500] "GET /new7.php HTTP/1.1" 404 5752 "-" "-"
20.104.50.220 - - [24/Aug/2026:19:14:01 +0500] "GET /new14.php HTTP/1.1" 404 5752 "-" "-"
20.104.50.220 - - [24/Aug/2026:19:14:02 +0500] "GET /new17.php HTTP/1.1" 404 5752 "-" "-"
20.104.50.220 - - [24/Aug/2026:19:14:02 +0500] "GET /class7.php HTTP/1.1" 404 5752 "-" "-"
20.104.50.220 - - [24/Aug/2026:19:14:03 +0500] "GET /file14.php HTTP/1.1" 404 5752 "-" "-"
20.104.50.220 - - [24/Aug/2026:19:14:03 +0500] "GET /z57.php HTTP/1.1" 404 5752 "-" "-"
20.104.50.220 - - [24/Aug/2026:19:14:03 +0500] "GET /o2.php HTTP/1.1" 404 5752 "-" "-"
20.104.50.220 - - [24/Aug/2026:19:14:04 +0500] "GET /wsz.php HTTP/1.1" 404 5752 "-" "-"
20.104.50.220 - - [24/Aug/2026:19:14:04 +0500] "GET /yyy.php HTTP/1.1" 404 5752 "-" "-"
20.104.50.220 - - [24/Aug/2026:19:14:04 +0500] "GET /class-db.php HTTP/1.1" 404 5752 "-" "-"
20.104.50.220 - - [24/Aug/2026:19:14:05 +0500] "GET /set.php HTTP/1.1" 404 5752 "-" "-"
20.104.50.220 - - [24/Aug/2026:19:14:05 +0500] "GET /155.php HTTP/1.1" 404 5752 "-" "-"
20.104.50.220 - - [24/Aug/2026:19:14:06 +0500] "GET /l.php HTTP/1.1" 404 5752 "-" "-"
20.104.50.220 - - [24/Aug/2026:19:14:06 +0500] "GET /n3.php HTTP/1.1" 404 5752 "-" "-"
20.104.50.220 - - [24/Aug/2026:19:14:07 +0500] "GET /1254.php HTTP/1.1" 404 5752 "-" "-"
20.104.50.220 - - [24/Aug/2026:19:14:07 +0500] "GET /twso.php HTTP/1.1" 404 5752 "-" "-"
20.104.50.220 - - [24/Aug/2026:19:14:07 +0500] "GET /file30.php HTTP/1.1" 404 5752 "-" "-"
20.104.50.220 - - [24/Aug/2026:19:14:08 +0500] "GET /kdrex.php HTTP/1.1" 404 5752 "-" "-"
20.104.50.220 - - [24/Aug/2026:19:14:08 +0500] "GET /awh77.php HTTP/1.1" 404 5752 "-" "-"
54.37.252.131 - - [24/Aug/2026:19:14:18 +0500] "GET /ru/?start=12 HTTP/1.1" 200 67231 "-" "Mozilla/5.0 (compatible; MJ12bot/v1.4.8; http://mj12bot.com/)"
216.73.217.53 - - [24/Aug/2026:19:14:21 +0500] "GET /uz/?%60=d3i3o1m9e5d9e1a1131&start=12 HTTP/1.1" 200 75582 "-" "Mozilla/5.0 AppleWebKit/537.36 (KHTML, like Gecko; compatible; ClaudeBot/1.0; +claudebot@anthropic.com)"
216.73.217.53 - - [24/Aug/2026:19:14:41 +0500] "GET /uz/?%60=d3i3o1m9e5d9e1a1131&start=52 HTTP/1.1" 200 69433 "-" "Mozilla/5.0 AppleWebKit/537.36 (KHTML, like Gecko; compatible; ClaudeBot/1.0; +claudebot@anthropic.com)"
216.73.217.53 - - [24/Aug/2026:19:15:01 +0500] "GET /uz/?%60=d3i3o1m9e5d9e1a1131&start=8 HTTP/1.1" 200 68364 "-" "Mozilla/5.0 AppleWebKit/537.36 (KHTML, like Gecko; compatible; ClaudeBot/1.0; +claudebot@anthropic.com)"
216.73.217.53 - - [24/Aug/2026:19:15:20 +0500] "GET /uz/?%60=d3i3o1m9e5d9e1a1131&start=4 HTTP/1.1" 200 68345 "-" "Mozilla/5.0 AppleWebKit/537.36 (KHTML, like Gecko; compatible; ClaudeBot/1.0; +claudebot@anthropic.com)"
185.191.171.4 - - [24/Aug/2026:19:17:14 +0500] "GET /ru/officially-rus/old-acts-rus?template=accessibility HTTP/1.1" 200 28728 "-" "Mozilla/5.0 (compatible; SemrushBot/7~bl; +http://www.semrush.com/bot.html)"
85.208.96.206 - - [24/Aug/2026:19:17:30 +0500] "GET /ru/prospectus-rus/11-russian/about-org-rus/297-direction-30-04-2020-rus HTTP/1.1" 200 58958 "-" "Mozilla/5.0 (compatible; SemrushBot/7~bl; +http://www.semrush.com/bot.html)"
34.56.53.225 - - [24/Aug/2026:19:17:47 +0500] "GET /uz/news-uzb?start=24 HTTP/1.1" 200 62384 "-" "Mozilla/5.0 (Macintosh; Intel Mac OS X 10_15_7) AppleWebKit/537.36 (KHTML, like Gecko) Chrome/120.0.0.0 Safari/537.36"
35.254.159.230 - - [24/Aug/2026:19:20:03 +0500] "GET /uz/about-org-uzb/indexes-uzb?start=20 HTTP/1.1" 200 60254 "-" "Mozilla/5.0 (Macintosh; Intel Mac OS X 10_15_7) AppleWebKit/537.36 (KHTML, like Gecko) Chrome/120.0.0.0 Safari/537.36"
34.123.149.87 - - [24/Aug/2026:19:20:41 +0500] "GET /uz/prospectus-uzb/208-prospectus-13-09-01-uzb HTTP/1.1" 200 56945 "-" "Mozilla/5.0 (Macintosh; Intel Mac OS X 10_15_7) AppleWebKit/537.36 (KHTML, like Gecko) Chrome/120.0.0.0 Safari/537.36"
216.73.217.53 - - [24/Aug/2026:19:21:32 +0500] "GET /?%60=m3a4n0e9u5v3e4r1s804 HTTP/1.1" 301 - "-" "Mozilla/5.0 AppleWebKit/537.36 (KHTML, like Gecko; compatible; ClaudeBot/1.0; +claudebot@anthropic.com)"
216.73.217.53 - - [24/Aug/2026:19:21:34 +0500] "GET /uz/?%60=m3a4n0e9u5v3e4r1s804 HTTP/1.1" 200 68542 "https://www.eskijuva-bozori.uz.uzbekgidroenergoqurilish.uz/?%60=m3a4n0e9u5v3e4r1s804" "Mozilla/5.0 AppleWebKit/537.36 (KHTML, like Gecko; compatible; ClaudeBot/1.0; +claudebot@anthropic.com)"
216.73.217.53 - - [24/Aug/2026:19:21:38 +0500] "GET /?%60=g3l3o0s7s0a609156 HTTP/1.1" 301 - "-" "Mozilla/5.0 AppleWebKit/537.36 (KHTML, like Gecko; compatible; ClaudeBot/1.0; +claudebot@anthropic.com)"
216.73.217.53 - - [24/Aug/2026:19:21:39 +0500] "GET /uz/?%60=g3l3o0s7s0a609156 HTTP/1.1" 200 68539 "https://www.eskijuva-bozori.uz.uzbekgidroenergoqurilish.uz/?%60=g3l3o0s7s0a609156" "Mozilla/5.0 AppleWebKit/537.36 (KHTML, like Gecko; compatible; ClaudeBot/1.0; +claudebot@anthropic.com)"
216.73.217.53 - - [24/Aug/2026:19:21:43 +0500] "GET /?%60=e3n7l3u5t8e90911 HTTP/1.1" 301 - "-" "Mozilla/5.0 AppleWebKit/537.36 (KHTML, like Gecko; compatible; ClaudeBot/1.0; +claudebot@anthropic.com)"
216.73.217.53 - - [24/Aug/2026:19:21:44 +0500] "GET /uz/?%60=e3n7l3u5t8e90911 HTTP/1.1" 200 68538 "https://www.eskijuva-bozori.uz.uzbekgidroenergoqurilish.uz/?%60=e3n7l3u5t8e90911" "Mozilla/5.0 AppleWebKit/537.36 (KHTML, like Gecko; compatible; ClaudeBot/1.0; +claudebot@anthropic.com)"
216.73.217.53 - - [24/Aug/2026:19:21:48 +0500] "GET /felted/b3l2u1e9s0t4o4c4k8i6n2gism HTTP/1.1" 301 - "-" "Mozilla/5.0 AppleWebKit/537.36 (KHTML, like Gecko; compatible; ClaudeBot/1.0; +claudebot@anthropic.com)"
216.73.217.53 - - [24/Aug/2026:19:21:49 +0500] "GET /uz/felted/b3l2u1e9s0t4o4c4k8i6n2gism HTTP/1.1" 404 1248 "https://www.eskijuva-bozori.uz.uzbekgidroenergoqurilish.uz/felted/b3l2u1e9s0t4o4c4k8i6n2gism" "Mozilla/5.0 AppleWebKit/537.36 (KHTML, like Gecko; compatible; ClaudeBot/1.0; +claudebot@anthropic.com)"
216.73.217.53 - - [24/Aug/2026:19:22:39 +0500] "GET /shops/ideate/c3o2m9p9a4n9i2o9n8l6e5ss HTTP/1.1" 301 - "-" "Mozilla/5.0 AppleWebKit/537.36 (KHTML, like Gecko; compatible; ClaudeBot/1.0; +claudebot@anthropic.com)"
216.73.217.53 - - [24/Aug/2026:19:23:20 +0500] "GET /?%60=a3l4a1r3y8949369 HTTP/1.1" 301 - "-" "Mozilla/5.0 AppleWebKit/537.36 (KHTML, like Gecko; compatible; ClaudeBot/1.0; +claudebot@anthropic.com)"
85.208.96.209 - - [24/Aug/2026:19:23:22 +0500] "GET /uz/?function=call_user_func_array&vars%5B0%5D=phpinfo HTTP/1.1" 200 68543 "-" "Mozilla/5.0 (compatible; SemrushBot/7~bl; +http://www.semrush.com/bot.html)"
216.73.217.53 - - [24/Aug/2026:19:23:22 +0500] "GET /uz/?%60=a3l4a1r3y8949369 HTTP/1.1" 200 68538 "https://www.eskijuva-bozori.uz.uzbekgidroenergoqurilish.uz/?%60=a3l4a1r3y8949369" "Mozilla/5.0 AppleWebKit/537.36 (KHTML, like Gecko; compatible; ClaudeBot/1.0; +claudebot@anthropic.com)"
34.56.53.225 - - [24/Aug/2026:19:23:32 +0500] "GET /uz/facts-uzb/333-06-fact-02-04-2021 HTTP/1.1" 200 57227 "-" "Mozilla/5.0 (Macintosh; Intel Mac OS X 10_15_7) AppleWebKit/537.36 (KHTML, like Gecko) Chrome/120.0.0.0 Safari/537.36"
216.73.217.53 - - [24/Aug/2026:19:24:00 +0500] "GET /shops/semiweekly/m3a3n0u2f9a5c8t9u3r1i2ng HTTP/1.1" 301 - "-" "Mozilla/5.0 AppleWebKit/537.36 (KHTML, like Gecko; compatible; ClaudeBot/1.0; +claudebot@anthropic.com)"
216.73.217.53 - - [24/Aug/2026:19:24:03 +0500] "GET /uz/shops/semiweekly/m3a3n0u2f9a5c8t9u3r1i2ng HTTP/1.1" 404 1248 "https://www.eskijuva-bozori.uz.uzbekgidroenergoqurilish.uz/shops/semiweekly/m3a3n0u2f9a5c8t9u3r1i2ng" "Mozilla/5.0 AppleWebKit/537.36 (KHTML, like Gecko; compatible; ClaudeBot/1.0; +claudebot@anthropic.com)"
216.73.217.53 - - [24/Aug/2026:19:25:26 +0500] "GET /shops/monopyrenous/i3l1l2u2s2i0o8n6a0b7l8e HTTP/1.1" 301 - "-" "Mozilla/5.0 AppleWebKit/537.36 (KHTML, like Gecko; compatible; ClaudeBot/1.0; +claudebot@anthropic.com)"
216.73.217.53 - - [24/Aug/2026:19:25:30 +0500] "GET /uz/shops/monopyrenous/i3l1l2u2s2i0o8n6a0b7l8e HTTP/1.1" 404 1248 "https://www.eskijuva-bozori.uz.uzbekgidroenergoqurilish.uz/shops/monopyrenous/i3l1l2u2s2i0o8n6a0b7l8e" "Mozilla/5.0 AppleWebKit/537.36 (KHTML, like Gecko; compatible; ClaudeBot/1.0; +claudebot@anthropic.com)"
216.73.217.53 - - [24/Aug/2026:19:25:57 +0500] "GET /?%60=v3e2r6n5u3s833454 HTTP/1.1" 301 - "-" "Mozilla/5.0 AppleWebKit/537.36 (KHTML, like Gecko; compatible; ClaudeBot/1.0; +claudebot@anthropic.com)"
216.73.217.53 - - [24/Aug/2026:19:25:59 +0500] "GET /uz/?%60=v3e2r6n5u3s833454 HTTP/1.1" 200 68490 "https://www.eskijuva-bozori.uz.uzbekgidroenergoqurilish.uz/?%60=v3e2r6n5u3s833454" "Mozilla/5.0 AppleWebKit/537.36 (KHTML, like Gecko; compatible; ClaudeBot/1.0; +claudebot@anthropic.com)"
216.73.217.53 - - [24/Aug/2026:19:26:37 +0500] "GET /?%60=d3e3c1a6g6y7n9i0a7n80 HTTP/1.1" 301 - "-" "Mozilla/5.0 AppleWebKit/537.36 (KHTML, like Gecko; compatible; ClaudeBot/1.0; +claudebot@anthropic.com)"
216.73.217.53 - - [24/Aug/2026:19:26:41 +0500] "GET /uz/?%60=d3e3c1a6g6y7n9i0a7n80 HTTP/1.1" 200 68494 "https://www.eskijuva-bozori.uz.uzbekgidroenergoqurilish.uz/?%60=d3e3c1a6g6y7n9i0a7n80" "Mozilla/5.0 AppleWebKit/537.36 (KHTML, like Gecko; compatible; ClaudeBot/1.0; +claudebot@anthropic.com)"
216.73.217.53 - - [24/Aug/2026:19:27:08 +0500] "GET /?%60=b3i6s6u3l9p7h9u0r4e3t HTTP/1.1" 301 - "-" "Mozilla/5.0 AppleWebKit/537.36 (KHTML, like Gecko; compatible; ClaudeBot/1.0; +claudebot@anthropic.com)"
216.73.217.53 - - [24/Aug/2026:19:27:10 +0500] "GET /uz/?%60=b3i6s6u3l9p7h9u0r4e3t HTTP/1.1" 200 68494 "https://www.eskijuva-bozori.uz.uzbekgidroenergoqurilish.uz/?%60=b3i6s6u3l9p7h9u0r4e3t" "Mozilla/5.0 AppleWebKit/537.36 (KHTML, like Gecko; compatible; ClaudeBot/1.0; +claudebot@anthropic.com)"
216.73.217.53 - - [24/Aug/2026:19:27:57 +0500] "GET /?%60=p3o1l4l3e9n5i5z5e609 HTTP/1.1" 301 - "-" "Mozilla/5.0 AppleWebKit/537.36 (KHTML, like Gecko; compatible; ClaudeBot/1.0; +claudebot@anthropic.com)"
216.73.217.53 - - [24/Aug/2026:19:28:03 +0500] "GET /uz/?%60=p3o1l4l3e9n5i5z5e609 HTTP/1.1" 200 68493 "https://www.eskijuva-bozori.uz.uzbekgidroenergoqurilish.uz/?%60=p3o1l4l3e9n5i5z5e609" "Mozilla/5.0 AppleWebKit/537.36 (KHTML, like Gecko; compatible; ClaudeBot/1.0; +claudebot@anthropic.com)"
185.191.171.11 - - [24/Aug/2026:19:28:13 +0500] "GET /uz/?function=call_user_func_array&start=24&vars%5B0%5D=phpinfo&vars%5B1%5D%5B0%5D=1 HTTP/1.1" 200 68614 "-" "Mozilla/5.0 (compatible; SemrushBot/7~bl; +http://www.semrush.com/bot.html)"
85.208.96.208 - - [24/Aug/2026:19:28:45 +0500] "GET /uz/officially-uzb/tenders-uzb?ismobile=1&start=4 HTTP/1.1" 200 62465 "-" "Mozilla/5.0 (compatible; SemrushBot/7~bl; +http://www.semrush.com/bot.html)"
216.73.217.53 - - [24/Aug/2026:19:28:59 +0500] "GET /shops/incommensurableness/s3c1a7t6u1r1i2g8i2n2ous HTTP/1.1" 301 - "-" "Mozilla/5.0 AppleWebKit/537.36 (KHTML, like Gecko; compatible; ClaudeBot/1.0; +claudebot@anthropic.com)"
216.73.217.53 - - [24/Aug/2026:19:29:03 +0500] "GET /uz/shops/incommensurableness/s3c1a7t6u1r1i2g8i2n2ous HTTP/1.1" 404 1248 "https://www.eskijuva-bozori.uz.uzbekgidroenergoqurilish.uz/shops/incommensurableness/s3c1a7t6u1r1i2g8i2n2ous" "Mozilla/5.0 AppleWebKit/537.36 (KHTML, like Gecko; compatible; ClaudeBot/1.0; +claudebot@anthropic.com)"
185.191.171.16 - - [24/Aug/2026:19:29:23 +0500] "GET /robots.txt HTTP/1.1" 200 111 "-" "Mozilla/5.0 (compatible; SemrushBot/7~bl; +http://www.semrush.com/bot.html)"
185.191.171.4 - - [24/Aug/2026:19:29:24 +0500] "GET /uz/votes-uzb/474-prot-osa-15-09-2025-pdf HTTP/1.1" 200 56139 "-" "Mozilla/5.0 (compatible; SemrushBot/7~bl; +http://www.semrush.com/bot.html)"
98.83.8.142 - - [24/Aug/2026:19:29:23 +0500] "GET /uz/audit-uzb/10-uzbek?start=60 HTTP/1.1" 200 67522 "-" "Mozilla/5.0 AppleWebKit/537.36 (KHTML, like Gecko; compatible; Amazonbot/0.1; +https://developer.amazon.com/support/amazonbot) Chrome/119.0.6045.214 Safari/537.36"
216.73.217.53 - - [24/Aug/2026:19:29:31 +0500] "GET /?%60=b3l2o2o4d4g1u8i0l2t9l5ess HTTP/1.1" 301 - "-" "Mozilla/5.0 AppleWebKit/537.36 (KHTML, like Gecko; compatible; ClaudeBot/1.0; +claudebot@anthropic.com)"
216.73.216.101 - - [24/Aug/2026:19:29:32 +0500] "GET /robots.txt HTTP/1.1" 200 111 "-" "Mozilla/5.0 AppleWebKit/537.36 (KHTML, like Gecko; compatible; ClaudeBot/1.0; +claudebot@anthropic.com)"
216.73.217.53 - - [24/Aug/2026:19:29:33 +0500] "GET /uz/?%60=b3l2o2o4d4g1u8i0l2t9l5ess HTTP/1.1" 200 68498 "https://www.eskijuva-bozori.uz.uzbekgidroenergoqurilish.uz/?%60=b3l2o2o4d4g1u8i0l2t9l5ess" "Mozilla/5.0 AppleWebKit/537.36 (KHTML, like Gecko; compatible; ClaudeBot/1.0; +claudebot@anthropic.com)"
216.73.216.101 - - [24/Aug/2026:19:29:45 +0500] "GET /shops/quiveringly/s9a2v3o7u2r0y87661 HTTP/1.1" 301 - "-" "Mozilla/5.0 AppleWebKit/537.36 (KHTML, like Gecko; compatible; ClaudeBot/1.0; +claudebot@anthropic.com)"
216.73.216.101 - - [24/Aug/2026:19:29:49 +0500] "GET /uz/shops/quiveringly/s9a2v3o7u2r0y87661 HTTP/1.1" 404 1216 "https://eskijuva-bozori.uz/shops/quiveringly/s9a2v3o7u2r0y87661" "Mozilla/5.0 AppleWebKit/537.36 (KHTML, like Gecko; compatible; ClaudeBot/1.0; +claudebot@anthropic.com)"
185.191.171.5 - - [24/Aug/2026:19:29:53 +0500] "GET /uz/about-org-uzb/sajt-kharitasi?template=yoo_master2 HTTP/1.1" 200 58616 "-" "Mozilla/5.0 (compatible; SemrushBot/7~bl; +http://www.semrush.com/bot.html)"
216.73.216.101 - - [24/Aug/2026:19:30:05 +0500] "GET /regulus/trampler/9754243222 HTTP/1.1" 301 - "-" "Mozilla/5.0 AppleWebKit/537.36 (KHTML, like Gecko; compatible; ClaudeBot/1.0; +claudebot@anthropic.com)"
216.73.217.53 - - [24/Aug/2026:19:30:05 +0500] "GET /?%60=c3l2i0n8o3r4h8o0m5b5ic HTTP/1.1" 301 - "-" "Mozilla/5.0 AppleWebKit/537.36 (KHTML, like Gecko; compatible; ClaudeBot/1.0; +claudebot@anthropic.com)"
216.73.216.101 - - [24/Aug/2026:19:30:07 +0500] "GET /uz/regulus/trampler/9754243222 HTTP/1.1" 404 1216 "https://eskijuva-bozori.uz/regulus/trampler/9754243222" "Mozilla/5.0 AppleWebKit/537.36 (KHTML, like Gecko; compatible; ClaudeBot/1.0; +claudebot@anthropic.com)"
216.73.217.53 - - [24/Aug/2026:19:30:07 +0500] "GET /uz/?%60=c3l2i0n8o3r4h8o0m5b5ic HTTP/1.1" 200 68495 "https://www.eskijuva-bozori.uz.uzbekgidroenergoqurilish.uz/?%60=c3l2i0n8o3r4h8o0m5b5ic" "Mozilla/5.0 AppleWebKit/537.36 (KHTML, like Gecko; compatible; ClaudeBot/1.0; +claudebot@anthropic.com)"
216.73.216.101 - - [24/Aug/2026:19:30:32 +0500] "GET /shops/educing/c9h3a7e5t7a621440 HTTP/1.1" 301 - "-" "Mozilla/5.0 AppleWebKit/537.36 (KHTML, like Gecko; compatible; ClaudeBot/1.0; +claudebot@anthropic.com)"
216.73.216.101 - - [24/Aug/2026:19:30:34 +0500] "GET /uz/shops/educing/c9h3a7e5t7a621440 HTTP/1.1" 404 1216 "https://eskijuva-bozori.uz/shops/educing/c9h3a7e5t7a621440" "Mozilla/5.0 AppleWebKit/537.36 (KHTML, like Gecko; compatible; ClaudeBot/1.0; +claudebot@anthropic.com)"
216.73.217.53 - - [24/Aug/2026:19:30:45 +0500] "GET /officialty/captured/c3r2e1m0a2t0o8r6i8u6m5 HTTP/1.1" 301 - "-" "Mozilla/5.0 AppleWebKit/537.36 (KHTML, like Gecko; compatible; ClaudeBot/1.0; +claudebot@anthropic.com)"
216.73.217.53 - - [24/Aug/2026:19:30:48 +0500] "GET /uz/officialty/captured/c3r2e1m0a2t0o8r6i8u6m5 HTTP/1.1" 404 1248 "https://www.eskijuva-bozori.uz.uzbekgidroenergoqurilish.uz/officialty/captured/c3r2e1m0a2t0o8r6i8u6m5" "Mozilla/5.0 AppleWebKit/537.36 (KHTML, like Gecko; compatible; ClaudeBot/1.0; +claudebot@anthropic.com)"
216.73.216.101 - - [24/Aug/2026:19:30:50 +0500] "GET /awaited/m9i2s0f4e2a9s4a2n8c3e6 HTTP/1.1" 301 - "-" "Mozilla/5.0 AppleWebKit/537.36 (KHTML, like Gecko; compatible; ClaudeBot/1.0; +claudebot@anthropic.com)"
216.73.216.101 - - [24/Aug/2026:19:30:53 +0500] "GET /uz/awaited/m9i2s0f4e2a9s4a2n8c3e6 HTTP/1.1" 404 1216 "https://eskijuva-bozori.uz/awaited/m9i2s0f4e2a9s4a2n8c3e6" "Mozilla/5.0 AppleWebKit/537.36 (KHTML, like Gecko; compatible; ClaudeBot/1.0; +claudebot@anthropic.com)"
34.10.180.98 - - [24/Aug/2026:19:30:55 +0500] "GET /uz/facts-uzb/109-06-fact-12-09-15 HTTP/1.1" 200 66230 "-" "Mozilla/5.0 (Macintosh; Intel Mac OS X 10_15_7) AppleWebKit/537.36 (KHTML, like Gecko) Chrome/120.0.0.0 Safari/537.36"
216.73.216.101 - - [24/Aug/2026:19:31:09 +0500] "GET /shops/physiced/c9a5t2a3l8a1s7e832 HTTP/1.1" 301 - "-" "Mozilla/5.0 AppleWebKit/537.36 (KHTML, like Gecko; compatible; ClaudeBot/1.0; +claudebot@anthropic.com)"
114.119.159.87 - - [24/Aug/2026:19:31:12 +0500] "GET /uz/events-uzb?template=accessibility HTTP/1.1" 200 29531 "https://eskijuva-bozori.uz/uz/events-uzb" "Mozilla/5.0 (Linux; Android 7.0;) AppleWebKit/537.36 (HTML, like Gecko) Mobile Safari/537.36 (compatible; PetalBot;+https://webmaster.petalsearch.com/site/petalbot)"
216.73.216.101 - - [24/Aug/2026:19:31:13 +0500] "GET /uz/shops/physiced/c9a5t2a3l8a1s7e832 HTTP/1.1" 404 1216 "https://eskijuva-bozori.uz/shops/physiced/c9a5t2a3l8a1s7e832" "Mozilla/5.0 AppleWebKit/537.36 (KHTML, like Gecko; compatible; ClaudeBot/1.0; +claudebot@anthropic.com)"
216.73.216.101 - - [24/Aug/2026:19:31:22 +0500] "GET /lithontriptor/d9i2a3t8h1e2s6i5s221 HTTP/1.1" 301 - "-" "Mozilla/5.0 AppleWebKit/537.36 (KHTML, like Gecko; compatible; ClaudeBot/1.0; +claudebot@anthropic.com)"
216.73.216.101 - - [24/Aug/2026:19:31:25 +0500] "GET /uz/lithontriptor/d9i2a3t8h1e2s6i5s221 HTTP/1.1" 404 1216 "https://eskijuva-bozori.uz/lithontriptor/d9i2a3t8h1e2s6i5s221" "Mozilla/5.0 AppleWebKit/537.36 (KHTML, like Gecko; compatible; ClaudeBot/1.0; +claudebot@anthropic.com)"
216.73.216.101 - - [24/Aug/2026:19:31:42 +0500] "GET /?r=a9l1c8a0d8e82803 HTTP/1.1" 301 - "-" "Mozilla/5.0 AppleWebKit/537.36 (KHTML, like Gecko; compatible; ClaudeBot/1.0; +claudebot@anthropic.com)"
216.73.216.101 - - [24/Aug/2026:19:31:45 +0500] "GET /uz/?r=a9l1c8a0d8e82803 HTTP/1.1" 200 68263 "https://eskijuva-bozori.uz/?r=a9l1c8a0d8e82803" "Mozilla/5.0 AppleWebKit/537.36 (KHTML, like Gecko; compatible; ClaudeBot/1.0; +claudebot@anthropic.com)"
216.73.216.101 - - [24/Aug/2026:19:32:02 +0500] "GET /shops/unthread/p9u2s8s9y3877205 HTTP/1.1" 301 - "-" "Mozilla/5.0 AppleWebKit/537.36 (KHTML, like Gecko; compatible; ClaudeBot/1.0; +claudebot@anthropic.com)"
216.73.216.101 - - [24/Aug/2026:19:32:04 +0500] "GET /uz/shops/unthread/p9u2s8s9y3877205 HTTP/1.1" 404 1216 "https://eskijuva-bozori.uz/shops/unthread/p9u2s8s9y3877205" "Mozilla/5.0 AppleWebKit/537.36 (KHTML, like Gecko; compatible; ClaudeBot/1.0; +claudebot@anthropic.com)"
216.73.216.101 - - [24/Aug/2026:19:32:22 +0500] "GET /vesicated/b9a3c9t8e6r8i3o4s7c3o1py HTTP/1.1" 301 - "-" "Mozilla/5.0 AppleWebKit/537.36 (KHTML, like Gecko; compatible; ClaudeBot/1.0; +claudebot@anthropic.com)"
185.191.171.10 - - [24/Aug/2026:19:32:22 +0500] "GET /uz/?phpinfo=16arSsAYV%27%20OR%20178%3D%28SELECT%20178%20FROM%20PG_SLEEP%2815%29%29--&start=36 HTTP/1.1" 200 70695 "-" "Mozilla/5.0 (compatible; SemrushBot/7~bl; +http://www.semrush.com/bot.html)"
216.73.216.101 - - [24/Aug/2026:19:32:25 +0500] "GET /uz/vesicated/b9a3c9t8e6r8i3o4s7c3o1py HTTP/1.1" 404 1216 "https://eskijuva-bozori.uz/vesicated/b9a3c9t8e6r8i3o4s7c3o1py" "Mozilla/5.0 AppleWebKit/537.36 (KHTML, like Gecko; compatible; ClaudeBot/1.0; +claudebot@anthropic.com)"
216.73.216.101 - - [24/Aug/2026:19:32:32 +0500] "GET /shops/roselite/g9r4a1c8e1d624328 HTTP/1.1" 301 - "-" "Mozilla/5.0 AppleWebKit/537.36 (KHTML, like Gecko; compatible; ClaudeBot/1.0; +claudebot@anthropic.com)"
216.73.217.53 - - [24/Aug/2026:19:32:36 +0500] "GET /?%60=z3i1g2z4a1g7g6i9n2g45 HTTP/1.1" 301 - "-" "Mozilla/5.0 AppleWebKit/537.36 (KHTML, like Gecko; compatible; ClaudeBot/1.0; +claudebot@anthropic.com)"
216.73.216.101 - - [24/Aug/2026:19:32:36 +0500] "GET /uz/shops/roselite/g9r4a1c8e1d624328 HTTP/1.1" 404 1216 "https://eskijuva-bozori.uz/shops/roselite/g9r4a1c8e1d624328" "Mozilla/5.0 AppleWebKit/537.36 (KHTML, like Gecko; compatible; ClaudeBot/1.0; +claudebot@anthropic.com)"
216.73.216.101 - - [24/Aug/2026:19:32:37 +0500] "GET /mirror/e9v3i0s2c5e4r8a4t8i1on HTTP/1.1" 301 - "-" "Mozilla/5.0 AppleWebKit/537.36 (KHTML, like Gecko; compatible; ClaudeBot/1.0; +claudebot@anthropic.com)"
216.73.217.53 - - [24/Aug/2026:19:32:39 +0500] "GET /uz/?%60=z3i1g2z4a1g7g6i9n2g45 HTTP/1.1" 200 68494 "https://www.eskijuva-bozori.uz.uzbekgidroenergoqurilish.uz/?%60=z3i1g2z4a1g7g6i9n2g45" "Mozilla/5.0 AppleWebKit/537.36 (KHTML, like Gecko; compatible; ClaudeBot/1.0; +claudebot@anthropic.com)"
216.73.216.101 - - [24/Aug/2026:19:32:40 +0500] "GET /uz/mirror/e9v3i0s2c5e4r8a4t8i1on HTTP/1.1" 404 1216 "https://eskijuva-bozori.uz/mirror/e9v3i0s2c5e4r8a4t8i1on" "Mozilla/5.0 AppleWebKit/537.36 (KHTML, like Gecko; compatible; ClaudeBot/1.0; +claudebot@anthropic.com)"
34.10.180.98 - - [24/Aug/2026:19:32:49 +0500] "GET /ru/about-org-rus/indexes-rus/353-fin-activity-report-2019-ru HTTP/1.1" 200 54993 "-" "Mozilla/5.0 (Macintosh; Intel Mac OS X 10_15_7) AppleWebKit/537.36 (KHTML, like Gecko) Chrome/120.0.0.0 Safari/537.36"
216.73.216.101 - - [24/Aug/2026:19:32:54 +0500] "GET /shops/fullest/d9e3e0m0e3d336159 HTTP/1.1" 301 - "-" "Mozilla/5.0 AppleWebKit/537.36 (KHTML, like Gecko; compatible; ClaudeBot/1.0; +claudebot@anthropic.com)"
216.73.216.101 - - [24/Aug/2026:19:32:57 +0500] "GET /uz/shops/fullest/d9e3e0m0e3d336159 HTTP/1.1" 404 1216 "https://eskijuva-bozori.uz/shops/fullest/d9e3e0m0e3d336159" "Mozilla/5.0 AppleWebKit/537.36 (KHTML, like Gecko; compatible; ClaudeBot/1.0; +claudebot@anthropic.com)"
216.73.216.101 - - [24/Aug/2026:19:33:14 +0500] "GET /shops/laelaps/g9o9r0b4e1l6l2i4e9d4 HTTP/1.1" 301 - "-" "Mozilla/5.0 AppleWebKit/537.36 (KHTML, like Gecko; compatible; ClaudeBot/1.0; +claudebot@anthropic.com)"
216.73.216.101 - - [24/Aug/2026:19:33:15 +0500] "GET /uz/shops/laelaps/g9o9r0b4e1l6l2i4e9d4 HTTP/1.1" 404 1216 "https://eskijuva-bozori.uz/shops/laelaps/g9o9r0b4e1l6l2i4e9d4" "Mozilla/5.0 AppleWebKit/537.36 (KHTML, like Gecko; compatible; ClaudeBot/1.0; +claudebot@anthropic.com)"
185.191.171.15 - - [24/Aug/2026:19:33:16 +0500] "GET /uz/news-uzb/139-meeting-15-11-16 HTTP/1.1" 200 59863 "-" "Mozilla/5.0 (compatible; SemrushBot/7~bl; +http://www.semrush.com/bot.html)"
216.73.216.101 - - [24/Aug/2026:19:33:27 +0500] "GET /amanitine/e9a1r3f2l8a2p78996 HTTP/1.1" 301 - "-" "Mozilla/5.0 AppleWebKit/537.36 (KHTML, like Gecko; compatible; ClaudeBot/1.0; +claudebot@anthropic.com)"
216.73.216.101 - - [24/Aug/2026:19:33:29 +0500] "GET /uz/amanitine/e9a1r3f2l8a2p78996 HTTP/1.1" 404 1216 "https://eskijuva-bozori.uz/amanitine/e9a1r3f2l8a2p78996" "Mozilla/5.0 AppleWebKit/537.36 (KHTML, like Gecko; compatible; ClaudeBot/1.0; +claudebot@anthropic.com)"
124.236.100.113 - - [24/Aug/2026:19:33:43 +0500] "GET / HTTP/1.1" 301 - "-" "Mozilla/5.0 (Windows NT 10.0) AppleWebKit/537.36 (KHTML, like Gecko) Chrome/61.0.3163.100 Safari/537.36"
124.236.100.113 - - [24/Aug/2026:19:33:46 +0500] "GET / HTTP/1.1" 301 - "-" "Mozilla/5.0 (Windows NT 6.1; WOW64; rv:52.0) Gecko/20100101 Firefox/52.0"
216.73.216.101 - - [24/Aug/2026:19:33:47 +0500] "GET /?r=d9e5b6a3r6b51663 HTTP/1.1" 301 - "-" "Mozilla/5.0 AppleWebKit/537.36 (KHTML, like Gecko; compatible; ClaudeBot/1.0; +claudebot@anthropic.com)"
124.236.100.113 - - [24/Aug/2026:19:33:48 +0500] "GET /uz/ HTTP/1.1" 200 68491 "-" "Mozilla/5.0 (Windows NT 6.1; WOW64; rv:52.0) Gecko/20100101 Firefox/52.0"
216.73.216.101 - - [24/Aug/2026:19:33:48 +0500] "GET /uz/?r=d9e5b6a3r6b51663 HTTP/1.1" 200 68263 "https://eskijuva-bozori.uz/?r=d9e5b6a3r6b51663" "Mozilla/5.0 AppleWebKit/537.36 (KHTML, like Gecko; compatible; ClaudeBot/1.0; +claudebot@anthropic.com)"
216.73.217.53 - - [24/Aug/2026:19:33:49 +0500] "GET /shops/reachless/p3r1o1s0o1p6i3s2499 HTTP/1.1" 301 - "-" "Mozilla/5.0 AppleWebKit/537.36 (KHTML, like Gecko; compatible; ClaudeBot/1.0; +claudebot@anthropic.com)"
216.73.217.53 - - [24/Aug/2026:19:33:51 +0500] "GET /uz/shops/reachless/p3r1o1s0o1p6i3s2499 HTTP/1.1" 404 1248 "https://www.eskijuva-bozori.uz.uzbekgidroenergoqurilish.uz/shops/reachless/p3r1o1s0o1p6i3s2499" "Mozilla/5.0 AppleWebKit/537.36 (KHTML, like Gecko; compatible; ClaudeBot/1.0; +claudebot@anthropic.com)"
216.73.216.101 - - [24/Aug/2026:19:33:58 +0500] "GET /shops/deducted/b9e3h2e0n3105310 HTTP/1.1" 301 - "-" "Mozilla/5.0 AppleWebKit/537.36 (KHTML, like Gecko; compatible; ClaudeBot/1.0; +claudebot@anthropic.com)"
216.73.216.101 - - [24/Aug/2026:19:33:59 +0500] "GET /uz/shops/deducted/b9e3h2e0n3105310 HTTP/1.1" 404 1216 "https://eskijuva-bozori.uz/shops/deducted/b9e3h2e0n3105310" "Mozilla/5.0 AppleWebKit/537.36 (KHTML, like Gecko; compatible; ClaudeBot/1.0; +claudebot@anthropic.com)"
85.208.96.206 - - [24/Aug/2026:19:34:08 +0500] "GET /uz/?function=call_user_func_array&vars%5B1%5D%5B0%5D=1 HTTP/1.1" 200 68523 "-" "Mozilla/5.0 (compatible; SemrushBot/7~bl; +http://www.semrush.com/bot.html)"
216.73.216.101 - - [24/Aug/2026:19:34:15 +0500] "GET /notodontian/qtash/t9h3y1m2e1n4e61593 HTTP/1.1" 301 - "-" "Mozilla/5.0 AppleWebKit/537.36 (KHTML, like Gecko; compatible; ClaudeBot/1.0; +claudebot@anthropic.com)"
216.73.216.101 - - [24/Aug/2026:19:34:17 +0500] "GET /uz/notodontian/qtash/t9h3y1m2e1n4e61593 HTTP/1.1" 404 1216 "https://eskijuva-bozori.uz/notodontian/qtash/t9h3y1m2e1n4e61593" "Mozilla/5.0 AppleWebKit/537.36 (KHTML, like Gecko; compatible; ClaudeBot/1.0; +claudebot@anthropic.com)"
216.73.216.101 - - [24/Aug/2026:19:34:32 +0500] "GET /shops/cacology/t9h5e2r4i7o7d0o3n2t3ia HTTP/1.1" 301 - "-" "Mozilla/5.0 AppleWebKit/537.36 (KHTML, like Gecko; compatible; ClaudeBot/1.0; +claudebot@anthropic.com)"
216.73.216.101 - - [24/Aug/2026:19:34:35 +0500] "GET /uz/shops/cacology/t9h5e2r4i7o7d0o3n2t3ia HTTP/1.1" 404 1216 "https://eskijuva-bozori.uz/shops/cacology/t9h5e2r4i7o7d0o3n2t3ia" "Mozilla/5.0 AppleWebKit/537.36 (KHTML, like Gecko; compatible; ClaudeBot/1.0; +claudebot@anthropic.com)"
216.73.216.101 - - [24/Aug/2026:19:34:53 +0500] "GET /?r=d9e3l5e3t4e1d87483 HTTP/1.1" 301 - "-" "Mozilla/5.0 AppleWebKit/537.36 (KHTML, like Gecko; compatible; ClaudeBot/1.0; +claudebot@anthropic.com)"
216.73.216.101 - - [24/Aug/2026:19:34:54 +0500] "GET /uz/?r=d9e3l5e3t4e1d87483 HTTP/1.1" 200 68265 "https://eskijuva-bozori.uz/?r=d9e3l5e3t4e1d87483" "Mozilla/5.0 AppleWebKit/537.36 (KHTML, like Gecko; compatible; ClaudeBot/1.0; +claudebot@anthropic.com)"
216.73.217.53 - - [24/Aug/2026:19:34:56 +0500] "GET /madagascar/cameronian/s3i1n9t3e0r225966 HTTP/1.1" 301 - "-" "Mozilla/5.0 AppleWebKit/537.36 (KHTML, like Gecko; compatible; ClaudeBot/1.0; +claudebot@anthropic.com)"
216.73.217.53 - - [24/Aug/2026:19:34:57 +0500] "GET /uz/madagascar/cameronian/s3i1n9t3e0r225966 HTTP/1.1" 404 1248 "https://www.eskijuva-bozori.uz.uzbekgidroenergoqurilish.uz/madagascar/cameronian/s3i1n9t3e0r225966" "Mozilla/5.0 AppleWebKit/537.36 (KHTML, like Gecko; compatible; ClaudeBot/1.0; +claudebot@anthropic.com)"
216.73.216.101 - - [24/Aug/2026:19:35:06 +0500] "GET /shops/benign/h9e3r5b2a7l4i3s7m02 HTTP/1.1" 301 - "-" "Mozilla/5.0 AppleWebKit/537.36 (KHTML, like Gecko; compatible; ClaudeBot/1.0; +claudebot@anthropic.com)"
216.73.216.101 - - [24/Aug/2026:19:35:08 +0500] "GET /uz/shops/benign/h9e3r5b2a7l4i3s7m02 HTTP/1.1" 404 1216 "https://eskijuva-bozori.uz/shops/benign/h9e3r5b2a7l4i3s7m02" "Mozilla/5.0 AppleWebKit/537.36 (KHTML, like Gecko; compatible; ClaudeBot/1.0; +claudebot@anthropic.com)"
34.123.149.87 - - [24/Aug/2026:19:35:16 +0500] "GET /uz/component/search/?Itemid=139&format=opensearch&template=accessibility HTTP/1.1" 200 777 "-" "Mozilla/5.0 (Macintosh; Intel Mac OS X 10_15_7) AppleWebKit/537.36 (KHTML, like Gecko) Chrome/120.0.0.0 Safari/537.36"
216.73.216.101 - - [24/Aug/2026:19:35:26 +0500] "GET /?r=r9i7b7a3l7d62882 HTTP/1.1" 301 - "-" "Mozilla/5.0 AppleWebKit/537.36 (KHTML, like Gecko; compatible; ClaudeBot/1.0; +claudebot@anthropic.com)"
216.73.216.101 - - [24/Aug/2026:19:35:27 +0500] "GET /uz/?r=r9i7b7a3l7d62882 HTTP/1.1" 200 68263 "https://eskijuva-bozori.uz/?r=r9i7b7a3l7d62882" "Mozilla/5.0 AppleWebKit/537.36 (KHTML, like Gecko; compatible; ClaudeBot/1.0; +claudebot@anthropic.com)"
57.141.20.6 - - [24/Aug/2026:19:35:30 +0500] "GET /uz/?function=call_user_func_array&s=index/think\\\\\\\\\\\\\\\\\\\\\\\\\\\\\\\\\\\\\\\\\\\\\\\\\\\\\\\\\\\\\\\\\\\\\\\\\\\\\\\\\\\\\\\\\\\\\\\\\\\\\\\\\\\\\\\\\\\\\\\\\\\\\\\\\\\\\\\\\\\\\\\\\\\\\\\\\\\\\\\\\\\\\\\\\\\\\\\\\\\\\\\\\\\\\\\\\\\\\\\\\\\\\\\\\\\\\\\\\\\\\\\\\\\\\\\\\\\\\\\\\\\\\\\\\\\\\\\\\\\\\\\\\\\\\\\\\\\\\\\\\\\\\\\\\\\\\\\\\\\\\\\\\\\\\\\\\\\\\\\\\\\\\\\\\\\\\\\\\\\\\\\\\\\\\\\\\\\\\\\\\\\\\\\\\\\\\\\\\\\\\\\\\\\\\\\\\\\\\\\\\\\\\\\\\\\\\\\\\\\\\\\\\\\\\\\\\\\\\\\\\\\\\\\\\\\\\\\\\\\\\\\\\\\\\\\\\\\\\\\\\\\\\\\\\\\\\\\\\\\\\\\\\\\\\\\\\\\\\\\\\\\\\\\\\\\\\\\\\\\\\\\\\\\\\\\\\\\\\\\\\\\\\\\\\\\\\\\\\\\\\\\\\\\\\\\\\\\\\\\\\\\\\\\\\\\\\\\\\\\\\\\\\\\\\\\\\\\\\\\\\\\\\\\\\\\\\\\\\\\\\\\\\\\\\\\\\\\\\\\\\\\\\\\\\\\\\\\\\\\\\\\\\\\\\\\\\\\\\\\\\\\\\\\\\\\\\\\\\\\\\\\\\\\\\\\\\\\\\\\\\\\\\\\\\\\\\\\\\\\\\\\\\\\\\\\\\\\\\\\\\\\\\\\\\\\\\\\\\\\\\\\\\\\\\\\\\\\\\\\\\\\\\\\\\\\\\\\\\\\\\\\\\\\\\\\\\\\\\\\\\\\\\\\\\\\\\\\\\\\\\\\\\\\\\\\\\\\\\\\\\\\\\\\\\\\\\\\\\\\\\\\\\\\\\\\\\\\\\\\\\\\\\\\\\\\\\\\\\\\\\\\\\\\\\\\\\\\\\\\\\\\\\\\\\\\\\\\\\\\\\\\\app/invokefunction&vars[0]=phpinfo&vars[1][0]=1&format=feed&type=atom HTTP/1.1" 200 9983 "-" "Mozilla/5.0 (Windows NT 10.0; Win64; x64) AppleWebKit/537.36 (KHTML, like Gecko) Chrome/145.0.0.0 Safari/537.36 (compatible; meta-webindexer/1.1 (+https://developers.facebook.com/docs/sharing/webmasters/crawler))"
216.73.216.101 - - [24/Aug/2026:19:35:37 +0500] "GET /?r=m9s7a7s2a550783 HTTP/1.1" 301 - "-" "Mozilla/5.0 AppleWebKit/537.36 (KHTML, like Gecko; compatible; ClaudeBot/1.0; +claudebot@anthropic.com)"
216.73.216.101 - - [24/Aug/2026:19:35:38 +0500] "GET /uz/?r=m9s7a7s2a550783 HTTP/1.1" 200 68262 "https://eskijuva-bozori.uz/?r=m9s7a7s2a550783" "Mozilla/5.0 AppleWebKit/537.36 (KHTML, like Gecko; compatible; ClaudeBot/1.0; +claudebot@anthropic.com)"
216.73.216.101 - - [24/Aug/2026:19:35:57 +0500] "GET /?r=d9e2c5e1r9n237377 HTTP/1.1" 301 - "-" "Mozilla/5.0 AppleWebKit/537.36 (KHTML, like Gecko; compatible; ClaudeBot/1.0; +claudebot@anthropic.com)"
216.73.216.101 - - [24/Aug/2026:19:35:58 +0500] "GET /uz/?r=d9e2c5e1r9n237377 HTTP/1.1" 200 68264 "https://eskijuva-bozori.uz/?r=d9e2c5e1r9n237377" "Mozilla/5.0 AppleWebKit/537.36 (KHTML, like Gecko; compatible; ClaudeBot/1.0; +claudebot@anthropic.com)"
216.73.216.101 - - [24/Aug/2026:19:36:07 +0500] "GET /?r=c9a2d7m6i5c035034 HTTP/1.1" 301 - "-" "Mozilla/5.0 AppleWebKit/537.36 (KHTML, like Gecko; compatible; ClaudeBot/1.0; +claudebot@anthropic.com)"
216.73.216.101 - - [24/Aug/2026:19:36:08 +0500] "GET /uz/?r=c9a2d7m6i5c035034 HTTP/1.1" 200 68264 "https://eskijuva-bozori.uz/?r=c9a2d7m6i5c035034" "Mozilla/5.0 AppleWebKit/537.36 (KHTML, like Gecko; compatible; ClaudeBot/1.0; +claudebot@anthropic.com)"
54.197.102.71 - - [24/Aug/2026:19:36:25 +0500] "GET /docs/reports/2018/balans-2-2-2018.xls HTTP/1.1" 200 322048 "-" "Mozilla/5.0 AppleWebKit/537.36 (KHTML, like Gecko; compatible; Amazonbot/0.1; +https://developer.amazon.com/support/amazonbot) Chrome/119.0.6045.214 Safari/537.36"
216.73.216.101 - - [24/Aug/2026:19:36:27 +0500] "GET /?r=m9e1l6d8e0d370064 HTTP/1.1" 301 - "-" "Mozilla/5.0 AppleWebKit/537.36 (KHTML, like Gecko; compatible; ClaudeBot/1.0; +claudebot@anthropic.com)"
216.73.216.101 - - [24/Aug/2026:19:36:28 +0500] "GET /uz/?r=m9e1l6d8e0d370064 HTTP/1.1" 200 68264 "https://eskijuva-bozori.uz/?r=m9e1l6d8e0d370064" "Mozilla/5.0 AppleWebKit/537.36 (KHTML, like Gecko; compatible; ClaudeBot/1.0; +claudebot@anthropic.com)"
216.73.217.53 - - [24/Aug/2026:19:36:39 +0500] "GET /?%60=u3n4t9h0r8i7f9t991 HTTP/1.1" 301 - "-" "Mozilla/5.0 AppleWebKit/537.36 (KHTML, like Gecko; compatible; ClaudeBot/1.0; +claudebot@anthropic.com)"
216.73.217.53 - - [24/Aug/2026:19:36:41 +0500] "GET /uz/?%60=u3n4t9h0r8i7f9t991 HTTP/1.1" 200 68491 "https://www.eskijuva-bozori.uz.uzbekgidroenergoqurilish.uz/?%60=u3n4t9h0r8i7f9t991" "Mozilla/5.0 AppleWebKit/537.36 (KHTML, like Gecko; compatible; ClaudeBot/1.0; +claudebot@anthropic.com)"
216.73.216.101 - - [24/Aug/2026:19:36:43 +0500] "GET /rhabdite/innumerabilis/91903576778 HTTP/1.1" 301 - "-" "Mozilla/5.0 AppleWebKit/537.36 (KHTML, like Gecko; compatible; ClaudeBot/1.0; +claudebot@anthropic.com)"
216.73.216.101 - - [24/Aug/2026:19:36:46 +0500] "GET /uz/rhabdite/innumerabilis/91903576778 HTTP/1.1" 404 1216 "https://eskijuva-bozori.uz/rhabdite/innumerabilis/91903576778" "Mozilla/5.0 AppleWebKit/537.36 (KHTML, like Gecko; compatible; ClaudeBot/1.0; +claudebot@anthropic.com)"
