216.73.216.101 - - [24/Aug/2026:19:37:03 +0500] "GET /?r=c9h9a6n5c5e21148 HTTP/1.1" 301 - "-" "Mozilla/5.0 AppleWebKit/537.36 (KHTML, like Gecko; compatible; ClaudeBot/1.0; +claudebot@anthropic.com)"
216.73.216.101 - - [24/Aug/2026:19:37:04 +0500] "GET /uz/?r=c9h9a6n5c5e21148 HTTP/1.1" 200 68263 "https://eskijuva-bozori.uz/?r=c9h9a6n5c5e21148" "Mozilla/5.0 AppleWebKit/537.36 (KHTML, like Gecko; compatible; ClaudeBot/1.0; +claudebot@anthropic.com)"
216.73.217.53 - - [24/Aug/2026:19:37:12 +0500] "GET /shops/weatherglass/i3n8t1e5r3l2u4n5a9r8 HTTP/1.1" 301 - "-" "Mozilla/5.0 AppleWebKit/537.36 (KHTML, like Gecko; compatible; ClaudeBot/1.0; +claudebot@anthropic.com)"
216.73.217.53 - - [24/Aug/2026:19:37:13 +0500] "GET /uz/shops/weatherglass/i3n8t1e5r3l2u4n5a9r8 HTTP/1.1" 404 1248 "https://www.eskijuva-bozori.uz.uzbekgidroenergoqurilish.uz/shops/weatherglass/i3n8t1e5r3l2u4n5a9r8" "Mozilla/5.0 AppleWebKit/537.36 (KHTML, like Gecko; compatible; ClaudeBot/1.0; +claudebot@anthropic.com)"
216.73.216.101 - - [24/Aug/2026:19:37:16 +0500] "GET /clamoring/oryctognostical/91495160357 HTTP/1.1" 301 - "-" "Mozilla/5.0 AppleWebKit/537.36 (KHTML, like Gecko; compatible; ClaudeBot/1.0; +claudebot@anthropic.com)"
216.73.216.101 - - [24/Aug/2026:19:37:17 +0500] "GET /uz/clamoring/oryctognostical/91495160357 HTTP/1.1" 404 1216 "https://eskijuva-bozori.uz/clamoring/oryctognostical/91495160357" "Mozilla/5.0 AppleWebKit/537.36 (KHTML, like Gecko; compatible; ClaudeBot/1.0; +claudebot@anthropic.com)"
216.73.216.101 - - [24/Aug/2026:19:37:32 +0500] "GET /shops/bestridden/t9o1a6d6i7e0d47326 HTTP/1.1" 301 - "-" "Mozilla/5.0 AppleWebKit/537.36 (KHTML, like Gecko; compatible; ClaudeBot/1.0; +claudebot@anthropic.com)"
216.73.216.101 - - [24/Aug/2026:19:37:34 +0500] "GET /uz/shops/bestridden/t9o1a6d6i7e0d47326 HTTP/1.1" 404 1216 "https://eskijuva-bozori.uz/shops/bestridden/t9o1a6d6i7e0d47326" "Mozilla/5.0 AppleWebKit/537.36 (KHTML, like Gecko; compatible; ClaudeBot/1.0; +claudebot@anthropic.com)"
216.73.217.53 - - [24/Aug/2026:19:37:46 +0500] "GET /uz/?r=p4o8i5n2t8r3e6l905&start=4 HTTP/1.1" 200 68332 "-" "Mozilla/5.0 AppleWebKit/537.36 (KHTML, like Gecko; compatible; ClaudeBot/1.0; +claudebot@anthropic.com)"
216.73.216.101 - - [24/Aug/2026:19:37:52 +0500] "GET /shops/mistle/c9o3n7v4e8n2o8n0g325 HTTP/1.1" 301 - "-" "Mozilla/5.0 AppleWebKit/537.36 (KHTML, like Gecko; compatible; ClaudeBot/1.0; +claudebot@anthropic.com)"
216.73.216.101 - - [24/Aug/2026:19:37:53 +0500] "GET /uz/shops/mistle/c9o3n7v4e8n2o8n0g325 HTTP/1.1" 404 1216 "https://eskijuva-bozori.uz/shops/mistle/c9o3n7v4e8n2o8n0g325" "Mozilla/5.0 AppleWebKit/537.36 (KHTML, like Gecko; compatible; ClaudeBot/1.0; +claudebot@anthropic.com)"
216.73.216.101 - - [24/Aug/2026:19:38:03 +0500] "GET /?r=c9i2n4q6u9e6p4a7c0e90 HTTP/1.1" 301 - "-" "Mozilla/5.0 AppleWebKit/537.36 (KHTML, like Gecko; compatible; ClaudeBot/1.0; +claudebot@anthropic.com)"
216.73.216.101 - - [24/Aug/2026:19:38:05 +0500] "GET /uz/?r=c9i2n4q6u9e6p4a7c0e90 HTTP/1.1" 200 68268 "https://eskijuva-bozori.uz/?r=c9i2n4q6u9e6p4a7c0e90" "Mozilla/5.0 AppleWebKit/537.36 (KHTML, like Gecko; compatible; ClaudeBot/1.0; +claudebot@anthropic.com)"
216.73.217.53 - - [24/Aug/2026:19:38:20 +0500] "GET /uz/component/search/?Itemid=117&%60=h3y3p5e4r4t6h9e3r6m8i4a&format=opensearch HTTP/1.1" 200 861 "-" "Mozilla/5.0 AppleWebKit/537.36 (KHTML, like Gecko; compatible; ClaudeBot/1.0; +claudebot@anthropic.com)"
216.73.216.101 - - [24/Aug/2026:19:38:23 +0500] "GET /shops/clunch/a9z7e0r2b1a1i7j6a6ni HTTP/1.1" 301 - "-" "Mozilla/5.0 AppleWebKit/537.36 (KHTML, like Gecko; compatible; ClaudeBot/1.0; +claudebot@anthropic.com)"
216.73.216.101 - - [24/Aug/2026:19:38:25 +0500] "GET /uz/shops/clunch/a9z7e0r2b1a1i7j6a6ni HTTP/1.1" 404 1216 "https://eskijuva-bozori.uz/shops/clunch/a9z7e0r2b1a1i7j6a6ni" "Mozilla/5.0 AppleWebKit/537.36 (KHTML, like Gecko; compatible; ClaudeBot/1.0; +claudebot@anthropic.com)"
185.191.171.15 - - [24/Aug/2026:19:38:25 +0500] "GET /uz/about-org-uzb/indexes-uzb/362-fin-activity-report-2021-uzb HTTP/1.1" 200 56723 "-" "Mozilla/5.0 (compatible; SemrushBot/7~bl; +http://www.semrush.com/bot.html)"
216.73.216.101 - - [24/Aug/2026:19:38:36 +0500] "GET /?r=s9h1e1n5d9i6n2g9064 HTTP/1.1" 301 - "-" "Mozilla/5.0 AppleWebKit/537.36 (KHTML, like Gecko; compatible; ClaudeBot/1.0; +claudebot@anthropic.com)"
216.73.216.101 - - [24/Aug/2026:19:38:38 +0500] "GET /uz/?r=s9h1e1n5d9i6n2g9064 HTTP/1.1" 200 68266 "https://eskijuva-bozori.uz/?r=s9h1e1n5d9i6n2g9064" "Mozilla/5.0 AppleWebKit/537.36 (KHTML, like Gecko; compatible; ClaudeBot/1.0; +claudebot@anthropic.com)"
52.141.58.175 - - [24/Aug/2026:19:38:52 +0500] "GET / HTTP/1.1" 301 - "-" "Mozilla/5.0 (Windows NT 10.0; Win64; x64) AppleWebKit/537.36 (KHTML, like Gecko) Chrome/120.0.0.0 Safari/537.36"
216.73.216.101 - - [24/Aug/2026:19:38:56 +0500] "GET /?r=i9n2s8e8c8u0r7e6l3y34 HTTP/1.1" 301 - "-" "Mozilla/5.0 AppleWebKit/537.36 (KHTML, like Gecko; compatible; ClaudeBot/1.0; +claudebot@anthropic.com)"
216.73.216.101 - - [24/Aug/2026:19:38:58 +0500] "GET /uz/?r=i9n2s8e8c8u0r7e6l3y34 HTTP/1.1" 200 68268 "https://eskijuva-bozori.uz/?r=i9n2s8e8c8u0r7e6l3y34" "Mozilla/5.0 AppleWebKit/537.36 (KHTML, like Gecko; compatible; ClaudeBot/1.0; +claudebot@anthropic.com)"
85.208.96.211 - - [24/Aug/2026:19:39:08 +0500] "GET /robots.txt HTTP/1.1" 200 111 "-" "Mozilla/5.0 (compatible; SemrushBot/7~bl; +http://www.semrush.com/bot.html)"
216.73.216.101 - - [24/Aug/2026:19:39:07 +0500] "GET /plesiomorphous/furcular/m9o2n7i8l9470528 HTTP/1.1" 301 - "-" "Mozilla/5.0 AppleWebKit/537.36 (KHTML, like Gecko; compatible; ClaudeBot/1.0; +claudebot@anthropic.com)"
216.73.216.101 - - [24/Aug/2026:19:39:09 +0500] "GET /uz/plesiomorphous/furcular/m9o2n7i8l9470528 HTTP/1.1" 404 1216 "https://eskijuva-bozori.uz/plesiomorphous/furcular/m9o2n7i8l9470528" "Mozilla/5.0 AppleWebKit/537.36 (KHTML, like Gecko; compatible; ClaudeBot/1.0; +claudebot@anthropic.com)"
85.208.96.210 - - [24/Aug/2026:19:39:14 +0500] "GET /ru/officially-rus/tenders-rus/87-audit-konkurs-09-11-15 HTTP/1.1" 200 59213 "-" "Mozilla/5.0 (compatible; SemrushBot/7~bl; +http://www.semrush.com/bot.html)"
216.73.216.101 - - [24/Aug/2026:19:39:27 +0500] "GET /statoblast/m9u2r6k4i1e3s4t4466 HTTP/1.1" 301 - "-" "Mozilla/5.0 AppleWebKit/537.36 (KHTML, like Gecko; compatible; ClaudeBot/1.0; +claudebot@anthropic.com)"
216.73.216.101 - - [24/Aug/2026:19:39:29 +0500] "GET /uz/statoblast/m9u2r6k4i1e3s4t4466 HTTP/1.1" 404 1216 "https://eskijuva-bozori.uz/statoblast/m9u2r6k4i1e3s4t4466" "Mozilla/5.0 AppleWebKit/537.36 (KHTML, like Gecko; compatible; ClaudeBot/1.0; +claudebot@anthropic.com)"
185.191.171.16 - - [24/Aug/2026:19:39:31 +0500] "GET /uz/?author=2&start=28 HTTP/1.1" 200 68305 "-" "Mozilla/5.0 (compatible; SemrushBot/7~bl; +http://www.semrush.com/bot.html)"
216.73.216.101 - - [24/Aug/2026:19:39:38 +0500] "GET /epithelioid/equipoise/v9a9p1o9r0e9r3334 HTTP/1.1" 301 - "-" "Mozilla/5.0 AppleWebKit/537.36 (KHTML, like Gecko; compatible; ClaudeBot/1.0; +claudebot@anthropic.com)"
216.73.216.101 - - [24/Aug/2026:19:39:41 +0500] "GET /uz/epithelioid/equipoise/v9a9p1o9r0e9r3334 HTTP/1.1" 404 1216 "https://eskijuva-bozori.uz/epithelioid/equipoise/v9a9p1o9r0e9r3334" "Mozilla/5.0 AppleWebKit/537.36 (KHTML, like Gecko; compatible; ClaudeBot/1.0; +claudebot@anthropic.com)"
216.73.216.101 - - [24/Aug/2026:19:39:58 +0500] "GET /?r=l9a1v7e7r0o1c4k5835 HTTP/1.1" 301 - "-" "Mozilla/5.0 AppleWebKit/537.36 (KHTML, like Gecko; compatible; ClaudeBot/1.0; +claudebot@anthropic.com)"
216.73.216.101 - - [24/Aug/2026:19:40:03 +0500] "GET /uz/?r=l9a1v7e7r0o1c4k5835 HTTP/1.1" 200 68266 "https://eskijuva-bozori.uz/?r=l9a1v7e7r0o1c4k5835" "Mozilla/5.0 AppleWebKit/537.36 (KHTML, like Gecko; compatible; ClaudeBot/1.0; +claudebot@anthropic.com)"
216.73.216.101 - - [24/Aug/2026:19:40:11 +0500] "GET /enmuffle/c9o3n9s6i1g9n5i7f8i2c6ative HTTP/1.1" 301 - "-" "Mozilla/5.0 AppleWebKit/537.36 (KHTML, like Gecko; compatible; ClaudeBot/1.0; +claudebot@anthropic.com)"
216.73.216.101 - - [24/Aug/2026:19:40:14 +0500] "GET /uz/enmuffle/c9o3n9s6i1g9n5i7f8i2c6ative HTTP/1.1" 404 1216 "https://eskijuva-bozori.uz/enmuffle/c9o3n9s6i1g9n5i7f8i2c6ative" "Mozilla/5.0 AppleWebKit/537.36 (KHTML, like Gecko; compatible; ClaudeBot/1.0; +claudebot@anthropic.com)"
216.73.216.101 - - [24/Aug/2026:19:40:32 +0500] "GET /?r=m9y4r0r3h3a18877 HTTP/1.1" 301 - "-" "Mozilla/5.0 AppleWebKit/537.36 (KHTML, like Gecko; compatible; ClaudeBot/1.0; +claudebot@anthropic.com)"
216.73.216.101 - - [24/Aug/2026:19:40:36 +0500] "GET /uz/?r=m9y4r0r3h3a18877 HTTP/1.1" 200 68216 "https://eskijuva-bozori.uz/?r=m9y4r0r3h3a18877" "Mozilla/5.0 AppleWebKit/537.36 (KHTML, like Gecko; compatible; ClaudeBot/1.0; +claudebot@anthropic.com)"
216.73.217.53 - - [24/Aug/2026:19:40:49 +0500] "GET /ru/votes-rus/474-prot-osa-15-09-2025-pdf HTTP/1.1" 200 55278 "-" "Mozilla/5.0 AppleWebKit/537.36 (KHTML, like Gecko; compatible; ClaudeBot/1.0; +claudebot@anthropic.com)"
216.73.216.101 - - [24/Aug/2026:19:40:51 +0500] "GET /monopolies/bespangled/i9n2e6x6p1l4i7c5ably HTTP/1.1" 301 - "-" "Mozilla/5.0 AppleWebKit/537.36 (KHTML, like Gecko; compatible; ClaudeBot/1.0; +claudebot@anthropic.com)"
216.73.216.101 - - [24/Aug/2026:19:40:52 +0500] "GET /uz/monopolies/bespangled/i9n2e6x6p1l4i7c5ably HTTP/1.1" 404 1216 "https://eskijuva-bozori.uz/monopolies/bespangled/i9n2e6x6p1l4i7c5ably" "Mozilla/5.0 AppleWebKit/537.36 (KHTML, like Gecko; compatible; ClaudeBot/1.0; +claudebot@anthropic.com)"
216.73.216.101 - - [24/Aug/2026:19:41:11 +0500] "GET /shops/solicitorgeneral/d9a3y1l0a8b6o9r5e3r43 HTTP/1.1" 301 - "-" "Mozilla/5.0 AppleWebKit/537.36 (KHTML, like Gecko; compatible; ClaudeBot/1.0; +claudebot@anthropic.com)"
216.73.216.101 - - [24/Aug/2026:19:41:13 +0500] "GET /uz/shops/solicitorgeneral/d9a3y1l0a8b6o9r5e3r43 HTTP/1.1" 404 1216 "https://eskijuva-bozori.uz/shops/solicitorgeneral/d9a3y1l0a8b6o9r5e3r43" "Mozilla/5.0 AppleWebKit/537.36 (KHTML, like Gecko; compatible; ClaudeBot/1.0; +claudebot@anthropic.com)"
216.73.216.101 - - [24/Aug/2026:19:41:22 +0500] "GET /?r=s9u3c9c8i3n2u9r4a5t0e3 HTTP/1.1" 301 - "-" "Mozilla/5.0 AppleWebKit/537.36 (KHTML, like Gecko; compatible; ClaudeBot/1.0; +claudebot@anthropic.com)"
216.73.216.101 - - [24/Aug/2026:19:41:27 +0500] "GET /uz/?r=s9u3c9c8i3n2u9r4a5t0e3 HTTP/1.1" 200 68222 "https://eskijuva-bozori.uz/?r=s9u3c9c8i3n2u9r4a5t0e3" "Mozilla/5.0 AppleWebKit/537.36 (KHTML, like Gecko; compatible; ClaudeBot/1.0; +claudebot@anthropic.com)"
216.73.217.53 - - [24/Aug/2026:19:41:30 +0500] "GET /ru/korp-upr-rus?template=yoo_master2 HTTP/1.1" 200 63129 "-" "Mozilla/5.0 AppleWebKit/537.36 (KHTML, like Gecko; compatible; ClaudeBot/1.0; +claudebot@anthropic.com)"
216.73.216.101 - - [24/Aug/2026:19:41:42 +0500] "GET /groundcover/tohubohu/92163795674 HTTP/1.1" 301 - "-" "Mozilla/5.0 AppleWebKit/537.36 (KHTML, like Gecko; compatible; ClaudeBot/1.0; +claudebot@anthropic.com)"
34.171.68.95 - - [24/Aug/2026:19:41:39 +0500] "GET /uz/facts-uzb/404-sush-fakt-06-31-03-2023-pdf HTTP/1.1" 200 56747 "-" "Mozilla/5.0 (Macintosh; Intel Mac OS X 10_15_7) AppleWebKit/537.36 (KHTML, like Gecko) Chrome/120.0.0.0 Safari/537.36"
216.73.216.101 - - [24/Aug/2026:19:41:48 +0500] "GET /uz/groundcover/tohubohu/92163795674 HTTP/1.1" 404 1216 "https://eskijuva-bozori.uz/groundcover/tohubohu/92163795674" "Mozilla/5.0 AppleWebKit/537.36 (KHTML, like Gecko; compatible; ClaudeBot/1.0; +claudebot@anthropic.com)"
216.73.216.101 - - [24/Aug/2026:19:41:55 +0500] "GET /?r=r9h2y7t7h0m9i9c9444 HTTP/1.1" 301 - "-" "Mozilla/5.0 AppleWebKit/537.36 (KHTML, like Gecko; compatible; ClaudeBot/1.0; +claudebot@anthropic.com)"
216.73.216.101 - - [24/Aug/2026:19:42:00 +0500] "GET /uz/?r=r9h2y7t7h0m9i9c9444 HTTP/1.1" 200 68219 "https://eskijuva-bozori.uz/?r=r9h2y7t7h0m9i9c9444" "Mozilla/5.0 AppleWebKit/537.36 (KHTML, like Gecko; compatible; ClaudeBot/1.0; +claudebot@anthropic.com)"
216.73.217.53 - - [24/Aug/2026:19:42:00 +0500] "GET /ru/facts-rus/108-36-fact-24-12-15 HTTP/1.1" 200 73981 "-" "Mozilla/5.0 AppleWebKit/537.36 (KHTML, like Gecko; compatible; ClaudeBot/1.0; +claudebot@anthropic.com)"
216.73.216.101 - - [24/Aug/2026:19:42:15 +0500] "GET /shops/alleviatory/c9a3t9h0e6t4e0r3i1z1i3ng HTTP/1.1" 301 - "-" "Mozilla/5.0 AppleWebKit/537.36 (KHTML, like Gecko; compatible; ClaudeBot/1.0; +claudebot@anthropic.com)"
216.73.216.101 - - [24/Aug/2026:19:42:19 +0500] "GET /uz/shops/alleviatory/c9a3t9h0e6t4e0r3i1z1i3ng HTTP/1.1" 404 1216 "https://eskijuva-bozori.uz/shops/alleviatory/c9a3t9h0e6t4e0r3i1z1i3ng" "Mozilla/5.0 AppleWebKit/537.36 (KHTML, like Gecko; compatible; ClaudeBot/1.0; +claudebot@anthropic.com)"
216.73.217.53 - - [24/Aug/2026:19:42:19 +0500] "GET /ru/facts-rus/120-28-fact-04-07-16 HTTP/1.1" 200 58878 "-" "Mozilla/5.0 AppleWebKit/537.36 (KHTML, like Gecko; compatible; ClaudeBot/1.0; +claudebot@anthropic.com)"
216.73.216.101 - - [24/Aug/2026:19:42:30 +0500] "GET /?r=p9u3n2c8t8u8r7e3d388 HTTP/1.1" 301 - "-" "Mozilla/5.0 AppleWebKit/537.36 (KHTML, like Gecko; compatible; ClaudeBot/1.0; +claudebot@anthropic.com)"
34.56.53.225 - - [24/Aug/2026:19:42:26 +0500] "GET /uz/jsc-docs-uzb/181-conf-int-28-06-16-uzb HTTP/1.1" 200 97911 "-" "Mozilla/5.0 (Macintosh; Intel Mac OS X 10_15_7) AppleWebKit/537.36 (KHTML, like Gecko) Chrome/120.0.0.0 Safari/537.36"
216.73.216.101 - - [24/Aug/2026:19:42:35 +0500] "GET /uz/?r=p9u3n2c8t8u8r7e3d388 HTTP/1.1" 200 68220 "https://eskijuva-bozori.uz/?r=p9u3n2c8t8u8r7e3d388" "Mozilla/5.0 AppleWebKit/537.36 (KHTML, like Gecko; compatible; ClaudeBot/1.0; +claudebot@anthropic.com)"
216.73.216.101 - - [24/Aug/2026:19:42:50 +0500] "GET /shops/childs/u9n2p1r5a9y0a4b3l3e63 HTTP/1.1" 301 - "-" "Mozilla/5.0 AppleWebKit/537.36 (KHTML, like Gecko; compatible; ClaudeBot/1.0; +claudebot@anthropic.com)"
216.73.216.101 - - [24/Aug/2026:19:42:55 +0500] "GET /uz/shops/childs/u9n2p1r5a9y0a4b3l3e63 HTTP/1.1" 404 1216 "https://eskijuva-bozori.uz/shops/childs/u9n2p1r5a9y0a4b3l3e63" "Mozilla/5.0 AppleWebKit/537.36 (KHTML, like Gecko; compatible; ClaudeBot/1.0; +claudebot@anthropic.com)"
216.73.216.101 - - [24/Aug/2026:19:43:01 +0500] "GET /siennese/sepawn/t9e1n3a8c6u5l0a860 HTTP/1.1" 301 - "-" "Mozilla/5.0 AppleWebKit/537.36 (KHTML, like Gecko; compatible; ClaudeBot/1.0; +claudebot@anthropic.com)"
216.73.216.101 - - [24/Aug/2026:19:43:06 +0500] "GET /uz/siennese/sepawn/t9e1n3a8c6u5l0a860 HTTP/1.1" 404 1216 "https://eskijuva-bozori.uz/siennese/sepawn/t9e1n3a8c6u5l0a860" "Mozilla/5.0 AppleWebKit/537.36 (KHTML, like Gecko; compatible; ClaudeBot/1.0; +claudebot@anthropic.com)"
216.73.216.101 - - [24/Aug/2026:19:43:21 +0500] "GET /?r=s9y2s0t7e7m0i4z5i7n9g5 HTTP/1.1" 301 - "-" "Mozilla/5.0 AppleWebKit/537.36 (KHTML, like Gecko; compatible; ClaudeBot/1.0; +claudebot@anthropic.com)"
216.73.216.101 - - [24/Aug/2026:19:43:27 +0500] "GET /uz/?r=s9y2s0t7e7m0i4z5i7n9g5 HTTP/1.1" 200 68387 "https://eskijuva-bozori.uz/?r=s9y2s0t7e7m0i4z5i7n9g5" "Mozilla/5.0 AppleWebKit/537.36 (KHTML, like Gecko; compatible; ClaudeBot/1.0; +claudebot@anthropic.com)"
216.73.216.101 - - [24/Aug/2026:19:44:04 +0500] "GET /shops/flavorous/f9l2u8o1r5o3s9c5o9p9y3 HTTP/1.1" 301 - "-" "Mozilla/5.0 AppleWebKit/537.36 (KHTML, like Gecko; compatible; ClaudeBot/1.0; +claudebot@anthropic.com)"
216.73.216.101 - - [24/Aug/2026:19:44:10 +0500] "GET /uz/shops/flavorous/f9l2u8o1r5o3s9c5o9p9y3 HTTP/1.1" 404 1216 "https://eskijuva-bozori.uz/shops/flavorous/f9l2u8o1r5o3s9c5o9p9y3" "Mozilla/5.0 AppleWebKit/537.36 (KHTML, like Gecko; compatible; ClaudeBot/1.0; +claudebot@anthropic.com)"
216.73.216.101 - - [24/Aug/2026:19:44:24 +0500] "GET /shops/motivo/g9r3o4u1n9d6c0o2v2e3r HTTP/1.1" 301 - "-" "Mozilla/5.0 AppleWebKit/537.36 (KHTML, like Gecko; compatible; ClaudeBot/1.0; +claudebot@anthropic.com)"
216.73.216.101 - - [24/Aug/2026:19:44:29 +0500] "GET /uz/shops/motivo/g9r3o4u1n9d6c0o2v2e3r HTTP/1.1" 404 1216 "https://eskijuva-bozori.uz/shops/motivo/g9r3o4u1n9d6c0o2v2e3r" "Mozilla/5.0 AppleWebKit/537.36 (KHTML, like Gecko; compatible; ClaudeBot/1.0; +claudebot@anthropic.com)"
216.73.216.101 - - [24/Aug/2026:19:44:35 +0500] "GET /?r=s9p1a2t0t6l6i1n3g3p3o4ppy HTTP/1.1" 301 - "-" "Mozilla/5.0 AppleWebKit/537.36 (KHTML, like Gecko; compatible; ClaudeBot/1.0; +claudebot@anthropic.com)"
216.73.216.101 - - [24/Aug/2026:19:44:42 +0500] "GET /uz/?r=s9p1a2t0t6l6i1n3g3p3o4ppy HTTP/1.1" 200 68225 "https://eskijuva-bozori.uz/?r=s9p1a2t0t6l6i1n3g3p3o4ppy" "Mozilla/5.0 AppleWebKit/537.36 (KHTML, like Gecko; compatible; ClaudeBot/1.0; +claudebot@anthropic.com)"
216.73.216.101 - - [24/Aug/2026:19:44:55 +0500] "GET /shops/unaccountableness/r9i4t1r1a4t4t7o861 HTTP/1.1" 508 288 "-" "Mozilla/5.0 AppleWebKit/537.36 (KHTML, like Gecko; compatible; ClaudeBot/1.0; +claudebot@anthropic.com)"
40.77.167.151 - - [24/Aug/2026:19:44:52 +0500] "GET /ru/17-russian/shareholders-rus HTTP/1.1" 200 204590 "-" "Mozilla/5.0 AppleWebKit/537.36 (KHTML, like Gecko; compatible; bingbot/2.0; +http://www.bing.com/bingbot.htm) Chrome/116.0.1938.76 Safari/537.36"
44.205.74.196 - - [24/Aug/2026:19:45:12 +0500] "GET /uz/?author=19&start=52 HTTP/1.1" 200 69136 "-" "Mozilla/5.0 AppleWebKit/537.36 (KHTML, like Gecko; compatible; Amazonbot/0.1; +https://developer.amazon.com/support/amazonbot) Chrome/119.0.6045.214 Safari/537.36"
216.73.216.101 - - [24/Aug/2026:19:45:15 +0500] "GET /uz/?r=i9m2a6g9i9n9a0t8e957&start=52 HTTP/1.1" 200 69114 "-" "Mozilla/5.0 AppleWebKit/537.36 (KHTML, like Gecko; compatible; ClaudeBot/1.0; +claudebot@anthropic.com)"
34.123.149.87 - - [24/Aug/2026:19:45:29 +0500] "GET /docs/2024/balans-2-2024-ej.pdf HTTP/1.1" 200 104354 "-" "Mozilla/5.0 (Macintosh; Intel Mac OS X 10_15_7) AppleWebKit/537.36 (KHTML, like Gecko) Chrome/120.0.0.0 Safari/537.36"
52.6.232.201 - - [24/Aug/2026:19:45:26 +0500] "GET /uz/korp-upr-uzb/441-corp-upr-rating-2020 HTTP/1.1" 200 56708 "-" "Mozilla/5.0 AppleWebKit/537.36 (KHTML, like Gecko; compatible; Amazonbot/0.1; +https://developer.amazon.com/support/amazonbot) Chrome/119.0.6045.214 Safari/537.36"
216.73.217.53 - - [24/Aug/2026:19:45:38 +0500] "GET /ru/facts-rus/414-sush-fakt-08-04-09-2023-ns-doc HTTP/1.1" 508 288 "-" "Mozilla/5.0 AppleWebKit/537.36 (KHTML, like Gecko; compatible; ClaudeBot/1.0; +claudebot@anthropic.com)"
57.141.20.3 - - [24/Aug/2026:19:45:39 +0500] "GET /uz/?function=call_user_func_array&s=index/think\\\\\\\\\\\\\\\\app/invokefunction&vars[0]=phpinfo&vars[1][0]=1&format=feed&type=atom HTTP/1.1" 200 8947 "-" "Mozilla/5.0 (Macintosh; Intel Mac OS X 10_15_7) AppleWebKit/537.36 (KHTML, like Gecko) Chrome/145.0.0.0 Safari/537.36 (compatible; meta-webindexer/1.1 (+https://developers.facebook.com/docs/sharing/webmasters/crawler))"
34.171.68.95 - - [24/Aug/2026:19:45:38 +0500] "GET /ru/about-org-rus/indexes-rus/463-reports-2025-ru HTTP/1.1" 200 56454 "-" "Mozilla/5.0 (Macintosh; Intel Mac OS X 10_15_7) AppleWebKit/537.36 (KHTML, like Gecko) Chrome/120.0.0.0 Safari/537.36"
34.56.53.225 - - [24/Aug/2026:19:47:27 +0500] "GET /ru/?start=4 HTTP/1.1" 200 65131 "-" "Mozilla/5.0 (Macintosh; Intel Mac OS X 10_15_7) AppleWebKit/537.36 (KHTML, like Gecko) Chrome/120.0.0.0 Safari/537.36"
216.73.216.101 - - [24/Aug/2026:19:47:39 +0500] "GET /uz/component/search/?Itemid=117&format=opensearch&r=i9n1c7o4n7s6o9l3a1b1l2e HTTP/1.1" 200 763 "-" "Mozilla/5.0 AppleWebKit/537.36 (KHTML, like Gecko; compatible; ClaudeBot/1.0; +claudebot@anthropic.com)"
34.171.68.95 - - [24/Aug/2026:19:47:48 +0500] "GET /ru/officially-rus/tenders-rus/423-vacancy-director-2024-uzb HTTP/1.1" 200 55526 "-" "Mozilla/5.0 (Macintosh; Intel Mac OS X 10_15_7) AppleWebKit/537.36 (KHTML, like Gecko) Chrome/120.0.0.0 Safari/537.36"
52.139.37.240 - - [24/Aug/2026:19:48:26 +0500] "GET /inputs.php HTTP/1.1" 301 - "-" "Mozilla/5.0 (Windows NT 10.0; Win64; x64) AppleWebKit/537.36 (KHTML, like Gecko) Chrome/120.0.0.0 Safari/537.36"
52.139.37.240 - - [24/Aug/2026:19:48:32 +0500] "GET /admin.php HTTP/1.1" 508 288 "-" "Mozilla/5.0 (Windows NT 10.0; Win64; x64) AppleWebKit/537.36 (KHTML, like Gecko) Chrome/120.0.0.0 Safari/537.36"
52.139.37.240 - - [24/Aug/2026:19:48:33 +0500] "GET /goods.php HTTP/1.1" 508 288 "-" "Mozilla/5.0 (Windows NT 10.0; Win64; x64) AppleWebKit/537.36 (KHTML, like Gecko) Chrome/120.0.0.0 Safari/537.36"
52.139.37.240 - - [24/Aug/2026:19:48:33 +0500] "GET /file.php HTTP/1.1" 508 288 "-" "Mozilla/5.0 (Windows NT 10.0; Win64; x64) AppleWebKit/537.36 (KHTML, like Gecko) Chrome/120.0.0.0 Safari/537.36"
52.139.37.240 - - [24/Aug/2026:19:48:33 +0500] "GET /adminfuns.php HTTP/1.1" 508 288 "-" "Mozilla/5.0 (Windows NT 10.0; Win64; x64) AppleWebKit/537.36 (KHTML, like Gecko) Chrome/120.0.0.0 Safari/537.36"
52.139.37.240 - - [24/Aug/2026:19:48:33 +0500] "GET /404.php HTTP/1.1" 508 288 "-" "Mozilla/5.0 (Windows NT 10.0; Win64; x64) AppleWebKit/537.36 (KHTML, like Gecko) Chrome/120.0.0.0 Safari/537.36"
52.139.37.240 - - [24/Aug/2026:19:48:33 +0500] "GET /wk/index.php HTTP/1.1" 301 - "-" "Mozilla/5.0 (Windows NT 10.0; Win64; x64) AppleWebKit/537.36 (KHTML, like Gecko) Chrome/120.0.0.0 Safari/537.36"
52.139.37.240 - - [24/Aug/2026:19:48:39 +0500] "GET /about.php HTTP/1.1" 301 - "-" "Mozilla/5.0 (Windows NT 10.0; Win64; x64) AppleWebKit/537.36 (KHTML, like Gecko) Chrome/120.0.0.0 Safari/537.36"
52.139.37.240 - - [24/Aug/2026:19:48:43 +0500] "GET /term.php HTTP/1.1" 301 - "-" "Mozilla/5.0 (Windows NT 10.0; Win64; x64) AppleWebKit/537.36 (KHTML, like Gecko) Chrome/120.0.0.0 Safari/537.36"
52.139.37.240 - - [24/Aug/2026:19:48:50 +0500] "GET /ioxi-o.php HTTP/1.1" 301 - "-" "Mozilla/5.0 (Windows NT 10.0; Win64; x64) AppleWebKit/537.36 (KHTML, like Gecko) Chrome/120.0.0.0 Safari/537.36"
54.37.252.131 - - [24/Aug/2026:19:48:59 +0500] "GET /ru/?start=4 HTTP/1.1" 508 288 "-" "Mozilla/5.0 (compatible; MJ12bot/v1.4.8; http://mj12bot.com/)"
52.139.37.240 - - [24/Aug/2026:19:48:55 +0500] "GET /1.php HTTP/1.1" 301 - "-" "Mozilla/5.0 (Windows NT 10.0; Win64; x64) AppleWebKit/537.36 (KHTML, like Gecko) Chrome/120.0.0.0 Safari/537.36"
52.139.37.240 - - [24/Aug/2026:19:49:02 +0500] "GET /alfa.php HTTP/1.1" 301 - "-" "Mozilla/5.0 (Windows NT 10.0; Win64; x64) AppleWebKit/537.36 (KHTML, like Gecko) Chrome/120.0.0.0 Safari/537.36"
52.139.37.240 - - [24/Aug/2026:19:49:07 +0500] "GET /edit.php HTTP/1.1" 301 - "-" "Mozilla/5.0 (Windows NT 10.0; Win64; x64) AppleWebKit/537.36 (KHTML, like Gecko) Chrome/120.0.0.0 Safari/537.36"
54.37.252.131 - - [24/Aug/2026:19:49:06 +0500] "GET /ru/?start=8 HTTP/1.1" 200 66406 "-" "Mozilla/5.0 (compatible; MJ12bot/v1.4.8; http://mj12bot.com/)"
52.139.37.240 - - [24/Aug/2026:19:49:12 +0500] "GET /elp.php HTTP/1.1" 301 - "-" "Mozilla/5.0 (Windows NT 10.0; Win64; x64) AppleWebKit/537.36 (KHTML, like Gecko) Chrome/120.0.0.0 Safari/537.36"
52.139.37.240 - - [24/Aug/2026:19:49:17 +0500] "GET /classwithtostring.php HTTP/1.1" 301 - "-" "Mozilla/5.0 (Windows NT 10.0; Win64; x64) AppleWebKit/537.36 (KHTML, like Gecko) Chrome/120.0.0.0 Safari/537.36"
52.139.37.240 - - [24/Aug/2026:19:49:23 +0500] "GET /666.php HTTP/1.1" 301 - "-" "Mozilla/5.0 (Windows NT 10.0; Win64; x64) AppleWebKit/537.36 (KHTML, like Gecko) Chrome/120.0.0.0 Safari/537.36"
52.139.37.240 - - [24/Aug/2026:19:49:30 +0500] "GET /wp-admin/ HTTP/1.1" 508 288 "-" "Mozilla/5.0 (Windows NT 10.0; Win64; x64) AppleWebKit/537.36 (KHTML, like Gecko) Chrome/120.0.0.0 Safari/537.36"
52.139.37.240 - - [24/Aug/2026:19:49:30 +0500] "GET /ws54.php HTTP/1.1" 508 288 "-" "Mozilla/5.0 (Windows NT 10.0; Win64; x64) AppleWebKit/537.36 (KHTML, like Gecko) Chrome/120.0.0.0 Safari/537.36"
54.37.252.131 - - [24/Aug/2026:19:49:20 +0500] "GET /ru/about-org-rus/direction-rus HTTP/1.1" 200 60514 "-" "Mozilla/5.0 (compatible; MJ12bot/v1.4.8; http://mj12bot.com/)"
52.139.37.240 - - [24/Aug/2026:19:49:30 +0500] "GET /deepseek_d.php HTTP/1.1" 301 - "-" "Mozilla/5.0 (Windows NT 10.0; Win64; x64) AppleWebKit/537.36 (KHTML, like Gecko) Chrome/120.0.0.0 Safari/537.36"
52.139.37.240 - - [24/Aug/2026:19:49:36 +0500] "GET /function/function.php HTTP/1.1" 301 - "-" "Mozilla/5.0 (Windows NT 10.0; Win64; x64) AppleWebKit/537.36 (KHTML, like Gecko) Chrome/120.0.0.0 Safari/537.36"
52.139.37.240 - - [24/Aug/2026:19:49:42 +0500] "GET /nw.php HTTP/1.1" 301 - "-" "Mozilla/5.0 (Windows NT 10.0; Win64; x64) AppleWebKit/537.36 (KHTML, like Gecko) Chrome/120.0.0.0 Safari/537.36"
54.37.252.131 - - [24/Aug/2026:19:49:37 +0500] "GET /ru/about-org-rus/general-info-rus HTTP/1.1" 200 63351 "-" "Mozilla/5.0 (compatible; MJ12bot/v1.4.8; http://mj12bot.com/)"
52.139.37.240 - - [24/Aug/2026:19:49:47 +0500] "GET /xleet.php HTTP/1.1" 301 - "-" "Mozilla/5.0 (Windows NT 10.0; Win64; x64) AppleWebKit/537.36 (KHTML, like Gecko) Chrome/120.0.0.0 Safari/537.36"
52.139.37.240 - - [24/Aug/2026:19:49:52 +0500] "GET /wp.php HTTP/1.1" 301 - "-" "Mozilla/5.0 (Windows NT 10.0; Win64; x64) AppleWebKit/537.36 (KHTML, like Gecko) Chrome/120.0.0.0 Safari/537.36"
54.37.252.131 - - [24/Aug/2026:19:49:53 +0500] "GET /ru/about-org-rus/history-rus HTTP/1.1" 200 58159 "-" "Mozilla/5.0 (compatible; MJ12bot/v1.4.8; http://mj12bot.com/)"
52.139.37.240 - - [24/Aug/2026:19:49:58 +0500] "GET /155.php HTTP/1.1" 301 - "-" "Mozilla/5.0 (Windows NT 10.0; Win64; x64) AppleWebKit/537.36 (KHTML, like Gecko) Chrome/120.0.0.0 Safari/537.36"
52.139.37.240 - - [24/Aug/2026:19:50:03 +0500] "GET /96i.php HTTP/1.1" 301 - "-" "Mozilla/5.0 (Windows NT 10.0; Win64; x64) AppleWebKit/537.36 (KHTML, like Gecko) Chrome/120.0.0.0 Safari/537.36"
52.139.37.240 - - [24/Aug/2026:19:50:07 +0500] "GET /as.php HTTP/1.1" 301 - "-" "Mozilla/5.0 (Windows NT 10.0; Win64; x64) AppleWebKit/537.36 (KHTML, like Gecko) Chrome/120.0.0.0 Safari/537.36"
52.139.37.240 - - [24/Aug/2026:19:50:10 +0500] "GET /min.php HTTP/1.1" 301 - "-" "Mozilla/5.0 (Windows NT 10.0; Win64; x64) AppleWebKit/537.36 (KHTML, like Gecko) Chrome/120.0.0.0 Safari/537.36"
54.37.252.131 - - [24/Aug/2026:19:50:09 +0500] "GET /ru/about-org-rus/indexes-rus HTTP/1.1" 200 62683 "-" "Mozilla/5.0 (compatible; MJ12bot/v1.4.8; http://mj12bot.com/)"
52.139.37.240 - - [24/Aug/2026:19:50:13 +0500] "GET /.well-known/ HTTP/1.1" 301 - "-" "Mozilla/5.0 (Windows NT 10.0; Win64; x64) AppleWebKit/537.36 (KHTML, like Gecko) Chrome/120.0.0.0 Safari/537.36"
52.139.37.240 - - [24/Aug/2026:19:50:16 +0500] "GET /php8.php HTTP/1.1" 301 - "-" "Mozilla/5.0 (Windows NT 10.0; Win64; x64) AppleWebKit/537.36 (KHTML, like Gecko) Chrome/120.0.0.0 Safari/537.36"
52.139.37.240 - - [24/Aug/2026:19:50:19 +0500] "GET /wp-content/admin.php HTTP/1.1" 301 - "-" "Mozilla/5.0 (Windows NT 10.0; Win64; x64) AppleWebKit/537.36 (KHTML, like Gecko) Chrome/120.0.0.0 Safari/537.36"
52.139.37.240 - - [24/Aug/2026:19:50:25 +0500] "GET /222.php HTTP/1.1" 301 - "-" "Mozilla/5.0 (Windows NT 10.0; Win64; x64) AppleWebKit/537.36 (KHTML, like Gecko) Chrome/120.0.0.0 Safari/537.36"
54.37.252.131 - - [24/Aug/2026:19:50:22 +0500] "GET /ru/about-org-rus/strategy-rus HTTP/1.1" 200 59771 "-" "Mozilla/5.0 (compatible; MJ12bot/v1.4.8; http://mj12bot.com/)"
52.139.37.240 - - [24/Aug/2026:19:50:31 +0500] "GET /wp-content/themes/pridmag/il.php HTTP/1.1" 301 - "-" "Mozilla/5.0 (Windows NT 10.0; Win64; x64) AppleWebKit/537.36 (KHTML, like Gecko) Chrome/120.0.0.0 Safari/537.36"
54.147.238.89 - - [24/Aug/2026:19:50:38 +0500] "GET /docs/reports/2021/balans-2-1-2021.xls HTTP/1.1" 200 44544 "-" "Mozilla/5.0 AppleWebKit/537.36 (KHTML, like Gecko; compatible; Amazonbot/0.1; +https://developer.amazon.com/support/amazonbot) Chrome/119.0.6045.214 Safari/537.36"
185.191.171.4 - - [24/Aug/2026:19:50:39 +0500] "GET /robots.txt HTTP/1.1" 200 111 "-" "Mozilla/5.0 (compatible; SemrushBot/7~bl; +http://www.semrush.com/bot.html)"
52.139.37.240 - - [24/Aug/2026:19:50:37 +0500] "GET /info.php HTTP/1.1" 301 - "-" "Mozilla/5.0 (Windows NT 10.0; Win64; x64) AppleWebKit/537.36 (KHTML, like Gecko) Chrome/120.0.0.0 Safari/537.36"
185.191.171.14 - - [24/Aug/2026:19:50:41 +0500] "GET /uz/news-uzb/276-meeting-20-11-2019 HTTP/1.1" 200 58061 "-" "Mozilla/5.0 (compatible; SemrushBot/7~bl; +http://www.semrush.com/bot.html)"
52.139.37.240 - - [24/Aug/2026:19:50:43 +0500] "GET /a.php HTTP/1.1" 301 - "-" "Mozilla/5.0 (Windows NT 10.0; Win64; x64) AppleWebKit/537.36 (KHTML, like Gecko) Chrome/120.0.0.0 Safari/537.36"
54.37.252.131 - - [24/Aug/2026:19:50:43 +0500] "GET /ru/about-org-rus/structure-rus HTTP/1.1" 200 55091 "-" "Mozilla/5.0 (compatible; MJ12bot/v1.4.8; http://mj12bot.com/)"
52.139.37.240 - - [24/Aug/2026:19:50:50 +0500] "GET /chosen.php HTTP/1.1" 301 - "-" "Mozilla/5.0 (Windows NT 10.0; Win64; x64) AppleWebKit/537.36 (KHTML, like Gecko) Chrome/120.0.0.0 Safari/537.36"
52.139.37.240 - - [24/Aug/2026:19:50:55 +0500] "GET /wp-content/index.php HTTP/1.1" 301 - "-" "Mozilla/5.0 (Windows NT 10.0; Win64; x64) AppleWebKit/537.36 (KHTML, like Gecko) Chrome/120.0.0.0 Safari/537.36"
52.139.37.240 - - [24/Aug/2026:19:51:02 +0500] "GET /vx.php HTTP/1.1" 301 - "-" "Mozilla/5.0 (Windows NT 10.0; Win64; x64) AppleWebKit/537.36 (KHTML, like Gecko) Chrome/120.0.0.0 Safari/537.36"
85.208.96.197 - - [24/Aug/2026:19:51:01 +0500] "GET /uz/10-uzbek?start=60 HTTP/1.1" 200 69983 "-" "Mozilla/5.0 (compatible; SemrushBot/7~bl; +http://www.semrush.com/bot.html)"
54.37.252.131 - - [24/Aug/2026:19:51:03 +0500] "GET /ru/affil-rus HTTP/1.1" 200 54951 "-" "Mozilla/5.0 (compatible; MJ12bot/v1.4.8; http://mj12bot.com/)"
52.139.37.240 - - [24/Aug/2026:19:51:08 +0500] "GET /admin/controller/extension/ HTTP/1.1" 301 - "-" "Mozilla/5.0 (Windows NT 10.0; Win64; x64) AppleWebKit/537.36 (KHTML, like Gecko) Chrome/120.0.0.0 Safari/537.36"
52.139.37.240 - - [24/Aug/2026:19:51:14 +0500] "GET /wap.php HTTP/1.1" 301 - "-" "Mozilla/5.0 (Windows NT 10.0; Win64; x64) AppleWebKit/537.36 (KHTML, like Gecko) Chrome/120.0.0.0 Safari/537.36"
52.139.37.240 - - [24/Aug/2026:19:51:18 +0500] "GET /wp-admin/wp.php HTTP/1.1" 301 - "-" "Mozilla/5.0 (Windows NT 10.0; Win64; x64) AppleWebKit/537.36 (KHTML, like Gecko) Chrome/120.0.0.0 Safari/537.36"
54.37.252.131 - - [24/Aug/2026:19:51:23 +0500] "GET /ru/audit-rus HTTP/1.1" 508 288 "-" "Mozilla/5.0 (compatible; MJ12bot/v1.4.8; http://mj12bot.com/)"
52.139.37.240 - - [24/Aug/2026:19:51:21 +0500] "GET /bgymj.php HTTP/1.1" 301 - "-" "Mozilla/5.0 (Windows NT 10.0; Win64; x64) AppleWebKit/537.36 (KHTML, like Gecko) Chrome/120.0.0.0 Safari/537.36"
52.139.37.240 - - [24/Aug/2026:19:51:28 +0500] "GET /aa.php HTTP/1.1" 508 288 "-" "Mozilla/5.0 (Windows NT 10.0; Win64; x64) AppleWebKit/537.36 (KHTML, like Gecko) Chrome/120.0.0.0 Safari/537.36"
52.139.37.240 - - [24/Aug/2026:19:51:28 +0500] "GET /wp-mail.php HTTP/1.1" 508 288 "-" "Mozilla/5.0 (Windows NT 10.0; Win64; x64) AppleWebKit/537.36 (KHTML, like Gecko) Chrome/120.0.0.0 Safari/537.36"
52.139.37.240 - - [24/Aug/2026:19:51:28 +0500] "GET /bolt.php HTTP/1.1" 508 288 "-" "Mozilla/5.0 (Windows NT 10.0; Win64; x64) AppleWebKit/537.36 (KHTML, like Gecko) Chrome/120.0.0.0 Safari/537.36"
52.139.37.240 - - [24/Aug/2026:19:51:29 +0500] "GET /bthil.php HTTP/1.1" 508 288 "-" "Mozilla/5.0 (Windows NT 10.0; Win64; x64) AppleWebKit/537.36 (KHTML, like Gecko) Chrome/120.0.0.0 Safari/537.36"
52.139.37.240 - - [24/Aug/2026:19:51:29 +0500] "GET /cgi-bin/ HTTP/1.1" 508 288 "-" "Mozilla/5.0 (Windows NT 10.0; Win64; x64) AppleWebKit/537.36 (KHTML, like Gecko) Chrome/120.0.0.0 Safari/537.36"
52.139.37.240 - - [24/Aug/2026:19:51:29 +0500] "GET /x.php HTTP/1.1" 508 288 "-" "Mozilla/5.0 (Windows NT 10.0; Win64; x64) AppleWebKit/537.36 (KHTML, like Gecko) Chrome/120.0.0.0 Safari/537.36"
52.139.37.240 - - [24/Aug/2026:19:51:29 +0500] "GET /index/function.php HTTP/1.1" 301 - "-" "Mozilla/5.0 (Windows NT 10.0; Win64; x64) AppleWebKit/537.36 (KHTML, like Gecko) Chrome/120.0.0.0 Safari/537.36"
54.37.252.131 - - [24/Aug/2026:19:51:32 +0500] "GET /ru/comissions-rus HTTP/1.1" 200 57402 "-" "Mozilla/5.0 (compatible; MJ12bot/v1.4.8; http://mj12bot.com/)"
52.139.37.240 - - [24/Aug/2026:19:51:35 +0500] "GET /aaa.php HTTP/1.1" 301 - "-" "Mozilla/5.0 (Windows NT 10.0; Win64; x64) AppleWebKit/537.36 (KHTML, like Gecko) Chrome/120.0.0.0 Safari/537.36"
52.139.37.240 - - [24/Aug/2026:19:51:40 +0500] "GET /abcd.php HTTP/1.1" 301 - "-" "Mozilla/5.0 (Windows NT 10.0; Win64; x64) AppleWebKit/537.36 (KHTML, like Gecko) Chrome/120.0.0.0 Safari/537.36"
52.139.37.240 - - [24/Aug/2026:19:51:47 +0500] "GET /wp-good.php HTTP/1.1" 301 - "-" "Mozilla/5.0 (Windows NT 10.0; Win64; x64) AppleWebKit/537.36 (KHTML, like Gecko) Chrome/120.0.0.0 Safari/537.36"
52.139.37.240 - - [24/Aug/2026:19:51:53 +0500] "GET /simple.php HTTP/1.1" 301 - "-" "Mozilla/5.0 (Windows NT 10.0; Win64; x64) AppleWebKit/537.36 (KHTML, like Gecko) Chrome/120.0.0.0 Safari/537.36"
54.37.252.131 - - [24/Aug/2026:19:51:48 +0500] "GET /ru/contacts-rus HTTP/1.1" 200 63581 "-" "Mozilla/5.0 (compatible; MJ12bot/v1.4.8; http://mj12bot.com/)"
52.139.37.240 - - [24/Aug/2026:19:51:58 +0500] "GET /edit-tags.php HTTP/1.1" 301 - "-" "Mozilla/5.0 (Windows NT 10.0; Win64; x64) AppleWebKit/537.36 (KHTML, like Gecko) Chrome/120.0.0.0 Safari/537.36"
52.139.37.240 - - [24/Aug/2026:19:52:04 +0500] "GET /u.php HTTP/1.1" 301 - "-" "Mozilla/5.0 (Windows NT 10.0; Win64; x64) AppleWebKit/537.36 (KHTML, like Gecko) Chrome/120.0.0.0 Safari/537.36"
54.37.252.131 - - [24/Aug/2026:19:52:14 +0500] "GET /ru/dividends-rus HTTP/1.1" 508 288 "-" "Mozilla/5.0 (compatible; MJ12bot/v1.4.8; http://mj12bot.com/)"
52.139.37.240 - - [24/Aug/2026:19:52:10 +0500] "GET /wp-content/themes/admin.php HTTP/1.1" 301 - "-" "Mozilla/5.0 (Windows NT 10.0; Win64; x64) AppleWebKit/537.36 (KHTML, like Gecko) Chrome/120.0.0.0 Safari/537.36"
52.139.37.240 - - [24/Aug/2026:19:52:15 +0500] "GET /h.php HTTP/1.1" 508 288 "-" "Mozilla/5.0 (Windows NT 10.0; Win64; x64) AppleWebKit/537.36 (KHTML, like Gecko) Chrome/120.0.0.0 Safari/537.36"
52.139.37.240 - - [24/Aug/2026:19:52:15 +0500] "GET /ms-edit.php HTTP/1.1" 301 - "-" "Mozilla/5.0 (Windows NT 10.0; Win64; x64) AppleWebKit/537.36 (KHTML, like Gecko) Chrome/120.0.0.0 Safari/537.36"
185.191.171.14 - - [24/Aug/2026:19:52:13 +0500] "GET /ru/korp-upr-rus?start=10&template=accessibility HTTP/1.1" 200 27153 "-" "Mozilla/5.0 (compatible; SemrushBot/7~bl; +http://www.semrush.com/bot.html)"
52.139.37.240 - - [24/Aug/2026:19:52:22 +0500] "GET /a7.php HTTP/1.1" 301 - "-" "Mozilla/5.0 (Windows NT 10.0; Win64; x64) AppleWebKit/537.36 (KHTML, like Gecko) Chrome/120.0.0.0 Safari/537.36"
54.37.252.131 - - [24/Aug/2026:19:52:25 +0500] "GET /ru/events-rus HTTP/1.1" 200 58769 "-" "Mozilla/5.0 (compatible; MJ12bot/v1.4.8; http://mj12bot.com/)"
52.139.37.240 - - [24/Aug/2026:19:52:29 +0500] "GET /manager.php HTTP/1.1" 301 - "-" "Mozilla/5.0 (Windows NT 10.0; Win64; x64) AppleWebKit/537.36 (KHTML, like Gecko) Chrome/120.0.0.0 Safari/537.36"
52.139.37.240 - - [24/Aug/2026:19:52:34 +0500] "GET /w1.php HTTP/1.1" 301 - "-" "Mozilla/5.0 (Windows NT 10.0; Win64; x64) AppleWebKit/537.36 (KHTML, like Gecko) Chrome/120.0.0.0 Safari/537.36"
52.139.37.240 - - [24/Aug/2026:19:52:39 +0500] "GET /wp-includes/fonts/ HTTP/1.1" 301 - "-" "Mozilla/5.0 (Windows NT 10.0; Win64; x64) AppleWebKit/537.36 (KHTML, like Gecko) Chrome/120.0.0.0 Safari/537.36"
52.139.37.240 - - [24/Aug/2026:19:52:43 +0500] "GET /wp-login.php HTTP/1.1" 301 - "-" "Mozilla/5.0 (Windows NT 10.0; Win64; x64) AppleWebKit/537.36 (KHTML, like Gecko) Chrome/120.0.0.0 Safari/537.36"
54.37.252.131 - - [24/Aug/2026:19:52:42 +0500] "GET /ru/facts-rus HTTP/1.1" 200 66905 "-" "Mozilla/5.0 (compatible; MJ12bot/v1.4.8; http://mj12bot.com/)"
52.139.37.240 - - [24/Aug/2026:19:52:49 +0500] "GET /default.php HTTP/1.1" 301 - "-" "Mozilla/5.0 (Windows NT 10.0; Win64; x64) AppleWebKit/537.36 (KHTML, like Gecko) Chrome/120.0.0.0 Safari/537.36"
52.139.37.240 - - [24/Aug/2026:19:52:55 +0500] "GET /i.php HTTP/1.1" 301 - "-" "Mozilla/5.0 (Windows NT 10.0; Win64; x64) AppleWebKit/537.36 (KHTML, like Gecko) Chrome/120.0.0.0 Safari/537.36"
52.139.37.240 - - [24/Aug/2026:19:53:01 +0500] "GET /wp-content/uploads/ HTTP/1.1" 301 - "-" "Mozilla/5.0 (Windows NT 10.0; Win64; x64) AppleWebKit/537.36 (KHTML, like Gecko) Chrome/120.0.0.0 Safari/537.36"
54.37.252.131 - - [24/Aug/2026:19:53:01 +0500] "GET /ru/info-for-shareholders-rus HTTP/1.1" 200 63048 "-" "Mozilla/5.0 (compatible; MJ12bot/v1.4.8; http://mj12bot.com/)"
52.139.37.240 - - [24/Aug/2026:19:53:07 +0500] "GET /wp-includes/Requests/library/index.php HTTP/1.1" 301 - "-" "Mozilla/5.0 (Windows NT 10.0; Win64; x64) AppleWebKit/537.36 (KHTML, like Gecko) Chrome/120.0.0.0 Safari/537.36"
34.205.170.13 - - [24/Aug/2026:19:53:06 +0500] "GET /uz/?amp;start=48&function=call_user_func_array&vars[1][0]=1 HTTP/1.1" 200 68296 "-" "Mozilla/5.0 AppleWebKit/537.36 (KHTML, like Gecko; compatible; Amazonbot/0.1; +https://developer.amazon.com/support/amazonbot) Chrome/119.0.6045.214 Safari/537.36"
52.139.37.240 - - [24/Aug/2026:19:53:14 +0500] "GET /wp-content/themes/index.php HTTP/1.1" 301 - "-" "Mozilla/5.0 (Windows NT 10.0; Win64; x64) AppleWebKit/537.36 (KHTML, like Gecko) Chrome/120.0.0.0 Safari/537.36"
52.139.37.240 - - [24/Aug/2026:19:53:20 +0500] "GET /gecko-new.php HTTP/1.1" 301 - "-" "Mozilla/5.0 (Windows NT 10.0; Win64; x64) AppleWebKit/537.36 (KHTML, like Gecko) Chrome/120.0.0.0 Safari/537.36"
52.139.37.240 - - [24/Aug/2026:19:53:26 +0500] "GET /NewFile.php HTTP/1.1" 301 - "-" "Mozilla/5.0 (Windows NT 10.0; Win64; x64) AppleWebKit/537.36 (KHTML, like Gecko) Chrome/120.0.0.0 Safari/537.36"
54.37.252.131 - - [24/Aug/2026:19:53:22 +0500] "GET /ru/interactive-rus/faq-rus HTTP/1.1" 200 58195 "-" "Mozilla/5.0 (compatible; MJ12bot/v1.4.8; http://mj12bot.com/)"
52.139.37.240 - - [24/Aug/2026:19:53:35 +0500] "GET /wp-Blogs.php HTTP/1.1" 508 288 "-" "Mozilla/5.0 (Windows NT 10.0; Win64; x64) AppleWebKit/537.36 (KHTML, like Gecko) Chrome/120.0.0.0 Safari/537.36"
52.139.37.240 - - [24/Aug/2026:19:53:35 +0500] "GET /wp-includes/fonts/index.php HTTP/1.1" 301 - "-" "Mozilla/5.0 (Windows NT 10.0; Win64; x64) AppleWebKit/537.36 (KHTML, like Gecko) Chrome/120.0.0.0 Safari/537.36"
52.139.37.240 - - [24/Aug/2026:19:53:41 +0500] "GET /themes.php HTTP/1.1" 508 288 "-" "Mozilla/5.0 (Windows NT 10.0; Win64; x64) AppleWebKit/537.36 (KHTML, like Gecko) Chrome/120.0.0.0 Safari/537.36"
52.139.37.240 - - [24/Aug/2026:19:53:42 +0500] "GET /cv.php HTTP/1.1" 508 288 "-" "Mozilla/5.0 (Windows NT 10.0; Win64; x64) AppleWebKit/537.36 (KHTML, like Gecko) Chrome/120.0.0.0 Safari/537.36"
52.139.37.240 - - [24/Aug/2026:19:53:42 +0500] "GET /wp-admin/js/ HTTP/1.1" 508 288 "-" "Mozilla/5.0 (Windows NT 10.0; Win64; x64) AppleWebKit/537.36 (KHTML, like Gecko) Chrome/120.0.0.0 Safari/537.36"
52.139.37.240 - - [24/Aug/2026:19:53:42 +0500] "GET /wp-content/uploads/index.php HTTP/1.1" 301 - "-" "Mozilla/5.0 (Windows NT 10.0; Win64; x64) AppleWebKit/537.36 (KHTML, like Gecko) Chrome/120.0.0.0 Safari/537.36"
54.37.252.131 - - [24/Aug/2026:19:53:43 +0500] "GET /ru/invest-rus HTTP/1.1" 200 55257 "-" "Mozilla/5.0 (compatible; MJ12bot/v1.4.8; http://mj12bot.com/)"
52.139.37.240 - - [24/Aug/2026:19:53:48 +0500] "GET /ws83.php HTTP/1.1" 301 - "-" "Mozilla/5.0 (Windows NT 10.0; Win64; x64) AppleWebKit/537.36 (KHTML, like Gecko) Chrome/120.0.0.0 Safari/537.36"
52.139.37.240 - - [24/Aug/2026:19:53:54 +0500] "GET /atex1.php HTTP/1.1" 301 - "-" "Mozilla/5.0 (Windows NT 10.0; Win64; x64) AppleWebKit/537.36 (KHTML, like Gecko) Chrome/120.0.0.0 Safari/537.36"
52.139.37.240 - - [24/Aug/2026:19:53:59 +0500] "GET /class-t.api.php HTTP/1.1" 301 - "-" "Mozilla/5.0 (Windows NT 10.0; Win64; x64) AppleWebKit/537.36 (KHTML, like Gecko) Chrome/120.0.0.0 Safari/537.36"
52.139.37.240 - - [24/Aug/2026:19:54:03 +0500] "GET /w.php HTTP/1.1" 301 - "-" "Mozilla/5.0 (Windows NT 10.0; Win64; x64) AppleWebKit/537.36 (KHTML, like Gecko) Chrome/120.0.0.0 Safari/537.36"
52.139.37.240 - - [24/Aug/2026:19:54:08 +0500] "GET /archive.php HTTP/1.1" 301 - "-" "Mozilla/5.0 (Windows NT 10.0; Win64; x64) AppleWebKit/537.36 (KHTML, like Gecko) Chrome/120.0.0.0 Safari/537.36"
54.37.252.131 - - [24/Aug/2026:19:54:06 +0500] "GET /ru/jsc-docs-rus HTTP/1.1" 200 62138 "-" "Mozilla/5.0 (compatible; MJ12bot/v1.4.8; http://mj12bot.com/)"
52.139.37.240 - - [24/Aug/2026:19:54:14 +0500] "GET /bless.php HTTP/1.1" 301 - "-" "Mozilla/5.0 (Windows NT 10.0; Win64; x64) AppleWebKit/537.36 (KHTML, like Gecko) Chrome/120.0.0.0 Safari/537.36"
52.139.37.240 - - [24/Aug/2026:19:54:19 +0500] "GET /sagax1.php HTTP/1.1" 301 - "-" "Mozilla/5.0 (Windows NT 10.0; Win64; x64) AppleWebKit/537.36 (KHTML, like Gecko) Chrome/120.0.0.0 Safari/537.36"
52.139.37.240 - - [24/Aug/2026:19:54:24 +0500] "GET /wpc.php HTTP/1.1" 301 - "-" "Mozilla/5.0 (Windows NT 10.0; Win64; x64) AppleWebKit/537.36 (KHTML, like Gecko) Chrome/120.0.0.0 Safari/537.36"
54.37.252.131 - - [24/Aug/2026:19:54:26 +0500] "GET /ru/korp-upr-rus HTTP/1.1" 200 63263 "-" "Mozilla/5.0 (compatible; MJ12bot/v1.4.8; http://mj12bot.com/)"
52.139.37.240 - - [24/Aug/2026:19:54:29 +0500] "GET /fone1.php HTTP/1.1" 301 - "-" "Mozilla/5.0 (Windows NT 10.0; Win64; x64) AppleWebKit/537.36 (KHTML, like Gecko) Chrome/120.0.0.0 Safari/537.36"
52.139.37.240 - - [24/Aug/2026:19:54:34 +0500] "GET /ncx.php HTTP/1.1" 301 - "-" "Mozilla/5.0 (Windows NT 10.0; Win64; x64) AppleWebKit/537.36 (KHTML, like Gecko) Chrome/120.0.0.0 Safari/537.36"
52.139.37.240 - - [24/Aug/2026:19:54:37 +0500] "GET /wp-admin/js/index.php HTTP/1.1" 301 - "-" "Mozilla/5.0 (Windows NT 10.0; Win64; x64) AppleWebKit/537.36 (KHTML, like Gecko) Chrome/120.0.0.0 Safari/537.36"
52.139.37.240 - - [24/Aug/2026:19:54:42 +0500] "GET /wso.php HTTP/1.1" 301 - "-" "Mozilla/5.0 (Windows NT 10.0; Win64; x64) AppleWebKit/537.36 (KHTML, like Gecko) Chrome/120.0.0.0 Safari/537.36"
52.139.37.240 - - [24/Aug/2026:19:54:46 +0500] "GET /zup.php73 HTTP/1.1" 301 - "-" "Mozilla/5.0 (Windows NT 10.0; Win64; x64) AppleWebKit/537.36 (KHTML, like Gecko) Chrome/120.0.0.0 Safari/537.36"
54.37.252.131 - - [24/Aug/2026:19:54:48 +0500] "GET /ru/news-rus HTTP/1.1" 200 60305 "-" "Mozilla/5.0 (compatible; MJ12bot/v1.4.8; http://mj12bot.com/)"
52.139.37.240 - - [24/Aug/2026:19:54:52 +0500] "GET /k.php HTTP/1.1" 301 - "-" "Mozilla/5.0 (Windows NT 10.0; Win64; x64) AppleWebKit/537.36 (KHTML, like Gecko) Chrome/120.0.0.0 Safari/537.36"
52.139.37.240 - - [24/Aug/2026:19:54:58 +0500] "GET /wp-blink.php HTTP/1.1" 301 - "-" "Mozilla/5.0 (Windows NT 10.0; Win64; x64) AppleWebKit/537.36 (KHTML, like Gecko) Chrome/120.0.0.0 Safari/537.36"
52.139.37.240 - - [24/Aug/2026:19:55:02 +0500] "GET /randkeyword.PhP7 HTTP/1.1" 301 - "-" "Mozilla/5.0 (Windows NT 10.0; Win64; x64) AppleWebKit/537.36 (KHTML, like Gecko) Chrome/120.0.0.0 Safari/537.36"
54.37.252.131 - - [24/Aug/2026:19:55:04 +0500] "GET /ru/news-rus/472-meeting-31-03-2022-ru-2 HTTP/1.1" 200 55416 "-" "Mozilla/5.0 (compatible; MJ12bot/v1.4.8; http://mj12bot.com/)"
52.139.37.240 - - [24/Aug/2026:19:55:07 +0500] "GET /wp-admin/css/colors/ectoplasm/ HTTP/1.1" 301 - "-" "Mozilla/5.0 (Windows NT 10.0; Win64; x64) AppleWebKit/537.36 (KHTML, like Gecko) Chrome/120.0.0.0 Safari/537.36"
52.139.37.240 - - [24/Aug/2026:19:55:12 +0500] "GET /wp-content/ HTTP/1.1" 301 - "-" "Mozilla/5.0 (Windows NT 10.0; Win64; x64) AppleWebKit/537.36 (KHTML, like Gecko) Chrome/120.0.0.0 Safari/537.36"
52.139.37.240 - - [24/Aug/2026:19:55:22 +0500] "GET /ww5.php HTTP/1.1" 301 - "-" "Mozilla/5.0 (Windows NT 10.0; Win64; x64) AppleWebKit/537.36 (KHTML, like Gecko) Chrome/120.0.0.0 Safari/537.36"
52.139.37.240 - - [24/Aug/2026:19:55:23 +0500] "GET /2.php HTTP/1.1" 301 - "-" "Mozilla/5.0 (Windows NT 10.0; Win64; x64) AppleWebKit/537.36 (KHTML, like Gecko) Chrome/120.0.0.0 Safari/537.36"
52.139.37.240 - - [24/Aug/2026:19:55:24 +0500] "GET /wp-admin/classwithtostring.php HTTP/1.1" 301 - "-" "Mozilla/5.0 (Windows NT 10.0; Win64; x64) AppleWebKit/537.36 (KHTML, like Gecko) Chrome/120.0.0.0 Safari/537.36"
52.139.37.240 - - [24/Aug/2026:19:55:25 +0500] "GET /atomlib.php HTTP/1.1" 301 - "-" "Mozilla/5.0 (Windows NT 10.0; Win64; x64) AppleWebKit/537.36 (KHTML, like Gecko) Chrome/120.0.0.0 Safari/537.36"
52.139.37.240 - - [24/Aug/2026:19:55:26 +0500] "GET /rip.php HTTP/1.1" 301 - "-" "Mozilla/5.0 (Windows NT 10.0; Win64; x64) AppleWebKit/537.36 (KHTML, like Gecko) Chrome/120.0.0.0 Safari/537.36"
52.139.37.240 - - [24/Aug/2026:19:55:27 +0500] "GET /p.php HTTP/1.1" 301 - "-" "Mozilla/5.0 (Windows NT 10.0; Win64; x64) AppleWebKit/537.36 (KHTML, like Gecko) Chrome/120.0.0.0 Safari/537.36"
52.139.37.240 - - [24/Aug/2026:19:55:28 +0500] "GET /php.php HTTP/1.1" 301 - "-" "Mozilla/5.0 (Windows NT 10.0; Win64; x64) AppleWebKit/537.36 (KHTML, like Gecko) Chrome/120.0.0.0 Safari/537.36"
54.37.252.131 - - [24/Aug/2026:19:55:34 +0500] "GET /ru/officially-rus/arkhiv HTTP/1.1" 200 57058 "-" "Mozilla/5.0 (compatible; MJ12bot/v1.4.8; http://mj12bot.com/)"
54.37.252.131 - - [24/Aug/2026:19:55:57 +0500] "GET /ru/officially-rus/certificates-rus HTTP/1.1" 200 55110 "-" "Mozilla/5.0 (compatible; MJ12bot/v1.4.8; http://mj12bot.com/)"
54.37.252.131 - - [24/Aug/2026:19:56:19 +0500] "GET /ru/officially-rus/norm-baza-rus HTTP/1.1" 200 58899 "-" "Mozilla/5.0 (compatible; MJ12bot/v1.4.8; http://mj12bot.com/)"
54.37.252.131 - - [24/Aug/2026:19:56:33 +0500] "GET /ru/officially-rus/old-acts-rus HTTP/1.1" 200 59258 "-" "Mozilla/5.0 (compatible; MJ12bot/v1.4.8; http://mj12bot.com/)"
54.37.252.131 - - [24/Aug/2026:19:56:56 +0500] "GET /ru/officially-rus/tenders-rus HTTP/1.1" 508 288 "-" "Mozilla/5.0 (compatible; MJ12bot/v1.4.8; http://mj12bot.com/)"
52.139.37.240 - - [24/Aug/2026:19:56:52 +0500] "GET /inputs.php HTTP/1.1" 301 - "-" "Mozilla/5.0 (Windows NT 10.0; Win64; x64) AppleWebKit/537.36 (KHTML, like Gecko) Chrome/120.0.0.0 Safari/537.36"
34.10.180.98 - - [24/Aug/2026:19:56:52 +0500] "GET /uz/about-org-uzb/strategy-uzb?start=10&template=yoo_master2 HTTP/1.1" 200 59548 "-" "Mozilla/5.0 (Macintosh; Intel Mac OS X 10_15_7) AppleWebKit/537.36 (KHTML, like Gecko) Chrome/120.0.0.0 Safari/537.36"
52.139.37.240 - - [24/Aug/2026:19:57:00 +0500] "GET /admin.php HTTP/1.1" 301 - "-" "Mozilla/5.0 (Windows NT 10.0; Win64; x64) AppleWebKit/537.36 (KHTML, like Gecko) Chrome/120.0.0.0 Safari/537.36"
52.139.37.240 - - [24/Aug/2026:19:57:05 +0500] "GET /goods.php HTTP/1.1" 301 - "-" "Mozilla/5.0 (Windows NT 10.0; Win64; x64) AppleWebKit/537.36 (KHTML, like Gecko) Chrome/120.0.0.0 Safari/537.36"
54.37.252.131 - - [24/Aug/2026:19:57:02 +0500] "GET /ru/officially-rus/ustav-rus HTTP/1.1" 200 61257 "-" "Mozilla/5.0 (compatible; MJ12bot/v1.4.8; http://mj12bot.com/)"
52.139.37.240 - - [24/Aug/2026:19:57:10 +0500] "GET /file.php HTTP/1.1" 301 - "-" "Mozilla/5.0 (Windows NT 10.0; Win64; x64) AppleWebKit/537.36 (KHTML, like Gecko) Chrome/120.0.0.0 Safari/537.36"
18.213.240.226 - - [24/Aug/2026:19:57:16 +0500] "GET /docs/reports/2018/balans-2-1-2018-new.xls HTTP/1.1" 200 322048 "-" "Mozilla/5.0 AppleWebKit/537.36 (KHTML, like Gecko; compatible; Amazonbot/0.1; +https://developer.amazon.com/support/amazonbot) Chrome/119.0.6045.214 Safari/537.36"
54.37.252.131 - - [24/Aug/2026:19:57:20 +0500] "GET /ru/officially-rus/vacancies-rus HTTP/1.1" 508 288 "-" "Mozilla/5.0 (compatible; MJ12bot/v1.4.8; http://mj12bot.com/)"
52.139.37.240 - - [24/Aug/2026:19:57:15 +0500] "GET /adminfuns.php HTTP/1.1" 301 - "-" "Mozilla/5.0 (Windows NT 10.0; Win64; x64) AppleWebKit/537.36 (KHTML, like Gecko) Chrome/120.0.0.0 Safari/537.36"
185.191.171.1 - - [24/Aug/2026:19:57:15 +0500] "GET /ru/news-rus/375-meeting-31-03-2022-en HTTP/1.1" 200 57270 "-" "Mozilla/5.0 (compatible; SemrushBot/7~bl; +http://www.semrush.com/bot.html)"
52.139.37.240 - - [24/Aug/2026:19:57:21 +0500] "GET /404.php HTTP/1.1" 301 - "-" "Mozilla/5.0 (Windows NT 10.0; Win64; x64) AppleWebKit/537.36 (KHTML, like Gecko) Chrome/120.0.0.0 Safari/537.36"
52.139.37.240 - - [24/Aug/2026:19:57:26 +0500] "GET /wk/index.php HTTP/1.1" 301 - "-" "Mozilla/5.0 (Windows NT 10.0; Win64; x64) AppleWebKit/537.36 (KHTML, like Gecko) Chrome/120.0.0.0 Safari/537.36"
52.139.37.240 - - [24/Aug/2026:19:57:30 +0500] "GET /about.php HTTP/1.1" 301 - "-" "Mozilla/5.0 (Windows NT 10.0; Win64; x64) AppleWebKit/537.36 (KHTML, like Gecko) Chrome/120.0.0.0 Safari/537.36"
54.37.252.131 - - [24/Aug/2026:19:57:26 +0500] "GET /ru/prospectus-rus HTTP/1.1" 200 60901 "-" "Mozilla/5.0 (compatible; MJ12bot/v1.4.8; http://mj12bot.com/)"
52.139.37.240 - - [24/Aug/2026:19:57:35 +0500] "GET /term.php HTTP/1.1" 301 - "-" "Mozilla/5.0 (Windows NT 10.0; Win64; x64) AppleWebKit/537.36 (KHTML, like Gecko) Chrome/120.0.0.0 Safari/537.36"
54.37.252.131 - - [24/Aug/2026:19:57:44 +0500] "GET /ru/votes-rus HTTP/1.1" 508 288 "-" "Mozilla/5.0 (compatible; MJ12bot/v1.4.8; http://mj12bot.com/)"
52.139.37.240 - - [24/Aug/2026:19:57:40 +0500] "GET /ioxi-o.php HTTP/1.1" 301 - "-" "Mozilla/5.0 (Windows NT 10.0; Win64; x64) AppleWebKit/537.36 (KHTML, like Gecko) Chrome/120.0.0.0 Safari/537.36"
52.139.37.240 - - [24/Aug/2026:19:57:45 +0500] "GET /1.php HTTP/1.1" 301 - "-" "Mozilla/5.0 (Windows NT 10.0; Win64; x64) AppleWebKit/537.36 (KHTML, like Gecko) Chrome/120.0.0.0 Safari/537.36"
54.37.252.131 - - [24/Aug/2026:19:57:48 +0500] "GET /uz/?format=feed&type=atom HTTP/1.1" 200 8908 "-" "Mozilla/5.0 (compatible; MJ12bot/v1.4.8; http://mj12bot.com/)"
52.139.37.240 - - [24/Aug/2026:19:57:50 +0500] "GET /alfa.php HTTP/1.1" 301 - "-" "Mozilla/5.0 (Windows NT 10.0; Win64; x64) AppleWebKit/537.36 (KHTML, like Gecko) Chrome/120.0.0.0 Safari/537.36"
52.139.37.240 - - [24/Aug/2026:19:57:55 +0500] "GET /edit.php HTTP/1.1" 301 - "-" "Mozilla/5.0 (Windows NT 10.0; Win64; x64) AppleWebKit/537.36 (KHTML, like Gecko) Chrome/120.0.0.0 Safari/537.36"
52.139.37.240 - - [24/Aug/2026:19:58:00 +0500] "GET /elp.php HTTP/1.1" 301 - "-" "Mozilla/5.0 (Windows NT 10.0; Win64; x64) AppleWebKit/537.36 (KHTML, like Gecko) Chrome/120.0.0.0 Safari/537.36"
54.37.252.131 - - [24/Aug/2026:19:58:01 +0500] "GET /uz/?format=feed&type=rss HTTP/1.1" 200 5783 "-" "Mozilla/5.0 (compatible; MJ12bot/v1.4.8; http://mj12bot.com/)"
