34.196.114.170 - - [24/Aug/2026:19:58:02 +0500] "GET /uz/?function=call_user_func_array&start=4 HTTP/1.1" 200 68080 "-" "Mozilla/5.0 AppleWebKit/537.36 (KHTML, like Gecko; compatible; Amazonbot/0.1; +https://developer.amazon.com/support/amazonbot) Chrome/119.0.6045.214 Safari/537.36"
52.139.37.240 - - [24/Aug/2026:19:58:05 +0500] "GET /classwithtostring.php HTTP/1.1" 301 - "-" "Mozilla/5.0 (Windows NT 10.0; Win64; x64) AppleWebKit/537.36 (KHTML, like Gecko) Chrome/120.0.0.0 Safari/537.36"
52.139.37.240 - - [24/Aug/2026:19:58:08 +0500] "GET /666.php HTTP/1.1" 301 - "-" "Mozilla/5.0 (Windows NT 10.0; Win64; x64) AppleWebKit/537.36 (KHTML, like Gecko) Chrome/120.0.0.0 Safari/537.36"
52.139.37.240 - - [24/Aug/2026:19:58:11 +0500] "GET /wp-admin/ HTTP/1.1" 301 - "-" "Mozilla/5.0 (Windows NT 10.0; Win64; x64) AppleWebKit/537.36 (KHTML, like Gecko) Chrome/120.0.0.0 Safari/537.36"
54.37.252.131 - - [24/Aug/2026:19:58:13 +0500] "GET /uz/?start=12 HTTP/1.1" 200 68277 "-" "Mozilla/5.0 (compatible; MJ12bot/v1.4.8; http://mj12bot.com/)"
52.139.37.240 - - [24/Aug/2026:19:58:15 +0500] "GET /ws54.php HTTP/1.1" 301 - "-" "Mozilla/5.0 (Windows NT 10.0; Win64; x64) AppleWebKit/537.36 (KHTML, like Gecko) Chrome/120.0.0.0 Safari/537.36"
52.139.37.240 - - [24/Aug/2026:19:58:20 +0500] "GET /deepseek_d.php HTTP/1.1" 301 - "-" "Mozilla/5.0 (Windows NT 10.0; Win64; x64) AppleWebKit/537.36 (KHTML, like Gecko) Chrome/120.0.0.0 Safari/537.36"
54.37.252.131 - - [24/Aug/2026:19:58:30 +0500] "GET /uz/?start=4 HTTP/1.1" 508 288 "-" "Mozilla/5.0 (compatible; MJ12bot/v1.4.8; http://mj12bot.com/)"
52.139.37.240 - - [24/Aug/2026:19:58:26 +0500] "GET /function/function.php HTTP/1.1" 301 - "-" "Mozilla/5.0 (Windows NT 10.0; Win64; x64) AppleWebKit/537.36 (KHTML, like Gecko) Chrome/120.0.0.0 Safari/537.36"
54.37.252.131 - - [24/Aug/2026:19:58:35 +0500] "GET /uz/?start=8 HTTP/1.1" 508 288 "-" "Mozilla/5.0 (compatible; MJ12bot/v1.4.8; http://mj12bot.com/)"
52.139.37.240 - - [24/Aug/2026:19:58:32 +0500] "GET /nw.php HTTP/1.1" 301 - "-" "Mozilla/5.0 (Windows NT 10.0; Win64; x64) AppleWebKit/537.36 (KHTML, like Gecko) Chrome/120.0.0.0 Safari/537.36"
52.139.37.240 - - [24/Aug/2026:19:58:38 +0500] "GET /xleet.php HTTP/1.1" 301 - "-" "Mozilla/5.0 (Windows NT 10.0; Win64; x64) AppleWebKit/537.36 (KHTML, like Gecko) Chrome/120.0.0.0 Safari/537.36"
54.37.252.131 - - [24/Aug/2026:19:58:41 +0500] "GET /uz/?template=accessibility HTTP/1.1" 200 31721 "-" "Mozilla/5.0 (compatible; MJ12bot/v1.4.8; http://mj12bot.com/)"
52.139.37.240 - - [24/Aug/2026:19:58:44 +0500] "GET /wp.php HTTP/1.1" 301 - "-" "Mozilla/5.0 (Windows NT 10.0; Win64; x64) AppleWebKit/537.36 (KHTML, like Gecko) Chrome/120.0.0.0 Safari/537.36"
52.139.37.240 - - [24/Aug/2026:19:58:51 +0500] "GET /155.php HTTP/1.1" 301 - "-" "Mozilla/5.0 (Windows NT 10.0; Win64; x64) AppleWebKit/537.36 (KHTML, like Gecko) Chrome/120.0.0.0 Safari/537.36"
54.37.252.131 - - [24/Aug/2026:19:58:56 +0500] "GET /uz/about-org-uzb/activity-uzb HTTP/1.1" 508 288 "-" "Mozilla/5.0 (compatible; MJ12bot/v1.4.8; http://mj12bot.com/)"
52.139.37.240 - - [24/Aug/2026:19:58:56 +0500] "GET /96i.php HTTP/1.1" 301 - "-" "Mozilla/5.0 (Windows NT 10.0; Win64; x64) AppleWebKit/537.36 (KHTML, like Gecko) Chrome/120.0.0.0 Safari/537.36"
52.139.37.240 - - [24/Aug/2026:19:59:02 +0500] "GET /as.php HTTP/1.1" 301 - "-" "Mozilla/5.0 (Windows NT 10.0; Win64; x64) AppleWebKit/537.36 (KHTML, like Gecko) Chrome/120.0.0.0 Safari/537.36"
54.37.252.131 - - [24/Aug/2026:19:59:03 +0500] "GET /uz/about-org-uzb/direction-uzb HTTP/1.1" 200 62476 "-" "Mozilla/5.0 (compatible; MJ12bot/v1.4.8; http://mj12bot.com/)"
52.139.37.240 - - [24/Aug/2026:19:59:08 +0500] "GET /min.php HTTP/1.1" 301 - "-" "Mozilla/5.0 (Windows NT 10.0; Win64; x64) AppleWebKit/537.36 (KHTML, like Gecko) Chrome/120.0.0.0 Safari/537.36"
52.139.37.240 - - [24/Aug/2026:19:59:14 +0500] "GET /.well-known/ HTTP/1.1" 301 - "-" "Mozilla/5.0 (Windows NT 10.0; Win64; x64) AppleWebKit/537.36 (KHTML, like Gecko) Chrome/120.0.0.0 Safari/537.36"
52.139.37.240 - - [24/Aug/2026:19:59:22 +0500] "GET /php8.php HTTP/1.1" 301 - "-" "Mozilla/5.0 (Windows NT 10.0; Win64; x64) AppleWebKit/537.36 (KHTML, like Gecko) Chrome/120.0.0.0 Safari/537.36"
54.37.252.131 - - [24/Aug/2026:19:59:19 +0500] "GET /uz/about-org-uzb/general-info-uzb HTTP/1.1" 200 64559 "-" "Mozilla/5.0 (compatible; MJ12bot/v1.4.8; http://mj12bot.com/)"
52.139.37.240 - - [24/Aug/2026:19:59:28 +0500] "GET /wp-content/admin.php HTTP/1.1" 301 - "-" "Mozilla/5.0 (Windows NT 10.0; Win64; x64) AppleWebKit/537.36 (KHTML, like Gecko) Chrome/120.0.0.0 Safari/537.36"
52.139.37.240 - - [24/Aug/2026:19:59:32 +0500] "GET /222.php HTTP/1.1" 301 - "-" "Mozilla/5.0 (Windows NT 10.0; Win64; x64) AppleWebKit/537.36 (KHTML, like Gecko) Chrome/120.0.0.0 Safari/537.36"
34.61.96.6 - - [24/Aug/2026:19:59:43 +0500] "GET /ru/officially-rus/ustav-rus?format=feed&type=rss HTTP/1.1" 508 288 "-" "Mozilla/5.0 (Macintosh; Intel Mac OS X 10_15_7) AppleWebKit/537.36 (KHTML, like Gecko) Chrome/120.0.0.0 Safari/537.36"
52.139.37.240 - - [24/Aug/2026:19:59:38 +0500] "GET /wp-content/themes/pridmag/il.php HTTP/1.1" 301 - "-" "Mozilla/5.0 (Windows NT 10.0; Win64; x64) AppleWebKit/537.36 (KHTML, like Gecko) Chrome/120.0.0.0 Safari/537.36"
54.37.252.131 - - [24/Aug/2026:19:59:38 +0500] "GET /uz/about-org-uzb/history-uzb HTTP/1.1" 200 59362 "-" "Mozilla/5.0 (compatible; MJ12bot/v1.4.8; http://mj12bot.com/)"
52.139.37.240 - - [24/Aug/2026:19:59:44 +0500] "GET /info.php HTTP/1.1" 301 - "-" "Mozilla/5.0 (Windows NT 10.0; Win64; x64) AppleWebKit/537.36 (KHTML, like Gecko) Chrome/120.0.0.0 Safari/537.36"
52.139.37.240 - - [24/Aug/2026:19:59:51 +0500] "GET /a.php HTTP/1.1" 301 - "-" "Mozilla/5.0 (Windows NT 10.0; Win64; x64) AppleWebKit/537.36 (KHTML, like Gecko) Chrome/120.0.0.0 Safari/537.36"
52.139.37.240 - - [24/Aug/2026:19:59:58 +0500] "GET /chosen.php HTTP/1.1" 301 - "-" "Mozilla/5.0 (Windows NT 10.0; Win64; x64) AppleWebKit/537.36 (KHTML, like Gecko) Chrome/120.0.0.0 Safari/537.36"
54.37.252.131 - - [24/Aug/2026:19:59:56 +0500] "GET /uz/about-org-uzb/indexes-uzb HTTP/1.1" 200 61937 "-" "Mozilla/5.0 (compatible; MJ12bot/v1.4.8; http://mj12bot.com/)"
52.139.37.240 - - [24/Aug/2026:20:00:05 +0500] "GET /wp-content/index.php HTTP/1.1" 301 - "-" "Mozilla/5.0 (Windows NT 10.0; Win64; x64) AppleWebKit/537.36 (KHTML, like Gecko) Chrome/120.0.0.0 Safari/537.36"
52.139.37.240 - - [24/Aug/2026:20:00:11 +0500] "GET /vx.php HTTP/1.1" 301 - "-" "Mozilla/5.0 (Windows NT 10.0; Win64; x64) AppleWebKit/537.36 (KHTML, like Gecko) Chrome/120.0.0.0 Safari/537.36"
54.37.252.131 - - [24/Aug/2026:20:00:15 +0500] "GET /uz/about-org-uzb/indexes-uzb/290-reports-2020-uzb HTTP/1.1" 200 57926 "-" "Mozilla/5.0 (compatible; MJ12bot/v1.4.8; http://mj12bot.com/)"
52.139.37.240 - - [24/Aug/2026:20:00:17 +0500] "GET /admin/controller/extension/ HTTP/1.1" 301 - "-" "Mozilla/5.0 (Windows NT 10.0; Win64; x64) AppleWebKit/537.36 (KHTML, like Gecko) Chrome/120.0.0.0 Safari/537.36"
52.139.37.240 - - [24/Aug/2026:20:00:25 +0500] "GET /wap.php HTTP/1.1" 301 - "-" "Mozilla/5.0 (Windows NT 10.0; Win64; x64) AppleWebKit/537.36 (KHTML, like Gecko) Chrome/120.0.0.0 Safari/537.36"
52.139.37.240 - - [24/Aug/2026:20:00:32 +0500] "GET /wp-admin/wp.php HTTP/1.1" 301 - "-" "Mozilla/5.0 (Windows NT 10.0; Win64; x64) AppleWebKit/537.36 (KHTML, like Gecko) Chrome/120.0.0.0 Safari/537.36"
54.37.252.131 - - [24/Aug/2026:20:00:32 +0500] "GET /uz/about-org-uzb/indexes-uzb/408-fin-activity-report-2022-uzb HTTP/1.1" 200 56015 "-" "Mozilla/5.0 (compatible; MJ12bot/v1.4.8; http://mj12bot.com/)"
52.139.37.240 - - [24/Aug/2026:20:00:39 +0500] "GET /bgymj.php HTTP/1.1" 301 - "-" "Mozilla/5.0 (Windows NT 10.0; Win64; x64) AppleWebKit/537.36 (KHTML, like Gecko) Chrome/120.0.0.0 Safari/537.36"
52.139.37.240 - - [24/Aug/2026:20:00:44 +0500] "GET /aa.php HTTP/1.1" 301 - "-" "Mozilla/5.0 (Windows NT 10.0; Win64; x64) AppleWebKit/537.36 (KHTML, like Gecko) Chrome/120.0.0.0 Safari/537.36"
216.73.217.53 - - [24/Aug/2026:20:00:54 +0500] "GET /robots.txt HTTP/1.1" 200 111 "-" "Mozilla/5.0 AppleWebKit/537.36 (KHTML, like Gecko; compatible; ClaudeBot/1.0; +claudebot@anthropic.com)"
52.139.37.240 - - [24/Aug/2026:20:00:50 +0500] "GET /wp-mail.php HTTP/1.1" 301 - "-" "Mozilla/5.0 (Windows NT 10.0; Win64; x64) AppleWebKit/537.36 (KHTML, like Gecko) Chrome/120.0.0.0 Safari/537.36"
216.73.217.53 - - [24/Aug/2026:20:00:58 +0500] "GET /ru/facts-rus/60-05-mansabdor-shaxslarning-shaxsij-tarkibidagi-uzgarishlar-2 HTTP/1.1" 508 288 "-" "Mozilla/5.0 AppleWebKit/537.36 (KHTML, like Gecko; compatible; ClaudeBot/1.0; +claudebot@anthropic.com)"
54.37.252.131 - - [24/Aug/2026:20:00:50 +0500] "GET /uz/about-org-uzb/information-on-the-financial HTTP/1.1" 200 56001 "-" "Mozilla/5.0 (compatible; MJ12bot/v1.4.8; http://mj12bot.com/)"
52.139.37.240 - - [24/Aug/2026:20:00:56 +0500] "GET /bolt.php HTTP/1.1" 301 - "-" "Mozilla/5.0 (Windows NT 10.0; Win64; x64) AppleWebKit/537.36 (KHTML, like Gecko) Chrome/120.0.0.0 Safari/537.36"
52.139.37.240 - - [24/Aug/2026:20:01:03 +0500] "GET /bthil.php HTTP/1.1" 301 - "-" "Mozilla/5.0 (Windows NT 10.0; Win64; x64) AppleWebKit/537.36 (KHTML, like Gecko) Chrome/120.0.0.0 Safari/537.36"
52.139.37.240 - - [24/Aug/2026:20:01:09 +0500] "GET /cgi-bin/ HTTP/1.1" 301 - "-" "Mozilla/5.0 (Windows NT 10.0; Win64; x64) AppleWebKit/537.36 (KHTML, like Gecko) Chrome/120.0.0.0 Safari/537.36"
52.139.37.240 - - [24/Aug/2026:20:01:15 +0500] "GET /x.php HTTP/1.1" 301 - "-" "Mozilla/5.0 (Windows NT 10.0; Win64; x64) AppleWebKit/537.36 (KHTML, like Gecko) Chrome/120.0.0.0 Safari/537.36"
52.139.37.240 - - [24/Aug/2026:20:01:22 +0500] "GET /index/function.php HTTP/1.1" 301 - "-" "Mozilla/5.0 (Windows NT 10.0; Win64; x64) AppleWebKit/537.36 (KHTML, like Gecko) Chrome/120.0.0.0 Safari/537.36"
34.123.149.87 - - [24/Aug/2026:20:01:22 +0500] "GET /uz/jsc-docs-uzb?format=feed&template=accessibility&type=rss HTTP/1.1" 200 158977 "-" "Mozilla/5.0 (Macintosh; Intel Mac OS X 10_15_7) AppleWebKit/537.36 (KHTML, like Gecko) Chrome/120.0.0.0 Safari/537.36"
52.139.37.240 - - [24/Aug/2026:20:01:28 +0500] "GET /aaa.php HTTP/1.1" 301 - "-" "Mozilla/5.0 (Windows NT 10.0; Win64; x64) AppleWebKit/537.36 (KHTML, like Gecko) Chrome/120.0.0.0 Safari/537.36"
54.37.252.131 - - [24/Aug/2026:20:01:26 +0500] "GET /uz/about-org-uzb/sajt-kharitasi HTTP/1.1" 200 58451 "-" "Mozilla/5.0 (compatible; MJ12bot/v1.4.8; http://mj12bot.com/)"
52.139.37.240 - - [24/Aug/2026:20:01:35 +0500] "GET /abcd.php HTTP/1.1" 301 - "-" "Mozilla/5.0 (Windows NT 10.0; Win64; x64) AppleWebKit/537.36 (KHTML, like Gecko) Chrome/120.0.0.0 Safari/537.36"
52.139.37.240 - - [24/Aug/2026:20:01:42 +0500] "GET /wp-good.php HTTP/1.1" 301 - "-" "Mozilla/5.0 (Windows NT 10.0; Win64; x64) AppleWebKit/537.36 (KHTML, like Gecko) Chrome/120.0.0.0 Safari/537.36"
34.171.68.95 - - [24/Aug/2026:20:01:41 +0500] "GET /ru/about-org-rus/direction-rus HTTP/1.1" 200 60102 "-" "Mozilla/5.0 (Macintosh; Intel Mac OS X 10_15_7) AppleWebKit/537.36 (KHTML, like Gecko) Chrome/120.0.0.0 Safari/537.36"
34.10.180.98 - - [24/Aug/2026:20:01:39 +0500] "GET /ru/events-rus/162-meetiing-28-02-17 HTTP/1.1" 200 60571 "-" "Mozilla/5.0 (Macintosh; Intel Mac OS X 10_15_7) AppleWebKit/537.36 (KHTML, like Gecko) Chrome/120.0.0.0 Safari/537.36"
52.139.37.240 - - [24/Aug/2026:20:01:48 +0500] "GET /simple.php HTTP/1.1" 301 - "-" "Mozilla/5.0 (Windows NT 10.0; Win64; x64) AppleWebKit/537.36 (KHTML, like Gecko) Chrome/120.0.0.0 Safari/537.36"
54.37.252.131 - - [24/Aug/2026:20:01:43 +0500] "GET /uz/about-org-uzb/strategy-uzb HTTP/1.1" 200 62064 "-" "Mozilla/5.0 (compatible; MJ12bot/v1.4.8; http://mj12bot.com/)"
52.139.37.240 - - [24/Aug/2026:20:01:55 +0500] "GET /edit-tags.php HTTP/1.1" 301 - "-" "Mozilla/5.0 (Windows NT 10.0; Win64; x64) AppleWebKit/537.36 (KHTML, like Gecko) Chrome/120.0.0.0 Safari/537.36"
52.139.37.240 - - [24/Aug/2026:20:02:02 +0500] "GET /u.php HTTP/1.1" 301 - "-" "Mozilla/5.0 (Windows NT 10.0; Win64; x64) AppleWebKit/537.36 (KHTML, like Gecko) Chrome/120.0.0.0 Safari/537.36"
54.37.252.131 - - [24/Aug/2026:20:02:00 +0500] "GET /uz/about-org-uzb/strategy-uzb/237-bussiness-plan-2018-uzb HTTP/1.1" 200 56609 "-" "Mozilla/5.0 (compatible; MJ12bot/v1.4.8; http://mj12bot.com/)"
54.37.252.131 - - [24/Aug/2026:20:02:14 +0500] "GET /uz/about-org-uzb/strategy-uzb/247-bussiness-plan-2019-uzb HTTP/1.1" 508 288 "-" "Mozilla/5.0 (compatible; MJ12bot/v1.4.8; http://mj12bot.com/)"
52.139.37.240 - - [24/Aug/2026:20:02:08 +0500] "GET /wp-content/themes/admin.php HTTP/1.1" 301 - "-" "Mozilla/5.0 (Windows NT 10.0; Win64; x64) AppleWebKit/537.36 (KHTML, like Gecko) Chrome/120.0.0.0 Safari/537.36"
54.37.252.131 - - [24/Aug/2026:20:02:21 +0500] "GET /uz/about-org-uzb/strategy-uzb/326-bussiness-plan-2021-uz HTTP/1.1" 508 288 "-" "Mozilla/5.0 (compatible; MJ12bot/v1.4.8; http://mj12bot.com/)"
52.139.37.240 - - [24/Aug/2026:20:02:16 +0500] "GET /h.php HTTP/1.1" 301 - "-" "Mozilla/5.0 (Windows NT 10.0; Win64; x64) AppleWebKit/537.36 (KHTML, like Gecko) Chrome/120.0.0.0 Safari/537.36"
54.37.252.131 - - [24/Aug/2026:20:02:25 +0500] "GET /uz/about-org-uzb/strategy-uzb/481-biznes-plan-2026-ej-pdf HTTP/1.1" 508 288 "-" "Mozilla/5.0 (compatible; MJ12bot/v1.4.8; http://mj12bot.com/)"
52.139.37.240 - - [24/Aug/2026:20:02:23 +0500] "GET /ms-edit.php HTTP/1.1" 301 - "-" "Mozilla/5.0 (Windows NT 10.0; Win64; x64) AppleWebKit/537.36 (KHTML, like Gecko) Chrome/120.0.0.0 Safari/537.36"
52.139.37.240 - - [24/Aug/2026:20:02:29 +0500] "GET /a7.php HTTP/1.1" 301 - "-" "Mozilla/5.0 (Windows NT 10.0; Win64; x64) AppleWebKit/537.36 (KHTML, like Gecko) Chrome/120.0.0.0 Safari/537.36"
54.37.252.131 - - [24/Aug/2026:20:02:29 +0500] "GET /uz/about-org-uzb/structure-uzb HTTP/1.1" 200 55844 "-" "Mozilla/5.0 (compatible; MJ12bot/v1.4.8; http://mj12bot.com/)"
52.139.37.240 - - [24/Aug/2026:20:02:35 +0500] "GET /manager.php HTTP/1.1" 301 - "-" "Mozilla/5.0 (Windows NT 10.0; Win64; x64) AppleWebKit/537.36 (KHTML, like Gecko) Chrome/120.0.0.0 Safari/537.36"
52.139.37.240 - - [24/Aug/2026:20:02:42 +0500] "GET /w1.php HTTP/1.1" 301 - "-" "Mozilla/5.0 (Windows NT 10.0; Win64; x64) AppleWebKit/537.36 (KHTML, like Gecko) Chrome/120.0.0.0 Safari/537.36"
54.37.252.131 - - [24/Aug/2026:20:02:44 +0500] "GET /uz/acquisition-of-shares-uz HTTP/1.1" 200 57916 "-" "Mozilla/5.0 (compatible; MJ12bot/v1.4.8; http://mj12bot.com/)"
52.139.37.240 - - [24/Aug/2026:20:02:48 +0500] "GET /wp-includes/fonts/ HTTP/1.1" 301 - "-" "Mozilla/5.0 (Windows NT 10.0; Win64; x64) AppleWebKit/537.36 (KHTML, like Gecko) Chrome/120.0.0.0 Safari/537.36"
52.139.37.240 - - [24/Aug/2026:20:02:53 +0500] "GET /wp-login.php HTTP/1.1" 301 - "-" "Mozilla/5.0 (Windows NT 10.0; Win64; x64) AppleWebKit/537.36 (KHTML, like Gecko) Chrome/120.0.0.0 Safari/537.36"
52.139.37.240 - - [24/Aug/2026:20:02:58 +0500] "GET /default.php HTTP/1.1" 301 - "-" "Mozilla/5.0 (Windows NT 10.0; Win64; x64) AppleWebKit/537.36 (KHTML, like Gecko) Chrome/120.0.0.0 Safari/537.36"
52.139.37.240 - - [24/Aug/2026:20:03:02 +0500] "GET /i.php HTTP/1.1" 301 - "-" "Mozilla/5.0 (Windows NT 10.0; Win64; x64) AppleWebKit/537.36 (KHTML, like Gecko) Chrome/120.0.0.0 Safari/537.36"
34.123.149.87 - - [24/Aug/2026:20:03:04 +0500] "GET /uz/facts-uzb/260-06-fact-25-04-2019 HTTP/1.1" 200 57015 "-" "Mozilla/5.0 (Macintosh; Intel Mac OS X 10_15_7) AppleWebKit/537.36 (KHTML, like Gecko) Chrome/120.0.0.0 Safari/537.36"
52.139.37.240 - - [24/Aug/2026:20:03:06 +0500] "GET /wp-content/uploads/ HTTP/1.1" 301 - "-" "Mozilla/5.0 (Windows NT 10.0; Win64; x64) AppleWebKit/537.36 (KHTML, like Gecko) Chrome/120.0.0.0 Safari/537.36"
52.139.37.240 - - [24/Aug/2026:20:03:12 +0500] "GET /wp-includes/Requests/library/index.php HTTP/1.1" 301 - "-" "Mozilla/5.0 (Windows NT 10.0; Win64; x64) AppleWebKit/537.36 (KHTML, like Gecko) Chrome/120.0.0.0 Safari/537.36"
54.37.252.131 - - [24/Aug/2026:20:03:10 +0500] "GET /uz/affil-uzb HTTP/1.1" 200 55699 "-" "Mozilla/5.0 (compatible; MJ12bot/v1.4.8; http://mj12bot.com/)"
52.139.37.240 - - [24/Aug/2026:20:03:18 +0500] "GET /wp-content/themes/index.php HTTP/1.1" 301 - "-" "Mozilla/5.0 (Windows NT 10.0; Win64; x64) AppleWebKit/537.36 (KHTML, like Gecko) Chrome/120.0.0.0 Safari/537.36"
52.139.37.240 - - [24/Aug/2026:20:03:24 +0500] "GET /gecko-new.php HTTP/1.1" 301 - "-" "Mozilla/5.0 (Windows NT 10.0; Win64; x64) AppleWebKit/537.36 (KHTML, like Gecko) Chrome/120.0.0.0 Safari/537.36"
54.37.252.131 - - [24/Aug/2026:20:03:23 +0500] "GET /uz/audit-uzb HTTP/1.1" 200 62864 "-" "Mozilla/5.0 (compatible; MJ12bot/v1.4.8; http://mj12bot.com/)"
52.139.37.240 - - [24/Aug/2026:20:03:32 +0500] "GET /NewFile.php HTTP/1.1" 301 - "-" "Mozilla/5.0 (Windows NT 10.0; Win64; x64) AppleWebKit/537.36 (KHTML, like Gecko) Chrome/120.0.0.0 Safari/537.36"
52.139.37.240 - - [24/Aug/2026:20:03:39 +0500] "GET /wp-Blogs.php HTTP/1.1" 301 - "-" "Mozilla/5.0 (Windows NT 10.0; Win64; x64) AppleWebKit/537.36 (KHTML, like Gecko) Chrome/120.0.0.0 Safari/537.36"
192.178.6.5 - - [24/Aug/2026:20:03:48 +0500] "GET /shops/decussative/s1a1m4i1a4n576670 HTTP/1.1" 508 288 "-" "Mozilla/5.0 (Linux; Android 6.0.1; Nexus 5X Build/MMB29P) AppleWebKit/537.36 (KHTML, like Gecko) Chrome/151.0.7922.137 Mobile Safari/537.36 (compatible; GoogleOther)"
54.37.252.131 - - [24/Aug/2026:20:03:40 +0500] "GET /uz/audit-uzb/118-audit-2015-uzb HTTP/1.1" 200 55670 "-" "Mozilla/5.0 (compatible; MJ12bot/v1.4.8; http://mj12bot.com/)"
52.139.37.240 - - [24/Aug/2026:20:03:44 +0500] "GET /wp-includes/fonts/index.php HTTP/1.1" 301 - "-" "Mozilla/5.0 (Windows NT 10.0; Win64; x64) AppleWebKit/537.36 (KHTML, like Gecko) Chrome/120.0.0.0 Safari/537.36"
54.37.252.131 - - [24/Aug/2026:20:03:55 +0500] "GET /uz/audit-uzb/200-audit-2016-uzb HTTP/1.1" 508 288 "-" "Mozilla/5.0 (compatible; MJ12bot/v1.4.8; http://mj12bot.com/)"
52.139.37.240 - - [24/Aug/2026:20:03:50 +0500] "GET /themes.php HTTP/1.1" 301 - "-" "Mozilla/5.0 (Windows NT 10.0; Win64; x64) AppleWebKit/537.36 (KHTML, like Gecko) Chrome/120.0.0.0 Safari/537.36"
52.139.37.240 - - [24/Aug/2026:20:03:56 +0500] "GET /cv.php HTTP/1.1" 301 - "-" "Mozilla/5.0 (Windows NT 10.0; Win64; x64) AppleWebKit/537.36 (KHTML, like Gecko) Chrome/120.0.0.0 Safari/537.36"
52.139.37.240 - - [24/Aug/2026:20:04:03 +0500] "GET /wp-admin/js/ HTTP/1.1" 301 - "-" "Mozilla/5.0 (Windows NT 10.0; Win64; x64) AppleWebKit/537.36 (KHTML, like Gecko) Chrome/120.0.0.0 Safari/537.36"
54.37.252.131 - - [24/Aug/2026:20:03:59 +0500] "GET /uz/audit-uzb/223-audit-2017-uzb HTTP/1.1" 200 55797 "-" "Mozilla/5.0 (compatible; MJ12bot/v1.4.8; http://mj12bot.com/)"
52.139.37.240 - - [24/Aug/2026:20:04:09 +0500] "GET /wp-content/uploads/index.php HTTP/1.1" 301 - "-" "Mozilla/5.0 (Windows NT 10.0; Win64; x64) AppleWebKit/537.36 (KHTML, like Gecko) Chrome/120.0.0.0 Safari/537.36"
52.139.37.240 - - [24/Aug/2026:20:04:14 +0500] "GET /ws83.php HTTP/1.1" 301 - "-" "Mozilla/5.0 (Windows NT 10.0; Win64; x64) AppleWebKit/537.36 (KHTML, like Gecko) Chrome/120.0.0.0 Safari/537.36"
54.37.252.131 - - [24/Aug/2026:20:04:14 +0500] "GET /uz/audit-uzb/249-audit-2018-uzb HTTP/1.1" 200 56556 "-" "Mozilla/5.0 (compatible; MJ12bot/v1.4.8; http://mj12bot.com/)"
52.139.37.240 - - [24/Aug/2026:20:04:20 +0500] "GET /atex1.php HTTP/1.1" 301 - "-" "Mozilla/5.0 (Windows NT 10.0; Win64; x64) AppleWebKit/537.36 (KHTML, like Gecko) Chrome/120.0.0.0 Safari/537.36"
52.139.37.240 - - [24/Aug/2026:20:04:28 +0500] "GET /class-t.api.php HTTP/1.1" 301 - "-" "Mozilla/5.0 (Windows NT 10.0; Win64; x64) AppleWebKit/537.36 (KHTML, like Gecko) Chrome/120.0.0.0 Safari/537.36"
52.139.37.240 - - [24/Aug/2026:20:04:33 +0500] "GET /w.php HTTP/1.1" 301 - "-" "Mozilla/5.0 (Windows NT 10.0; Win64; x64) AppleWebKit/537.36 (KHTML, like Gecko) Chrome/120.0.0.0 Safari/537.36"
54.37.252.131 - - [24/Aug/2026:20:04:31 +0500] "GET /uz/audit-uzb/310-audit-2019-uzb HTTP/1.1" 200 56256 "-" "Mozilla/5.0 (compatible; MJ12bot/v1.4.8; http://mj12bot.com/)"
52.139.37.240 - - [24/Aug/2026:20:04:39 +0500] "GET /archive.php HTTP/1.1" 301 - "-" "Mozilla/5.0 (Windows NT 10.0; Win64; x64) AppleWebKit/537.36 (KHTML, like Gecko) Chrome/120.0.0.0 Safari/537.36"
52.139.37.240 - - [24/Aug/2026:20:04:45 +0500] "GET /bless.php HTTP/1.1" 508 288 "-" "Mozilla/5.0 (Windows NT 10.0; Win64; x64) AppleWebKit/537.36 (KHTML, like Gecko) Chrome/120.0.0.0 Safari/537.36"
52.139.37.240 - - [24/Aug/2026:20:04:45 +0500] "GET /sagax1.php HTTP/1.1" 508 288 "-" "Mozilla/5.0 (Windows NT 10.0; Win64; x64) AppleWebKit/537.36 (KHTML, like Gecko) Chrome/120.0.0.0 Safari/537.36"
52.139.37.240 - - [24/Aug/2026:20:04:45 +0500] "GET /wpc.php HTTP/1.1" 508 288 "-" "Mozilla/5.0 (Windows NT 10.0; Win64; x64) AppleWebKit/537.36 (KHTML, like Gecko) Chrome/120.0.0.0 Safari/537.36"
52.139.37.240 - - [24/Aug/2026:20:04:46 +0500] "GET /fone1.php HTTP/1.1" 508 288 "-" "Mozilla/5.0 (Windows NT 10.0; Win64; x64) AppleWebKit/537.36 (KHTML, like Gecko) Chrome/120.0.0.0 Safari/537.36"
52.139.37.240 - - [24/Aug/2026:20:04:46 +0500] "GET /ncx.php HTTP/1.1" 508 288 "-" "Mozilla/5.0 (Windows NT 10.0; Win64; x64) AppleWebKit/537.36 (KHTML, like Gecko) Chrome/120.0.0.0 Safari/537.36"
54.37.252.131 - - [24/Aug/2026:20:04:46 +0500] "GET /uz/audit-uzb/342-audit-2020-uzb HTTP/1.1" 508 288 "-" "Mozilla/5.0 (compatible; MJ12bot/v1.4.8; http://mj12bot.com/)"
52.139.37.240 - - [24/Aug/2026:20:04:46 +0500] "GET /wp-admin/js/index.php HTTP/1.1" 301 - "-" "Mozilla/5.0 (Windows NT 10.0; Win64; x64) AppleWebKit/537.36 (KHTML, like Gecko) Chrome/120.0.0.0 Safari/537.36"
52.139.37.240 - - [24/Aug/2026:20:04:53 +0500] "GET /wso.php HTTP/1.1" 301 - "-" "Mozilla/5.0 (Windows NT 10.0; Win64; x64) AppleWebKit/537.36 (KHTML, like Gecko) Chrome/120.0.0.0 Safari/537.36"
54.37.252.131 - - [24/Aug/2026:20:04:51 +0500] "GET /uz/audit-uzb/360-audit-2021-uzb HTTP/1.1" 200 55563 "-" "Mozilla/5.0 (compatible; MJ12bot/v1.4.8; http://mj12bot.com/)"
52.139.37.240 - - [24/Aug/2026:20:04:59 +0500] "GET /zup.php73 HTTP/1.1" 301 - "-" "Mozilla/5.0 (Windows NT 10.0; Win64; x64) AppleWebKit/537.36 (KHTML, like Gecko) Chrome/120.0.0.0 Safari/537.36"
85.208.96.193 - - [24/Aug/2026:20:04:59 +0500] "GET /uz/?function=call_user_func_array&s=index%2Fthink%5C%5C%5C%5C%5C%5C%5C%5C%5C%5C%5C%5C%5C%5C%5C%5C%5C%5C%5C%5C%5C%5C%5C%5C%5C%5C%5C%5C%5C%5C%5C%5C%5C%5C%5C%5C%5C%5C%5C%5C%5C%5C%5C%5C%5C%5C%5C%5C%5C%5C%5C%5C%5C%5C%5C%5C%5C%5C%5C%5C%5C%5C%5C%5C%5C%5C%5C%5C%5C%5C%5C%5C%5C%5C%5C%5C%5C%5C%5C%5C%5C%5C%5C%5C%5C%5C%5C%5C%5C%5C%5C%5C%5C%5C%5C%5C%5C%5C%5C%5C%5C%5C%5C%5C%5C%5C%5C%5C%5C%5C%5C%5C%5C%5C%5C%5C%5C%5C%5C%5C%5C%5C%5C%5C%5C%5C%5C%5C%5C%5C%5C%5C%5C%5C%5C%5C%5C%5C%5C%5C%5C%5C%5C%5C%5C%5C%5C%5C%5C%5C%5C%5C%5C%5C%5C%5C%5C%5C%5C%5C%5C%5C%5C%5C%5C%5C%5C%5C%5C%5C%5C%5C%5C%5C%5C%5C%5C%5C%5C%5C%5C%5C%5C%5C%5C%5C%5C%5C%5C%5C%5C%5C%5C%5C%5C%5C%5C%5C%5C%5C%5C%5C%5C%5C%5C%5C%5C%5C%5C%5C%5C%5C%5C%5C%5C%5C%5C%5C%5C%5C%5C%5C%5C%5C%5C%5C%5C%5C%5C%5C%5C%5C%5C%5C%5C%5C%5C%5C%5C%5C%5C%5C%5C%5C%5C%5C%5C%5C%5C%5C%5C%5C%5C%5C%5C%5C%5C%5C%5C%5C%5C%5C%5C%5C%5C%5C%5C%5C%5C%5C%5C%5C%5C%5C%5C%5C%5C%5C%5C%5C%5C%5C%5C%5C%5C%5C%5C%5C%5C%5C%5C%5C%5C%5C%5C%5C%5C%5C%5C%5C%5C%5C%5C%5C%5C%5C%5C%5C%5C%5C%5C%5C%5C%5C%5C%5C%5C%5C%5C%5C%5C%5C%5C%5C%5C%5C%5C%5C%5C%5C%5C%5C%5C%5C%5C%5C%5C%5C%5C%5C%5C%5C%5C%5C%5C%5C%5C%5C%5C%5C%5C%5C%5C%5C%5C%5C%5C%5C%5C%5C%5C%5C%5C%5C%5C%5C%5C%5C%5C%5C%5C%5C%5C%5C%5C%5C%5C%5C%5C%5C%5C%5C%5C%5C%5C%5C%5C%5C%5C%5C%5C%5C%5C%5C%5C%5C%5C%5C%5C%5C%5C%5C%5C%5C%5C%5C%5C%5C%5C%5C%5C%5C%5C%5C%5C%5C%5C%5C%5C%5C%5C%5C%5C%5C%5C%5C%5C%5C%5C%5C%5C%5C%5C%5C%5C%5C%5C%5C%5C%5C%5C%5C%5C%5C%5C%5C%5C%5C%5C%5C%5C%5C%5C%5C%5C%5C%5C%5C%5C%5C%5C%5C%5C%5C%5C%5C%5C%5C%5C%5C%5C%5C%5C%5C%5C%5C%5C%5C%5C%5C%5C%5C%5C%5C%5C%5C%5C%5C%5C%5C%5C%5C%5C%5C%5C%5C%5C%5C%5C%5C%5C%5C%5C%5C%5C%5C%5C%5C%5C%5C%5C%5Capp%2Finvokefunction&start=28&vars%5B0%5D=phpinfo&vars%5B1%5D%5B0%5D=1 HTTP/1.1" 200 77052 "-" "Mozilla/5.0 (compatible; SemrushBot/7~bl; +http://www.semrush.com/bot.html)"
52.139.37.240 - - [24/Aug/2026:20:05:04 +0500] "GET /k.php HTTP/1.1" 301 - "-" "Mozilla/5.0 (Windows NT 10.0; Win64; x64) AppleWebKit/537.36 (KHTML, like Gecko) Chrome/120.0.0.0 Safari/537.36"
52.139.37.240 - - [24/Aug/2026:20:05:08 +0500] "GET /wp-blink.php HTTP/1.1" 301 - "-" "Mozilla/5.0 (Windows NT 10.0; Win64; x64) AppleWebKit/537.36 (KHTML, like Gecko) Chrome/120.0.0.0 Safari/537.36"
54.37.252.131 - - [24/Aug/2026:20:05:06 +0500] "GET /uz/audit-uzb?start=10 HTTP/1.1" 200 59069 "-" "Mozilla/5.0 (compatible; MJ12bot/v1.4.8; http://mj12bot.com/)"
52.139.37.240 - - [24/Aug/2026:20:05:12 +0500] "GET /randkeyword.PhP7 HTTP/1.1" 301 - "-" "Mozilla/5.0 (Windows NT 10.0; Win64; x64) AppleWebKit/537.36 (KHTML, like Gecko) Chrome/120.0.0.0 Safari/537.36"
52.139.37.240 - - [24/Aug/2026:20:05:16 +0500] "GET /wp-admin/css/colors/ectoplasm/ HTTP/1.1" 301 - "-" "Mozilla/5.0 (Windows NT 10.0; Win64; x64) AppleWebKit/537.36 (KHTML, like Gecko) Chrome/120.0.0.0 Safari/537.36"
34.123.149.87 - - [24/Aug/2026:20:05:16 +0500] "GET /uz/facts-uzb HTTP/1.1" 200 68055 "-" "Mozilla/5.0 (Macintosh; Intel Mac OS X 10_15_7) AppleWebKit/537.36 (KHTML, like Gecko) Chrome/120.0.0.0 Safari/537.36"
52.139.37.240 - - [24/Aug/2026:20:05:20 +0500] "GET /wp-content/ HTTP/1.1" 301 - "-" "Mozilla/5.0 (Windows NT 10.0; Win64; x64) AppleWebKit/537.36 (KHTML, like Gecko) Chrome/120.0.0.0 Safari/537.36"
54.37.252.131 - - [24/Aug/2026:20:05:18 +0500] "GET /uz/comissions-uzb HTTP/1.1" 200 58732 "-" "Mozilla/5.0 (compatible; MJ12bot/v1.4.8; http://mj12bot.com/)"
52.139.37.240 - - [24/Aug/2026:20:05:25 +0500] "GET /ww5.php HTTP/1.1" 301 - "-" "Mozilla/5.0 (Windows NT 10.0; Win64; x64) AppleWebKit/537.36 (KHTML, like Gecko) Chrome/120.0.0.0 Safari/537.36"
52.139.37.240 - - [24/Aug/2026:20:05:29 +0500] "GET /2.php HTTP/1.1" 301 - "-" "Mozilla/5.0 (Windows NT 10.0; Win64; x64) AppleWebKit/537.36 (KHTML, like Gecko) Chrome/120.0.0.0 Safari/537.36"
54.37.252.131 - - [24/Aug/2026:20:05:29 +0500] "GET /uz/component/mijopolls/poll/2-sajtimizda-kanaka-mavzular-joritilishi-kerak-deb-bilasiz HTTP/1.1" 200 61343 "-" "Mozilla/5.0 (compatible; MJ12bot/v1.4.8; http://mj12bot.com/)"
52.139.37.240 - - [24/Aug/2026:20:05:35 +0500] "GET /wp-admin/classwithtostring.php HTTP/1.1" 301 - "-" "Mozilla/5.0 (Windows NT 10.0; Win64; x64) AppleWebKit/537.36 (KHTML, like Gecko) Chrome/120.0.0.0 Safari/537.36"
85.208.96.202 - - [24/Aug/2026:20:05:31 +0500] "GET /uz/officially-uzb/tenders-uzb?start=16&template=accessibility HTTP/1.1" 200 38280 "-" "Mozilla/5.0 (compatible; SemrushBot/7~bl; +http://www.semrush.com/bot.html)"
52.139.37.240 - - [24/Aug/2026:20:05:40 +0500] "GET /atomlib.php HTTP/1.1" 301 - "-" "Mozilla/5.0 (Windows NT 10.0; Win64; x64) AppleWebKit/537.36 (KHTML, like Gecko) Chrome/120.0.0.0 Safari/537.36"
52.139.37.240 - - [24/Aug/2026:20:05:46 +0500] "GET /rip.php HTTP/1.1" 301 - "-" "Mozilla/5.0 (Windows NT 10.0; Win64; x64) AppleWebKit/537.36 (KHTML, like Gecko) Chrome/120.0.0.0 Safari/537.36"
54.37.252.131 - - [24/Aug/2026:20:05:44 +0500] "GET /uz/contacts-uzb HTTP/1.1" 200 64723 "-" "Mozilla/5.0 (compatible; MJ12bot/v1.4.8; http://mj12bot.com/)"
52.139.37.240 - - [24/Aug/2026:20:05:52 +0500] "GET /p.php HTTP/1.1" 301 - "-" "Mozilla/5.0 (Windows NT 10.0; Win64; x64) AppleWebKit/537.36 (KHTML, like Gecko) Chrome/120.0.0.0 Safari/537.36"
52.139.37.240 - - [24/Aug/2026:20:05:59 +0500] "GET /php.php HTTP/1.1" 301 - "-" "Mozilla/5.0 (Windows NT 10.0; Win64; x64) AppleWebKit/537.36 (KHTML, like Gecko) Chrome/120.0.0.0 Safari/537.36"
54.37.252.131 - - [24/Aug/2026:20:06:00 +0500] "GET /uz/dividends-uzb HTTP/1.1" 200 59165 "-" "Mozilla/5.0 (compatible; MJ12bot/v1.4.8; http://mj12bot.com/)"
34.30.223.149 - - [24/Aug/2026:20:06:12 +0500] "GET /uz/audit-uzb HTTP/1.1" 200 62482 "-" "Mozilla/5.0 (Macintosh; Intel Mac OS X 10_15_7) AppleWebKit/537.36 (KHTML, like Gecko) Chrome/120.0.0.0 Safari/537.36"
54.37.252.131 - - [24/Aug/2026:20:06:14 +0500] "GET /uz/dividends-uzb/452-dividend-2024-offer HTTP/1.1" 200 57365 "-" "Mozilla/5.0 (compatible; MJ12bot/v1.4.8; http://mj12bot.com/)"
54.37.252.131 - - [24/Aug/2026:20:06:44 +0500] "GET /uz/events-uzb HTTP/1.1" 200 59854 "-" "Mozilla/5.0 (compatible; MJ12bot/v1.4.8; http://mj12bot.com/)"
85.208.96.198 - - [24/Aug/2026:20:06:52 +0500] "GET /ru/audit-rus/430-audit-2023-uzb HTTP/1.1" 200 55035 "-" "Mozilla/5.0 (compatible; SemrushBot/7~bl; +http://www.semrush.com/bot.html)"
54.37.252.131 - - [24/Aug/2026:20:06:56 +0500] "GET /uz/facts-uzb HTTP/1.1" 200 67924 "-" "Mozilla/5.0 (compatible; MJ12bot/v1.4.8; http://mj12bot.com/)"
54.37.252.131 - - [24/Aug/2026:20:07:05 +0500] "GET /uz/facts-uzb/456-sush-fakt-06-15-04-2025-ej-pdf HTTP/1.1" 200 57206 "-" "Mozilla/5.0 (compatible; MJ12bot/v1.4.8; http://mj12bot.com/)"
54.37.252.131 - - [24/Aug/2026:20:07:16 +0500] "GET /uz/facts-uzb/458-sush-fakt-32-15-04-2025-ej-pdf HTTP/1.1" 200 56909 "-" "Mozilla/5.0 (compatible; MJ12bot/v1.4.8; http://mj12bot.com/)"
216.73.217.53 - - [24/Aug/2026:20:07:32 +0500] "GET /uz/component/search/?Itemid=175&format=opensearch&id=10 HTTP/1.1" 508 288 "-" "Mozilla/5.0 AppleWebKit/537.36 (KHTML, like Gecko; compatible; ClaudeBot/1.0; +claudebot@anthropic.com)"
54.37.252.131 - - [24/Aug/2026:20:07:27 +0500] "GET /uz/facts-uzb/473-sush-fakt-06-15-09-2025-pdf HTTP/1.1" 200 57185 "-" "Mozilla/5.0 (compatible; MJ12bot/v1.4.8; http://mj12bot.com/)"
54.37.252.131 - - [24/Aug/2026:20:07:53 +0500] "GET /uz/info-for-shareholders-uzb HTTP/1.1" 200 63749 "-" "Mozilla/5.0 (compatible; MJ12bot/v1.4.8; http://mj12bot.com/)"
54.37.252.131 - - [24/Aug/2026:20:08:02 +0500] "GET /uz/info-for-shareholders-uzb/275-kpe-2-2019-ej HTTP/1.1" 200 56538 "-" "Mozilla/5.0 (compatible; MJ12bot/v1.4.8; http://mj12bot.com/)"
129.153.103.182 - - [24/Aug/2026:20:08:21 +0500] "GET /ru/prospectus-rus/211-prospectus-change-15-09-14-rus HTTP/1.1" 200 - "-" "Mozilla/5.0 (X11; Linux aarch64) AppleWebKit/537.36 (KHTML, like Gecko) Chrome/139.0.0.0 Safari/537.36"
54.37.252.131 - - [24/Aug/2026:20:08:28 +0500] "GET /uz/interactive-uzb/faq-uzb HTTP/1.1" 200 61506 "-" "Mozilla/5.0 (compatible; MJ12bot/v1.4.8; http://mj12bot.com/)"
129.153.103.182 - - [24/Aug/2026:20:08:28 +0500] "GET /ru/prospectus-rus/211-prospectus-change-15-09-14-rus HTTP/1.1" 200 15901 "-" "Mozilla/5.0 (X11; Linux aarch64) AppleWebKit/537.36 (KHTML, like Gecko) Chrome/139.0.0.0 Safari/537.36"
54.37.252.131 - - [24/Aug/2026:20:08:54 +0500] "GET /uz/invest-uzb HTTP/1.1" 200 55787 "-" "Mozilla/5.0 (compatible; MJ12bot/v1.4.8; http://mj12bot.com/)"
54.37.252.131 - - [24/Aug/2026:20:09:17 +0500] "GET /uz/jsc-docs-uzb HTTP/1.1" 200 65098 "-" "Mozilla/5.0 (compatible; MJ12bot/v1.4.8; http://mj12bot.com/)"
54.37.252.131 - - [24/Aug/2026:20:09:35 +0500] "GET /uz/korp-upr-uzb HTTP/1.1" 200 63790 "-" "Mozilla/5.0 (compatible; MJ12bot/v1.4.8; http://mj12bot.com/)"
54.37.252.131 - - [24/Aug/2026:20:09:45 +0500] "GET /uz/korp-upr-uzb/121-korp-kodex-uzb HTTP/1.1" 200 57443 "-" "Mozilla/5.0 (compatible; MJ12bot/v1.4.8; http://mj12bot.com/)"
54.37.252.131 - - [24/Aug/2026:20:09:53 +0500] "GET /uz/korp-upr-uzb/201-corp-upr-rating-2016 HTTP/1.1" 200 56221 "-" "Mozilla/5.0 (compatible; MJ12bot/v1.4.8; http://mj12bot.com/)"
54.37.252.131 - - [24/Aug/2026:20:10:02 +0500] "GET /uz/korp-upr-uzb/225-corp-upr-rating-2017 HTTP/1.1" 200 56193 "-" "Mozilla/5.0 (compatible; MJ12bot/v1.4.8; http://mj12bot.com/)"
54.37.252.131 - - [24/Aug/2026:20:10:10 +0500] "GET /uz/korp-upr-uzb/265-corp-upr-rating-2018 HTTP/1.1" 200 56136 "-" "Mozilla/5.0 (compatible; MJ12bot/v1.4.8; http://mj12bot.com/)"
34.56.53.225 - - [24/Aug/2026:20:10:12 +0500] "GET /uz/audit-uzb/451-audit-2024-uzb HTTP/1.1" 200 55573 "-" "Mozilla/5.0 (Macintosh; Intel Mac OS X 10_15_7) AppleWebKit/537.36 (KHTML, like Gecko) Chrome/120.0.0.0 Safari/537.36"
34.61.96.6 - - [24/Aug/2026:20:10:14 +0500] "GET /ru/component/search/?Itemid=125&format=opensearch HTTP/1.1" 200 749 "-" "Mozilla/5.0 (Macintosh; Intel Mac OS X 10_15_7) AppleWebKit/537.36 (KHTML, like Gecko) Chrome/120.0.0.0 Safari/537.36"
34.10.180.98 - - [24/Aug/2026:20:10:15 +0500] "GET /uz/audit-uzb/442-audit-2022-uzb HTTP/1.1" 200 55566 "-" "Mozilla/5.0 (Macintosh; Intel Mac OS X 10_15_7) AppleWebKit/537.36 (KHTML, like Gecko) Chrome/120.0.0.0 Safari/537.36"
54.37.252.131 - - [24/Aug/2026:20:10:17 +0500] "GET /uz/korp-upr-uzb/314-corp-upr-rating-2019 HTTP/1.1" 200 55972 "-" "Mozilla/5.0 (compatible; MJ12bot/v1.4.8; http://mj12bot.com/)"
54.37.252.131 - - [24/Aug/2026:20:10:24 +0500] "GET /uz/korp-upr-uzb/429-corp-upr-rating-2023 HTTP/1.1" 200 55970 "-" "Mozilla/5.0 (compatible; MJ12bot/v1.4.8; http://mj12bot.com/)"
54.37.252.131 - - [24/Aug/2026:20:10:30 +0500] "GET /uz/korp-upr-uzb/439-corp-upr-rating-2022 HTTP/1.1" 200 55970 "-" "Mozilla/5.0 (compatible; MJ12bot/v1.4.8; http://mj12bot.com/)"
54.37.252.131 - - [24/Aug/2026:20:10:39 +0500] "GET /uz/korp-upr-uzb/440-corp-upr-rating-2021 HTTP/1.1" 200 55966 "-" "Mozilla/5.0 (compatible; MJ12bot/v1.4.8; http://mj12bot.com/)"
54.37.252.131 - - [24/Aug/2026:20:10:44 +0500] "GET /uz/korp-upr-uzb/441-corp-upr-rating-2020 HTTP/1.1" 200 55966 "-" "Mozilla/5.0 (compatible; MJ12bot/v1.4.8; http://mj12bot.com/)"
54.37.252.131 - - [24/Aug/2026:20:10:50 +0500] "GET /uz/korp-upr-uzb/450-corp-upr-rating-2024 HTTP/1.1" 200 55968 "-" "Mozilla/5.0 (compatible; MJ12bot/v1.4.8; http://mj12bot.com/)"
54.37.252.131 - - [24/Aug/2026:20:11:02 +0500] "GET /uz/news-uzb HTTP/1.1" 200 60994 "-" "Mozilla/5.0 (compatible; MJ12bot/v1.4.8; http://mj12bot.com/)"
129.146.74.126 - - [24/Aug/2026:20:11:03 +0500] "GET /uz/officially-uzb/tenders-uzb/423-vacancy-director-2024-uzb HTTP/1.1" 200 15601 "-" "Mozilla/5.0 (X11; Linux aarch64) AppleWebKit/537.36 (KHTML, like Gecko) Chrome/139.0.0.0 Safari/537.36"
129.146.74.126 - - [24/Aug/2026:20:11:07 +0500] "GET /uz/officially-uzb/tenders-uzb/423-vacancy-director-2024-uzb HTTP/1.1" 200 56825 "-" "Mozilla/5.0 (X11; Linux aarch64) AppleWebKit/537.36 (KHTML, like Gecko) Chrome/139.0.0.0 Safari/537.36"
54.37.252.131 - - [24/Aug/2026:20:11:08 +0500] "GET /uz/news-uzb/449-meeting-27-04-2025-uz HTTP/1.1" 200 60262 "-" "Mozilla/5.0 (compatible; MJ12bot/v1.4.8; http://mj12bot.com/)"
54.37.252.131 - - [24/Aug/2026:20:11:15 +0500] "GET /uz/news-uzb/453-meeting-15-04-2025 HTTP/1.1" 200 56942 "-" "Mozilla/5.0 (compatible; MJ12bot/v1.4.8; http://mj12bot.com/)"
54.37.252.131 - - [24/Aug/2026:20:11:24 +0500] "GET /uz/news-uzb/486-meeting-07-04-2026 HTTP/1.1" 200 60103 "-" "Mozilla/5.0 (compatible; MJ12bot/v1.4.8; http://mj12bot.com/)"
54.37.252.131 - - [24/Aug/2026:20:11:29 +0500] "GET /uz/news-uzb?template=accessibility HTTP/1.1" 200 30245 "-" "Mozilla/5.0 (compatible; MJ12bot/v1.4.8; http://mj12bot.com/)"
54.37.252.131 - - [24/Aug/2026:20:11:43 +0500] "GET /uz/officially-uzb/arkhiv HTTP/1.1" 200 57809 "-" "Mozilla/5.0 (compatible; MJ12bot/v1.4.8; http://mj12bot.com/)"
54.37.252.131 - - [24/Aug/2026:20:11:49 +0500] "GET /uz/officially-uzb/arkhiv/69-umumiy-yigilishi-08-04-2015 HTTP/1.1" 200 61795 "-" "Mozilla/5.0 (compatible; MJ12bot/v1.4.8; http://mj12bot.com/)"
54.37.252.131 - - [24/Aug/2026:20:12:09 +0500] "GET /uz/officially-uzb/certificates-uzb HTTP/1.1" 200 55907 "-" "Mozilla/5.0 (compatible; MJ12bot/v1.4.8; http://mj12bot.com/)"
23.21.204.95 - - [24/Aug/2026:20:12:17 +0500] "GET /uz/16-uzbek/officially-uzb?format=feed&type=rss HTTP/1.1" 200 8193 "-" "Mozilla/5.0 AppleWebKit/537.36 (KHTML, like Gecko; compatible; Amazonbot/0.1; +https://developer.amazon.com/support/amazonbot) Chrome/119.0.6045.214 Safari/537.36"
54.37.252.131 - - [24/Aug/2026:20:12:23 +0500] "GET /uz/officially-uzb/norm-baza-uzb HTTP/1.1" 200 60171 "-" "Mozilla/5.0 (compatible; MJ12bot/v1.4.8; http://mj12bot.com/)"
54.37.252.131 - - [24/Aug/2026:20:12:41 +0500] "GET /uz/officially-uzb/old-acts-uzb HTTP/1.1" 200 59812 "-" "Mozilla/5.0 (compatible; MJ12bot/v1.4.8; http://mj12bot.com/)"
54.37.252.131 - - [24/Aug/2026:20:12:53 +0500] "GET /uz/officially-uzb/old-acts-uzb/25-ustav-elga-xizmat-2014-uzb HTTP/1.1" 200 83630 "-" "Mozilla/5.0 (compatible; MJ12bot/v1.4.8; http://mj12bot.com/)"
54.37.252.131 - - [24/Aug/2026:20:13:02 +0500] "GET /uz/officially-uzb/old-acts-uzb/61-comissions-old HTTP/1.1" 200 61514 "-" "Mozilla/5.0 (compatible; MJ12bot/v1.4.8; http://mj12bot.com/)"
54.37.252.131 - - [24/Aug/2026:20:13:12 +0500] "GET /uz/officially-uzb/old-acts-uzb/88-bussiness-plan-2015 HTTP/1.1" 200 86979 "-" "Mozilla/5.0 (compatible; MJ12bot/v1.4.8; http://mj12bot.com/)"
54.37.252.131 - - [24/Aug/2026:20:13:35 +0500] "GET /uz/officially-uzb/tenders-uzb HTTP/1.1" 200 63407 "-" "Mozilla/5.0 (compatible; MJ12bot/v1.4.8; http://mj12bot.com/)"
54.37.252.131 - - [24/Aug/2026:20:13:42 +0500] "GET /uz/officially-uzb/tenders-uzb/447-tender-korp-2025-uz HTTP/1.1" 200 60197 "-" "Mozilla/5.0 (compatible; MJ12bot/v1.4.8; http://mj12bot.com/)"
20.151.129.194 - - [24/Aug/2026:20:13:52 +0500] "GET /wp-content/plugins/hellopress/wp_filemanager.php HTTP/1.1" 401 36 "-" "-"
20.151.129.194 - - [24/Aug/2026:20:13:52 +0500] "GET /this_is_a_new_hello_world.php HTTP/1.1" 401 36 "-" "-"
20.151.129.194 - - [24/Aug/2026:20:13:53 +0500] "GET /images.php HTTP/1.1" 401 36 "-" "-"
54.37.252.131 - - [24/Aug/2026:20:13:48 +0500] "GET /uz/officially-uzb/tenders-uzb/485-vacancy-director-2026 HTTP/1.1" 200 60396 "-" "Mozilla/5.0 (compatible; MJ12bot/v1.4.8; http://mj12bot.com/)"
20.151.129.194 - - [24/Aug/2026:20:13:53 +0500] "GET /222.php HTTP/1.1" 401 36 "-" "-"
20.151.129.194 - - [24/Aug/2026:20:13:54 +0500] "GET /ops.php HTTP/1.1" 401 36 "-" "-"
20.151.129.194 - - [24/Aug/2026:20:13:54 +0500] "GET /4PJcpMFsD8B.php HTTP/1.1" 401 36 "-" "-"
20.151.129.194 - - [24/Aug/2026:20:13:55 +0500] "GET /3PJcpMFsD8B.php HTTP/1.1" 401 36 "-" "-"
20.151.129.194 - - [24/Aug/2026:20:13:55 +0500] "GET /new.php HTTP/1.1" 401 36 "-" "-"
20.151.129.194 - - [24/Aug/2026:20:13:55 +0500] "GET /confag.php HTTP/1.1" 401 36 "-" "-"
20.151.129.194 - - [24/Aug/2026:20:13:56 +0500] "GET /9b97ec/index.php HTTP/1.1" 401 36 "-" "-"
20.151.129.194 - - [24/Aug/2026:20:13:56 +0500] "GET /b9007d/index.php HTTP/1.1" 401 36 "-" "-"
20.151.129.194 - - [24/Aug/2026:20:13:57 +0500] "GET /aaa.php HTTP/1.1" 401 36 "-" "-"
20.151.129.194 - - [24/Aug/2026:20:13:57 +0500] "GET /000.php HTTP/1.1" 401 36 "-" "-"
20.151.129.194 - - [24/Aug/2026:20:13:58 +0500] "GET /11.php HTTP/1.1" 401 36 "-" "-"
54.37.252.131 - - [24/Aug/2026:20:13:57 +0500] "GET /uz/officially-uzb/tenders-uzb?start=12 HTTP/1.1" 200 64845 "-" "Mozilla/5.0 (compatible; MJ12bot/v1.4.8; http://mj12bot.com/)"
20.151.129.194 - - [24/Aug/2026:20:13:58 +0500] "GET /about.php HTTP/1.1" 401 36 "-" "-"
20.151.129.194 - - [24/Aug/2026:20:13:59 +0500] "GET /admin.php/admin.php HTTP/1.1" 401 36 "-" "-"
20.151.129.194 - - [24/Aug/2026:20:13:59 +0500] "GET /media.php HTTP/1.1" 401 36 "-" "-"
20.151.129.194 - - [24/Aug/2026:20:14:00 +0500] "GET /admin.php HTTP/1.1" 401 36 "-" "-"
20.151.129.194 - - [24/Aug/2026:20:14:00 +0500] "GET /mac.php HTTP/1.1" 401 36 "-" "-"
20.151.129.194 - - [24/Aug/2026:20:14:01 +0500] "GET /1.php HTTP/1.1" 401 36 "-" "-"
20.151.129.194 - - [24/Aug/2026:20:14:01 +0500] "GET /coffee.php HTTP/1.1" 401 36 "-" "-"
20.151.129.194 - - [24/Aug/2026:20:14:01 +0500] "GET /classwithtostring.php HTTP/1.1" 401 36 "-" "-"
20.151.129.194 - - [24/Aug/2026:20:14:02 +0500] "GET /wp-ws68.php HTTP/1.1" 401 36 "-" "-"
20.151.129.194 - - [24/Aug/2026:20:14:02 +0500] "GET /yj09.php HTTP/1.1" 401 36 "-" "-"
20.151.129.194 - - [24/Aug/2026:20:14:03 +0500] "GET /scxy.php HTTP/1.1" 401 36 "-" "-"
20.151.129.194 - - [24/Aug/2026:20:14:03 +0500] "GET /blurbs.php HTTP/1.1" 401 36 "-" "-"
54.37.252.131 - - [24/Aug/2026:20:14:02 +0500] "GET /uz/officially-uzb/tenders-uzb?start=16 HTTP/1.1" 200 69072 "-" "Mozilla/5.0 (compatible; MJ12bot/v1.4.8; http://mj12bot.com/)"
20.151.129.194 - - [24/Aug/2026:20:14:04 +0500] "GET /bajah.php HTTP/1.1" 401 36 "-" "-"
20.151.129.194 - - [24/Aug/2026:20:14:04 +0500] "GET /domvf.php HTTP/1.1" 401 36 "-" "-"
20.151.129.194 - - [24/Aug/2026:20:14:05 +0500] "GET /fpwch.php HTTP/1.1" 401 36 "-" "-"
20.151.129.194 - - [24/Aug/2026:20:14:05 +0500] "GET /adminner.php HTTP/1.1" 401 36 "-" "-"
20.151.129.194 - - [24/Aug/2026:20:14:05 +0500] "GET /abcd.php HTTP/1.1" 401 36 "-" "-"
20.151.129.194 - - [24/Aug/2026:20:14:06 +0500] "GET /simple.php HTTP/1.1" 401 36 "-" "-"
20.151.129.194 - - [24/Aug/2026:20:14:06 +0500] "GET /wp-load.php HTTP/1.1" 401 36 "-" "-"
20.151.129.194 - - [24/Aug/2026:20:14:07 +0500] "GET /155.php HTTP/1.1" 401 36 "-" "-"
20.151.129.194 - - [24/Aug/2026:20:14:07 +0500] "GET /aaa.php HTTP/1.1" 401 36 "-" "-"
20.151.129.194 - - [24/Aug/2026:20:14:08 +0500] "GET /FWAZ.php HTTP/1.1" 401 36 "-" "-"
20.151.129.194 - - [24/Aug/2026:20:14:08 +0500] "GET /ccc.php HTTP/1.1" 401 36 "-" "-"
20.151.129.194 - - [24/Aug/2026:20:14:09 +0500] "GET /admin.php HTTP/1.1" 401 36 "-" "-"
54.37.252.131 - - [24/Aug/2026:20:14:07 +0500] "GET /uz/officially-uzb/tenders-uzb?start=8 HTTP/1.1" 200 63581 "-" "Mozilla/5.0 (compatible; MJ12bot/v1.4.8; http://mj12bot.com/)"
20.151.129.194 - - [24/Aug/2026:20:14:09 +0500] "GET /reviall.php HTTP/1.1" 401 36 "-" "-"
20.151.129.194 - - [24/Aug/2026:20:14:09 +0500] "GET /hp2.php HTTP/1.1" 401 36 "-" "-"
20.151.129.194 - - [24/Aug/2026:20:14:10 +0500] "GET /doc.php HTTP/1.1" 401 36 "-" "-"
20.151.129.194 - - [24/Aug/2026:20:14:10 +0500] "GET /too.php HTTP/1.1" 401 36 "-" "-"
20.151.129.194 - - [24/Aug/2026:20:14:11 +0500] "GET /kir.php HTTP/1.1" 401 36 "-" "-"
20.151.129.194 - - [24/Aug/2026:20:14:11 +0500] "GET /wp-includes/Requests/ HTTP/1.1" 401 36 "-" "-"
34.10.180.98 - - [24/Aug/2026:20:14:10 +0500] "GET /uz/korp-upr-uzb/265-corp-upr-rating-2018 HTTP/1.1" 200 55998 "-" "Mozilla/5.0 (Macintosh; Intel Mac OS X 10_15_7) AppleWebKit/537.36 (KHTML, like Gecko) Chrome/120.0.0.0 Safari/537.36"
20.151.129.194 - - [24/Aug/2026:20:14:12 +0500] "GET /wp-admin/css/colors/modern/ HTTP/1.1" 401 36 "-" "-"
20.151.129.194 - - [24/Aug/2026:20:14:12 +0500] "GET /wp-includes/assets/ HTTP/1.1" 401 36 "-" "-"
20.151.129.194 - - [24/Aug/2026:20:14:12 +0500] "GET /wp-admin/css/colors/sunrise/ HTTP/1.1" 401 36 "-" "-"
20.151.129.194 - - [24/Aug/2026:20:14:13 +0500] "GET /wp-includes/l10n/ HTTP/1.1" 401 36 "-" "-"
20.151.129.194 - - [24/Aug/2026:20:14:13 +0500] "GET /wp-content/uploads/ HTTP/1.1" 401 36 "-" "-"
20.151.129.194 - - [24/Aug/2026:20:14:14 +0500] "GET /cgi-bin/index.php HTTP/1.1" 401 36 "-" "-"
20.151.129.194 - - [24/Aug/2026:20:14:14 +0500] "GET /wp-includes/css/dist/ HTTP/1.1" 401 36 "-" "-"
20.151.129.194 - - [24/Aug/2026:20:14:15 +0500] "GET /wp-includes/js/jquery/ HTTP/1.1" 401 36 "-" "-"
20.151.129.194 - - [24/Aug/2026:20:14:15 +0500] "GET /wp-content/admin.php HTTP/1.1" 401 36 "-" "-"
20.151.129.194 - - [24/Aug/2026:20:14:16 +0500] "GET /wp-content/themes/index.php HTTP/1.1" 401 36 "-" "-"
20.151.129.194 - - [24/Aug/2026:20:14:16 +0500] "GET /wp-includes/blocks/details/ HTTP/1.1" 401 36 "-" "-"
20.151.129.194 - - [24/Aug/2026:20:14:16 +0500] "GET /.well-known/about.php HTTP/1.1" 401 36 "-" "-"
20.151.129.194 - - [24/Aug/2026:20:14:17 +0500] "GET /wp-includes/ID3/about.php HTTP/1.1" 401 36 "-" "-"
20.151.129.194 - - [24/Aug/2026:20:14:17 +0500] "GET /wp-includes/Text/ HTTP/1.1" 401 36 "-" "-"
20.151.129.194 - - [24/Aug/2026:20:14:18 +0500] "GET /ts.php HTTP/1.1" 401 36 "-" "-"
20.151.129.194 - - [24/Aug/2026:20:14:18 +0500] "GET /bak.php HTTP/1.1" 401 36 "-" "-"
20.151.129.194 - - [24/Aug/2026:20:14:19 +0500] "GET /olik.php HTTP/1.1" 401 36 "-" "-"
20.151.129.194 - - [24/Aug/2026:20:14:19 +0500] "GET /about.php HTTP/1.1" 401 36 "-" "-"
20.151.129.194 - - [24/Aug/2026:20:14:19 +0500] "GET /19.php HTTP/1.1" 401 36 "-" "-"
20.151.129.194 - - [24/Aug/2026:20:14:20 +0500] "GET /3cf97/index.php HTTP/1.1" 401 36 "-" "-"
20.151.129.194 - - [24/Aug/2026:20:14:20 +0500] "GET /12.php HTTP/1.1" 401 36 "-" "-"
54.37.252.131 - - [24/Aug/2026:20:14:19 +0500] "GET /uz/officially-uzb/ustav-uzb HTTP/1.1" 200 63036 "-" "Mozilla/5.0 (compatible; MJ12bot/v1.4.8; http://mj12bot.com/)"
20.151.129.194 - - [24/Aug/2026:20:14:21 +0500] "GET /term.php HTTP/1.1" 401 36 "-" "-"
54.37.252.131 - - [24/Aug/2026:20:14:24 +0500] "GET /uz/officially-uzb/ustav-uzb/133-ustav-22-07-16-uzb HTTP/1.1" 200 56403 "-" "Mozilla/5.0 (compatible; MJ12bot/v1.4.8; http://mj12bot.com/)"
54.37.252.131 - - [24/Aug/2026:20:14:32 +0500] "GET /uz/officially-uzb/ustav-uzb/273-ustav25-04-2019-uzb HTTP/1.1" 200 56415 "-" "Mozilla/5.0 (compatible; MJ12bot/v1.4.8; http://mj12bot.com/)"
54.37.252.131 - - [24/Aug/2026:20:14:37 +0500] "GET /uz/officially-uzb/ustav-uzb/312-ustav-19-05-2020-uzb HTTP/1.1" 200 56592 "-" "Mozilla/5.0 (compatible; MJ12bot/v1.4.8; http://mj12bot.com/)"
54.37.252.131 - - [24/Aug/2026:20:14:43 +0500] "GET /uz/officially-uzb/ustav-uzb/316-ustav-19-05-2020-uzb-2 HTTP/1.1" 200 56505 "-" "Mozilla/5.0 (compatible; MJ12bot/v1.4.8; http://mj12bot.com/)"
54.37.252.131 - - [24/Aug/2026:20:14:58 +0500] "GET /uz/officially-uzb/ustav-uzb/403-ustav-14-09-2022-uzb HTTP/1.1" 200 55776 "-" "Mozilla/5.0 (compatible; MJ12bot/v1.4.8; http://mj12bot.com/)"
54.37.252.131 - - [24/Aug/2026:20:15:02 +0500] "GET /uz/officially-uzb/ustav-uzb/438-ustav-16-07-2024-uzb HTTP/1.1" 200 55776 "-" "Mozilla/5.0 (compatible; MJ12bot/v1.4.8; http://mj12bot.com/)"
54.37.252.131 - - [24/Aug/2026:20:15:08 +0500] "GET /uz/officially-uzb/ustav-uzb/469-ustav-13-08-2025-uzb HTTP/1.1" 200 55782 "-" "Mozilla/5.0 (compatible; MJ12bot/v1.4.8; http://mj12bot.com/)"
54.37.252.131 - - [24/Aug/2026:20:15:13 +0500] "GET /uz/officially-uzb/ustav-uzb/8-ustav-07-07-14-uzb HTTP/1.1" 200 119917 "-" "Mozilla/5.0 (compatible; MJ12bot/v1.4.8; http://mj12bot.com/)"
34.10.180.98 - - [24/Aug/2026:20:15:35 +0500] "GET /ru/officially-rus/old-acts-rus?format=feed&type=rss HTTP/1.1" 200 86929 "-" "Mozilla/5.0 (Macintosh; Intel Mac OS X 10_15_7) AppleWebKit/537.36 (KHTML, like Gecko) Chrome/120.0.0.0 Safari/537.36"
54.37.252.131 - - [24/Aug/2026:20:15:42 +0500] "GET /uz/prospectus-uzb/10-uzbek HTTP/1.1" 200 66804 "-" "Mozilla/5.0 (compatible; MJ12bot/v1.4.8; http://mj12bot.com/)"
54.37.252.131 - - [24/Aug/2026:20:15:47 +0500] "GET /uz/prospectus-uzb/170-prospectus-30-03-09-uzb HTTP/1.1" 200 57010 "-" "Mozilla/5.0 (compatible; MJ12bot/v1.4.8; http://mj12bot.com/)"
54.37.252.131 - - [24/Aug/2026:20:15:55 +0500] "GET /uz/prospectus-uzb/188-prospectus-add-27-03-09-uzb HTTP/1.1" 200 56707 "-" "Mozilla/5.0 (compatible; MJ12bot/v1.4.8; http://mj12bot.com/)"
54.37.252.131 - - [24/Aug/2026:20:16:02 +0500] "GET /uz/prospectus-uzb/208-prospectus-13-09-01-uzb HTTP/1.1" 200 56706 "-" "Mozilla/5.0 (compatible; MJ12bot/v1.4.8; http://mj12bot.com/)"
54.37.252.131 - - [24/Aug/2026:20:16:07 +0500] "GET /uz/prospectus-uzb/210-prospectus-04-02-05-uzb HTTP/1.1" 200 56706 "-" "Mozilla/5.0 (compatible; MJ12bot/v1.4.8; http://mj12bot.com/)"
54.37.252.131 - - [24/Aug/2026:20:16:13 +0500] "GET /uz/prospectus-uzb/212-prospectus-change-15-09-14-uzb HTTP/1.1" 200 56997 "-" "Mozilla/5.0 (compatible; MJ12bot/v1.4.8; http://mj12bot.com/)"
54.37.252.131 - - [24/Aug/2026:20:16:18 +0500] "GET /uz/prospectus-uzb/78-emission-25-05-15-uzb HTTP/1.1" 200 56361 "-" "Mozilla/5.0 (compatible; MJ12bot/v1.4.8; http://mj12bot.com/)"
54.37.252.131 - - [24/Aug/2026:20:16:32 +0500] "GET /uz/votes-uzb HTTP/1.1" 200 62934 "-" "Mozilla/5.0 (compatible; MJ12bot/v1.4.8; http://mj12bot.com/)"
34.56.53.225 - - [24/Aug/2026:20:16:35 +0500] "GET /ru/facts-rus HTTP/1.1" 200 67064 "-" "Mozilla/5.0 (Macintosh; Intel Mac OS X 10_15_7) AppleWebKit/537.36 (KHTML, like Gecko) Chrome/120.0.0.0 Safari/537.36"
54.37.252.131 - - [24/Aug/2026:20:16:37 +0500] "GET /uz/votes-uzb/281-poll-20-11-2019 HTTP/1.1" 200 56574 "-" "Mozilla/5.0 (compatible; MJ12bot/v1.4.8; http://mj12bot.com/)"
54.37.252.131 - - [24/Aug/2026:20:16:47 +0500] "GET /uz/votes-uzb/315-poll-19-05-2020 HTTP/1.1" 508 288 "-" "Mozilla/5.0 (compatible; MJ12bot/v1.4.8; http://mj12bot.com/)"
54.37.252.131 - - [24/Aug/2026:20:16:51 +0500] "GET /uz/votes-uzb/340-poll-02-04-2021 HTTP/1.1" 200 56436 "-" "Mozilla/5.0 (compatible; MJ12bot/v1.4.8; http://mj12bot.com/)"
185.191.171.7 - - [24/Aug/2026:20:16:56 +0500] "GET /uz/?function=call_user_func_array&s=index%2Fthink%5C%5C%5C%5C%5C%5C%5C%5C%5C%5C%5C%5C%5C%5C%5C%5C%5C%5C%5C%5C%5C%5C%5C%5C%5C%5C%5C%5C%5C%5C%5C%5C%5C%5C%5C%5C%5C%5C%5C%5C%5C%5C%5C%5C%5C%5C%5C%5C%5C%5C%5C%5C%5C%5C%5C%5C%5C%5C%5C%5C%5C%5C%5C%5C%5C%5C%5C%5C%5C%5C%5C%5C%5C%5C%5C%5C%5C%5C%5C%5C%5C%5C%5C%5C%5C%5C%5C%5C%5C%5C%5C%5C%5C%5C%5C%5C%5C%5C%5C%5C%5C%5C%5C%5C%5C%5C%5C%5C%5C%5C%5C%5C%5C%5C%5C%5C%5C%5C%5C%5C%5C%5C%5C%5C%5C%5C%5C%5C%5C%5C%5C%5C%5C%5C%5C%5C%5C%5C%5C%5C%5C%5C%5C%5C%5C%5C%5C%5C%5C%5C%5C%5C%5C%5C%5C%5C%5C%5C%5C%5C%5C%5C%5C%5C%5C%5C%5C%5C%5C%5C%5C%5C%5C%5C%5C%5C%5C%5C%5C%5C%5C%5C%5C%5C%5C%5C%5C%5C%5C%5C%5C%5C%5C%5C%5C%5C%5C%5C%5C%5C%5C%5C%5C%5C%5C%5C%5C%5C%5C%5C%5C%5C%5C%5C%5C%5C%5C%5C%5C%5C%5C%5C%5C%5C%5C%5C%5C%5C%5C%5C%5C%5C%5C%5C%5C%5C%5C%5C%5C%5C%5C%5C%5C%5C%5C%5C%5C%5C%5C%5C%5C%5C%5C%5C%5C%5C%5C%5C%5C%5C%5C%5C%5C%5C%5C%5C%5C%5C%5C%5C%5C%5C%5C%5C%5C%5C%5C%5C%5C%5C%5C%5C%5C%5C%5C%5C%5C%5C%5C%5C%5C%5C%5C%5C%5C%5C%5C%5C%5C%5C%5C%5C%5C%5C%5C%5C%5C%5C%5C%5C%5C%5C%5C%5C%5C%5C%5C%5C%5C%5C%5C%5C%5C%5C%5C%5C%5C%5C%5C%5C%5C%5C%5C%5C%5C%5C%5C%5C%5C%5C%5C%5C%5C%5C%5C%5C%5C%5C%5C%5C%5C%5C%5C%5C%5C%5C%5C%5C%5C%5C%5C%5C%5C%5C%5C%5C%5C%5C%5C%5C%5C%5C%5C%5C%5C%5C%5C%5C%5C%5C%5C%5C%5C%5C%5C%5C%5C%5C%5C%5C%5C%5C%5C%5C%5C%5C%5C%5C%5C%5C%5C%5C%5C%5C%5C%5C%5C%5C%5C%5C%5C%5C%5C%5C%5C%5C%5C%5C%5C%5C%5C%5C%5C%5C%5C%5C%5C%5C%5C%5C%5C%5C%5C%5C%5C%5C%5C%5C%5C%5C%5C%5C%5C%5C%5C%5C%5C%5C%5C%5C%5C%5C%5C%5C%5C%5C%5C%5C%5C%5C%5C%5C%5C%5C%5C%5C%5C%5C%5C%5C%5C%5C%5C%5C%5C%5C%5C%5C%5C%5C%5C%5C%5C%5C%5C%5C%5C%5C%5C%5C%5C%5C%5C%5C%5C%5C%5C%5C%5C%5C%5C%5C%5C%5C%5C%5C%5C%5C%5C%5C%5C%5Capp%2Finvokefunction&start=32&vars%5B0%5D=phpinfo&vars%5B1%5D%5B0%5D=1 HTTP/1.1" 200 77016 "-" "Mozilla/5.0 (compatible; SemrushBot/7~bl; +http://www.semrush.com/bot.html)"
54.37.252.131 - - [24/Aug/2026:20:17:00 +0500] "GET /uz/votes-uzb/352-poll-31-03-2022 HTTP/1.1" 200 56436 "-" "Mozilla/5.0 (compatible; MJ12bot/v1.4.8; http://mj12bot.com/)"
