216.73.216.20 - - [24/Aug/2026:22:56:18 +0500] "GET /shops/crunk/a9r4o0y7n6t265144 HTTP/1.1" 301 - "-" "Mozilla/5.0 AppleWebKit/537.36 (KHTML, like Gecko; compatible; ClaudeBot/1.0; +claudebot@anthropic.com)"
81.167.26.57 - - [24/Aug/2026:22:56:22 +0500] "GET /uz/about-org-uzb/indexes-uzb/496-reports-2026-uzb HTTP/1.1" 200 56633 "-" "Mozilla/5.0 (compatible; MJ12bot/v1.4.8; http://mj12bot.com/)"
93.152.221.194 - - [24/Aug/2026:22:56:26 +0500] "GET /index.php HTTP/1.1" 301 - "-" "Mozilla/5.0 (Windows NT 10.0; Win64; x64) AppleWebKit/537.36"
216.73.216.20 - - [24/Aug/2026:22:56:26 +0500] "GET /uz/shops/crunk/a9r4o0y7n6t265144 HTTP/1.1" 404 1216 "https://eskijuva-bozori.uz/shops/crunk/a9r4o0y7n6t265144" "Mozilla/5.0 AppleWebKit/537.36 (KHTML, like Gecko; compatible; ClaudeBot/1.0; +claudebot@anthropic.com)"
216.73.216.20 - - [24/Aug/2026:22:56:38 +0500] "GET /shops/plastids/c9a9r5p1i3n6g0948 HTTP/1.1" 508 288 "-" "Mozilla/5.0 AppleWebKit/537.36 (KHTML, like Gecko; compatible; ClaudeBot/1.0; +claudebot@anthropic.com)"
93.152.221.194 - - [24/Aug/2026:22:56:30 +0500] "GET /uz/ HTTP/1.1" 200 68819 "-" "Mozilla/5.0 (Windows NT 10.0; Win64; x64) AppleWebKit/537.36"
93.152.221.194 - - [24/Aug/2026:22:56:39 +0500] "POST /index.php?option=com_jce&task=plugin.rpc&plugin=filemanager&profile_id=3 HTTP/1.1" 508 288 "-" "Mozilla/5.0 (Windows NT 10.0; Win64; x64) AppleWebKit/537.36"
85.208.96.204 - - [24/Aug/2026:22:56:29 +0500] "GET /uz/audit-uzb/18-uzbek/shareholders-uzb?start=10 HTTP/1.1" 200 64768 "-" "Mozilla/5.0 (compatible; SemrushBot/7~bl; +http://www.semrush.com/bot.html)"
81.167.26.57 - - [24/Aug/2026:22:56:32 +0500] "GET /uz/about-org-uzb/indexes-uzb?format=feed&type=atom HTTP/1.1" 200 51648 "-" "Mozilla/5.0 (compatible; MJ12bot/v1.4.8; http://mj12bot.com/)"
93.152.221.194 - - [24/Aug/2026:22:56:39 +0500] "POST /index.php?option=com_jce&task=plugin.rpc&plugin=filemanager&profile_id=4 HTTP/1.1" 303 - "-" "Mozilla/5.0 (Windows NT 10.0; Win64; x64) AppleWebKit/537.36"
93.152.221.194 - - [24/Aug/2026:22:56:46 +0500] "GET /index.php HTTP/1.1" 301 - "-" "Mozilla/5.0 (Windows NT 10.0; Win64; x64) AppleWebKit/537.36"
81.167.26.57 - - [24/Aug/2026:22:56:44 +0500] "GET /uz/about-org-uzb/indexes-uzb?format=feed&type=rss HTTP/1.1" 200 22577 "-" "Mozilla/5.0 (compatible; MJ12bot/v1.4.8; http://mj12bot.com/)"
216.73.216.20 - - [24/Aug/2026:22:56:50 +0500] "GET /?r=m9a3m9m1a0l9i9a1917 HTTP/1.1" 301 - "-" "Mozilla/5.0 AppleWebKit/537.36 (KHTML, like Gecko; compatible; ClaudeBot/1.0; +claudebot@anthropic.com)"
20.196.209.81 - - [24/Aug/2026:22:56:50 +0500] "GET / HTTP/1.1" 301 - "-" "Mozilla/5.0 (Windows NT 10.0; Win64; x64) AppleWebKit/537.36 (KHTML, like Gecko) Chrome/120.0.0.0 Safari/537.36"
93.152.221.194 - - [24/Aug/2026:22:56:51 +0500] "GET /uz/ HTTP/1.1" 200 68819 "-" "Mozilla/5.0 (Windows NT 10.0; Win64; x64) AppleWebKit/537.36"
216.73.216.183 - - [24/Aug/2026:22:56:54 +0500] "GET /?%60=s3t5r1a6i3g6h4t061 HTTP/1.1" 301 - "-" "Mozilla/5.0 AppleWebKit/537.36 (KHTML, like Gecko; compatible; ClaudeBot/1.0; +claudebot@anthropic.com)"
216.73.216.20 - - [24/Aug/2026:22:56:55 +0500] "GET /uz/?r=m9a3m9m1a0l9i9a1917 HTTP/1.1" 200 68411 "https://eskijuva-bozori.uz/?r=m9a3m9m1a0l9i9a1917" "Mozilla/5.0 AppleWebKit/537.36 (KHTML, like Gecko; compatible; ClaudeBot/1.0; +claudebot@anthropic.com)"
216.73.216.20 - - [24/Aug/2026:22:57:04 +0500] "GET /shops/godchild/a9s1t4u7n0069252 HTTP/1.1" 508 288 "-" "Mozilla/5.0 AppleWebKit/537.36 (KHTML, like Gecko; compatible; ClaudeBot/1.0; +claudebot@anthropic.com)"
93.152.221.194 - - [24/Aug/2026:22:56:58 +0500] "POST /index.php?option=com_jce&task=plugin.rpc&plugin=filemanager&profile_id=4 HTTP/1.1" 303 - "-" "Mozilla/5.0 (Windows NT 10.0; Win64; x64) AppleWebKit/537.36"
81.167.26.57 - - [24/Aug/2026:22:56:54 +0500] "GET /uz/about-org-uzb/sajt-kharitasi?template=yoo_master2 HTTP/1.1" 200 58616 "-" "Mozilla/5.0 (compatible; MJ12bot/v1.4.8; http://mj12bot.com/)"
93.152.221.194 - - [24/Aug/2026:22:57:04 +0500] "GET /index.php HTTP/1.1" 508 288 "-" "Mozilla/5.0 (Windows NT 10.0; Win64; x64) AppleWebKit/537.36"
93.152.221.194 - - [24/Aug/2026:22:57:05 +0500] "POST /index.php?option=com_jce&task=plugin.rpc&plugin=filemanager&profile_id=5 HTTP/1.1" 508 288 "-" "Mozilla/5.0 (Windows NT 10.0; Win64; x64) AppleWebKit/537.36"
93.152.221.194 - - [24/Aug/2026:22:57:05 +0500] "POST /index.php?option=com_jce&task=plugin.rpc&plugin=filemanager&profile_id=5 HTTP/1.1" 508 288 "-" "Mozilla/5.0 (Windows NT 10.0; Win64; x64) AppleWebKit/537.36"
216.73.216.183 - - [24/Aug/2026:22:57:00 +0500] "GET /uz/?%60=s3t5r1a6i3g6h4t061 HTTP/1.1" 200 68636 "https://www.eskijuva-bozori.uz.uzbekgidroenergoqurilish.uz/?%60=s3t5r1a6i3g6h4t061" "Mozilla/5.0 AppleWebKit/537.36 (KHTML, like Gecko; compatible; ClaudeBot/1.0; +claudebot@anthropic.com)"
216.73.216.20 - - [24/Aug/2026:22:57:16 +0500] "GET /shops/astrochemistry/d9e3c6e4m4v2i9r8a9t7e8 HTTP/1.1" 508 288 "-" "Mozilla/5.0 AppleWebKit/537.36 (KHTML, like Gecko; compatible; ClaudeBot/1.0; +claudebot@anthropic.com)"
216.73.216.183 - - [24/Aug/2026:22:57:19 +0500] "GET /?%60=s3p4o0n1s1o3n19313 HTTP/1.1" 508 288 "-" "Mozilla/5.0 AppleWebKit/537.36 (KHTML, like Gecko; compatible; ClaudeBot/1.0; +claudebot@anthropic.com)"
81.167.26.57 - - [24/Aug/2026:22:57:08 +0500] "GET /uz/about-org-uzb/strategy-uzb/214-medium-long-term-development-strategy-uzb HTTP/1.1" 200 94497 "-" "Mozilla/5.0 (compatible; MJ12bot/v1.4.8; http://mj12bot.com/)"
216.73.216.20 - - [24/Aug/2026:22:57:28 +0500] "GET /?r=s9c1o8t1o9m7a297 HTTP/1.1" 508 288 "-" "Mozilla/5.0 AppleWebKit/537.36 (KHTML, like Gecko; compatible; ClaudeBot/1.0; +claudebot@anthropic.com)"
81.167.26.57 - - [24/Aug/2026:22:57:44 +0500] "GET /uz/about-org-uzb/strategy-uzb?format=feed&type=atom HTTP/1.1" 508 288 "-" "Mozilla/5.0 (compatible; MJ12bot/v1.4.8; http://mj12bot.com/)"
81.167.26.57 - - [24/Aug/2026:22:57:48 +0500] "GET /uz/about-org-uzb/strategy-uzb?format=feed&type=rss HTTP/1.1" 508 288 "-" "Mozilla/5.0 (compatible; MJ12bot/v1.4.8; http://mj12bot.com/)"
216.73.216.183 - - [24/Aug/2026:22:57:50 +0500] "GET /shops/helleborin/f3a9r0t2h2e2r6m2o1st HTTP/1.1" 301 - "-" "Mozilla/5.0 AppleWebKit/537.36 (KHTML, like Gecko; compatible; ClaudeBot/1.0; +claudebot@anthropic.com)"
81.167.26.57 - - [24/Aug/2026:22:57:51 +0500] "GET /uz/about-org-uzb/strategy-uzb?template=accessibility HTTP/1.1" 200 31907 "-" "Mozilla/5.0 (compatible; MJ12bot/v1.4.8; http://mj12bot.com/)"
216.73.216.183 - - [24/Aug/2026:22:57:57 +0500] "GET /uz/shops/helleborin/f3a9r0t2h2e2r6m2o1st HTTP/1.1" 404 1248 "https://www.eskijuva-bozori.uz.uzbekgidroenergoqurilish.uz/shops/helleborin/f3a9r0t2h2e2r6m2o1st" "Mozilla/5.0 AppleWebKit/537.36 (KHTML, like Gecko; compatible; ClaudeBot/1.0; +claudebot@anthropic.com)"
81.167.26.57 - - [24/Aug/2026:22:58:05 +0500] "GET /uz/about-org-uzb/structure-uzb?template=accessibility HTTP/1.1" 200 26649 "-" "Mozilla/5.0 (compatible; MJ12bot/v1.4.8; http://mj12bot.com/)"
216.73.216.183 - - [24/Aug/2026:22:58:14 +0500] "GET /?%60=a3g2g0r7a7n9d8i0z6e16 HTTP/1.1" 301 - "-" "Mozilla/5.0 AppleWebKit/537.36 (KHTML, like Gecko; compatible; ClaudeBot/1.0; +claudebot@anthropic.com)"
81.167.26.57 - - [24/Aug/2026:22:58:19 +0500] "GET /uz/acquisition-of-shares-uz?template=accessibility HTTP/1.1" 200 28351 "-" "Mozilla/5.0 (compatible; MJ12bot/v1.4.8; http://mj12bot.com/)"
216.73.216.183 - - [24/Aug/2026:22:58:20 +0500] "GET /uz/?%60=a3g2g0r7a7n9d8i0z6e16 HTTP/1.1" 200 68639 "https://www.eskijuva-bozori.uz.uzbekgidroenergoqurilish.uz/?%60=a3g2g0r7a7n9d8i0z6e16" "Mozilla/5.0 AppleWebKit/537.36 (KHTML, like Gecko; compatible; ClaudeBot/1.0; +claudebot@anthropic.com)"
81.167.26.57 - - [24/Aug/2026:22:58:30 +0500] "GET /uz/affil-uzb?template=accessibility HTTP/1.1" 200 26192 "-" "Mozilla/5.0 (compatible; MJ12bot/v1.4.8; http://mj12bot.com/)"
81.167.26.57 - - [24/Aug/2026:22:58:40 +0500] "GET /uz/audit-uzb/10-uzbek HTTP/1.1" 200 66705 "-" "Mozilla/5.0 (compatible; MJ12bot/v1.4.8; http://mj12bot.com/)"
216.73.216.183 - - [24/Aug/2026:22:58:52 +0500] "GET /?%60=a3r7c7h1i7t6e2c4t2u5ral HTTP/1.1" 301 - "-" "Mozilla/5.0 AppleWebKit/537.36 (KHTML, like Gecko; compatible; ClaudeBot/1.0; +claudebot@anthropic.com)"
216.73.216.183 - - [24/Aug/2026:22:58:56 +0500] "GET /uz/?%60=a3r7c7h1i7t6e2c4t2u5ral HTTP/1.1" 200 68641 "https://www.eskijuva-bozori.uz.uzbekgidroenergoqurilish.uz/?%60=a3r7c7h1i7t6e2c4t2u5ral" "Mozilla/5.0 AppleWebKit/537.36 (KHTML, like Gecko; compatible; ClaudeBot/1.0; +claudebot@anthropic.com)"
216.73.216.183 - - [24/Aug/2026:22:59:16 +0500] "GET /?%60=a3n3t3i2c1a6t9a8r0r8h4al HTTP/1.1" 508 288 "-" "Mozilla/5.0 AppleWebKit/537.36 (KHTML, like Gecko; compatible; ClaudeBot/1.0; +claudebot@anthropic.com)"
34.171.68.95 - - [24/Aug/2026:22:59:12 +0500] "GET /uz/dividends-uzb/452-dividend-2024-offer HTTP/1.1" 200 57582 "-" "Mozilla/5.0 (Macintosh; Intel Mac OS X 10_15_7) AppleWebKit/537.36 (KHTML, like Gecko) Chrome/120.0.0.0 Safari/537.36"
34.171.68.95 - - [24/Aug/2026:22:59:15 +0500] "GET /ru/prospectus-rus/207-prospectus-13-09-01-rus HTTP/1.1" 200 55688 "-" "Mozilla/5.0 (Macintosh; Intel Mac OS X 10_15_7) AppleWebKit/537.36 (KHTML, like Gecko) Chrome/120.0.0.0 Safari/537.36"
81.167.26.57 - - [24/Aug/2026:22:59:37 +0500] "GET /uz/audit-uzb?format=feed&type=atom HTTP/1.1" 200 11619 "-" "Mozilla/5.0 (compatible; MJ12bot/v1.4.8; http://mj12bot.com/)"
81.167.26.57 - - [24/Aug/2026:22:59:45 +0500] "GET /uz/audit-uzb?format=feed&type=rss HTTP/1.1" 200 7102 "-" "Mozilla/5.0 (compatible; MJ12bot/v1.4.8; http://mj12bot.com/)"
34.10.180.98 - - [24/Aug/2026:22:59:45 +0500] "GET /ru/officially-rus/tenders-rus?start=4 HTTP/1.1" 200 60939 "-" "Mozilla/5.0 (Macintosh; Intel Mac OS X 10_15_7) AppleWebKit/537.36 (KHTML, like Gecko) Chrome/120.0.0.0 Safari/537.36"
34.56.53.225 - - [24/Aug/2026:22:59:52 +0500] "GET /ru/component/search/?Itemid=169&format=opensearch HTTP/1.1" 200 749 "-" "Mozilla/5.0 (Macintosh; Intel Mac OS X 10_15_7) AppleWebKit/537.36 (KHTML, like Gecko) Chrome/120.0.0.0 Safari/537.36"
216.73.216.20 - - [24/Aug/2026:22:59:53 +0500] "GET /?r=s9m2o2c3k3l6e7s4s094 HTTP/1.1" 301 - "-" "Mozilla/5.0 AppleWebKit/537.36 (KHTML, like Gecko; compatible; ClaudeBot/1.0; +claudebot@anthropic.com)"
216.73.216.20 - - [24/Aug/2026:22:59:58 +0500] "GET /uz/?r=s9m2o2c3k3l6e7s4s094 HTTP/1.1" 200 68412 "https://eskijuva-bozori.uz/?r=s9m2o2c3k3l6e7s4s094" "Mozilla/5.0 AppleWebKit/537.36 (KHTML, like Gecko; compatible; ClaudeBot/1.0; +claudebot@anthropic.com)"
216.73.216.20 - - [24/Aug/2026:23:00:05 +0500] "GET /?r=d9o6u3c4e742150 HTTP/1.1" 301 - "-" "Mozilla/5.0 AppleWebKit/537.36 (KHTML, like Gecko; compatible; ClaudeBot/1.0; +claudebot@anthropic.com)"
81.167.26.57 - - [24/Aug/2026:23:00:05 +0500] "GET /uz/audit-uzb?template=accessibility HTTP/1.1" 200 31984 "-" "Mozilla/5.0 (compatible; MJ12bot/v1.4.8; http://mj12bot.com/)"
216.73.216.20 - - [24/Aug/2026:23:00:09 +0500] "GET /uz/?r=d9o6u3c4e742150 HTTP/1.1" 200 68407 "https://eskijuva-bozori.uz/?r=d9o6u3c4e742150" "Mozilla/5.0 AppleWebKit/537.36 (KHTML, like Gecko; compatible; ClaudeBot/1.0; +claudebot@anthropic.com)"
81.167.26.57 - - [24/Aug/2026:23:00:12 +0500] "GET /uz/comissions-uzb/10-uzbek HTTP/1.1" 200 105845 "-" "Mozilla/5.0 (compatible; MJ12bot/v1.4.8; http://mj12bot.com/)"
216.73.216.20 - - [24/Aug/2026:23:00:17 +0500] "GET /?r=p9o2r3c8e1l4l2u8s744 HTTP/1.1" 301 - "-" "Mozilla/5.0 AppleWebKit/537.36 (KHTML, like Gecko; compatible; ClaudeBot/1.0; +claudebot@anthropic.com)"
81.167.26.57 - - [24/Aug/2026:23:00:20 +0500] "GET /uz/comissions-uzb/18-uzbek/shareholders-uzb HTTP/1.1" 200 72225 "-" "Mozilla/5.0 (compatible; MJ12bot/v1.4.8; http://mj12bot.com/)"
216.73.216.20 - - [24/Aug/2026:23:00:21 +0500] "GET /uz/?r=p9o2r3c8e1l4l2u8s744 HTTP/1.1" 200 68412 "https://eskijuva-bozori.uz/?r=p9o2r3c8e1l4l2u8s744" "Mozilla/5.0 AppleWebKit/537.36 (KHTML, like Gecko; compatible; ClaudeBot/1.0; +claudebot@anthropic.com)"
216.73.216.20 - - [24/Aug/2026:23:00:24 +0500] "GET /?r=d9o2o3r8s8t2o3p0600 HTTP/1.1" 301 - "-" "Mozilla/5.0 AppleWebKit/537.36 (KHTML, like Gecko; compatible; ClaudeBot/1.0; +claudebot@anthropic.com)"
216.73.216.20 - - [24/Aug/2026:23:00:28 +0500] "GET /uz/?r=d9o2o3r8s8t2o3p0600 HTTP/1.1" 200 68411 "https://eskijuva-bozori.uz/?r=d9o2o3r8s8t2o3p0600" "Mozilla/5.0 AppleWebKit/537.36 (KHTML, like Gecko; compatible; ClaudeBot/1.0; +claudebot@anthropic.com)"
81.167.26.57 - - [24/Aug/2026:23:00:29 +0500] "GET /uz/comissions-uzb?template=accessibility HTTP/1.1" 200 29005 "-" "Mozilla/5.0 (compatible; MJ12bot/v1.4.8; http://mj12bot.com/)"
216.73.216.20 - - [24/Aug/2026:23:00:36 +0500] "GET /?r=a9n8t7h8r0o7p3o4p9h0uism HTTP/1.1" 301 - "-" "Mozilla/5.0 AppleWebKit/537.36 (KHTML, like Gecko; compatible; ClaudeBot/1.0; +claudebot@anthropic.com)"
81.167.26.57 - - [24/Aug/2026:23:00:38 +0500] "GET /uz/component/mijopolls/?template=accessibility HTTP/1.1" 200 29041 "-" "Mozilla/5.0 (compatible; MJ12bot/v1.4.8; http://mj12bot.com/)"
216.73.216.20 - - [24/Aug/2026:23:00:40 +0500] "GET /uz/?r=a9n8t7h8r0o7p3o4p9h0uism HTTP/1.1" 200 68416 "https://eskijuva-bozori.uz/?r=a9n8t7h8r0o7p3o4p9h0uism" "Mozilla/5.0 AppleWebKit/537.36 (KHTML, like Gecko; compatible; ClaudeBot/1.0; +claudebot@anthropic.com)"
81.167.26.57 - - [24/Aug/2026:23:00:47 +0500] "GET /uz/contacts-uzb?template=accessibility HTTP/1.1" 200 34835 "-" "Mozilla/5.0 (compatible; MJ12bot/v1.4.8; http://mj12bot.com/)"
216.73.216.20 - - [24/Aug/2026:23:00:55 +0500] "GET /shops/dramatist/r9e3m2i7x0731565 HTTP/1.1" 301 - "-" "Mozilla/5.0 AppleWebKit/537.36 (KHTML, like Gecko; compatible; ClaudeBot/1.0; +claudebot@anthropic.com)"
216.73.216.20 - - [24/Aug/2026:23:00:59 +0500] "GET /uz/shops/dramatist/r9e3m2i7x0731565 HTTP/1.1" 404 1216 "https://eskijuva-bozori.uz/shops/dramatist/r9e3m2i7x0731565" "Mozilla/5.0 AppleWebKit/537.36 (KHTML, like Gecko; compatible; ClaudeBot/1.0; +claudebot@anthropic.com)"
216.73.216.20 - - [24/Aug/2026:23:01:07 +0500] "GET /shops/soberest/s9u7l2p3h7u6r3a5t6ed HTTP/1.1" 301 - "-" "Mozilla/5.0 AppleWebKit/537.36 (KHTML, like Gecko; compatible; ClaudeBot/1.0; +claudebot@anthropic.com)"
81.167.26.57 - - [24/Aug/2026:23:01:13 +0500] "GET /uz/dividends-uzb?format=feed&type=atom HTTP/1.1" 200 3933 "-" "Mozilla/5.0 (compatible; MJ12bot/v1.4.8; http://mj12bot.com/)"
216.73.216.20 - - [24/Aug/2026:23:01:13 +0500] "GET /uz/shops/soberest/s9u7l2p3h7u6r3a5t6ed HTTP/1.1" 404 1216 "https://eskijuva-bozori.uz/shops/soberest/s9u7l2p3h7u6r3a5t6ed" "Mozilla/5.0 AppleWebKit/537.36 (KHTML, like Gecko; compatible; ClaudeBot/1.0; +claudebot@anthropic.com)"
216.73.216.183 - - [24/Aug/2026:23:01:20 +0500] "GET /uz/?r=p4i2c5t0u4r1a28660&start=52 HTTP/1.1" 200 69280 "-" "Mozilla/5.0 AppleWebKit/537.36 (KHTML, like Gecko; compatible; ClaudeBot/1.0; +claudebot@anthropic.com)"
81.167.26.57 - - [24/Aug/2026:23:01:24 +0500] "GET /uz/dividends-uzb?format=feed&type=rss HTTP/1.1" 200 3461 "-" "Mozilla/5.0 (compatible; MJ12bot/v1.4.8; http://mj12bot.com/)"
216.73.216.20 - - [24/Aug/2026:23:01:25 +0500] "GET /shops/derogatively/m9a3g4n9i1f7y9i2n0g01 HTTP/1.1" 301 - "-" "Mozilla/5.0 AppleWebKit/537.36 (KHTML, like Gecko; compatible; ClaudeBot/1.0; +claudebot@anthropic.com)"
216.73.216.20 - - [24/Aug/2026:23:01:32 +0500] "GET /uz/shops/derogatively/m9a3g4n9i1f7y9i2n0g01 HTTP/1.1" 404 1216 "https://eskijuva-bozori.uz/shops/derogatively/m9a3g4n9i1f7y9i2n0g01" "Mozilla/5.0 AppleWebKit/537.36 (KHTML, like Gecko; compatible; ClaudeBot/1.0; +claudebot@anthropic.com)"
216.73.216.20 - - [24/Aug/2026:23:01:37 +0500] "GET /?r=i9n3t4e1r7v1e1n0u6e09 HTTP/1.1" 301 - "-" "Mozilla/5.0 AppleWebKit/537.36 (KHTML, like Gecko; compatible; ClaudeBot/1.0; +claudebot@anthropic.com)"
216.73.216.20 - - [24/Aug/2026:23:01:42 +0500] "GET /uz/?r=i9n3t4e1r7v1e1n0u6e09 HTTP/1.1" 200 68426 "https://eskijuva-bozori.uz/?r=i9n3t4e1r7v1e1n0u6e09" "Mozilla/5.0 AppleWebKit/537.36 (KHTML, like Gecko; compatible; ClaudeBot/1.0; +claudebot@anthropic.com)"
216.73.216.20 - - [24/Aug/2026:23:01:56 +0500] "GET /uz/?r=t9e5a6c6h075845&start=8 HTTP/1.1" 200 67645 "-" "Mozilla/5.0 AppleWebKit/537.36 (KHTML, like Gecko; compatible; ClaudeBot/1.0; +claudebot@anthropic.com)"
81.167.26.57 - - [24/Aug/2026:23:01:58 +0500] "GET /uz/dividends-uzb?template=accessibility HTTP/1.1" 200 32212 "-" "Mozilla/5.0 (compatible; MJ12bot/v1.4.8; http://mj12bot.com/)"
81.167.26.57 - - [24/Aug/2026:23:02:06 +0500] "GET /uz/events-uzb?format=feed&type=atom HTTP/1.1" 200 77667 "-" "Mozilla/5.0 (compatible; MJ12bot/v1.4.8; http://mj12bot.com/)"
216.73.216.20 - - [24/Aug/2026:23:02:08 +0500] "GET /shops/cymothoa/g9a4u0l7o5n0i5t3e045 HTTP/1.1" 301 - "-" "Mozilla/5.0 AppleWebKit/537.36 (KHTML, like Gecko; compatible; ClaudeBot/1.0; +claudebot@anthropic.com)"
34.57.162.91 - - [24/Aug/2026:23:02:06 +0500] "GET /uz/jsc-docs-uzb/183-inf-pol-28-06-16-uzb HTTP/1.1" 200 81469 "-" "Mozilla/5.0 (Macintosh; Intel Mac OS X 10_15_7) AppleWebKit/537.36 (KHTML, like Gecko) Chrome/120.0.0.0 Safari/537.36"
216.73.216.20 - - [24/Aug/2026:23:02:13 +0500] "GET /uz/shops/cymothoa/g9a4u0l7o5n0i5t3e045 HTTP/1.1" 404 1216 "https://eskijuva-bozori.uz/shops/cymothoa/g9a4u0l7o5n0i5t3e045" "Mozilla/5.0 AppleWebKit/537.36 (KHTML, like Gecko; compatible; ClaudeBot/1.0; +claudebot@anthropic.com)"
81.167.26.57 - - [24/Aug/2026:23:02:16 +0500] "GET /uz/events-uzb?format=feed&type=rss HTTP/1.1" 200 34703 "-" "Mozilla/5.0 (compatible; MJ12bot/v1.4.8; http://mj12bot.com/)"
185.191.171.11 - - [24/Aug/2026:23:02:15 +0500] "GET /uz/?function=call_user_func_array&s=index%2Fthink%5C%5C%5C%5C%5C%5C%5C%5C%5C%5C%5C%5C%5C%5C%5C%5C%5C%5C%5C%5C%5C%5C%5C%5C%5C%5C%5C%5C%5C%5C%5C%5C%5C%5C%5C%5C%5C%5C%5C%5C%5C%5C%5C%5C%5C%5C%5C%5C%5C%5C%5C%5C%5C%5C%5C%5C%5C%5C%5C%5C%5C%5C%5C%5Capp%2Finvokefunction&start=4&vars%5B0%5D=phpinfo&vars%5B1%5D%5B0%5D=1 HTTP/1.1" 200 68293 "-" "Mozilla/5.0 (compatible; SemrushBot/7~bl; +http://www.semrush.com/bot.html)"
216.73.216.20 - - [24/Aug/2026:23:02:20 +0500] "GET /longline/p9o4l2y1t2h0e9i1z0e06 HTTP/1.1" 301 - "-" "Mozilla/5.0 AppleWebKit/537.36 (KHTML, like Gecko; compatible; ClaudeBot/1.0; +claudebot@anthropic.com)"
216.73.216.20 - - [24/Aug/2026:23:02:24 +0500] "GET /uz/longline/p9o4l2y1t2h0e9i1z0e06 HTTP/1.1" 404 1216 "https://eskijuva-bozori.uz/longline/p9o4l2y1t2h0e9i1z0e06" "Mozilla/5.0 AppleWebKit/537.36 (KHTML, like Gecko; compatible; ClaudeBot/1.0; +claudebot@anthropic.com)"
216.73.216.20 - - [24/Aug/2026:23:02:27 +0500] "GET /?r=c9a3r7d5i3t9i8s5127 HTTP/1.1" 301 - "-" "Mozilla/5.0 AppleWebKit/537.36 (KHTML, like Gecko; compatible; ClaudeBot/1.0; +claudebot@anthropic.com)"
81.167.26.57 - - [24/Aug/2026:23:02:25 +0500] "GET /uz/events-uzb?template=accessibility HTTP/1.1" 200 29571 "-" "Mozilla/5.0 (compatible; MJ12bot/v1.4.8; http://mj12bot.com/)"
216.73.216.20 - - [24/Aug/2026:23:02:31 +0500] "GET /uz/?r=c9a3r7d5i3t9i8s5127 HTTP/1.1" 200 68424 "https://eskijuva-bozori.uz/?r=c9a3r7d5i3t9i8s5127" "Mozilla/5.0 AppleWebKit/537.36 (KHTML, like Gecko; compatible; ClaudeBot/1.0; +claudebot@anthropic.com)"
81.167.26.57 - - [24/Aug/2026:23:02:34 +0500] "GET /uz/facts-uzb/457-sush-fakt-08-15-04-2025ns-ej-pdf HTTP/1.1" 200 57218 "-" "Mozilla/5.0 (compatible; MJ12bot/v1.4.8; http://mj12bot.com/)"
216.73.216.20 - - [24/Aug/2026:23:02:37 +0500] "GET /shops/drepanodes/h9o8l9l8o1w98068 HTTP/1.1" 301 - "-" "Mozilla/5.0 AppleWebKit/537.36 (KHTML, like Gecko; compatible; ClaudeBot/1.0; +claudebot@anthropic.com)"
216.73.216.20 - - [24/Aug/2026:23:02:42 +0500] "GET /uz/shops/drepanodes/h9o8l9l8o1w98068 HTTP/1.1" 404 1216 "https://eskijuva-bozori.uz/shops/drepanodes/h9o8l9l8o1w98068" "Mozilla/5.0 AppleWebKit/537.36 (KHTML, like Gecko; compatible; ClaudeBot/1.0; +claudebot@anthropic.com)"
216.73.216.20 - - [24/Aug/2026:23:02:49 +0500] "GET /shops/shelterless/s9o1l3v7a2b2l8e2n5e9s6s HTTP/1.1" 301 - "-" "Mozilla/5.0 AppleWebKit/537.36 (KHTML, like Gecko; compatible; ClaudeBot/1.0; +claudebot@anthropic.com)"
81.167.26.57 - - [24/Aug/2026:23:02:44 +0500] "GET /uz/facts-uzb?start=30 HTTP/1.1" 200 68395 "-" "Mozilla/5.0 (compatible; MJ12bot/v1.4.8; http://mj12bot.com/)"
216.73.216.20 - - [24/Aug/2026:23:02:55 +0500] "GET /uz/shops/shelterless/s9o1l3v7a2b2l8e2n5e9s6s HTTP/1.1" 404 1216 "https://eskijuva-bozori.uz/shops/shelterless/s9o1l3v7a2b2l8e2n5e9s6s" "Mozilla/5.0 AppleWebKit/537.36 (KHTML, like Gecko; compatible; ClaudeBot/1.0; +claudebot@anthropic.com)"
81.167.26.57 - - [24/Aug/2026:23:02:59 +0500] "GET /uz/facts-uzb?start=45 HTTP/1.1" 200 68448 "-" "Mozilla/5.0 (compatible; MJ12bot/v1.4.8; http://mj12bot.com/)"
216.73.216.20 - - [24/Aug/2026:23:03:07 +0500] "GET /shops/plebicolist/a9n1d8r7e3n8i9d6a8e85 HTTP/1.1" 301 - "-" "Mozilla/5.0 AppleWebKit/537.36 (KHTML, like Gecko; compatible; ClaudeBot/1.0; +claudebot@anthropic.com)"
81.167.26.57 - - [24/Aug/2026:23:03:08 +0500] "GET /uz/facts-uzb?template=accessibility HTTP/1.1" 200 37021 "-" "Mozilla/5.0 (compatible; MJ12bot/v1.4.8; http://mj12bot.com/)"
216.73.216.20 - - [24/Aug/2026:23:03:12 +0500] "GET /uz/shops/plebicolist/a9n1d8r7e3n8i9d6a8e85 HTTP/1.1" 404 1216 "https://eskijuva-bozori.uz/shops/plebicolist/a9n1d8r7e3n8i9d6a8e85" "Mozilla/5.0 AppleWebKit/537.36 (KHTML, like Gecko; compatible; ClaudeBot/1.0; +claudebot@anthropic.com)"
81.167.26.57 - - [24/Aug/2026:23:03:17 +0500] "GET /uz/facts-uzb?template=yoo_master2&format=feed&type=atom HTTP/1.1" 200 14478 "-" "Mozilla/5.0 (compatible; MJ12bot/v1.4.8; http://mj12bot.com/)"
216.73.216.20 - - [24/Aug/2026:23:03:20 +0500] "GET /?r=f9o1p6p2i9s4h04155 HTTP/1.1" 301 - "-" "Mozilla/5.0 AppleWebKit/537.36 (KHTML, like Gecko; compatible; ClaudeBot/1.0; +claudebot@anthropic.com)"
34.171.68.95 - - [24/Aug/2026:23:03:25 +0500] "GET /uz/audit-uzb?format=feed&template=yoo_master2&type=rss HTTP/1.1" 200 7127 "-" "Mozilla/5.0 (Macintosh; Intel Mac OS X 10_15_7) AppleWebKit/537.36 (KHTML, like Gecko) Chrome/120.0.0.0 Safari/537.36"
216.73.216.20 - - [24/Aug/2026:23:03:26 +0500] "GET /uz/?r=f9o1p6p2i9s4h04155 HTTP/1.1" 200 68423 "https://eskijuva-bozori.uz/?r=f9o1p6p2i9s4h04155" "Mozilla/5.0 AppleWebKit/537.36 (KHTML, like Gecko; compatible; ClaudeBot/1.0; +claudebot@anthropic.com)"
81.167.26.57 - - [24/Aug/2026:23:03:28 +0500] "GET /uz/facts-uzb?template=yoo_master2&format=feed&type=rss HTTP/1.1" 200 9893 "-" "Mozilla/5.0 (compatible; MJ12bot/v1.4.8; http://mj12bot.com/)"
216.73.216.20 - - [24/Aug/2026:23:03:39 +0500] "GET /?r=t9i4g1l4i9c520253 HTTP/1.1" 301 - "-" "Mozilla/5.0 AppleWebKit/537.36 (KHTML, like Gecko; compatible; ClaudeBot/1.0; +claudebot@anthropic.com)"
81.167.26.57 - - [24/Aug/2026:23:03:38 +0500] "GET /uz/facts-uzb?template=yoo_master2&start=30 HTTP/1.1" 200 68033 "-" "Mozilla/5.0 (compatible; MJ12bot/v1.4.8; http://mj12bot.com/)"
216.73.216.20 - - [24/Aug/2026:23:03:44 +0500] "GET /uz/?r=t9i4g1l4i9c520253 HTTP/1.1" 200 68422 "https://eskijuva-bozori.uz/?r=t9i4g1l4i9c520253" "Mozilla/5.0 AppleWebKit/537.36 (KHTML, like Gecko; compatible; ClaudeBot/1.0; +claudebot@anthropic.com)"
81.167.26.57 - - [24/Aug/2026:23:03:48 +0500] "GET /uz/facts-uzb?template=yoo_master2&start=45 HTTP/1.1" 200 67850 "-" "Mozilla/5.0 (compatible; MJ12bot/v1.4.8; http://mj12bot.com/)"
81.167.26.57 - - [24/Aug/2026:23:03:57 +0500] "GET /uz/facts-uzb?template=yoo_master2&start=60 HTTP/1.1" 200 67834 "-" "Mozilla/5.0 (compatible; MJ12bot/v1.4.8; http://mj12bot.com/)"
216.73.216.20 - - [24/Aug/2026:23:04:00 +0500] "GET /?r=m9a1n6i8c1u5r8e2d147 HTTP/1.1" 301 - "-" "Mozilla/5.0 AppleWebKit/537.36 (KHTML, like Gecko; compatible; ClaudeBot/1.0; +claudebot@anthropic.com)"
216.73.216.20 - - [24/Aug/2026:23:04:04 +0500] "GET /uz/?r=m9a1n6i8c1u5r8e2d147 HTTP/1.1" 200 68425 "https://eskijuva-bozori.uz/?r=m9a1n6i8c1u5r8e2d147" "Mozilla/5.0 AppleWebKit/537.36 (KHTML, like Gecko; compatible; ClaudeBot/1.0; +claudebot@anthropic.com)"
81.167.26.57 - - [24/Aug/2026:23:04:06 +0500] "GET /uz/facts-uzb?template=yoo_master2&start=90 HTTP/1.1" 200 63077 "-" "Mozilla/5.0 (compatible; MJ12bot/v1.4.8; http://mj12bot.com/)"
216.73.216.20 - - [24/Aug/2026:23:04:10 +0500] "GET /?r=g9i1a4n7t9s788074 HTTP/1.1" 301 - "-" "Mozilla/5.0 AppleWebKit/537.36 (KHTML, like Gecko; compatible; ClaudeBot/1.0; +claudebot@anthropic.com)"
185.191.171.2 - - [24/Aug/2026:23:04:10 +0500] "GET /ru/facts-rus/109-06-fact-12-09-15 HTTP/1.1" 200 65297 "-" "Mozilla/5.0 (compatible; SemrushBot/7~bl; +http://www.semrush.com/bot.html)"
216.73.216.20 - - [24/Aug/2026:23:04:16 +0500] "GET /uz/?r=g9i1a4n7t9s788074 HTTP/1.1" 200 68422 "https://eskijuva-bozori.uz/?r=g9i1a4n7t9s788074" "Mozilla/5.0 AppleWebKit/537.36 (KHTML, like Gecko; compatible; ClaudeBot/1.0; +claudebot@anthropic.com)"
216.73.216.20 - - [24/Aug/2026:23:04:22 +0500] "GET /?r=p9a2r8i9t0o2r40924 HTTP/1.1" 301 - "-" "Mozilla/5.0 AppleWebKit/537.36 (KHTML, like Gecko; compatible; ClaudeBot/1.0; +claudebot@anthropic.com)"
81.167.26.57 - - [24/Aug/2026:23:04:26 +0500] "GET /uz/info-for-shareholders-uzb/287-kpe-2019-ej HTTP/1.1" 200 56469 "-" "Mozilla/5.0 (compatible; MJ12bot/v1.4.8; http://mj12bot.com/)"
216.73.216.20 - - [24/Aug/2026:23:04:26 +0500] "GET /uz/?r=p9a2r8i9t0o2r40924 HTTP/1.1" 200 68423 "https://eskijuva-bozori.uz/?r=p9a2r8i9t0o2r40924" "Mozilla/5.0 AppleWebKit/537.36 (KHTML, like Gecko; compatible; ClaudeBot/1.0; +claudebot@anthropic.com)"
81.167.26.57 - - [24/Aug/2026:23:04:36 +0500] "GET /uz/info-for-shareholders-uzb/318-dividend-2019-2 HTTP/1.1" 200 58581 "-" "Mozilla/5.0 (compatible; MJ12bot/v1.4.8; http://mj12bot.com/)"
216.73.216.20 - - [24/Aug/2026:23:04:41 +0500] "GET /shops/peert/t9a2e3n4i2o0g1l7o0s0s2a HTTP/1.1" 301 - "-" "Mozilla/5.0 AppleWebKit/537.36 (KHTML, like Gecko; compatible; ClaudeBot/1.0; +claudebot@anthropic.com)"
216.73.216.20 - - [24/Aug/2026:23:04:44 +0500] "GET /uz/shops/peert/t9a2e3n4i2o0g1l7o0s0s2a HTTP/1.1" 404 1216 "https://eskijuva-bozori.uz/shops/peert/t9a2e3n4i2o0g1l7o0s0s2a" "Mozilla/5.0 AppleWebKit/537.36 (KHTML, like Gecko; compatible; ClaudeBot/1.0; +claudebot@anthropic.com)"
81.167.26.57 - - [24/Aug/2026:23:04:46 +0500] "GET /uz/info-for-shareholders-uzb/322-kpe-3-2020 HTTP/1.1" 200 56696 "-" "Mozilla/5.0 (compatible; MJ12bot/v1.4.8; http://mj12bot.com/)"
216.73.216.20 - - [24/Aug/2026:23:04:53 +0500] "GET /?r=b9a1s1k3i5n5g9755 HTTP/1.1" 301 - "-" "Mozilla/5.0 AppleWebKit/537.36 (KHTML, like Gecko; compatible; ClaudeBot/1.0; +claudebot@anthropic.com)"
81.167.26.57 - - [24/Aug/2026:23:04:54 +0500] "GET /uz/info-for-shareholders-uzb/345-dividend-2020 HTTP/1.1" 200 58549 "-" "Mozilla/5.0 (compatible; MJ12bot/v1.4.8; http://mj12bot.com/)"
216.73.216.20 - - [24/Aug/2026:23:04:58 +0500] "GET /uz/?r=b9a1s1k3i5n5g9755 HTTP/1.1" 200 68422 "https://eskijuva-bozori.uz/?r=b9a1s1k3i5n5g9755" "Mozilla/5.0 AppleWebKit/537.36 (KHTML, like Gecko; compatible; ClaudeBot/1.0; +claudebot@anthropic.com)"
81.167.26.57 - - [24/Aug/2026:23:05:06 +0500] "GET /uz/info-for-shareholders-uzb?format=feed&type=atom HTTP/1.1" 200 14544 "-" "Mozilla/5.0 (compatible; MJ12bot/v1.4.8; http://mj12bot.com/)"
216.73.216.20 - - [24/Aug/2026:23:05:12 +0500] "GET /?r=p9e9n9n2o3n8c0e8l08 HTTP/1.1" 301 - "-" "Mozilla/5.0 AppleWebKit/537.36 (KHTML, like Gecko; compatible; ClaudeBot/1.0; +claudebot@anthropic.com)"
81.167.26.57 - - [24/Aug/2026:23:05:14 +0500] "GET /uz/info-for-shareholders-uzb?format=feed&type=rss HTTP/1.1" 200 9566 "-" "Mozilla/5.0 (compatible; MJ12bot/v1.4.8; http://mj12bot.com/)"
216.73.216.20 - - [24/Aug/2026:23:05:16 +0500] "GET /uz/?r=p9e9n9n2o3n8c0e8l08 HTTP/1.1" 200 68424 "https://eskijuva-bozori.uz/?r=p9e9n9n2o3n8c0e8l08" "Mozilla/5.0 AppleWebKit/537.36 (KHTML, like Gecko; compatible; ClaudeBot/1.0; +claudebot@anthropic.com)"
185.191.171.10 - - [24/Aug/2026:23:05:19 +0500] "GET /robots.txt HTTP/1.1" 200 111 "-" "Mozilla/5.0 (compatible; SemrushBot/7~bl; +http://www.semrush.com/bot.html)"
185.191.171.5 - - [24/Aug/2026:23:05:21 +0500] "GET /ru/facts-rus/160-08-fact-28-02-17 HTTP/1.1" 200 60213 "-" "Mozilla/5.0 (compatible; SemrushBot/7~bl; +http://www.semrush.com/bot.html)"
81.167.26.57 - - [24/Aug/2026:23:05:21 +0500] "GET /uz/info-for-shareholders-uzb?start=10 HTTP/1.1" 200 64764 "-" "Mozilla/5.0 (compatible; MJ12bot/v1.4.8; http://mj12bot.com/)"
216.73.216.20 - - [24/Aug/2026:23:05:23 +0500] "GET /?r=n9i1t2r0i5c401235 HTTP/1.1" 301 - "-" "Mozilla/5.0 AppleWebKit/537.36 (KHTML, like Gecko; compatible; ClaudeBot/1.0; +claudebot@anthropic.com)"
185.191.171.16 - - [24/Aug/2026:23:05:23 +0500] "GET /uz/info-for-shareholders-uzb/145-performance-indicators-1-kvartal-2016 HTTP/1.1" 200 59517 "-" "Mozilla/5.0 (compatible; SemrushBot/7~bl; +http://www.semrush.com/bot.html)"
216.73.216.20 - - [24/Aug/2026:23:05:28 +0500] "GET /uz/?r=n9i1t2r0i5c401235 HTTP/1.1" 200 68422 "https://eskijuva-bozori.uz/?r=n9i1t2r0i5c401235" "Mozilla/5.0 AppleWebKit/537.36 (KHTML, like Gecko; compatible; ClaudeBot/1.0; +claudebot@anthropic.com)"
81.167.26.57 - - [24/Aug/2026:23:05:29 +0500] "GET /uz/info-for-shareholders-uzb?start=20 HTTP/1.1" 200 60951 "-" "Mozilla/5.0 (compatible; MJ12bot/v1.4.8; http://mj12bot.com/)"
216.73.216.20 - - [24/Aug/2026:23:05:35 +0500] "GET /favonian/r9i7b0o0f8l5a3v1i3n1 HTTP/1.1" 301 - "-" "Mozilla/5.0 AppleWebKit/537.36 (KHTML, like Gecko; compatible; ClaudeBot/1.0; +claudebot@anthropic.com)"
81.167.26.57 - - [24/Aug/2026:23:05:35 +0500] "GET /uz/jsc-docs-uzb/136-obsh-sobr-add-28-06-16-uzb HTTP/1.1" 200 58704 "-" "Mozilla/5.0 (compatible; MJ12bot/v1.4.8; http://mj12bot.com/)"
216.73.216.20 - - [24/Aug/2026:23:05:37 +0500] "GET /uz/favonian/r9i7b0o0f8l5a3v1i3n1 HTTP/1.1" 404 1216 "https://eskijuva-bozori.uz/favonian/r9i7b0o0f8l5a3v1i3n1" "Mozilla/5.0 AppleWebKit/537.36 (KHTML, like Gecko; compatible; ClaudeBot/1.0; +claudebot@anthropic.com)"
81.167.26.57 - - [24/Aug/2026:23:05:41 +0500] "GET /uz/jsc-docs-uzb/138-direction-add-28-06-16-uzb HTTP/1.1" 200 57797 "-" "Mozilla/5.0 (compatible; MJ12bot/v1.4.8; http://mj12bot.com/)"
81.167.26.57 - - [24/Aug/2026:23:05:48 +0500] "GET /uz/jsc-docs-uzb/174-ustav-elga-xizmat-2016-uzb HTTP/1.1" 200 74760 "-" "Mozilla/5.0 (compatible; MJ12bot/v1.4.8; http://mj12bot.com/)"
216.73.216.20 - - [24/Aug/2026:23:05:49 +0500] "GET /?r=q9u1i3c2k2s4t7e8p125 HTTP/1.1" 301 - "-" "Mozilla/5.0 AppleWebKit/537.36 (KHTML, like Gecko; compatible; ClaudeBot/1.0; +claudebot@anthropic.com)"
216.73.216.20 - - [24/Aug/2026:23:05:51 +0500] "GET /uz/?r=q9u1i3c2k2s4t7e8p125 HTTP/1.1" 200 68425 "https://eskijuva-bozori.uz/?r=q9u1i3c2k2s4t7e8p125" "Mozilla/5.0 AppleWebKit/537.36 (KHTML, like Gecko; compatible; ClaudeBot/1.0; +claudebot@anthropic.com)"
81.167.26.57 - - [24/Aug/2026:23:05:54 +0500] "GET /uz/jsc-docs-uzb/179-div-pol-28-06-16-uzb HTTP/1.1" 200 86608 "-" "Mozilla/5.0 (compatible; MJ12bot/v1.4.8; http://mj12bot.com/)"
81.167.26.57 - - [24/Aug/2026:23:06:04 +0500] "GET /uz/jsc-docs-uzb/181-conf-int-28-06-16-uzb HTTP/1.1" 200 97599 "-" "Mozilla/5.0 (compatible; MJ12bot/v1.4.8; http://mj12bot.com/)"
216.73.216.20 - - [24/Aug/2026:23:06:13 +0500] "GET /?r=j9a8c4q0u0i3n7i3a54 HTTP/1.1" 301 - "-" "Mozilla/5.0 AppleWebKit/537.36 (KHTML, like Gecko; compatible; ClaudeBot/1.0; +claudebot@anthropic.com)"
81.167.26.57 - - [24/Aug/2026:23:06:13 +0500] "GET /uz/jsc-docs-uzb/183-inf-pol-28-06-16-uzb HTTP/1.1" 200 81095 "-" "Mozilla/5.0 (compatible; MJ12bot/v1.4.8; http://mj12bot.com/)"
216.73.216.20 - - [24/Aug/2026:23:06:16 +0500] "GET /uz/?r=j9a8c4q0u0i3n7i3a54 HTTP/1.1" 200 68424 "https://eskijuva-bozori.uz/?r=j9a8c4q0u0i3n7i3a54" "Mozilla/5.0 AppleWebKit/537.36 (KHTML, like Gecko; compatible; ClaudeBot/1.0; +claudebot@anthropic.com)"
216.73.216.183 - - [24/Aug/2026:23:06:22 +0500] "GET /robots.txt HTTP/1.1" 200 111 "-" "Mozilla/5.0 AppleWebKit/537.36 (KHTML, like Gecko; compatible; ClaudeBot/1.0; +claudebot@anthropic.com)"
216.73.216.20 - - [24/Aug/2026:23:06:20 +0500] "GET /shops/aristocrat/s9u4i5t6o1r04034 HTTP/1.1" 301 - "-" "Mozilla/5.0 AppleWebKit/537.36 (KHTML, like Gecko; compatible; ClaudeBot/1.0; +claudebot@anthropic.com)"
81.167.26.57 - - [24/Aug/2026:23:06:19 +0500] "GET /uz/jsc-docs-uzb/185-vnutr-contr-28-06-16-uzb HTTP/1.1" 200 86365 "-" "Mozilla/5.0 (compatible; MJ12bot/v1.4.8; http://mj12bot.com/)"
216.73.216.20 - - [24/Aug/2026:23:06:24 +0500] "GET /uz/shops/aristocrat/s9u4i5t6o1r04034 HTTP/1.1" 404 1216 "https://eskijuva-bozori.uz/shops/aristocrat/s9u4i5t6o1r04034" "Mozilla/5.0 AppleWebKit/537.36 (KHTML, like Gecko; compatible; ClaudeBot/1.0; +claudebot@anthropic.com)"
81.167.26.57 - - [24/Aug/2026:23:06:28 +0500] "GET /uz/jsc-docs-uzb/27-nabl-sovet-14-07-14-uzb HTTP/1.1" 200 92079 "-" "Mozilla/5.0 (compatible; MJ12bot/v1.4.8; http://mj12bot.com/)"
216.73.216.20 - - [24/Aug/2026:23:06:32 +0500] "GET /?r=t9o3r0q5u6e5d62727 HTTP/1.1" 301 - "-" "Mozilla/5.0 AppleWebKit/537.36 (KHTML, like Gecko; compatible; ClaudeBot/1.0; +claudebot@anthropic.com)"
81.167.26.57 - - [24/Aug/2026:23:06:34 +0500] "GET /uz/jsc-docs-uzb/29-obsh-sobr-14-07-14-uzb HTTP/1.1" 200 123375 "-" "Mozilla/5.0 (compatible; MJ12bot/v1.4.8; http://mj12bot.com/)"
216.73.216.20 - - [24/Aug/2026:23:06:35 +0500] "GET /uz/?r=t9o3r0q5u6e5d62727 HTTP/1.1" 200 68423 "https://eskijuva-bozori.uz/?r=t9o3r0q5u6e5d62727" "Mozilla/5.0 AppleWebKit/537.36 (KHTML, like Gecko; compatible; ClaudeBot/1.0; +claudebot@anthropic.com)"
81.167.26.57 - - [24/Aug/2026:23:06:41 +0500] "GET /uz/jsc-docs-uzb/31-o-direktore-14-07-14-uzb HTTP/1.1" 200 74091 "-" "Mozilla/5.0 (compatible; MJ12bot/v1.4.8; http://mj12bot.com/)"
216.73.216.20 - - [24/Aug/2026:23:06:44 +0500] "GET /?r=t9r9i2b6u2t6a9r8y43 HTTP/1.1" 301 - "-" "Mozilla/5.0 AppleWebKit/537.36 (KHTML, like Gecko; compatible; ClaudeBot/1.0; +claudebot@anthropic.com)"
216.73.216.20 - - [24/Aug/2026:23:06:46 +0500] "GET /uz/?r=t9r9i2b6u2t6a9r8y43 HTTP/1.1" 200 68424 "https://eskijuva-bozori.uz/?r=t9r9i2b6u2t6a9r8y43" "Mozilla/5.0 AppleWebKit/537.36 (KHTML, like Gecko; compatible; ClaudeBot/1.0; +claudebot@anthropic.com)"
81.167.26.57 - - [24/Aug/2026:23:06:47 +0500] "GET /uz/jsc-docs-uzb/445-izm-osa-ns-2020-docx HTTP/1.1" 200 55870 "-" "Mozilla/5.0 (compatible; MJ12bot/v1.4.8; http://mj12bot.com/)"
216.73.216.183 - - [24/Aug/2026:23:06:49 +0500] "GET /uz/?r=s9a7c3c3h2a6r2i9f9y3ing&start=12 HTTP/1.1" 200 68691 "-" "Mozilla/5.0 AppleWebKit/537.36 (KHTML, like Gecko; compatible; ClaudeBot/1.0; +claudebot@anthropic.com)"
216.73.216.20 - - [24/Aug/2026:23:06:53 +0500] "GET /contaction/frisket/r9e1c0o2u4n4t52518 HTTP/1.1" 301 - "-" "Mozilla/5.0 AppleWebKit/537.36 (KHTML, like Gecko; compatible; ClaudeBot/1.0; +claudebot@anthropic.com)"
216.73.216.20 - - [24/Aug/2026:23:06:56 +0500] "GET /uz/contaction/frisket/r9e1c0o2u4n4t52518 HTTP/1.1" 404 1216 "https://eskijuva-bozori.uz/contaction/frisket/r9e1c0o2u4n4t52518" "Mozilla/5.0 AppleWebKit/537.36 (KHTML, like Gecko; compatible; ClaudeBot/1.0; +claudebot@anthropic.com)"
81.167.26.57 - - [24/Aug/2026:23:07:02 +0500] "GET /uz/jsc-docs-uzb/446-poloj-ns-2023-doc HTTP/1.1" 200 55594 "-" "Mozilla/5.0 (compatible; MJ12bot/v1.4.8; http://mj12bot.com/)"
216.73.216.20 - - [24/Aug/2026:23:07:05 +0500] "GET /?r=m9a2c1r7u9r6o6u4s48 HTTP/1.1" 301 - "-" "Mozilla/5.0 AppleWebKit/537.36 (KHTML, like Gecko; compatible; ClaudeBot/1.0; +claudebot@anthropic.com)"
216.73.216.20 - - [24/Aug/2026:23:07:07 +0500] "GET /uz/?r=m9a2c1r7u9r6o6u4s48 HTTP/1.1" 200 68424 "https://eskijuva-bozori.uz/?r=m9a2c1r7u9r6o6u4s48" "Mozilla/5.0 AppleWebKit/537.36 (KHTML, like Gecko; compatible; ClaudeBot/1.0; +claudebot@anthropic.com)"
81.167.26.57 - - [24/Aug/2026:23:07:08 +0500] "GET /uz/jsc-docs-uzb/479-poloj-ns-01-04-2024-pdf HTTP/1.1" 200 55789 "-" "Mozilla/5.0 (compatible; MJ12bot/v1.4.8; http://mj12bot.com/)"
81.167.26.57 - - [24/Aug/2026:23:07:13 +0500] "GET /uz/jsc-docs-uzb?format=feed&type=atom HTTP/1.1" 200 333371 "-" "Mozilla/5.0 (compatible; MJ12bot/v1.4.8; http://mj12bot.com/)"
216.73.216.20 - - [24/Aug/2026:23:07:16 +0500] "GET /shops/reconditory/s9u1p7e6r2n9a4t0a3n1t HTTP/1.1" 301 - "-" "Mozilla/5.0 AppleWebKit/537.36 (KHTML, like Gecko; compatible; ClaudeBot/1.0; +claudebot@anthropic.com)"
216.73.216.20 - - [24/Aug/2026:23:07:18 +0500] "GET /uz/shops/reconditory/s9u1p7e6r2n9a4t0a3n1t HTTP/1.1" 404 1216 "https://eskijuva-bozori.uz/shops/reconditory/s9u1p7e6r2n9a4t0a3n1t" "Mozilla/5.0 AppleWebKit/537.36 (KHTML, like Gecko; compatible; ClaudeBot/1.0; +claudebot@anthropic.com)"
81.167.26.57 - - [24/Aug/2026:23:07:19 +0500] "GET /uz/jsc-docs-uzb?format=feed&type=rss HTTP/1.1" 200 158925 "-" "Mozilla/5.0 (compatible; MJ12bot/v1.4.8; http://mj12bot.com/)"
216.73.216.20 - - [24/Aug/2026:23:07:24 +0500] "GET /?r=u9n2d8e9r2c6l6o5t1h2e2s HTTP/1.1" 301 - "-" "Mozilla/5.0 AppleWebKit/537.36 (KHTML, like Gecko; compatible; ClaudeBot/1.0; +claudebot@anthropic.com)"
81.167.26.57 - - [24/Aug/2026:23:07:24 +0500] "GET /uz/jsc-docs-uzb?template=accessibility HTTP/1.1" 200 34813 "-" "Mozilla/5.0 (compatible; MJ12bot/v1.4.8; http://mj12bot.com/)"
216.73.216.20 - - [24/Aug/2026:23:07:27 +0500] "GET /uz/?r=u9n2d8e9r2c6l6o5t1h2e2s HTTP/1.1" 200 68428 "https://eskijuva-bozori.uz/?r=u9n2d8e9r2c6l6o5t1h2e2s" "Mozilla/5.0 AppleWebKit/537.36 (KHTML, like Gecko; compatible; ClaudeBot/1.0; +claudebot@anthropic.com)"
81.167.26.57 - - [24/Aug/2026:23:07:30 +0500] "GET /uz/korp-upr-uzb?format=feed&type=atom HTTP/1.1" 200 15600 "-" "Mozilla/5.0 (compatible; MJ12bot/v1.4.8; http://mj12bot.com/)"
216.73.216.20 - - [24/Aug/2026:23:07:36 +0500] "GET /shops/birse/e9l1e3c6t2r7o1n1i2c16 HTTP/1.1" 301 - "-" "Mozilla/5.0 AppleWebKit/537.36 (KHTML, like Gecko; compatible; ClaudeBot/1.0; +claudebot@anthropic.com)"
81.167.26.57 - - [24/Aug/2026:23:07:36 +0500] "GET /uz/korp-upr-uzb?format=feed&type=rss HTTP/1.1" 200 10163 "-" "Mozilla/5.0 (compatible; MJ12bot/v1.4.8; http://mj12bot.com/)"
216.73.216.20 - - [24/Aug/2026:23:07:39 +0500] "GET /uz/shops/birse/e9l1e3c6t2r7o1n1i2c16 HTTP/1.1" 404 1216 "https://eskijuva-bozori.uz/shops/birse/e9l1e3c6t2r7o1n1i2c16" "Mozilla/5.0 AppleWebKit/537.36 (KHTML, like Gecko; compatible; ClaudeBot/1.0; +claudebot@anthropic.com)"
81.167.26.57 - - [24/Aug/2026:23:07:42 +0500] "GET /uz/korp-upr-uzb?template=accessibility HTTP/1.1" 200 33994 "-" "Mozilla/5.0 (compatible; MJ12bot/v1.4.8; http://mj12bot.com/)"
81.167.26.57 - - [24/Aug/2026:23:07:47 +0500] "GET /uz/news-uzb/432-meeting-01-04-2024-uz-2 HTTP/1.1" 200 57268 "-" "Mozilla/5.0 (compatible; MJ12bot/v1.4.8; http://mj12bot.com/)"
216.73.216.20 - - [24/Aug/2026:23:07:48 +0500] "GET /shops/metaphrased/d9e1c1u2r4i9e6s9649 HTTP/1.1" 301 - "-" "Mozilla/5.0 AppleWebKit/537.36 (KHTML, like Gecko; compatible; ClaudeBot/1.0; +claudebot@anthropic.com)"
216.73.216.20 - - [24/Aug/2026:23:07:50 +0500] "GET /uz/shops/metaphrased/d9e1c1u2r4i9e6s9649 HTTP/1.1" 404 1216 "https://eskijuva-bozori.uz/shops/metaphrased/d9e1c1u2r4i9e6s9649" "Mozilla/5.0 AppleWebKit/537.36 (KHTML, like Gecko; compatible; ClaudeBot/1.0; +claudebot@anthropic.com)"
216.73.216.20 - - [24/Aug/2026:23:07:56 +0500] "GET /?r=b9a4l0l7o3o6n7e7r439 HTTP/1.1" 301 - "-" "Mozilla/5.0 AppleWebKit/537.36 (KHTML, like Gecko; compatible; ClaudeBot/1.0; +claudebot@anthropic.com)"
216.73.216.20 - - [24/Aug/2026:23:07:58 +0500] "GET /uz/?r=b9a4l0l7o3o6n7e7r439 HTTP/1.1" 200 68425 "https://eskijuva-bozori.uz/?r=b9a4l0l7o3o6n7e7r439" "Mozilla/5.0 AppleWebKit/537.36 (KHTML, like Gecko; compatible; ClaudeBot/1.0; +claudebot@anthropic.com)"
216.73.216.183 - - [24/Aug/2026:23:08:07 +0500] "GET /?%60=l3i1p7o6g2r9a5m1m6a4t0ic HTTP/1.1" 301 - "-" "Mozilla/5.0 AppleWebKit/537.36 (KHTML, like Gecko; compatible; ClaudeBot/1.0; +claudebot@anthropic.com)"
216.73.216.20 - - [24/Aug/2026:23:08:08 +0500] "GET /?r=g9o3d8w4i0n292148 HTTP/1.1" 301 - "-" "Mozilla/5.0 AppleWebKit/537.36 (KHTML, like Gecko; compatible; ClaudeBot/1.0; +claudebot@anthropic.com)"
81.167.26.57 - - [24/Aug/2026:23:08:08 +0500] "GET /uz/officially-uzb/arkhiv?format=feed&type=atom HTTP/1.1" 200 15633 "-" "Mozilla/5.0 (compatible; MJ12bot/v1.4.8; http://mj12bot.com/)"
216.73.216.183 - - [24/Aug/2026:23:08:10 +0500] "GET /uz/?%60=l3i1p7o6g2r9a5m1m6a4t0ic HTTP/1.1" 200 68711 "https://www.eskijuva-bozori.uz.uzbekgidroenergoqurilish.uz/?%60=l3i1p7o6g2r9a5m1m6a4t0ic" "Mozilla/5.0 AppleWebKit/537.36 (KHTML, like Gecko; compatible; ClaudeBot/1.0; +claudebot@anthropic.com)"
216.73.216.20 - - [24/Aug/2026:23:08:10 +0500] "GET /uz/?r=g9o3d8w4i0n292148 HTTP/1.1" 200 68237 "https://eskijuva-bozori.uz/?r=g9o3d8w4i0n292148" "Mozilla/5.0 AppleWebKit/537.36 (KHTML, like Gecko; compatible; ClaudeBot/1.0; +claudebot@anthropic.com)"
81.167.26.57 - - [24/Aug/2026:23:08:14 +0500] "GET /uz/officially-uzb/arkhiv?format=feed&type=rss HTTP/1.1" 200 7370 "-" "Mozilla/5.0 (compatible; MJ12bot/v1.4.8; http://mj12bot.com/)"
216.73.216.20 - - [24/Aug/2026:23:08:20 +0500] "GET /?r=u9n1d7e8r8c7a1s2t988 HTTP/1.1" 301 - "-" "Mozilla/5.0 AppleWebKit/537.36 (KHTML, like Gecko; compatible; ClaudeBot/1.0; +claudebot@anthropic.com)"
81.167.26.57 - - [24/Aug/2026:23:08:20 +0500] "GET /uz/officially-uzb/arkhiv?template=accessibility HTTP/1.1" 200 27836 "-" "Mozilla/5.0 (compatible; MJ12bot/v1.4.8; http://mj12bot.com/)"
216.73.216.20 - - [24/Aug/2026:23:08:23 +0500] "GET /uz/?r=u9n1d7e8r8c7a1s2t988 HTTP/1.1" 200 68481 "https://eskijuva-bozori.uz/?r=u9n1d7e8r8c7a1s2t988" "Mozilla/5.0 AppleWebKit/537.36 (KHTML, like Gecko; compatible; ClaudeBot/1.0; +claudebot@anthropic.com)"
81.167.26.57 - - [24/Aug/2026:23:08:26 +0500] "GET /uz/officially-uzb/certificates-uzb?template=accessibility HTTP/1.1" 200 26314 "-" "Mozilla/5.0 (compatible; MJ12bot/v1.4.8; http://mj12bot.com/)"
216.73.216.20 - - [24/Aug/2026:23:08:30 +0500] "GET /shops/darrondissement/v9e2r8s1u0s807205 HTTP/1.1" 301 - "-" "Mozilla/5.0 AppleWebKit/537.36 (KHTML, like Gecko; compatible; ClaudeBot/1.0; +claudebot@anthropic.com)"
216.73.216.20 - - [24/Aug/2026:23:08:32 +0500] "GET /uz/shops/darrondissement/v9e2r8s1u0s807205 HTTP/1.1" 404 1216 "https://eskijuva-bozori.uz/shops/darrondissement/v9e2r8s1u0s807205" "Mozilla/5.0 AppleWebKit/537.36 (KHTML, like Gecko; compatible; ClaudeBot/1.0; +claudebot@anthropic.com)"
81.167.26.57 - - [24/Aug/2026:23:08:33 +0500] "GET /uz/officially-uzb/old-acts-uzb?format=feed&type=atom HTTP/1.1" 200 155127 "-" "Mozilla/5.0 (compatible; MJ12bot/v1.4.8; http://mj12bot.com/)"
81.167.26.57 - - [24/Aug/2026:23:08:38 +0500] "GET /uz/officially-uzb/old-acts-uzb?format=feed&type=rss HTTP/1.1" 200 67047 "-" "Mozilla/5.0 (compatible; MJ12bot/v1.4.8; http://mj12bot.com/)"
216.73.216.20 - - [24/Aug/2026:23:08:42 +0500] "GET /quadrantal/antrovert/o9v2e3r4s3e2l2l9i1n1g7 HTTP/1.1" 301 - "-" "Mozilla/5.0 AppleWebKit/537.36 (KHTML, like Gecko; compatible; ClaudeBot/1.0; +claudebot@anthropic.com)"
81.167.26.57 - - [24/Aug/2026:23:08:43 +0500] "GET /uz/officially-uzb/old-acts-uzb?template=accessibility HTTP/1.1" 200 29151 "-" "Mozilla/5.0 (compatible; MJ12bot/v1.4.8; http://mj12bot.com/)"
216.73.216.20 - - [24/Aug/2026:23:08:44 +0500] "GET /uz/quadrantal/antrovert/o9v2e3r4s3e2l2l9i1n1g7 HTTP/1.1" 404 1216 "https://eskijuva-bozori.uz/quadrantal/antrovert/o9v2e3r4s3e2l2l9i1n1g7" "Mozilla/5.0 AppleWebKit/537.36 (KHTML, like Gecko; compatible; ClaudeBot/1.0; +claudebot@anthropic.com)"
216.73.216.20 - - [24/Aug/2026:23:08:54 +0500] "GET /?r=p9e1t7u7n8i3n7g0904 HTTP/1.1" 301 - "-" "Mozilla/5.0 AppleWebKit/537.36 (KHTML, like Gecko; compatible; ClaudeBot/1.0; +claudebot@anthropic.com)"
81.167.26.57 - - [24/Aug/2026:23:08:55 +0500] "GET /uz/officially-uzb/tenders-uzb?format=feed&type=atom HTTP/1.1" 200 8420 "-" "Mozilla/5.0 (compatible; MJ12bot/v1.4.8; http://mj12bot.com/)"
216.73.216.20 - - [24/Aug/2026:23:08:56 +0500] "GET /uz/?r=p9e1t7u7n8i3n7g0904 HTTP/1.1" 200 68480 "https://eskijuva-bozori.uz/?r=p9e1t7u7n8i3n7g0904" "Mozilla/5.0 AppleWebKit/537.36 (KHTML, like Gecko; compatible; ClaudeBot/1.0; +claudebot@anthropic.com)"
81.167.26.57 - - [24/Aug/2026:23:09:00 +0500] "GET /uz/officially-uzb/tenders-uzb?format=feed&type=rss HTTP/1.1" 200 5702 "-" "Mozilla/5.0 (compatible; MJ12bot/v1.4.8; http://mj12bot.com/)"
216.73.216.20 - - [24/Aug/2026:23:09:03 +0500] "GET /?r=h9a2b0e5r5d7a0s9h1e1r8y HTTP/1.1" 301 - "-" "Mozilla/5.0 AppleWebKit/537.36 (KHTML, like Gecko; compatible; ClaudeBot/1.0; +claudebot@anthropic.com)"
81.167.26.57 - - [24/Aug/2026:23:09:06 +0500] "GET /uz/officially-uzb/ustav-uzb/10-uzbek HTTP/1.1" 200 67322 "-" "Mozilla/5.0 (compatible; MJ12bot/v1.4.8; http://mj12bot.com/)"
193.70.46.175 - - [24/Aug/2026:23:09:08 +0500] "GET /robots.txt HTTP/1.1" 200 111 "-" "Mozilla/5.0 (compatible; MJ12bot/v1.4.8; http://mj12bot.com/)"
216.73.216.20 - - [24/Aug/2026:23:09:06 +0500] "GET /uz/?r=h9a2b0e5r5d7a0s9h1e1r8y HTTP/1.1" 200 68484 "https://eskijuva-bozori.uz/?r=h9a2b0e5r5d7a0s9h1e1r8y" "Mozilla/5.0 AppleWebKit/537.36 (KHTML, like Gecko; compatible; ClaudeBot/1.0; +claudebot@anthropic.com)"
216.73.216.183 - - [24/Aug/2026:23:09:11 +0500] "GET /wellfound/photoceramics/t3e2b2e9t0h166666 HTTP/1.1" 301 - "-" "Mozilla/5.0 AppleWebKit/537.36 (KHTML, like Gecko; compatible; ClaudeBot/1.0; +claudebot@anthropic.com)"
81.167.26.57 - - [24/Aug/2026:23:09:11 +0500] "GET /uz/officially-uzb/ustav-uzb/18-uzbek/shareholders-uzb HTTP/1.1" 200 64061 "-" "Mozilla/5.0 (compatible; MJ12bot/v1.4.8; http://mj12bot.com/)"
193.70.46.175 - - [24/Aug/2026:23:09:12 +0500] "GET /uz/?function=call_user_func_array&s=index/think%5Capp/invokefunction&vars[0]=phpinfo&vars[1][0]=1&start=20 HTTP/1.1" 200 69267 "-" "Mozilla/5.0 (compatible; MJ12bot/v1.4.8; http://mj12bot.com/)"
216.73.216.183 - - [24/Aug/2026:23:09:13 +0500] "GET /uz/wellfound/photoceramics/t3e2b2e9t0h166666 HTTP/1.1" 404 1248 "https://www.eskijuva-bozori.uz.uzbekgidroenergoqurilish.uz/wellfound/photoceramics/t3e2b2e9t0h166666" "Mozilla/5.0 AppleWebKit/537.36 (KHTML, like Gecko; compatible; ClaudeBot/1.0; +claudebot@anthropic.com)"
216.73.216.20 - - [24/Aug/2026:23:09:15 +0500] "GET /?r=s9i1x4t0h3731060 HTTP/1.1" 301 - "-" "Mozilla/5.0 AppleWebKit/537.36 (KHTML, like Gecko; compatible; ClaudeBot/1.0; +claudebot@anthropic.com)"
216.73.216.20 - - [24/Aug/2026:23:09:16 +0500] "GET /uz/?r=s9i1x4t0h3731060 HTTP/1.1" 200 68477 "https://eskijuva-bozori.uz/?r=s9i1x4t0h3731060" "Mozilla/5.0 AppleWebKit/537.36 (KHTML, like Gecko; compatible; ClaudeBot/1.0; +claudebot@anthropic.com)"
81.167.26.57 - - [24/Aug/2026:23:09:17 +0500] "GET /uz/officially-uzb/ustav-uzb/80-ustav-add-uzb-18-06-16 HTTP/1.1" 200 56068 "-" "Mozilla/5.0 (compatible; MJ12bot/v1.4.8; http://mj12bot.com/)"
193.70.46.175 - - [24/Aug/2026:23:09:22 +0500] "GET /uz/?r=b9i3t0u8m1i4n3i9z6e48&format=feed&type=atom HTTP/1.1" 200 8860 "-" "Mozilla/5.0 (compatible; MJ12bot/v1.4.8; http://mj12bot.com/)"
81.167.26.57 - - [24/Aug/2026:23:09:25 +0500] "GET /uz/officially-uzb/ustav-uzb?template=accessibility HTTP/1.1" 200 33151 "-" "Mozilla/5.0 (compatible; MJ12bot/v1.4.8; http://mj12bot.com/)"
216.73.216.20 - - [24/Aug/2026:23:09:27 +0500] "GET /shops/oarfish/m9i1l5i4t3i7a02068 HTTP/1.1" 301 - "-" "Mozilla/5.0 AppleWebKit/537.36 (KHTML, like Gecko; compatible; ClaudeBot/1.0; +claudebot@anthropic.com)"
216.73.216.20 - - [24/Aug/2026:23:09:29 +0500] "GET /uz/shops/oarfish/m9i1l5i4t3i7a02068 HTTP/1.1" 404 1216 "https://eskijuva-bozori.uz/shops/oarfish/m9i1l5i4t3i7a02068" "Mozilla/5.0 AppleWebKit/537.36 (KHTML, like Gecko; compatible; ClaudeBot/1.0; +claudebot@anthropic.com)"
34.57.162.91 - - [24/Aug/2026:23:09:31 +0500] "GET /ru/about-org-rus/indexes-rus/410-reports-2023-ru HTTP/1.1" 200 56476 "-" "Mozilla/5.0 (Macintosh; Intel Mac OS X 10_15_7) AppleWebKit/537.36 (KHTML, like Gecko) Chrome/120.0.0.0 Safari/537.36"
193.70.46.175 - - [24/Aug/2026:23:09:32 +0500] "GET /uz/?r=b9i3t0u8m1i4n3i9z6e48&format=feed&type=rss HTTP/1.1" 200 5755 "-" "Mozilla/5.0 (compatible; MJ12bot/v1.4.8; http://mj12bot.com/)"
81.167.26.57 - - [24/Aug/2026:23:09:32 +0500] "GET /uz/officially-uzb/vacancies-uzb/112-director-vacancy-eng HTTP/1.1" 200 58682 "-" "Mozilla/5.0 (compatible; MJ12bot/v1.4.8; http://mj12bot.com/)"
216.73.216.20 - - [24/Aug/2026:23:09:35 +0500] "GET /shops/depreciatively/b9r3a5i5n3w0a9v9e962 HTTP/1.1" 301 - "-" "Mozilla/5.0 AppleWebKit/537.36 (KHTML, like Gecko; compatible; ClaudeBot/1.0; +claudebot@anthropic.com)"
216.73.216.20 - - [24/Aug/2026:23:09:38 +0500] "GET /uz/shops/depreciatively/b9r3a5i5n3w0a9v9e962 HTTP/1.1" 404 1216 "https://eskijuva-bozori.uz/shops/depreciatively/b9r3a5i5n3w0a9v9e962" "Mozilla/5.0 AppleWebKit/537.36 (KHTML, like Gecko; compatible; ClaudeBot/1.0; +claudebot@anthropic.com)"
216.73.216.20 - - [24/Aug/2026:23:09:47 +0500] "GET /shops/wapiti/f9o4r0e3h3e8w69678 HTTP/1.1" 508 288 "-" "Mozilla/5.0 AppleWebKit/537.36 (KHTML, like Gecko; compatible; ClaudeBot/1.0; +claudebot@anthropic.com)"
81.167.26.57 - - [24/Aug/2026:23:09:41 +0500] "GET /uz/officially-uzb/vacancies-uzb?format=feed&type=atom HTTP/1.1" 200 4165 "-" "Mozilla/5.0 (compatible; MJ12bot/v1.4.8; http://mj12bot.com/)"
193.70.46.175 - - [24/Aug/2026:23:09:40 +0500] "GET /uz/?r=b9i3t0u8m1i4n3i9z6e48&start=12 HTTP/1.1" 200 68465 "-" "Mozilla/5.0 (compatible; MJ12bot/v1.4.8; http://mj12bot.com/)"
185.191.171.2 - - [24/Aug/2026:23:09:39 +0500] "GET /uz/officially-uzb/old-acts-uzb/88-bussiness-plan-2015 HTTP/1.1" 200 87272 "-" "Mozilla/5.0 (compatible; SemrushBot/7~bl; +http://www.semrush.com/bot.html)"
81.167.26.57 - - [24/Aug/2026:23:09:52 +0500] "GET /uz/officially-uzb/vacancies-uzb?format=feed&type=rss HTTP/1.1" 200 2629 "-" "Mozilla/5.0 (compatible; MJ12bot/v1.4.8; http://mj12bot.com/)"
193.70.46.175 - - [24/Aug/2026:23:09:54 +0500] "GET /uz/?r=b9i3t0u8m1i4n3i9z6e48&start=4 HTTP/1.1" 200 67962 "-" "Mozilla/5.0 (compatible; MJ12bot/v1.4.8; http://mj12bot.com/)"
216.73.216.20 - - [24/Aug/2026:23:09:59 +0500] "GET /?r=w9i1s2e1l0i3k6e7762 HTTP/1.1" 301 - "-" "Mozilla/5.0 AppleWebKit/537.36 (KHTML, like Gecko; compatible; ClaudeBot/1.0; +claudebot@anthropic.com)"
81.167.26.57 - - [24/Aug/2026:23:10:00 +0500] "GET /uz/officially-uzb/vacancies-uzb?template=accessibility HTTP/1.1" 200 29760 "-" "Mozilla/5.0 (compatible; MJ12bot/v1.4.8; http://mj12bot.com/)"
