216.73.217.53 - - [24/Aug/2026:17:43:48 +0500] "GET /uz/?%60=a3n1a0r1t6h1r3o2p6o5dous HTTP/1.1" 200 68712 "https://www.eskijuva-bozori.uz.uzbekgidroenergoqurilish.uz/?%60=a3n1a0r1t6h1r3o2p6o5dous" "Mozilla/5.0 AppleWebKit/537.36 (KHTML, like Gecko; compatible; ClaudeBot/1.0; +claudebot@anthropic.com)"
216.73.217.53 - - [24/Aug/2026:17:43:52 +0500] "GET /shops/haplocerus/a3e3r9o4h3y7d6r9o0d2y2namic HTTP/1.1" 301 - "-" "Mozilla/5.0 AppleWebKit/537.36 (KHTML, like Gecko; compatible; ClaudeBot/1.0; +claudebot@anthropic.com)"
216.73.217.53 - - [24/Aug/2026:17:43:54 +0500] "GET /uz/shops/haplocerus/a3e3r9o4h3y7d6r9o0d2y2namic HTTP/1.1" 404 1248 "https://www.eskijuva-bozori.uz.uzbekgidroenergoqurilish.uz/shops/haplocerus/a3e3r9o4h3y7d6r9o0d2y2namic" "Mozilla/5.0 AppleWebKit/537.36 (KHTML, like Gecko; compatible; ClaudeBot/1.0; +claudebot@anthropic.com)"
216.73.217.53 - - [24/Aug/2026:17:43:59 +0500] "GET /shops/gibbsite/t3r3i5g7o8n1o4u1s016 HTTP/1.1" 301 - "-" "Mozilla/5.0 AppleWebKit/537.36 (KHTML, like Gecko; compatible; ClaudeBot/1.0; +claudebot@anthropic.com)"
216.73.217.53 - - [24/Aug/2026:17:44:00 +0500] "GET /uz/shops/gibbsite/t3r3i5g7o8n1o4u1s016 HTTP/1.1" 404 1248 "https://www.eskijuva-bozori.uz.uzbekgidroenergoqurilish.uz/shops/gibbsite/t3r3i5g7o8n1o4u1s016" "Mozilla/5.0 AppleWebKit/537.36 (KHTML, like Gecko; compatible; ClaudeBot/1.0; +claudebot@anthropic.com)"
216.73.217.53 - - [24/Aug/2026:17:44:06 +0500] "GET /orsedew/o3u4t0g6r0o6w82357 HTTP/1.1" 301 - "-" "Mozilla/5.0 AppleWebKit/537.36 (KHTML, like Gecko; compatible; ClaudeBot/1.0; +claudebot@anthropic.com)"
216.73.217.53 - - [24/Aug/2026:17:44:07 +0500] "GET /uz/orsedew/o3u4t0g6r0o6w82357 HTTP/1.1" 404 1248 "https://www.eskijuva-bozori.uz.uzbekgidroenergoqurilish.uz/orsedew/o3u4t0g6r0o6w82357" "Mozilla/5.0 AppleWebKit/537.36 (KHTML, like Gecko; compatible; ClaudeBot/1.0; +claudebot@anthropic.com)"
216.73.217.53 - - [24/Aug/2026:17:44:10 +0500] "GET /?%60=p3e3t0r7i7f7a8c5t6i8o1n HTTP/1.1" 301 - "-" "Mozilla/5.0 AppleWebKit/537.36 (KHTML, like Gecko; compatible; ClaudeBot/1.0; +claudebot@anthropic.com)"
216.73.217.53 - - [24/Aug/2026:17:44:11 +0500] "GET /uz/?%60=p3e3t0r7i7f7a8c5t6i8o1n HTTP/1.1" 200 68711 "https://www.eskijuva-bozori.uz.uzbekgidroenergoqurilish.uz/?%60=p3e3t0r7i7f7a8c5t6i8o1n" "Mozilla/5.0 AppleWebKit/537.36 (KHTML, like Gecko; compatible; ClaudeBot/1.0; +claudebot@anthropic.com)"
216.73.217.53 - - [24/Aug/2026:17:44:16 +0500] "GET /uz/?%60=f3u1c5k1e6d9u9p0460&start=4 HTTP/1.1" 200 68151 "-" "Mozilla/5.0 AppleWebKit/537.36 (KHTML, like Gecko; compatible; ClaudeBot/1.0; +claudebot@anthropic.com)"
216.73.217.53 - - [24/Aug/2026:17:44:20 +0500] "GET /shops/tuckeri/x3y2l3o1l1o5g0y3375 HTTP/1.1" 301 - "-" "Mozilla/5.0 AppleWebKit/537.36 (KHTML, like Gecko; compatible; ClaudeBot/1.0; +claudebot@anthropic.com)"
216.73.217.53 - - [24/Aug/2026:17:44:22 +0500] "GET /uz/shops/tuckeri/x3y2l3o1l1o5g0y3375 HTTP/1.1" 404 1248 "https://www.eskijuva-bozori.uz.uzbekgidroenergoqurilish.uz/shops/tuckeri/x3y2l3o1l1o5g0y3375" "Mozilla/5.0 AppleWebKit/537.36 (KHTML, like Gecko; compatible; ClaudeBot/1.0; +claudebot@anthropic.com)"
216.73.217.53 - - [24/Aug/2026:17:44:27 +0500] "GET /?%60=c3o3u9n4t6e1r9s3t2o0c4k HTTP/1.1" 301 - "-" "Mozilla/5.0 AppleWebKit/537.36 (KHTML, like Gecko; compatible; ClaudeBot/1.0; +claudebot@anthropic.com)"
216.73.217.53 - - [24/Aug/2026:17:44:28 +0500] "GET /uz/?%60=c3o3u9n4t6e1r9s3t2o0c4k HTTP/1.1" 200 68711 "https://www.eskijuva-bozori.uz.uzbekgidroenergoqurilish.uz/?%60=c3o3u9n4t6e1r9s3t2o0c4k" "Mozilla/5.0 AppleWebKit/537.36 (KHTML, like Gecko; compatible; ClaudeBot/1.0; +claudebot@anthropic.com)"
216.73.217.53 - - [24/Aug/2026:17:44:31 +0500] "GET /?%60=a3u1t1o9t4r8o3p0i3s8m3 HTTP/1.1" 301 - "-" "Mozilla/5.0 AppleWebKit/537.36 (KHTML, like Gecko; compatible; ClaudeBot/1.0; +claudebot@anthropic.com)"
216.73.217.53 - - [24/Aug/2026:17:44:32 +0500] "GET /uz/?%60=a3u1t1o9t4r8o3p0i3s8m3 HTTP/1.1" 200 68710 "https://www.eskijuva-bozori.uz.uzbekgidroenergoqurilish.uz/?%60=a3u1t1o9t4r8o3p0i3s8m3" "Mozilla/5.0 AppleWebKit/537.36 (KHTML, like Gecko; compatible; ClaudeBot/1.0; +claudebot@anthropic.com)"
216.73.217.53 - - [24/Aug/2026:17:44:37 +0500] "GET /?%60=u3n1f4o4r5t0u7n8a6t0e8ly HTTP/1.1" 301 - "-" "Mozilla/5.0 AppleWebKit/537.36 (KHTML, like Gecko; compatible; ClaudeBot/1.0; +claudebot@anthropic.com)"
216.73.217.53 - - [24/Aug/2026:17:44:38 +0500] "GET /uz/?%60=u3n1f4o4r5t0u7n8a6t0e8ly HTTP/1.1" 200 68712 "https://www.eskijuva-bozori.uz.uzbekgidroenergoqurilish.uz/?%60=u3n1f4o4r5t0u7n8a6t0e8ly" "Mozilla/5.0 AppleWebKit/537.36 (KHTML, like Gecko; compatible; ClaudeBot/1.0; +claudebot@anthropic.com)"
216.73.217.53 - - [24/Aug/2026:17:44:43 +0500] "GET /uz/?%60=f3u1c5k1e6d9u9p0460&start=12 HTTP/1.1" 200 68628 "-" "Mozilla/5.0 AppleWebKit/537.36 (KHTML, like Gecko; compatible; ClaudeBot/1.0; +claudebot@anthropic.com)"
216.73.217.53 - - [24/Aug/2026:17:44:48 +0500] "GET /uz/?%60=f3a4n0t8a5s5t5i9c278&start=4 HTTP/1.1" 200 68152 "-" "Mozilla/5.0 AppleWebKit/537.36 (KHTML, like Gecko; compatible; ClaudeBot/1.0; +claudebot@anthropic.com)"
216.73.217.53 - - [24/Aug/2026:17:44:55 +0500] "GET /?%60=r3h4y1n6c6h2o0p5h0o6r4a HTTP/1.1" 301 - "-" "Mozilla/5.0 AppleWebKit/537.36 (KHTML, like Gecko; compatible; ClaudeBot/1.0; +claudebot@anthropic.com)"
216.73.217.53 - - [24/Aug/2026:17:44:56 +0500] "GET /uz/?%60=r3h4y1n6c6h2o0p5h0o6r4a HTTP/1.1" 200 68711 "https://www.eskijuva-bozori.uz.uzbekgidroenergoqurilish.uz/?%60=r3h4y1n6c6h2o0p5h0o6r4a" "Mozilla/5.0 AppleWebKit/537.36 (KHTML, like Gecko; compatible; ClaudeBot/1.0; +claudebot@anthropic.com)"
185.191.171.11 - - [24/Aug/2026:17:44:59 +0500] "GET /robots.txt HTTP/1.1" 200 111 "-" "Mozilla/5.0 (compatible; SemrushBot/7~bl; +http://www.semrush.com/bot.html)"
85.208.96.196 - - [24/Aug/2026:17:45:00 +0500] "GET /uz/?destination=node&start=12 HTTP/1.1" 200 68621 "-" "Mozilla/5.0 (compatible; SemrushBot/7~bl; +http://www.semrush.com/bot.html)"
216.73.217.53 - - [24/Aug/2026:17:45:00 +0500] "GET /shops/kummel/i3n1v3i9r1i9l4i8t1y09 HTTP/1.1" 301 - "-" "Mozilla/5.0 AppleWebKit/537.36 (KHTML, like Gecko; compatible; ClaudeBot/1.0; +claudebot@anthropic.com)"
216.73.217.53 - - [24/Aug/2026:17:45:02 +0500] "GET /uz/shops/kummel/i3n1v3i9r1i9l4i8t1y09 HTTP/1.1" 404 1248 "https://www.eskijuva-bozori.uz.uzbekgidroenergoqurilish.uz/shops/kummel/i3n1v3i9r1i9l4i8t1y09" "Mozilla/5.0 AppleWebKit/537.36 (KHTML, like Gecko; compatible; ClaudeBot/1.0; +claudebot@anthropic.com)"
216.73.217.53 - - [24/Aug/2026:17:45:07 +0500] "GET /shops/bumble/e3g3y1p9t4o6l9o9g0e1r6 HTTP/1.1" 301 - "-" "Mozilla/5.0 AppleWebKit/537.36 (KHTML, like Gecko; compatible; ClaudeBot/1.0; +claudebot@anthropic.com)"
216.73.217.53 - - [24/Aug/2026:17:45:08 +0500] "GET /uz/shops/bumble/e3g3y1p9t4o6l9o9g0e1r6 HTTP/1.1" 404 1248 "https://www.eskijuva-bozori.uz.uzbekgidroenergoqurilish.uz/shops/bumble/e3g3y1p9t4o6l9o9g0e1r6" "Mozilla/5.0 AppleWebKit/537.36 (KHTML, like Gecko; compatible; ClaudeBot/1.0; +claudebot@anthropic.com)"
216.73.217.53 - - [24/Aug/2026:17:45:12 +0500] "GET /shops/parostosis/h3a1l3l2u1c0i8n4a8t3i3ng HTTP/1.1" 301 - "-" "Mozilla/5.0 AppleWebKit/537.36 (KHTML, like Gecko; compatible; ClaudeBot/1.0; +claudebot@anthropic.com)"
216.73.217.53 - - [24/Aug/2026:17:45:14 +0500] "GET /uz/shops/parostosis/h3a1l3l2u1c0i8n4a8t3i3ng HTTP/1.1" 404 1248 "https://www.eskijuva-bozori.uz.uzbekgidroenergoqurilish.uz/shops/parostosis/h3a1l3l2u1c0i8n4a8t3i3ng" "Mozilla/5.0 AppleWebKit/537.36 (KHTML, like Gecko; compatible; ClaudeBot/1.0; +claudebot@anthropic.com)"
216.73.217.53 - - [24/Aug/2026:17:45:18 +0500] "GET /shops/superimpregnation/u3n1g5o9r7e1d0259 HTTP/1.1" 301 - "-" "Mozilla/5.0 AppleWebKit/537.36 (KHTML, like Gecko; compatible; ClaudeBot/1.0; +claudebot@anthropic.com)"
216.73.217.53 - - [24/Aug/2026:17:45:20 +0500] "GET /uz/shops/superimpregnation/u3n1g5o9r7e1d0259 HTTP/1.1" 404 1248 "https://www.eskijuva-bozori.uz.uzbekgidroenergoqurilish.uz/shops/superimpregnation/u3n1g5o9r7e1d0259" "Mozilla/5.0 AppleWebKit/537.36 (KHTML, like Gecko; compatible; ClaudeBot/1.0; +claudebot@anthropic.com)"
216.73.217.53 - - [24/Aug/2026:17:45:24 +0500] "GET /shops/liberalism/s3u2b0s8t6i7t1u4t5i6o6nally HTTP/1.1" 301 - "-" "Mozilla/5.0 AppleWebKit/537.36 (KHTML, like Gecko; compatible; ClaudeBot/1.0; +claudebot@anthropic.com)"
216.73.217.53 - - [24/Aug/2026:17:45:25 +0500] "GET /uz/shops/liberalism/s3u2b0s8t6i7t1u4t5i6o6nally HTTP/1.1" 404 1248 "https://www.eskijuva-bozori.uz.uzbekgidroenergoqurilish.uz/shops/liberalism/s3u2b0s8t6i7t1u4t5i6o6nally" "Mozilla/5.0 AppleWebKit/537.36 (KHTML, like Gecko; compatible; ClaudeBot/1.0; +claudebot@anthropic.com)"
216.73.217.53 - - [24/Aug/2026:17:45:30 +0500] "GET /?%60=p3e3r7i9t6o0n1e4u3m40 HTTP/1.1" 301 - "-" "Mozilla/5.0 AppleWebKit/537.36 (KHTML, like Gecko; compatible; ClaudeBot/1.0; +claudebot@anthropic.com)"
216.73.217.53 - - [24/Aug/2026:17:45:31 +0500] "GET /uz/?%60=p3e3r7i9t6o0n1e4u3m40 HTTP/1.1" 200 68709 "https://www.eskijuva-bozori.uz.uzbekgidroenergoqurilish.uz/?%60=p3e3r7i9t6o0n1e4u3m40" "Mozilla/5.0 AppleWebKit/537.36 (KHTML, like Gecko; compatible; ClaudeBot/1.0; +claudebot@anthropic.com)"
216.73.217.53 - - [24/Aug/2026:17:45:36 +0500] "GET /shops/dominican/w3o1r6d0n6e9t93458 HTTP/1.1" 301 - "-" "Mozilla/5.0 AppleWebKit/537.36 (KHTML, like Gecko; compatible; ClaudeBot/1.0; +claudebot@anthropic.com)"
216.73.217.53 - - [24/Aug/2026:17:45:37 +0500] "GET /uz/shops/dominican/w3o1r6d0n6e9t93458 HTTP/1.1" 404 1248 "https://www.eskijuva-bozori.uz.uzbekgidroenergoqurilish.uz/shops/dominican/w3o1r6d0n6e9t93458" "Mozilla/5.0 AppleWebKit/537.36 (KHTML, like Gecko; compatible; ClaudeBot/1.0; +claudebot@anthropic.com)"
216.73.217.53 - - [24/Aug/2026:17:45:41 +0500] "GET /?%60=q3u3a1d0r1e5n0n1i1a6l4ly HTTP/1.1" 301 - "-" "Mozilla/5.0 AppleWebKit/537.36 (KHTML, like Gecko; compatible; ClaudeBot/1.0; +claudebot@anthropic.com)"
216.73.217.53 - - [24/Aug/2026:17:45:43 +0500] "GET /uz/?%60=q3u3a1d0r1e5n0n1i1a6l4ly HTTP/1.1" 200 68712 "https://www.eskijuva-bozori.uz.uzbekgidroenergoqurilish.uz/?%60=q3u3a1d0r1e5n0n1i1a6l4ly" "Mozilla/5.0 AppleWebKit/537.36 (KHTML, like Gecko; compatible; ClaudeBot/1.0; +claudebot@anthropic.com)"
216.73.217.53 - - [24/Aug/2026:17:45:47 +0500] "GET /?%60=x3y8l6o2p3y0r8o8g6r8aphy HTTP/1.1" 301 - "-" "Mozilla/5.0 AppleWebKit/537.36 (KHTML, like Gecko; compatible; ClaudeBot/1.0; +claudebot@anthropic.com)"
216.73.217.53 - - [24/Aug/2026:17:45:49 +0500] "GET /uz/?%60=x3y8l6o2p3y0r8o8g6r8aphy HTTP/1.1" 200 68712 "https://www.eskijuva-bozori.uz.uzbekgidroenergoqurilish.uz/?%60=x3y8l6o2p3y0r8o8g6r8aphy" "Mozilla/5.0 AppleWebKit/537.36 (KHTML, like Gecko; compatible; ClaudeBot/1.0; +claudebot@anthropic.com)"
216.73.217.53 - - [24/Aug/2026:17:45:53 +0500] "GET /vinaigrette/w3i1n0d9o9w2i0n8g317 HTTP/1.1" 301 - "-" "Mozilla/5.0 AppleWebKit/537.36 (KHTML, like Gecko; compatible; ClaudeBot/1.0; +claudebot@anthropic.com)"
216.73.217.53 - - [24/Aug/2026:17:45:54 +0500] "GET /uz/vinaigrette/w3i1n0d9o9w2i0n8g317 HTTP/1.1" 404 1248 "https://www.eskijuva-bozori.uz.uzbekgidroenergoqurilish.uz/vinaigrette/w3i1n0d9o9w2i0n8g317" "Mozilla/5.0 AppleWebKit/537.36 (KHTML, like Gecko; compatible; ClaudeBot/1.0; +claudebot@anthropic.com)"
216.73.217.53 - - [24/Aug/2026:17:45:59 +0500] "GET /shops/porcellus/e3x2i0l3i0t9y96346 HTTP/1.1" 301 - "-" "Mozilla/5.0 AppleWebKit/537.36 (KHTML, like Gecko; compatible; ClaudeBot/1.0; +claudebot@anthropic.com)"
216.73.217.53 - - [24/Aug/2026:17:46:01 +0500] "GET /uz/shops/porcellus/e3x2i0l3i0t9y96346 HTTP/1.1" 404 1248 "https://www.eskijuva-bozori.uz.uzbekgidroenergoqurilish.uz/shops/porcellus/e3x2i0l3i0t9y96346" "Mozilla/5.0 AppleWebKit/537.36 (KHTML, like Gecko; compatible; ClaudeBot/1.0; +claudebot@anthropic.com)"
216.73.217.53 - - [24/Aug/2026:17:46:05 +0500] "GET /shops/rejoinder/s3t4o1m0a0t0i9t4i0s99 HTTP/1.1" 301 - "-" "Mozilla/5.0 AppleWebKit/537.36 (KHTML, like Gecko; compatible; ClaudeBot/1.0; +claudebot@anthropic.com)"
216.73.217.53 - - [24/Aug/2026:17:46:06 +0500] "GET /uz/shops/rejoinder/s3t4o1m0a0t0i9t4i0s99 HTTP/1.1" 404 1248 "https://www.eskijuva-bozori.uz.uzbekgidroenergoqurilish.uz/shops/rejoinder/s3t4o1m0a0t0i9t4i0s99" "Mozilla/5.0 AppleWebKit/537.36 (KHTML, like Gecko; compatible; ClaudeBot/1.0; +claudebot@anthropic.com)"
185.191.171.12 - - [24/Aug/2026:17:46:52 +0500] "GET /ru/about-org-rus/indexes-rus?start=10 HTTP/1.1" 200 63292 "-" "Mozilla/5.0 (compatible; SemrushBot/7~bl; +http://www.semrush.com/bot.html)"
216.73.217.53 - - [24/Aug/2026:17:47:03 +0500] "GET /uz/?r=p4o8i5n2t8r3e6l905&start=12 HTTP/1.1" 200 68625 "-" "Mozilla/5.0 AppleWebKit/537.36 (KHTML, like Gecko; compatible; ClaudeBot/1.0; +claudebot@anthropic.com)"
216.73.217.53 - - [24/Aug/2026:17:47:08 +0500] "GET /uz/?r=p4o8i5n2t8r3e6l905&start=52 HTTP/1.1" 200 69917 "-" "Mozilla/5.0 AppleWebKit/537.36 (KHTML, like Gecko; compatible; ClaudeBot/1.0; +claudebot@anthropic.com)"
216.73.217.53 - - [24/Aug/2026:17:47:14 +0500] "GET /bettongia/skout/32513600639 HTTP/1.1" 301 - "-" "Mozilla/5.0 AppleWebKit/537.36 (KHTML, like Gecko; compatible; ClaudeBot/1.0; +claudebot@anthropic.com)"
216.73.217.53 - - [24/Aug/2026:17:47:18 +0500] "GET /uz/bettongia/skout/32513600639 HTTP/1.1" 404 1248 "https://www.eskijuva-bozori.uz.uzbekgidroenergoqurilish.uz/bettongia/skout/32513600639" "Mozilla/5.0 AppleWebKit/537.36 (KHTML, like Gecko; compatible; ClaudeBot/1.0; +claudebot@anthropic.com)"
216.73.217.53 - - [24/Aug/2026:17:47:26 +0500] "GET /uz/?r=p4o8i5n2t8r3e6l905&start=8 HTTP/1.1" 200 67813 "-" "Mozilla/5.0 AppleWebKit/537.36 (KHTML, like Gecko; compatible; ClaudeBot/1.0; +claudebot@anthropic.com)"
216.73.217.53 - - [24/Aug/2026:17:47:32 +0500] "GET /uz/?r=p4o8i5n2t8r3e6l905&start=4 HTTP/1.1" 200 68148 "-" "Mozilla/5.0 AppleWebKit/537.36 (KHTML, like Gecko; compatible; ClaudeBot/1.0; +claudebot@anthropic.com)"
93.152.221.194 - - [24/Aug/2026:17:47:57 +0500] "GET / HTTP/1.1" 301 - "-" "Mozilla/5.0 (Windows NT 10.0; Win64; x64) AppleWebKit/537.36"
93.152.221.194 - - [24/Aug/2026:17:47:59 +0500] "GET /uz/ HTTP/1.1" 200 68283 "-" "Mozilla/5.0 (Windows NT 10.0; Win64; x64) AppleWebKit/537.36"
93.152.221.194 - - [24/Aug/2026:17:48:02 +0500] "POST /index.php?option=com_jce&task=profiles.import HTTP/1.1" 303 - "-" "Mozilla/5.0 (Windows NT 10.0; Win64; x64) AppleWebKit/537.36"
93.152.221.194 - - [24/Aug/2026:17:48:05 +0500] "GET /index.php HTTP/1.1" 301 - "-" "Mozilla/5.0 (Windows NT 10.0; Win64; x64) AppleWebKit/537.36"
93.152.221.194 - - [24/Aug/2026:17:48:08 +0500] "GET /uz/ HTTP/1.1" 200 68466 "-" "Mozilla/5.0 (Windows NT 10.0; Win64; x64) AppleWebKit/537.36"
93.152.221.194 - - [24/Aug/2026:17:48:11 +0500] "POST /index.php?option=com_jce&task=plugin.rpc&plugin=browser HTTP/1.1" 303 - "-" "Mozilla/5.0 (Windows NT 10.0; Win64; x64) AppleWebKit/537.36"
93.152.221.194 - - [24/Aug/2026:17:48:14 +0500] "GET /index.php HTTP/1.1" 301 - "-" "Mozilla/5.0 (Windows NT 10.0; Win64; x64) AppleWebKit/537.36"
93.152.221.194 - - [24/Aug/2026:17:48:17 +0500] "GET /uz/ HTTP/1.1" 200 68466 "-" "Mozilla/5.0 (Windows NT 10.0; Win64; x64) AppleWebKit/537.36"
93.152.221.194 - - [24/Aug/2026:17:48:21 +0500] "POST /index.php?option=com_jce&task=plugin.rpc&plugin=browser HTTP/1.1" 303 - "-" "Mozilla/5.0 (Windows NT 10.0; Win64; x64) AppleWebKit/537.36"
93.152.221.194 - - [24/Aug/2026:17:48:24 +0500] "GET /index.php HTTP/1.1" 301 - "-" "Mozilla/5.0 (Windows NT 10.0; Win64; x64) AppleWebKit/537.36"
93.152.221.194 - - [24/Aug/2026:17:48:27 +0500] "GET /uz/ HTTP/1.1" 200 68466 "-" "Mozilla/5.0 (Windows NT 10.0; Win64; x64) AppleWebKit/537.36"
216.73.217.53 - - [24/Aug/2026:17:48:27 +0500] "GET /ru/facts-rus?ismobile=1&start=45 HTTP/1.1" 200 67767 "-" "Mozilla/5.0 AppleWebKit/537.36 (KHTML, like Gecko; compatible; ClaudeBot/1.0; +claudebot@anthropic.com)"
93.152.221.194 - - [24/Aug/2026:17:48:30 +0500] "POST /index.php?option=com_jce&task=plugin.rpc&plugin=browser&profile_id=1 HTTP/1.1" 303 - "-" "Mozilla/5.0 (Windows NT 10.0; Win64; x64) AppleWebKit/537.36"
93.152.221.194 - - [24/Aug/2026:17:48:32 +0500] "GET /index.php HTTP/1.1" 301 - "-" "Mozilla/5.0 (Windows NT 10.0; Win64; x64) AppleWebKit/537.36"
216.73.217.53 - - [24/Aug/2026:17:48:32 +0500] "GET /ru/facts-rus?ismobile=1&start=60 HTTP/1.1" 200 67752 "-" "Mozilla/5.0 AppleWebKit/537.36 (KHTML, like Gecko; compatible; ClaudeBot/1.0; +claudebot@anthropic.com)"
93.152.221.194 - - [24/Aug/2026:17:48:34 +0500] "GET /uz/ HTTP/1.1" 200 68466 "-" "Mozilla/5.0 (Windows NT 10.0; Win64; x64) AppleWebKit/537.36"
93.152.221.194 - - [24/Aug/2026:17:48:37 +0500] "POST /index.php?option=com_jce&task=plugin.rpc&plugin=browser&profile_id=1 HTTP/1.1" 303 - "-" "Mozilla/5.0 (Windows NT 10.0; Win64; x64) AppleWebKit/537.36"
216.73.217.53 - - [24/Aug/2026:17:48:38 +0500] "GET /ru/facts-rus?ismobile=1&start=75 HTTP/1.1" 200 67095 "-" "Mozilla/5.0 AppleWebKit/537.36 (KHTML, like Gecko; compatible; ClaudeBot/1.0; +claudebot@anthropic.com)"
93.152.221.194 - - [24/Aug/2026:17:48:41 +0500] "GET /index.php HTTP/1.1" 301 - "-" "Mozilla/5.0 (Windows NT 10.0; Win64; x64) AppleWebKit/537.36"
93.152.221.194 - - [24/Aug/2026:17:48:47 +0500] "GET /uz/ HTTP/1.1" 508 288 "-" "Mozilla/5.0 (Windows NT 10.0; Win64; x64) AppleWebKit/537.36"
93.152.221.194 - - [24/Aug/2026:17:48:47 +0500] "POST /index.php?option=com_jce&task=plugin.rpc&plugin=browser&profile_id=2 HTTP/1.1" 508 288 "-" "Mozilla/5.0 (Windows NT 10.0; Win64; x64) AppleWebKit/537.36"
93.152.221.194 - - [24/Aug/2026:17:48:48 +0500] "POST /index.php?option=com_jce&task=plugin.rpc&plugin=browser&profile_id=2 HTTP/1.1" 508 288 "-" "Mozilla/5.0 (Windows NT 10.0; Win64; x64) AppleWebKit/537.36"
93.152.221.194 - - [24/Aug/2026:17:48:48 +0500] "POST /index.php?option=com_jce&task=plugin.rpc&plugin=browser&profile_id=3 HTTP/1.1" 508 288 "-" "Mozilla/5.0 (Windows NT 10.0; Win64; x64) AppleWebKit/537.36"
93.152.221.194 - - [24/Aug/2026:17:48:48 +0500] "POST /index.php?option=com_jce&task=plugin.rpc&plugin=browser&profile_id=3 HTTP/1.1" 508 288 "-" "Mozilla/5.0 (Windows NT 10.0; Win64; x64) AppleWebKit/537.36"
93.152.221.194 - - [24/Aug/2026:17:48:49 +0500] "POST /index.php?option=com_jce&task=plugin.rpc&plugin=browser&profile_id=4 HTTP/1.1" 303 - "-" "Mozilla/5.0 (Windows NT 10.0; Win64; x64) AppleWebKit/537.36"
216.73.217.53 - - [24/Aug/2026:17:48:49 +0500] "GET /ru/facts-rus/335-08-fact-02-04-2021-io HTTP/1.1" 200 56244 "-" "Mozilla/5.0 AppleWebKit/537.36 (KHTML, like Gecko; compatible; ClaudeBot/1.0; +claudebot@anthropic.com)"
93.152.221.194 - - [24/Aug/2026:17:48:56 +0500] "GET /index.php HTTP/1.1" 301 - "-" "Mozilla/5.0 (Windows NT 10.0; Win64; x64) AppleWebKit/537.36"
93.152.221.194 - - [24/Aug/2026:17:49:00 +0500] "GET /uz/ HTTP/1.1" 200 68466 "-" "Mozilla/5.0 (Windows NT 10.0; Win64; x64) AppleWebKit/537.36"
93.152.221.194 - - [24/Aug/2026:17:49:04 +0500] "POST /index.php?option=com_jce&task=plugin.rpc&plugin=browser&profile_id=4 HTTP/1.1" 303 - "-" "Mozilla/5.0 (Windows NT 10.0; Win64; x64) AppleWebKit/537.36"
93.152.221.194 - - [24/Aug/2026:17:49:07 +0500] "GET /index.php HTTP/1.1" 301 - "-" "Mozilla/5.0 (Windows NT 10.0; Win64; x64) AppleWebKit/537.36"
93.152.221.194 - - [24/Aug/2026:17:49:10 +0500] "GET /uz/ HTTP/1.1" 200 68466 "-" "Mozilla/5.0 (Windows NT 10.0; Win64; x64) AppleWebKit/537.36"
85.208.96.200 - - [24/Aug/2026:17:49:13 +0500] "GET /uz/facts-uzb/370-36-fact-31-03-2022 HTTP/1.1" 200 57175 "-" "Mozilla/5.0 (compatible; SemrushBot/7~bl; +http://www.semrush.com/bot.html)"
93.152.221.194 - - [24/Aug/2026:17:49:15 +0500] "POST /index.php?option=com_jce&task=plugin.rpc&plugin=browser&profile_id=5 HTTP/1.1" 303 - "-" "Mozilla/5.0 (Windows NT 10.0; Win64; x64) AppleWebKit/537.36"
93.152.221.194 - - [24/Aug/2026:17:49:19 +0500] "GET /index.php HTTP/1.1" 301 - "-" "Mozilla/5.0 (Windows NT 10.0; Win64; x64) AppleWebKit/537.36"
93.152.221.194 - - [24/Aug/2026:17:49:22 +0500] "GET /uz/ HTTP/1.1" 200 68466 "-" "Mozilla/5.0 (Windows NT 10.0; Win64; x64) AppleWebKit/537.36"
93.152.221.194 - - [24/Aug/2026:17:49:26 +0500] "POST /index.php?option=com_jce&task=plugin.rpc&plugin=browser&profile_id=5 HTTP/1.1" 303 - "-" "Mozilla/5.0 (Windows NT 10.0; Win64; x64) AppleWebKit/537.36"
185.191.171.10 - - [24/Aug/2026:17:49:25 +0500] "GET /uz/?p=1&start=32 HTTP/1.1" 200 68423 "-" "Mozilla/5.0 (compatible; SemrushBot/7~bl; +http://www.semrush.com/bot.html)"
93.152.221.194 - - [24/Aug/2026:17:49:29 +0500] "GET /index.php HTTP/1.1" 301 - "-" "Mozilla/5.0 (Windows NT 10.0; Win64; x64) AppleWebKit/537.36"
216.73.217.53 - - [24/Aug/2026:17:49:29 +0500] "GET /ru/facts-rus/263-08-fact-25-04-2019-rk HTTP/1.1" 200 56217 "-" "Mozilla/5.0 AppleWebKit/537.36 (KHTML, like Gecko; compatible; ClaudeBot/1.0; +claudebot@anthropic.com)"
93.152.221.194 - - [24/Aug/2026:17:49:33 +0500] "GET /uz/ HTTP/1.1" 200 68466 "-" "Mozilla/5.0 (Windows NT 10.0; Win64; x64) AppleWebKit/537.36"
216.73.217.53 - - [24/Aug/2026:17:49:34 +0500] "GET /ru/facts-rus/333-06-fact-02-04-2021 HTTP/1.1" 200 56105 "-" "Mozilla/5.0 AppleWebKit/537.36 (KHTML, like Gecko; compatible; ClaudeBot/1.0; +claudebot@anthropic.com)"
93.152.221.194 - - [24/Aug/2026:17:49:38 +0500] "POST /index.php?option=com_jce&task=plugin.rpc&plugin=browser HTTP/1.1" 303 - "-" "Mozilla/5.0 (Windows NT 10.0; Win64; x64) AppleWebKit/537.36"
93.152.221.194 - - [24/Aug/2026:17:49:41 +0500] "GET /index.php HTTP/1.1" 301 - "-" "Mozilla/5.0 (Windows NT 10.0; Win64; x64) AppleWebKit/537.36"
185.191.171.8 - - [24/Aug/2026:17:49:42 +0500] "GET /uz/info-for-shareholders-uzb/155-performance-indicators-2016-full HTTP/1.1" 200 60160 "-" "Mozilla/5.0 (compatible; SemrushBot/7~bl; +http://www.semrush.com/bot.html)"
93.152.221.194 - - [24/Aug/2026:17:49:43 +0500] "GET /uz/ HTTP/1.1" 200 68466 "-" "Mozilla/5.0 (Windows NT 10.0; Win64; x64) AppleWebKit/537.36"
93.152.221.194 - - [24/Aug/2026:17:49:47 +0500] "POST /index.php?option=com_jce&task=plugin.rpc&plugin=browser HTTP/1.1" 303 - "-" "Mozilla/5.0 (Windows NT 10.0; Win64; x64) AppleWebKit/537.36"
93.152.221.194 - - [24/Aug/2026:17:49:48 +0500] "GET /index.php HTTP/1.1" 301 - "-" "Mozilla/5.0 (Windows NT 10.0; Win64; x64) AppleWebKit/537.36"
93.152.221.194 - - [24/Aug/2026:17:49:51 +0500] "GET /uz/ HTTP/1.1" 200 68466 "-" "Mozilla/5.0 (Windows NT 10.0; Win64; x64) AppleWebKit/537.36"
93.152.221.194 - - [24/Aug/2026:17:49:54 +0500] "POST /index.php?option=com_jce&task=plugin.rpc&plugin=browser&profile_id=1 HTTP/1.1" 303 - "-" "Mozilla/5.0 (Windows NT 10.0; Win64; x64) AppleWebKit/537.36"
93.152.221.194 - - [24/Aug/2026:17:49:56 +0500] "GET /index.php HTTP/1.1" 301 - "-" "Mozilla/5.0 (Windows NT 10.0; Win64; x64) AppleWebKit/537.36"
93.152.221.194 - - [24/Aug/2026:17:49:58 +0500] "GET /uz/ HTTP/1.1" 200 68466 "-" "Mozilla/5.0 (Windows NT 10.0; Win64; x64) AppleWebKit/537.36"
93.152.221.194 - - [24/Aug/2026:17:50:00 +0500] "POST /index.php?option=com_jce&task=plugin.rpc&plugin=browser&profile_id=1 HTTP/1.1" 303 - "-" "Mozilla/5.0 (Windows NT 10.0; Win64; x64) AppleWebKit/537.36"
93.152.221.194 - - [24/Aug/2026:17:50:01 +0500] "GET /index.php HTTP/1.1" 301 - "-" "Mozilla/5.0 (Windows NT 10.0; Win64; x64) AppleWebKit/537.36"
93.152.221.194 - - [24/Aug/2026:17:50:03 +0500] "GET /uz/ HTTP/1.1" 200 68466 "-" "Mozilla/5.0 (Windows NT 10.0; Win64; x64) AppleWebKit/537.36"
93.152.221.194 - - [24/Aug/2026:17:50:06 +0500] "POST /index.php?option=com_jce&task=plugin.rpc&plugin=browser&profile_id=2 HTTP/1.1" 303 - "-" "Mozilla/5.0 (Windows NT 10.0; Win64; x64) AppleWebKit/537.36"
93.152.221.194 - - [24/Aug/2026:17:50:08 +0500] "GET /index.php HTTP/1.1" 301 - "-" "Mozilla/5.0 (Windows NT 10.0; Win64; x64) AppleWebKit/537.36"
93.152.221.194 - - [24/Aug/2026:17:50:10 +0500] "GET /uz/ HTTP/1.1" 200 68466 "-" "Mozilla/5.0 (Windows NT 10.0; Win64; x64) AppleWebKit/537.36"
216.73.217.53 - - [24/Aug/2026:17:50:13 +0500] "GET /robots.txt HTTP/1.1" 200 111 "-" "Mozilla/5.0 AppleWebKit/537.36 (KHTML, like Gecko; compatible; ClaudeBot/1.0; +claudebot@anthropic.com)"
93.152.221.194 - - [24/Aug/2026:17:50:12 +0500] "POST /index.php?option=com_jce&task=plugin.rpc&plugin=browser&profile_id=2 HTTP/1.1" 303 - "-" "Mozilla/5.0 (Windows NT 10.0; Win64; x64) AppleWebKit/537.36"
93.152.221.194 - - [24/Aug/2026:17:50:14 +0500] "GET /index.php HTTP/1.1" 301 - "-" "Mozilla/5.0 (Windows NT 10.0; Win64; x64) AppleWebKit/537.36"
93.152.221.194 - - [24/Aug/2026:17:50:16 +0500] "GET /uz/ HTTP/1.1" 200 68466 "-" "Mozilla/5.0 (Windows NT 10.0; Win64; x64) AppleWebKit/537.36"
93.152.221.194 - - [24/Aug/2026:17:50:18 +0500] "POST /index.php?option=com_jce&task=plugin.rpc&plugin=browser&profile_id=3 HTTP/1.1" 303 - "-" "Mozilla/5.0 (Windows NT 10.0; Win64; x64) AppleWebKit/537.36"
93.152.221.194 - - [24/Aug/2026:17:50:19 +0500] "GET /index.php HTTP/1.1" 301 - "-" "Mozilla/5.0 (Windows NT 10.0; Win64; x64) AppleWebKit/537.36"
93.152.221.194 - - [24/Aug/2026:17:50:20 +0500] "GET /uz/ HTTP/1.1" 200 68466 "-" "Mozilla/5.0 (Windows NT 10.0; Win64; x64) AppleWebKit/537.36"
93.152.221.194 - - [24/Aug/2026:17:50:22 +0500] "POST /index.php?option=com_jce&task=plugin.rpc&plugin=browser&profile_id=3 HTTP/1.1" 303 - "-" "Mozilla/5.0 (Windows NT 10.0; Win64; x64) AppleWebKit/537.36"
93.152.221.194 - - [24/Aug/2026:17:50:23 +0500] "GET /index.php HTTP/1.1" 301 - "-" "Mozilla/5.0 (Windows NT 10.0; Win64; x64) AppleWebKit/537.36"
93.152.221.194 - - [24/Aug/2026:17:50:24 +0500] "GET /uz/ HTTP/1.1" 200 68466 "-" "Mozilla/5.0 (Windows NT 10.0; Win64; x64) AppleWebKit/537.36"
93.152.221.194 - - [24/Aug/2026:17:50:27 +0500] "POST /index.php?option=com_jce&task=plugin.rpc&plugin=browser&profile_id=4 HTTP/1.1" 303 - "-" "Mozilla/5.0 (Windows NT 10.0; Win64; x64) AppleWebKit/537.36"
93.152.221.194 - - [24/Aug/2026:17:50:30 +0500] "GET /index.php HTTP/1.1" 301 - "-" "Mozilla/5.0 (Windows NT 10.0; Win64; x64) AppleWebKit/537.36"
93.152.221.194 - - [24/Aug/2026:17:50:31 +0500] "GET /uz/ HTTP/1.1" 200 68466 "-" "Mozilla/5.0 (Windows NT 10.0; Win64; x64) AppleWebKit/537.36"
93.152.221.194 - - [24/Aug/2026:17:50:33 +0500] "POST /index.php?option=com_jce&task=plugin.rpc&plugin=browser&profile_id=4 HTTP/1.1" 303 - "-" "Mozilla/5.0 (Windows NT 10.0; Win64; x64) AppleWebKit/537.36"
93.152.221.194 - - [24/Aug/2026:17:50:34 +0500] "GET /index.php HTTP/1.1" 301 - "-" "Mozilla/5.0 (Windows NT 10.0; Win64; x64) AppleWebKit/537.36"
216.73.217.53 - - [24/Aug/2026:17:50:35 +0500] "GET /ru/facts-rus/427-sush-fakt-08-01-04-2024-io-doc HTTP/1.1" 200 56326 "-" "Mozilla/5.0 AppleWebKit/537.36 (KHTML, like Gecko; compatible; ClaudeBot/1.0; +claudebot@anthropic.com)"
93.152.221.194 - - [24/Aug/2026:17:50:36 +0500] "GET /uz/ HTTP/1.1" 200 68466 "-" "Mozilla/5.0 (Windows NT 10.0; Win64; x64) AppleWebKit/537.36"
93.152.221.194 - - [24/Aug/2026:17:50:38 +0500] "POST /index.php?option=com_jce&task=plugin.rpc&plugin=browser&profile_id=5 HTTP/1.1" 303 - "-" "Mozilla/5.0 (Windows NT 10.0; Win64; x64) AppleWebKit/537.36"
93.152.221.194 - - [24/Aug/2026:17:50:39 +0500] "GET /index.php HTTP/1.1" 301 - "-" "Mozilla/5.0 (Windows NT 10.0; Win64; x64) AppleWebKit/537.36"
3.224.104.67 - - [24/Aug/2026:17:50:40 +0500] "GET /uz/10-uzbek?start=76 HTTP/1.1" 200 69828 "-" "Mozilla/5.0 AppleWebKit/537.36 (KHTML, like Gecko; compatible; Amazonbot/0.1; +https://developer.amazon.com/support/amazonbot) Chrome/119.0.6045.214 Safari/537.36"
93.152.221.194 - - [24/Aug/2026:17:50:41 +0500] "GET /uz/ HTTP/1.1" 200 68466 "-" "Mozilla/5.0 (Windows NT 10.0; Win64; x64) AppleWebKit/537.36"
54.147.182.90 - - [24/Aug/2026:17:50:41 +0500] "GET /uz/audit-uzb/10-uzbek?start=40 HTTP/1.1" 200 67369 "-" "Mozilla/5.0 AppleWebKit/537.36 (KHTML, like Gecko; compatible; Amazonbot/0.1; +https://developer.amazon.com/support/amazonbot) Chrome/119.0.6045.214 Safari/537.36"
93.152.221.194 - - [24/Aug/2026:17:50:44 +0500] "POST /index.php?option=com_jce&task=plugin.rpc&plugin=browser&profile_id=5 HTTP/1.1" 303 - "-" "Mozilla/5.0 (Windows NT 10.0; Win64; x64) AppleWebKit/537.36"
93.152.221.194 - - [24/Aug/2026:17:50:45 +0500] "GET /index.php HTTP/1.1" 301 - "-" "Mozilla/5.0 (Windows NT 10.0; Win64; x64) AppleWebKit/537.36"
93.152.221.194 - - [24/Aug/2026:17:50:47 +0500] "GET /uz/ HTTP/1.1" 200 68466 "-" "Mozilla/5.0 (Windows NT 10.0; Win64; x64) AppleWebKit/537.36"
216.73.217.53 - - [24/Aug/2026:17:50:46 +0500] "GET /ru/facts-rus/428-sush-fakt-32-01-04-2024-doc HTTP/1.1" 200 55937 "-" "Mozilla/5.0 AppleWebKit/537.36 (KHTML, like Gecko; compatible; ClaudeBot/1.0; +claudebot@anthropic.com)"
93.152.221.194 - - [24/Aug/2026:17:50:49 +0500] "POST /index.php?option=com_jce&task=plugin.rpc&plugin=filemanager HTTP/1.1" 303 - "-" "Mozilla/5.0 (Windows NT 10.0; Win64; x64) AppleWebKit/537.36"
93.152.221.194 - - [24/Aug/2026:17:50:51 +0500] "GET /index.php HTTP/1.1" 301 - "-" "Mozilla/5.0 (Windows NT 10.0; Win64; x64) AppleWebKit/537.36"
93.152.221.194 - - [24/Aug/2026:17:50:52 +0500] "GET /uz/ HTTP/1.1" 200 68466 "-" "Mozilla/5.0 (Windows NT 10.0; Win64; x64) AppleWebKit/537.36"
93.152.221.194 - - [24/Aug/2026:17:50:54 +0500] "POST /index.php?option=com_jce&task=plugin.rpc&plugin=filemanager HTTP/1.1" 303 - "-" "Mozilla/5.0 (Windows NT 10.0; Win64; x64) AppleWebKit/537.36"
93.152.221.194 - - [24/Aug/2026:17:50:56 +0500] "GET /index.php HTTP/1.1" 301 - "-" "Mozilla/5.0 (Windows NT 10.0; Win64; x64) AppleWebKit/537.36"
93.152.221.194 - - [24/Aug/2026:17:50:58 +0500] "GET /uz/ HTTP/1.1" 200 68466 "-" "Mozilla/5.0 (Windows NT 10.0; Win64; x64) AppleWebKit/537.36"
216.73.217.53 - - [24/Aug/2026:17:50:58 +0500] "GET /ru/facts-rus/456-sush-fakt-06-15-04-2025-ej-pdf HTTP/1.1" 200 56250 "-" "Mozilla/5.0 AppleWebKit/537.36 (KHTML, like Gecko; compatible; ClaudeBot/1.0; +claudebot@anthropic.com)"
93.152.221.194 - - [24/Aug/2026:17:50:59 +0500] "POST /index.php?option=com_jce&task=plugin.rpc&plugin=filemanager&profile_id=1 HTTP/1.1" 303 - "-" "Mozilla/5.0 (Windows NT 10.0; Win64; x64) AppleWebKit/537.36"
93.152.221.194 - - [24/Aug/2026:17:51:01 +0500] "GET /index.php HTTP/1.1" 301 - "-" "Mozilla/5.0 (Windows NT 10.0; Win64; x64) AppleWebKit/537.36"
93.152.221.194 - - [24/Aug/2026:17:51:03 +0500] "GET /uz/ HTTP/1.1" 200 68466 "-" "Mozilla/5.0 (Windows NT 10.0; Win64; x64) AppleWebKit/537.36"
93.152.221.194 - - [24/Aug/2026:17:51:05 +0500] "POST /index.php?option=com_jce&task=plugin.rpc&plugin=filemanager&profile_id=1 HTTP/1.1" 303 - "-" "Mozilla/5.0 (Windows NT 10.0; Win64; x64) AppleWebKit/537.36"
93.152.221.194 - - [24/Aug/2026:17:51:07 +0500] "GET /index.php HTTP/1.1" 301 - "-" "Mozilla/5.0 (Windows NT 10.0; Win64; x64) AppleWebKit/537.36"
93.152.221.194 - - [24/Aug/2026:17:51:08 +0500] "GET /uz/ HTTP/1.1" 200 68466 "-" "Mozilla/5.0 (Windows NT 10.0; Win64; x64) AppleWebKit/537.36"
216.73.217.53 - - [24/Aug/2026:17:51:10 +0500] "GET /ru/facts-rus/426-sush-fakt-08-01-04-2024-ns-doc HTTP/1.1" 200 56368 "-" "Mozilla/5.0 AppleWebKit/537.36 (KHTML, like Gecko; compatible; ClaudeBot/1.0; +claudebot@anthropic.com)"
93.152.221.194 - - [24/Aug/2026:17:51:10 +0500] "POST /index.php?option=com_jce&task=plugin.rpc&plugin=filemanager&profile_id=2 HTTP/1.1" 303 - "-" "Mozilla/5.0 (Windows NT 10.0; Win64; x64) AppleWebKit/537.36"
93.152.221.194 - - [24/Aug/2026:17:51:13 +0500] "GET /index.php HTTP/1.1" 301 - "-" "Mozilla/5.0 (Windows NT 10.0; Win64; x64) AppleWebKit/537.36"
93.152.221.194 - - [24/Aug/2026:17:51:15 +0500] "GET /uz/ HTTP/1.1" 200 68466 "-" "Mozilla/5.0 (Windows NT 10.0; Win64; x64) AppleWebKit/537.36"
93.152.221.194 - - [24/Aug/2026:17:51:20 +0500] "POST /index.php?option=com_jce&task=plugin.rpc&plugin=filemanager&profile_id=2 HTTP/1.1" 303 - "-" "Mozilla/5.0 (Windows NT 10.0; Win64; x64) AppleWebKit/537.36"
93.152.221.194 - - [24/Aug/2026:17:51:21 +0500] "GET /index.php HTTP/1.1" 301 - "-" "Mozilla/5.0 (Windows NT 10.0; Win64; x64) AppleWebKit/537.36"
216.73.217.53 - - [24/Aug/2026:17:51:21 +0500] "GET /ru/facts-rus/458-sush-fakt-32-15-04-2025-ej-pdf HTTP/1.1" 200 55953 "-" "Mozilla/5.0 AppleWebKit/537.36 (KHTML, like Gecko; compatible; ClaudeBot/1.0; +claudebot@anthropic.com)"
93.152.221.194 - - [24/Aug/2026:17:51:23 +0500] "GET /uz/ HTTP/1.1" 200 68466 "-" "Mozilla/5.0 (Windows NT 10.0; Win64; x64) AppleWebKit/537.36"
93.152.221.194 - - [24/Aug/2026:17:51:32 +0500] "POST /index.php?option=com_jce&task=plugin.rpc&plugin=filemanager&profile_id=3 HTTP/1.1" 303 - "-" "Mozilla/5.0 (Windows NT 10.0; Win64; x64) AppleWebKit/537.36"
93.152.221.194 - - [24/Aug/2026:17:51:37 +0500] "GET /index.php HTTP/1.1" 301 - "-" "Mozilla/5.0 (Windows NT 10.0; Win64; x64) AppleWebKit/537.36"
93.152.221.194 - - [24/Aug/2026:17:51:38 +0500] "GET /uz/ HTTP/1.1" 200 68466 "-" "Mozilla/5.0 (Windows NT 10.0; Win64; x64) AppleWebKit/537.36"
93.152.221.194 - - [24/Aug/2026:17:51:41 +0500] "POST /index.php?option=com_jce&task=plugin.rpc&plugin=filemanager&profile_id=3 HTTP/1.1" 303 - "-" "Mozilla/5.0 (Windows NT 10.0; Win64; x64) AppleWebKit/537.36"
93.152.221.194 - - [24/Aug/2026:17:51:42 +0500] "GET /index.php HTTP/1.1" 301 - "-" "Mozilla/5.0 (Windows NT 10.0; Win64; x64) AppleWebKit/537.36"
93.152.221.194 - - [24/Aug/2026:17:51:43 +0500] "GET /uz/ HTTP/1.1" 200 68466 "-" "Mozilla/5.0 (Windows NT 10.0; Win64; x64) AppleWebKit/537.36"
93.152.221.194 - - [24/Aug/2026:17:51:45 +0500] "POST /index.php?option=com_jce&task=plugin.rpc&plugin=filemanager&profile_id=4 HTTP/1.1" 303 - "-" "Mozilla/5.0 (Windows NT 10.0; Win64; x64) AppleWebKit/537.36"
93.152.221.194 - - [24/Aug/2026:17:51:46 +0500] "GET /index.php HTTP/1.1" 301 - "-" "Mozilla/5.0 (Windows NT 10.0; Win64; x64) AppleWebKit/537.36"
93.152.221.194 - - [24/Aug/2026:17:51:47 +0500] "GET /uz/ HTTP/1.1" 200 68466 "-" "Mozilla/5.0 (Windows NT 10.0; Win64; x64) AppleWebKit/537.36"
93.152.221.194 - - [24/Aug/2026:17:51:48 +0500] "POST /index.php?option=com_jce&task=plugin.rpc&plugin=filemanager&profile_id=4 HTTP/1.1" 303 - "-" "Mozilla/5.0 (Windows NT 10.0; Win64; x64) AppleWebKit/537.36"
93.152.221.194 - - [24/Aug/2026:17:51:49 +0500] "GET /index.php HTTP/1.1" 301 - "-" "Mozilla/5.0 (Windows NT 10.0; Win64; x64) AppleWebKit/537.36"
93.152.221.194 - - [24/Aug/2026:17:51:50 +0500] "GET /uz/ HTTP/1.1" 200 68466 "-" "Mozilla/5.0 (Windows NT 10.0; Win64; x64) AppleWebKit/537.36"
93.152.221.194 - - [24/Aug/2026:17:51:52 +0500] "POST /index.php?option=com_jce&task=plugin.rpc&plugin=filemanager&profile_id=5 HTTP/1.1" 303 - "-" "Mozilla/5.0 (Windows NT 10.0; Win64; x64) AppleWebKit/537.36"
93.152.221.194 - - [24/Aug/2026:17:51:53 +0500] "GET /index.php HTTP/1.1" 301 - "-" "Mozilla/5.0 (Windows NT 10.0; Win64; x64) AppleWebKit/537.36"
216.73.217.53 - - [24/Aug/2026:17:51:55 +0500] "GET /ru/facts-rus/414-sush-fakt-08-04-09-2023-ns-doc HTTP/1.1" 200 56261 "-" "Mozilla/5.0 AppleWebKit/537.36 (KHTML, like Gecko; compatible; ClaudeBot/1.0; +claudebot@anthropic.com)"
93.152.221.194 - - [24/Aug/2026:17:51:56 +0500] "GET /uz/ HTTP/1.1" 200 68466 "-" "Mozilla/5.0 (Windows NT 10.0; Win64; x64) AppleWebKit/537.36"
93.152.221.194 - - [24/Aug/2026:17:51:58 +0500] "POST /index.php?option=com_jce&task=plugin.rpc&plugin=filemanager&profile_id=5 HTTP/1.1" 303 - "-" "Mozilla/5.0 (Windows NT 10.0; Win64; x64) AppleWebKit/537.36"
93.152.221.194 - - [24/Aug/2026:17:51:59 +0500] "GET /index.php HTTP/1.1" 301 - "-" "Mozilla/5.0 (Windows NT 10.0; Win64; x64) AppleWebKit/537.36"
93.152.221.194 - - [24/Aug/2026:17:52:00 +0500] "GET /uz/ HTTP/1.1" 200 68466 "-" "Mozilla/5.0 (Windows NT 10.0; Win64; x64) AppleWebKit/537.36"
216.73.217.53 - - [24/Aug/2026:17:52:06 +0500] "GET /ru/facts-rus/448-sush-fakt-06-21-02-2025-pdf HTTP/1.1" 200 56232 "-" "Mozilla/5.0 AppleWebKit/537.36 (KHTML, like Gecko; compatible; ClaudeBot/1.0; +claudebot@anthropic.com)"
185.191.171.3 - - [24/Aug/2026:17:53:30 +0500] "GET /uz/officially-uzb/ustav-uzb/12-uzbek/about-org-uzb HTTP/1.1" 200 64234 "-" "Mozilla/5.0 (compatible; SemrushBot/7~bl; +http://www.semrush.com/bot.html)"
216.73.217.53 - - [24/Aug/2026:17:54:14 +0500] "GET /ru/facts-rus/468-sush-fakt-25-24-05-2025-pdf HTTP/1.1" 200 55859 "-" "Mozilla/5.0 AppleWebKit/537.36 (KHTML, like Gecko; compatible; ClaudeBot/1.0; +claudebot@anthropic.com)"
34.61.96.6 - - [24/Aug/2026:17:54:51 +0500] "GET /uz/jsc-docs-uzb?format=feed&type=atom HTTP/1.1" 200 333400 "-" "Mozilla/5.0 (Macintosh; Intel Mac OS X 10_15_7) AppleWebKit/537.36 (KHTML, like Gecko) Chrome/120.0.0.0 Safari/537.36"
34.10.180.98 - - [24/Aug/2026:17:55:47 +0500] "GET /uz/component/search/?Itemid=148&format=opensearch HTTP/1.1" 200 733 "-" "Mozilla/5.0 (Macintosh; Intel Mac OS X 10_15_7) AppleWebKit/537.36 (KHTML, like Gecko) Chrome/120.0.0.0 Safari/537.36"
216.73.217.53 - - [24/Aug/2026:17:56:09 +0500] "GET /ru/facts-rus/55-05-mansabdor-shaxslarning-shaxsij-tarkibidagi-uzgarishlar HTTP/1.1" 200 59817 "-" "Mozilla/5.0 AppleWebKit/537.36 (KHTML, like Gecko; compatible; ClaudeBot/1.0; +claudebot@anthropic.com)"
216.73.217.53 - - [24/Aug/2026:17:56:20 +0500] "GET /ru/facts-rus/399-sush-fakt-08-14-09-2022-ns-pdf HTTP/1.1" 200 56192 "-" "Mozilla/5.0 AppleWebKit/537.36 (KHTML, like Gecko; compatible; ClaudeBot/1.0; +claudebot@anthropic.com)"
9.163.101.55 - - [24/Aug/2026:17:56:34 +0500] "GET / HTTP/1.1" 301 - "-" "Mozilla/5.0 AppleWebKit/537.36 (KHTML, like Gecko); compatible; ChatGPT-User/1.0; +https://openai.com/bot"
185.191.171.16 - - [24/Aug/2026:17:56:39 +0500] "GET /ru/15-russian/officially-rus HTTP/1.1" 200 66720 "-" "Mozilla/5.0 (compatible; SemrushBot/7~bl; +http://www.semrush.com/bot.html)"
85.208.96.204 - - [24/Aug/2026:17:57:02 +0500] "GET /uz/?function=call_user_func_array&start=36&vars%5B1%5D%5B0%5D=1 HTTP/1.1" 200 70054 "-" "Mozilla/5.0 (compatible; SemrushBot/7~bl; +http://www.semrush.com/bot.html)"
85.208.96.202 - - [24/Aug/2026:17:57:37 +0500] "GET /uz/?author=17&start=52 HTTP/1.1" 200 69471 "-" "Mozilla/5.0 (compatible; SemrushBot/7~bl; +http://www.semrush.com/bot.html)"
52.0.105.244 - - [24/Aug/2026:17:58:44 +0500] "GET /docs/reports/2018/balans-1-1-2018-new.xls HTTP/1.1" 200 322048 "-" "Mozilla/5.0 AppleWebKit/537.36 (KHTML, like Gecko; compatible; Amazonbot/0.1; +https://developer.amazon.com/support/amazonbot) Chrome/119.0.6045.214 Safari/537.36"
185.191.171.1 - - [24/Aug/2026:18:00:21 +0500] "GET /uz/news-uzb?start=28&template=eskijuva HTTP/1.1" 200 62857 "-" "Mozilla/5.0 (compatible; SemrushBot/7~bl; +http://www.semrush.com/bot.html)"
161.153.21.136 - - [24/Aug/2026:18:01:10 +0500] "GET /uz?start=52 HTTP/1.1" 200 - "-" "Mozilla/5.0 (X11; Linux aarch64) AppleWebKit/537.36 (KHTML, like Gecko) Chrome/139.0.0.0 Safari/537.36"
161.153.21.136 - - [24/Aug/2026:18:01:13 +0500] "GET /uz?start=52 HTTP/1.1" 200 15601 "-" "Mozilla/5.0 (X11; Linux aarch64) AppleWebKit/537.36 (KHTML, like Gecko) Chrome/139.0.0.0 Safari/537.36"
85.208.96.198 - - [24/Aug/2026:18:01:21 +0500] "GET /uz/?author=16&start=32 HTTP/1.1" 200 68240 "-" "Mozilla/5.0 (compatible; SemrushBot/7~bl; +http://www.semrush.com/bot.html)"
161.153.65.132 - - [24/Aug/2026:18:02:21 +0500] "GET /ru/comissions-rus?template=accessibility HTTP/1.1" 200 27751 "-" "Mozilla/5.0 (X11; Linux aarch64) AppleWebKit/537.36 (KHTML, like Gecko) Chrome/139.0.0.0 Safari/537.36"
192.178.6.4 - - [24/Aug/2026:18:02:42 +0500] "GET /uz/dividends-uzb?start=8 HTTP/1.1" 200 65030 "-" "Mozilla/5.0 (Linux; Android 6.0.1; Nexus 5X Build/MMB29P) AppleWebKit/537.36 (KHTML, like Gecko) Chrome/151.0.7922.137 Mobile Safari/537.36 (compatible; Googlebot/2.1; +http://www.google.com/bot.html)"
3.213.85.234 - - [24/Aug/2026:18:02:59 +0500] "GET /uz/?start=52&vars[1][0]=1 HTTP/1.1" 200 69032 "-" "Mozilla/5.0 AppleWebKit/537.36 (KHTML, like Gecko; compatible; Amazonbot/0.1; +https://developer.amazon.com/support/amazonbot) Chrome/119.0.6045.214 Safari/537.36"
192.178.6.4 - - [24/Aug/2026:18:03:01 +0500] "GET /uz/news-uzb?start=28 HTTP/1.1" 200 200608 "-" "Mozilla/5.0 (Linux; Android 6.0.1; Nexus 5X Build/MMB29P) AppleWebKit/537.36 (KHTML, like Gecko) Chrome/151.0.7922.137 Mobile Safari/537.36 (compatible; Googlebot/2.1; +http://www.google.com/bot.html)"
192.178.6.3 - - [24/Aug/2026:18:03:04 +0500] "GET /uz/about-org-uzb/indexes-uzb/102-reports-2015-uzb HTTP/1.1" 200 196137 "-" "Mozilla/5.0 (Linux; Android 6.0.1; Nexus 5X Build/MMB29P) AppleWebKit/537.36 (KHTML, like Gecko) Chrome/151.0.7922.137 Mobile Safari/537.36 (compatible; Googlebot/2.1; +http://www.google.com/bot.html)"
192.178.6.3 - - [24/Aug/2026:18:03:22 +0500] "GET /ctg/apiAllLCate/ HTTP/1.1" 301 - "https://www.eskijuva-bozori.uz/uz/news-uzb?start=28" "Mozilla/5.0 (Linux; Android 6.0.1; Nexus 5X Build/MMB29P) AppleWebKit/537.36 (KHTML, like Gecko) Chrome/151.0.7922.137 Mobile Safari/537.36 (compatible; Googlebot/2.1; +http://www.google.com/bot.html)"
85.208.96.206 - - [24/Aug/2026:18:03:25 +0500] "GET /uz/?function=call_user_func_array&s=index%2Fthink%5C%5C%5C%5C%5C%5C%5C%5Capp%2Finvokefunction&start=12&vars%5B0%5D=phpinfo&vars%5B1%5D%5B0%5D=1 HTTP/1.1" 200 69464 "-" "Mozilla/5.0 (compatible; SemrushBot/7~bl; +http://www.semrush.com/bot.html)"
192.178.6.3 - - [24/Aug/2026:18:03:40 +0500] "GET /resource/js/json/megadrop_2015new.json HTTP/1.1" 200 208997 "https://www.eskijuva-bozori.uz/uz/about-org-uzb/indexes-uzb/102-reports-2015-uzb" "Mozilla/5.0 (Linux; Android 6.0.1; Nexus 5X Build/MMB29P) AppleWebKit/537.36 (KHTML, like Gecko) Chrome/151.0.7922.137 Mobile Safari/537.36 (compatible; Googlebot/2.1; +http://www.google.com/bot.html)"
52.5.176.194 - - [24/Aug/2026:18:03:50 +0500] "GET / HTTP/1.1" 200 12486 "-" "Mozilla/5.0 (Windows NT 10.0; Win64; x64) AppleWebKit/537.36 (KHTML, like Gecko) HeadlessChrome/138.0.0.0 Safari/537.36"
50.17.101.143 - - [24/Aug/2026:18:03:50 +0500] "GET / HTTP/1.1" 200 12416 "-" "Mozilla/5.0 (Windows NT 10.0; Win64; x64) AppleWebKit/537.36 (KHTML, like Gecko) Chrome/119.0.0.0 Safari/537.36"
52.205.50.5 - - [24/Aug/2026:18:03:50 +0500] "GET /autodiscover/autodiscover.xml HTTP/1.1" 400 52 "-" "Mozilla/5.0 (Windows NT 10.0; Win64; x64) AppleWebKit/537.36 (KHTML, like Gecko) Chrome/138.0.0.0 Safari/537.36 Edg/138.0.0.0"
52.5.176.194 - - [24/Aug/2026:18:03:50 +0500] "GET / HTTP/1.1" 401 53 "-" "Mozilla/5.0 (Windows NT 10.0; Win64; x64) AppleWebKit/537.36 (KHTML, like Gecko) Chrome/138.0.7204.97 Safari/537.36"
52.205.50.5 - - [24/Aug/2026:18:03:50 +0500] "GET / HTTP/1.1" 401 53 "-" "Mozilla/5.0 (Macintosh; Intel Mac OS X 10_13_6) AppleWebKit/537.36 (KHTML, like Gecko) Chrome/67.0.3396.99 Safari/537.36"
52.205.50.5 - - [24/Aug/2026:18:03:50 +0500] "GET / HTTP/1.1" 401 53 "-" "Mozilla/5.0 (Windows NT 10.0; Win64; x64; rv:109.0) Gecko/20100101 Firefox/117.0"
52.205.50.5 - - [24/Aug/2026:18:03:50 +0500] "GET / HTTP/1.1" 200 12484 "-" "Mozilla/5.0 (Windows NT 10.0; Win64; x64) AppleWebKit/537.36 (KHTML, like Gecko) Chrome/42.0.2311.135 Safari/537.36 Edge/12.246"
45.186.151.212 - - [24/Aug/2026:18:06:03 +0500] "GET /ru/facts-rus/400-sush-fakt-36-14-09-2022-ns-pdf HTTP/1.1" 200 55528 "-" "Mozilla/5.0 (Windows NT 10.0; Win64; x64; rv:136.0) Gecko/20100101 Firefox/136.0"
114.119.152.128 - - [24/Aug/2026:18:06:14 +0500] "GET /uz/?v=1&start=4 HTTP/1.1" 200 67729 "https://eskijuva-bozori.uz/uz/?v=1&start=16" "Mozilla/5.0 (Linux; Android 7.0;) AppleWebKit/537.36 (HTML, like Gecko) Mobile Safari/537.36 (compatible; PetalBot;+https://webmaster.petalsearch.com/site/petalbot)"
185.191.171.15 - - [24/Aug/2026:18:07:11 +0500] "GET /ru/facts-rus/140-06-fact-15-11-16 HTTP/1.1" 200 67398 "-" "Mozilla/5.0 (compatible; SemrushBot/7~bl; +http://www.semrush.com/bot.html)"
216.73.217.53 - - [24/Aug/2026:18:07:55 +0500] "GET /uz/audit-uzb/10-uzbek?start=50 HTTP/1.1" 200 68017 "-" "Mozilla/5.0 AppleWebKit/537.36 (KHTML, like Gecko; compatible; ClaudeBot/1.0; +claudebot@anthropic.com)"
54.159.18.27 - - [24/Aug/2026:18:08:26 +0500] "GET /ru/officially-rus/ustav-rus HTTP/1.1" 200 61240 "-" "Mozilla/5.0 AppleWebKit/537.36 (KHTML, like Gecko; compatible; Amazonbot/0.1; +https://developer.amazon.com/support/amazonbot) Chrome/119.0.6045.214 Safari/537.36"
85.208.96.198 - - [24/Aug/2026:18:08:42 +0500] "GET /uz/about-org-uzb/strategy-uzb/10-uzbek HTTP/1.1" 200 65866 "-" "Mozilla/5.0 (compatible; SemrushBot/7~bl; +http://www.semrush.com/bot.html)"
185.191.171.11 - - [24/Aug/2026:18:08:52 +0500] "GET /uz/?author=19&start=8 HTTP/1.1" 200 67790 "-" "Mozilla/5.0 (compatible; SemrushBot/7~bl; +http://www.semrush.com/bot.html)"
85.208.96.206 - - [24/Aug/2026:18:10:31 +0500] "GET /uz/?amp%3Bamp%3Bstart=4&start=16 HTTP/1.1" 200 67971 "-" "Mozilla/5.0 (compatible; SemrushBot/7~bl; +http://www.semrush.com/bot.html)"
52.71.218.25 - - [24/Aug/2026:18:11:14 +0500] "GET /docs/reports/2020/balans-1-1-2021.xls HTTP/1.1" 301 - "-" "Mozilla/5.0 AppleWebKit/537.36 (KHTML, like Gecko; compatible; Amazonbot/0.1; +https://developer.amazon.com/support/amazonbot) Chrome/119.0.6045.214 Safari/537.36"
44.223.116.180 - - [24/Aug/2026:18:11:16 +0500] "GET /uz/docs/reports/2020/balans-1-1-2021.xls HTTP/1.1" 404 1248 "-" "Mozilla/5.0 AppleWebKit/537.36 (KHTML, like Gecko; compatible; Amazonbot/0.1; +https://developer.amazon.com/support/amazonbot) Chrome/119.0.6045.214 Safari/537.36"
3.213.106.226 - - [24/Aug/2026:18:11:34 +0500] "GET /uz/korp-upr-uzb/201-corp-upr-rating-2016 HTTP/1.1" 200 56501 "-" "Mozilla/5.0 AppleWebKit/537.36 (KHTML, like Gecko; compatible; Amazonbot/0.1; +https://developer.amazon.com/support/amazonbot) Chrome/119.0.6045.214 Safari/537.36"
52.6.97.88 - - [24/Aug/2026:18:11:41 +0500] "GET /uz/prospectus-uzb/170-prospectus-30-03-09-uzb HTTP/1.1" 200 57320 "-" "Mozilla/5.0 AppleWebKit/537.36 (KHTML, like Gecko; compatible; Amazonbot/0.1; +https://developer.amazon.com/support/amazonbot) Chrome/119.0.6045.214 Safari/537.36"
85.208.96.199 - - [24/Aug/2026:18:13:35 +0500] "GET /uz/contacts-uzb?template=yoo_master2 HTTP/1.1" 200 64754 "-" "Mozilla/5.0 (compatible; SemrushBot/7~bl; +http://www.semrush.com/bot.html)"
34.42.229.145 - - [24/Aug/2026:18:13:51 +0500] "GET /uz/about-org-uzb/strategy-uzb/323-bussiness-plan-2021-uzb-2 HTTP/1.1" 200 56710 "-" "Mozilla/5.0 (Macintosh; Intel Mac OS X 10_15_7) AppleWebKit/537.36 (KHTML, like Gecko) Chrome/120.0.0.0 Safari/537.36"
185.191.171.15 - - [24/Aug/2026:18:14:06 +0500] "GET /uz/?s=%2Fhome%2Fpage%2FuploadImg&start=44 HTTP/1.1" 200 69382 "-" "Mozilla/5.0 (compatible; SemrushBot/7~bl; +http://www.semrush.com/bot.html)"
161.153.47.86 - - [24/Aug/2026:18:14:53 +0500] "GET /ru/officially-rus/tenders-rus/423-vacancy-director-2024-uzb HTTP/1.1" 200 15601 "-" "Mozilla/5.0 (X11; Linux aarch64) AppleWebKit/537.36 (KHTML, like Gecko) Chrome/139.0.0.0 Safari/537.36"
52.3.102.51 - - [24/Aug/2026:18:16:52 +0500] "GET /docs/2025/bayon_osa-16_06_2024-ej.pdf HTTP/1.1" 304 - "-" "Mozilla/5.0 AppleWebKit/537.36 (KHTML, like Gecko; compatible; Amazonbot/0.1; +https://developer.amazon.com/support/amazonbot) Chrome/119.0.6045.214 Safari/537.36"
185.191.171.3 - - [24/Aug/2026:18:16:54 +0500] "GET /ru/about-org-rus/strategy-rus/9-russian?start=60 HTTP/1.1" 200 64490 "-" "Mozilla/5.0 (compatible; SemrushBot/7~bl; +http://www.semrush.com/bot.html)"
34.57.162.91 - - [24/Aug/2026:18:17:18 +0500] "GET /ru/officially-rus/arkhiv HTTP/1.1" 200 56719 "-" "Mozilla/5.0 (Macintosh; Intel Mac OS X 10_15_7) AppleWebKit/537.36 (KHTML, like Gecko) Chrome/120.0.0.0 Safari/537.36"
85.208.96.208 - - [24/Aug/2026:18:17:34 +0500] "GET /uz/?start=24 HTTP/1.1" 200 68422 "-" "Mozilla/5.0 (compatible; SemrushBot/7~bl; +http://www.semrush.com/bot.html)"
52.1.106.130 - - [24/Aug/2026:18:18:40 +0500] "GET /uz/?author=19&start=40 HTTP/1.1" 200 68502 "-" "Mozilla/5.0 AppleWebKit/537.36 (KHTML, like Gecko; compatible; Amazonbot/0.1; +https://developer.amazon.com/support/amazonbot) Chrome/119.0.6045.214 Safari/537.36"
216.73.216.101 - - [24/Aug/2026:18:18:53 +0500] "GET /robots.txt HTTP/1.1" 200 111 "-" "Mozilla/5.0 AppleWebKit/537.36 (KHTML, like Gecko; compatible; ClaudeBot/1.0; +claudebot@anthropic.com)"
216.73.216.101 - - [24/Aug/2026:18:18:57 +0500] "GET /prenatal/imperscrutable/9139862959 HTTP/1.1" 301 - "-" "Mozilla/5.0 AppleWebKit/537.36 (KHTML, like Gecko; compatible; ClaudeBot/1.0; +claudebot@anthropic.com)"
216.73.216.101 - - [24/Aug/2026:18:19:01 +0500] "GET /uz/prenatal/imperscrutable/9139862959 HTTP/1.1" 404 1216 "https://eskijuva-bozori.uz/prenatal/imperscrutable/9139862959" "Mozilla/5.0 AppleWebKit/537.36 (KHTML, like Gecko; compatible; ClaudeBot/1.0; +claudebot@anthropic.com)"
34.61.96.6 - - [24/Aug/2026:18:19:17 +0500] "GET /uz/component/search/?Itemid=145&catid=42&format=opensearch&id=481 HTTP/1.1" 200 772 "-" "Mozilla/5.0 (Macintosh; Intel Mac OS X 10_15_7) AppleWebKit/537.36 (KHTML, like Gecko) Chrome/120.0.0.0 Safari/537.36"
216.73.216.101 - - [24/Aug/2026:18:19:20 +0500] "GET /semioptera/c9o2r1a5l4e4d54591 HTTP/1.1" 301 - "-" "Mozilla/5.0 AppleWebKit/537.36 (KHTML, like Gecko; compatible; ClaudeBot/1.0; +claudebot@anthropic.com)"
216.73.216.101 - - [24/Aug/2026:18:19:23 +0500] "GET /uz/semioptera/c9o2r1a5l4e4d54591 HTTP/1.1" 404 1216 "https://eskijuva-bozori.uz/semioptera/c9o2r1a5l4e4d54591" "Mozilla/5.0 AppleWebKit/537.36 (KHTML, like Gecko; compatible; ClaudeBot/1.0; +claudebot@anthropic.com)"
216.73.216.101 - - [24/Aug/2026:18:19:42 +0500] "GET /strickless/feuillants/d9e9e4p8s7e7a3t2e4d3 HTTP/1.1" 301 - "-" "Mozilla/5.0 AppleWebKit/537.36 (KHTML, like Gecko; compatible; ClaudeBot/1.0; +claudebot@anthropic.com)"
216.73.216.101 - - [24/Aug/2026:18:19:44 +0500] "GET /uz/strickless/feuillants/d9e9e4p8s7e7a3t2e4d3 HTTP/1.1" 404 1216 "https://eskijuva-bozori.uz/strickless/feuillants/d9e9e4p8s7e7a3t2e4d3" "Mozilla/5.0 AppleWebKit/537.36 (KHTML, like Gecko; compatible; ClaudeBot/1.0; +claudebot@anthropic.com)"
216.73.216.101 - - [24/Aug/2026:18:19:55 +0500] "GET /?r=t9e5a6c6h075845 HTTP/1.1" 301 - "-" "Mozilla/5.0 AppleWebKit/537.36 (KHTML, like Gecko; compatible; ClaudeBot/1.0; +claudebot@anthropic.com)"
216.73.216.101 - - [24/Aug/2026:18:19:57 +0500] "GET /uz/?r=t9e5a6c6h075845 HTTP/1.1" 200 68208 "https://eskijuva-bozori.uz/?r=t9e5a6c6h075845" "Mozilla/5.0 AppleWebKit/537.36 (KHTML, like Gecko; compatible; ClaudeBot/1.0; +claudebot@anthropic.com)"
