34.42.229.145 - - [24/Aug/2026:22:45:44 +0500] "GET /uz/component/search/?Itemid=145&catid=42&format=opensearch&id=98 HTTP/1.1" 200 771 "-" "Mozilla/5.0 (Macintosh; Intel Mac OS X 10_15_7) AppleWebKit/537.36 (KHTML, like Gecko) Chrome/120.0.0.0 Safari/537.36"
216.73.216.20 - - [24/Aug/2026:22:45:44 +0500] "GET /uz/valentinian/o9f2f8i4c4i0a2n7t326 HTTP/1.1" 404 1216 "https://eskijuva-bozori.uz/valentinian/o9f2f8i4c4i0a2n7t326" "Mozilla/5.0 AppleWebKit/537.36 (KHTML, like Gecko; compatible; ClaudeBot/1.0; +claudebot@anthropic.com)"
216.73.216.20 - - [24/Aug/2026:22:45:49 +0500] "GET /shops/disjudication/l9o2w4l4e2v7e8l7398 HTTP/1.1" 301 - "-" "Mozilla/5.0 AppleWebKit/537.36 (KHTML, like Gecko; compatible; ClaudeBot/1.0; +claudebot@anthropic.com)"
216.73.216.20 - - [24/Aug/2026:22:45:52 +0500] "GET /uz/shops/disjudication/l9o2w4l4e2v7e8l7398 HTTP/1.1" 404 1216 "https://eskijuva-bozori.uz/shops/disjudication/l9o2w4l4e2v7e8l7398" "Mozilla/5.0 AppleWebKit/537.36 (KHTML, like Gecko; compatible; ClaudeBot/1.0; +claudebot@anthropic.com)"
216.73.216.20 - - [24/Aug/2026:22:45:56 +0500] "GET /shops/braving/p9r4e5c1i5p1e5246 HTTP/1.1" 301 - "-" "Mozilla/5.0 AppleWebKit/537.36 (KHTML, like Gecko; compatible; ClaudeBot/1.0; +claudebot@anthropic.com)"
216.73.216.20 - - [24/Aug/2026:22:46:00 +0500] "GET /uz/shops/braving/p9r4e5c1i5p1e5246 HTTP/1.1" 404 1216 "https://eskijuva-bozori.uz/shops/braving/p9r4e5c1i5p1e5246" "Mozilla/5.0 AppleWebKit/537.36 (KHTML, like Gecko; compatible; ClaudeBot/1.0; +claudebot@anthropic.com)"
216.73.216.20 - - [24/Aug/2026:22:46:25 +0500] "GET /shops/acrodactylum/m9o9q8u4e6t5t3e76 HTTP/1.1" 301 - "-" "Mozilla/5.0 AppleWebKit/537.36 (KHTML, like Gecko; compatible; ClaudeBot/1.0; +claudebot@anthropic.com)"
34.57.162.91 - - [24/Aug/2026:22:46:26 +0500] "GET /ru/officially-rus/tenders-rus?template=accessibility HTTP/1.1" 200 34877 "-" "Mozilla/5.0 (Macintosh; Intel Mac OS X 10_15_7) AppleWebKit/537.36 (KHTML, like Gecko) Chrome/120.0.0.0 Safari/537.36"
216.73.216.20 - - [24/Aug/2026:22:46:28 +0500] "GET /uz/shops/acrodactylum/m9o9q8u4e6t5t3e76 HTTP/1.1" 404 1216 "https://eskijuva-bozori.uz/shops/acrodactylum/m9o9q8u4e6t5t3e76" "Mozilla/5.0 AppleWebKit/537.36 (KHTML, like Gecko; compatible; ClaudeBot/1.0; +claudebot@anthropic.com)"
216.73.216.20 - - [24/Aug/2026:22:46:32 +0500] "GET /?r=f9e2t8t4e5r2s39425 HTTP/1.1" 301 - "-" "Mozilla/5.0 AppleWebKit/537.36 (KHTML, like Gecko; compatible; ClaudeBot/1.0; +claudebot@anthropic.com)"
216.73.216.20 - - [24/Aug/2026:22:46:35 +0500] "GET /uz/?r=f9e2t8t4e5r2s39425 HTTP/1.1" 200 68314 "https://eskijuva-bozori.uz/?r=f9e2t8t4e5r2s39425" "Mozilla/5.0 AppleWebKit/537.36 (KHTML, like Gecko; compatible; ClaudeBot/1.0; +claudebot@anthropic.com)"
216.73.216.20 - - [24/Aug/2026:22:46:39 +0500] "GET /?r=c9a2t0a7s8e2t5u7m894 HTTP/1.1" 301 - "-" "Mozilla/5.0 AppleWebKit/537.36 (KHTML, like Gecko; compatible; ClaudeBot/1.0; +claudebot@anthropic.com)"
216.73.216.20 - - [24/Aug/2026:22:46:43 +0500] "GET /uz/?r=c9a2t0a7s8e2t5u7m894 HTTP/1.1" 200 68316 "https://eskijuva-bozori.uz/?r=c9a2t0a7s8e2t5u7m894" "Mozilla/5.0 AppleWebKit/537.36 (KHTML, like Gecko; compatible; ClaudeBot/1.0; +claudebot@anthropic.com)"
216.73.216.20 - - [24/Aug/2026:22:46:48 +0500] "GET /?r=a9m2s8o5n2i2a04788 HTTP/1.1" 301 - "-" "Mozilla/5.0 AppleWebKit/537.36 (KHTML, like Gecko; compatible; ClaudeBot/1.0; +claudebot@anthropic.com)"
216.73.216.20 - - [24/Aug/2026:22:46:50 +0500] "GET /uz/?r=a9m2s8o5n2i2a04788 HTTP/1.1" 200 68314 "https://eskijuva-bozori.uz/?r=a9m2s8o5n2i2a04788" "Mozilla/5.0 AppleWebKit/537.36 (KHTML, like Gecko; compatible; ClaudeBot/1.0; +claudebot@anthropic.com)"
216.73.216.20 - - [24/Aug/2026:22:46:54 +0500] "GET /knoppern/borough/93873574 HTTP/1.1" 301 - "-" "Mozilla/5.0 AppleWebKit/537.36 (KHTML, like Gecko; compatible; ClaudeBot/1.0; +claudebot@anthropic.com)"
216.73.216.20 - - [24/Aug/2026:22:46:57 +0500] "GET /uz/knoppern/borough/93873574 HTTP/1.1" 404 1216 "https://eskijuva-bozori.uz/knoppern/borough/93873574" "Mozilla/5.0 AppleWebKit/537.36 (KHTML, like Gecko; compatible; ClaudeBot/1.0; +claudebot@anthropic.com)"
216.73.216.20 - - [24/Aug/2026:22:47:00 +0500] "GET /?r=m9a4n0a2t1e5e2170 HTTP/1.1" 301 - "-" "Mozilla/5.0 AppleWebKit/537.36 (KHTML, like Gecko; compatible; ClaudeBot/1.0; +claudebot@anthropic.com)"
216.73.216.20 - - [24/Aug/2026:22:47:02 +0500] "GET /uz/?r=m9a4n0a2t1e5e2170 HTTP/1.1" 200 68313 "https://eskijuva-bozori.uz/?r=m9a4n0a2t1e5e2170" "Mozilla/5.0 AppleWebKit/537.36 (KHTML, like Gecko; compatible; ClaudeBot/1.0; +claudebot@anthropic.com)"
94.154.43.129 - - [24/Aug/2026:22:47:04 +0500] "GET / HTTP/1.1" 401 36 "-" "Mozilla/5.0 (Windows NT 10.0; Win64; x64) AppleWebKit/537.36 (KHTML, like Gecko) Chrome/147.0.0.0 Safari/537.36"
94.154.43.135 - - [24/Aug/2026:22:47:04 +0500] "GET / HTTP/1.1" 400 52 "-" "Mozilla/5.0 (Windows NT 10.0; Win64; x64) AppleWebKit/537.36 (KHTML, like Gecko) Chrome/147.0.0.0 Safari/537.36"
94.154.43.164 - - [24/Aug/2026:22:47:04 +0500] "GET / HTTP/1.1" 200 40080 "-" "Mozilla/5.0 (Windows NT 10.0; Win64; x64) AppleWebKit/537.36 (KHTML, like Gecko) Chrome/147.0.0.0 Safari/537.36"
94.154.43.129 - - [24/Aug/2026:22:47:04 +0500] "GET / HTTP/1.1" 200 40068 "-" "Mozilla/5.0 (Windows NT 10.0; Win64; x64) AppleWebKit/537.36 (KHTML, like Gecko) Chrome/147.0.0.0 Safari/537.36"
94.154.43.84 - - [24/Aug/2026:22:47:04 +0500] "GET / HTTP/1.1" 200 39735 "-" "Mozilla/5.0 (Windows NT 10.0; Win64; x64) AppleWebKit/537.36 (KHTML, like Gecko) Chrome/147.0.0.0 Safari/537.36"
94.154.43.180 - - [24/Aug/2026:22:47:06 +0500] "GET / HTTP/1.1" 401 36 "-" "Mozilla/5.0 (Windows NT 10.0; Win64; x64) AppleWebKit/537.36 (KHTML, like Gecko) Chrome/147.0.0.0 Safari/537.36"
94.154.43.74 - - [24/Aug/2026:22:47:04 +0500] "GET / HTTP/1.1" 301 - "-" "Mozilla/5.0 (Windows NT 10.0; Win64; x64) AppleWebKit/537.36 (KHTML, like Gecko) Chrome/147.0.0.0 Safari/537.36"
94.154.43.74 - - [24/Aug/2026:22:47:06 +0500] "GET / HTTP/1.1" 401 36 "-" "Mozilla/5.0 (Windows NT 10.0; Win64; x64) AppleWebKit/537.36 (KHTML, like Gecko) Chrome/147.0.0.0 Safari/537.36"
81.167.26.57 - - [24/Aug/2026:22:47:06 +0500] "GET /robots.txt HTTP/1.1" 200 111 "-" "Mozilla/5.0 (compatible; MJ12bot/v1.4.8; http://mj12bot.com/)"
216.73.216.20 - - [24/Aug/2026:22:47:06 +0500] "GET /quadricorne/p9e1d5a7l1003171 HTTP/1.1" 301 - "-" "Mozilla/5.0 AppleWebKit/537.36 (KHTML, like Gecko; compatible; ClaudeBot/1.0; +claudebot@anthropic.com)"
94.154.43.84 - - [24/Aug/2026:22:47:07 +0500] "GET /uz/ HTTP/1.1" 200 68590 "-" "Mozilla/5.0 (Windows NT 10.0; Win64; x64) AppleWebKit/537.36 (KHTML, like Gecko) Chrome/147.0.0.0 Safari/537.36"
216.73.216.20 - - [24/Aug/2026:22:47:08 +0500] "GET /uz/quadricorne/p9e1d5a7l1003171 HTTP/1.1" 404 1216 "https://eskijuva-bozori.uz/quadricorne/p9e1d5a7l1003171" "Mozilla/5.0 AppleWebKit/537.36 (KHTML, like Gecko; compatible; ClaudeBot/1.0; +claudebot@anthropic.com)"
81.167.26.57 - - [24/Aug/2026:22:47:10 +0500] "GET /ru/?format=feed&type=atom HTTP/1.1" 200 9546 "-" "Mozilla/5.0 (compatible; MJ12bot/v1.4.8; http://mj12bot.com/)"
216.73.216.20 - - [24/Aug/2026:22:47:12 +0500] "GET /shops/toothsome/b9a2r6a1e7s5t8h3e5s5i9ometer HTTP/1.1" 301 - "-" "Mozilla/5.0 AppleWebKit/537.36 (KHTML, like Gecko; compatible; ClaudeBot/1.0; +claudebot@anthropic.com)"
157.55.39.59 - - [24/Aug/2026:22:47:14 +0500] "GET /ru/facts-rus/294-36-fact-30-04-2020 HTTP/1.1" 200 215527 "-" "Mozilla/5.0 AppleWebKit/537.36 (KHTML, like Gecko; compatible; bingbot/2.0; +http://www.bing.com/bingbot.htm) Chrome/116.0.1938.76 Safari/537.36"
216.73.216.20 - - [24/Aug/2026:22:47:16 +0500] "GET /uz/shops/toothsome/b9a2r6a1e7s5t8h3e5s5i9ometer HTTP/1.1" 404 1216 "https://eskijuva-bozori.uz/shops/toothsome/b9a2r6a1e7s5t8h3e5s5i9ometer" "Mozilla/5.0 AppleWebKit/537.36 (KHTML, like Gecko; compatible; ClaudeBot/1.0; +claudebot@anthropic.com)"
81.167.26.57 - - [24/Aug/2026:22:47:16 +0500] "GET /ru/?format=feed&type=rss HTTP/1.1" 200 6035 "-" "Mozilla/5.0 (compatible; MJ12bot/v1.4.8; http://mj12bot.com/)"
216.73.216.20 - - [24/Aug/2026:22:47:19 +0500] "GET /shops/triumphing/f9i3l1a0r0i5a6e6327 HTTP/1.1" 301 - "-" "Mozilla/5.0 AppleWebKit/537.36 (KHTML, like Gecko; compatible; ClaudeBot/1.0; +claudebot@anthropic.com)"
85.208.96.203 - - [24/Aug/2026:22:47:20 +0500] "GET /uz/?function=call_user_func_array&start=20&vars%5B1%5D%5B0%5D=1 HTTP/1.1" 200 68584 "-" "Mozilla/5.0 (compatible; SemrushBot/7~bl; +http://www.semrush.com/bot.html)"
216.73.216.20 - - [24/Aug/2026:22:47:22 +0500] "GET /uz/shops/triumphing/f9i3l1a0r0i5a6e6327 HTTP/1.1" 404 1216 "https://eskijuva-bozori.uz/shops/triumphing/f9i3l1a0r0i5a6e6327" "Mozilla/5.0 AppleWebKit/537.36 (KHTML, like Gecko; compatible; ClaudeBot/1.0; +claudebot@anthropic.com)"
81.167.26.57 - - [24/Aug/2026:22:47:22 +0500] "GET /ru/?start=28 HTTP/1.1" 200 68924 "-" "Mozilla/5.0 (compatible; MJ12bot/v1.4.8; http://mj12bot.com/)"
216.73.216.20 - - [24/Aug/2026:22:47:28 +0500] "GET /embroidered/f9o3r6d3a2b5l3e3681 HTTP/1.1" 301 - "-" "Mozilla/5.0 AppleWebKit/537.36 (KHTML, like Gecko; compatible; ClaudeBot/1.0; +claudebot@anthropic.com)"
216.73.216.20 - - [24/Aug/2026:22:47:30 +0500] "GET /uz/embroidered/f9o3r6d3a2b5l3e3681 HTTP/1.1" 404 1216 "https://eskijuva-bozori.uz/embroidered/f9o3r6d3a2b5l3e3681" "Mozilla/5.0 AppleWebKit/537.36 (KHTML, like Gecko; compatible; ClaudeBot/1.0; +claudebot@anthropic.com)"
216.73.216.20 - - [24/Aug/2026:22:47:35 +0500] "GET /abodance/m9a3n7k8s5949566 HTTP/1.1" 301 - "-" "Mozilla/5.0 AppleWebKit/537.36 (KHTML, like Gecko; compatible; ClaudeBot/1.0; +claudebot@anthropic.com)"
216.73.216.20 - - [24/Aug/2026:22:47:38 +0500] "GET /uz/abodance/m9a3n7k8s5949566 HTTP/1.1" 404 1216 "https://eskijuva-bozori.uz/abodance/m9a3n7k8s5949566" "Mozilla/5.0 AppleWebKit/537.36 (KHTML, like Gecko; compatible; ClaudeBot/1.0; +claudebot@anthropic.com)"
81.167.26.57 - - [24/Aug/2026:22:47:39 +0500] "GET /ru/?template=accessibility HTTP/1.1" 200 35315 "-" "Mozilla/5.0 (compatible; MJ12bot/v1.4.8; http://mj12bot.com/)"
216.73.216.20 - - [24/Aug/2026:22:47:43 +0500] "GET /shops/intumescence/w9h8o7r5e9s0o8n884 HTTP/1.1" 301 - "-" "Mozilla/5.0 AppleWebKit/537.36 (KHTML, like Gecko; compatible; ClaudeBot/1.0; +claudebot@anthropic.com)"
216.73.216.20 - - [24/Aug/2026:22:47:45 +0500] "GET /uz/shops/intumescence/w9h8o7r5e9s0o8n884 HTTP/1.1" 404 1216 "https://eskijuva-bozori.uz/shops/intumescence/w9h8o7r5e9s0o8n884" "Mozilla/5.0 AppleWebKit/537.36 (KHTML, like Gecko; compatible; ClaudeBot/1.0; +claudebot@anthropic.com)"
216.73.216.20 - - [24/Aug/2026:22:47:49 +0500] "GET /?r=b9u1l9l1e9t7p1r9o7o3f3 HTTP/1.1" 301 - "-" "Mozilla/5.0 AppleWebKit/537.36 (KHTML, like Gecko; compatible; ClaudeBot/1.0; +claudebot@anthropic.com)"
216.73.216.183 - - [24/Aug/2026:22:47:52 +0500] "GET /Windows/win.ini&NewWebClient=1&start=44 HTTP/1.1" 301 - "-" "Mozilla/5.0 AppleWebKit/537.36 (KHTML, like Gecko; compatible; ClaudeBot/1.0; +claudebot@anthropic.com)"
216.73.216.20 - - [24/Aug/2026:22:47:52 +0500] "GET /uz/?r=b9u1l9l1e9t7p1r9o7o3f3 HTTP/1.1" 200 68318 "https://eskijuva-bozori.uz/?r=b9u1l9l1e9t7p1r9o7o3f3" "Mozilla/5.0 AppleWebKit/537.36 (KHTML, like Gecko; compatible; ClaudeBot/1.0; +claudebot@anthropic.com)"
216.73.216.20 - - [24/Aug/2026:22:47:54 +0500] "GET /?r=s9n3a9k8e5h4e5a9d093 HTTP/1.1" 301 - "-" "Mozilla/5.0 AppleWebKit/537.36 (KHTML, like Gecko; compatible; ClaudeBot/1.0; +claudebot@anthropic.com)"
40.77.167.29 - - [24/Aug/2026:22:47:59 +0500] "GET /docs/reports/2022/balans-2020.docx HTTP/1.1" 200 83228 "-" "Mozilla/5.0 AppleWebKit/537.36 (KHTML, like Gecko; compatible; bingbot/2.0; +http://www.bing.com/bingbot.htm) Chrome/116.0.1938.76 Safari/537.36"
216.73.216.183 - - [24/Aug/2026:22:47:56 +0500] "GET /uz/Windows/win.ini&NewWebClient=1&start=44 HTTP/1.1" 404 1248 "https://www.eskijuva-bozori.uz.uzbekgidroenergoqurilish.uz/Windows/win.ini&NewWebClient=1&start=44" "Mozilla/5.0 AppleWebKit/537.36 (KHTML, like Gecko; compatible; ClaudeBot/1.0; +claudebot@anthropic.com)"
216.73.216.20 - - [24/Aug/2026:22:47:59 +0500] "GET /uz/?r=s9n3a9k8e5h4e5a9d093 HTTP/1.1" 200 68316 "https://eskijuva-bozori.uz/?r=s9n3a9k8e5h4e5a9d093" "Mozilla/5.0 AppleWebKit/537.36 (KHTML, like Gecko; compatible; ClaudeBot/1.0; +claudebot@anthropic.com)"
216.73.216.183 - - [24/Aug/2026:22:48:16 +0500] "GET /Windows/win.ini&NewWebClient=1&start=40 HTTP/1.1" 301 - "-" "Mozilla/5.0 AppleWebKit/537.36 (KHTML, like Gecko; compatible; ClaudeBot/1.0; +claudebot@anthropic.com)"
216.73.216.183 - - [24/Aug/2026:22:48:23 +0500] "GET /uz/Windows/win.ini&NewWebClient=1&start=40 HTTP/1.1" 404 1248 "https://www.eskijuva-bozori.uz.uzbekgidroenergoqurilish.uz/Windows/win.ini&NewWebClient=1&start=40" "Mozilla/5.0 AppleWebKit/537.36 (KHTML, like Gecko; compatible; ClaudeBot/1.0; +claudebot@anthropic.com)"
81.167.26.57 - - [24/Aug/2026:22:48:19 +0500] "GET /ru/about-org-rus/indexes-rus/463-reports-2025-ru HTTP/1.1" 200 56081 "-" "Mozilla/5.0 (compatible; MJ12bot/v1.4.8; http://mj12bot.com/)"
216.73.216.20 - - [24/Aug/2026:22:48:29 +0500] "GET /shops/stepparent/p9l2e5d3g7e1o9r7365 HTTP/1.1" 301 - "-" "Mozilla/5.0 AppleWebKit/537.36 (KHTML, like Gecko; compatible; ClaudeBot/1.0; +claudebot@anthropic.com)"
216.73.216.20 - - [24/Aug/2026:22:48:34 +0500] "GET /uz/shops/stepparent/p9l2e5d3g7e1o9r7365 HTTP/1.1" 404 1216 "https://eskijuva-bozori.uz/shops/stepparent/p9l2e5d3g7e1o9r7365" "Mozilla/5.0 AppleWebKit/537.36 (KHTML, like Gecko; compatible; ClaudeBot/1.0; +claudebot@anthropic.com)"
81.167.26.57 - - [24/Aug/2026:22:48:32 +0500] "GET /ru/about-org-rus/indexes-rus/497-reports-2026-ru HTTP/1.1" 200 55380 "-" "Mozilla/5.0 (compatible; MJ12bot/v1.4.8; http://mj12bot.com/)"
216.73.216.183 - - [24/Aug/2026:22:48:41 +0500] "GET /Windows/win.ini&NewWebClient=1&start=48 HTTP/1.1" 301 - "-" "Mozilla/5.0 AppleWebKit/537.36 (KHTML, like Gecko; compatible; ClaudeBot/1.0; +claudebot@anthropic.com)"
216.73.216.20 - - [24/Aug/2026:22:48:41 +0500] "GET /shops/abacus/p9o1m5e4y3s356726 HTTP/1.1" 301 - "-" "Mozilla/5.0 AppleWebKit/537.36 (KHTML, like Gecko; compatible; ClaudeBot/1.0; +claudebot@anthropic.com)"
93.152.221.194 - - [24/Aug/2026:22:48:44 +0500] "GET / HTTP/1.1" 301 - "-" "Mozilla/5.0 (Windows NT 10.0; Win64; x64) AppleWebKit/537.36"
81.167.26.57 - - [24/Aug/2026:22:48:43 +0500] "GET /ru/about-org-rus/indexes-rus?start=20 HTTP/1.1" 200 58525 "-" "Mozilla/5.0 (compatible; MJ12bot/v1.4.8; http://mj12bot.com/)"
216.73.216.183 - - [24/Aug/2026:22:48:47 +0500] "GET /uz/Windows/win.ini&NewWebClient=1&start=48 HTTP/1.1" 404 1248 "https://www.eskijuva-bozori.uz.uzbekgidroenergoqurilish.uz/Windows/win.ini&NewWebClient=1&start=48" "Mozilla/5.0 AppleWebKit/537.36 (KHTML, like Gecko; compatible; ClaudeBot/1.0; +claudebot@anthropic.com)"
216.73.216.20 - - [24/Aug/2026:22:48:47 +0500] "GET /uz/shops/abacus/p9o1m5e4y3s356726 HTTP/1.1" 404 1216 "https://eskijuva-bozori.uz/shops/abacus/p9o1m5e4y3s356726" "Mozilla/5.0 AppleWebKit/537.36 (KHTML, like Gecko; compatible; ClaudeBot/1.0; +claudebot@anthropic.com)"
93.152.221.194 - - [24/Aug/2026:22:48:49 +0500] "GET /uz/ HTTP/1.1" 200 68540 "-" "Mozilla/5.0 (Windows NT 10.0; Win64; x64) AppleWebKit/537.36"
216.73.216.20 - - [24/Aug/2026:22:48:59 +0500] "GET /uz/shops/early/f9a9b7r1i4c8a5t5i4o2n HTTP/1.1" 508 288 "https://eskijuva-bozori.uz/shops/early/f9a9b7r1i4c8a5t5i4o2n" "Mozilla/5.0 AppleWebKit/537.36 (KHTML, like Gecko; compatible; ClaudeBot/1.0; +claudebot@anthropic.com)"
216.73.216.20 - - [24/Aug/2026:22:48:53 +0500] "GET /shops/early/f9a9b7r1i4c8a5t5i4o2n HTTP/1.1" 301 - "-" "Mozilla/5.0 AppleWebKit/537.36 (KHTML, like Gecko; compatible; ClaudeBot/1.0; +claudebot@anthropic.com)"
93.152.221.194 - - [24/Aug/2026:22:48:58 +0500] "POST /index.php?option=com_jce&task=profiles.import HTTP/1.1" 303 - "-" "Mozilla/5.0 (Windows NT 10.0; Win64; x64) AppleWebKit/537.36"
216.73.216.20 - - [24/Aug/2026:22:49:02 +0500] "GET /shops/implicating/w9h4i0t3e0f4l9e2s9h8e9r HTTP/1.1" 301 - "-" "Mozilla/5.0 AppleWebKit/537.36 (KHTML, like Gecko; compatible; ClaudeBot/1.0; +claudebot@anthropic.com)"
93.152.221.194 - - [24/Aug/2026:22:49:06 +0500] "GET /index.php HTTP/1.1" 301 - "-" "Mozilla/5.0 (Windows NT 10.0; Win64; x64) AppleWebKit/537.36"
216.73.216.20 - - [24/Aug/2026:22:49:09 +0500] "GET /uz/shops/implicating/w9h4i0t3e0f4l9e2s9h8e9r HTTP/1.1" 404 1216 "https://eskijuva-bozori.uz/shops/implicating/w9h4i0t3e0f4l9e2s9h8e9r" "Mozilla/5.0 AppleWebKit/537.36 (KHTML, like Gecko; compatible; ClaudeBot/1.0; +claudebot@anthropic.com)"
216.73.216.183 - - [24/Aug/2026:22:49:20 +0500] "GET /?%60=e3f2f1l0u8e0n5c1y275 HTTP/1.1" 508 288 "-" "Mozilla/5.0 AppleWebKit/537.36 (KHTML, like Gecko; compatible; ClaudeBot/1.0; +claudebot@anthropic.com)"
216.73.216.20 - - [24/Aug/2026:22:49:21 +0500] "GET /uz/?r=e4d2u9c8a4t8i3o6n6a3l9ist&start=4 HTTP/1.1" 508 288 "-" "Mozilla/5.0 AppleWebKit/537.36 (KHTML, like Gecko; compatible; ClaudeBot/1.0; +claudebot@anthropic.com)"
216.73.216.20 - - [24/Aug/2026:22:49:21 +0500] "GET /uz/greasepaint/guilloched/93304178897 HTTP/1.1" 508 288 "https://eskijuva-bozori.uz/greasepaint/guilloched/93304178897" "Mozilla/5.0 AppleWebKit/537.36 (KHTML, like Gecko; compatible; ClaudeBot/1.0; +claudebot@anthropic.com)"
216.73.216.20 - - [24/Aug/2026:22:49:14 +0500] "GET /greasepaint/guilloched/93304178897 HTTP/1.1" 301 - "-" "Mozilla/5.0 AppleWebKit/537.36 (KHTML, like Gecko; compatible; ClaudeBot/1.0; +claudebot@anthropic.com)"
81.167.26.57 - - [24/Aug/2026:22:49:12 +0500] "GET /ru/comissions-rus/11-russian/about-org-rus HTTP/1.1" 200 65241 "-" "Mozilla/5.0 (compatible; MJ12bot/v1.4.8; http://mj12bot.com/)"
93.152.221.194 - - [24/Aug/2026:22:49:13 +0500] "GET /uz/ HTTP/1.1" 200 68723 "-" "Mozilla/5.0 (Windows NT 10.0; Win64; x64) AppleWebKit/537.36"
93.152.221.194 - - [24/Aug/2026:22:49:22 +0500] "POST /index.php?option=com_jce&task=plugin.rpc&plugin=browser HTTP/1.1" 303 - "-" "Mozilla/5.0 (Windows NT 10.0; Win64; x64) AppleWebKit/537.36"
216.73.216.20 - - [24/Aug/2026:22:49:23 +0500] "GET /uz/?format=feed&r=e4d2u9c8a4t8i3o6n6a3l9ist&type=atom HTTP/1.1" 200 8864 "-" "Mozilla/5.0 AppleWebKit/537.36 (KHTML, like Gecko; compatible; ClaudeBot/1.0; +claudebot@anthropic.com)"
93.152.221.194 - - [24/Aug/2026:22:49:29 +0500] "GET /index.php HTTP/1.1" 301 - "-" "Mozilla/5.0 (Windows NT 10.0; Win64; x64) AppleWebKit/537.36"
81.167.26.57 - - [24/Aug/2026:22:49:27 +0500] "GET /ru/comissions-rus/9-russian HTTP/1.1" 200 94583 "-" "Mozilla/5.0 (compatible; MJ12bot/v1.4.8; http://mj12bot.com/)"
216.73.216.20 - - [24/Aug/2026:22:49:32 +0500] "GET /uz/?format=feed&r=e4d2u9c8a4t8i3o6n6a3l9ist&type=rss HTTP/1.1" 200 5759 "-" "Mozilla/5.0 AppleWebKit/537.36 (KHTML, like Gecko; compatible; ClaudeBot/1.0; +claudebot@anthropic.com)"
93.152.221.194 - - [24/Aug/2026:22:49:33 +0500] "GET /uz/ HTTP/1.1" 200 68723 "-" "Mozilla/5.0 (Windows NT 10.0; Win64; x64) AppleWebKit/537.36"
216.73.216.20 - - [24/Aug/2026:22:49:39 +0500] "GET /shops/coboose/c9a6s8t0l7e2w8a5r2d1 HTTP/1.1" 301 - "-" "Mozilla/5.0 AppleWebKit/537.36 (KHTML, like Gecko; compatible; ClaudeBot/1.0; +claudebot@anthropic.com)"
93.152.221.194 - - [24/Aug/2026:22:49:41 +0500] "POST /index.php?option=com_jce&task=plugin.rpc&plugin=browser HTTP/1.1" 303 - "-" "Mozilla/5.0 (Windows NT 10.0; Win64; x64) AppleWebKit/537.36"
93.152.221.194 - - [24/Aug/2026:22:49:47 +0500] "GET /index.php HTTP/1.1" 508 288 "-" "Mozilla/5.0 (Windows NT 10.0; Win64; x64) AppleWebKit/537.36"
93.152.221.194 - - [24/Aug/2026:22:49:47 +0500] "POST /index.php?option=com_jce&task=plugin.rpc&plugin=browser&profile_id=1 HTTP/1.1" 508 288 "-" "Mozilla/5.0 (Windows NT 10.0; Win64; x64) AppleWebKit/537.36"
81.167.26.57 - - [24/Aug/2026:22:49:39 +0500] "GET /ru/component/mijopolls/poll/1-opros-rus HTTP/1.1" 200 59771 "-" "Mozilla/5.0 (compatible; MJ12bot/v1.4.8; http://mj12bot.com/)"
9.129.57.219 - - [24/Aug/2026:22:49:42 +0500] "GET / HTTP/1.1" 301 - "-" "Mozilla/5.0 AppleWebKit/537.36 (KHTML, like Gecko); compatible; ChatGPT-User/1.0; +https://openai.com/bot"
216.73.216.183 - - [24/Aug/2026:22:49:43 +0500] "GET /?%60=r3i1s2s2o4i5d1a0e260 HTTP/1.1" 301 - "-" "Mozilla/5.0 AppleWebKit/537.36 (KHTML, like Gecko; compatible; ClaudeBot/1.0; +claudebot@anthropic.com)"
216.73.216.20 - - [24/Aug/2026:22:49:45 +0500] "GET /uz/shops/coboose/c9a6s8t0l7e2w8a5r2d1 HTTP/1.1" 404 1216 "https://eskijuva-bozori.uz/shops/coboose/c9a6s8t0l7e2w8a5r2d1" "Mozilla/5.0 AppleWebKit/537.36 (KHTML, like Gecko; compatible; ClaudeBot/1.0; +claudebot@anthropic.com)"
93.152.221.194 - - [24/Aug/2026:22:49:48 +0500] "POST /index.php?option=com_jce&task=plugin.rpc&plugin=browser&profile_id=1 HTTP/1.1" 303 - "-" "Mozilla/5.0 (Windows NT 10.0; Win64; x64) AppleWebKit/537.36"
216.73.216.20 - - [24/Aug/2026:22:49:46 +0500] "GET /uz/?r=e4d2u9c8a4t8i3o6n6a3l9ist&start=12 HTTP/1.1" 200 68537 "-" "Mozilla/5.0 AppleWebKit/537.36 (KHTML, like Gecko; compatible; ClaudeBot/1.0; +claudebot@anthropic.com)"
216.73.216.183 - - [24/Aug/2026:22:49:50 +0500] "GET /uz/?%60=r3i1s2s2o4i5d1a0e260 HTTP/1.1" 200 68542 "https://www.eskijuva-bozori.uz.uzbekgidroenergoqurilish.uz/?%60=r3i1s2s2o4i5d1a0e260" "Mozilla/5.0 AppleWebKit/537.36 (KHTML, like Gecko; compatible; ClaudeBot/1.0; +claudebot@anthropic.com)"
93.152.221.194 - - [24/Aug/2026:22:49:54 +0500] "GET /index.php HTTP/1.1" 301 - "-" "Mozilla/5.0 (Windows NT 10.0; Win64; x64) AppleWebKit/537.36"
216.73.216.20 - - [24/Aug/2026:22:49:58 +0500] "GET /uz/?r=e4d2u9c8a4t8i3o6n6a3l9ist&start=52 HTTP/1.1" 200 69063 "-" "Mozilla/5.0 AppleWebKit/537.36 (KHTML, like Gecko; compatible; ClaudeBot/1.0; +claudebot@anthropic.com)"
93.152.221.194 - - [24/Aug/2026:22:50:00 +0500] "GET /uz/ HTTP/1.1" 200 68723 "-" "Mozilla/5.0 (Windows NT 10.0; Win64; x64) AppleWebKit/537.36"
93.152.221.194 - - [24/Aug/2026:22:50:05 +0500] "POST /index.php?option=com_jce&task=plugin.rpc&plugin=browser&profile_id=2 HTTP/1.1" 303 - "-" "Mozilla/5.0 (Windows NT 10.0; Win64; x64) AppleWebKit/537.36"
78.188.228.73 - - [24/Aug/2026:22:50:06 +0500] "POST /xmlrpc.php HTTP/1.1" 404 - "-" "Mozilla/5.0 (Linux; Android 10; arm64) AppleWebKit/537.36 (KHTML, like Gecko) Chrome/101.0.0.0 Safari/537.36"
93.152.221.194 - - [24/Aug/2026:22:50:08 +0500] "GET /index.php HTTP/1.1" 301 - "-" "Mozilla/5.0 (Windows NT 10.0; Win64; x64) AppleWebKit/537.36"
216.73.216.20 - - [24/Aug/2026:22:50:07 +0500] "GET /uz/?r=e4d2u9c8a4t8i3o6n6a3l9ist&start=8 HTTP/1.1" 200 67642 "-" "Mozilla/5.0 AppleWebKit/537.36 (KHTML, like Gecko; compatible; ClaudeBot/1.0; +claudebot@anthropic.com)"
216.73.216.20 - - [24/Aug/2026:22:50:14 +0500] "GET /shops/leachy/p9a1t4r5i6c6i3d8a3l0 HTTP/1.1" 301 - "-" "Mozilla/5.0 AppleWebKit/537.36 (KHTML, like Gecko; compatible; ClaudeBot/1.0; +claudebot@anthropic.com)"
93.152.221.194 - - [24/Aug/2026:22:50:15 +0500] "GET /uz/ HTTP/1.1" 200 63692 "-" "Mozilla/5.0 (Windows NT 10.0; Win64; x64) AppleWebKit/537.36"
216.73.216.20 - - [24/Aug/2026:22:50:21 +0500] "GET /uz/shops/leachy/p9a1t4r5i6c6i3d8a3l0 HTTP/1.1" 404 1216 "https://eskijuva-bozori.uz/shops/leachy/p9a1t4r5i6c6i3d8a3l0" "Mozilla/5.0 AppleWebKit/537.36 (KHTML, like Gecko; compatible; ClaudeBot/1.0; +claudebot@anthropic.com)"
81.167.26.57 - - [24/Aug/2026:22:50:19 +0500] "GET /ru/facts-rus/468-sush-fakt-25-24-05-2025-pdf HTTP/1.1" 200 55330 "-" "Mozilla/5.0 (compatible; MJ12bot/v1.4.8; http://mj12bot.com/)"
216.73.216.20 - - [24/Aug/2026:22:50:26 +0500] "GET /?r=c9r3u2a5d3e212988 HTTP/1.1" 301 - "-" "Mozilla/5.0 AppleWebKit/537.36 (KHTML, like Gecko; compatible; ClaudeBot/1.0; +claudebot@anthropic.com)"
93.152.221.194 - - [24/Aug/2026:22:50:25 +0500] "POST /index.php?option=com_jce&task=plugin.rpc&plugin=browser&profile_id=2 HTTP/1.1" 303 - "-" "Mozilla/5.0 (Windows NT 10.0; Win64; x64) AppleWebKit/537.36"
93.152.221.194 - - [24/Aug/2026:22:50:31 +0500] "GET /index.php HTTP/1.1" 301 - "-" "Mozilla/5.0 (Windows NT 10.0; Win64; x64) AppleWebKit/537.36"
216.73.216.20 - - [24/Aug/2026:22:50:31 +0500] "GET /uz/?r=c9r3u2a5d3e212988 HTTP/1.1" 200 68313 "https://eskijuva-bozori.uz/?r=c9r3u2a5d3e212988" "Mozilla/5.0 AppleWebKit/537.36 (KHTML, like Gecko; compatible; ClaudeBot/1.0; +claudebot@anthropic.com)"
216.73.216.20 - - [24/Aug/2026:22:50:38 +0500] "GET /?r=s9u2f2f5o1c0a2t9i1v4e8 HTTP/1.1" 301 - "-" "Mozilla/5.0 AppleWebKit/537.36 (KHTML, like Gecko; compatible; ClaudeBot/1.0; +claudebot@anthropic.com)"
81.167.26.57 - - [24/Aug/2026:22:50:33 +0500] "GET /ru/facts-rus/473-sush-fakt-06-15-09-2025-pdf HTTP/1.1" 200 55700 "-" "Mozilla/5.0 (compatible; MJ12bot/v1.4.8; http://mj12bot.com/)"
93.152.221.194 - - [24/Aug/2026:22:50:37 +0500] "GET /uz/ HTTP/1.1" 200 68723 "-" "Mozilla/5.0 (Windows NT 10.0; Win64; x64) AppleWebKit/537.36"
93.152.221.194 - - [24/Aug/2026:22:50:46 +0500] "POST /index.php?option=com_jce&task=plugin.rpc&plugin=browser&profile_id=3 HTTP/1.1" 303 - "-" "Mozilla/5.0 (Windows NT 10.0; Win64; x64) AppleWebKit/537.36"
216.73.216.20 - - [24/Aug/2026:22:50:45 +0500] "GET /uz/?r=s9u2f2f5o1c0a2t9i1v4e8 HTTP/1.1" 200 68318 "https://eskijuva-bozori.uz/?r=s9u2f2f5o1c0a2t9i1v4e8" "Mozilla/5.0 AppleWebKit/537.36 (KHTML, like Gecko; compatible; ClaudeBot/1.0; +claudebot@anthropic.com)"
81.167.26.57 - - [24/Aug/2026:22:50:48 +0500] "GET /ru/news-rus?start=8 HTTP/1.1" 200 58804 "-" "Mozilla/5.0 (compatible; MJ12bot/v1.4.8; http://mj12bot.com/)"
216.73.216.20 - - [24/Aug/2026:22:50:50 +0500] "GET /?r=b9i2l8g3e5d898310 HTTP/1.1" 301 - "-" "Mozilla/5.0 AppleWebKit/537.36 (KHTML, like Gecko; compatible; ClaudeBot/1.0; +claudebot@anthropic.com)"
93.152.221.194 - - [24/Aug/2026:22:50:53 +0500] "GET /index.php HTTP/1.1" 301 - "-" "Mozilla/5.0 (Windows NT 10.0; Win64; x64) AppleWebKit/537.36"
216.73.216.20 - - [24/Aug/2026:22:50:57 +0500] "GET /uz/?r=b9i2l8g3e5d898310 HTTP/1.1" 200 68313 "https://eskijuva-bozori.uz/?r=b9i2l8g3e5d898310" "Mozilla/5.0 AppleWebKit/537.36 (KHTML, like Gecko; compatible; ClaudeBot/1.0; +claudebot@anthropic.com)"
216.73.216.183 - - [24/Aug/2026:22:51:01 +0500] "GET /?%60=h3i1g2h1r9e0d1366 HTTP/1.1" 301 - "-" "Mozilla/5.0 AppleWebKit/537.36 (KHTML, like Gecko; compatible; ClaudeBot/1.0; +claudebot@anthropic.com)"
216.73.216.20 - - [24/Aug/2026:22:51:02 +0500] "GET /typal/p9e2r6s2e4c5u9t6e5d61 HTTP/1.1" 301 - "-" "Mozilla/5.0 AppleWebKit/537.36 (KHTML, like Gecko; compatible; ClaudeBot/1.0; +claudebot@anthropic.com)"
81.167.26.57 - - [24/Aug/2026:22:51:00 +0500] "GET /ru/officially-rus/tenders-rus/358-vacancy-director-2022-uzb HTTP/1.1" 200 55832 "-" "Mozilla/5.0 (compatible; MJ12bot/v1.4.8; http://mj12bot.com/)"
93.152.221.194 - - [24/Aug/2026:22:51:01 +0500] "GET /uz/ HTTP/1.1" 200 68723 "-" "Mozilla/5.0 (Windows NT 10.0; Win64; x64) AppleWebKit/537.36"
93.152.221.194 - - [24/Aug/2026:22:51:11 +0500] "POST /index.php?option=com_jce&task=plugin.rpc&plugin=browser&profile_id=3 HTTP/1.1" 303 - "-" "Mozilla/5.0 (Windows NT 10.0; Win64; x64) AppleWebKit/537.36"
216.73.216.20 - - [24/Aug/2026:22:51:09 +0500] "GET /uz/typal/p9e2r6s2e4c5u9t6e5d61 HTTP/1.1" 404 1216 "https://eskijuva-bozori.uz/typal/p9e2r6s2e4c5u9t6e5d61" "Mozilla/5.0 AppleWebKit/537.36 (KHTML, like Gecko; compatible; ClaudeBot/1.0; +claudebot@anthropic.com)"
216.73.216.183 - - [24/Aug/2026:22:51:08 +0500] "GET /uz/?%60=h3i1g2h1r9e0d1366 HTTP/1.1" 200 68539 "https://www.eskijuva-bozori.uz.uzbekgidroenergoqurilish.uz/?%60=h3i1g2h1r9e0d1366" "Mozilla/5.0 AppleWebKit/537.36 (KHTML, like Gecko; compatible; ClaudeBot/1.0; +claudebot@anthropic.com)"
216.73.216.20 - - [24/Aug/2026:22:51:14 +0500] "GET /shops/uveous/g9l3o7w3i1n5g3l2y420 HTTP/1.1" 301 - "-" "Mozilla/5.0 AppleWebKit/537.36 (KHTML, like Gecko; compatible; ClaudeBot/1.0; +claudebot@anthropic.com)"
81.167.26.57 - - [24/Aug/2026:22:51:13 +0500] "GET /ru/officially-rus/tenders-rus/423-vacancy-director-2024-uzb HTTP/1.1" 200 55836 "-" "Mozilla/5.0 (compatible; MJ12bot/v1.4.8; http://mj12bot.com/)"
93.152.221.194 - - [24/Aug/2026:22:51:18 +0500] "GET /index.php HTTP/1.1" 301 - "-" "Mozilla/5.0 (Windows NT 10.0; Win64; x64) AppleWebKit/537.36"
216.73.216.20 - - [24/Aug/2026:22:51:22 +0500] "GET /uz/shops/uveous/g9l3o7w3i1n5g3l2y420 HTTP/1.1" 404 1216 "https://eskijuva-bozori.uz/shops/uveous/g9l3o7w3i1n5g3l2y420" "Mozilla/5.0 AppleWebKit/537.36 (KHTML, like Gecko; compatible; ClaudeBot/1.0; +claudebot@anthropic.com)"
216.73.216.20 - - [24/Aug/2026:22:51:24 +0500] "GET /facetiously/u9n3k5e6p5t210601 HTTP/1.1" 301 - "-" "Mozilla/5.0 AppleWebKit/537.36 (KHTML, like Gecko; compatible; ClaudeBot/1.0; +claudebot@anthropic.com)"
93.152.221.194 - - [24/Aug/2026:22:51:25 +0500] "GET /uz/ HTTP/1.1" 200 68723 "-" "Mozilla/5.0 (Windows NT 10.0; Win64; x64) AppleWebKit/537.36"
81.167.26.57 - - [24/Aug/2026:22:51:27 +0500] "GET /ru/officially-rus/vacancies-rus/356-vakancies-ru HTTP/1.1" 200 56551 "-" "Mozilla/5.0 (compatible; MJ12bot/v1.4.8; http://mj12bot.com/)"
216.73.216.20 - - [24/Aug/2026:22:51:31 +0500] "GET /uz/facetiously/u9n3k5e6p5t210601 HTTP/1.1" 404 1216 "https://eskijuva-bozori.uz/facetiously/u9n3k5e6p5t210601" "Mozilla/5.0 AppleWebKit/537.36 (KHTML, like Gecko; compatible; ClaudeBot/1.0; +claudebot@anthropic.com)"
93.152.221.194 - - [24/Aug/2026:22:51:34 +0500] "POST /index.php?option=com_jce&task=plugin.rpc&plugin=browser&profile_id=4 HTTP/1.1" 303 - "-" "Mozilla/5.0 (Windows NT 10.0; Win64; x64) AppleWebKit/537.36"
216.73.216.20 - - [24/Aug/2026:22:51:36 +0500] "GET /terrapen/p9e3r2c2h1e3d23081 HTTP/1.1" 301 - "-" "Mozilla/5.0 AppleWebKit/537.36 (KHTML, like Gecko; compatible; ClaudeBot/1.0; +claudebot@anthropic.com)"
93.152.221.194 - - [24/Aug/2026:22:51:41 +0500] "GET /index.php HTTP/1.1" 301 - "-" "Mozilla/5.0 (Windows NT 10.0; Win64; x64) AppleWebKit/537.36"
216.73.216.20 - - [24/Aug/2026:22:51:42 +0500] "GET /uz/terrapen/p9e3r2c2h1e3d23081 HTTP/1.1" 404 1216 "https://eskijuva-bozori.uz/terrapen/p9e3r2c2h1e3d23081" "Mozilla/5.0 AppleWebKit/537.36 (KHTML, like Gecko; compatible; ClaudeBot/1.0; +claudebot@anthropic.com)"
81.167.26.57 - - [24/Aug/2026:22:51:41 +0500] "GET /ru/officially-rus/vacancies-rus/357-vakancies-en HTTP/1.1" 200 55429 "-" "Mozilla/5.0 (compatible; MJ12bot/v1.4.8; http://mj12bot.com/)"
216.73.216.20 - - [24/Aug/2026:22:51:47 +0500] "GET /agami/c9o1c4k2p2i0t36406 HTTP/1.1" 301 - "-" "Mozilla/5.0 AppleWebKit/537.36 (KHTML, like Gecko; compatible; ClaudeBot/1.0; +claudebot@anthropic.com)"
93.152.221.194 - - [24/Aug/2026:22:51:48 +0500] "GET /uz/ HTTP/1.1" 200 68723 "-" "Mozilla/5.0 (Windows NT 10.0; Win64; x64) AppleWebKit/537.36"
216.73.216.20 - - [24/Aug/2026:22:51:54 +0500] "GET /shops/roughness/f9a3l8c3u9l0a8t0e065 HTTP/1.1" 301 - "-" "Mozilla/5.0 AppleWebKit/537.36 (KHTML, like Gecko; compatible; ClaudeBot/1.0; +claudebot@anthropic.com)"
216.73.216.20 - - [24/Aug/2026:22:51:55 +0500] "GET /uz/agami/c9o1c4k2p2i0t36406 HTTP/1.1" 404 1216 "https://eskijuva-bozori.uz/agami/c9o1c4k2p2i0t36406" "Mozilla/5.0 AppleWebKit/537.36 (KHTML, like Gecko; compatible; ClaudeBot/1.0; +claudebot@anthropic.com)"
93.152.221.194 - - [24/Aug/2026:22:51:57 +0500] "POST /index.php?option=com_jce&task=plugin.rpc&plugin=browser&profile_id=4 HTTP/1.1" 303 - "-" "Mozilla/5.0 (Windows NT 10.0; Win64; x64) AppleWebKit/537.36"
81.167.26.57 - - [24/Aug/2026:22:51:54 +0500] "GET /ru/prospectus-rus/476-prospectus-change-20-11-2025-pdf-ru HTTP/1.1" 200 55873 "-" "Mozilla/5.0 (compatible; MJ12bot/v1.4.8; http://mj12bot.com/)"
216.73.216.20 - - [24/Aug/2026:22:52:00 +0500] "GET /uz/shops/roughness/f9a3l8c3u9l0a8t0e065 HTTP/1.1" 404 1216 "https://eskijuva-bozori.uz/shops/roughness/f9a3l8c3u9l0a8t0e065" "Mozilla/5.0 AppleWebKit/537.36 (KHTML, like Gecko; compatible; ClaudeBot/1.0; +claudebot@anthropic.com)"
93.152.221.194 - - [24/Aug/2026:22:52:04 +0500] "GET /index.php HTTP/1.1" 301 - "-" "Mozilla/5.0 (Windows NT 10.0; Win64; x64) AppleWebKit/537.36"
216.73.216.20 - - [24/Aug/2026:22:52:06 +0500] "GET /?r=d9e2t2e3r4s8i8v6e193 HTTP/1.1" 301 - "-" "Mozilla/5.0 AppleWebKit/537.36 (KHTML, like Gecko; compatible; ClaudeBot/1.0; +claudebot@anthropic.com)"
81.167.26.57 - - [24/Aug/2026:22:52:07 +0500] "GET /uz/?r=n9o3n5n1e6c4e1s8s2i0t5y&format=feed&type=atom HTTP/1.1" 200 8938 "-" "Mozilla/5.0 (compatible; MJ12bot/v1.4.8; http://mj12bot.com/)"
93.152.221.194 - - [24/Aug/2026:22:52:09 +0500] "GET /uz/ HTTP/1.1" 200 68723 "-" "Mozilla/5.0 (Windows NT 10.0; Win64; x64) AppleWebKit/537.36"
216.73.216.20 - - [24/Aug/2026:22:52:11 +0500] "GET /uz/?r=d9e2t2e3r4s8i8v6e193 HTTP/1.1" 200 68316 "https://eskijuva-bozori.uz/?r=d9e2t2e3r4s8i8v6e193" "Mozilla/5.0 AppleWebKit/537.36 (KHTML, like Gecko; compatible; ClaudeBot/1.0; +claudebot@anthropic.com)"
93.152.221.194 - - [24/Aug/2026:22:52:16 +0500] "POST /index.php?option=com_jce&task=plugin.rpc&plugin=browser&profile_id=5 HTTP/1.1" 303 - "-" "Mozilla/5.0 (Windows NT 10.0; Win64; x64) AppleWebKit/537.36"
81.167.26.57 - - [24/Aug/2026:22:52:17 +0500] "GET /uz/?r=n9o3n5n1e6c4e1s8s2i0t5y&format=feed&type=rss HTTP/1.1" 200 5813 "-" "Mozilla/5.0 (compatible; MJ12bot/v1.4.8; http://mj12bot.com/)"
216.73.216.20 - - [24/Aug/2026:22:52:18 +0500] "GET /shops/underlaid/w9e1r7e2g7e3l5d4334 HTTP/1.1" 301 - "-" "Mozilla/5.0 AppleWebKit/537.36 (KHTML, like Gecko; compatible; ClaudeBot/1.0; +claudebot@anthropic.com)"
93.152.221.194 - - [24/Aug/2026:22:52:20 +0500] "GET /index.php HTTP/1.1" 301 - "-" "Mozilla/5.0 (Windows NT 10.0; Win64; x64) AppleWebKit/537.36"
216.73.216.20 - - [24/Aug/2026:22:52:23 +0500] "GET /uz/shops/underlaid/w9e1r7e2g7e3l5d4334 HTTP/1.1" 404 1216 "https://eskijuva-bozori.uz/shops/underlaid/w9e1r7e2g7e3l5d4334" "Mozilla/5.0 AppleWebKit/537.36 (KHTML, like Gecko; compatible; ClaudeBot/1.0; +claudebot@anthropic.com)"
81.167.26.57 - - [24/Aug/2026:22:52:25 +0500] "GET /uz/?r=n9o3n5n1e6c4e1s8s2i0t5y&start=12 HTTP/1.1" 200 68324 "-" "Mozilla/5.0 (compatible; MJ12bot/v1.4.8; http://mj12bot.com/)"
93.152.221.194 - - [24/Aug/2026:22:52:25 +0500] "GET /uz/ HTTP/1.1" 200 68723 "-" "Mozilla/5.0 (Windows NT 10.0; Win64; x64) AppleWebKit/537.36"
216.73.216.20 - - [24/Aug/2026:22:52:29 +0500] "GET /?r=r9e1d1o3u5b5t2a2b8l4e7 HTTP/1.1" 301 - "-" "Mozilla/5.0 AppleWebKit/537.36 (KHTML, like Gecko; compatible; ClaudeBot/1.0; +claudebot@anthropic.com)"
216.73.216.183 - - [24/Aug/2026:22:52:31 +0500] "GET /?%60=c3l3a9m6y9d0o8s7p3o3r8e HTTP/1.1" 301 - "-" "Mozilla/5.0 AppleWebKit/537.36 (KHTML, like Gecko; compatible; ClaudeBot/1.0; +claudebot@anthropic.com)"
93.152.221.194 - - [24/Aug/2026:22:52:32 +0500] "POST /index.php?option=com_jce&task=plugin.rpc&plugin=browser&profile_id=5 HTTP/1.1" 303 - "-" "Mozilla/5.0 (Windows NT 10.0; Win64; x64) AppleWebKit/537.36"
93.152.221.194 - - [24/Aug/2026:22:52:39 +0500] "GET /index.php HTTP/1.1" 301 - "-" "Mozilla/5.0 (Windows NT 10.0; Win64; x64) AppleWebKit/537.36"
216.73.216.20 - - [24/Aug/2026:22:52:35 +0500] "GET /uz/?r=r9e1d1o3u5b5t2a2b8l4e7 HTTP/1.1" 200 68318 "https://eskijuva-bozori.uz/?r=r9e1d1o3u5b5t2a2b8l4e7" "Mozilla/5.0 AppleWebKit/537.36 (KHTML, like Gecko; compatible; ClaudeBot/1.0; +claudebot@anthropic.com)"
216.73.216.183 - - [24/Aug/2026:22:52:37 +0500] "GET /uz/?%60=c3l3a9m6y9d0o8s7p3o3r8e HTTP/1.1" 200 68545 "https://www.eskijuva-bozori.uz.uzbekgidroenergoqurilish.uz/?%60=c3l3a9m6y9d0o8s7p3o3r8e" "Mozilla/5.0 AppleWebKit/537.36 (KHTML, like Gecko; compatible; ClaudeBot/1.0; +claudebot@anthropic.com)"
81.167.26.57 - - [24/Aug/2026:22:52:35 +0500] "GET /uz/?r=n9o3n5n1e6c4e1s8s2i0t5y&start=4 HTTP/1.1" 200 68023 "-" "Mozilla/5.0 (compatible; MJ12bot/v1.4.8; http://mj12bot.com/)"
216.73.216.20 - - [24/Aug/2026:22:52:44 +0500] "GET /?r=c9i3c2i8s7b3e1i5947 HTTP/1.1" 301 - "-" "Mozilla/5.0 AppleWebKit/537.36 (KHTML, like Gecko; compatible; ClaudeBot/1.0; +claudebot@anthropic.com)"
93.152.221.194 - - [24/Aug/2026:22:52:45 +0500] "GET /uz/ HTTP/1.1" 200 68723 "-" "Mozilla/5.0 (Windows NT 10.0; Win64; x64) AppleWebKit/537.36"
81.167.26.57 - - [24/Aug/2026:22:52:49 +0500] "GET /uz/?r=n9o3n5n1e6c4e1s8s2i0t5y&start=52 HTTP/1.1" 200 69089 "-" "Mozilla/5.0 (compatible; MJ12bot/v1.4.8; http://mj12bot.com/)"
216.73.216.20 - - [24/Aug/2026:22:52:50 +0500] "GET /uz/?r=c9i3c2i8s7b3e1i5947 HTTP/1.1" 200 68315 "https://eskijuva-bozori.uz/?r=c9i3c2i8s7b3e1i5947" "Mozilla/5.0 AppleWebKit/537.36 (KHTML, like Gecko; compatible; ClaudeBot/1.0; +claudebot@anthropic.com)"
93.152.221.194 - - [24/Aug/2026:22:52:53 +0500] "POST /index.php?option=com_jce&task=plugin.rpc&plugin=browser HTTP/1.1" 303 - "-" "Mozilla/5.0 (Windows NT 10.0; Win64; x64) AppleWebKit/537.36"
216.73.216.183 - - [24/Aug/2026:22:52:54 +0500] "GET /?%60=a3t2r8i5u0m12218 HTTP/1.1" 301 - "-" "Mozilla/5.0 AppleWebKit/537.36 (KHTML, like Gecko; compatible; ClaudeBot/1.0; +claudebot@anthropic.com)"
216.73.216.20 - - [24/Aug/2026:22:52:56 +0500] "GET /shops/zeolitiform/w9a1r6d2s8192040 HTTP/1.1" 301 - "-" "Mozilla/5.0 AppleWebKit/537.36 (KHTML, like Gecko; compatible; ClaudeBot/1.0; +claudebot@anthropic.com)"
93.152.221.194 - - [24/Aug/2026:22:53:01 +0500] "GET /index.php HTTP/1.1" 301 - "-" "Mozilla/5.0 (Windows NT 10.0; Win64; x64) AppleWebKit/537.36"
216.73.216.20 - - [24/Aug/2026:22:53:02 +0500] "GET /uz/shops/zeolitiform/w9a1r6d2s8192040 HTTP/1.1" 404 1216 "https://eskijuva-bozori.uz/shops/zeolitiform/w9a1r6d2s8192040" "Mozilla/5.0 AppleWebKit/537.36 (KHTML, like Gecko; compatible; ClaudeBot/1.0; +claudebot@anthropic.com)"
216.73.216.183 - - [24/Aug/2026:22:53:02 +0500] "GET /uz/?%60=a3t2r8i5u0m12218 HTTP/1.1" 200 68634 "https://www.eskijuva-bozori.uz.uzbekgidroenergoqurilish.uz/?%60=a3t2r8i5u0m12218" "Mozilla/5.0 AppleWebKit/537.36 (KHTML, like Gecko; compatible; ClaudeBot/1.0; +claudebot@anthropic.com)"
81.167.26.57 - - [24/Aug/2026:22:53:03 +0500] "GET /uz/?r=n9o3n5n1e6c4e1s8s2i0t5y&start=8 HTTP/1.1" 200 67668 "-" "Mozilla/5.0 (compatible; MJ12bot/v1.4.8; http://mj12bot.com/)"
93.152.221.194 - - [24/Aug/2026:22:53:06 +0500] "GET /uz/ HTTP/1.1" 200 68819 "-" "Mozilla/5.0 (Windows NT 10.0; Win64; x64) AppleWebKit/537.36"
216.73.216.20 - - [24/Aug/2026:22:53:08 +0500] "GET /?r=s9a3f2e0p6l6e4d5g5e22 HTTP/1.1" 301 - "-" "Mozilla/5.0 AppleWebKit/537.36 (KHTML, like Gecko; compatible; ClaudeBot/1.0; +claudebot@anthropic.com)"
93.152.221.194 - - [24/Aug/2026:22:53:13 +0500] "POST /index.php?option=com_jce&task=plugin.rpc&plugin=browser HTTP/1.1" 303 - "-" "Mozilla/5.0 (Windows NT 10.0; Win64; x64) AppleWebKit/537.36"
216.73.216.20 - - [24/Aug/2026:22:53:14 +0500] "GET /shops/fatness/n9u2c2l9e6i2f4o4r8m47 HTTP/1.1" 301 - "-" "Mozilla/5.0 AppleWebKit/537.36 (KHTML, like Gecko; compatible; ClaudeBot/1.0; +claudebot@anthropic.com)"
81.167.26.57 - - [24/Aug/2026:22:53:12 +0500] "GET /uz/?start=20 HTTP/1.1" 200 68777 "-" "Mozilla/5.0 (compatible; MJ12bot/v1.4.8; http://mj12bot.com/)"
216.73.216.20 - - [24/Aug/2026:22:53:13 +0500] "GET /uz/?r=s9a3f2e0p6l6e4d5g5e22 HTTP/1.1" 200 68413 "https://eskijuva-bozori.uz/?r=s9a3f2e0p6l6e4d5g5e22" "Mozilla/5.0 AppleWebKit/537.36 (KHTML, like Gecko; compatible; ClaudeBot/1.0; +claudebot@anthropic.com)"
93.152.221.194 - - [24/Aug/2026:22:53:18 +0500] "GET /index.php HTTP/1.1" 301 - "-" "Mozilla/5.0 (Windows NT 10.0; Win64; x64) AppleWebKit/537.36"
216.73.216.20 - - [24/Aug/2026:22:53:20 +0500] "GET /uz/shops/fatness/n9u2c2l9e6i2f4o4r8m47 HTTP/1.1" 404 1216 "https://eskijuva-bozori.uz/shops/fatness/n9u2c2l9e6i2f4o4r8m47" "Mozilla/5.0 AppleWebKit/537.36 (KHTML, like Gecko; compatible; ClaudeBot/1.0; +claudebot@anthropic.com)"
93.152.221.194 - - [24/Aug/2026:22:53:24 +0500] "GET /uz/ HTTP/1.1" 200 68819 "-" "Mozilla/5.0 (Windows NT 10.0; Win64; x64) AppleWebKit/537.36"
216.73.216.20 - - [24/Aug/2026:22:53:27 +0500] "GET /shops/terrapen/p9r3i2c7k5y320353 HTTP/1.1" 301 - "-" "Mozilla/5.0 AppleWebKit/537.36 (KHTML, like Gecko; compatible; ClaudeBot/1.0; +claudebot@anthropic.com)"
81.167.26.57 - - [24/Aug/2026:22:53:23 +0500] "GET /uz/?start=32 HTTP/1.1" 200 68218 "-" "Mozilla/5.0 (compatible; MJ12bot/v1.4.8; http://mj12bot.com/)"
216.73.216.20 - - [24/Aug/2026:22:53:38 +0500] "GET /?r=s9p5e7c5t2r0a5814 HTTP/1.1" 508 288 "-" "Mozilla/5.0 AppleWebKit/537.36 (KHTML, like Gecko; compatible; ClaudeBot/1.0; +claudebot@anthropic.com)"
34.10.180.98 - - [24/Aug/2026:22:53:30 +0500] "GET /uz/info-for-shareholders-uzb HTTP/1.1" 200 63910 "-" "Mozilla/5.0 (Macintosh; Intel Mac OS X 10_15_7) AppleWebKit/537.36 (KHTML, like Gecko) Chrome/120.0.0.0 Safari/537.36"
93.152.221.194 - - [24/Aug/2026:22:53:33 +0500] "POST /index.php?option=com_jce&task=plugin.rpc&plugin=browser&profile_id=1 HTTP/1.1" 303 - "-" "Mozilla/5.0 (Windows NT 10.0; Win64; x64) AppleWebKit/537.36"
216.73.216.20 - - [24/Aug/2026:22:53:34 +0500] "GET /uz/shops/terrapen/p9r3i2c7k5y320353 HTTP/1.1" 404 1216 "https://eskijuva-bozori.uz/shops/terrapen/p9r3i2c7k5y320353" "Mozilla/5.0 AppleWebKit/537.36 (KHTML, like Gecko; compatible; ClaudeBot/1.0; +claudebot@anthropic.com)"
81.167.26.57 - - [24/Aug/2026:22:53:37 +0500] "GET /uz/?template=accessibility&format=feed&type=atom HTTP/1.1" 200 8935 "-" "Mozilla/5.0 (compatible; MJ12bot/v1.4.8; http://mj12bot.com/)"
93.152.221.194 - - [24/Aug/2026:22:53:41 +0500] "GET /index.php HTTP/1.1" 301 - "-" "Mozilla/5.0 (Windows NT 10.0; Win64; x64) AppleWebKit/537.36"
216.73.216.20 - - [24/Aug/2026:22:53:44 +0500] "GET /?r=c9a3n3c3e7r0a6t9e7d57 HTTP/1.1" 301 - "-" "Mozilla/5.0 AppleWebKit/537.36 (KHTML, like Gecko; compatible; ClaudeBot/1.0; +claudebot@anthropic.com)"
81.167.26.57 - - [24/Aug/2026:22:53:49 +0500] "GET /uz/?template=accessibility&format=feed&type=rss HTTP/1.1" 200 5810 "-" "Mozilla/5.0 (compatible; MJ12bot/v1.4.8; http://mj12bot.com/)"
93.152.221.194 - - [24/Aug/2026:22:53:47 +0500] "GET /uz/ HTTP/1.1" 200 68819 "-" "Mozilla/5.0 (Windows NT 10.0; Win64; x64) AppleWebKit/537.36"
216.73.216.20 - - [24/Aug/2026:22:53:51 +0500] "GET /uz/?r=c9a3n3c3e7r0a6t9e7d57 HTTP/1.1" 200 68413 "https://eskijuva-bozori.uz/?r=c9a3n3c3e7r0a6t9e7d57" "Mozilla/5.0 AppleWebKit/537.36 (KHTML, like Gecko; compatible; ClaudeBot/1.0; +claudebot@anthropic.com)"
216.73.216.20 - - [24/Aug/2026:22:53:56 +0500] "GET /shops/curstness/s9t5o8m6a9c7h1111 HTTP/1.1" 301 - "-" "Mozilla/5.0 AppleWebKit/537.36 (KHTML, like Gecko; compatible; ClaudeBot/1.0; +claudebot@anthropic.com)"
93.152.221.194 - - [24/Aug/2026:22:53:56 +0500] "POST /index.php?option=com_jce&task=plugin.rpc&plugin=browser&profile_id=1 HTTP/1.1" 303 - "-" "Mozilla/5.0 (Windows NT 10.0; Win64; x64) AppleWebKit/537.36"
93.152.221.194 - - [24/Aug/2026:22:54:03 +0500] "GET /index.php HTTP/1.1" 508 288 "-" "Mozilla/5.0 (Windows NT 10.0; Win64; x64) AppleWebKit/537.36"
185.191.171.7 - - [24/Aug/2026:22:53:52 +0500] "GET /uz/facts-uzb?start=60 HTTP/1.1" 200 68379 "-" "Mozilla/5.0 (compatible; SemrushBot/7~bl; +http://www.semrush.com/bot.html)"
93.152.221.194 - - [24/Aug/2026:22:54:04 +0500] "POST /index.php?option=com_jce&task=plugin.rpc&plugin=browser&profile_id=2 HTTP/1.1" 508 288 "-" "Mozilla/5.0 (Windows NT 10.0; Win64; x64) AppleWebKit/537.36"
81.167.26.57 - - [24/Aug/2026:22:54:00 +0500] "GET /uz/?template=accessibility&start=12 HTTP/1.1" 200 31747 "-" "Mozilla/5.0 (compatible; MJ12bot/v1.4.8; http://mj12bot.com/)"
93.152.221.194 - - [24/Aug/2026:22:54:05 +0500] "POST /index.php?option=com_jce&task=plugin.rpc&plugin=browser&profile_id=2 HTTP/1.1" 303 - "-" "Mozilla/5.0 (Windows NT 10.0; Win64; x64) AppleWebKit/537.36"
216.73.216.20 - - [24/Aug/2026:22:54:03 +0500] "GET /uz/shops/curstness/s9t5o8m6a9c7h1111 HTTP/1.1" 404 1216 "https://eskijuva-bozori.uz/shops/curstness/s9t5o8m6a9c7h1111" "Mozilla/5.0 AppleWebKit/537.36 (KHTML, like Gecko; compatible; ClaudeBot/1.0; +claudebot@anthropic.com)"
216.73.216.20 - - [24/Aug/2026:22:54:08 +0500] "GET /?r=d9i2s6c8o9l3o5r5e7d59 HTTP/1.1" 301 - "-" "Mozilla/5.0 AppleWebKit/537.36 (KHTML, like Gecko; compatible; ClaudeBot/1.0; +claudebot@anthropic.com)"
93.152.221.194 - - [24/Aug/2026:22:54:11 +0500] "GET /index.php HTTP/1.1" 301 - "-" "Mozilla/5.0 (Windows NT 10.0; Win64; x64) AppleWebKit/537.36"
81.167.26.57 - - [24/Aug/2026:22:54:43 +0500] "GET /uz/?template=accessibility&start=20 HTTP/1.1" 200 31733 "-" "Mozilla/5.0 (compatible; MJ12bot/v1.4.8; http://mj12bot.com/)"
81.167.26.57 - - [24/Aug/2026:22:54:49 +0500] "GET /uz/?template=accessibility&start=24 HTTP/1.1" 200 31120 "-" "Mozilla/5.0 (compatible; MJ12bot/v1.4.8; http://mj12bot.com/)"
81.167.26.57 - - [24/Aug/2026:22:54:56 +0500] "GET /uz/?template=accessibility&start=28 HTTP/1.1" 200 35708 "-" "Mozilla/5.0 (compatible; MJ12bot/v1.4.8; http://mj12bot.com/)"
81.167.26.57 - - [24/Aug/2026:22:55:06 +0500] "GET /uz/?template=accessibility&start=32 HTTP/1.1" 200 31174 "-" "Mozilla/5.0 (compatible; MJ12bot/v1.4.8; http://mj12bot.com/)"
81.167.26.57 - - [24/Aug/2026:22:55:15 +0500] "GET /uz/?template=accessibility&start=4 HTTP/1.1" 508 288 "-" "Mozilla/5.0 (compatible; MJ12bot/v1.4.8; http://mj12bot.com/)"
93.152.221.194 - - [24/Aug/2026:22:55:11 +0500] "POST /index.php?option=com_jce&task=plugin.rpc&plugin=filemanager HTTP/1.1" 303 - "-" "Mozilla/5.0 (Windows NT 10.0; Win64; x64) AppleWebKit/537.36"
81.167.26.57 - - [24/Aug/2026:22:55:18 +0500] "GET /uz/?template=accessibility&start=40 HTTP/1.1" 508 288 "-" "Mozilla/5.0 (compatible; MJ12bot/v1.4.8; http://mj12bot.com/)"
216.73.216.20 - - [24/Aug/2026:22:55:16 +0500] "GET /?r=a9s1s1i8d6e4a8n8740 HTTP/1.1" 301 - "-" "Mozilla/5.0 AppleWebKit/537.36 (KHTML, like Gecko; compatible; ClaudeBot/1.0; +claudebot@anthropic.com)"
93.152.221.194 - - [24/Aug/2026:22:55:17 +0500] "GET /index.php HTTP/1.1" 301 - "-" "Mozilla/5.0 (Windows NT 10.0; Win64; x64) AppleWebKit/537.36"
216.73.216.20 - - [24/Aug/2026:22:55:28 +0500] "GET /?r=w9r3e7c0h8e212972 HTTP/1.1" 508 288 "-" "Mozilla/5.0 AppleWebKit/537.36 (KHTML, like Gecko; compatible; ClaudeBot/1.0; +claudebot@anthropic.com)"
81.167.26.57 - - [24/Aug/2026:22:55:21 +0500] "GET /uz/?template=accessibility&start=8 HTTP/1.1" 200 30853 "-" "Mozilla/5.0 (compatible; MJ12bot/v1.4.8; http://mj12bot.com/)"
216.73.216.20 - - [24/Aug/2026:22:55:23 +0500] "GET /uz/?r=a9s1s1i8d6e4a8n8740 HTTP/1.1" 200 68411 "https://eskijuva-bozori.uz/?r=a9s1s1i8d6e4a8n8740" "Mozilla/5.0 AppleWebKit/537.36 (KHTML, like Gecko; compatible; ClaudeBot/1.0; +claudebot@anthropic.com)"
81.167.26.57 - - [24/Aug/2026:22:55:35 +0500] "GET /uz/about-org-uzb/activity-uzb?template=accessibility HTTP/1.1" 508 288 "-" "Mozilla/5.0 (compatible; MJ12bot/v1.4.8; http://mj12bot.com/)"
93.152.221.194 - - [24/Aug/2026:22:55:25 +0500] "GET /uz/ HTTP/1.1" 200 68819 "-" "Mozilla/5.0 (Windows NT 10.0; Win64; x64) AppleWebKit/537.36"
93.152.221.194 - - [24/Aug/2026:22:55:34 +0500] "POST /index.php?option=com_jce&task=plugin.rpc&plugin=filemanager&profile_id=1 HTTP/1.1" 303 - "-" "Mozilla/5.0 (Windows NT 10.0; Win64; x64) AppleWebKit/537.36"
216.73.216.20 - - [24/Aug/2026:22:55:40 +0500] "GET /?r=p9i2c7q8u7e1t42415 HTTP/1.1" 301 - "-" "Mozilla/5.0 AppleWebKit/537.36 (KHTML, like Gecko; compatible; ClaudeBot/1.0; +claudebot@anthropic.com)"
81.167.26.57 - - [24/Aug/2026:22:55:38 +0500] "GET /uz/about-org-uzb/direction-uzb?template=accessibility HTTP/1.1" 200 31710 "-" "Mozilla/5.0 (compatible; MJ12bot/v1.4.8; http://mj12bot.com/)"
93.152.221.194 - - [24/Aug/2026:22:55:43 +0500] "GET /index.php HTTP/1.1" 301 - "-" "Mozilla/5.0 (Windows NT 10.0; Win64; x64) AppleWebKit/537.36"
216.73.216.20 - - [24/Aug/2026:22:55:46 +0500] "GET /?r=j9u1s5s7i4379860 HTTP/1.1" 301 - "-" "Mozilla/5.0 AppleWebKit/537.36 (KHTML, like Gecko; compatible; ClaudeBot/1.0; +claudebot@anthropic.com)"
216.73.216.20 - - [24/Aug/2026:22:55:48 +0500] "GET /uz/?r=p9i2c7q8u7e1t42415 HTTP/1.1" 200 68410 "https://eskijuva-bozori.uz/?r=p9i2c7q8u7e1t42415" "Mozilla/5.0 AppleWebKit/537.36 (KHTML, like Gecko; compatible; ClaudeBot/1.0; +claudebot@anthropic.com)"
93.152.221.194 - - [24/Aug/2026:22:55:49 +0500] "GET /uz/ HTTP/1.1" 200 68819 "-" "Mozilla/5.0 (Windows NT 10.0; Win64; x64) AppleWebKit/537.36"
216.73.216.20 - - [24/Aug/2026:22:55:54 +0500] "GET /uz/?r=j9u1s5s7i4379860 HTTP/1.1" 200 68408 "https://eskijuva-bozori.uz/?r=j9u1s5s7i4379860" "Mozilla/5.0 AppleWebKit/537.36 (KHTML, like Gecko; compatible; ClaudeBot/1.0; +claudebot@anthropic.com)"
81.167.26.57 - - [24/Aug/2026:22:55:53 +0500] "GET /uz/about-org-uzb/general-info-uzb?template=accessibility HTTP/1.1" 200 34976 "-" "Mozilla/5.0 (compatible; MJ12bot/v1.4.8; http://mj12bot.com/)"
216.73.216.20 - - [24/Aug/2026:22:55:58 +0500] "GET /?r=c9u2l8t8c9h288433 HTTP/1.1" 301 - "-" "Mozilla/5.0 AppleWebKit/537.36 (KHTML, like Gecko; compatible; ClaudeBot/1.0; +claudebot@anthropic.com)"
93.152.221.194 - - [24/Aug/2026:22:55:59 +0500] "POST /index.php?option=com_jce&task=plugin.rpc&plugin=filemanager&profile_id=1 HTTP/1.1" 303 - "-" "Mozilla/5.0 (Windows NT 10.0; Win64; x64) AppleWebKit/537.36"
216.73.216.20 - - [24/Aug/2026:22:56:06 +0500] "GET /uz/?r=c9u2l8t8c9h288433 HTTP/1.1" 200 68409 "https://eskijuva-bozori.uz/?r=c9u2l8t8c9h288433" "Mozilla/5.0 AppleWebKit/537.36 (KHTML, like Gecko; compatible; ClaudeBot/1.0; +claudebot@anthropic.com)"
93.152.221.194 - - [24/Aug/2026:22:56:08 +0500] "POST /index.php?option=com_jce&task=plugin.rpc&plugin=filemanager&profile_id=2 HTTP/1.1" 303 - "-" "Mozilla/5.0 (Windows NT 10.0; Win64; x64) AppleWebKit/537.36"
18.205.91.101 - - [24/Aug/2026:22:56:05 +0500] "GET /ru/events-rus HTTP/1.1" 200 59111 "-" "Mozilla/5.0 AppleWebKit/537.36 (KHTML, like Gecko; compatible; Amazonbot/0.1; +https://developer.amazon.com/support/amazonbot) Chrome/119.0.6045.214 Safari/537.36"
93.152.221.194 - - [24/Aug/2026:22:56:18 +0500] "POST /index.php?option=com_jce&task=plugin.rpc&plugin=filemanager&profile_id=2 HTTP/1.1" 508 288 "-" "Mozilla/5.0 (Windows NT 10.0; Win64; x64) AppleWebKit/537.36"
81.167.26.57 - - [24/Aug/2026:22:56:08 +0500] "GET /uz/about-org-uzb/indexes-uzb/270-reports-2019-uzb HTTP/1.1" 200 57996 "-" "Mozilla/5.0 (compatible; MJ12bot/v1.4.8; http://mj12bot.com/)"
93.152.221.194 - - [24/Aug/2026:22:56:19 +0500] "POST /index.php?option=com_jce&task=plugin.rpc&plugin=filemanager&profile_id=3 HTTP/1.1" 303 - "-" "Mozilla/5.0 (Windows NT 10.0; Win64; x64) AppleWebKit/537.36"
