93.152.221.194 - - [25/Aug/2026:01:15:24 +0500] "GET /index.php HTTP/1.1" 301 - "-" "Mozilla/5.0 (Windows NT 10.0; Win64; x64) AppleWebKit/537.36"
216.73.216.20 - - [25/Aug/2026:01:15:20 +0500] "GET /uz/?r=d9e3s6o1l4a6t1o9r0y85 HTTP/1.1" 200 68249 "https://eskijuva-bozori.uz/?r=d9e3s6o1l4a6t1o9r0y85" "Mozilla/5.0 AppleWebKit/537.36 (KHTML, like Gecko; compatible; ClaudeBot/1.0; +claudebot@anthropic.com)"
47.79.118.103 - - [25/Aug/2026:01:15:19 +0500] "GET /uz/prospectus-uzb/465-emissiya-01-07-2025-pdf-uzb HTTP/1.1" 200 55933 "-" "msh-pdfmin/1"
216.73.216.20 - - [25/Aug/2026:01:15:27 +0500] "GET /?r=j9a3c9k8o4u5t0o6f6o0f2fice HTTP/1.1" 301 - "-" "Mozilla/5.0 AppleWebKit/537.36 (KHTML, like Gecko; compatible; ClaudeBot/1.0; +claudebot@anthropic.com)"
93.152.221.194 - - [25/Aug/2026:01:15:31 +0500] "GET /uz/ HTTP/1.1" 200 68655 "-" "Mozilla/5.0 (Windows NT 10.0; Win64; x64) AppleWebKit/537.36"
216.73.216.20 - - [25/Aug/2026:01:15:34 +0500] "GET /uz/?r=j9a3c9k8o4u5t0o6f6o0f2fice HTTP/1.1" 200 68254 "https://eskijuva-bozori.uz/?r=j9a3c9k8o4u5t0o6f6o0f2fice" "Mozilla/5.0 AppleWebKit/537.36 (KHTML, like Gecko; compatible; ClaudeBot/1.0; +claudebot@anthropic.com)"
216.73.216.20 - - [25/Aug/2026:01:15:39 +0500] "GET /shops/chemosynthetic/i9r2i4s2h7i2s5m1592 HTTP/1.1" 301 - "-" "Mozilla/5.0 AppleWebKit/537.36 (KHTML, like Gecko; compatible; ClaudeBot/1.0; +claudebot@anthropic.com)"
93.152.221.194 - - [25/Aug/2026:01:15:41 +0500] "POST /index.php?option=com_jce&task=plugin.rpc&plugin=browser HTTP/1.1" 303 - "-" "Mozilla/5.0 (Windows NT 10.0; Win64; x64) AppleWebKit/537.36"
93.152.221.194 - - [25/Aug/2026:01:15:49 +0500] "POST /index.php?option=com_jce&task=plugin.rpc&plugin=browser&profile_id=1 HTTP/1.1" 303 - "-" "Mozilla/5.0 (Windows NT 10.0; Win64; x64) AppleWebKit/537.36"
34.10.180.98 - - [25/Aug/2026:01:15:48 +0500] "GET /uz/facts-uzb/75-06-fact-18-06-15 HTTP/1.1" 200 64716 "-" "Mozilla/5.0 (Macintosh; Intel Mac OS X 10_15_7) AppleWebKit/537.36 (KHTML, like Gecko) Chrome/120.0.0.0 Safari/537.36"
93.152.221.194 - - [25/Aug/2026:01:15:59 +0500] "POST /index.php?option=com_jce&task=plugin.rpc&plugin=browser&profile_id=1 HTTP/1.1" 303 - "-" "Mozilla/5.0 (Windows NT 10.0; Win64; x64) AppleWebKit/537.36"
216.73.216.20 - - [25/Aug/2026:01:16:03 +0500] "GET /shops/neglect/h9i2g7h9j3a1c0k6i8n0g9 HTTP/1.1" 301 - "-" "Mozilla/5.0 AppleWebKit/537.36 (KHTML, like Gecko; compatible; ClaudeBot/1.0; +claudebot@anthropic.com)"
93.152.221.194 - - [25/Aug/2026:01:16:08 +0500] "POST /index.php?option=com_jce&task=plugin.rpc&plugin=browser&profile_id=2 HTTP/1.1" 303 - "-" "Mozilla/5.0 (Windows NT 10.0; Win64; x64) AppleWebKit/537.36"
216.73.216.20 - - [25/Aug/2026:01:16:11 +0500] "GET /uz/shops/neglect/h9i2g7h9j3a1c0k6i8n0g9 HTTP/1.1" 404 1216 "https://eskijuva-bozori.uz/shops/neglect/h9i2g7h9j3a1c0k6i8n0g9" "Mozilla/5.0 AppleWebKit/537.36 (KHTML, like Gecko; compatible; ClaudeBot/1.0; +claudebot@anthropic.com)"
93.152.221.194 - - [25/Aug/2026:01:16:16 +0500] "GET /index.php HTTP/1.1" 301 - "-" "Mozilla/5.0 (Windows NT 10.0; Win64; x64) AppleWebKit/537.36"
216.73.216.20 - - [25/Aug/2026:01:16:18 +0500] "GET /stallfed/rhiptoglossa/v9i3d6e7t4t7e65624 HTTP/1.1" 301 - "-" "Mozilla/5.0 AppleWebKit/537.36 (KHTML, like Gecko; compatible; ClaudeBot/1.0; +claudebot@anthropic.com)"
93.152.221.194 - - [25/Aug/2026:01:16:21 +0500] "GET /uz/ HTTP/1.1" 200 68655 "-" "Mozilla/5.0 (Windows NT 10.0; Win64; x64) AppleWebKit/537.36"
216.73.216.20 - - [25/Aug/2026:01:16:24 +0500] "GET /uz/stallfed/rhiptoglossa/v9i3d6e7t4t7e65624 HTTP/1.1" 404 1216 "https://eskijuva-bozori.uz/stallfed/rhiptoglossa/v9i3d6e7t4t7e65624" "Mozilla/5.0 AppleWebKit/537.36 (KHTML, like Gecko; compatible; ClaudeBot/1.0; +claudebot@anthropic.com)"
93.152.221.194 - - [25/Aug/2026:01:16:27 +0500] "POST /index.php?option=com_jce&task=plugin.rpc&plugin=browser&profile_id=2 HTTP/1.1" 303 - "-" "Mozilla/5.0 (Windows NT 10.0; Win64; x64) AppleWebKit/537.36"
185.191.171.9 - - [25/Aug/2026:01:16:29 +0500] "GET /uz/?function=call_user_func_array&start=28 HTTP/1.1" 200 68407 "-" "Mozilla/5.0 (compatible; SemrushBot/7~bl; +http://www.semrush.com/bot.html)"
34.10.180.98 - - [25/Aug/2026:01:16:29 +0500] "GET /uz/about-org-uzb/sajt-kharitasi HTTP/1.1" 200 58801 "-" "Mozilla/5.0 (Macintosh; Intel Mac OS X 10_15_7) AppleWebKit/537.36 (KHTML, like Gecko) Chrome/120.0.0.0 Safari/537.36"
93.152.221.194 - - [25/Aug/2026:01:16:32 +0500] "GET /index.php HTTP/1.1" 301 - "-" "Mozilla/5.0 (Windows NT 10.0; Win64; x64) AppleWebKit/537.36"
34.10.180.98 - - [25/Aug/2026:01:16:30 +0500] "GET /ru/about-org-rus/indexes-rus?start=10&template=accessibility HTTP/1.1" 200 33099 "-" "Mozilla/5.0 (Macintosh; Intel Mac OS X 10_15_7) AppleWebKit/537.36 (KHTML, like Gecko) Chrome/120.0.0.0 Safari/537.36"
93.152.221.194 - - [25/Aug/2026:01:16:36 +0500] "GET /uz/ HTTP/1.1" 200 68655 "-" "Mozilla/5.0 (Windows NT 10.0; Win64; x64) AppleWebKit/537.36"
93.152.221.194 - - [25/Aug/2026:01:16:40 +0500] "POST /index.php?option=com_jce&task=plugin.rpc&plugin=browser&profile_id=3 HTTP/1.1" 303 - "-" "Mozilla/5.0 (Windows NT 10.0; Win64; x64) AppleWebKit/537.36"
216.73.216.20 - - [25/Aug/2026:01:16:43 +0500] "GET /shops/maziness/s9u9p7p2l6e9n7e6s4s1 HTTP/1.1" 301 - "-" "Mozilla/5.0 AppleWebKit/537.36 (KHTML, like Gecko; compatible; ClaudeBot/1.0; +claudebot@anthropic.com)"
93.152.221.194 - - [25/Aug/2026:01:16:44 +0500] "GET /index.php HTTP/1.1" 301 - "-" "Mozilla/5.0 (Windows NT 10.0; Win64; x64) AppleWebKit/537.36"
216.73.216.20 - - [25/Aug/2026:01:16:47 +0500] "GET /uz/shops/maziness/s9u9p7p2l6e9n7e6s4s1 HTTP/1.1" 404 1216 "https://eskijuva-bozori.uz/shops/maziness/s9u9p7p2l6e9n7e6s4s1" "Mozilla/5.0 AppleWebKit/537.36 (KHTML, like Gecko; compatible; ClaudeBot/1.0; +claudebot@anthropic.com)"
93.152.221.194 - - [25/Aug/2026:01:16:47 +0500] "GET /uz/ HTTP/1.1" 200 68655 "-" "Mozilla/5.0 (Windows NT 10.0; Win64; x64) AppleWebKit/537.36"
216.73.216.20 - - [25/Aug/2026:01:16:51 +0500] "GET /?r=t9r3i8c0h2r0o9m2a5t0i5c HTTP/1.1" 301 - "-" "Mozilla/5.0 AppleWebKit/537.36 (KHTML, like Gecko; compatible; ClaudeBot/1.0; +claudebot@anthropic.com)"
93.152.221.194 - - [25/Aug/2026:01:16:54 +0500] "POST /index.php?option=com_jce&task=plugin.rpc&plugin=browser&profile_id=3 HTTP/1.1" 303 - "-" "Mozilla/5.0 (Windows NT 10.0; Win64; x64) AppleWebKit/537.36"
93.152.221.194 - - [25/Aug/2026:01:16:59 +0500] "GET /index.php HTTP/1.1" 301 - "-" "Mozilla/5.0 (Windows NT 10.0; Win64; x64) AppleWebKit/537.36"
216.73.216.20 - - [25/Aug/2026:01:16:57 +0500] "GET /uz/?r=t9r3i8c0h2r0o9m2a5t0i5c HTTP/1.1" 200 68251 "https://eskijuva-bozori.uz/?r=t9r3i8c0h2r0o9m2a5t0i5c" "Mozilla/5.0 AppleWebKit/537.36 (KHTML, like Gecko; compatible; ClaudeBot/1.0; +claudebot@anthropic.com)"
93.152.221.194 - - [25/Aug/2026:01:17:02 +0500] "GET /uz/ HTTP/1.1" 200 68655 "-" "Mozilla/5.0 (Windows NT 10.0; Win64; x64) AppleWebKit/537.36"
93.152.221.194 - - [25/Aug/2026:01:17:08 +0500] "POST /index.php?option=com_jce&task=plugin.rpc&plugin=browser&profile_id=4 HTTP/1.1" 303 - "-" "Mozilla/5.0 (Windows NT 10.0; Win64; x64) AppleWebKit/537.36"
216.73.216.183 - - [25/Aug/2026:01:17:15 +0500] "GET /robots.txt HTTP/1.1" 200 111 "-" "Mozilla/5.0 AppleWebKit/537.36 (KHTML, like Gecko; compatible; ClaudeBot/1.0; +claudebot@anthropic.com)"
93.152.221.194 - - [25/Aug/2026:01:17:13 +0500] "GET /index.php HTTP/1.1" 301 - "-" "Mozilla/5.0 (Windows NT 10.0; Win64; x64) AppleWebKit/537.36"
216.73.216.20 - - [25/Aug/2026:01:17:15 +0500] "GET /shops/gentianella/p9a3r5k2i2n6s3o3n3i0s0m HTTP/1.1" 301 - "-" "Mozilla/5.0 AppleWebKit/537.36 (KHTML, like Gecko; compatible; ClaudeBot/1.0; +claudebot@anthropic.com)"
216.73.216.20 - - [25/Aug/2026:01:17:20 +0500] "GET /uz/shops/gentianella/p9a3r5k2i2n6s3o3n3i0s0m HTTP/1.1" 404 1216 "https://eskijuva-bozori.uz/shops/gentianella/p9a3r5k2i2n6s3o3n3i0s0m" "Mozilla/5.0 AppleWebKit/537.36 (KHTML, like Gecko; compatible; ClaudeBot/1.0; +claudebot@anthropic.com)"
93.152.221.194 - - [25/Aug/2026:01:17:19 +0500] "GET /uz/ HTTP/1.1" 200 68655 "-" "Mozilla/5.0 (Windows NT 10.0; Win64; x64) AppleWebKit/537.36"
216.73.216.20 - - [25/Aug/2026:01:17:23 +0500] "GET /?r=u9n2s3o9p5h1i4s7t5i1c7atedness HTTP/1.1" 301 - "-" "Mozilla/5.0 AppleWebKit/537.36 (KHTML, like Gecko; compatible; ClaudeBot/1.0; +claudebot@anthropic.com)"
93.152.221.194 - - [25/Aug/2026:01:17:27 +0500] "POST /index.php?option=com_jce&task=plugin.rpc&plugin=browser&profile_id=4 HTTP/1.1" 303 - "-" "Mozilla/5.0 (Windows NT 10.0; Win64; x64) AppleWebKit/537.36"
34.10.180.98 - - [25/Aug/2026:01:17:26 +0500] "GET /ru/component/search/?Itemid=135&format=opensearch HTTP/1.1" 200 734 "-" "Mozilla/5.0 (Macintosh; Intel Mac OS X 10_15_7) AppleWebKit/537.36 (KHTML, like Gecko) Chrome/120.0.0.0 Safari/537.36"
216.73.216.20 - - [25/Aug/2026:01:17:29 +0500] "GET /uz/?r=u9n2s3o9p5h1i4s7t5i1c7atedness HTTP/1.1" 200 68258 "https://eskijuva-bozori.uz/?r=u9n2s3o9p5h1i4s7t5i1c7atedness" "Mozilla/5.0 AppleWebKit/537.36 (KHTML, like Gecko; compatible; ClaudeBot/1.0; +claudebot@anthropic.com)"
93.152.221.194 - - [25/Aug/2026:01:17:33 +0500] "GET /index.php HTTP/1.1" 301 - "-" "Mozilla/5.0 (Windows NT 10.0; Win64; x64) AppleWebKit/537.36"
216.73.216.183 - - [25/Aug/2026:01:17:40 +0500] "GET /stiffest/s3u2p5e4r1h2e0a2t4e2r HTTP/1.1" 301 - "-" "Mozilla/5.0 AppleWebKit/537.36 (KHTML, like Gecko; compatible; ClaudeBot/1.0; +claudebot@anthropic.com)"
93.152.221.194 - - [25/Aug/2026:01:17:40 +0500] "GET /uz/ HTTP/1.1" 200 68655 "-" "Mozilla/5.0 (Windows NT 10.0; Win64; x64) AppleWebKit/537.36"
54.37.252.119 - - [25/Aug/2026:01:17:53 +0500] "GET /robots.txt HTTP/1.1" 200 111 "-" "Mozilla/5.0 (compatible; MJ12bot/v1.4.8; http://mj12bot.com/)"
216.73.216.20 - - [25/Aug/2026:01:17:47 +0500] "GET /?r=c9e3n9t8r2o0p8r2i4s0t4is HTTP/1.1" 301 - "-" "Mozilla/5.0 AppleWebKit/537.36 (KHTML, like Gecko; compatible; ClaudeBot/1.0; +claudebot@anthropic.com)"
93.152.221.194 - - [25/Aug/2026:01:17:50 +0500] "POST /index.php?option=com_jce&task=plugin.rpc&plugin=browser&profile_id=5 HTTP/1.1" 303 - "-" "Mozilla/5.0 (Windows NT 10.0; Win64; x64) AppleWebKit/537.36"
216.73.216.183 - - [25/Aug/2026:01:17:48 +0500] "GET /uz/stiffest/s3u2p5e4r1h2e0a2t4e2r HTTP/1.1" 404 1248 "https://www.eskijuva-bozori.uz.uzbekgidroenergoqurilish.uz/stiffest/s3u2p5e4r1h2e0a2t4e2r" "Mozilla/5.0 AppleWebKit/537.36 (KHTML, like Gecko; compatible; ClaudeBot/1.0; +claudebot@anthropic.com)"
216.73.216.183 - - [25/Aug/2026:01:17:52 +0500] "GET /?%60=r3e3m7e0d5y771104 HTTP/1.1" 301 - "-" "Mozilla/5.0 AppleWebKit/537.36 (KHTML, like Gecko; compatible; ClaudeBot/1.0; +claudebot@anthropic.com)"
185.191.171.7 - - [25/Aug/2026:01:17:51 +0500] "GET /ru/facts-rus/370-36-fact-31-03-2022 HTTP/1.1" 200 55791 "-" "Mozilla/5.0 (compatible; SemrushBot/7~bl; +http://www.semrush.com/bot.html)"
93.152.221.194 - - [25/Aug/2026:01:17:55 +0500] "GET /index.php HTTP/1.1" 301 - "-" "Mozilla/5.0 (Windows NT 10.0; Win64; x64) AppleWebKit/537.36"
216.73.216.20 - - [25/Aug/2026:01:17:54 +0500] "GET /uz/?r=c9e3n9t8r2o0p8r2i4s0t4is HTTP/1.1" 200 68252 "https://eskijuva-bozori.uz/?r=c9e3n9t8r2o0p8r2i4s0t4is" "Mozilla/5.0 AppleWebKit/537.36 (KHTML, like Gecko; compatible; ClaudeBot/1.0; +claudebot@anthropic.com)"
54.37.252.119 - - [25/Aug/2026:01:17:57 +0500] "GET /uz/?r=b9i3t0u8m1i4n3i9z6e48 HTTP/1.1" 200 68249 "-" "Mozilla/5.0 (compatible; MJ12bot/v1.4.8; http://mj12bot.com/)"
216.73.216.183 - - [25/Aug/2026:01:17:57 +0500] "GET /uz/?%60=r3e3m7e0d5y771104 HTTP/1.1" 200 68471 "https://www.eskijuva-bozori.uz.uzbekgidroenergoqurilish.uz/?%60=r3e3m7e0d5y771104" "Mozilla/5.0 AppleWebKit/537.36 (KHTML, like Gecko; compatible; ClaudeBot/1.0; +claudebot@anthropic.com)"
93.152.221.194 - - [25/Aug/2026:01:18:01 +0500] "GET /uz/ HTTP/1.1" 200 68655 "-" "Mozilla/5.0 (Windows NT 10.0; Win64; x64) AppleWebKit/537.36"
216.73.216.183 - - [25/Aug/2026:01:18:04 +0500] "GET /shops/dedicated/b3r9a3i3n3e9d9387 HTTP/1.1" 301 - "-" "Mozilla/5.0 AppleWebKit/537.36 (KHTML, like Gecko; compatible; ClaudeBot/1.0; +claudebot@anthropic.com)"
216.73.216.20 - - [25/Aug/2026:01:18:08 +0500] "GET /?r=i9n3s4p3i5r4a1t5i9o3n9al HTTP/1.1" 301 - "-" "Mozilla/5.0 AppleWebKit/537.36 (KHTML, like Gecko; compatible; ClaudeBot/1.0; +claudebot@anthropic.com)"
54.37.252.119 - - [25/Aug/2026:01:18:07 +0500] "GET /uz/?r=b9i3t0u8m1i4n3i9z6e48&start=16 HTTP/1.1" 200 67755 "-" "Mozilla/5.0 (compatible; MJ12bot/v1.4.8; http://mj12bot.com/)"
93.152.221.194 - - [25/Aug/2026:01:18:10 +0500] "POST /index.php?option=com_jce&task=plugin.rpc&plugin=browser&profile_id=5 HTTP/1.1" 303 - "-" "Mozilla/5.0 (Windows NT 10.0; Win64; x64) AppleWebKit/537.36"
216.73.216.183 - - [25/Aug/2026:01:18:10 +0500] "GET /uz/shops/dedicated/b3r9a3i3n3e9d9387 HTTP/1.1" 404 1248 "https://www.eskijuva-bozori.uz.uzbekgidroenergoqurilish.uz/shops/dedicated/b3r9a3i3n3e9d9387" "Mozilla/5.0 AppleWebKit/537.36 (KHTML, like Gecko; compatible; ClaudeBot/1.0; +claudebot@anthropic.com)"
216.73.216.183 - - [25/Aug/2026:01:18:16 +0500] "GET /formula/exsuction/31461662990 HTTP/1.1" 301 - "-" "Mozilla/5.0 AppleWebKit/537.36 (KHTML, like Gecko; compatible; ClaudeBot/1.0; +claudebot@anthropic.com)"
93.152.221.194 - - [25/Aug/2026:01:18:17 +0500] "GET /index.php HTTP/1.1" 301 - "-" "Mozilla/5.0 (Windows NT 10.0; Win64; x64) AppleWebKit/537.36"
85.208.96.206 - - [25/Aug/2026:01:18:24 +0500] "GET /robots.txt HTTP/1.1" 200 111 "-" "Mozilla/5.0 (compatible; SemrushBot/7~bl; +http://www.semrush.com/bot.html)"
216.73.216.20 - - [25/Aug/2026:01:18:16 +0500] "GET /uz/?r=i9n3s4p3i5r4a1t5i9o3n9al HTTP/1.1" 200 68252 "https://eskijuva-bozori.uz/?r=i9n3s4p3i5r4a1t5i9o3n9al" "Mozilla/5.0 AppleWebKit/537.36 (KHTML, like Gecko; compatible; ClaudeBot/1.0; +claudebot@anthropic.com)"
54.37.252.119 - - [25/Aug/2026:01:18:20 +0500] "GET /uz/?r=b9i3t0u8m1i4n3i9z6e48&start=20 HTTP/1.1" 200 68212 "-" "Mozilla/5.0 (compatible; MJ12bot/v1.4.8; http://mj12bot.com/)"
216.73.216.183 - - [25/Aug/2026:01:18:23 +0500] "GET /uz/formula/exsuction/31461662990 HTTP/1.1" 404 1248 "https://www.eskijuva-bozori.uz.uzbekgidroenergoqurilish.uz/formula/exsuction/31461662990" "Mozilla/5.0 AppleWebKit/537.36 (KHTML, like Gecko; compatible; ClaudeBot/1.0; +claudebot@anthropic.com)"
93.152.221.194 - - [25/Aug/2026:01:18:23 +0500] "GET /uz/ HTTP/1.1" 200 68655 "-" "Mozilla/5.0 (Windows NT 10.0; Win64; x64) AppleWebKit/537.36"
185.191.171.11 - - [25/Aug/2026:01:18:25 +0500] "GET /uz/?r=p4i2c5t0u4r1a28660&start=12 HTTP/1.1" 200 68931 "-" "Mozilla/5.0 (compatible; SemrushBot/7~bl; +http://www.semrush.com/bot.html)"
93.152.221.194 - - [25/Aug/2026:01:18:31 +0500] "POST /index.php?option=com_jce&task=plugin.rpc&plugin=browser HTTP/1.1" 303 - "-" "Mozilla/5.0 (Windows NT 10.0; Win64; x64) AppleWebKit/537.36"
216.73.216.20 - - [25/Aug/2026:01:18:32 +0500] "GET /unheart/b9u1l4l4f7i5g2h0t4i7n6g HTTP/1.1" 301 - "-" "Mozilla/5.0 AppleWebKit/537.36 (KHTML, like Gecko; compatible; ClaudeBot/1.0; +claudebot@anthropic.com)"
54.37.252.119 - - [25/Aug/2026:01:18:33 +0500] "GET /uz/?r=s9a7c3c3h2a6r2i9f9y3ing HTTP/1.1" 200 68251 "-" "Mozilla/5.0 (compatible; MJ12bot/v1.4.8; http://mj12bot.com/)"
93.152.221.194 - - [25/Aug/2026:01:18:36 +0500] "GET /index.php HTTP/1.1" 301 - "-" "Mozilla/5.0 (Windows NT 10.0; Win64; x64) AppleWebKit/537.36"
216.73.216.20 - - [25/Aug/2026:01:18:37 +0500] "GET /uz/unheart/b9u1l4l4f7i5g2h0t4i7n6g HTTP/1.1" 404 1216 "https://eskijuva-bozori.uz/unheart/b9u1l4l4f7i5g2h0t4i7n6g" "Mozilla/5.0 AppleWebKit/537.36 (KHTML, like Gecko; compatible; ClaudeBot/1.0; +claudebot@anthropic.com)"
93.152.221.194 - - [25/Aug/2026:01:18:41 +0500] "GET /uz/ HTTP/1.1" 200 68655 "-" "Mozilla/5.0 (Windows NT 10.0; Win64; x64) AppleWebKit/537.36"
54.37.252.119 - - [25/Aug/2026:01:18:43 +0500] "GET /uz/?r=s9a7c3c3h2a6r2i9f9y3ing&format=feed&type=atom HTTP/1.1" 200 8862 "-" "Mozilla/5.0 (compatible; MJ12bot/v1.4.8; http://mj12bot.com/)"
34.123.149.87 - - [25/Aug/2026:01:18:46 +0500] "GET /uz/component/search/?Itemid=175&catid=31&format=opensearch&id=342 HTTP/1.1" 200 757 "-" "Mozilla/5.0 (Macintosh; Intel Mac OS X 10_15_7) AppleWebKit/537.36 (KHTML, like Gecko) Chrome/120.0.0.0 Safari/537.36"
93.152.221.194 - - [25/Aug/2026:01:18:47 +0500] "POST /index.php?option=com_jce&task=plugin.rpc&plugin=browser HTTP/1.1" 303 - "-" "Mozilla/5.0 (Windows NT 10.0; Win64; x64) AppleWebKit/537.36"
93.152.221.194 - - [25/Aug/2026:01:18:50 +0500] "GET /index.php HTTP/1.1" 301 - "-" "Mozilla/5.0 (Windows NT 10.0; Win64; x64) AppleWebKit/537.36"
54.37.252.119 - - [25/Aug/2026:01:18:51 +0500] "GET /uz/?r=s9a7c3c3h2a6r2i9f9y3ing&format=feed&type=rss HTTP/1.1" 200 5757 "-" "Mozilla/5.0 (compatible; MJ12bot/v1.4.8; http://mj12bot.com/)"
93.152.221.194 - - [25/Aug/2026:01:18:53 +0500] "GET /uz/ HTTP/1.1" 200 68655 "-" "Mozilla/5.0 (Windows NT 10.0; Win64; x64) AppleWebKit/537.36"
216.73.216.183 - - [25/Aug/2026:01:18:56 +0500] "GET /paganish/c3a2d2e5n6z9a46577 HTTP/1.1" 301 - "-" "Mozilla/5.0 AppleWebKit/537.36 (KHTML, like Gecko; compatible; ClaudeBot/1.0; +claudebot@anthropic.com)"
93.152.221.194 - - [25/Aug/2026:01:18:57 +0500] "POST /index.php?option=com_jce&task=plugin.rpc&plugin=browser&profile_id=1 HTTP/1.1" 303 - "-" "Mozilla/5.0 (Windows NT 10.0; Win64; x64) AppleWebKit/537.36"
54.37.252.119 - - [25/Aug/2026:01:18:58 +0500] "GET /uz/?r=s9a7c3c3h2a6r2i9f9y3ing&start=16 HTTP/1.1" 200 67757 "-" "Mozilla/5.0 (compatible; MJ12bot/v1.4.8; http://mj12bot.com/)"
216.73.216.183 - - [25/Aug/2026:01:18:59 +0500] "GET /uz/paganish/c3a2d2e5n6z9a46577 HTTP/1.1" 404 1248 "https://www.eskijuva-bozori.uz.uzbekgidroenergoqurilish.uz/paganish/c3a2d2e5n6z9a46577" "Mozilla/5.0 AppleWebKit/537.36 (KHTML, like Gecko; compatible; ClaudeBot/1.0; +claudebot@anthropic.com)"
93.152.221.194 - - [25/Aug/2026:01:19:01 +0500] "GET /index.php HTTP/1.1" 301 - "-" "Mozilla/5.0 (Windows NT 10.0; Win64; x64) AppleWebKit/537.36"
216.73.216.183 - - [25/Aug/2026:01:19:05 +0500] "GET /shops/burned/p3e1n3d1e6n4c9e6045 HTTP/1.1" 301 - "-" "Mozilla/5.0 AppleWebKit/537.36 (KHTML, like Gecko; compatible; ClaudeBot/1.0; +claudebot@anthropic.com)"
93.152.221.194 - - [25/Aug/2026:01:19:05 +0500] "GET /uz/ HTTP/1.1" 200 68655 "-" "Mozilla/5.0 (Windows NT 10.0; Win64; x64) AppleWebKit/537.36"
54.37.252.119 - - [25/Aug/2026:01:19:06 +0500] "GET /uz/?r=s9a7c3c3h2a6r2i9f9y3ing&start=20 HTTP/1.1" 200 68214 "-" "Mozilla/5.0 (compatible; MJ12bot/v1.4.8; http://mj12bot.com/)"
216.73.216.183 - - [25/Aug/2026:01:19:09 +0500] "GET /uz/shops/burned/p3e1n3d1e6n4c9e6045 HTTP/1.1" 404 1248 "https://www.eskijuva-bozori.uz.uzbekgidroenergoqurilish.uz/shops/burned/p3e1n3d1e6n4c9e6045" "Mozilla/5.0 AppleWebKit/537.36 (KHTML, like Gecko; compatible; ClaudeBot/1.0; +claudebot@anthropic.com)"
93.152.221.194 - - [25/Aug/2026:01:19:10 +0500] "POST /index.php?option=com_jce&task=plugin.rpc&plugin=browser&profile_id=1 HTTP/1.1" 303 - "-" "Mozilla/5.0 (Windows NT 10.0; Win64; x64) AppleWebKit/537.36"
93.152.221.194 - - [25/Aug/2026:01:19:13 +0500] "GET /index.php HTTP/1.1" 301 - "-" "Mozilla/5.0 (Windows NT 10.0; Win64; x64) AppleWebKit/537.36"
216.73.216.183 - - [25/Aug/2026:01:19:14 +0500] "GET /?%60=g3e1m6m2e5d750188 HTTP/1.1" 301 - "-" "Mozilla/5.0 AppleWebKit/537.36 (KHTML, like Gecko; compatible; ClaudeBot/1.0; +claudebot@anthropic.com)"
54.37.252.119 - - [25/Aug/2026:01:19:14 +0500] "GET /uz/?r=s9a7c3c3h2a6r2i9f9y3ing&start=24 HTTP/1.1" 200 67957 "-" "Mozilla/5.0 (compatible; MJ12bot/v1.4.8; http://mj12bot.com/)"
34.61.96.6 - - [25/Aug/2026:01:19:17 +0500] "GET /ru/audit-rus?format=feed&template=yoo_master2&type=rss HTTP/1.1" 200 8074 "-" "Mozilla/5.0 (Macintosh; Intel Mac OS X 10_15_7) AppleWebKit/537.36 (KHTML, like Gecko) Chrome/120.0.0.0 Safari/537.36"
93.152.221.194 - - [25/Aug/2026:01:19:17 +0500] "GET /uz/ HTTP/1.1" 200 68655 "-" "Mozilla/5.0 (Windows NT 10.0; Win64; x64) AppleWebKit/537.36"
216.73.216.183 - - [25/Aug/2026:01:19:18 +0500] "GET /uz/?%60=g3e1m6m2e5d750188 HTTP/1.1" 200 68471 "https://www.eskijuva-bozori.uz.uzbekgidroenergoqurilish.uz/?%60=g3e1m6m2e5d750188" "Mozilla/5.0 AppleWebKit/537.36 (KHTML, like Gecko; compatible; ClaudeBot/1.0; +claudebot@anthropic.com)"
54.37.252.119 - - [25/Aug/2026:01:19:23 +0500] "GET /uz/?r=s9a7c3c3h2a6r2i9f9y3ing&start=4 HTTP/1.1" 200 67971 "-" "Mozilla/5.0 (compatible; MJ12bot/v1.4.8; http://mj12bot.com/)"
93.152.221.194 - - [25/Aug/2026:01:19:26 +0500] "POST /index.php?option=com_jce&task=plugin.rpc&plugin=browser&profile_id=2 HTTP/1.1" 303 - "-" "Mozilla/5.0 (Windows NT 10.0; Win64; x64) AppleWebKit/537.36"
93.152.221.194 - - [25/Aug/2026:01:19:32 +0500] "GET /index.php HTTP/1.1" 301 - "-" "Mozilla/5.0 (Windows NT 10.0; Win64; x64) AppleWebKit/537.36"
54.37.252.119 - - [25/Aug/2026:01:19:35 +0500] "GET /uz/?r=s9a7c3c3h2a6r2i9f9y3ing&start=52 HTTP/1.1" 200 69020 "-" "Mozilla/5.0 (compatible; MJ12bot/v1.4.8; http://mj12bot.com/)"
93.152.221.194 - - [25/Aug/2026:01:19:36 +0500] "GET /uz/ HTTP/1.1" 200 68655 "-" "Mozilla/5.0 (Windows NT 10.0; Win64; x64) AppleWebKit/537.36"
216.73.216.20 - - [25/Aug/2026:01:19:36 +0500] "GET /uz/?%60=l3i1p7o6g2r9a5m1m6a4t0ic&start=8 HTTP/1.1" 200 67674 "-" "Mozilla/5.0 AppleWebKit/537.36 (KHTML, like Gecko; compatible; ClaudeBot/1.0; +claudebot@anthropic.com)"
93.152.221.194 - - [25/Aug/2026:01:19:42 +0500] "POST /index.php?option=com_jce&task=plugin.rpc&plugin=browser&profile_id=2 HTTP/1.1" 303 - "-" "Mozilla/5.0 (Windows NT 10.0; Win64; x64) AppleWebKit/537.36"
54.37.252.119 - - [25/Aug/2026:01:19:43 +0500] "GET /uz/?r=s9a7c3c3h2a6r2i9f9y3ing&start=8 HTTP/1.1" 200 67671 "-" "Mozilla/5.0 (compatible; MJ12bot/v1.4.8; http://mj12bot.com/)"
93.152.221.194 - - [25/Aug/2026:01:19:46 +0500] "GET /index.php HTTP/1.1" 301 - "-" "Mozilla/5.0 (Windows NT 10.0; Win64; x64) AppleWebKit/537.36"
93.152.221.194 - - [25/Aug/2026:01:19:50 +0500] "GET /uz/ HTTP/1.1" 200 68655 "-" "Mozilla/5.0 (Windows NT 10.0; Win64; x64) AppleWebKit/537.36"
54.37.252.119 - - [25/Aug/2026:01:19:52 +0500] "GET /uz/?vars[1][0]=1 HTTP/1.1" 200 68238 "-" "Mozilla/5.0 (compatible; MJ12bot/v1.4.8; http://mj12bot.com/)"
93.152.221.194 - - [25/Aug/2026:01:19:58 +0500] "POST /index.php?option=com_jce&task=plugin.rpc&plugin=browser&profile_id=3 HTTP/1.1" 303 - "-" "Mozilla/5.0 (Windows NT 10.0; Win64; x64) AppleWebKit/537.36"
93.152.221.194 - - [25/Aug/2026:01:20:02 +0500] "GET /index.php HTTP/1.1" 301 - "-" "Mozilla/5.0 (Windows NT 10.0; Win64; x64) AppleWebKit/537.36"
54.37.252.119 - - [25/Aug/2026:01:20:03 +0500] "GET /uz/?vars[1][0]=1&format=feed&type=atom HTTP/1.1" 200 8849 "-" "Mozilla/5.0 (compatible; MJ12bot/v1.4.8; http://mj12bot.com/)"
93.152.221.194 - - [25/Aug/2026:01:20:08 +0500] "GET /uz/ HTTP/1.1" 200 68655 "-" "Mozilla/5.0 (Windows NT 10.0; Win64; x64) AppleWebKit/537.36"
54.37.252.119 - - [25/Aug/2026:01:20:13 +0500] "GET /uz/?vars[1][0]=1&format=feed&type=rss HTTP/1.1" 200 5744 "-" "Mozilla/5.0 (compatible; MJ12bot/v1.4.8; http://mj12bot.com/)"
93.152.221.194 - - [25/Aug/2026:01:20:16 +0500] "POST /index.php?option=com_jce&task=plugin.rpc&plugin=browser&profile_id=3 HTTP/1.1" 303 - "-" "Mozilla/5.0 (Windows NT 10.0; Win64; x64) AppleWebKit/537.36"
93.152.221.194 - - [25/Aug/2026:01:20:22 +0500] "GET /index.php HTTP/1.1" 301 - "-" "Mozilla/5.0 (Windows NT 10.0; Win64; x64) AppleWebKit/537.36"
54.37.252.119 - - [25/Aug/2026:01:20:23 +0500] "GET /uz/?vars[1][0]=1&start=24 HTTP/1.1" 200 67944 "-" "Mozilla/5.0 (compatible; MJ12bot/v1.4.8; http://mj12bot.com/)"
93.152.221.194 - - [25/Aug/2026:01:20:26 +0500] "GET /uz/ HTTP/1.1" 200 68655 "-" "Mozilla/5.0 (Windows NT 10.0; Win64; x64) AppleWebKit/537.36"
34.171.68.95 - - [25/Aug/2026:01:20:26 +0500] "GET /ru/about-org-rus/strategy-rus/482-biznes-plan-2026-ej-pdf-2 HTTP/1.1" 200 55527 "-" "Mozilla/5.0 (Macintosh; Intel Mac OS X 10_15_7) AppleWebKit/537.36 (KHTML, like Gecko) Chrome/120.0.0.0 Safari/537.36"
93.152.221.194 - - [25/Aug/2026:01:20:31 +0500] "POST /index.php?option=com_jce&task=plugin.rpc&plugin=browser&profile_id=4 HTTP/1.1" 303 - "-" "Mozilla/5.0 (Windows NT 10.0; Win64; x64) AppleWebKit/537.36"
54.37.252.119 - - [25/Aug/2026:01:20:32 +0500] "GET /uz/?vars[1][0]=1&start=28 HTTP/1.1" 200 68355 "-" "Mozilla/5.0 (compatible; MJ12bot/v1.4.8; http://mj12bot.com/)"
93.152.221.194 - - [25/Aug/2026:01:20:39 +0500] "GET /index.php HTTP/1.1" 301 - "-" "Mozilla/5.0 (Windows NT 10.0; Win64; x64) AppleWebKit/537.36"
34.10.180.98 - - [25/Aug/2026:01:20:41 +0500] "GET /uz/component/search/?Itemid=170&catid=20&format=opensearch&id=445 HTTP/1.1" 200 772 "-" "Mozilla/5.0 (Macintosh; Intel Mac OS X 10_15_7) AppleWebKit/537.36 (KHTML, like Gecko) Chrome/120.0.0.0 Safari/537.36"
54.37.252.119 - - [25/Aug/2026:01:20:47 +0500] "GET /uz/?vars[1][0]=1&start=32 HTTP/1.1" 200 68124 "-" "Mozilla/5.0 (compatible; MJ12bot/v1.4.8; http://mj12bot.com/)"
93.152.221.194 - - [25/Aug/2026:01:20:47 +0500] "GET /uz/ HTTP/1.1" 200 68655 "-" "Mozilla/5.0 (Windows NT 10.0; Win64; x64) AppleWebKit/537.36"
93.152.221.194 - - [25/Aug/2026:01:20:58 +0500] "POST /index.php?option=com_jce&task=plugin.rpc&plugin=browser&profile_id=4 HTTP/1.1" 303 - "-" "Mozilla/5.0 (Windows NT 10.0; Win64; x64) AppleWebKit/537.36"
147.224.240.109 - - [25/Aug/2026:01:20:58 +0500] "GET /uz?function=call_user_func_array&s=index%2Fthink%5C%5C%5C%5Capp%2Finvokefunction&start=52&vars%5B0%5D=phpinfo&vars%5B1%5D%5B0%5D=1 HTTP/1.1" 200 - "-" "Mozilla/5.0 (X11; Linux aarch64) AppleWebKit/537.36 (KHTML, like Gecko) Chrome/139.0.0.0 Safari/537.36"
54.37.252.119 - - [25/Aug/2026:01:21:01 +0500] "GET /uz/?vars[1][0]=1&start=40 HTTP/1.1" 200 69086 "-" "Mozilla/5.0 (compatible; MJ12bot/v1.4.8; http://mj12bot.com/)"
34.171.68.95 - - [25/Aug/2026:01:21:02 +0500] "GET /ru/about-org-rus/strategy-rus?format=feed&type=atom HTTP/1.1" 200 180892 "-" "Mozilla/5.0 (Macintosh; Intel Mac OS X 10_15_7) AppleWebKit/537.36 (KHTML, like Gecko) Chrome/120.0.0.0 Safari/537.36"
93.152.221.194 - - [25/Aug/2026:01:21:04 +0500] "GET /index.php HTTP/1.1" 301 - "-" "Mozilla/5.0 (Windows NT 10.0; Win64; x64) AppleWebKit/537.36"
147.224.240.109 - - [25/Aug/2026:01:21:03 +0500] "GET /uz?function=call_user_func_array&s=index%2Fthink%5C%5C%5C%5Capp%2Finvokefunction&start=52&vars%5B0%5D=phpinfo&vars%5B1%5D%5B0%5D=1 HTTP/1.1" 200 - "-" "Mozilla/5.0 (X11; Linux aarch64) AppleWebKit/537.36 (KHTML, like Gecko) Chrome/139.0.0.0 Safari/537.36"
93.152.221.194 - - [25/Aug/2026:01:21:22 +0500] "POST /index.php?option=com_jce&task=plugin.rpc&plugin=browser&profile_id=5 HTTP/1.1" 508 288 "-" "Mozilla/5.0 (Windows NT 10.0; Win64; x64) AppleWebKit/537.36"
93.152.221.194 - - [25/Aug/2026:01:21:13 +0500] "GET /uz/ HTTP/1.1" 200 68655 "-" "Mozilla/5.0 (Windows NT 10.0; Win64; x64) AppleWebKit/537.36"
54.37.252.119 - - [25/Aug/2026:01:21:14 +0500] "GET /uz/?vars[1][0]=1&start=44 HTTP/1.1" 200 69542 "-" "Mozilla/5.0 (compatible; MJ12bot/v1.4.8; http://mj12bot.com/)"
216.73.216.183 - - [25/Aug/2026:01:21:19 +0500] "GET /shops/foretoken/a3n1s2e7r8o8u5s2858 HTTP/1.1" 301 - "-" "Mozilla/5.0 AppleWebKit/537.36 (KHTML, like Gecko; compatible; ClaudeBot/1.0; +claudebot@anthropic.com)"
54.37.252.119 - - [25/Aug/2026:01:21:28 +0500] "GET /uz/?vars[1][0]=1&start=48 HTTP/1.1" 508 288 "-" "Mozilla/5.0 (compatible; MJ12bot/v1.4.8; http://mj12bot.com/)"
93.152.221.194 - - [25/Aug/2026:01:21:23 +0500] "POST /index.php?option=com_jce&task=plugin.rpc&plugin=browser&profile_id=5 HTTP/1.1" 303 - "-" "Mozilla/5.0 (Windows NT 10.0; Win64; x64) AppleWebKit/537.36"
216.73.216.183 - - [25/Aug/2026:01:21:27 +0500] "GET /uz/shops/foretoken/a3n1s2e7r8o8u5s2858 HTTP/1.1" 404 1248 "https://www.eskijuva-bozori.uz.uzbekgidroenergoqurilish.uz/shops/foretoken/a3n1s2e7r8o8u5s2858" "Mozilla/5.0 AppleWebKit/537.36 (KHTML, like Gecko; compatible; ClaudeBot/1.0; +claudebot@anthropic.com)"
216.73.216.183 - - [25/Aug/2026:01:21:31 +0500] "GET /shops/siccation/v3e1s5p6i1l3l8o4e7s94 HTTP/1.1" 301 - "-" "Mozilla/5.0 AppleWebKit/537.36 (KHTML, like Gecko; compatible; ClaudeBot/1.0; +claudebot@anthropic.com)"
93.152.221.194 - - [25/Aug/2026:01:21:33 +0500] "POST /index.php?option=com_jce&task=plugin.rpc&plugin=filemanager HTTP/1.1" 303 - "-" "Mozilla/5.0 (Windows NT 10.0; Win64; x64) AppleWebKit/537.36"
54.37.252.119 - - [25/Aug/2026:01:21:32 +0500] "GET /uz/?vars[1][0]=1&start=52 HTTP/1.1" 200 69007 "-" "Mozilla/5.0 (compatible; MJ12bot/v1.4.8; http://mj12bot.com/)"
54.37.252.119 - - [25/Aug/2026:01:21:42 +0500] "GET /robots.txt HTTP/1.1" 200 111 "-" "Mozilla/5.0 (compatible; MJ12bot/v1.4.8; http://mj12bot.com/)"
93.152.221.194 - - [25/Aug/2026:01:21:38 +0500] "GET /index.php HTTP/1.1" 301 - "-" "Mozilla/5.0 (Windows NT 10.0; Win64; x64) AppleWebKit/537.36"
216.73.216.183 - - [25/Aug/2026:01:21:38 +0500] "GET /uz/shops/siccation/v3e1s5p6i1l3l8o4e7s94 HTTP/1.1" 404 1248 "https://www.eskijuva-bozori.uz.uzbekgidroenergoqurilish.uz/shops/siccation/v3e1s5p6i1l3l8o4e7s94" "Mozilla/5.0 AppleWebKit/537.36 (KHTML, like Gecko; compatible; ClaudeBot/1.0; +claudebot@anthropic.com)"
54.37.252.119 - - [25/Aug/2026:01:21:45 +0500] "GET /media/aridocsviewer/pdfjs/web/viewer.html?file=https://www.eskijuva-bozori.uz/docs/2025/prospectus-change-20-11-2025.pdf HTTP/1.1" 200 19712 "-" "Mozilla/5.0 (compatible; MJ12bot/v1.4.8; http://mj12bot.com/)"
216.73.216.183 - - [25/Aug/2026:01:21:50 +0500] "GET /uz/prognathi/claviceps/33283661980 HTTP/1.1" 508 288 "https://www.eskijuva-bozori.uz.uzbekgidroenergoqurilish.uz/prognathi/claviceps/33283661980" "Mozilla/5.0 AppleWebKit/537.36 (KHTML, like Gecko; compatible; ClaudeBot/1.0; +claudebot@anthropic.com)"
216.73.216.183 - - [25/Aug/2026:01:21:43 +0500] "GET /prognathi/claviceps/33283661980 HTTP/1.1" 301 - "-" "Mozilla/5.0 AppleWebKit/537.36 (KHTML, like Gecko; compatible; ClaudeBot/1.0; +claudebot@anthropic.com)"
93.152.221.194 - - [25/Aug/2026:01:21:54 +0500] "POST /index.php?option=com_jce&task=plugin.rpc&plugin=filemanager HTTP/1.1" 508 288 "-" "Mozilla/5.0 (Windows NT 10.0; Win64; x64) AppleWebKit/537.36"
93.152.221.194 - - [25/Aug/2026:01:21:44 +0500] "GET /uz/ HTTP/1.1" 200 68655 "-" "Mozilla/5.0 (Windows NT 10.0; Win64; x64) AppleWebKit/537.36"
54.37.252.119 - - [25/Aug/2026:01:21:57 +0500] "GET /ru/?template=accessibility&start=16 HTTP/1.1" 508 288 "-" "Mozilla/5.0 (compatible; MJ12bot/v1.4.8; http://mj12bot.com/)"
216.73.216.183 - - [25/Aug/2026:01:21:50 +0500] "GET /palapteryx/o3v1e8r1a2g5e4d1927 HTTP/1.1" 301 - "-" "Mozilla/5.0 AppleWebKit/537.36 (KHTML, like Gecko; compatible; ClaudeBot/1.0; +claudebot@anthropic.com)"
93.152.221.194 - - [25/Aug/2026:01:21:55 +0500] "POST /index.php?option=com_jce&task=plugin.rpc&plugin=filemanager&profile_id=1 HTTP/1.1" 303 - "-" "Mozilla/5.0 (Windows NT 10.0; Win64; x64) AppleWebKit/537.36"
216.73.216.183 - - [25/Aug/2026:01:21:56 +0500] "GET /disremember/t3e3p2h4r0o2s1i7a922 HTTP/1.1" 301 - "-" "Mozilla/5.0 AppleWebKit/537.36 (KHTML, like Gecko; compatible; ClaudeBot/1.0; +claudebot@anthropic.com)"
216.73.216.183 - - [25/Aug/2026:01:21:58 +0500] "GET /uz/palapteryx/o3v1e8r1a2g5e4d1927 HTTP/1.1" 404 1248 "https://www.eskijuva-bozori.uz.uzbekgidroenergoqurilish.uz/palapteryx/o3v1e8r1a2g5e4d1927" "Mozilla/5.0 AppleWebKit/537.36 (KHTML, like Gecko; compatible; ClaudeBot/1.0; +claudebot@anthropic.com)"
93.152.221.194 - - [25/Aug/2026:01:22:02 +0500] "GET /index.php HTTP/1.1" 301 - "-" "Mozilla/5.0 (Windows NT 10.0; Win64; x64) AppleWebKit/537.36"
216.73.216.183 - - [25/Aug/2026:01:22:03 +0500] "GET /uz/disremember/t3e3p2h4r0o2s1i7a922 HTTP/1.1" 404 1248 "https://www.eskijuva-bozori.uz.uzbekgidroenergoqurilish.uz/disremember/t3e3p2h4r0o2s1i7a922" "Mozilla/5.0 AppleWebKit/537.36 (KHTML, like Gecko; compatible; ClaudeBot/1.0; +claudebot@anthropic.com)"
93.152.221.194 - - [25/Aug/2026:01:22:09 +0500] "GET /uz/ HTTP/1.1" 200 68862 "-" "Mozilla/5.0 (Windows NT 10.0; Win64; x64) AppleWebKit/537.36"
34.123.149.87 - - [25/Aug/2026:01:22:12 +0500] "GET /ru/officially-rus/old-acts-rus/61-comissions-old HTTP/1.1" 200 61065 "-" "Mozilla/5.0 (Macintosh; Intel Mac OS X 10_15_7) AppleWebKit/537.36 (KHTML, like Gecko) Chrome/120.0.0.0 Safari/537.36"
93.152.221.194 - - [25/Aug/2026:01:22:19 +0500] "POST /index.php?option=com_jce&task=plugin.rpc&plugin=filemanager&profile_id=1 HTTP/1.1" 303 - "-" "Mozilla/5.0 (Windows NT 10.0; Win64; x64) AppleWebKit/537.36"
93.152.221.194 - - [25/Aug/2026:01:22:28 +0500] "POST /index.php?option=com_jce&task=plugin.rpc&plugin=filemanager&profile_id=2 HTTP/1.1" 303 - "-" "Mozilla/5.0 (Windows NT 10.0; Win64; x64) AppleWebKit/537.36"
54.37.252.119 - - [25/Aug/2026:01:22:31 +0500] "GET /ru/about-org-rus/strategy-rus/11-russian/about-org-rus HTTP/1.1" 200 60720 "-" "Mozilla/5.0 (compatible; MJ12bot/v1.4.8; http://mj12bot.com/)"
93.152.221.194 - - [25/Aug/2026:01:22:35 +0500] "GET /index.php HTTP/1.1" 301 - "-" "Mozilla/5.0 (Windows NT 10.0; Win64; x64) AppleWebKit/537.36"
93.152.221.194 - - [25/Aug/2026:01:22:41 +0500] "GET /uz/ HTTP/1.1" 200 68655 "-" "Mozilla/5.0 (Windows NT 10.0; Win64; x64) AppleWebKit/537.36"
93.152.221.194 - - [25/Aug/2026:01:22:49 +0500] "POST /index.php?option=com_jce&task=plugin.rpc&plugin=filemanager&profile_id=2 HTTP/1.1" 303 - "-" "Mozilla/5.0 (Windows NT 10.0; Win64; x64) AppleWebKit/537.36"
93.152.221.194 - - [25/Aug/2026:01:22:56 +0500] "GET /index.php HTTP/1.1" 301 - "-" "Mozilla/5.0 (Windows NT 10.0; Win64; x64) AppleWebKit/537.36"
54.37.252.119 - - [25/Aug/2026:01:22:58 +0500] "GET /ru/about-org-rus/strategy-rus/15-russian/officially-rus HTTP/1.1" 200 59763 "-" "Mozilla/5.0 (compatible; MJ12bot/v1.4.8; http://mj12bot.com/)"
93.152.221.194 - - [25/Aug/2026:01:23:02 +0500] "GET /uz/ HTTP/1.1" 200 68655 "-" "Mozilla/5.0 (Windows NT 10.0; Win64; x64) AppleWebKit/537.36"
34.57.162.91 - - [25/Aug/2026:01:23:07 +0500] "GET /uz/facts-uzb/337-32-fact-02-04-2021 HTTP/1.1" 200 56575 "-" "Mozilla/5.0 (Macintosh; Intel Mac OS X 10_15_7) AppleWebKit/537.36 (KHTML, like Gecko) Chrome/120.0.0.0 Safari/537.36"
93.152.221.194 - - [25/Aug/2026:01:23:11 +0500] "POST /index.php?option=com_jce&task=plugin.rpc&plugin=filemanager&profile_id=3 HTTP/1.1" 303 - "-" "Mozilla/5.0 (Windows NT 10.0; Win64; x64) AppleWebKit/537.36"
216.73.216.183 - - [25/Aug/2026:01:23:10 +0500] "GET /uz/?format=feed&r=r4i1b1o2s9e478229&type=rss HTTP/1.1" 200 6199 "-" "Mozilla/5.0 AppleWebKit/537.36 (KHTML, like Gecko; compatible; ClaudeBot/1.0; +claudebot@anthropic.com)"
216.73.216.183 - - [25/Aug/2026:01:23:18 +0500] "GET /?%60=e3m3b1r7a5w9n68340 HTTP/1.1" 301 - "-" "Mozilla/5.0 AppleWebKit/537.36 (KHTML, like Gecko; compatible; ClaudeBot/1.0; +claudebot@anthropic.com)"
93.152.221.194 - - [25/Aug/2026:01:23:18 +0500] "GET /index.php HTTP/1.1" 301 - "-" "Mozilla/5.0 (Windows NT 10.0; Win64; x64) AppleWebKit/537.36"
93.152.221.194 - - [25/Aug/2026:01:23:24 +0500] "GET /uz/ HTTP/1.1" 200 68655 "-" "Mozilla/5.0 (Windows NT 10.0; Win64; x64) AppleWebKit/537.36"
216.73.216.183 - - [25/Aug/2026:01:23:24 +0500] "GET /uz/?%60=e3m3b1r7a5w9n68340 HTTP/1.1" 200 68472 "https://www.eskijuva-bozori.uz.uzbekgidroenergoqurilish.uz/?%60=e3m3b1r7a5w9n68340" "Mozilla/5.0 AppleWebKit/537.36 (KHTML, like Gecko; compatible; ClaudeBot/1.0; +claudebot@anthropic.com)"
54.37.252.119 - - [25/Aug/2026:01:23:23 +0500] "GET /ru/about-org-rus/strategy-rus/9-russian HTTP/1.1" 200 64299 "-" "Mozilla/5.0 (compatible; MJ12bot/v1.4.8; http://mj12bot.com/)"
93.152.221.194 - - [25/Aug/2026:01:23:34 +0500] "POST /index.php?option=com_jce&task=plugin.rpc&plugin=filemanager&profile_id=3 HTTP/1.1" 303 - "-" "Mozilla/5.0 (Windows NT 10.0; Win64; x64) AppleWebKit/537.36"
216.73.216.183 - - [25/Aug/2026:01:23:39 +0500] "GET /shops/selfdepending/c3o9n1n1e8x99155 HTTP/1.1" 301 - "-" "Mozilla/5.0 AppleWebKit/537.36 (KHTML, like Gecko; compatible; ClaudeBot/1.0; +claudebot@anthropic.com)"
93.152.221.194 - - [25/Aug/2026:01:23:40 +0500] "GET /index.php HTTP/1.1" 301 - "-" "Mozilla/5.0 (Windows NT 10.0; Win64; x64) AppleWebKit/537.36"
216.73.216.183 - - [25/Aug/2026:01:23:46 +0500] "GET /uz/shops/selfdepending/c3o9n1n1e8x99155 HTTP/1.1" 404 1248 "https://www.eskijuva-bozori.uz.uzbekgidroenergoqurilish.uz/shops/selfdepending/c3o9n1n1e8x99155" "Mozilla/5.0 AppleWebKit/537.36 (KHTML, like Gecko; compatible; ClaudeBot/1.0; +claudebot@anthropic.com)"
93.152.221.194 - - [25/Aug/2026:01:23:57 +0500] "POST /index.php?option=com_jce&task=plugin.rpc&plugin=filemanager&profile_id=4 HTTP/1.1" 508 288 "-" "Mozilla/5.0 (Windows NT 10.0; Win64; x64) AppleWebKit/537.36"
93.152.221.194 - - [25/Aug/2026:01:23:57 +0500] "POST /index.php?option=com_jce&task=plugin.rpc&plugin=filemanager&profile_id=4 HTTP/1.1" 508 288 "-" "Mozilla/5.0 (Windows NT 10.0; Win64; x64) AppleWebKit/537.36"
93.152.221.194 - - [25/Aug/2026:01:23:57 +0500] "POST /index.php?option=com_jce&task=plugin.rpc&plugin=filemanager&profile_id=5 HTTP/1.1" 508 288 "-" "Mozilla/5.0 (Windows NT 10.0; Win64; x64) AppleWebKit/537.36"
93.152.221.194 - - [25/Aug/2026:01:23:47 +0500] "GET /uz/ HTTP/1.1" 200 68655 "-" "Mozilla/5.0 (Windows NT 10.0; Win64; x64) AppleWebKit/537.36"
93.152.221.194 - - [25/Aug/2026:01:23:58 +0500] "POST /index.php?option=com_jce&task=plugin.rpc&plugin=filemanager&profile_id=5 HTTP/1.1" 303 - "-" "Mozilla/5.0 (Windows NT 10.0; Win64; x64) AppleWebKit/537.36"
93.152.221.194 - - [25/Aug/2026:01:24:05 +0500] "GET /index.php HTTP/1.1" 301 - "-" "Mozilla/5.0 (Windows NT 10.0; Win64; x64) AppleWebKit/537.36"
93.152.221.194 - - [25/Aug/2026:01:24:09 +0500] "GET /uz/ HTTP/1.1" 200 68655 "-" "Mozilla/5.0 (Windows NT 10.0; Win64; x64) AppleWebKit/537.36"
54.37.252.119 - - [25/Aug/2026:01:24:32 +0500] "GET /ru/affil-rus/11-russian/about-org-rus HTTP/1.1" 200 65215 "-" "Mozilla/5.0 (compatible; MJ12bot/v1.4.8; http://mj12bot.com/)"
54.37.252.119 - - [25/Aug/2026:01:24:44 +0500] "GET /ru/affil-rus/11-russian/about-org-rus/297-direction-30-04-2020-rus HTTP/1.1" 200 58823 "-" "Mozilla/5.0 (compatible; MJ12bot/v1.4.8; http://mj12bot.com/)"
54.37.252.119 - - [25/Aug/2026:01:24:55 +0500] "GET /ru/affil-rus/11-russian/about-org-rus/320-direction-30-06-2020-rus HTTP/1.1" 200 55137 "-" "Mozilla/5.0 (compatible; MJ12bot/v1.4.8; http://mj12bot.com/)"
216.73.216.183 - - [25/Aug/2026:01:24:59 +0500] "GET /?%60=s3a3y6n3d5892700 HTTP/1.1" 301 - "-" "Mozilla/5.0 AppleWebKit/537.36 (KHTML, like Gecko; compatible; ClaudeBot/1.0; +claudebot@anthropic.com)"
34.56.53.225 - - [25/Aug/2026:01:25:01 +0500] "GET /uz/officially-uzb/certificates-uzb HTTP/1.1" 200 56239 "-" "Mozilla/5.0 (Macintosh; Intel Mac OS X 10_15_7) AppleWebKit/537.36 (KHTML, like Gecko) Chrome/120.0.0.0 Safari/537.36"
216.73.216.183 - - [25/Aug/2026:01:25:04 +0500] "GET /uz/?%60=s3a3y6n3d5892700 HTTP/1.1" 200 68470 "https://www.eskijuva-bozori.uz.uzbekgidroenergoqurilish.uz/?%60=s3a3y6n3d5892700" "Mozilla/5.0 AppleWebKit/537.36 (KHTML, like Gecko; compatible; ClaudeBot/1.0; +claudebot@anthropic.com)"
54.37.252.119 - - [25/Aug/2026:01:25:06 +0500] "GET /ru/affil-rus/11-russian/about-org-rus/47-direction-rus HTTP/1.1" 200 63126 "-" "Mozilla/5.0 (compatible; MJ12bot/v1.4.8; http://mj12bot.com/)"
216.73.216.183 - - [25/Aug/2026:01:25:11 +0500] "GET /?%60=l3e2p9r2e4066605 HTTP/1.1" 301 - "-" "Mozilla/5.0 AppleWebKit/537.36 (KHTML, like Gecko; compatible; ClaudeBot/1.0; +claudebot@anthropic.com)"
216.73.216.183 - - [25/Aug/2026:01:25:16 +0500] "GET /uz/?%60=l3e2p9r2e4066605 HTTP/1.1" 200 68470 "https://www.eskijuva-bozori.uz.uzbekgidroenergoqurilish.uz/?%60=l3e2p9r2e4066605" "Mozilla/5.0 AppleWebKit/537.36 (KHTML, like Gecko; compatible; ClaudeBot/1.0; +claudebot@anthropic.com)"
54.37.252.119 - - [25/Aug/2026:01:25:19 +0500] "GET /ru/affil-rus/15-russian/officially-rus HTTP/1.1" 200 60794 "-" "Mozilla/5.0 (compatible; MJ12bot/v1.4.8; http://mj12bot.com/)"
54.37.252.119 - - [25/Aug/2026:01:25:30 +0500] "GET /ru/affil-rus/17-russian/shareholders-rus HTTP/1.1" 200 74429 "-" "Mozilla/5.0 (compatible; MJ12bot/v1.4.8; http://mj12bot.com/)"
216.73.216.183 - - [25/Aug/2026:01:25:40 +0500] "GET /uz/?format=feed&r=r4i1b1o2s9e478229&type=atom HTTP/1.1" 200 9464 "-" "Mozilla/5.0 AppleWebKit/537.36 (KHTML, like Gecko; compatible; ClaudeBot/1.0; +claudebot@anthropic.com)"
54.37.252.119 - - [25/Aug/2026:01:25:45 +0500] "GET /ru/affil-rus/17-russian/shareholders-rus/48-changes-rus HTTP/1.1" 200 59908 "-" "Mozilla/5.0 (compatible; MJ12bot/v1.4.8; http://mj12bot.com/)"
54.37.252.119 - - [25/Aug/2026:01:25:55 +0500] "GET /ru/affil-rus/9-russian?format=feed&type=atom HTTP/1.1" 200 22710 "-" "Mozilla/5.0 (compatible; MJ12bot/v1.4.8; http://mj12bot.com/)"
54.37.252.119 - - [25/Aug/2026:01:26:05 +0500] "GET /ru/affil-rus/9-russian?format=feed&type=rss HTTP/1.1" 200 11938 "-" "Mozilla/5.0 (compatible; MJ12bot/v1.4.8; http://mj12bot.com/)"
54.37.252.119 - - [25/Aug/2026:01:26:15 +0500] "GET /ru/comissions-rus/11-russian/about-org-rus/297-direction-30-04-2020-rus HTTP/1.1" 200 59101 "-" "Mozilla/5.0 (compatible; MJ12bot/v1.4.8; http://mj12bot.com/)"
185.191.171.15 - - [25/Aug/2026:01:26:22 +0500] "GET /uz/?destination=node&start=32 HTTP/1.1" 200 68128 "-" "Mozilla/5.0 (compatible; SemrushBot/7~bl; +http://www.semrush.com/bot.html)"
54.37.252.119 - - [25/Aug/2026:01:26:31 +0500] "GET /ru/comissions-rus/11-russian/about-org-rus/301-direction-14-05-2020-rus HTTP/1.1" 200 60931 "-" "Mozilla/5.0 (compatible; MJ12bot/v1.4.8; http://mj12bot.com/)"
185.191.171.6 - - [25/Aug/2026:01:26:42 +0500] "GET /uz/audit-uzb/18-uzbek/shareholders-uzb HTTP/1.1" 200 64030 "-" "Mozilla/5.0 (compatible; SemrushBot/7~bl; +http://www.semrush.com/bot.html)"
54.37.252.119 - - [25/Aug/2026:01:26:44 +0500] "GET /ru/comissions-rus/11-russian/about-org-rus/320-direction-30-06-2020-rus HTTP/1.1" 200 55176 "-" "Mozilla/5.0 (compatible; MJ12bot/v1.4.8; http://mj12bot.com/)"
54.37.252.119 - - [25/Aug/2026:01:26:53 +0500] "GET /ru/comissions-rus/11-russian/about-org-rus/47-direction-rus HTTP/1.1" 200 63166 "-" "Mozilla/5.0 (compatible; MJ12bot/v1.4.8; http://mj12bot.com/)"
54.37.252.119 - - [25/Aug/2026:01:27:08 +0500] "GET /ru/comissions-rus/11-russian/about-org-rus?format=feed&type=atom HTTP/1.1" 200 83523 "-" "Mozilla/5.0 (compatible; MJ12bot/v1.4.8; http://mj12bot.com/)"
54.37.252.119 - - [25/Aug/2026:01:27:19 +0500] "GET /ru/comissions-rus/11-russian/about-org-rus?format=feed&type=rss HTTP/1.1" 508 288 "-" "Mozilla/5.0 (compatible; MJ12bot/v1.4.8; http://mj12bot.com/)"
104.28.240.84 - - [25/Aug/2026:01:27:24 +0500] "GET /wp-login.php HTTP/1.1" 401 53 "-" "Mozilla/5.0"
54.37.252.119 - - [25/Aug/2026:01:27:23 +0500] "GET /ru/comissions-rus/15-russian/officially-rus HTTP/1.1" 200 60917 "-" "Mozilla/5.0 (compatible; MJ12bot/v1.4.8; http://mj12bot.com/)"
104.28.240.84 - - [25/Aug/2026:01:27:37 +0500] "GET /wp-login.php HTTP/1.1" 401 53 "-" "Mozilla/5.0"
54.37.252.119 - - [25/Aug/2026:01:27:34 +0500] "GET /ru/comissions-rus/17-russian/shareholders-rus HTTP/1.1" 200 74557 "-" "Mozilla/5.0 (compatible; MJ12bot/v1.4.8; http://mj12bot.com/)"
185.191.171.10 - - [25/Aug/2026:01:27:51 +0500] "GET /uz/?rest_route=%2Fnotificationx%2Fv1%2Fanalytics&start=4 HTTP/1.1" 200 68018 "-" "Mozilla/5.0 (compatible; SemrushBot/7~bl; +http://www.semrush.com/bot.html)"
54.37.252.119 - - [25/Aug/2026:01:27:51 +0500] "GET /ru/comissions-rus/17-russian/shareholders-rus/48-changes-rus HTTP/1.1" 200 59806 "-" "Mozilla/5.0 (compatible; MJ12bot/v1.4.8; http://mj12bot.com/)"
54.37.252.119 - - [25/Aug/2026:01:28:05 +0500] "GET /ru/comissions-rus/9-russian?format=feed&type=atom HTTP/1.1" 200 22699 "-" "Mozilla/5.0 (compatible; MJ12bot/v1.4.8; http://mj12bot.com/)"
185.191.171.4 - - [25/Aug/2026:01:28:07 +0500] "GET /ru/news-rus/9-russian?start=8 HTTP/1.1" 200 63665 "-" "Mozilla/5.0 (compatible; SemrushBot/7~bl; +http://www.semrush.com/bot.html)"
54.37.252.119 - - [25/Aug/2026:01:28:15 +0500] "GET /ru/comissions-rus/9-russian?format=feed&type=rss HTTP/1.1" 200 11922 "-" "Mozilla/5.0 (compatible; MJ12bot/v1.4.8; http://mj12bot.com/)"
85.208.96.196 - - [25/Aug/2026:01:28:39 +0500] "GET /uz/about-org-uzb/indexes-uzb/102-reports-2015-uzb HTTP/1.1" 200 58299 "-" "Mozilla/5.0 (compatible; SemrushBot/7~bl; +http://www.semrush.com/bot.html)"
216.73.216.183 - - [25/Aug/2026:01:28:48 +0500] "GET /uz/audit-uzb/12-uzbek/about-org-uzb?start=20 HTTP/1.1" 200 60126 "-" "Mozilla/5.0 AppleWebKit/537.36 (KHTML, like Gecko; compatible; ClaudeBot/1.0; +claudebot@anthropic.com)"
34.30.223.149 - - [25/Aug/2026:01:29:05 +0500] "GET /ru/korp-upr-rus/429-corp-upr-rating-2023 HTTP/1.1" 508 288 "-" "Mozilla/5.0 (Macintosh; Intel Mac OS X 10_15_7) AppleWebKit/537.36 (KHTML, like Gecko) Chrome/120.0.0.0 Safari/537.36"
18.205.91.101 - - [25/Aug/2026:01:29:12 +0500] "GET /uz/audit-uzb/18-uzbek/shareholders-uzb?start=20 HTTP/1.1" 508 288 "-" "Mozilla/5.0 AppleWebKit/537.36 (KHTML, like Gecko; compatible; Amazonbot/0.1; +https://developer.amazon.com/support/amazonbot) Chrome/119.0.6045.214 Safari/537.36"
54.37.252.119 - - [25/Aug/2026:01:29:04 +0500] "GET /ru/jsc-docs-rus/480-poloj-ns-01-04-2024-pdf-ru HTTP/1.1" 200 54450 "-" "Mozilla/5.0 (compatible; MJ12bot/v1.4.8; http://mj12bot.com/)"
47.79.121.5 - - [25/Aug/2026:01:29:31 +0500] "GET /uz/about-org-uzb/strategy-uzb/421-biznes-plan-2024-pdf HTTP/1.1" 200 56332 "-" "msh-pdfmin/1"
54.37.252.119 - - [25/Aug/2026:01:29:46 +0500] "GET /ru/news-rus?template=accessibility&start=8 HTTP/1.1" 200 27682 "-" "Mozilla/5.0 (compatible; MJ12bot/v1.4.8; http://mj12bot.com/)"
185.191.171.15 - - [25/Aug/2026:01:30:31 +0500] "GET /uz/?function=call_user_func_array&s=index%2Fthink%5C%5C%5C%5C%5C%5C%5C%5C%5C%5C%5C%5C%5C%5C%5C%5C%5C%5C%5C%5C%5C%5C%5C%5C%5C%5C%5C%5C%5C%5C%5C%5C%5C%5C%5C%5C%5C%5C%5C%5C%5C%5C%5C%5C%5C%5C%5C%5C%5C%5C%5C%5C%5C%5C%5C%5C%5C%5C%5C%5C%5C%5C%5C%5C%5C%5C%5C%5C%5C%5C%5C%5C%5C%5C%5C%5C%5C%5C%5C%5C%5C%5C%5C%5C%5C%5C%5C%5C%5C%5C%5C%5C%5C%5C%5C%5C%5C%5C%5C%5C%5C%5C%5C%5C%5C%5C%5C%5C%5C%5C%5C%5C%5C%5C%5C%5C%5C%5C%5C%5C%5C%5C%5C%5C%5C%5C%5C%5C%5C%5C%5C%5C%5C%5C%5C%5C%5C%5C%5C%5C%5C%5C%5C%5C%5C%5C%5C%5C%5C%5C%5C%5C%5C%5C%5C%5C%5C%5C%5C%5C%5C%5C%5C%5C%5C%5C%5C%5C%5C%5C%5C%5C%5C%5C%5C%5C%5C%5C%5C%5C%5C%5C%5C%5C%5C%5C%5C%5C%5C%5C%5C%5C%5C%5C%5C%5C%5C%5C%5C%5C%5C%5C%5C%5C%5C%5C%5C%5C%5C%5C%5C%5C%5C%5C%5C%5C%5C%5C%5C%5C%5C%5C%5C%5C%5C%5C%5C%5C%5C%5C%5C%5C%5C%5C%5C%5C%5C%5C%5C%5C%5C%5C%5C%5C%5C%5C%5C%5C%5C%5C%5C%5C%5C%5C%5C%5Capp%2Finvokefunction&vars%5B0%5D=phpinfo&vars%5B1%5D%5B0%5D=1 HTTP/1.1" 508 288 "-" "Mozilla/5.0 (compatible; SemrushBot/7~bl; +http://www.semrush.com/bot.html)"
54.37.252.119 - - [25/Aug/2026:01:30:30 +0500] "GET /ru/officially-rus/tenders-rus?template=accessibility&start=16 HTTP/1.1" 200 34024 "-" "Mozilla/5.0 (compatible; MJ12bot/v1.4.8; http://mj12bot.com/)"
185.191.171.7 - - [25/Aug/2026:01:30:33 +0500] "GET /uz/?function=call_user_func_array&s=index%2Fthink%5Capp%2Finvokefunction&start=52&vars%5B0%5D=phpinfo&vars%5B1%5D%5B0%5D=1 HTTP/1.1" 200 69754 "-" "Mozilla/5.0 (compatible; SemrushBot/7~bl; +http://www.semrush.com/bot.html)"
216.73.216.183 - - [25/Aug/2026:01:31:37 +0500] "GET /?%60=e3s1c0h8e4w8e8r4610 HTTP/1.1" 301 - "-" "Mozilla/5.0 AppleWebKit/537.36 (KHTML, like Gecko; compatible; ClaudeBot/1.0; +claudebot@anthropic.com)"
216.73.216.183 - - [25/Aug/2026:01:31:41 +0500] "GET /uz/?%60=e3s1c0h8e4w8e8r4610 HTTP/1.1" 200 68541 "https://www.eskijuva-bozori.uz.uzbekgidroenergoqurilish.uz/?%60=e3s1c0h8e4w8e8r4610" "Mozilla/5.0 AppleWebKit/537.36 (KHTML, like Gecko; compatible; ClaudeBot/1.0; +claudebot@anthropic.com)"
216.73.216.183 - - [25/Aug/2026:01:31:49 +0500] "GET /pubic/obluctation/p3e1c4k9e6r095178 HTTP/1.1" 301 - "-" "Mozilla/5.0 AppleWebKit/537.36 (KHTML, like Gecko; compatible; ClaudeBot/1.0; +claudebot@anthropic.com)"
216.73.216.183 - - [25/Aug/2026:01:31:54 +0500] "GET /uz/pubic/obluctation/p3e1c4k9e6r095178 HTTP/1.1" 404 1248 "https://www.eskijuva-bozori.uz.uzbekgidroenergoqurilish.uz/pubic/obluctation/p3e1c4k9e6r095178" "Mozilla/5.0 AppleWebKit/537.36 (KHTML, like Gecko; compatible; ClaudeBot/1.0; +claudebot@anthropic.com)"
216.73.216.183 - - [25/Aug/2026:01:32:09 +0500] "GET /?%60=f3l1a5s6h3e3s3586 HTTP/1.1" 301 - "-" "Mozilla/5.0 AppleWebKit/537.36 (KHTML, like Gecko; compatible; ClaudeBot/1.0; +claudebot@anthropic.com)"
216.73.216.183 - - [25/Aug/2026:01:32:13 +0500] "GET /uz/?%60=f3l1a5s6h3e3s3586 HTTP/1.1" 200 68539 "https://www.eskijuva-bozori.uz.uzbekgidroenergoqurilish.uz/?%60=f3l1a5s6h3e3s3586" "Mozilla/5.0 AppleWebKit/537.36 (KHTML, like Gecko; compatible; ClaudeBot/1.0; +claudebot@anthropic.com)"
216.73.216.183 - - [25/Aug/2026:01:32:20 +0500] "GET /shops/elaphus/c3o2o3l6i5e8s45957 HTTP/1.1" 301 - "-" "Mozilla/5.0 AppleWebKit/537.36 (KHTML, like Gecko; compatible; ClaudeBot/1.0; +claudebot@anthropic.com)"
185.191.171.3 - - [25/Aug/2026:01:32:22 +0500] "GET /ru/?start=8&template=yoo_master2 HTTP/1.1" 200 66934 "-" "Mozilla/5.0 (compatible; SemrushBot/7~bl; +http://www.semrush.com/bot.html)"
216.73.216.183 - - [25/Aug/2026:01:32:23 +0500] "GET /uz/shops/elaphus/c3o2o3l6i5e8s45957 HTTP/1.1" 404 1248 "https://www.eskijuva-bozori.uz.uzbekgidroenergoqurilish.uz/shops/elaphus/c3o2o3l6i5e8s45957" "Mozilla/5.0 AppleWebKit/537.36 (KHTML, like Gecko; compatible; ClaudeBot/1.0; +claudebot@anthropic.com)"
54.37.252.119 - - [25/Aug/2026:01:32:25 +0500] "GET /uz/12-uzbek/about-org-uzb HTTP/1.1" 200 66445 "-" "Mozilla/5.0 (compatible; MJ12bot/v1.4.8; http://mj12bot.com/)"
216.73.216.183 - - [25/Aug/2026:01:32:42 +0500] "GET /shops/oligochaeta/s3l3a2p9e5f7a7c2e619 HTTP/1.1" 301 - "-" "Mozilla/5.0 AppleWebKit/537.36 (KHTML, like Gecko; compatible; ClaudeBot/1.0; +claudebot@anthropic.com)"
216.73.216.183 - - [25/Aug/2026:01:32:45 +0500] "GET /uz/shops/oligochaeta/s3l3a2p9e5f7a7c2e619 HTTP/1.1" 404 1248 "https://www.eskijuva-bozori.uz.uzbekgidroenergoqurilish.uz/shops/oligochaeta/s3l3a2p9e5f7a7c2e619" "Mozilla/5.0 AppleWebKit/537.36 (KHTML, like Gecko; compatible; ClaudeBot/1.0; +claudebot@anthropic.com)"
216.73.216.183 - - [25/Aug/2026:01:32:54 +0500] "GET /shops/desinential/c3h2i2c1o5t926717 HTTP/1.1" 301 - "-" "Mozilla/5.0 AppleWebKit/537.36 (KHTML, like Gecko; compatible; ClaudeBot/1.0; +claudebot@anthropic.com)"
