216.73.216.20 - - [25/Aug/2026:00:01:35 +0500] "GET /shops/tillow/b9i2b8l8i5c3a0l6778 HTTP/1.1" 508 288 "-" "Mozilla/5.0 AppleWebKit/537.36 (KHTML, like Gecko; compatible; ClaudeBot/1.0; +claudebot@anthropic.com)"
216.73.216.20 - - [25/Aug/2026:00:01:26 +0500] "GET /uz/?r=d9i2s0a4d1o9r9n0345 HTTP/1.1" 200 68233 "https://eskijuva-bozori.uz/?r=d9i2s0a4d1o9r9n0345" "Mozilla/5.0 AppleWebKit/537.36 (KHTML, like Gecko; compatible; ClaudeBot/1.0; +claudebot@anthropic.com)"
216.73.216.20 - - [25/Aug/2026:00:01:39 +0500] "GET /?r=c9o3l7o1n4n0a1d3e8d43 HTTP/1.1" 301 - "-" "Mozilla/5.0 AppleWebKit/537.36 (KHTML, like Gecko; compatible; ClaudeBot/1.0; +claudebot@anthropic.com)"
57.141.20.61 - - [25/Aug/2026:00:01:53 +0500] "GET /uz/?r=w9e2e9k3w2a4m72867&start=48 HTTP/1.1" 508 288 "-" "Mozilla/5.0 (Windows NT 10.0; Win64; x64) AppleWebKit/537.36 (KHTML, like Gecko) Chrome/145.0.0.0 Safari/537.36 (compatible; meta-externalagent/1.1 (+https://developers.facebook.com/docs/sharing/webmasters/crawler))"
216.73.216.20 - - [25/Aug/2026:00:01:45 +0500] "GET /shops/manometer/p9a4n4i5c5u5l0a8t2u0m HTTP/1.1" 301 - "-" "Mozilla/5.0 AppleWebKit/537.36 (KHTML, like Gecko; compatible; ClaudeBot/1.0; +claudebot@anthropic.com)"
47.128.27.189 - - [25/Aug/2026:00:01:42 +0500] "GET /uz/?Command=NOOP&start=12 HTTP/1.1" 200 68189 "-" "Mozilla/5.0 (Linux; Android 5.0) AppleWebKit/537.36 (KHTML, like Gecko) Mobile Safari/537.36 (compatible; Bytespider; https://bytedance.sg.larkoffice.com/docx/K5bxdypulop3IIxrJb0lOjLVgFe)"
47.128.27.189 - - [25/Aug/2026:00:01:55 +0500] "GET /images/news/attention.jpg HTTP/1.1" 206 500 "https://eskijuva-bozori.uz/uz/?Command=NOOP&start=12" "Mozilla/5.0 (Linux; Android 5.0) AppleWebKit/537.36 (KHTML, like Gecko) Mobile Safari/537.36 (compatible; Bytespider; https://bytedance.sg.larkoffice.com/docx/K5bxdypulop3IIxrJb0lOjLVgFe)"
57.141.20.25 - - [25/Aug/2026:00:01:55 +0500] "GET /uz/?r=w9e2e9k3w2a4m72867&start=40 HTTP/1.1" 508 288 "-" "Mozilla/5.0 (Windows NT 10.0; Win64; x64) AppleWebKit/537.36 (KHTML, like Gecko) Chrome/145.0.0.0 Safari/537.36 (compatible; meta-externalagent/1.1 (+https://developers.facebook.com/docs/sharing/webmasters/crawler))"
216.73.216.20 - - [25/Aug/2026:00:01:57 +0500] "GET /shops/pespelicani/n9e2u6r4a2l460480 HTTP/1.1" 508 288 "-" "Mozilla/5.0 AppleWebKit/537.36 (KHTML, like Gecko; compatible; ClaudeBot/1.0; +claudebot@anthropic.com)"
57.141.20.58 - - [25/Aug/2026:00:01:44 +0500] "GET /uz/?r=w9e2e9k3w2a4m72867&start=44 HTTP/1.1" 200 69473 "-" "Mozilla/5.0 (Windows NT 10.0; Win64; x64) AppleWebKit/537.36 (KHTML, like Gecko) Chrome/145.0.0.0 Safari/537.36 (compatible; meta-externalagent/1.1 (+https://developers.facebook.com/docs/sharing/webmasters/crawler))"
216.73.216.20 - - [25/Aug/2026:00:01:48 +0500] "GET /uz/?r=c9o3l7o1n4n0a1d3e8d43 HTTP/1.1" 200 68235 "https://eskijuva-bozori.uz/?r=c9o3l7o1n4n0a1d3e8d43" "Mozilla/5.0 AppleWebKit/537.36 (KHTML, like Gecko; compatible; ClaudeBot/1.0; +claudebot@anthropic.com)"
57.141.20.21 - - [25/Aug/2026:00:01:48 +0500] "GET /uz/?r=w9e2e9k3w2a4m72867&start=16 HTTP/1.1" 200 67668 "-" "Mozilla/5.0 (Windows NT 10.0; Win64; x64) AppleWebKit/537.36 (KHTML, like Gecko) Chrome/145.0.0.0 Safari/537.36 (compatible; meta-externalagent/1.1 (+https://developers.facebook.com/docs/sharing/webmasters/crawler))"
216.73.216.20 - - [25/Aug/2026:00:02:02 +0500] "GET /?r=g9a3i6n1a1g0e78857 HTTP/1.1" 508 288 "-" "Mozilla/5.0 AppleWebKit/537.36 (KHTML, like Gecko; compatible; ClaudeBot/1.0; +claudebot@anthropic.com)"
57.141.20.29 - - [25/Aug/2026:00:02:02 +0500] "GET /uz/?r=w9e2e9k3w2a4m72867&start=24 HTTP/1.1" 508 288 "-" "Mozilla/5.0 (Macintosh; Intel Mac OS X 10_15_7) AppleWebKit/537.36 (KHTML, like Gecko) Chrome/145.0.0.0 Safari/537.36 (compatible; meta-externalagent/1.1 (+https://developers.facebook.com/docs/sharing/webmasters/crawler))"
216.73.216.20 - - [25/Aug/2026:00:01:54 +0500] "GET /uz/shops/manometer/p9a4n4i5c5u5l0a8t2u0m HTTP/1.1" 404 1216 "https://eskijuva-bozori.uz/shops/manometer/p9a4n4i5c5u5l0a8t2u0m" "Mozilla/5.0 AppleWebKit/537.36 (KHTML, like Gecko; compatible; ClaudeBot/1.0; +claudebot@anthropic.com)"
57.141.20.33 - - [25/Aug/2026:00:01:51 +0500] "GET /uz/?r=w9e2e9k3w2a4m72867 HTTP/1.1" 200 68232 "-" "Mozilla/5.0 (Macintosh; Intel Mac OS X 10_15_7) AppleWebKit/537.36 (KHTML, like Gecko) Chrome/145.0.0.0 Safari/537.36 (compatible; meta-externalagent/1.1 (+https://developers.facebook.com/docs/sharing/webmasters/crawler))"
57.141.20.51 - - [25/Aug/2026:00:02:06 +0500] "GET /uz/?r=i9m2a6g9i9n9a0t8e957&start=52 HTTP/1.1" 508 288 "-" "Mozilla/5.0 (Windows NT 10.0; Win64; x64) AppleWebKit/537.36 (KHTML, like Gecko) Chrome/145.0.0.0 Safari/537.36 (compatible; meta-externalagent/1.1 (+https://developers.facebook.com/docs/sharing/webmasters/crawler))"
216.73.216.20 - - [25/Aug/2026:00:02:07 +0500] "GET /?r=c9o3d5i8c5e4s4605 HTTP/1.1" 508 288 "-" "Mozilla/5.0 AppleWebKit/537.36 (KHTML, like Gecko; compatible; ClaudeBot/1.0; +claudebot@anthropic.com)"
57.141.20.66 - - [25/Aug/2026:00:01:58 +0500] "GET /uz/?r=i9m2a6g9i9n9a0t8e957&format=feed&type=rss HTTP/1.1" 200 5754 "-" "Mozilla/5.0 (Windows NT 10.0; Win64; x64) AppleWebKit/537.36 (KHTML, like Gecko) Chrome/145.0.0.0 Safari/537.36 (compatible; meta-externalagent/1.1 (+https://developers.facebook.com/docs/sharing/webmasters/crawler))"
57.141.20.35 - - [25/Aug/2026:00:02:09 +0500] "GET /uz/?r=i9m2a6g9i9n9a0t8e957&start=8 HTTP/1.1" 508 288 "-" "Mozilla/5.0 (Windows NT 10.0; Win64; x64) AppleWebKit/537.36 (KHTML, like Gecko) Chrome/145.0.0.0 Safari/537.36 (compatible; meta-externalagent/1.1 (+https://developers.facebook.com/docs/sharing/webmasters/crawler))"
57.141.20.26 - - [25/Aug/2026:00:01:57 +0500] "GET /uz/?r=i9m2a6g9i9n9a0t8e957 HTTP/1.1" 200 68234 "-" "Mozilla/5.0 (Windows NT 10.0; Win64; x64) AppleWebKit/537.36 (KHTML, like Gecko) Chrome/145.0.0.0 Safari/537.36 (compatible; meta-externalagent/1.1 (+https://developers.facebook.com/docs/sharing/webmasters/crawler))"
57.141.20.3 - - [25/Aug/2026:00:02:00 +0500] "GET /uz/?r=w9e2e9k3w2a4m72867&start=20 HTTP/1.1" 200 68219 "-" "Mozilla/5.0 (Windows NT 10.0; Win64; x64) AppleWebKit/537.36 (KHTML, like Gecko) Chrome/145.0.0.0 Safari/537.36 (compatible; meta-externalagent/1.1 (+https://developers.facebook.com/docs/sharing/webmasters/crawler))"
57.141.20.29 - - [25/Aug/2026:00:02:05 +0500] "GET /uz/?r=i9m2a6g9i9n9a0t8e957&format=feed&type=atom HTTP/1.1" 200 8859 "-" "Mozilla/5.0 (Macintosh; Intel Mac OS X 10_15_7) AppleWebKit/537.36 (KHTML, like Gecko) Chrome/145.0.0.0 Safari/537.36 (compatible; meta-externalagent/1.1 (+https://developers.facebook.com/docs/sharing/webmasters/crawler))"
57.141.20.13 - - [25/Aug/2026:00:02:08 +0500] "GET /uz/?r=i9m2a6g9i9n9a0t8e957&start=16 HTTP/1.1" 200 67670 "-" "Mozilla/5.0 (Windows NT 10.0; Win64; x64) AppleWebKit/537.36 (KHTML, like Gecko) Chrome/145.0.0.0 Safari/537.36 (compatible; meta-externalagent/1.1 (+https://developers.facebook.com/docs/sharing/webmasters/crawler))"
216.73.216.20 - - [25/Aug/2026:00:02:12 +0500] "GET /shops/absist/m9a3s0s8i8v5e7l0y749 HTTP/1.1" 301 - "-" "Mozilla/5.0 AppleWebKit/537.36 (KHTML, like Gecko; compatible; ClaudeBot/1.0; +claudebot@anthropic.com)"
57.141.20.5 - - [25/Aug/2026:00:02:12 +0500] "GET /uz/?r=i9m2a6g9i9n9a0t8e957&start=12 HTTP/1.1" 200 68199 "-" "Mozilla/5.0 (Windows NT 10.0; Win64; x64) AppleWebKit/537.36 (KHTML, like Gecko) Chrome/145.0.0.0 Safari/537.36 (compatible; meta-externalagent/1.1 (+https://developers.facebook.com/docs/sharing/webmasters/crawler))"
216.73.216.20 - - [25/Aug/2026:00:02:27 +0500] "GET /uz/?r=s9a2p5p6i9e2r05387 HTTP/1.1" 508 288 "https://eskijuva-bozori.uz/?r=s9a2p5p6i9e2r05387" "Mozilla/5.0 AppleWebKit/537.36 (KHTML, like Gecko; compatible; ClaudeBot/1.0; +claudebot@anthropic.com)"
216.73.216.20 - - [25/Aug/2026:00:02:17 +0500] "GET /?r=s9a2p5p6i9e2r05387 HTTP/1.1" 301 - "-" "Mozilla/5.0 AppleWebKit/537.36 (KHTML, like Gecko; compatible; ClaudeBot/1.0; +claudebot@anthropic.com)"
216.73.216.20 - - [25/Aug/2026:00:02:20 +0500] "GET /uz/shops/absist/m9a3s0s8i8v5e7l0y749 HTTP/1.1" 404 1216 "https://eskijuva-bozori.uz/shops/absist/m9a3s0s8i8v5e7l0y749" "Mozilla/5.0 AppleWebKit/537.36 (KHTML, like Gecko; compatible; ClaudeBot/1.0; +claudebot@anthropic.com)"
57.141.20.2 - - [25/Aug/2026:00:02:19 +0500] "GET /uz/?r=w9e2e9k3w2a4m72867&start=28 HTTP/1.1" 200 68225 "-" "Mozilla/5.0 (Macintosh; Intel Mac OS X 10_15_7) AppleWebKit/537.36 (KHTML, like Gecko) Chrome/145.0.0.0 Safari/537.36 (compatible; meta-externalagent/1.1 (+https://developers.facebook.com/docs/sharing/webmasters/crawler))"
57.141.20.73 - - [25/Aug/2026:00:02:22 +0500] "GET /uz/?r=w9e2e9k3w2a4m72867&start=36 HTTP/1.1" 200 69643 "-" "Mozilla/5.0 (Windows NT 10.0; Win64; x64) AppleWebKit/537.36 (KHTML, like Gecko) Chrome/145.0.0.0 Safari/537.36 (compatible; meta-externalagent/1.1 (+https://developers.facebook.com/docs/sharing/webmasters/crawler))"
57.141.20.4 - - [25/Aug/2026:00:02:24 +0500] "GET /uz/?r=w9e2e9k3w2a4m72867&start=32 HTTP/1.1" 200 68742 "-" "Mozilla/5.0 (Windows NT 10.0; Win64; x64) AppleWebKit/537.36 (KHTML, like Gecko) Chrome/145.0.0.0 Safari/537.36 (compatible; meta-externalagent/1.1 (+https://developers.facebook.com/docs/sharing/webmasters/crawler))"
216.73.216.20 - - [25/Aug/2026:00:02:29 +0500] "GET /?r=c9u2r9i3u7m225178 HTTP/1.1" 301 - "-" "Mozilla/5.0 AppleWebKit/537.36 (KHTML, like Gecko; compatible; ClaudeBot/1.0; +claudebot@anthropic.com)"
34.171.68.95 - - [25/Aug/2026:00:02:42 +0500] "GET /uz/prospectus-uzb/467-bildirishnoma-01-07-2025-docx HTTP/1.1" 508 288 "-" "Mozilla/5.0 (Macintosh; Intel Mac OS X 10_15_7) AppleWebKit/537.36 (KHTML, like Gecko) Chrome/120.0.0.0 Safari/537.36"
216.73.216.20 - - [25/Aug/2026:00:02:40 +0500] "GET /?r=r9u4b1b4l7y355663 HTTP/1.1" 301 - "-" "Mozilla/5.0 AppleWebKit/537.36 (KHTML, like Gecko; compatible; ClaudeBot/1.0; +claudebot@anthropic.com)"
216.73.216.20 - - [25/Aug/2026:00:02:36 +0500] "GET /uz/?r=c9u2r9i3u7m225178 HTTP/1.1" 200 68231 "https://eskijuva-bozori.uz/?r=c9u2r9i3u7m225178" "Mozilla/5.0 AppleWebKit/537.36 (KHTML, like Gecko; compatible; ClaudeBot/1.0; +claudebot@anthropic.com)"
57.141.20.42 - - [25/Aug/2026:00:02:56 +0500] "GET /uz/?amp;amp;start=4&start=4&template=yoo_master2&start=40 HTTP/1.1" 508 288 "-" "Mozilla/5.0 (Windows NT 10.0; Win64; x64) AppleWebKit/537.36 (KHTML, like Gecko) Chrome/145.0.0.0 Safari/537.36 (compatible; meta-externalagent/1.1 (+https://developers.facebook.com/docs/sharing/webmasters/crawler))"
216.73.216.20 - - [25/Aug/2026:00:02:49 +0500] "GET /shops/prothallus/h9e3r0m7e3n0e0u7t7i6c HTTP/1.1" 301 - "-" "Mozilla/5.0 AppleWebKit/537.36 (KHTML, like Gecko; compatible; ClaudeBot/1.0; +claudebot@anthropic.com)"
216.73.216.20 - - [25/Aug/2026:00:02:58 +0500] "GET /uz/shops/prothallus/h9e3r0m7e3n0e0u7t7i6c HTTP/1.1" 508 288 "https://eskijuva-bozori.uz/shops/prothallus/h9e3r0m7e3n0e0u7t7i6c" "Mozilla/5.0 AppleWebKit/537.36 (KHTML, like Gecko; compatible; ClaudeBot/1.0; +claudebot@anthropic.com)"
216.73.216.20 - - [25/Aug/2026:00:02:47 +0500] "GET /uz/?r=r9u4b1b4l7y355663 HTTP/1.1" 200 68231 "https://eskijuva-bozori.uz/?r=r9u4b1b4l7y355663" "Mozilla/5.0 AppleWebKit/537.36 (KHTML, like Gecko; compatible; ClaudeBot/1.0; +claudebot@anthropic.com)"
57.141.20.18 - - [25/Aug/2026:00:02:54 +0500] "GET /uz/?amp;amp;start=4&start=4&template=yoo_master2&start=44 HTTP/1.1" 200 69505 "-" "Mozilla/5.0 (Windows NT 10.0; Win64; x64) AppleWebKit/537.36 (KHTML, like Gecko) Chrome/145.0.0.0 Safari/537.36 (compatible; meta-externalagent/1.1 (+https://developers.facebook.com/docs/sharing/webmasters/crawler))"
216.73.216.20 - - [25/Aug/2026:00:02:59 +0500] "GET /shops/banyan/a9p2i2c6u6l5a6r4938 HTTP/1.1" 301 - "-" "Mozilla/5.0 AppleWebKit/537.36 (KHTML, like Gecko; compatible; ClaudeBot/1.0; +claudebot@anthropic.com)"
85.208.96.207 - - [25/Aug/2026:00:03:11 +0500] "GET /uz/?phpinfo=16arSsAYV%27%20OR%20178%3D%28SELECT%20178%20FROM%20PG_SLEEP%2815%29%29--&start=12 HTTP/1.1" 508 288 "-" "Mozilla/5.0 (compatible; SemrushBot/7~bl; +http://www.semrush.com/bot.html)"
57.141.20.14 - - [25/Aug/2026:00:03:00 +0500] "GET /uz/?amp;amp;start=4&start=4&template=yoo_master2&start=24 HTTP/1.1" 200 68176 "-" "Mozilla/5.0 (Windows NT 10.0; Win64; x64) AppleWebKit/537.36 (KHTML, like Gecko) Chrome/145.0.0.0 Safari/537.36 Edg/145.0.0.0 (compatible; meta-externalagent/1.1 (+https://developers.facebook.com/docs/sharing/webmasters/crawler))"
216.73.216.20 - - [25/Aug/2026:00:03:06 +0500] "GET /uz/shops/banyan/a9p2i2c6u6l5a6r4938 HTTP/1.1" 404 1216 "https://eskijuva-bozori.uz/shops/banyan/a9p2i2c6u6l5a6r4938" "Mozilla/5.0 AppleWebKit/537.36 (KHTML, like Gecko; compatible; ClaudeBot/1.0; +claudebot@anthropic.com)"
216.73.216.20 - - [25/Aug/2026:00:03:06 +0500] "GET /?r=a9n8e0n3t2e2r8o5u7s5 HTTP/1.1" 301 - "-" "Mozilla/5.0 AppleWebKit/537.36 (KHTML, like Gecko; compatible; ClaudeBot/1.0; +claudebot@anthropic.com)"
216.73.216.20 - - [25/Aug/2026:00:03:18 +0500] "GET /shops/menald/n9o2w1e0l5904339 HTTP/1.1" 301 - "-" "Mozilla/5.0 AppleWebKit/537.36 (KHTML, like Gecko; compatible; ClaudeBot/1.0; +claudebot@anthropic.com)"
216.73.216.20 - - [25/Aug/2026:00:03:25 +0500] "GET /uz/shops/menald/n9o2w1e0l5904339 HTTP/1.1" 404 1216 "https://eskijuva-bozori.uz/shops/menald/n9o2w1e0l5904339" "Mozilla/5.0 AppleWebKit/537.36 (KHTML, like Gecko; compatible; ClaudeBot/1.0; +claudebot@anthropic.com)"
216.73.216.20 - - [25/Aug/2026:00:03:28 +0500] "GET /?r=x9y1l2o3p1i7a04439 HTTP/1.1" 301 - "-" "Mozilla/5.0 AppleWebKit/537.36 (KHTML, like Gecko; compatible; ClaudeBot/1.0; +claudebot@anthropic.com)"
216.73.216.20 - - [25/Aug/2026:00:03:38 +0500] "GET /?r=c9h2e4r6i7u0m59353 HTTP/1.1" 508 288 "-" "Mozilla/5.0 AppleWebKit/537.36 (KHTML, like Gecko; compatible; ClaudeBot/1.0; +claudebot@anthropic.com)"
216.73.216.20 - - [25/Aug/2026:00:03:35 +0500] "GET /uz/?r=x9y1l2o3p1i7a04439 HTTP/1.1" 200 68232 "https://eskijuva-bozori.uz/?r=x9y1l2o3p1i7a04439" "Mozilla/5.0 AppleWebKit/537.36 (KHTML, like Gecko; compatible; ClaudeBot/1.0; +claudebot@anthropic.com)"
216.73.216.20 - - [25/Aug/2026:00:03:42 +0500] "GET /shops/tampios/u9n4c0i0a1t7i6m5571 HTTP/1.1" 301 - "-" "Mozilla/5.0 AppleWebKit/537.36 (KHTML, like Gecko; compatible; ClaudeBot/1.0; +claudebot@anthropic.com)"
216.73.216.20 - - [25/Aug/2026:00:03:52 +0500] "GET /uz/shops/tampios/u9n4c0i0a1t7i6m5571 HTTP/1.1" 404 1216 "https://eskijuva-bozori.uz/shops/tampios/u9n4c0i0a1t7i6m5571" "Mozilla/5.0 AppleWebKit/537.36 (KHTML, like Gecko; compatible; ClaudeBot/1.0; +claudebot@anthropic.com)"
216.73.216.20 - - [25/Aug/2026:00:03:53 +0500] "GET /shops/mahometanized/r9e2n0v8e6r9s9e1844 HTTP/1.1" 301 - "-" "Mozilla/5.0 AppleWebKit/537.36 (KHTML, like Gecko; compatible; ClaudeBot/1.0; +claudebot@anthropic.com)"
216.73.216.20 - - [25/Aug/2026:00:04:10 +0500] "GET /shops/oxyhaemocyanin/b9a1p5h5i3a043183 HTTP/1.1" 508 288 "-" "Mozilla/5.0 AppleWebKit/537.36 (KHTML, like Gecko; compatible; ClaudeBot/1.0; +claudebot@anthropic.com)"
216.73.216.20 - - [25/Aug/2026:00:04:01 +0500] "GET /uz/shops/mahometanized/r9e2n0v8e6r9s9e1844 HTTP/1.1" 404 1216 "https://eskijuva-bozori.uz/shops/mahometanized/r9e2n0v8e6r9s9e1844" "Mozilla/5.0 AppleWebKit/537.36 (KHTML, like Gecko; compatible; ClaudeBot/1.0; +claudebot@anthropic.com)"
216.73.216.20 - - [25/Aug/2026:00:04:03 +0500] "GET /shops/aspergill/r9e2s9i8d6e0n7t7174 HTTP/1.1" 301 - "-" "Mozilla/5.0 AppleWebKit/537.36 (KHTML, like Gecko; compatible; ClaudeBot/1.0; +claudebot@anthropic.com)"
216.73.216.20 - - [25/Aug/2026:00:04:15 +0500] "GET /?r=c9i3r0c8u4m9l7o9c8u4t4ional HTTP/1.1" 508 288 "-" "Mozilla/5.0 AppleWebKit/537.36 (KHTML, like Gecko; compatible; ClaudeBot/1.0; +claudebot@anthropic.com)"
216.73.216.20 - - [25/Aug/2026:00:04:12 +0500] "GET /uz/shops/aspergill/r9e2s9i8d6e0n7t7174 HTTP/1.1" 404 1216 "https://eskijuva-bozori.uz/shops/aspergill/r9e2s9i8d6e0n7t7174" "Mozilla/5.0 AppleWebKit/537.36 (KHTML, like Gecko; compatible; ClaudeBot/1.0; +claudebot@anthropic.com)"
216.73.216.20 - - [25/Aug/2026:00:04:20 +0500] "GET /begilt/zebrula/o9i6l1m1e0n77360 HTTP/1.1" 301 - "-" "Mozilla/5.0 AppleWebKit/537.36 (KHTML, like Gecko; compatible; ClaudeBot/1.0; +claudebot@anthropic.com)"
216.73.216.20 - - [25/Aug/2026:00:04:28 +0500] "GET /uz/begilt/zebrula/o9i6l1m1e0n77360 HTTP/1.1" 404 1216 "https://eskijuva-bozori.uz/begilt/zebrula/o9i6l1m1e0n77360" "Mozilla/5.0 AppleWebKit/537.36 (KHTML, like Gecko; compatible; ClaudeBot/1.0; +claudebot@anthropic.com)"
216.73.216.20 - - [25/Aug/2026:00:04:38 +0500] "GET /uz/?r=a9e1s8c9u6l4u0s0285 HTTP/1.1" 508 288 "https://eskijuva-bozori.uz/?r=a9e1s8c9u6l4u0s0285" "Mozilla/5.0 AppleWebKit/537.36 (KHTML, like Gecko; compatible; ClaudeBot/1.0; +claudebot@anthropic.com)"
216.73.216.20 - - [25/Aug/2026:00:04:30 +0500] "GET /?r=a9e1s8c9u6l4u0s0285 HTTP/1.1" 301 - "-" "Mozilla/5.0 AppleWebKit/537.36 (KHTML, like Gecko; compatible; ClaudeBot/1.0; +claudebot@anthropic.com)"
216.73.216.20 - - [25/Aug/2026:00:04:40 +0500] "GET /?r=e9m1a4n7c8i4p1i2s4t52 HTTP/1.1" 301 - "-" "Mozilla/5.0 AppleWebKit/537.36 (KHTML, like Gecko; compatible; ClaudeBot/1.0; +claudebot@anthropic.com)"
216.73.216.20 - - [25/Aug/2026:00:04:47 +0500] "GET /shops/deponing/t9a1m1i7l5935542 HTTP/1.1" 301 - "-" "Mozilla/5.0 AppleWebKit/537.36 (KHTML, like Gecko; compatible; ClaudeBot/1.0; +claudebot@anthropic.com)"
216.73.216.20 - - [25/Aug/2026:00:04:47 +0500] "GET /uz/?r=e9m1a4n7c8i4p1i2s4t52 HTTP/1.1" 200 68235 "https://eskijuva-bozori.uz/?r=e9m1a4n7c8i4p1i2s4t52" "Mozilla/5.0 AppleWebKit/537.36 (KHTML, like Gecko; compatible; ClaudeBot/1.0; +claudebot@anthropic.com)"
216.73.216.20 - - [25/Aug/2026:00:04:55 +0500] "GET /uz/shops/deponing/t9a1m1i7l5935542 HTTP/1.1" 404 1216 "https://eskijuva-bozori.uz/shops/deponing/t9a1m1i7l5935542" "Mozilla/5.0 AppleWebKit/537.36 (KHTML, like Gecko; compatible; ClaudeBot/1.0; +claudebot@anthropic.com)"
216.73.216.20 - - [25/Aug/2026:00:04:59 +0500] "GET /?r=d9r3i1v5e8r449153 HTTP/1.1" 301 - "-" "Mozilla/5.0 AppleWebKit/537.36 (KHTML, like Gecko; compatible; ClaudeBot/1.0; +claudebot@anthropic.com)"
216.73.216.20 - - [25/Aug/2026:00:05:06 +0500] "GET /uz/?r=d9r3i1v5e8r449153 HTTP/1.1" 200 68231 "https://eskijuva-bozori.uz/?r=d9r3i1v5e8r449153" "Mozilla/5.0 AppleWebKit/537.36 (KHTML, like Gecko; compatible; ClaudeBot/1.0; +claudebot@anthropic.com)"
216.73.216.20 - - [25/Aug/2026:00:05:10 +0500] "GET /shops/bipalmate/s9p4u0r7t9l6e41833 HTTP/1.1" 301 - "-" "Mozilla/5.0 AppleWebKit/537.36 (KHTML, like Gecko; compatible; ClaudeBot/1.0; +claudebot@anthropic.com)"
34.171.68.95 - - [25/Aug/2026:00:05:27 +0500] "GET /uz/comissions-uzb HTTP/1.1" 508 288 "-" "Mozilla/5.0 (Macintosh; Intel Mac OS X 10_15_7) AppleWebKit/537.36 (KHTML, like Gecko) Chrome/120.0.0.0 Safari/537.36"
216.73.216.20 - - [25/Aug/2026:00:05:20 +0500] "GET /?r=o9f1f2i0c7i8a2l5i4t3y3 HTTP/1.1" 301 - "-" "Mozilla/5.0 AppleWebKit/537.36 (KHTML, like Gecko; compatible; ClaudeBot/1.0; +claudebot@anthropic.com)"
216.73.216.20 - - [25/Aug/2026:00:05:32 +0500] "GET /shops/thimbleful/b9r2i8t1z6s7k7a1631 HTTP/1.1" 301 - "-" "Mozilla/5.0 AppleWebKit/537.36 (KHTML, like Gecko; compatible; ClaudeBot/1.0; +claudebot@anthropic.com)"
216.73.216.20 - - [25/Aug/2026:00:05:41 +0500] "GET /?r=p9l1a3i2n7e3s1t858 HTTP/1.1" 508 288 "-" "Mozilla/5.0 AppleWebKit/537.36 (KHTML, like Gecko; compatible; ClaudeBot/1.0; +claudebot@anthropic.com)"
85.208.96.206 - - [25/Aug/2026:00:05:42 +0500] "GET /robots.txt HTTP/1.1" 200 111 "-" "Mozilla/5.0 (compatible; SemrushBot/7~bl; +http://www.semrush.com/bot.html)"
85.208.96.204 - - [25/Aug/2026:00:05:43 +0500] "GET /uz/?function=call_user_func_array&s=index%2Fthink%5C%5C%5C%5C%5C%5C%5C%5C%5C%5C%5C%5C%5C%5C%5C%5C%5C%5C%5C%5C%5C%5C%5C%5C%5C%5C%5C%5C%5C%5C%5C%5C%5C%5C%5C%5C%5C%5C%5C%5C%5C%5C%5C%5C%5C%5C%5C%5C%5C%5C%5C%5C%5C%5C%5C%5C%5C%5C%5C%5C%5C%5C%5C%5C%5C%5C%5C%5C%5C%5C%5C%5C%5C%5C%5C%5C%5C%5C%5C%5C%5C%5C%5C%5C%5C%5C%5C%5C%5C%5C%5C%5C%5C%5C%5C%5C%5C%5C%5C%5C%5C%5C%5C%5C%5C%5C%5C%5C%5C%5C%5C%5C%5C%5C%5C%5C%5C%5C%5C%5C%5C%5C%5C%5C%5C%5C%5C%5C%5C%5C%5C%5C%5C%5C%5C%5C%5C%5C%5C%5C%5C%5C%5C%5C%5C%5C%5C%5C%5C%5C%5C%5C%5C%5C%5C%5C%5C%5C%5C%5C%5C%5C%5C%5C%5C%5C%5C%5C%5C%5C%5C%5C%5C%5C%5C%5C%5C%5C%5C%5C%5C%5C%5C%5C%5C%5C%5C%5C%5C%5C%5C%5C%5C%5C%5C%5C%5C%5C%5C%5C%5C%5C%5C%5C%5C%5C%5C%5C%5C%5C%5C%5C%5C%5C%5C%5C%5C%5C%5C%5C%5C%5C%5C%5C%5C%5C%5C%5C%5C%5C%5C%5C%5C%5C%5C%5C%5C%5C%5C%5C%5C%5C%5C%5C%5C%5C%5C%5C%5C%5C%5C%5C%5C%5C%5C%5C%5C%5C%5C%5C%5C%5C%5C%5C%5C%5C%5C%5C%5C%5C%5C%5C%5C%5C%5C%5C%5C%5C%5C%5C%5C%5C%5C%5C%5C%5C%5C%5C%5C%5C%5C%5C%5C%5C%5C%5C%5C%5C%5C%5C%5C%5C%5C%5C%5C%5C%5C%5C%5C%5C%5C%5C%5C%5C%5C%5C%5C%5C%5C%5C%5C%5C%5C%5C%5C%5C%5C%5C%5C%5C%5C%5C%5C%5C%5C%5C%5C%5C%5C%5C%5C%5C%5C%5C%5C%5C%5C%5C%5C%5C%5C%5C%5C%5C%5C%5C%5C%5C%5C%5C%5C%5C%5C%5C%5C%5C%5C%5C%5C%5C%5C%5C%5C%5C%5C%5C%5C%5C%5C%5C%5C%5C%5C%5C%5C%5C%5C%5C%5C%5C%5C%5C%5C%5C%5C%5C%5C%5C%5C%5C%5C%5C%5C%5C%5C%5C%5C%5C%5C%5C%5C%5C%5C%5C%5C%5C%5C%5C%5C%5C%5C%5C%5C%5C%5C%5C%5C%5C%5C%5C%5C%5C%5C%5C%5C%5C%5C%5C%5C%5C%5C%5C%5C%5C%5C%5C%5C%5C%5C%5C%5C%5C%5C%5C%5C%5C%5C%5C%5C%5C%5C%5C%5C%5C%5C%5C%5C%5C%5C%5C%5C%5C%5C%5C%5C%5C%5C%5C%5C%5C%5C%5C%5C%5C%5C%5C%5C%5C%5C%5C%5C%5C%5C%5C%5C%5C%5C%5C%5C%5C%5C%5C%5C%5C%5C%5C%5C%5C%5C%5C%5C%5Capp%2Finvokefunction&start=40&vars%5B0%5D=phpinfo&vars%5B1%5D%5B0%5D=1 HTTP/1.1" 508 288 "-" "Mozilla/5.0 (compatible; SemrushBot/7~bl; +http://www.semrush.com/bot.html)"
216.73.216.20 - - [25/Aug/2026:00:05:39 +0500] "GET /uz/shops/thimbleful/b9r2i8t1z6s7k7a1631 HTTP/1.1" 404 1216 "https://eskijuva-bozori.uz/shops/thimbleful/b9r2i8t1z6s7k7a1631" "Mozilla/5.0 AppleWebKit/537.36 (KHTML, like Gecko; compatible; ClaudeBot/1.0; +claudebot@anthropic.com)"
216.73.216.20 - - [25/Aug/2026:00:05:48 +0500] "GET /shops/strockle/s9p3r5a6g4g2e5d8126 HTTP/1.1" 301 - "-" "Mozilla/5.0 AppleWebKit/537.36 (KHTML, like Gecko; compatible; ClaudeBot/1.0; +claudebot@anthropic.com)"
216.73.216.20 - - [25/Aug/2026:00:05:56 +0500] "GET /uz/shops/strockle/s9p3r5a6g4g2e5d8126 HTTP/1.1" 508 288 "https://eskijuva-bozori.uz/shops/strockle/s9p3r5a6g4g2e5d8126" "Mozilla/5.0 AppleWebKit/537.36 (KHTML, like Gecko; compatible; ClaudeBot/1.0; +claudebot@anthropic.com)"
216.73.216.20 - - [25/Aug/2026:00:05:57 +0500] "GET /?r=c9o2m5p1o2r6t6e5d802 HTTP/1.1" 301 - "-" "Mozilla/5.0 AppleWebKit/537.36 (KHTML, like Gecko; compatible; ClaudeBot/1.0; +claudebot@anthropic.com)"
216.73.216.20 - - [25/Aug/2026:00:06:04 +0500] "GET /uz/?r=c9o2m5p1o2r6t6e5d802 HTTP/1.1" 508 288 "https://eskijuva-bozori.uz/?r=c9o2m5p1o2r6t6e5d802" "Mozilla/5.0 AppleWebKit/537.36 (KHTML, like Gecko; compatible; ClaudeBot/1.0; +claudebot@anthropic.com)"
216.73.216.20 - - [25/Aug/2026:00:06:05 +0500] "GET /shops/overbreed/s9t2r1i3a3t8u1m2607 HTTP/1.1" 508 288 "-" "Mozilla/5.0 AppleWebKit/537.36 (KHTML, like Gecko; compatible; ClaudeBot/1.0; +claudebot@anthropic.com)"
216.73.216.20 - - [25/Aug/2026:00:06:10 +0500] "GET /shops/inactively/p9r3e6s7c5r9i7b7e739 HTTP/1.1" 508 288 "-" "Mozilla/5.0 AppleWebKit/537.36 (KHTML, like Gecko; compatible; ClaudeBot/1.0; +claudebot@anthropic.com)"
34.10.180.98 - - [25/Aug/2026:00:06:02 +0500] "GET /uz/component/users/?Itemid=117 HTTP/1.1" 200 63984 "-" "Mozilla/5.0 (Macintosh; Intel Mac OS X 10_15_7) AppleWebKit/537.36 (KHTML, like Gecko) Chrome/120.0.0.0 Safari/537.36"
216.73.216.20 - - [25/Aug/2026:00:06:15 +0500] "GET /shops/magrie/r9h3a3b0d4i0t1e5374 HTTP/1.1" 301 - "-" "Mozilla/5.0 AppleWebKit/537.36 (KHTML, like Gecko; compatible; ClaudeBot/1.0; +claudebot@anthropic.com)"
216.73.216.20 - - [25/Aug/2026:00:06:23 +0500] "GET /uz/shops/magrie/r9h3a3b0d4i0t1e5374 HTTP/1.1" 404 1216 "https://eskijuva-bozori.uz/shops/magrie/r9h3a3b0d4i0t1e5374" "Mozilla/5.0 AppleWebKit/537.36 (KHTML, like Gecko; compatible; ClaudeBot/1.0; +claudebot@anthropic.com)"
216.73.216.20 - - [25/Aug/2026:00:06:30 +0500] "GET /shops/blastosphere/d9i4s0t9i2n8c3t2i7o1n HTTP/1.1" 301 - "-" "Mozilla/5.0 AppleWebKit/537.36 (KHTML, like Gecko; compatible; ClaudeBot/1.0; +claudebot@anthropic.com)"
216.73.216.20 - - [25/Aug/2026:00:06:38 +0500] "GET /?r=w9r4o2n7g2l3e9s8s014 HTTP/1.1" 301 - "-" "Mozilla/5.0 AppleWebKit/537.36 (KHTML, like Gecko; compatible; ClaudeBot/1.0; +claudebot@anthropic.com)"
216.73.216.20 - - [25/Aug/2026:00:06:38 +0500] "GET /uz/shops/blastosphere/d9i4s0t9i2n8c3t2i7o1n HTTP/1.1" 404 1216 "https://eskijuva-bozori.uz/shops/blastosphere/d9i4s0t9i2n8c3t2i7o1n" "Mozilla/5.0 AppleWebKit/537.36 (KHTML, like Gecko; compatible; ClaudeBot/1.0; +claudebot@anthropic.com)"
216.73.216.20 - - [25/Aug/2026:00:06:49 +0500] "GET /?r=a9m3b8i5t4i0o4n265 HTTP/1.1" 301 - "-" "Mozilla/5.0 AppleWebKit/537.36 (KHTML, like Gecko; compatible; ClaudeBot/1.0; +claudebot@anthropic.com)"
216.73.216.20 - - [25/Aug/2026:00:06:58 +0500] "GET /pomeys/pupation/d9e3j5e5u7n0e8r1617 HTTP/1.1" 508 288 "-" "Mozilla/5.0 AppleWebKit/537.36 (KHTML, like Gecko; compatible; ClaudeBot/1.0; +claudebot@anthropic.com)"
216.73.216.20 - - [25/Aug/2026:00:06:55 +0500] "GET /uz/?r=a9m3b8i5t4i0o4n265 HTTP/1.1" 200 68259 "https://eskijuva-bozori.uz/?r=a9m3b8i5t4i0o4n265" "Mozilla/5.0 AppleWebKit/537.36 (KHTML, like Gecko; compatible; ClaudeBot/1.0; +claudebot@anthropic.com)"
216.73.216.20 - - [25/Aug/2026:00:07:02 +0500] "GET /shops/loamy/a9t2r8o2p1i5n7e4619 HTTP/1.1" 301 - "-" "Mozilla/5.0 AppleWebKit/537.36 (KHTML, like Gecko; compatible; ClaudeBot/1.0; +claudebot@anthropic.com)"
216.73.216.183 - - [25/Aug/2026:00:07:16 +0500] "GET /robots.txt HTTP/1.1" 200 111 "-" "Mozilla/5.0 AppleWebKit/537.36 (KHTML, like Gecko; compatible; ClaudeBot/1.0; +claudebot@anthropic.com)"
216.73.216.20 - - [25/Aug/2026:00:07:11 +0500] "GET /uz/shops/loamy/a9t2r8o2p1i5n7e4619 HTTP/1.1" 404 1216 "https://eskijuva-bozori.uz/shops/loamy/a9t2r8o2p1i5n7e4619" "Mozilla/5.0 AppleWebKit/537.36 (KHTML, like Gecko; compatible; ClaudeBot/1.0; +claudebot@anthropic.com)"
216.73.216.20 - - [25/Aug/2026:00:07:18 +0500] "GET /?r=b9i2s2m7u5t9h0y6l037 HTTP/1.1" 301 - "-" "Mozilla/5.0 AppleWebKit/537.36 (KHTML, like Gecko; compatible; ClaudeBot/1.0; +claudebot@anthropic.com)"
216.73.216.20 - - [25/Aug/2026:00:07:24 +0500] "GET /uz/?r=b9i2s2m7u5t9h0y6l037 HTTP/1.1" 200 68261 "https://eskijuva-bozori.uz/?r=b9i2s2m7u5t9h0y6l037" "Mozilla/5.0 AppleWebKit/537.36 (KHTML, like Gecko; compatible; ClaudeBot/1.0; +claudebot@anthropic.com)"
216.73.216.183 - - [25/Aug/2026:00:07:28 +0500] "GET /?%60=d3e3c7r9e8e4i3n8g538 HTTP/1.1" 301 - "-" "Mozilla/5.0 AppleWebKit/537.36 (KHTML, like Gecko; compatible; ClaudeBot/1.0; +claudebot@anthropic.com)"
216.73.216.20 - - [25/Aug/2026:00:07:28 +0500] "GET /?r=a9e1r2o0s9p1h5e5r6e63 HTTP/1.1" 301 - "-" "Mozilla/5.0 AppleWebKit/537.36 (KHTML, like Gecko; compatible; ClaudeBot/1.0; +claudebot@anthropic.com)"
216.73.216.20 - - [25/Aug/2026:00:07:38 +0500] "GET /?r=w9i2l6l6i2w4a0w3239 HTTP/1.1" 301 - "-" "Mozilla/5.0 AppleWebKit/537.36 (KHTML, like Gecko; compatible; ClaudeBot/1.0; +claudebot@anthropic.com)"
216.73.216.183 - - [25/Aug/2026:00:07:37 +0500] "GET /uz/?%60=d3e3c7r9e8e4i3n8g538 HTTP/1.1" 200 68487 "https://www.eskijuva-bozori.uz.uzbekgidroenergoqurilish.uz/?%60=d3e3c7r9e8e4i3n8g538" "Mozilla/5.0 AppleWebKit/537.36 (KHTML, like Gecko; compatible; ClaudeBot/1.0; +claudebot@anthropic.com)"
216.73.216.20 - - [25/Aug/2026:00:07:37 +0500] "GET /uz/?r=a9e1r2o0s9p1h5e5r6e63 HTTP/1.1" 200 68262 "https://eskijuva-bozori.uz/?r=a9e1r2o0s9p1h5e5r6e63" "Mozilla/5.0 AppleWebKit/537.36 (KHTML, like Gecko; compatible; ClaudeBot/1.0; +claudebot@anthropic.com)"
216.73.216.183 - - [25/Aug/2026:00:07:41 +0500] "GET /shops/diverticular/c3o4e7n1e8n0c3h9y7m3a HTTP/1.1" 301 - "-" "Mozilla/5.0 AppleWebKit/537.36 (KHTML, like Gecko; compatible; ClaudeBot/1.0; +claudebot@anthropic.com)"
34.123.149.87 - - [25/Aug/2026:00:07:44 +0500] "GET /uz/audit-uzb/36-audit-2014-uzb HTTP/1.1" 200 55995 "-" "Mozilla/5.0 (Macintosh; Intel Mac OS X 10_15_7) AppleWebKit/537.36 (KHTML, like Gecko) Chrome/120.0.0.0 Safari/537.36"
216.73.216.20 - - [25/Aug/2026:00:07:46 +0500] "GET /uz/?r=w9i2l6l6i2w4a0w3239 HTTP/1.1" 200 68260 "https://eskijuva-bozori.uz/?r=w9i2l6l6i2w4a0w3239" "Mozilla/5.0 AppleWebKit/537.36 (KHTML, like Gecko; compatible; ClaudeBot/1.0; +claudebot@anthropic.com)"
216.73.216.183 - - [25/Aug/2026:00:07:48 +0500] "GET /uz/shops/diverticular/c3o4e7n1e8n0c3h9y7m3a HTTP/1.1" 404 1248 "https://www.eskijuva-bozori.uz.uzbekgidroenergoqurilish.uz/shops/diverticular/c3o4e7n1e8n0c3h9y7m3a" "Mozilla/5.0 AppleWebKit/537.36 (KHTML, like Gecko; compatible; ClaudeBot/1.0; +claudebot@anthropic.com)"
216.73.216.20 - - [25/Aug/2026:00:08:02 +0500] "GET /?r=s9p4o2n0g2i5o1s9e594 HTTP/1.1" 301 - "-" "Mozilla/5.0 AppleWebKit/537.36 (KHTML, like Gecko; compatible; ClaudeBot/1.0; +claudebot@anthropic.com)"
216.73.216.20 - - [25/Aug/2026:00:08:08 +0500] "GET /uz/?r=s9p4o2n0g2i5o1s9e594 HTTP/1.1" 200 68261 "https://eskijuva-bozori.uz/?r=s9p4o2n0g2i5o1s9e594" "Mozilla/5.0 AppleWebKit/537.36 (KHTML, like Gecko; compatible; ClaudeBot/1.0; +claudebot@anthropic.com)"
216.73.216.20 - - [25/Aug/2026:00:08:14 +0500] "GET /shops/scutellation/a9n6g3u7s1t6a6t3e64 HTTP/1.1" 301 - "-" "Mozilla/5.0 AppleWebKit/537.36 (KHTML, like Gecko; compatible; ClaudeBot/1.0; +claudebot@anthropic.com)"
216.73.216.20 - - [25/Aug/2026:00:08:24 +0500] "GET /?r=c9i2r6c6u4m5f6l7e8c2t9ion HTTP/1.1" 301 - "-" "Mozilla/5.0 AppleWebKit/537.36 (KHTML, like Gecko; compatible; ClaudeBot/1.0; +claudebot@anthropic.com)"
216.73.216.20 - - [25/Aug/2026:00:08:22 +0500] "GET /uz/shops/scutellation/a9n6g3u7s1t6a6t3e64 HTTP/1.1" 404 1216 "https://eskijuva-bozori.uz/shops/scutellation/a9n6g3u7s1t6a6t3e64" "Mozilla/5.0 AppleWebKit/537.36 (KHTML, like Gecko; compatible; ClaudeBot/1.0; +claudebot@anthropic.com)"
216.73.216.183 - - [25/Aug/2026:00:08:33 +0500] "GET /?%60=p3l8a9s4m380594 HTTP/1.1" 301 - "-" "Mozilla/5.0 AppleWebKit/537.36 (KHTML, like Gecko; compatible; ClaudeBot/1.0; +claudebot@anthropic.com)"
216.73.216.20 - - [25/Aug/2026:00:08:32 +0500] "GET /uz/?r=c9i2r6c6u4m5f6l7e8c2t9ion HTTP/1.1" 200 68266 "https://eskijuva-bozori.uz/?r=c9i2r6c6u4m5f6l7e8c2t9ion" "Mozilla/5.0 AppleWebKit/537.36 (KHTML, like Gecko; compatible; ClaudeBot/1.0; +claudebot@anthropic.com)"
216.73.216.20 - - [25/Aug/2026:00:08:43 +0500] "GET /shops/proximally/w9h2e6a9t4w1o0r8m054 HTTP/1.1" 508 288 "-" "Mozilla/5.0 AppleWebKit/537.36 (KHTML, like Gecko; compatible; ClaudeBot/1.0; +claudebot@anthropic.com)"
216.73.216.20 - - [25/Aug/2026:00:08:43 +0500] "GET /uz/?r=d9i3s0d7a6i8n5i0n8g60 HTTP/1.1" 508 288 "https://eskijuva-bozori.uz/?r=d9i3s0d7a6i8n5i0n8g60" "Mozilla/5.0 AppleWebKit/537.36 (KHTML, like Gecko; compatible; ClaudeBot/1.0; +claudebot@anthropic.com)"
216.73.216.20 - - [25/Aug/2026:00:08:36 +0500] "GET /?r=d9i3s0d7a6i8n5i0n8g60 HTTP/1.1" 301 - "-" "Mozilla/5.0 AppleWebKit/537.36 (KHTML, like Gecko; compatible; ClaudeBot/1.0; +claudebot@anthropic.com)"
216.73.216.20 - - [25/Aug/2026:00:08:47 +0500] "GET /?r=j9e1e5r9i6n4g87225 HTTP/1.1" 508 288 "-" "Mozilla/5.0 AppleWebKit/537.36 (KHTML, like Gecko; compatible; ClaudeBot/1.0; +claudebot@anthropic.com)"
216.73.216.183 - - [25/Aug/2026:00:08:39 +0500] "GET /uz/?%60=p3l8a9s4m380594 HTTP/1.1" 200 68482 "https://www.eskijuva-bozori.uz.uzbekgidroenergoqurilish.uz/?%60=p3l8a9s4m380594" "Mozilla/5.0 AppleWebKit/537.36 (KHTML, like Gecko; compatible; ClaudeBot/1.0; +claudebot@anthropic.com)"
216.73.216.183 - - [25/Aug/2026:00:08:46 +0500] "GET /shops/glomerated/s3h3e7a4r4m6e2n6358 HTTP/1.1" 301 - "-" "Mozilla/5.0 AppleWebKit/537.36 (KHTML, like Gecko; compatible; ClaudeBot/1.0; +claudebot@anthropic.com)"
3.229.2.217 - - [25/Aug/2026:00:08:57 +0500] "GET /uz/about-org-uzb/indexes-uzb?format=feed&type=rss HTTP/1.1" 508 288 "-" "Mozilla/5.0 AppleWebKit/537.36 (KHTML, like Gecko; compatible; Amazonbot/0.1; +https://developer.amazon.com/support/amazonbot) Chrome/119.0.6045.214 Safari/537.36"
216.73.216.20 - - [25/Aug/2026:00:08:58 +0500] "GET /?r=p9r1e6d7e0t5e8r7m5i3n8ation HTTP/1.1" 508 288 "-" "Mozilla/5.0 AppleWebKit/537.36 (KHTML, like Gecko; compatible; ClaudeBot/1.0; +claudebot@anthropic.com)"
85.208.96.204 - - [25/Aug/2026:00:08:45 +0500] "GET /uz/prospectus-uzb/12-uzbek/about-org-uzb?start=10 HTTP/1.1" 200 64285 "-" "Mozilla/5.0 (compatible; SemrushBot/7~bl; +http://www.semrush.com/bot.html)"
216.73.216.183 - - [25/Aug/2026:00:08:53 +0500] "GET /uz/shops/glomerated/s3h3e7a4r4m6e2n6358 HTTP/1.1" 404 1248 "https://www.eskijuva-bozori.uz.uzbekgidroenergoqurilish.uz/shops/glomerated/s3h3e7a4r4m6e2n6358" "Mozilla/5.0 AppleWebKit/537.36 (KHTML, like Gecko; compatible; ClaudeBot/1.0; +claudebot@anthropic.com)"
216.73.216.20 - - [25/Aug/2026:00:09:02 +0500] "GET /?r=e9x1p1i3a2t1o4r6158 HTTP/1.1" 301 - "-" "Mozilla/5.0 AppleWebKit/537.36 (KHTML, like Gecko; compatible; ClaudeBot/1.0; +claudebot@anthropic.com)"
216.73.216.20 - - [25/Aug/2026:00:09:09 +0500] "GET /uz/?r=e9x1p1i3a2t1o4r6158 HTTP/1.1" 200 68267 "https://eskijuva-bozori.uz/?r=e9x1p1i3a2t1o4r6158" "Mozilla/5.0 AppleWebKit/537.36 (KHTML, like Gecko; compatible; ClaudeBot/1.0; +claudebot@anthropic.com)"
216.73.216.20 - - [25/Aug/2026:00:09:18 +0500] "GET /?r=s9t3r5e8t8c9h7e1r492 HTTP/1.1" 301 - "-" "Mozilla/5.0 AppleWebKit/537.36 (KHTML, like Gecko; compatible; ClaudeBot/1.0; +claudebot@anthropic.com)"
216.73.216.20 - - [25/Aug/2026:00:09:25 +0500] "GET /uz/?r=s9t3r5e8t8c9h7e1r492 HTTP/1.1" 200 68268 "https://eskijuva-bozori.uz/?r=s9t3r5e8t8c9h7e1r492" "Mozilla/5.0 AppleWebKit/537.36 (KHTML, like Gecko; compatible; ClaudeBot/1.0; +claudebot@anthropic.com)"
216.73.216.20 - - [25/Aug/2026:00:09:30 +0500] "GET /shops/permeating/b9u2t3y9r2o8s1p9e4r0m4um HTTP/1.1" 301 - "-" "Mozilla/5.0 AppleWebKit/537.36 (KHTML, like Gecko; compatible; ClaudeBot/1.0; +claudebot@anthropic.com)"
216.73.216.183 - - [25/Aug/2026:00:09:35 +0500] "GET /?%60=h3a1r2d4w8i7r8e2d215 HTTP/1.1" 301 - "-" "Mozilla/5.0 AppleWebKit/537.36 (KHTML, like Gecko; compatible; ClaudeBot/1.0; +claudebot@anthropic.com)"
216.73.216.20 - - [25/Aug/2026:00:09:39 +0500] "GET /uz/shops/permeating/b9u2t3y9r2o8s1p9e4r0m4um HTTP/1.1" 404 1216 "https://eskijuva-bozori.uz/shops/permeating/b9u2t3y9r2o8s1p9e4r0m4um" "Mozilla/5.0 AppleWebKit/537.36 (KHTML, like Gecko; compatible; ClaudeBot/1.0; +claudebot@anthropic.com)"
216.73.216.20 - - [25/Aug/2026:00:09:40 +0500] "GET /?r=o9r2a7t6o6r4i1e0s672 HTTP/1.1" 301 - "-" "Mozilla/5.0 AppleWebKit/537.36 (KHTML, like Gecko; compatible; ClaudeBot/1.0; +claudebot@anthropic.com)"
216.73.216.183 - - [25/Aug/2026:00:09:42 +0500] "GET /uz/?%60=h3a1r2d4w8i7r8e2d215 HTTP/1.1" 200 68494 "https://www.eskijuva-bozori.uz.uzbekgidroenergoqurilish.uz/?%60=h3a1r2d4w8i7r8e2d215" "Mozilla/5.0 AppleWebKit/537.36 (KHTML, like Gecko; compatible; ClaudeBot/1.0; +claudebot@anthropic.com)"
216.73.216.183 - - [25/Aug/2026:00:09:47 +0500] "GET /?%60=s3e2m8i8d7i6a3p5a5s3o3n HTTP/1.1" 301 - "-" "Mozilla/5.0 AppleWebKit/537.36 (KHTML, like Gecko; compatible; ClaudeBot/1.0; +claudebot@anthropic.com)"
216.73.216.20 - - [25/Aug/2026:00:09:47 +0500] "GET /uz/?r=o9r2a7t6o6r4i1e0s672 HTTP/1.1" 200 68268 "https://eskijuva-bozori.uz/?r=o9r2a7t6o6r4i1e0s672" "Mozilla/5.0 AppleWebKit/537.36 (KHTML, like Gecko; compatible; ClaudeBot/1.0; +claudebot@anthropic.com)"
216.73.216.20 - - [25/Aug/2026:00:09:58 +0500] "GET /uz/shops/ragabrash/t9r3u5l8l3007082 HTTP/1.1" 508 288 "https://eskijuva-bozori.uz/shops/ragabrash/t9r3u5l8l3007082" "Mozilla/5.0 AppleWebKit/537.36 (KHTML, like Gecko; compatible; ClaudeBot/1.0; +claudebot@anthropic.com)"
216.73.216.20 - - [25/Aug/2026:00:09:50 +0500] "GET /shops/ragabrash/t9r3u5l8l3007082 HTTP/1.1" 301 - "-" "Mozilla/5.0 AppleWebKit/537.36 (KHTML, like Gecko; compatible; ClaudeBot/1.0; +claudebot@anthropic.com)"
216.73.216.183 - - [25/Aug/2026:00:09:55 +0500] "GET /uz/?%60=s3e2m8i8d7i6a3p5a5s3o3n HTTP/1.1" 200 68497 "https://www.eskijuva-bozori.uz.uzbekgidroenergoqurilish.uz/?%60=s3e2m8i8d7i6a3p5a5s3o3n" "Mozilla/5.0 AppleWebKit/537.36 (KHTML, like Gecko; compatible; ClaudeBot/1.0; +claudebot@anthropic.com)"
216.73.216.20 - - [25/Aug/2026:00:10:03 +0500] "GET /?r=n9o3m3a6d8i9z1i4n2g40 HTTP/1.1" 301 - "-" "Mozilla/5.0 AppleWebKit/537.36 (KHTML, like Gecko; compatible; ClaudeBot/1.0; +claudebot@anthropic.com)"
216.73.216.20 - - [25/Aug/2026:00:10:09 +0500] "GET /uz/?r=n9o3m3a6d8i9z1i4n2g40 HTTP/1.1" 200 68269 "https://eskijuva-bozori.uz/?r=n9o3m3a6d8i9z1i4n2g40" "Mozilla/5.0 AppleWebKit/537.36 (KHTML, like Gecko; compatible; ClaudeBot/1.0; +claudebot@anthropic.com)"
216.73.216.20 - - [25/Aug/2026:00:10:16 +0500] "GET /?r=l9a3u5n9d9e3r1i3n5g60 HTTP/1.1" 301 - "-" "Mozilla/5.0 AppleWebKit/537.36 (KHTML, like Gecko; compatible; ClaudeBot/1.0; +claudebot@anthropic.com)"
216.73.216.183 - - [25/Aug/2026:00:10:19 +0500] "GET /clavatum/bloted/r3h2o5d2a5n1a5t4e790 HTTP/1.1" 301 - "-" "Mozilla/5.0 AppleWebKit/537.36 (KHTML, like Gecko; compatible; ClaudeBot/1.0; +claudebot@anthropic.com)"
216.73.216.20 - - [25/Aug/2026:00:10:26 +0500] "GET /shops/paradisian/k9u1k6a6n8g259425 HTTP/1.1" 301 - "-" "Mozilla/5.0 AppleWebKit/537.36 (KHTML, like Gecko; compatible; ClaudeBot/1.0; +claudebot@anthropic.com)"
216.73.216.20 - - [25/Aug/2026:00:10:22 +0500] "GET /uz/?r=l9a3u5n9d9e3r1i3n5g60 HTTP/1.1" 200 68269 "https://eskijuva-bozori.uz/?r=l9a3u5n9d9e3r1i3n5g60" "Mozilla/5.0 AppleWebKit/537.36 (KHTML, like Gecko; compatible; ClaudeBot/1.0; +claudebot@anthropic.com)"
216.73.216.183 - - [25/Aug/2026:00:10:27 +0500] "GET /uz/clavatum/bloted/r3h2o5d2a5n1a5t4e790 HTTP/1.1" 404 1248 "https://www.eskijuva-bozori.uz.uzbekgidroenergoqurilish.uz/clavatum/bloted/r3h2o5d2a5n1a5t4e790" "Mozilla/5.0 AppleWebKit/537.36 (KHTML, like Gecko; compatible; ClaudeBot/1.0; +claudebot@anthropic.com)"
216.73.216.20 - - [25/Aug/2026:00:10:34 +0500] "GET /overselling/healthiest/970375289 HTTP/1.1" 301 - "-" "Mozilla/5.0 AppleWebKit/537.36 (KHTML, like Gecko; compatible; ClaudeBot/1.0; +claudebot@anthropic.com)"
216.73.216.20 - - [25/Aug/2026:00:10:33 +0500] "GET /uz/shops/paradisian/k9u1k6a6n8g259425 HTTP/1.1" 404 1216 "https://eskijuva-bozori.uz/shops/paradisian/k9u1k6a6n8g259425" "Mozilla/5.0 AppleWebKit/537.36 (KHTML, like Gecko; compatible; ClaudeBot/1.0; +claudebot@anthropic.com)"
216.73.216.20 - - [25/Aug/2026:00:10:42 +0500] "GET /uz/overselling/healthiest/970375289 HTTP/1.1" 404 1216 "https://eskijuva-bozori.uz/overselling/healthiest/970375289" "Mozilla/5.0 AppleWebKit/537.36 (KHTML, like Gecko; compatible; ClaudeBot/1.0; +claudebot@anthropic.com)"
216.73.216.20 - - [25/Aug/2026:00:10:46 +0500] "GET /boehmeria/g9y3m5n3o8s7p7e6r2m71 HTTP/1.1" 301 - "-" "Mozilla/5.0 AppleWebKit/537.36 (KHTML, like Gecko; compatible; ClaudeBot/1.0; +claudebot@anthropic.com)"
216.73.216.20 - - [25/Aug/2026:00:10:53 +0500] "GET /uz/boehmeria/g9y3m5n3o8s7p7e6r2m71 HTTP/1.1" 404 1216 "https://eskijuva-bozori.uz/boehmeria/g9y3m5n3o8s7p7e6r2m71" "Mozilla/5.0 AppleWebKit/537.36 (KHTML, like Gecko; compatible; ClaudeBot/1.0; +claudebot@anthropic.com)"
216.73.216.20 - - [25/Aug/2026:00:10:56 +0500] "GET /shops/municipally/s9u4b3s2c7r8i4p5t5i4on HTTP/1.1" 301 - "-" "Mozilla/5.0 AppleWebKit/537.36 (KHTML, like Gecko; compatible; ClaudeBot/1.0; +claudebot@anthropic.com)"
216.73.216.20 - - [25/Aug/2026:00:11:03 +0500] "GET /uz/shops/municipally/s9u4b3s2c7r8i4p5t5i4on HTTP/1.1" 404 1216 "https://eskijuva-bozori.uz/shops/municipally/s9u4b3s2c7r8i4p5t5i4on" "Mozilla/5.0 AppleWebKit/537.36 (KHTML, like Gecko; compatible; ClaudeBot/1.0; +claudebot@anthropic.com)"
216.73.216.20 - - [25/Aug/2026:00:11:57 +0500] "GET /shops/palustrine/p9l4o0t1p8r5o1o3f476 HTTP/1.1" 301 - "-" "Mozilla/5.0 AppleWebKit/537.36 (KHTML, like Gecko; compatible; ClaudeBot/1.0; +claudebot@anthropic.com)"
216.73.216.20 - - [25/Aug/2026:00:12:04 +0500] "GET /uz/shops/palustrine/p9l4o0t1p8r5o1o3f476 HTTP/1.1" 404 1216 "https://eskijuva-bozori.uz/shops/palustrine/p9l4o0t1p8r5o1o3f476" "Mozilla/5.0 AppleWebKit/537.36 (KHTML, like Gecko; compatible; ClaudeBot/1.0; +claudebot@anthropic.com)"
216.73.216.183 - - [25/Aug/2026:00:12:26 +0500] "GET /linguatulida/l3u2s8t8r8a8l47632 HTTP/1.1" 508 288 "-" "Mozilla/5.0 AppleWebKit/537.36 (KHTML, like Gecko; compatible; ClaudeBot/1.0; +claudebot@anthropic.com)"
216.73.216.183 - - [25/Aug/2026:00:12:33 +0500] "GET /aggrate/kohlrabies/32983375714 HTTP/1.1" 508 288 "-" "Mozilla/5.0 AppleWebKit/537.36 (KHTML, like Gecko; compatible; ClaudeBot/1.0; +claudebot@anthropic.com)"
216.73.216.183 - - [25/Aug/2026:00:12:35 +0500] "GET /shops/bayous/c3l3a3v5a3t3u7m6861 HTTP/1.1" 301 - "-" "Mozilla/5.0 AppleWebKit/537.36 (KHTML, like Gecko; compatible; ClaudeBot/1.0; +claudebot@anthropic.com)"
216.73.216.183 - - [25/Aug/2026:00:12:44 +0500] "GET /uz/shops/bayous/c3l3a3v5a3t3u7m6861 HTTP/1.1" 404 1248 "https://www.eskijuva-bozori.uz.uzbekgidroenergoqurilish.uz/shops/bayous/c3l3a3v5a3t3u7m6861" "Mozilla/5.0 AppleWebKit/537.36 (KHTML, like Gecko; compatible; ClaudeBot/1.0; +claudebot@anthropic.com)"
216.73.216.183 - - [25/Aug/2026:00:12:47 +0500] "GET /?%60=k3n6a7v9e3s3s5245 HTTP/1.1" 301 - "-" "Mozilla/5.0 AppleWebKit/537.36 (KHTML, like Gecko; compatible; ClaudeBot/1.0; +claudebot@anthropic.com)"
216.73.216.183 - - [25/Aug/2026:00:13:00 +0500] "GET /shops/giddiness/e3x2o9t8h5e7c9a9896 HTTP/1.1" 301 - "-" "Mozilla/5.0 AppleWebKit/537.36 (KHTML, like Gecko; compatible; ClaudeBot/1.0; +claudebot@anthropic.com)"
216.73.216.183 - - [25/Aug/2026:00:13:08 +0500] "GET /uz/shops/giddiness/e3x2o9t8h5e7c9a9896 HTTP/1.1" 404 1248 "https://www.eskijuva-bozori.uz.uzbekgidroenergoqurilish.uz/shops/giddiness/e3x2o9t8h5e7c9a9896" "Mozilla/5.0 AppleWebKit/537.36 (KHTML, like Gecko; compatible; ClaudeBot/1.0; +claudebot@anthropic.com)"
216.73.216.183 - - [25/Aug/2026:00:13:13 +0500] "GET /shops/dobson/r3a9m3i9p2a0r0o2u7s4 HTTP/1.1" 301 - "-" "Mozilla/5.0 AppleWebKit/537.36 (KHTML, like Gecko; compatible; ClaudeBot/1.0; +claudebot@anthropic.com)"
216.73.216.183 - - [25/Aug/2026:00:13:25 +0500] "GET /?%60=b3r3o1a6d6c9a0s9t79 HTTP/1.1" 301 - "-" "Mozilla/5.0 AppleWebKit/537.36 (KHTML, like Gecko; compatible; ClaudeBot/1.0; +claudebot@anthropic.com)"
216.73.216.183 - - [25/Aug/2026:00:13:30 +0500] "GET /shops/legitimation/w3h3a4l3i1n5g98465 HTTP/1.1" 301 - "-" "Mozilla/5.0 AppleWebKit/537.36 (KHTML, like Gecko; compatible; ClaudeBot/1.0; +claudebot@anthropic.com)"
216.73.216.183 - - [25/Aug/2026:00:13:39 +0500] "GET /uz/shops/legitimation/w3h3a4l3i1n5g98465 HTTP/1.1" 404 1248 "https://www.eskijuva-bozori.uz.uzbekgidroenergoqurilish.uz/shops/legitimation/w3h3a4l3i1n5g98465" "Mozilla/5.0 AppleWebKit/537.36 (KHTML, like Gecko; compatible; ClaudeBot/1.0; +claudebot@anthropic.com)"
216.73.216.183 - - [25/Aug/2026:00:13:43 +0500] "GET /shops/backside/p3h9o8e7n3i5c1o2p1t9erus HTTP/1.1" 301 - "-" "Mozilla/5.0 AppleWebKit/537.36 (KHTML, like Gecko; compatible; ClaudeBot/1.0; +claudebot@anthropic.com)"
216.73.216.183 - - [25/Aug/2026:00:13:52 +0500] "GET /uz/shops/backside/p3h9o8e7n3i5c1o2p1t9erus HTTP/1.1" 404 1248 "https://www.eskijuva-bozori.uz.uzbekgidroenergoqurilish.uz/shops/backside/p3h9o8e7n3i5c1o2p1t9erus" "Mozilla/5.0 AppleWebKit/537.36 (KHTML, like Gecko; compatible; ClaudeBot/1.0; +claudebot@anthropic.com)"
216.73.216.183 - - [25/Aug/2026:00:13:55 +0500] "GET /shops/tidying/s3i2x7f3o3l8d98161 HTTP/1.1" 301 - "-" "Mozilla/5.0 AppleWebKit/537.36 (KHTML, like Gecko; compatible; ClaudeBot/1.0; +claudebot@anthropic.com)"
216.73.216.183 - - [25/Aug/2026:00:14:35 +0500] "GET /?%60=p3e4c2u2l2a1t3i6o8n6 HTTP/1.1" 508 288 "-" "Mozilla/5.0 AppleWebKit/537.36 (KHTML, like Gecko; compatible; ClaudeBot/1.0; +claudebot@anthropic.com)"
216.73.216.20 - - [25/Aug/2026:00:14:38 +0500] "GET /?r=o9r5y7c6t4o1g7n9o1s3tically HTTP/1.1" 301 - "-" "Mozilla/5.0 AppleWebKit/537.36 (KHTML, like Gecko; compatible; ClaudeBot/1.0; +claudebot@anthropic.com)"
216.73.216.20 - - [25/Aug/2026:00:14:50 +0500] "GET /shops/agkistrodon/b9a1g6p5i1p5e1r1520 HTTP/1.1" 508 288 "-" "Mozilla/5.0 AppleWebKit/537.36 (KHTML, like Gecko; compatible; ClaudeBot/1.0; +claudebot@anthropic.com)"
216.73.216.20 - - [25/Aug/2026:00:14:46 +0500] "GET /uz/?r=o9r5y7c6t4o1g7n9o1s3tically HTTP/1.1" 200 68275 "https://eskijuva-bozori.uz/?r=o9r5y7c6t4o1g7n9o1s3tically" "Mozilla/5.0 AppleWebKit/537.36 (KHTML, like Gecko; compatible; ClaudeBot/1.0; +claudebot@anthropic.com)"
94.1.17.112 - - [25/Aug/2026:00:14:49 +0500] "GET /ru/facts-rus?start=60&template=accessibility HTTP/1.1" 200 36815 "-" "Mozilla/5.0 (Macintosh; Intel Mac OS X 14.6; rv:126.0) Gecko/20100101 Firefox/126.0"
216.73.216.20 - - [25/Aug/2026:00:15:00 +0500] "GET /shops/peckled/p9n1e4u3m3a8t0o1m7e0t3er HTTP/1.1" 301 - "-" "Mozilla/5.0 AppleWebKit/537.36 (KHTML, like Gecko; compatible; ClaudeBot/1.0; +claudebot@anthropic.com)"
216.73.216.20 - - [25/Aug/2026:00:15:06 +0500] "GET /uz/shops/peckled/p9n1e4u3m3a8t0o1m7e0t3er HTTP/1.1" 404 1216 "https://eskijuva-bozori.uz/shops/peckled/p9n1e4u3m3a8t0o1m7e0t3er" "Mozilla/5.0 AppleWebKit/537.36 (KHTML, like Gecko; compatible; ClaudeBot/1.0; +claudebot@anthropic.com)"
216.73.216.20 - - [25/Aug/2026:00:15:09 +0500] "GET /uz/?r=r9e3n5d8r2o9c3k904&start=4 HTTP/1.1" 200 67943 "-" "Mozilla/5.0 AppleWebKit/537.36 (KHTML, like Gecko; compatible; ClaudeBot/1.0; +claudebot@anthropic.com)"
216.73.216.20 - - [25/Aug/2026:00:15:20 +0500] "GET /?r=f9l2o4u2r4i0s1h9i1n0gly HTTP/1.1" 301 - "-" "Mozilla/5.0 AppleWebKit/537.36 (KHTML, like Gecko; compatible; ClaudeBot/1.0; +claudebot@anthropic.com)"
216.73.216.20 - - [25/Aug/2026:00:15:26 +0500] "GET /?r=s9h1i1r0t0w1a9i5s2t7er HTTP/1.1" 301 - "-" "Mozilla/5.0 AppleWebKit/537.36 (KHTML, like Gecko; compatible; ClaudeBot/1.0; +claudebot@anthropic.com)"
216.73.216.20 - - [25/Aug/2026:00:15:27 +0500] "GET /uz/?r=f9l2o4u2r4i0s1h9i1n0gly HTTP/1.1" 200 68271 "https://eskijuva-bozori.uz/?r=f9l2o4u2r4i0s1h9i1n0gly" "Mozilla/5.0 AppleWebKit/537.36 (KHTML, like Gecko; compatible; ClaudeBot/1.0; +claudebot@anthropic.com)"
216.73.216.20 - - [25/Aug/2026:00:15:32 +0500] "GET /uz/?r=s9h1i1r0t0w1a9i5s2t7er HTTP/1.1" 200 68270 "https://eskijuva-bozori.uz/?r=s9h1i1r0t0w1a9i5s2t7er" "Mozilla/5.0 AppleWebKit/537.36 (KHTML, like Gecko; compatible; ClaudeBot/1.0; +claudebot@anthropic.com)"
216.73.216.20 - - [25/Aug/2026:00:15:38 +0500] "GET /tetraogallus/l9i4n1c4o2l6n0e3n3s3i6s HTTP/1.1" 301 - "-" "Mozilla/5.0 AppleWebKit/537.36 (KHTML, like Gecko; compatible; ClaudeBot/1.0; +claudebot@anthropic.com)"
216.73.216.183 - - [25/Aug/2026:00:15:42 +0500] "GET /?%60=c3e3n1t5r8o2d6e7944 HTTP/1.1" 301 - "-" "Mozilla/5.0 AppleWebKit/537.36 (KHTML, like Gecko; compatible; ClaudeBot/1.0; +claudebot@anthropic.com)"
216.73.216.20 - - [25/Aug/2026:00:15:44 +0500] "GET /uz/tetraogallus/l9i4n1c4o2l6n0e3n3s3i6s HTTP/1.1" 404 1216 "https://eskijuva-bozori.uz/tetraogallus/l9i4n1c4o2l6n0e3n3s3i6s" "Mozilla/5.0 AppleWebKit/537.36 (KHTML, like Gecko; compatible; ClaudeBot/1.0; +claudebot@anthropic.com)"
216.73.216.20 - - [25/Aug/2026:00:15:48 +0500] "GET /stoichiometric/incultivated/d9i4s4a9v0o9u1c0h32 HTTP/1.1" 301 - "-" "Mozilla/5.0 AppleWebKit/537.36 (KHTML, like Gecko; compatible; ClaudeBot/1.0; +claudebot@anthropic.com)"
216.73.216.183 - - [25/Aug/2026:00:15:50 +0500] "GET /uz/?%60=c3e3n1t5r8o2d6e7944 HTTP/1.1" 200 68493 "https://www.eskijuva-bozori.uz.uzbekgidroenergoqurilish.uz/?%60=c3e3n1t5r8o2d6e7944" "Mozilla/5.0 AppleWebKit/537.36 (KHTML, like Gecko; compatible; ClaudeBot/1.0; +claudebot@anthropic.com)"
216.73.216.183 - - [25/Aug/2026:00:15:54 +0500] "GET /shops/rundle/s3u1p2e7r1f2l3u4i9t2a2nt HTTP/1.1" 301 - "-" "Mozilla/5.0 AppleWebKit/537.36 (KHTML, like Gecko; compatible; ClaudeBot/1.0; +claudebot@anthropic.com)"
216.73.216.20 - - [25/Aug/2026:00:15:56 +0500] "GET /uz/stoichiometric/incultivated/d9i4s4a9v0o9u1c0h32 HTTP/1.1" 404 1216 "https://eskijuva-bozori.uz/stoichiometric/incultivated/d9i4s4a9v0o9u1c0h32" "Mozilla/5.0 AppleWebKit/537.36 (KHTML, like Gecko; compatible; ClaudeBot/1.0; +claudebot@anthropic.com)"
216.73.216.183 - - [25/Aug/2026:00:16:02 +0500] "GET /uz/shops/rundle/s3u1p2e7r1f2l3u4i9t2a2nt HTTP/1.1" 404 1248 "https://www.eskijuva-bozori.uz.uzbekgidroenergoqurilish.uz/shops/rundle/s3u1p2e7r1f2l3u4i9t2a2nt" "Mozilla/5.0 AppleWebKit/537.36 (KHTML, like Gecko; compatible; ClaudeBot/1.0; +claudebot@anthropic.com)"
23.234.100.38 - - [25/Aug/2026:00:16:03 +0500] "GET /wp-login.php HTTP/1.1" 301 - "https://duckduckgo.com/" "Mozilla/5.0 (Macintosh; Intel Mac OS X 10_15_7; rv:119.0) Gecko/20100101 Firefox/119.0"
216.73.216.183 - - [25/Aug/2026:00:16:12 +0500] "GET /shops/tutored/m3a7n0u9a9l65414 HTTP/1.1" 508 288 "-" "Mozilla/5.0 AppleWebKit/537.36 (KHTML, like Gecko; compatible; ClaudeBot/1.0; +claudebot@anthropic.com)"
216.73.216.183 - - [25/Aug/2026:00:16:06 +0500] "GET /?%60=m3a1g5n3e3t738365 HTTP/1.1" 301 - "-" "Mozilla/5.0 AppleWebKit/537.36 (KHTML, like Gecko; compatible; ClaudeBot/1.0; +claudebot@anthropic.com)"
23.234.100.38 - - [25/Aug/2026:00:16:08 +0500] "GET /wp-admin/ HTTP/1.1" 301 - "https://wordpress.org/" "Mozilla/5.0 (Windows NT 10.0; Win64; x64) AppleWebKit/537.36 (KHTML, like Gecko) Chrome/120.0.0.0 Safari/537.36"
216.73.216.183 - - [25/Aug/2026:00:16:13 +0500] "GET /uz/?%60=m3a1g5n3e3t738365 HTTP/1.1" 200 68491 "https://www.eskijuva-bozori.uz.uzbekgidroenergoqurilish.uz/?%60=m3a1g5n3e3t738365" "Mozilla/5.0 AppleWebKit/537.36 (KHTML, like Gecko; compatible; ClaudeBot/1.0; +claudebot@anthropic.com)"
34.30.223.149 - - [25/Aug/2026:00:16:13 +0500] "GET /uz/facts-uzb?template=accessibility HTTP/1.1" 200 37916 "-" "Mozilla/5.0 (Macintosh; Intel Mac OS X 10_15_7) AppleWebKit/537.36 (KHTML, like Gecko) Chrome/120.0.0.0 Safari/537.36"
216.73.216.20 - - [25/Aug/2026:00:16:19 +0500] "GET /eurasian/desalination/a9u3v9e7r8g7n0e5715 HTTP/1.1" 301 - "-" "Mozilla/5.0 AppleWebKit/537.36 (KHTML, like Gecko; compatible; ClaudeBot/1.0; +claudebot@anthropic.com)"
216.73.216.20 - - [25/Aug/2026:00:16:31 +0500] "GET /?r=i9n4s0u4l8t1i9n3g369 HTTP/1.1" 508 288 "-" "Mozilla/5.0 AppleWebKit/537.36 (KHTML, like Gecko; compatible; ClaudeBot/1.0; +claudebot@anthropic.com)"
