216.73.216.20 - - [24/Aug/2026:23:10:02 +0500] "GET /uz/?r=w9i1s2e1l0i3k6e7762 HTTP/1.1" 200 68480 "https://eskijuva-bozori.uz/?r=w9i1s2e1l0i3k6e7762" "Mozilla/5.0 AppleWebKit/537.36 (KHTML, like Gecko; compatible; ClaudeBot/1.0; +claudebot@anthropic.com)"
193.70.46.175 - - [24/Aug/2026:23:10:03 +0500] "GET /uz/?r=b9i3t0u8m1i4n3i9z6e48&start=52 HTTP/1.1" 200 69028 "-" "Mozilla/5.0 (compatible; MJ12bot/v1.4.8; http://mj12bot.com/)"
216.73.216.20 - - [24/Aug/2026:23:10:08 +0500] "GET /?r=e9n2o2p0t6o0m2a7n6c4y9 HTTP/1.1" 301 - "-" "Mozilla/5.0 AppleWebKit/537.36 (KHTML, like Gecko; compatible; ClaudeBot/1.0; +claudebot@anthropic.com)"
81.167.26.57 - - [24/Aug/2026:23:10:09 +0500] "GET /uz/officially-uzb/work-performed-uz?template=accessibility HTTP/1.1" 200 26355 "-" "Mozilla/5.0 (compatible; MJ12bot/v1.4.8; http://mj12bot.com/)"
216.73.216.20 - - [24/Aug/2026:23:10:12 +0500] "GET /uz/?r=e9n2o2p0t6o0m2a7n6c4y9 HTTP/1.1" 200 68483 "https://eskijuva-bozori.uz/?r=e9n2o2p0t6o0m2a7n6c4y9" "Mozilla/5.0 AppleWebKit/537.36 (KHTML, like Gecko; compatible; ClaudeBot/1.0; +claudebot@anthropic.com)"
193.70.46.175 - - [24/Aug/2026:23:10:13 +0500] "GET /uz/?r=b9i3t0u8m1i4n3i9z6e48&start=8 HTTP/1.1" 200 67607 "-" "Mozilla/5.0 (compatible; MJ12bot/v1.4.8; http://mj12bot.com/)"
216.73.216.20 - - [24/Aug/2026:23:10:20 +0500] "GET /shops/ilicis/i9n2o2c7u3l4a8t1e8d55 HTTP/1.1" 301 - "-" "Mozilla/5.0 AppleWebKit/537.36 (KHTML, like Gecko; compatible; ClaudeBot/1.0; +claudebot@anthropic.com)"
81.167.26.57 - - [24/Aug/2026:23:10:18 +0500] "GET /uz/prospectus-uzb/12-uzbek/about-org-uzb HTTP/1.1" 200 64106 "-" "Mozilla/5.0 (compatible; MJ12bot/v1.4.8; http://mj12bot.com/)"
216.73.216.20 - - [24/Aug/2026:23:10:24 +0500] "GET /uz/shops/ilicis/i9n2o2c7u3l4a8t1e8d55 HTTP/1.1" 404 1216 "https://eskijuva-bozori.uz/shops/ilicis/i9n2o2c7u3l4a8t1e8d55" "Mozilla/5.0 AppleWebKit/537.36 (KHTML, like Gecko; compatible; ClaudeBot/1.0; +claudebot@anthropic.com)"
193.70.46.175 - - [24/Aug/2026:23:10:24 +0500] "GET /uz/?s=index/think%5C%5C%5C%5C%5C%5C%5C%5C%5C%5C%5C%5C%5C%5C%5C%5Capp/invokefunction&function=call_user_func_array&vars[0]=phpinfo&vars[1][0]=1&start=36 HTTP/1.1" 200 69688 "-" "Mozilla/5.0 (compatible; MJ12bot/v1.4.8; http://mj12bot.com/)"
81.167.26.57 - - [24/Aug/2026:23:10:30 +0500] "GET /uz/prospectus-uzb?format=feed&type=atom HTTP/1.1" 200 19921 "-" "Mozilla/5.0 (compatible; MJ12bot/v1.4.8; http://mj12bot.com/)"
216.73.216.183 - - [24/Aug/2026:23:10:33 +0500] "GET /shops/paralyze/s3u3l2p6h2o3n2a5l271 HTTP/1.1" 301 - "-" "Mozilla/5.0 AppleWebKit/537.36 (KHTML, like Gecko; compatible; ClaudeBot/1.0; +claudebot@anthropic.com)"
216.73.216.20 - - [24/Aug/2026:23:10:33 +0500] "GET /shops/leftish/i9n2s0c3r9u4t0a2b6i4l0ity HTTP/1.1" 301 - "-" "Mozilla/5.0 AppleWebKit/537.36 (KHTML, like Gecko; compatible; ClaudeBot/1.0; +claudebot@anthropic.com)"
192.178.6.3 - - [24/Aug/2026:23:10:37 +0500] "GET /uz/votes-uzb/420-bayon-kk-06-11-2023-pdf HTTP/1.1" 200 213412 "-" "Mozilla/5.0 (Linux; Android 6.0.1; Nexus 5X Build/MMB29P) AppleWebKit/537.36 (KHTML, like Gecko) Chrome/151.0.7922.137 Mobile Safari/537.36 (compatible; Googlebot/2.1; +http://www.google.com/bot.html)"
216.73.216.183 - - [24/Aug/2026:23:10:39 +0500] "GET /uz/shops/paralyze/s3u3l2p6h2o3n2a5l271 HTTP/1.1" 404 1248 "https://www.eskijuva-bozori.uz.uzbekgidroenergoqurilish.uz/shops/paralyze/s3u3l2p6h2o3n2a5l271" "Mozilla/5.0 AppleWebKit/537.36 (KHTML, like Gecko; compatible; ClaudeBot/1.0; +claudebot@anthropic.com)"
216.73.216.20 - - [24/Aug/2026:23:10:39 +0500] "GET /uz/shops/leftish/i9n2s0c3r9u4t0a2b6i4l0ity HTTP/1.1" 404 1216 "https://eskijuva-bozori.uz/shops/leftish/i9n2s0c3r9u4t0a2b6i4l0ity" "Mozilla/5.0 AppleWebKit/537.36 (KHTML, like Gecko; compatible; ClaudeBot/1.0; +claudebot@anthropic.com)"
193.70.46.175 - - [24/Aug/2026:23:10:37 +0500] "GET /uz/?s=index/think%5C%5C%5C%5C%5C%5C%5C%5C%5C%5C%5C%5C%5C%5C%5C%5Capp/invokefunction&function=call_user_func_array&vars[0]=phpinfo&vars[1][0]=1&start=52 HTTP/1.1" 200 69155 "-" "Mozilla/5.0 (compatible; MJ12bot/v1.4.8; http://mj12bot.com/)"
216.73.216.20 - - [24/Aug/2026:23:10:43 +0500] "GET /?r=s9t3o9l9o8n388898 HTTP/1.1" 301 - "-" "Mozilla/5.0 AppleWebKit/537.36 (KHTML, like Gecko; compatible; ClaudeBot/1.0; +claudebot@anthropic.com)"
81.167.26.57 - - [24/Aug/2026:23:10:42 +0500] "GET /uz/prospectus-uzb?format=feed&type=rss HTTP/1.1" 200 10701 "-" "Mozilla/5.0 (compatible; MJ12bot/v1.4.8; http://mj12bot.com/)"
193.70.46.175 - - [24/Aug/2026:23:10:49 +0500] "GET /robots.txt HTTP/1.1" 200 111 "-" "Mozilla/5.0 (compatible; MJ12bot/v1.4.8; http://mj12bot.com/)"
216.73.216.20 - - [24/Aug/2026:23:10:48 +0500] "GET /uz/?r=s9t3o9l9o8n388898 HTTP/1.1" 200 68478 "https://eskijuva-bozori.uz/?r=s9t3o9l9o8n388898" "Mozilla/5.0 AppleWebKit/537.36 (KHTML, like Gecko; compatible; ClaudeBot/1.0; +claudebot@anthropic.com)"
216.73.216.183 - - [24/Aug/2026:23:10:57 +0500] "GET /?%60=p3u3l0m0o5b4r8a0n2c4hiate HTTP/1.1" 508 288 "-" "Mozilla/5.0 AppleWebKit/537.36 (KHTML, like Gecko; compatible; ClaudeBot/1.0; +claudebot@anthropic.com)"
216.73.216.20 - - [24/Aug/2026:23:10:55 +0500] "GET /?r=f9a3t3h7e4r8s7i8n6l3a4w HTTP/1.1" 301 - "-" "Mozilla/5.0 AppleWebKit/537.36 (KHTML, like Gecko; compatible; ClaudeBot/1.0; +claudebot@anthropic.com)"
81.167.26.57 - - [24/Aug/2026:23:10:52 +0500] "GET /uz/prospectus-uzb?template=accessibility HTTP/1.1" 200 32165 "-" "Mozilla/5.0 (compatible; MJ12bot/v1.4.8; http://mj12bot.com/)"
193.70.46.175 - - [24/Aug/2026:23:10:53 +0500] "GET /ru/?template=accessibility&start=32 HTTP/1.1" 200 32681 "-" "Mozilla/5.0 (compatible; MJ12bot/v1.4.8; http://mj12bot.com/)"
34.10.180.98 - - [24/Aug/2026:23:10:54 +0500] "GET /uz/about-org-uzb/activity-uzb?template=accessibility HTTP/1.1" 200 33870 "-" "Mozilla/5.0 (Macintosh; Intel Mac OS X 10_15_7) AppleWebKit/537.36 (KHTML, like Gecko) Chrome/120.0.0.0 Safari/537.36"
216.73.216.20 - - [24/Aug/2026:23:11:05 +0500] "GET /shops/rheumic/i9m4p3a6r8t1i3a3l5 HTTP/1.1" 301 - "-" "Mozilla/5.0 AppleWebKit/537.36 (KHTML, like Gecko; compatible; ClaudeBot/1.0; +claudebot@anthropic.com)"
216.73.216.20 - - [24/Aug/2026:23:11:01 +0500] "GET /uz/?r=f9a3t3h7e4r8s7i8n6l3a4w HTTP/1.1" 200 68484 "https://eskijuva-bozori.uz/?r=f9a3t3h7e4r8s7i8n6l3a4w" "Mozilla/5.0 AppleWebKit/537.36 (KHTML, like Gecko; compatible; ClaudeBot/1.0; +claudebot@anthropic.com)"
81.167.26.57 - - [24/Aug/2026:23:11:05 +0500] "GET /uz/votes-uzb/259-poll-25-04-2019 HTTP/1.1" 200 56632 "-" "Mozilla/5.0 (compatible; MJ12bot/v1.4.8; http://mj12bot.com/)"
136.119.35.120 - - [24/Aug/2026:23:11:05 +0500] "GET /uz/news-uzb/471-meeting-15-09-2025 HTTP/1.1" 200 58663 "-" "Mozilla/5.0 (Macintosh; Intel Mac OS X 10_15_7) AppleWebKit/537.36 (KHTML, like Gecko) Chrome/120.0.0.0 Safari/537.36"
216.73.216.20 - - [24/Aug/2026:23:11:17 +0500] "GET /?r=p9o3t8a0t9i0o0n9422 HTTP/1.1" 508 288 "-" "Mozilla/5.0 AppleWebKit/537.36 (KHTML, like Gecko; compatible; ClaudeBot/1.0; +claudebot@anthropic.com)"
193.70.46.175 - - [24/Aug/2026:23:11:06 +0500] "GET /ru/facts-rus/464-sush-fakt-06-24-05-2025-pdf HTTP/1.1" 200 55988 "-" "Mozilla/5.0 (compatible; MJ12bot/v1.4.8; http://mj12bot.com/)"
216.73.216.20 - - [24/Aug/2026:23:11:12 +0500] "GET /uz/shops/rheumic/i9m4p3a6r8t1i3a3l5 HTTP/1.1" 404 1216 "https://eskijuva-bozori.uz/shops/rheumic/i9m4p3a6r8t1i3a3l5" "Mozilla/5.0 AppleWebKit/537.36 (KHTML, like Gecko; compatible; ClaudeBot/1.0; +claudebot@anthropic.com)"
81.167.26.57 - - [24/Aug/2026:23:11:19 +0500] "GET /uz/votes-uzb?format=feed&type=atom HTTP/1.1" 508 288 "-" "Mozilla/5.0 (compatible; MJ12bot/v1.4.8; http://mj12bot.com/)"
216.73.216.183 - - [24/Aug/2026:23:11:21 +0500] "GET /?%60=r3e4p0r1o0v1i0n7g214 HTTP/1.1" 301 - "-" "Mozilla/5.0 AppleWebKit/537.36 (KHTML, like Gecko; compatible; ClaudeBot/1.0; +claudebot@anthropic.com)"
81.167.26.57 - - [24/Aug/2026:23:11:23 +0500] "GET /uz/votes-uzb?format=feed&type=rss HTTP/1.1" 200 7882 "-" "Mozilla/5.0 (compatible; MJ12bot/v1.4.8; http://mj12bot.com/)"
193.70.46.175 - - [24/Aug/2026:23:11:21 +0500] "GET /ru/facts-rus?start=90 HTTP/1.1" 200 62386 "-" "Mozilla/5.0 (compatible; MJ12bot/v1.4.8; http://mj12bot.com/)"
34.56.53.225 - - [24/Aug/2026:23:11:35 +0500] "GET /uz/jsc-docs-uzb/446-poloj-ns-2023-doc HTTP/1.1" 508 288 "-" "Mozilla/5.0 (Macintosh; Intel Mac OS X 10_15_7) AppleWebKit/537.36 (KHTML, like Gecko) Chrome/120.0.0.0 Safari/537.36"
216.73.216.20 - - [24/Aug/2026:23:11:36 +0500] "GET /?r=p9r3e0f0i6n9i7t2i4o4n0 HTTP/1.1" 508 288 "-" "Mozilla/5.0 AppleWebKit/537.36 (KHTML, like Gecko; compatible; ClaudeBot/1.0; +claudebot@anthropic.com)"
193.70.46.175 - - [24/Aug/2026:23:11:36 +0500] "GET /ru/votes-rus/474-prot-osa-15-09-2025-pdf HTTP/1.1" 508 288 "-" "Mozilla/5.0 (compatible; MJ12bot/v1.4.8; http://mj12bot.com/)"
216.73.216.20 - - [24/Aug/2026:23:11:36 +0500] "GET /uz/?r=i9m2p9u6t6a9t0i5v0e87 HTTP/1.1" 508 288 "https://eskijuva-bozori.uz/?r=i9m2p9u6t6a9t0i5v0e87" "Mozilla/5.0 AppleWebKit/537.36 (KHTML, like Gecko; compatible; ClaudeBot/1.0; +claudebot@anthropic.com)"
216.73.216.20 - - [24/Aug/2026:23:11:29 +0500] "GET /?r=i9m2p9u6t6a9t0i5v0e87 HTTP/1.1" 301 - "-" "Mozilla/5.0 AppleWebKit/537.36 (KHTML, like Gecko; compatible; ClaudeBot/1.0; +claudebot@anthropic.com)"
216.73.216.183 - - [24/Aug/2026:23:11:28 +0500] "GET /uz/?%60=r3e4p0r1o0v1i0n7g214 HTTP/1.1" 200 68707 "https://www.eskijuva-bozori.uz.uzbekgidroenergoqurilish.uz/?%60=r3e4p0r1o0v1i0n7g214" "Mozilla/5.0 AppleWebKit/537.36 (KHTML, like Gecko; compatible; ClaudeBot/1.0; +claudebot@anthropic.com)"
193.70.46.175 - - [24/Aug/2026:23:11:39 +0500] "GET /uz/?template=accessibility&start=48 HTTP/1.1" 508 288 "-" "Mozilla/5.0 (compatible; MJ12bot/v1.4.8; http://mj12bot.com/)"
54.164.106.236 - - [24/Aug/2026:23:11:31 +0500] "GET /uz/10-uzbek?start=80 HTTP/1.1" 200 70146 "-" "Mozilla/5.0 AppleWebKit/537.36 (KHTML, like Gecko; compatible; Amazonbot/0.1; +https://developer.amazon.com/support/amazonbot) Chrome/119.0.6045.214 Safari/537.36"
81.167.26.57 - - [24/Aug/2026:23:11:34 +0500] "GET /uz/votes-uzb?template=accessibility HTTP/1.1" 200 33133 "-" "Mozilla/5.0 (compatible; MJ12bot/v1.4.8; http://mj12bot.com/)"
193.70.46.175 - - [24/Aug/2026:23:11:43 +0500] "GET /uz/facts-uzb?format=feed&type=atom HTTP/1.1" 200 14453 "-" "Mozilla/5.0 (compatible; MJ12bot/v1.4.8; http://mj12bot.com/)"
216.73.216.20 - - [24/Aug/2026:23:11:47 +0500] "GET /?r=p9r1o8n5a6t3o5r114 HTTP/1.1" 301 - "-" "Mozilla/5.0 AppleWebKit/537.36 (KHTML, like Gecko; compatible; ClaudeBot/1.0; +claudebot@anthropic.com)"
216.73.216.20 - - [24/Aug/2026:23:11:53 +0500] "GET /uz/?r=p9r1o8n5a6t3o5r114 HTTP/1.1" 200 68479 "https://eskijuva-bozori.uz/?r=p9r1o8n5a6t3o5r114" "Mozilla/5.0 AppleWebKit/537.36 (KHTML, like Gecko; compatible; ClaudeBot/1.0; +claudebot@anthropic.com)"
193.70.46.175 - - [24/Aug/2026:23:11:54 +0500] "GET /uz/facts-uzb?format=feed&type=rss HTTP/1.1" 200 9868 "-" "Mozilla/5.0 (compatible; MJ12bot/v1.4.8; http://mj12bot.com/)"
216.73.216.20 - - [24/Aug/2026:23:11:59 +0500] "GET /?r=w9i3l9l1f2u3l6n7e5s2s3 HTTP/1.1" 301 - "-" "Mozilla/5.0 AppleWebKit/537.36 (KHTML, like Gecko; compatible; ClaudeBot/1.0; +claudebot@anthropic.com)"
216.73.216.20 - - [24/Aug/2026:23:12:05 +0500] "GET /uz/?r=w9i3l9l1f2u3l6n7e5s2s3 HTTP/1.1" 200 68483 "https://eskijuva-bozori.uz/?r=w9i3l9l1f2u3l6n7e5s2s3" "Mozilla/5.0 AppleWebKit/537.36 (KHTML, like Gecko; compatible; ClaudeBot/1.0; +claudebot@anthropic.com)"
216.73.216.20 - - [24/Aug/2026:23:12:17 +0500] "GET /uz/shops/rebated/s9h2i4f6t4i8n9g4l7y79 HTTP/1.1" 508 288 "https://eskijuva-bozori.uz/shops/rebated/s9h2i4f6t4i8n9g4l7y79" "Mozilla/5.0 AppleWebKit/537.36 (KHTML, like Gecko; compatible; ClaudeBot/1.0; +claudebot@anthropic.com)"
216.73.216.20 - - [24/Aug/2026:23:12:08 +0500] "GET /shops/rebated/s9h2i4f6t4i8n9g4l7y79 HTTP/1.1" 301 - "-" "Mozilla/5.0 AppleWebKit/537.36 (KHTML, like Gecko; compatible; ClaudeBot/1.0; +claudebot@anthropic.com)"
85.208.96.207 - - [24/Aug/2026:23:12:08 +0500] "GET /uz/facts-uzb/367-08-fact-31-03-2022-io HTTP/1.1" 200 57217 "-" "Mozilla/5.0 (compatible; SemrushBot/7~bl; +http://www.semrush.com/bot.html)"
216.73.216.20 - - [24/Aug/2026:23:12:19 +0500] "GET /?r=a9n4t1i0t8u5s0s0i3v7e7 HTTP/1.1" 301 - "-" "Mozilla/5.0 AppleWebKit/537.36 (KHTML, like Gecko; compatible; ClaudeBot/1.0; +claudebot@anthropic.com)"
216.73.216.20 - - [24/Aug/2026:23:12:26 +0500] "GET /uz/?r=a9n4t1i0t8u5s0s0i3v7e7 HTTP/1.1" 200 68483 "https://eskijuva-bozori.uz/?r=a9n4t1i0t8u5s0s0i3v7e7" "Mozilla/5.0 AppleWebKit/537.36 (KHTML, like Gecko; compatible; ClaudeBot/1.0; +claudebot@anthropic.com)"
216.73.216.20 - - [24/Aug/2026:23:12:51 +0500] "GET /uz/?r=d4a2u6p2h5i7n94338&start=8 HTTP/1.1" 200 67604 "-" "Mozilla/5.0 AppleWebKit/537.36 (KHTML, like Gecko; compatible; ClaudeBot/1.0; +claudebot@anthropic.com)"
216.73.216.20 - - [24/Aug/2026:23:13:03 +0500] "GET /?r=q9u3a9t5e4r5n9i9t4y82 HTTP/1.1" 301 - "-" "Mozilla/5.0 AppleWebKit/537.36 (KHTML, like Gecko; compatible; ClaudeBot/1.0; +claudebot@anthropic.com)"
216.73.216.20 - - [24/Aug/2026:23:13:10 +0500] "GET /uz/?r=q9u3a9t5e4r5n9i9t4y82 HTTP/1.1" 200 68482 "https://eskijuva-bozori.uz/?r=q9u3a9t5e4r5n9i9t4y82" "Mozilla/5.0 AppleWebKit/537.36 (KHTML, like Gecko; compatible; ClaudeBot/1.0; +claudebot@anthropic.com)"
216.73.216.20 - - [24/Aug/2026:23:13:24 +0500] "GET /shops/nursepond/j9o2u3r5n1e7y9m9a5n28 HTTP/1.1" 301 - "-" "Mozilla/5.0 AppleWebKit/537.36 (KHTML, like Gecko; compatible; ClaudeBot/1.0; +claudebot@anthropic.com)"
85.208.96.193 - - [24/Aug/2026:23:13:22 +0500] "GET /uz/?3x=3x&start=8 HTTP/1.1" 200 67589 "-" "Mozilla/5.0 (compatible; SemrushBot/7~bl; +http://www.semrush.com/bot.html)"
216.73.216.20 - - [24/Aug/2026:23:13:32 +0500] "GET /uz/shops/nursepond/j9o2u3r5n1e7y9m9a5n28 HTTP/1.1" 404 1216 "https://eskijuva-bozori.uz/shops/nursepond/j9o2u3r5n1e7y9m9a5n28" "Mozilla/5.0 AppleWebKit/537.36 (KHTML, like Gecko; compatible; ClaudeBot/1.0; +claudebot@anthropic.com)"
216.73.216.20 - - [24/Aug/2026:23:13:36 +0500] "GET /shops/cerebrifugal/b9o5l0t7o0n6i9a927 HTTP/1.1" 301 - "-" "Mozilla/5.0 AppleWebKit/537.36 (KHTML, like Gecko; compatible; ClaudeBot/1.0; +claudebot@anthropic.com)"
216.73.216.20 - - [24/Aug/2026:23:13:42 +0500] "GET /uz/shops/cerebrifugal/b9o5l0t7o0n6i9a927 HTTP/1.1" 404 1216 "https://eskijuva-bozori.uz/shops/cerebrifugal/b9o5l0t7o0n6i9a927" "Mozilla/5.0 AppleWebKit/537.36 (KHTML, like Gecko; compatible; ClaudeBot/1.0; +claudebot@anthropic.com)"
85.208.96.206 - - [24/Aug/2026:23:14:32 +0500] "GET /ru/officially-rus/tenders-rus?template=yoo_master2 HTTP/1.1" 200 61650 "-" "Mozilla/5.0 (compatible; SemrushBot/7~bl; +http://www.semrush.com/bot.html)"
34.61.96.6 - - [24/Aug/2026:23:14:44 +0500] "GET /docs/2022/balans-1-2-2022.xls HTTP/1.1" 200 70144 "-" "Mozilla/5.0 (Macintosh; Intel Mac OS X 10_15_7) AppleWebKit/537.36 (KHTML, like Gecko) Chrome/120.0.0.0 Safari/537.36"
216.73.216.183 - - [24/Aug/2026:23:15:00 +0500] "GET /uz/?%60=u3n9a0c6c0e9p8t2a8b4leness&start=8 HTTP/1.1" 200 67838 "-" "Mozilla/5.0 AppleWebKit/537.36 (KHTML, like Gecko; compatible; ClaudeBot/1.0; +claudebot@anthropic.com)"
216.73.216.183 - - [24/Aug/2026:23:15:18 +0500] "GET /uz/?%60=f3a4n0t8a5s5t5i9c278&start=44 HTTP/1.1" 200 69675 "-" "Mozilla/5.0 AppleWebKit/537.36 (KHTML, like Gecko; compatible; ClaudeBot/1.0; +claudebot@anthropic.com)"
185.191.171.11 - - [24/Aug/2026:23:15:22 +0500] "GET /uz/?destination=node&start=28 HTTP/1.1" 200 68602 "-" "Mozilla/5.0 (compatible; SemrushBot/7~bl; +http://www.semrush.com/bot.html)"
34.56.53.225 - - [24/Aug/2026:23:16:51 +0500] "GET /uz/officially-uzb/tenders-uzb HTTP/1.1" 200 63221 "-" "Mozilla/5.0 (Macintosh; Intel Mac OS X 10_15_7) AppleWebKit/537.36 (KHTML, like Gecko) Chrome/120.0.0.0 Safari/537.36"
185.191.171.13 - - [24/Aug/2026:23:18:53 +0500] "GET /uz/facts-uzb?start=45&template=accessibility%27 HTTP/1.1" 200 38392 "-" "Mozilla/5.0 (compatible; SemrushBot/7~bl; +http://www.semrush.com/bot.html)"
85.208.96.196 - - [24/Aug/2026:23:19:00 +0500] "GET /uz/officially-uzb/tenders-uzb/217-tender-corp-upr-check-24-03-18 HTTP/1.1" 200 59670 "-" "Mozilla/5.0 (compatible; SemrushBot/7~bl; +http://www.semrush.com/bot.html)"
141.148.175.211 - - [24/Aug/2026:23:19:20 +0500] "GET /uz?start=12 HTTP/1.1" 200 15601 "-" "Mozilla/5.0 (X11; Linux aarch64) AppleWebKit/537.36 (KHTML, like Gecko) Chrome/139.0.0.0 Safari/537.36"
141.148.175.211 - - [24/Aug/2026:23:19:34 +0500] "GET /uz?start=12 HTTP/1.1" 200 15601 "-" "Mozilla/5.0 (X11; Linux aarch64) AppleWebKit/537.36 (KHTML, like Gecko) Chrome/139.0.0.0 Safari/537.36"
34.10.180.98 - - [24/Aug/2026:23:20:52 +0500] "GET /ru/about-org-rus/indexes-rus/364-fin-activity-report-2021-ru HTTP/1.1" 200 54949 "-" "Mozilla/5.0 (Macintosh; Intel Mac OS X 10_15_7) AppleWebKit/537.36 (KHTML, like Gecko) Chrome/120.0.0.0 Safari/537.36"
114.119.152.128 - - [24/Aug/2026:23:20:53 +0500] "GET /uz/officially-uzb/tenders-uzb?template=accessibility HTTP/1.1" 200 32219 "https://eskijuva-bozori.uz/uz/officially-uzb/tenders-uzb/285-konkurs-audit-2020uzb" "Mozilla/5.0 (Linux; Android 7.0;) AppleWebKit/537.36 (HTML, like Gecko) Mobile Safari/537.36 (compatible; PetalBot;+https://webmaster.petalsearch.com/site/petalbot)"
207.46.13.6 - - [24/Aug/2026:23:22:26 +0500] "GET /docs/reports/forma-2-3kv-2015.xls HTTP/1.1" 200 30208 "-" "Mozilla/5.0 AppleWebKit/537.36 (KHTML, like Gecko; compatible; bingbot/2.0; +http://www.bing.com/bingbot.htm) Chrome/116.0.1938.76 Safari/537.36"
216.73.216.183 - - [24/Aug/2026:23:22:31 +0500] "GET /uz/?r=p4o8i5n2t8r3e6l905&start=16 HTTP/1.1" 200 68996 "-" "Mozilla/5.0 AppleWebKit/537.36 (KHTML, like Gecko; compatible; ClaudeBot/1.0; +claudebot@anthropic.com)"
216.73.216.183 - - [24/Aug/2026:23:22:42 +0500] "GET /shops/witnesser/p3a1l8s4y2i0n0g7620 HTTP/1.1" 301 - "-" "Mozilla/5.0 AppleWebKit/537.36 (KHTML, like Gecko; compatible; ClaudeBot/1.0; +claudebot@anthropic.com)"
216.73.216.183 - - [24/Aug/2026:23:22:48 +0500] "GET /uz/shops/witnesser/p3a1l8s4y2i0n0g7620 HTTP/1.1" 404 1248 "https://www.eskijuva-bozori.uz.uzbekgidroenergoqurilish.uz/shops/witnesser/p3a1l8s4y2i0n0g7620" "Mozilla/5.0 AppleWebKit/537.36 (KHTML, like Gecko; compatible; ClaudeBot/1.0; +claudebot@anthropic.com)"
216.73.216.183 - - [24/Aug/2026:23:23:03 +0500] "GET /shops/harder/u3n2d3i8s4t4i1n3c1t1i0ve HTTP/1.1" 301 - "-" "Mozilla/5.0 AppleWebKit/537.36 (KHTML, like Gecko; compatible; ClaudeBot/1.0; +claudebot@anthropic.com)"
216.73.216.183 - - [24/Aug/2026:23:23:06 +0500] "GET /uz/shops/harder/u3n2d3i8s4t4i1n3c1t1i0ve HTTP/1.1" 404 1248 "https://www.eskijuva-bozori.uz.uzbekgidroenergoqurilish.uz/shops/harder/u3n2d3i8s4t4i1n3c1t1i0ve" "Mozilla/5.0 AppleWebKit/537.36 (KHTML, like Gecko; compatible; ClaudeBot/1.0; +claudebot@anthropic.com)"
216.73.216.183 - - [24/Aug/2026:23:23:15 +0500] "GET /camass/drosera/a3n1g4u6s0t4i5r0o8s9t1ris HTTP/1.1" 301 - "-" "Mozilla/5.0 AppleWebKit/537.36 (KHTML, like Gecko; compatible; ClaudeBot/1.0; +claudebot@anthropic.com)"
216.73.216.183 - - [24/Aug/2026:23:23:18 +0500] "GET /uz/camass/drosera/a3n1g4u6s0t4i5r0o8s9t1ris HTTP/1.1" 404 1248 "https://www.eskijuva-bozori.uz.uzbekgidroenergoqurilish.uz/camass/drosera/a3n1g4u6s0t4i5r0o8s9t1ris" "Mozilla/5.0 AppleWebKit/537.36 (KHTML, like Gecko; compatible; ClaudeBot/1.0; +claudebot@anthropic.com)"
85.208.96.205 - - [24/Aug/2026:23:23:48 +0500] "GET /uz/?r=i9m2a6g9i9n9a0t8e957&start=8 HTTP/1.1" 200 67628 "-" "Mozilla/5.0 (compatible; SemrushBot/7~bl; +http://www.semrush.com/bot.html)"
52.70.138.176 - - [24/Aug/2026:23:24:08 +0500] "GET /uz/?rest_route=/notificationx/v1/analytics&start=12 HTTP/1.1" 200 68682 "-" "Mozilla/5.0 AppleWebKit/537.36 (KHTML, like Gecko; compatible; Amazonbot/0.1; +https://developer.amazon.com/support/amazonbot) Chrome/119.0.6045.214 Safari/537.36"
216.73.216.183 - - [24/Aug/2026:23:24:33 +0500] "GET /uz/?destination=node&start=20 HTTP/1.1" 200 68537 "-" "Mozilla/5.0 AppleWebKit/537.36 (KHTML, like Gecko; compatible; ClaudeBot/1.0; +claudebot@anthropic.com)"
216.73.216.183 - - [24/Aug/2026:23:24:44 +0500] "GET /ru/info-for-shareholders-rus?start=20 HTTP/1.1" 200 60192 "-" "Mozilla/5.0 AppleWebKit/537.36 (KHTML, like Gecko; compatible; ClaudeBot/1.0; +claudebot@anthropic.com)"
85.208.96.207 - - [24/Aug/2026:23:24:50 +0500] "GET /uz/?amp%3Bstart=48&function=call_user_func_array&start=36&vars%5B0%5D=phpinfo&vars%5B1%5D%5B0%5D=1 HTTP/1.1" 200 70892 "-" "Mozilla/5.0 (compatible; SemrushBot/7~bl; +http://www.semrush.com/bot.html)"
85.208.96.207 - - [24/Aug/2026:23:24:51 +0500] "GET /uz/?function=call_user_func_array&s=index%2Fthink%5C%5C%5C%5C%5C%5C%5C%5C%5C%5C%5C%5C%5C%5C%5C%5C%5C%5C%5C%5C%5C%5C%5C%5C%5C%5C%5C%5C%5C%5C%5C%5C%5C%5C%5C%5C%5C%5C%5C%5C%5C%5C%5C%5C%5C%5C%5C%5C%5C%5C%5C%5C%5C%5C%5C%5C%5C%5C%5C%5C%5C%5C%5C%5C%5C%5C%5C%5C%5C%5C%5C%5C%5C%5C%5C%5C%5C%5C%5C%5C%5C%5C%5C%5C%5C%5C%5C%5C%5C%5C%5C%5C%5C%5C%5C%5C%5C%5C%5C%5C%5C%5C%5C%5C%5C%5C%5C%5C%5C%5C%5C%5C%5C%5C%5C%5C%5C%5C%5C%5C%5C%5C%5C%5C%5C%5C%5C%5C%5C%5C%5C%5C%5C%5C%5C%5C%5C%5C%5C%5C%5C%5C%5C%5C%5C%5C%5C%5C%5C%5C%5C%5C%5C%5C%5C%5C%5C%5C%5C%5C%5C%5C%5C%5C%5C%5C%5C%5C%5C%5C%5C%5C%5C%5C%5C%5C%5C%5C%5C%5C%5C%5C%5C%5C%5C%5C%5C%5C%5C%5C%5C%5C%5C%5C%5C%5C%5C%5C%5C%5C%5C%5C%5C%5C%5C%5C%5C%5C%5C%5C%5C%5C%5C%5C%5C%5C%5C%5C%5C%5C%5C%5C%5C%5C%5C%5C%5C%5C%5C%5C%5C%5C%5C%5C%5C%5C%5C%5C%5C%5C%5C%5C%5C%5C%5C%5C%5C%5C%5C%5C%5C%5C%5C%5C%5C%5Capp%2Finvokefunction&start=52&vars%5B0%5D=phpinfo&vars%5B1%5D%5B0%5D=1 HTTP/1.1" 200 72291 "-" "Mozilla/5.0 (compatible; SemrushBot/7~bl; +http://www.semrush.com/bot.html)"
216.73.216.183 - - [24/Aug/2026:23:24:56 +0500] "GET /uz/?destination=node&start=52 HTTP/1.1" 200 71617 "-" "Mozilla/5.0 AppleWebKit/537.36 (KHTML, like Gecko; compatible; ClaudeBot/1.0; +claudebot@anthropic.com)"
34.171.68.95 - - [24/Aug/2026:23:25:48 +0500] "GET /ru/component/search/?Itemid=125&catid=41&format=opensearch&id=325 HTTP/1.1" 200 773 "-" "Mozilla/5.0 (Macintosh; Intel Mac OS X 10_15_7) AppleWebKit/537.36 (KHTML, like Gecko) Chrome/120.0.0.0 Safari/537.36"
216.73.216.183 - - [24/Aug/2026:23:25:48 +0500] "GET /ru/facts-rus?ismobile=1&start=15 HTTP/1.1" 200 67898 "-" "Mozilla/5.0 AppleWebKit/537.36 (KHTML, like Gecko; compatible; ClaudeBot/1.0; +claudebot@anthropic.com)"
185.191.171.10 - - [24/Aug/2026:23:25:52 +0500] "GET /uz/prospectus-uzb/10-uzbek?start=20 HTTP/1.1" 200 68217 "-" "Mozilla/5.0 (compatible; SemrushBot/7~bl; +http://www.semrush.com/bot.html)"
216.73.216.183 - - [24/Aug/2026:23:26:00 +0500] "GET /ru/facts-rus/104-25-fact-25-05-15 HTTP/1.1" 200 59056 "-" "Mozilla/5.0 AppleWebKit/537.36 (KHTML, like Gecko; compatible; ClaudeBot/1.0; +claudebot@anthropic.com)"
216.73.216.183 - - [24/Aug/2026:23:26:11 +0500] "GET /ru/facts-rus?ismobile=1&start=90 HTTP/1.1" 200 62133 "-" "Mozilla/5.0 AppleWebKit/537.36 (KHTML, like Gecko; compatible; ClaudeBot/1.0; +claudebot@anthropic.com)"
216.73.216.183 - - [24/Aug/2026:23:26:21 +0500] "GET /ru/facts-rus/368-08-fact-31-03-2022-rk HTTP/1.1" 200 56141 "-" "Mozilla/5.0 AppleWebKit/537.36 (KHTML, like Gecko; compatible; ClaudeBot/1.0; +claudebot@anthropic.com)"
216.73.216.183 - - [24/Aug/2026:23:26:32 +0500] "GET /ru/facts-rus/366-08-fact-31-03-2022-ns HTTP/1.1" 200 56277 "-" "Mozilla/5.0 AppleWebKit/537.36 (KHTML, like Gecko; compatible; ClaudeBot/1.0; +claudebot@anthropic.com)"
85.208.96.199 - - [24/Aug/2026:23:26:40 +0500] "GET /uz/officially-uzb/tenders-uzb/244-tender-fin-act-2018 HTTP/1.1" 200 61051 "-" "Mozilla/5.0 (compatible; SemrushBot/7~bl; +http://www.semrush.com/bot.html)"
216.73.216.183 - - [24/Aug/2026:23:26:43 +0500] "GET /ru/facts-rus/126-08-fact-rk-28-06-16 HTTP/1.1" 200 61922 "-" "Mozilla/5.0 AppleWebKit/537.36 (KHTML, like Gecko; compatible; ClaudeBot/1.0; +claudebot@anthropic.com)"
34.10.180.98 - - [24/Aug/2026:23:27:20 +0500] "GET /ru/component/search/?Itemid=131&format=opensearch HTTP/1.1" 200 749 "-" "Mozilla/5.0 (Macintosh; Intel Mac OS X 10_15_7) AppleWebKit/537.36 (KHTML, like Gecko) Chrome/120.0.0.0 Safari/537.36"
34.123.149.87 - - [24/Aug/2026:23:27:27 +0500] "GET /uz/jsc-docs-uzb/185-vnutr-contr-28-06-16-uzb HTTP/1.1" 200 86376 "-" "Mozilla/5.0 (Macintosh; Intel Mac OS X 10_15_7) AppleWebKit/537.36 (KHTML, like Gecko) Chrome/120.0.0.0 Safari/537.36"
216.73.216.183 - - [24/Aug/2026:23:27:31 +0500] "GET /ru/facts-rus/457-sush-fakt-08-15-04-2025ns-ej-pdf HTTP/1.1" 200 56435 "-" "Mozilla/5.0 AppleWebKit/537.36 (KHTML, like Gecko; compatible; ClaudeBot/1.0; +claudebot@anthropic.com)"
216.73.216.183 - - [24/Aug/2026:23:27:42 +0500] "GET /ru/facts-rus/427-sush-fakt-08-01-04-2024-io-doc HTTP/1.1" 200 56383 "-" "Mozilla/5.0 AppleWebKit/537.36 (KHTML, like Gecko; compatible; ClaudeBot/1.0; +claudebot@anthropic.com)"
216.73.216.183 - - [24/Aug/2026:23:28:23 +0500] "GET /ru/facts-rus/464-sush-fakt-06-24-05-2025-pdf HTTP/1.1" 200 56289 "-" "Mozilla/5.0 AppleWebKit/537.36 (KHTML, like Gecko; compatible; ClaudeBot/1.0; +claudebot@anthropic.com)"
216.73.216.183 - - [24/Aug/2026:23:28:35 +0500] "GET /ru/facts-rus/407-sush-fakt-32-31-03-2023 HTTP/1.1" 200 55878 "-" "Mozilla/5.0 AppleWebKit/537.36 (KHTML, like Gecko; compatible; ClaudeBot/1.0; +claudebot@anthropic.com)"
216.73.216.183 - - [24/Aug/2026:23:29:04 +0500] "GET /ru/facts-rus/477-sush-fakt-40-20-11-2025-pdf HTTP/1.1" 200 56334 "-" "Mozilla/5.0 AppleWebKit/537.36 (KHTML, like Gecko; compatible; ClaudeBot/1.0; +claudebot@anthropic.com)"
185.191.171.7 - - [24/Aug/2026:23:29:36 +0500] "GET /uz/?author=2&start=20 HTTP/1.1" 200 68501 "-" "Mozilla/5.0 (compatible; SemrushBot/7~bl; +http://www.semrush.com/bot.html)"
34.56.53.225 - - [24/Aug/2026:23:30:21 +0500] "GET /uz/dividends-uzb?format=feed&type=rss HTTP/1.1" 200 3417 "-" "Mozilla/5.0 (Macintosh; Intel Mac OS X 10_15_7) AppleWebKit/537.36 (KHTML, like Gecko) Chrome/120.0.0.0 Safari/537.36"
34.10.180.98 - - [24/Aug/2026:23:31:55 +0500] "GET /uz/facts-uzb/106-08-fact-12-10-15 HTTP/1.1" 200 62120 "-" "Mozilla/5.0 (Macintosh; Intel Mac OS X 10_15_7) AppleWebKit/537.36 (KHTML, like Gecko) Chrome/120.0.0.0 Safari/537.36"
185.191.171.17 - - [24/Aug/2026:23:32:19 +0500] "GET /uz/?function=call_user_func_array&s=index%2Fthink%5C%5C%5C%5C%5C%5C%5C%5C%5C%5C%5C%5C%5C%5C%5C%5C%5C%5C%5C%5C%5C%5C%5C%5C%5C%5C%5C%5C%5C%5C%5C%5C%5C%5C%5C%5C%5C%5C%5C%5C%5C%5C%5C%5C%5C%5C%5C%5C%5C%5C%5C%5C%5C%5C%5C%5C%5C%5C%5C%5C%5C%5C%5C%5C%5C%5C%5C%5C%5C%5C%5C%5C%5C%5C%5C%5C%5C%5C%5C%5C%5C%5C%5C%5C%5C%5C%5C%5C%5C%5C%5C%5C%5C%5C%5C%5C%5C%5C%5C%5C%5C%5C%5C%5C%5C%5C%5C%5C%5C%5C%5C%5C%5C%5C%5C%5C%5C%5C%5C%5C%5C%5C%5C%5C%5C%5C%5C%5C%5C%5C%5C%5C%5C%5C%5C%5C%5C%5C%5C%5C%5C%5C%5C%5C%5C%5C%5C%5C%5C%5C%5C%5C%5C%5C%5C%5C%5C%5C%5C%5C%5C%5C%5C%5C%5C%5C%5C%5C%5C%5C%5C%5C%5C%5C%5C%5C%5C%5C%5C%5C%5C%5C%5C%5C%5C%5C%5C%5C%5C%5C%5C%5C%5C%5C%5C%5C%5C%5C%5C%5C%5C%5C%5C%5C%5C%5C%5C%5C%5C%5C%5C%5C%5C%5C%5C%5C%5C%5C%5C%5C%5C%5C%5C%5C%5C%5C%5C%5C%5C%5C%5C%5C%5C%5C%5C%5C%5C%5C%5C%5C%5C%5C%5C%5C%5C%5C%5C%5C%5C%5C%5C%5C%5C%5C%5C%5C%5C%5C%5C%5C%5C%5C%5C%5C%5C%5C%5C%5C%5C%5C%5C%5C%5C%5C%5C%5C%5C%5C%5C%5C%5C%5C%5C%5C%5C%5C%5C%5C%5C%5C%5C%5C%5C%5C%5C%5C%5C%5C%5C%5C%5C%5C%5C%5C%5C%5C%5C%5C%5C%5C%5C%5C%5C%5C%5C%5C%5C%5C%5C%5C%5C%5C%5C%5C%5C%5C%5C%5C%5C%5C%5C%5C%5C%5C%5C%5C%5C%5C%5C%5C%5C%5C%5C%5C%5C%5C%5C%5C%5C%5C%5C%5C%5C%5C%5C%5C%5C%5C%5C%5C%5C%5C%5C%5C%5C%5C%5C%5C%5C%5C%5C%5C%5C%5C%5C%5C%5C%5C%5C%5C%5C%5C%5C%5C%5C%5C%5C%5C%5C%5C%5C%5C%5C%5C%5C%5C%5C%5C%5C%5C%5C%5C%5C%5C%5C%5C%5C%5C%5C%5C%5C%5C%5C%5C%5C%5C%5C%5C%5C%5C%5C%5C%5C%5C%5C%5C%5C%5C%5C%5C%5C%5C%5C%5C%5C%5C%5C%5C%5C%5C%5C%5C%5C%5C%5C%5C%5C%5C%5C%5C%5C%5C%5C%5C%5C%5C%5C%5C%5C%5C%5C%5C%5C%5C%5C%5C%5C%5C%5C%5C%5C%5C%5C%5C%5C%5C%5C%5C%5C%5C%5C%5C%5C%5C%5C%5C%5C%5C%5C%5C%5C%5C%5C%5C%5C%5C%5C%5C%5C%5C%5C%5C%5C%5C%5C%5C%5C%5C%5C%5C%5C%5Capp%2Finvokefunction&start=44&vars%5B0%5D=phpinfo&vars%5B1%5D%5B0%5D=1 HTTP/1.1" 200 78005 "-" "Mozilla/5.0 (compatible; SemrushBot/7~bl; +http://www.semrush.com/bot.html)"
52.167.144.24 - - [24/Aug/2026:23:32:43 +0500] "GET /uz/jsc-docs-uzb/50-rev-kom-14-07-14-uzb HTTP/1.1" 200 208436 "-" "Mozilla/5.0 AppleWebKit/537.36 (KHTML, like Gecko; compatible; bingbot/2.0; +http://www.bing.com/bingbot.htm) Chrome/116.0.1938.76 Safari/537.36"
185.191.171.17 - - [24/Aug/2026:23:34:15 +0500] "GET /uz/officially-uzb/arkhiv?template=accessibility HTTP/1.1" 508 288 "-" "Mozilla/5.0 (compatible; SemrushBot/7~bl; +http://www.semrush.com/bot.html)"
34.123.149.87 - - [24/Aug/2026:23:34:08 +0500] "GET /ru/officially-rus/tenders-rus/483-tend-audit-2026-uzb HTTP/1.1" 200 58841 "-" "Mozilla/5.0 (Macintosh; Intel Mac OS X 10_15_7) AppleWebKit/537.36 (KHTML, like Gecko) Chrome/120.0.0.0 Safari/537.36"
20.220.189.161 - - [24/Aug/2026:23:34:24 +0500] "GET / HTTP/1.1" 301 - "-" "Mozilla/5.0 (Windows NT 10.0; Win64; x64) AppleWebKit/537.36 (KHTML, like Gecko) Chrome/120.0.0.0 Safari/537.36"
85.208.96.203 - - [24/Aug/2026:23:35:38 +0500] "GET /ru/about-org-rus/strategy-rus HTTP/1.1" 200 59798 "-" "Mozilla/5.0 (compatible; SemrushBot/7~bl; +http://www.semrush.com/bot.html)"
216.73.216.20 - - [24/Aug/2026:23:38:03 +0500] "GET /shops/preact/g9l3o9r2i9o7u2s2593 HTTP/1.1" 301 - "-" "Mozilla/5.0 AppleWebKit/537.36 (KHTML, like Gecko; compatible; ClaudeBot/1.0; +claudebot@anthropic.com)"
216.73.216.20 - - [24/Aug/2026:23:38:07 +0500] "GET /uz/shops/preact/g9l3o9r2i9o7u2s2593 HTTP/1.1" 404 1216 "https://eskijuva-bozori.uz/shops/preact/g9l3o9r2i9o7u2s2593" "Mozilla/5.0 AppleWebKit/537.36 (KHTML, like Gecko; compatible; ClaudeBot/1.0; +claudebot@anthropic.com)"
85.208.96.197 - - [24/Aug/2026:23:38:43 +0500] "GET /uz/contacts-uzb?template=yoo_master2 HTTP/1.1" 200 64474 "-" "Mozilla/5.0 (compatible; SemrushBot/7~bl; +http://www.semrush.com/bot.html)"
161.153.38.239 - - [24/Aug/2026:23:40:21 +0500] "GET /uz?start=20 HTTP/1.1" 200 - "-" "Mozilla/5.0 (X11; Linux aarch64) AppleWebKit/537.36 (KHTML, like Gecko) Chrome/139.0.0.0 Safari/537.36"
161.153.38.239 - - [24/Aug/2026:23:40:40 +0500] "GET /uz?start=20 HTTP/1.1" 200 15692 "-" "Mozilla/5.0 (X11; Linux aarch64) AppleWebKit/537.36 (KHTML, like Gecko) Chrome/139.0.0.0 Safari/537.36"
85.208.96.210 - - [24/Aug/2026:23:40:52 +0500] "GET /uz/about-org-uzb/structure-uzb?template=yoo_master2 HTTP/1.1" 200 56688 "-" "Mozilla/5.0 (compatible; SemrushBot/7~bl; +http://www.semrush.com/bot.html)"
35.254.159.230 - - [24/Aug/2026:23:41:17 +0500] "GET /uz/facts-uzb/293-08-fact-30-04-2020-io HTTP/1.1" 200 57258 "-" "Mozilla/5.0 (Macintosh; Intel Mac OS X 10_15_7) AppleWebKit/537.36 (KHTML, like Gecko) Chrome/120.0.0.0 Safari/537.36"
185.191.171.8 - - [24/Aug/2026:23:42:59 +0500] "GET /ru/dividends-rus?start=12&template=accessibility HTTP/1.1" 200 104264 "-" "Mozilla/5.0 (compatible; SemrushBot/7~bl; +http://www.semrush.com/bot.html)"
114.119.146.19 - - [24/Aug/2026:23:43:06 +0500] "GET /uz/?vars%5B0%5D=phpinfo&start=8 HTTP/1.1" 200 67533 "https://eskijuva-bozori.uz/uz/?amp%3Bamp%3Bstart=4&template=yoo_master2&start=4" "Mozilla/5.0 (Linux; Android 7.0;) AppleWebKit/537.36 (HTML, like Gecko) Mobile Safari/537.36 (compatible; PetalBot;+https://webmaster.petalsearch.com/site/petalbot)"
216.73.216.20 - - [24/Aug/2026:23:43:30 +0500] "GET /robots.txt HTTP/1.1" 200 111 "-" "Mozilla/5.0 AppleWebKit/537.36 (KHTML, like Gecko; compatible; ClaudeBot/1.0; +claudebot@anthropic.com)"
216.73.216.20 - - [24/Aug/2026:23:43:30 +0500] "GET /?r=s9t3o7n8i8e0r464 HTTP/1.1" 301 - "-" "Mozilla/5.0 AppleWebKit/537.36 (KHTML, like Gecko; compatible; ClaudeBot/1.0; +claudebot@anthropic.com)"
216.73.216.20 - - [24/Aug/2026:23:43:37 +0500] "GET /uz/?r=s9t3o7n8i8e0r464 HTTP/1.1" 200 68354 "https://eskijuva-bozori.uz/?r=s9t3o7n8i8e0r464" "Mozilla/5.0 AppleWebKit/537.36 (KHTML, like Gecko; compatible; ClaudeBot/1.0; +claudebot@anthropic.com)"
216.73.216.20 - - [24/Aug/2026:23:43:44 +0500] "GET /shops/tediosity/t9e1d5d9e0d522831 HTTP/1.1" 301 - "-" "Mozilla/5.0 AppleWebKit/537.36 (KHTML, like Gecko; compatible; ClaudeBot/1.0; +claudebot@anthropic.com)"
216.73.216.20 - - [24/Aug/2026:23:43:48 +0500] "GET /uz/shops/tediosity/t9e1d5d9e0d522831 HTTP/1.1" 404 1216 "https://eskijuva-bozori.uz/shops/tediosity/t9e1d5d9e0d522831" "Mozilla/5.0 AppleWebKit/537.36 (KHTML, like Gecko; compatible; ClaudeBot/1.0; +claudebot@anthropic.com)"
34.10.180.98 - - [24/Aug/2026:23:43:55 +0500] "GET /uz/about-org-uzb/indexes-uzb/496-reports-2026-uzb HTTP/1.1" 200 56643 "-" "Mozilla/5.0 (Macintosh; Intel Mac OS X 10_15_7) AppleWebKit/537.36 (KHTML, like Gecko) Chrome/120.0.0.0 Safari/537.36"
136.119.35.120 - - [24/Aug/2026:23:44:16 +0500] "GET /uz/dividends-uzb?start=4 HTTP/1.1" 200 59794 "-" "Mozilla/5.0 (Macintosh; Intel Mac OS X 10_15_7) AppleWebKit/537.36 (KHTML, like Gecko) Chrome/120.0.0.0 Safari/537.36"
216.73.216.20 - - [24/Aug/2026:23:44:48 +0500] "GET /?r=f9o1r3e2f4e9n0c2e307 HTTP/1.1" 301 - "-" "Mozilla/5.0 AppleWebKit/537.36 (KHTML, like Gecko; compatible; ClaudeBot/1.0; +claudebot@anthropic.com)"
216.73.216.20 - - [24/Aug/2026:23:44:55 +0500] "GET /uz/?r=f9o1r3e2f4e9n0c2e307 HTTP/1.1" 200 68358 "https://eskijuva-bozori.uz/?r=f9o1r3e2f4e9n0c2e307" "Mozilla/5.0 AppleWebKit/537.36 (KHTML, like Gecko; compatible; ClaudeBot/1.0; +claudebot@anthropic.com)"
216.73.216.183 - - [24/Aug/2026:23:45:00 +0500] "GET /?%60=c3a2r8b8a0z2o7t7a1t8e9 HTTP/1.1" 301 - "-" "Mozilla/5.0 AppleWebKit/537.36 (KHTML, like Gecko; compatible; ClaudeBot/1.0; +claudebot@anthropic.com)"
216.73.216.183 - - [24/Aug/2026:23:45:06 +0500] "GET /uz/?%60=c3a2r8b8a0z2o7t7a1t8e9 HTTP/1.1" 200 68586 "https://www.eskijuva-bozori.uz.uzbekgidroenergoqurilish.uz/?%60=c3a2r8b8a0z2o7t7a1t8e9" "Mozilla/5.0 AppleWebKit/537.36 (KHTML, like Gecko; compatible; ClaudeBot/1.0; +claudebot@anthropic.com)"
216.73.216.20 - - [24/Aug/2026:23:45:13 +0500] "GET /shops/chippeway/c9h3e6e0s8e7c2l7o1t8h HTTP/1.1" 301 - "-" "Mozilla/5.0 AppleWebKit/537.36 (KHTML, like Gecko; compatible; ClaudeBot/1.0; +claudebot@anthropic.com)"
216.73.216.20 - - [24/Aug/2026:23:45:20 +0500] "GET /uz/shops/chippeway/c9h3e6e0s8e7c2l7o1t8h HTTP/1.1" 404 1216 "https://eskijuva-bozori.uz/shops/chippeway/c9h3e6e0s8e7c2l7o1t8h" "Mozilla/5.0 AppleWebKit/537.36 (KHTML, like Gecko; compatible; ClaudeBot/1.0; +claudebot@anthropic.com)"
216.73.216.20 - - [24/Aug/2026:23:45:36 +0500] "GET /shops/professoriat/i9m2p5e6n3d2e4d0977 HTTP/1.1" 301 - "-" "Mozilla/5.0 AppleWebKit/537.36 (KHTML, like Gecko; compatible; ClaudeBot/1.0; +claudebot@anthropic.com)"
216.73.216.20 - - [24/Aug/2026:23:45:40 +0500] "GET /uz/shops/professoriat/i9m2p5e6n3d2e4d0977 HTTP/1.1" 404 1216 "https://eskijuva-bozori.uz/shops/professoriat/i9m2p5e6n3d2e4d0977" "Mozilla/5.0 AppleWebKit/537.36 (KHTML, like Gecko; compatible; ClaudeBot/1.0; +claudebot@anthropic.com)"
216.73.216.20 - - [24/Aug/2026:23:45:45 +0500] "GET /shops/manus/d9i3s5a8f4f3e8c2t7i2o0n HTTP/1.1" 301 - "-" "Mozilla/5.0 AppleWebKit/537.36 (KHTML, like Gecko; compatible; ClaudeBot/1.0; +claudebot@anthropic.com)"
216.73.216.20 - - [24/Aug/2026:23:45:48 +0500] "GET /uz/shops/manus/d9i3s5a8f4f3e8c2t7i2o0n HTTP/1.1" 404 1216 "https://eskijuva-bozori.uz/shops/manus/d9i3s5a8f4f3e8c2t7i2o0n" "Mozilla/5.0 AppleWebKit/537.36 (KHTML, like Gecko; compatible; ClaudeBot/1.0; +claudebot@anthropic.com)"
216.73.216.20 - - [24/Aug/2026:23:46:11 +0500] "GET /?r=c9o2r3r9e1s6p0o7n2d8e9ncy HTTP/1.1" 301 - "-" "Mozilla/5.0 AppleWebKit/537.36 (KHTML, like Gecko; compatible; ClaudeBot/1.0; +claudebot@anthropic.com)"
216.73.216.20 - - [24/Aug/2026:23:46:19 +0500] "GET /?r=p9a1l4e9s9912684 HTTP/1.1" 301 - "-" "Mozilla/5.0 AppleWebKit/537.36 (KHTML, like Gecko; compatible; ClaudeBot/1.0; +claudebot@anthropic.com)"
216.73.216.20 - - [24/Aug/2026:23:46:23 +0500] "GET /uz/?r=p9a1l4e9s9912684 HTTP/1.1" 200 68354 "https://eskijuva-bozori.uz/?r=p9a1l4e9s9912684" "Mozilla/5.0 AppleWebKit/537.36 (KHTML, like Gecko; compatible; ClaudeBot/1.0; +claudebot@anthropic.com)"
216.73.216.20 - - [24/Aug/2026:23:46:32 +0500] "GET /shops/ornately/b9i3v7o5u8a6c48463 HTTP/1.1" 301 - "-" "Mozilla/5.0 AppleWebKit/537.36 (KHTML, like Gecko; compatible; ClaudeBot/1.0; +claudebot@anthropic.com)"
216.73.216.20 - - [24/Aug/2026:23:46:37 +0500] "GET /uz/shops/ornately/b9i3v7o5u8a6c48463 HTTP/1.1" 404 1216 "https://eskijuva-bozori.uz/shops/ornately/b9i3v7o5u8a6c48463" "Mozilla/5.0 AppleWebKit/537.36 (KHTML, like Gecko; compatible; ClaudeBot/1.0; +claudebot@anthropic.com)"
216.73.216.20 - - [24/Aug/2026:23:46:54 +0500] "GET /?r=b9a1l9a4e0n0i0d7a8e50 HTTP/1.1" 301 - "-" "Mozilla/5.0 AppleWebKit/537.36 (KHTML, like Gecko; compatible; ClaudeBot/1.0; +claudebot@anthropic.com)"
216.73.216.20 - - [24/Aug/2026:23:46:59 +0500] "GET /uz/?r=b9a1l9a4e0n0i0d7a8e50 HTTP/1.1" 200 68359 "https://eskijuva-bozori.uz/?r=b9a1l9a4e0n0i0d7a8e50" "Mozilla/5.0 AppleWebKit/537.36 (KHTML, like Gecko; compatible; ClaudeBot/1.0; +claudebot@anthropic.com)"
185.191.171.5 - - [24/Aug/2026:23:47:02 +0500] "GET /ru/facts-rus/368-08-fact-31-03-2022-rk HTTP/1.1" 200 55741 "-" "Mozilla/5.0 (compatible; SemrushBot/7~bl; +http://www.semrush.com/bot.html)"
216.73.216.20 - - [24/Aug/2026:23:47:19 +0500] "GET /shops/difficulties/o9e6n0a3n7t1h9e016 HTTP/1.1" 301 - "-" "Mozilla/5.0 AppleWebKit/537.36 (KHTML, like Gecko; compatible; ClaudeBot/1.0; +claudebot@anthropic.com)"
216.73.216.20 - - [24/Aug/2026:23:47:24 +0500] "GET /uz/shops/difficulties/o9e6n0a3n7t1h9e016 HTTP/1.1" 404 1216 "https://eskijuva-bozori.uz/shops/difficulties/o9e6n0a3n7t1h9e016" "Mozilla/5.0 AppleWebKit/537.36 (KHTML, like Gecko; compatible; ClaudeBot/1.0; +claudebot@anthropic.com)"
216.73.216.20 - - [24/Aug/2026:23:47:28 +0500] "GET /shops/breastbone/p9e3e9r4s7422989 HTTP/1.1" 301 - "-" "Mozilla/5.0 AppleWebKit/537.36 (KHTML, like Gecko; compatible; ClaudeBot/1.0; +claudebot@anthropic.com)"
216.73.216.20 - - [24/Aug/2026:23:47:34 +0500] "GET /uz/shops/breastbone/p9e3e9r4s7422989 HTTP/1.1" 404 1216 "https://eskijuva-bozori.uz/shops/breastbone/p9e3e9r4s7422989" "Mozilla/5.0 AppleWebKit/537.36 (KHTML, like Gecko; compatible; ClaudeBot/1.0; +claudebot@anthropic.com)"
216.73.216.20 - - [24/Aug/2026:23:47:51 +0500] "GET /bilged/midseventies/9631201954 HTTP/1.1" 301 - "-" "Mozilla/5.0 AppleWebKit/537.36 (KHTML, like Gecko; compatible; ClaudeBot/1.0; +claudebot@anthropic.com)"
216.73.216.20 - - [24/Aug/2026:23:47:55 +0500] "GET /uz/bilged/midseventies/9631201954 HTTP/1.1" 404 1216 "https://eskijuva-bozori.uz/bilged/midseventies/9631201954" "Mozilla/5.0 AppleWebKit/537.36 (KHTML, like Gecko; compatible; ClaudeBot/1.0; +claudebot@anthropic.com)"
216.73.216.20 - - [24/Aug/2026:23:48:01 +0500] "GET /?r=i9m5p0r0e4g9n8a3b8l4e HTTP/1.1" 301 - "-" "Mozilla/5.0 AppleWebKit/537.36 (KHTML, like Gecko; compatible; ClaudeBot/1.0; +claudebot@anthropic.com)"
216.73.216.20 - - [24/Aug/2026:23:48:08 +0500] "GET /uz/?r=i9m5p0r0e4g9n8a3b8l4e HTTP/1.1" 200 68359 "https://eskijuva-bozori.uz/?r=i9m5p0r0e4g9n8a3b8l4e" "Mozilla/5.0 AppleWebKit/537.36 (KHTML, like Gecko; compatible; ClaudeBot/1.0; +claudebot@anthropic.com)"
216.73.216.20 - - [24/Aug/2026:23:48:26 +0500] "GET /acrid/quodlibetarian/d9e2c6a3l8c9i2f0i2c6a8tion HTTP/1.1" 301 - "-" "Mozilla/5.0 AppleWebKit/537.36 (KHTML, like Gecko; compatible; ClaudeBot/1.0; +claudebot@anthropic.com)"
216.73.216.20 - - [24/Aug/2026:23:48:32 +0500] "GET /mercenarily/l9e2v2e3r2w2o9o8d456 HTTP/1.1" 301 - "-" "Mozilla/5.0 AppleWebKit/537.36 (KHTML, like Gecko; compatible; ClaudeBot/1.0; +claudebot@anthropic.com)"
216.73.216.20 - - [24/Aug/2026:23:48:41 +0500] "GET /uz/mercenarily/l9e2v2e3r2w2o9o8d456 HTTP/1.1" 404 1216 "https://eskijuva-bozori.uz/mercenarily/l9e2v2e3r2w2o9o8d456" "Mozilla/5.0 AppleWebKit/537.36 (KHTML, like Gecko; compatible; ClaudeBot/1.0; +claudebot@anthropic.com)"
216.73.216.20 - - [24/Aug/2026:23:48:45 +0500] "GET /shops/troilus/d9i5s8c2o3n8c2e3r2t3 HTTP/1.1" 301 - "-" "Mozilla/5.0 AppleWebKit/537.36 (KHTML, like Gecko; compatible; ClaudeBot/1.0; +claudebot@anthropic.com)"
216.73.216.20 - - [24/Aug/2026:23:48:53 +0500] "GET /uz/shops/troilus/d9i5s8c2o3n8c2e3r2t3 HTTP/1.1" 404 1216 "https://eskijuva-bozori.uz/shops/troilus/d9i5s8c2o3n8c2e3r2t3" "Mozilla/5.0 AppleWebKit/537.36 (KHTML, like Gecko; compatible; ClaudeBot/1.0; +claudebot@anthropic.com)"
216.73.216.20 - - [24/Aug/2026:23:49:09 +0500] "GET /?r=v9e2d6e8t1t3e15734 HTTP/1.1" 301 - "-" "Mozilla/5.0 AppleWebKit/537.36 (KHTML, like Gecko; compatible; ClaudeBot/1.0; +claudebot@anthropic.com)"
216.73.216.20 - - [24/Aug/2026:23:49:15 +0500] "GET /uz/?r=v9e2d6e8t1t3e15734 HTTP/1.1" 200 68356 "https://eskijuva-bozori.uz/?r=v9e2d6e8t1t3e15734" "Mozilla/5.0 AppleWebKit/537.36 (KHTML, like Gecko; compatible; ClaudeBot/1.0; +claudebot@anthropic.com)"
216.73.216.20 - - [24/Aug/2026:23:49:17 +0500] "GET /?r=p9i6q3u2e577560 HTTP/1.1" 301 - "-" "Mozilla/5.0 AppleWebKit/537.36 (KHTML, like Gecko; compatible; ClaudeBot/1.0; +claudebot@anthropic.com)"
216.73.216.20 - - [24/Aug/2026:23:49:23 +0500] "GET /uz/?r=p9i6q3u2e577560 HTTP/1.1" 200 68353 "https://eskijuva-bozori.uz/?r=p9i6q3u2e577560" "Mozilla/5.0 AppleWebKit/537.36 (KHTML, like Gecko; compatible; ClaudeBot/1.0; +claudebot@anthropic.com)"
34.123.149.87 - - [24/Aug/2026:23:49:29 +0500] "GET /ru/dividends-rus HTTP/1.1" 200 57860 "-" "Mozilla/5.0 (Macintosh; Intel Mac OS X 10_15_7) AppleWebKit/537.36 (KHTML, like Gecko) Chrome/120.0.0.0 Safari/537.36"
216.73.216.20 - - [24/Aug/2026:23:49:41 +0500] "GET /cullender/m9a1n1t6u4a3m8a1k3e9r1 HTTP/1.1" 301 - "-" "Mozilla/5.0 AppleWebKit/537.36 (KHTML, like Gecko; compatible; ClaudeBot/1.0; +claudebot@anthropic.com)"
216.73.216.20 - - [24/Aug/2026:23:49:50 +0500] "GET /?r=v9e1r9t4e8b5r7a8277 HTTP/1.1" 301 - "-" "Mozilla/5.0 AppleWebKit/537.36 (KHTML, like Gecko; compatible; ClaudeBot/1.0; +claudebot@anthropic.com)"
216.73.216.20 - - [24/Aug/2026:23:49:49 +0500] "GET /uz/cullender/m9a1n1t6u4a3m8a1k3e9r1 HTTP/1.1" 404 1216 "https://eskijuva-bozori.uz/cullender/m9a1n1t6u4a3m8a1k3e9r1" "Mozilla/5.0 AppleWebKit/537.36 (KHTML, like Gecko; compatible; ClaudeBot/1.0; +claudebot@anthropic.com)"
216.73.216.20 - - [24/Aug/2026:23:49:57 +0500] "GET /uz/?r=v9e1r9t4e8b5r7a8277 HTTP/1.1" 200 68357 "https://eskijuva-bozori.uz/?r=v9e1r9t4e8b5r7a8277" "Mozilla/5.0 AppleWebKit/537.36 (KHTML, like Gecko; compatible; ClaudeBot/1.0; +claudebot@anthropic.com)"
216.73.216.20 - - [24/Aug/2026:23:50:09 +0500] "GET /?r=a9d2m5i8r6e560425 HTTP/1.1" 301 - "-" "Mozilla/5.0 AppleWebKit/537.36 (KHTML, like Gecko; compatible; ClaudeBot/1.0; +claudebot@anthropic.com)"
85.208.96.194 - - [24/Aug/2026:23:50:07 +0500] "GET /ru/contacts-rus?template=accessibility HTTP/1.1" 200 33930 "-" "Mozilla/5.0 (compatible; SemrushBot/7~bl; +http://www.semrush.com/bot.html)"
216.73.216.20 - - [24/Aug/2026:23:50:20 +0500] "GET /?r=t9a4m8a4r9i6n2578 HTTP/1.1" 301 - "-" "Mozilla/5.0 AppleWebKit/537.36 (KHTML, like Gecko; compatible; ClaudeBot/1.0; +claudebot@anthropic.com)"
216.73.216.20 - - [24/Aug/2026:23:50:30 +0500] "GET /shops/postiler/i9c2o6n0o1d0u2l3e22 HTTP/1.1" 301 - "-" "Mozilla/5.0 AppleWebKit/537.36 (KHTML, like Gecko; compatible; ClaudeBot/1.0; +claudebot@anthropic.com)"
216.73.216.20 - - [24/Aug/2026:23:50:37 +0500] "GET /uz/shops/postiler/i9c2o6n0o1d0u2l3e22 HTTP/1.1" 404 1216 "https://eskijuva-bozori.uz/shops/postiler/i9c2o6n0o1d0u2l3e22" "Mozilla/5.0 AppleWebKit/537.36 (KHTML, like Gecko; compatible; ClaudeBot/1.0; +claudebot@anthropic.com)"
216.73.216.20 - - [24/Aug/2026:23:50:42 +0500] "GET /oblation/g9i2s2t3t0a1k3e3r866 HTTP/1.1" 301 - "-" "Mozilla/5.0 AppleWebKit/537.36 (KHTML, like Gecko; compatible; ClaudeBot/1.0; +claudebot@anthropic.com)"
216.73.216.20 - - [24/Aug/2026:23:50:48 +0500] "GET /uz/oblation/g9i2s2t3t0a1k3e3r866 HTTP/1.1" 404 1216 "https://eskijuva-bozori.uz/oblation/g9i2s2t3t0a1k3e3r866" "Mozilla/5.0 AppleWebKit/537.36 (KHTML, like Gecko; compatible; ClaudeBot/1.0; +claudebot@anthropic.com)"
216.73.216.20 - - [24/Aug/2026:23:50:56 +0500] "GET /shops/spasmodical/s9p1a7t1h9a2c2e5o3u1s8 HTTP/1.1" 301 - "-" "Mozilla/5.0 AppleWebKit/537.36 (KHTML, like Gecko; compatible; ClaudeBot/1.0; +claudebot@anthropic.com)"
216.73.216.20 - - [24/Aug/2026:23:51:08 +0500] "GET /?r=b9o2i8s8t6864235 HTTP/1.1" 508 288 "-" "Mozilla/5.0 AppleWebKit/537.36 (KHTML, like Gecko; compatible; ClaudeBot/1.0; +claudebot@anthropic.com)"
216.73.216.20 - - [24/Aug/2026:23:51:01 +0500] "GET /uz/shops/spasmodical/s9p1a7t1h9a2c2e5o3u1s8 HTTP/1.1" 404 1216 "https://eskijuva-bozori.uz/shops/spasmodical/s9p1a7t1h9a2c2e5o3u1s8" "Mozilla/5.0 AppleWebKit/537.36 (KHTML, like Gecko; compatible; ClaudeBot/1.0; +claudebot@anthropic.com)"
216.73.216.20 - - [24/Aug/2026:23:51:10 +0500] "GET /?r=d9a3s7t2a6r9d43648 HTTP/1.1" 301 - "-" "Mozilla/5.0 AppleWebKit/537.36 (KHTML, like Gecko; compatible; ClaudeBot/1.0; +claudebot@anthropic.com)"
216.73.216.20 - - [24/Aug/2026:23:51:18 +0500] "GET /uz/?r=d9a3s7t2a6r9d43648 HTTP/1.1" 508 288 "https://eskijuva-bozori.uz/?r=d9a3s7t2a6r9d43648" "Mozilla/5.0 AppleWebKit/537.36 (KHTML, like Gecko; compatible; ClaudeBot/1.0; +claudebot@anthropic.com)"
216.73.216.20 - - [24/Aug/2026:23:51:19 +0500] "GET /lowlevel/gibberellin/a9m3b5u7l1a5c8r7a4 HTTP/1.1" 301 - "-" "Mozilla/5.0 AppleWebKit/537.36 (KHTML, like Gecko; compatible; ClaudeBot/1.0; +claudebot@anthropic.com)"
178.218.207.153 - - [24/Aug/2026:23:51:21 +0500] "GET / HTTP/1.1" 301 - "-" "Mozilla/5.0 (Windows NT 10.0; Win64; x64; rv:135.0) Gecko/20100101 Firefox/135.0"
216.73.216.20 - - [24/Aug/2026:23:51:28 +0500] "GET /?r=g9e4l2e1c8h0i5i5d4a0e0 HTTP/1.1" 301 - "-" "Mozilla/5.0 AppleWebKit/537.36 (KHTML, like Gecko; compatible; ClaudeBot/1.0; +claudebot@anthropic.com)"
216.73.216.20 - - [24/Aug/2026:23:51:35 +0500] "GET /uz/?r=g9e4l2e1c8h0i5i5d4a0e0 HTTP/1.1" 508 288 "https://eskijuva-bozori.uz/?r=g9e4l2e1c8h0i5i5d4a0e0" "Mozilla/5.0 AppleWebKit/537.36 (KHTML, like Gecko; compatible; ClaudeBot/1.0; +claudebot@anthropic.com)"
216.73.216.20 - - [24/Aug/2026:23:51:26 +0500] "GET /uz/lowlevel/gibberellin/a9m3b5u7l1a5c8r7a4 HTTP/1.1" 404 1216 "https://eskijuva-bozori.uz/lowlevel/gibberellin/a9m3b5u7l1a5c8r7a4" "Mozilla/5.0 AppleWebKit/537.36 (KHTML, like Gecko; compatible; ClaudeBot/1.0; +claudebot@anthropic.com)"
178.218.207.153 - - [24/Aug/2026:23:51:27 +0500] "GET /uz/ HTTP/1.1" 200 68582 "-" "Mozilla/5.0 (Windows NT 10.0; Win64; x64; rv:135.0) Gecko/20100101 Firefox/135.0"
216.73.216.20 - - [24/Aug/2026:23:51:35 +0500] "GET /altazimuth/haver/93293625683 HTTP/1.1" 301 - "-" "Mozilla/5.0 AppleWebKit/537.36 (KHTML, like Gecko; compatible; ClaudeBot/1.0; +claudebot@anthropic.com)"
216.73.216.20 - - [24/Aug/2026:23:51:49 +0500] "GET /?r=o9r3i4e1l0097607 HTTP/1.1" 508 288 "-" "Mozilla/5.0 AppleWebKit/537.36 (KHTML, like Gecko; compatible; ClaudeBot/1.0; +claudebot@anthropic.com)"
216.73.216.20 - - [24/Aug/2026:23:51:43 +0500] "GET /uz/altazimuth/haver/93293625683 HTTP/1.1" 404 1216 "https://eskijuva-bozori.uz/altazimuth/haver/93293625683" "Mozilla/5.0 AppleWebKit/537.36 (KHTML, like Gecko; compatible; ClaudeBot/1.0; +claudebot@anthropic.com)"
216.73.216.20 - - [24/Aug/2026:23:51:50 +0500] "GET /shops/diazo/u9n9d7e2r5a3c2t7i7on HTTP/1.1" 301 - "-" "Mozilla/5.0 AppleWebKit/537.36 (KHTML, like Gecko; compatible; ClaudeBot/1.0; +claudebot@anthropic.com)"
216.73.216.20 - - [24/Aug/2026:23:52:00 +0500] "GET /uz/shops/diazo/u9n9d7e2r5a3c2t7i7on HTTP/1.1" 508 288 "https://eskijuva-bozori.uz/shops/diazo/u9n9d7e2r5a3c2t7i7on" "Mozilla/5.0 AppleWebKit/537.36 (KHTML, like Gecko; compatible; ClaudeBot/1.0; +claudebot@anthropic.com)"
216.73.216.20 - - [24/Aug/2026:23:52:00 +0500] "GET /?r=c9i1n7c1h2e0d48809 HTTP/1.1" 301 - "-" "Mozilla/5.0 AppleWebKit/537.36 (KHTML, like Gecko; compatible; ClaudeBot/1.0; +claudebot@anthropic.com)"
216.73.216.20 - - [24/Aug/2026:23:52:08 +0500] "GET /uz/?r=c9i1n7c1h2e0d48809 HTTP/1.1" 508 288 "https://eskijuva-bozori.uz/?r=c9i1n7c1h2e0d48809" "Mozilla/5.0 AppleWebKit/537.36 (KHTML, like Gecko; compatible; ClaudeBot/1.0; +claudebot@anthropic.com)"
216.73.216.20 - - [24/Aug/2026:23:52:08 +0500] "GET /shops/fraudlessness/s9e2p9t6e9m3b2r9i2s6t9 HTTP/1.1" 508 288 "-" "Mozilla/5.0 AppleWebKit/537.36 (KHTML, like Gecko; compatible; ClaudeBot/1.0; +claudebot@anthropic.com)"
216.73.216.20 - - [24/Aug/2026:23:52:11 +0500] "GET /shops/misgave/i9l7l9i2b8e3r8a8l8i4zing HTTP/1.1" 508 288 "-" "Mozilla/5.0 AppleWebKit/537.36 (KHTML, like Gecko; compatible; ClaudeBot/1.0; +claudebot@anthropic.com)"
216.73.216.20 - - [24/Aug/2026:23:52:14 +0500] "GET /?r=f9l2a5s9h149815 HTTP/1.1" 508 288 "-" "Mozilla/5.0 AppleWebKit/537.36 (KHTML, like Gecko; compatible; ClaudeBot/1.0; +claudebot@anthropic.com)"
216.73.216.20 - - [24/Aug/2026:23:52:17 +0500] "GET /?r=e9x2h8o9r7t4e1d7417 HTTP/1.1" 301 - "-" "Mozilla/5.0 AppleWebKit/537.36 (KHTML, like Gecko; compatible; ClaudeBot/1.0; +claudebot@anthropic.com)"
216.73.216.20 - - [24/Aug/2026:23:52:29 +0500] "GET /shops/amplified/b9l9o0w0s622266 HTTP/1.1" 508 288 "-" "Mozilla/5.0 AppleWebKit/537.36 (KHTML, like Gecko; compatible; ClaudeBot/1.0; +claudebot@anthropic.com)"
85.208.96.197 - - [24/Aug/2026:23:52:17 +0500] "GET /ru/affil-rus/11-russian/about-org-rus/297-direction-30-04-2020-rus HTTP/1.1" 200 59140 "-" "Mozilla/5.0 (compatible; SemrushBot/7~bl; +http://www.semrush.com/bot.html)"
216.73.216.20 - - [24/Aug/2026:23:52:25 +0500] "GET /uz/?r=e9x2h8o9r7t4e1d7417 HTTP/1.1" 200 68357 "https://eskijuva-bozori.uz/?r=e9x2h8o9r7t4e1d7417" "Mozilla/5.0 AppleWebKit/537.36 (KHTML, like Gecko; compatible; ClaudeBot/1.0; +claudebot@anthropic.com)"
216.73.216.20 - - [24/Aug/2026:23:52:32 +0500] "GET /shops/grampus/s9l3a4t8e9d413211 HTTP/1.1" 301 - "-" "Mozilla/5.0 AppleWebKit/537.36 (KHTML, like Gecko; compatible; ClaudeBot/1.0; +claudebot@anthropic.com)"
185.191.171.15 - - [24/Aug/2026:23:52:35 +0500] "GET /uz/?r=i9m2a6g9i9n9a0t8e957&start=4 HTTP/1.1" 200 68003 "-" "Mozilla/5.0 (compatible; SemrushBot/7~bl; +http://www.semrush.com/bot.html)"
216.73.216.20 - - [24/Aug/2026:23:52:39 +0500] "GET /?r=f9r2i2e0n1d3l1e0s3s8ness HTTP/1.1" 301 - "-" "Mozilla/5.0 AppleWebKit/537.36 (KHTML, like Gecko; compatible; ClaudeBot/1.0; +claudebot@anthropic.com)"
