216.73.216.183 - - [25/Aug/2026:00:16:26 +0500] "GET /shops/boracite/c3o8r1u8n7d0u1m2s87 HTTP/1.1" 301 - "-" "Mozilla/5.0 AppleWebKit/537.36 (KHTML, like Gecko; compatible; ClaudeBot/1.0; +claudebot@anthropic.com)"
216.73.216.20 - - [25/Aug/2026:00:16:35 +0500] "GET /uz/?r=d4a2u6p2h5i7n94338&start=52 HTTP/1.1" 508 288 "-" "Mozilla/5.0 AppleWebKit/537.36 (KHTML, like Gecko; compatible; ClaudeBot/1.0; +claudebot@anthropic.com)"
216.73.216.20 - - [25/Aug/2026:00:16:27 +0500] "GET /uz/eurasian/desalination/a9u3v9e7r8g7n0e5715 HTTP/1.1" 404 1216 "https://eskijuva-bozori.uz/eurasian/desalination/a9u3v9e7r8g7n0e5715" "Mozilla/5.0 AppleWebKit/537.36 (KHTML, like Gecko; compatible; ClaudeBot/1.0; +claudebot@anthropic.com)"
216.73.216.183 - - [25/Aug/2026:00:16:35 +0500] "GET /uz/shops/boracite/c3o8r1u8n7d0u1m2s87 HTTP/1.1" 404 1248 "https://www.eskijuva-bozori.uz.uzbekgidroenergoqurilish.uz/shops/boracite/c3o8r1u8n7d0u1m2s87" "Mozilla/5.0 AppleWebKit/537.36 (KHTML, like Gecko; compatible; ClaudeBot/1.0; +claudebot@anthropic.com)"
185.191.171.18 - - [25/Aug/2026:00:16:46 +0500] "GET /uz/?3x=3x%27&start=40 HTTP/1.1" 200 68791 "-" "Mozilla/5.0 (compatible; SemrushBot/7~bl; +http://www.semrush.com/bot.html)"
185.191.171.12 - - [25/Aug/2026:00:16:52 +0500] "GET /uz/?%60=f3u1c5k1e6d9u9p0460 HTTP/1.1" 200 68493 "-" "Mozilla/5.0 (compatible; SemrushBot/7~bl; +http://www.semrush.com/bot.html)"
216.73.216.183 - - [25/Aug/2026:00:17:03 +0500] "GET /primulaceous/a3r1c7h1e1t7y7p1e547 HTTP/1.1" 301 - "-" "Mozilla/5.0 AppleWebKit/537.36 (KHTML, like Gecko; compatible; ClaudeBot/1.0; +claudebot@anthropic.com)"
216.73.216.20 - - [25/Aug/2026:00:17:08 +0500] "GET /filtration/mealymouthness/p9u3m7p8i3o5n25352 HTTP/1.1" 301 - "-" "Mozilla/5.0 AppleWebKit/537.36 (KHTML, like Gecko; compatible; ClaudeBot/1.0; +claudebot@anthropic.com)"
216.73.216.183 - - [25/Aug/2026:00:17:10 +0500] "GET /uz/primulaceous/a3r1c7h1e1t7y7p1e547 HTTP/1.1" 404 1248 "https://www.eskijuva-bozori.uz.uzbekgidroenergoqurilish.uz/primulaceous/a3r1c7h1e1t7y7p1e547" "Mozilla/5.0 AppleWebKit/537.36 (KHTML, like Gecko; compatible; ClaudeBot/1.0; +claudebot@anthropic.com)"
216.73.216.183 - - [25/Aug/2026:00:17:14 +0500] "GET /shops/supereminent/i3n1f3e8r9i3a6e0372 HTTP/1.1" 301 - "-" "Mozilla/5.0 AppleWebKit/537.36 (KHTML, like Gecko; compatible; ClaudeBot/1.0; +claudebot@anthropic.com)"
216.73.216.20 - - [25/Aug/2026:00:17:14 +0500] "GET /uz/filtration/mealymouthness/p9u3m7p8i3o5n25352 HTTP/1.1" 404 1216 "https://eskijuva-bozori.uz/filtration/mealymouthness/p9u3m7p8i3o5n25352" "Mozilla/5.0 AppleWebKit/537.36 (KHTML, like Gecko; compatible; ClaudeBot/1.0; +claudebot@anthropic.com)"
216.73.216.20 - - [25/Aug/2026:00:17:20 +0500] "GET /shops/bigeyed/e9p3i9l9o9g6u0i0z9e81 HTTP/1.1" 301 - "-" "Mozilla/5.0 AppleWebKit/537.36 (KHTML, like Gecko; compatible; ClaudeBot/1.0; +claudebot@anthropic.com)"
216.73.216.183 - - [25/Aug/2026:00:17:21 +0500] "GET /uz/shops/supereminent/i3n1f3e8r9i3a6e0372 HTTP/1.1" 404 1248 "https://www.eskijuva-bozori.uz.uzbekgidroenergoqurilish.uz/shops/supereminent/i3n1f3e8r9i3a6e0372" "Mozilla/5.0 AppleWebKit/537.36 (KHTML, like Gecko; compatible; ClaudeBot/1.0; +claudebot@anthropic.com)"
216.73.216.183 - - [25/Aug/2026:00:17:34 +0500] "GET /shops/impune/l3e3a6t2h1e5r8j5a0c9k0et HTTP/1.1" 508 288 "-" "Mozilla/5.0 AppleWebKit/537.36 (KHTML, like Gecko; compatible; ClaudeBot/1.0; +claudebot@anthropic.com)"
216.73.216.20 - - [25/Aug/2026:00:17:28 +0500] "GET /uz/shops/bigeyed/e9p3i9l9o9g6u0i0z9e81 HTTP/1.1" 404 1216 "https://eskijuva-bozori.uz/shops/bigeyed/e9p3i9l9o9g6u0i0z9e81" "Mozilla/5.0 AppleWebKit/537.36 (KHTML, like Gecko; compatible; ClaudeBot/1.0; +claudebot@anthropic.com)"
216.73.216.20 - - [25/Aug/2026:00:17:30 +0500] "GET /shops/pichyciego/i9n3t8e7r1a9d7d0i9t2i5ve HTTP/1.1" 301 - "-" "Mozilla/5.0 AppleWebKit/537.36 (KHTML, like Gecko; compatible; ClaudeBot/1.0; +claudebot@anthropic.com)"
216.73.216.20 - - [25/Aug/2026:00:17:39 +0500] "GET /shops/opentide/i9r3r3a4t6i4o1n0a8l4l0y HTTP/1.1" 301 - "-" "Mozilla/5.0 AppleWebKit/537.36 (KHTML, like Gecko; compatible; ClaudeBot/1.0; +claudebot@anthropic.com)"
216.73.216.20 - - [25/Aug/2026:00:17:37 +0500] "GET /uz/shops/pichyciego/i9n3t8e7r1a9d7d0i9t2i5ve HTTP/1.1" 404 1216 "https://eskijuva-bozori.uz/shops/pichyciego/i9n3t8e7r1a9d7d0i9t2i5ve" "Mozilla/5.0 AppleWebKit/537.36 (KHTML, like Gecko; compatible; ClaudeBot/1.0; +claudebot@anthropic.com)"
216.73.216.183 - - [25/Aug/2026:00:17:46 +0500] "GET /finetune/gigantical/33560440636 HTTP/1.1" 301 - "-" "Mozilla/5.0 AppleWebKit/537.36 (KHTML, like Gecko; compatible; ClaudeBot/1.0; +claudebot@anthropic.com)"
216.73.216.20 - - [25/Aug/2026:00:17:46 +0500] "GET /uz/shops/opentide/i9r3r3a4t6i4o1n0a8l4l0y HTTP/1.1" 404 1216 "https://eskijuva-bozori.uz/shops/opentide/i9r3r3a4t6i4o1n0a8l4l0y" "Mozilla/5.0 AppleWebKit/537.36 (KHTML, like Gecko; compatible; ClaudeBot/1.0; +claudebot@anthropic.com)"
216.73.216.20 - - [25/Aug/2026:00:17:51 +0500] "GET /shops/lisse/m9u3t5u6a1l6i7t0y389 HTTP/1.1" 301 - "-" "Mozilla/5.0 AppleWebKit/537.36 (KHTML, like Gecko; compatible; ClaudeBot/1.0; +claudebot@anthropic.com)"
34.57.162.91 - - [25/Aug/2026:00:17:51 +0500] "GET /uz/dividends-uzb?format=feed&type=atom HTTP/1.1" 200 3881 "-" "Mozilla/5.0 (Macintosh; Intel Mac OS X 10_15_7) AppleWebKit/537.36 (KHTML, like Gecko) Chrome/120.0.0.0 Safari/537.36"
216.73.216.183 - - [25/Aug/2026:00:17:53 +0500] "GET /uz/finetune/gigantical/33560440636 HTTP/1.1" 404 1248 "https://www.eskijuva-bozori.uz.uzbekgidroenergoqurilish.uz/finetune/gigantical/33560440636" "Mozilla/5.0 AppleWebKit/537.36 (KHTML, like Gecko; compatible; ClaudeBot/1.0; +claudebot@anthropic.com)"
34.56.53.225 - - [25/Aug/2026:00:18:03 +0500] "GET /uz/officially-uzb/tenders-uzb/484-tend-korp-2026-uzb HTTP/1.1" 508 288 "-" "Mozilla/5.0 (Macintosh; Intel Mac OS X 10_15_7) AppleWebKit/537.36 (KHTML, like Gecko) Chrome/120.0.0.0 Safari/537.36"
216.73.216.20 - - [25/Aug/2026:00:17:58 +0500] "GET /uz/shops/lisse/m9u3t5u6a1l6i7t0y389 HTTP/1.1" 404 1216 "https://eskijuva-bozori.uz/shops/lisse/m9u3t5u6a1l6i7t0y389" "Mozilla/5.0 AppleWebKit/537.36 (KHTML, like Gecko; compatible; ClaudeBot/1.0; +claudebot@anthropic.com)"
216.73.216.20 - - [25/Aug/2026:00:17:58 +0500] "GET /uz/?r=i9m2a6g9i9n9a0t8e957&start=4 HTTP/1.1" 200 67945 "-" "Mozilla/5.0 AppleWebKit/537.36 (KHTML, like Gecko; compatible; ClaudeBot/1.0; +claudebot@anthropic.com)"
4.232.148.111 - - [25/Aug/2026:00:19:01 +0500] "GET / HTTP/1.1" 301 - "-" "Mozilla/5.0 (Windows NT 10.0; Win64; x64) AppleWebKit/537.36 (KHTML, like Gecko) Chrome/120.0.0.0 Safari/537.36"
85.208.96.206 - - [25/Aug/2026:00:19:26 +0500] "GET /uz/about-org-uzb/strategy-uzb/10-uzbek?start=80 HTTP/1.1" 200 65392 "-" "Mozilla/5.0 (compatible; SemrushBot/7~bl; +http://www.semrush.com/bot.html)"
216.73.216.183 - - [25/Aug/2026:00:20:19 +0500] "GET /shops/hable/h3e3a1r9i9n4g5i1m3p4a3ired HTTP/1.1" 301 - "-" "Mozilla/5.0 AppleWebKit/537.36 (KHTML, like Gecko; compatible; ClaudeBot/1.0; +claudebot@anthropic.com)"
216.73.216.183 - - [25/Aug/2026:00:20:27 +0500] "GET /uz/shops/hable/h3e3a1r9i9n4g5i1m3p4a3ired HTTP/1.1" 404 1248 "https://www.eskijuva-bozori.uz.uzbekgidroenergoqurilish.uz/shops/hable/h3e3a1r9i9n4g5i1m3p4a3ired" "Mozilla/5.0 AppleWebKit/537.36 (KHTML, like Gecko; compatible; ClaudeBot/1.0; +claudebot@anthropic.com)"
216.73.216.183 - - [25/Aug/2026:00:20:30 +0500] "GET /?%60=i3n2d6i7s7c4r9i8m2i4n4ating HTTP/1.1" 301 - "-" "Mozilla/5.0 AppleWebKit/537.36 (KHTML, like Gecko; compatible; ClaudeBot/1.0; +claudebot@anthropic.com)"
216.73.216.183 - - [25/Aug/2026:00:20:39 +0500] "GET /uz/?%60=i3n2d6i7s7c4r9i8m2i4n4ating HTTP/1.1" 200 68501 "https://www.eskijuva-bozori.uz.uzbekgidroenergoqurilish.uz/?%60=i3n2d6i7s7c4r9i8m2i4n4ating" "Mozilla/5.0 AppleWebKit/537.36 (KHTML, like Gecko; compatible; ClaudeBot/1.0; +claudebot@anthropic.com)"
85.208.96.196 - - [25/Aug/2026:00:21:18 +0500] "GET /ru/facts-rus/473-sush-fakt-06-15-09-2025-pdf HTTP/1.1" 200 56148 "-" "Mozilla/5.0 (compatible; SemrushBot/7~bl; +http://www.semrush.com/bot.html)"
34.123.149.87 - - [25/Aug/2026:00:21:43 +0500] "GET /docs/2025/poloj_ns-01.04.2024.pdf HTTP/1.1" 200 803207 "-" "Mozilla/5.0 (Macintosh; Intel Mac OS X 10_15_7) AppleWebKit/537.36 (KHTML, like Gecko) Chrome/120.0.0.0 Safari/537.36"
34.123.149.87 - - [25/Aug/2026:00:22:18 +0500] "GET /uz/audit-uzb/360-audit-2021-uzb HTTP/1.1" 508 288 "-" "Mozilla/5.0 (Macintosh; Intel Mac OS X 10_15_7) AppleWebKit/537.36 (KHTML, like Gecko) Chrome/120.0.0.0 Safari/537.36"
216.73.216.183 - - [25/Aug/2026:00:23:00 +0500] "GET /shops/dissimilarly/w3h9i1t4l3o4w720 HTTP/1.1" 508 288 "-" "Mozilla/5.0 AppleWebKit/537.36 (KHTML, like Gecko; compatible; ClaudeBot/1.0; +claudebot@anthropic.com)"
216.73.216.183 - - [25/Aug/2026:00:23:13 +0500] "GET /militarized/thalli/r3e3c3t5a5n9g1u9l1a5r8ly HTTP/1.1" 301 - "-" "Mozilla/5.0 AppleWebKit/537.36 (KHTML, like Gecko; compatible; ClaudeBot/1.0; +claudebot@anthropic.com)"
216.73.216.183 - - [25/Aug/2026:00:23:21 +0500] "GET /uz/militarized/thalli/r3e3c3t5a5n9g1u9l1a5r8ly HTTP/1.1" 404 1248 "https://www.eskijuva-bozori.uz.uzbekgidroenergoqurilish.uz/militarized/thalli/r3e3c3t5a5n9g1u9l1a5r8ly" "Mozilla/5.0 AppleWebKit/537.36 (KHTML, like Gecko; compatible; ClaudeBot/1.0; +claudebot@anthropic.com)"
216.73.216.183 - - [25/Aug/2026:00:23:24 +0500] "GET /uz/?format=feed&r=d4a2u6p2h5i7n94338&type=atom HTTP/1.1" 200 9465 "-" "Mozilla/5.0 AppleWebKit/537.36 (KHTML, like Gecko; compatible; ClaudeBot/1.0; +claudebot@anthropic.com)"
34.56.53.225 - - [25/Aug/2026:00:23:35 +0500] "GET /uz/interactive-uzb/faq-uzb?template=accessibility HTTP/1.1" 200 31883 "-" "Mozilla/5.0 (Macintosh; Intel Mac OS X 10_15_7) AppleWebKit/537.36 (KHTML, like Gecko) Chrome/120.0.0.0 Safari/537.36"
216.73.216.183 - - [25/Aug/2026:00:24:05 +0500] "GET /?%60=g3o2b6b0l8i8n3g1939 HTTP/1.1" 301 - "-" "Mozilla/5.0 AppleWebKit/537.36 (KHTML, like Gecko; compatible; ClaudeBot/1.0; +claudebot@anthropic.com)"
85.208.96.198 - - [25/Aug/2026:00:24:14 +0500] "GET /uz/?destination=node&start=28 HTTP/1.1" 508 288 "-" "Mozilla/5.0 (compatible; SemrushBot/7~bl; +http://www.semrush.com/bot.html)"
216.73.216.183 - - [25/Aug/2026:00:24:17 +0500] "GET /?%60=p3r8o2f5a8n7i7t7y96 HTTP/1.1" 508 288 "-" "Mozilla/5.0 AppleWebKit/537.36 (KHTML, like Gecko; compatible; ClaudeBot/1.0; +claudebot@anthropic.com)"
3.213.106.226 - - [25/Aug/2026:00:24:29 +0500] "GET /docs/reports/2018/balans-1-3-2018.xlsx HTTP/1.1" 200 23046 "-" "Mozilla/5.0 AppleWebKit/537.36 (KHTML, like Gecko; compatible; Amazonbot/0.1; +https://developer.amazon.com/support/amazonbot) Chrome/119.0.6045.214 Safari/537.36"
216.73.216.183 - - [25/Aug/2026:00:24:14 +0500] "GET /uz/?%60=g3o2b6b0l8i8n3g1939 HTTP/1.1" 200 68658 "https://www.eskijuva-bozori.uz.uzbekgidroenergoqurilish.uz/?%60=g3o2b6b0l8i8n3g1939" "Mozilla/5.0 AppleWebKit/537.36 (KHTML, like Gecko; compatible; ClaudeBot/1.0; +claudebot@anthropic.com)"
216.73.216.183 - - [25/Aug/2026:00:24:30 +0500] "GET /?%60=n3o2w3t3h6e987413 HTTP/1.1" 301 - "-" "Mozilla/5.0 AppleWebKit/537.36 (KHTML, like Gecko; compatible; ClaudeBot/1.0; +claudebot@anthropic.com)"
216.73.216.20 - - [25/Aug/2026:00:24:40 +0500] "GET /rudus/tinemen/s9t3r3a6i6g7h4t9f6o5r0wardness HTTP/1.1" 301 - "-" "Mozilla/5.0 AppleWebKit/537.36 (KHTML, like Gecko; compatible; ClaudeBot/1.0; +claudebot@anthropic.com)"
216.73.216.183 - - [25/Aug/2026:00:24:38 +0500] "GET /uz/?%60=n3o2w3t3h6e987413 HTTP/1.1" 200 68656 "https://www.eskijuva-bozori.uz.uzbekgidroenergoqurilish.uz/?%60=n3o2w3t3h6e987413" "Mozilla/5.0 AppleWebKit/537.36 (KHTML, like Gecko; compatible; ClaudeBot/1.0; +claudebot@anthropic.com)"
216.73.216.183 - - [25/Aug/2026:00:24:42 +0500] "GET /shops/barnburner/a3e3g5i8o4t1h0u5s442 HTTP/1.1" 301 - "-" "Mozilla/5.0 AppleWebKit/537.36 (KHTML, like Gecko; compatible; ClaudeBot/1.0; +claudebot@anthropic.com)"
85.208.96.198 - - [25/Aug/2026:00:24:54 +0500] "GET /uz/?Command=NOOP&NewWebClient=1&start=8 HTTP/1.1" 508 288 "-" "Mozilla/5.0 (compatible; SemrushBot/7~bl; +http://www.semrush.com/bot.html)"
216.73.216.20 - - [25/Aug/2026:00:24:48 +0500] "GET /uz/rudus/tinemen/s9t3r3a6i6g7h4t9f6o5r0wardness HTTP/1.1" 404 1216 "https://eskijuva-bozori.uz/rudus/tinemen/s9t3r3a6i6g7h4t9f6o5r0wardness" "Mozilla/5.0 AppleWebKit/537.36 (KHTML, like Gecko; compatible; ClaudeBot/1.0; +claudebot@anthropic.com)"
216.73.216.183 - - [25/Aug/2026:00:24:50 +0500] "GET /uz/shops/barnburner/a3e3g5i8o4t1h0u5s442 HTTP/1.1" 404 1248 "https://www.eskijuva-bozori.uz.uzbekgidroenergoqurilish.uz/shops/barnburner/a3e3g5i8o4t1h0u5s442" "Mozilla/5.0 AppleWebKit/537.36 (KHTML, like Gecko; compatible; ClaudeBot/1.0; +claudebot@anthropic.com)"
216.73.216.183 - - [25/Aug/2026:00:25:02 +0500] "GET /spillikin/m3o3r9t2a2l7i1z0e217 HTTP/1.1" 301 - "-" "Mozilla/5.0 AppleWebKit/537.36 (KHTML, like Gecko; compatible; ClaudeBot/1.0; +claudebot@anthropic.com)"
216.73.216.183 - - [25/Aug/2026:00:25:14 +0500] "GET /bruised/o3r6t1h3o6e4p0i7s7t HTTP/1.1" 508 288 "-" "Mozilla/5.0 AppleWebKit/537.36 (KHTML, like Gecko; compatible; ClaudeBot/1.0; +claudebot@anthropic.com)"
216.73.216.183 - - [25/Aug/2026:00:25:08 +0500] "GET /uz/spillikin/m3o3r9t2a2l7i1z0e217 HTTP/1.1" 404 1248 "https://www.eskijuva-bozori.uz.uzbekgidroenergoqurilish.uz/spillikin/m3o3r9t2a2l7i1z0e217" "Mozilla/5.0 AppleWebKit/537.36 (KHTML, like Gecko; compatible; ClaudeBot/1.0; +claudebot@anthropic.com)"
216.73.216.183 - - [25/Aug/2026:00:25:26 +0500] "GET /expectation/rhodochrosite/34061894456 HTTP/1.1" 301 - "-" "Mozilla/5.0 AppleWebKit/537.36 (KHTML, like Gecko; compatible; ClaudeBot/1.0; +claudebot@anthropic.com)"
216.73.216.183 - - [25/Aug/2026:00:25:33 +0500] "GET /uz/expectation/rhodochrosite/34061894456 HTTP/1.1" 404 1248 "https://www.eskijuva-bozori.uz.uzbekgidroenergoqurilish.uz/expectation/rhodochrosite/34061894456" "Mozilla/5.0 AppleWebKit/537.36 (KHTML, like Gecko; compatible; ClaudeBot/1.0; +claudebot@anthropic.com)"
85.208.96.211 - - [25/Aug/2026:00:25:58 +0500] "GET /uz/?r=v9e1n3t3r2a6d17099 HTTP/1.1" 200 68431 "-" "Mozilla/5.0 (compatible; SemrushBot/7~bl; +http://www.semrush.com/bot.html)"
34.61.96.6 - - [25/Aug/2026:00:26:47 +0500] "GET /uz/votes-uzb/474-prot-osa-15-09-2025-pdf HTTP/1.1" 200 55833 "-" "Mozilla/5.0 (Macintosh; Intel Mac OS X 10_15_7) AppleWebKit/537.36 (KHTML, like Gecko) Chrome/120.0.0.0 Safari/537.36"
216.73.216.183 - - [25/Aug/2026:00:27:00 +0500] "GET /shops/houve/l3e1g3i6t9i8m4i0s7m28 HTTP/1.1" 301 - "-" "Mozilla/5.0 AppleWebKit/537.36 (KHTML, like Gecko; compatible; ClaudeBot/1.0; +claudebot@anthropic.com)"
216.73.216.183 - - [25/Aug/2026:00:27:07 +0500] "GET /uz/shops/houve/l3e1g3i6t9i8m4i0s7m28 HTTP/1.1" 404 1248 "https://www.eskijuva-bozori.uz.uzbekgidroenergoqurilish.uz/shops/houve/l3e1g3i6t9i8m4i0s7m28" "Mozilla/5.0 AppleWebKit/537.36 (KHTML, like Gecko; compatible; ClaudeBot/1.0; +claudebot@anthropic.com)"
216.73.216.183 - - [25/Aug/2026:00:27:12 +0500] "GET /shops/innocuous/s3c1u1t2t0l1i0n3g583 HTTP/1.1" 301 - "-" "Mozilla/5.0 AppleWebKit/537.36 (KHTML, like Gecko; compatible; ClaudeBot/1.0; +claudebot@anthropic.com)"
35.254.159.230 - - [25/Aug/2026:00:27:15 +0500] "GET /uz/about-org-uzb/strategy-uzb?start=10 HTTP/1.1" 200 59109 "-" "Mozilla/5.0 (Macintosh; Intel Mac OS X 10_15_7) AppleWebKit/537.36 (KHTML, like Gecko) Chrome/120.0.0.0 Safari/537.36"
216.73.216.183 - - [25/Aug/2026:00:27:19 +0500] "GET /uz/shops/innocuous/s3c1u1t2t0l1i0n3g583 HTTP/1.1" 404 1248 "https://www.eskijuva-bozori.uz.uzbekgidroenergoqurilish.uz/shops/innocuous/s3c1u1t2t0l1i0n3g583" "Mozilla/5.0 AppleWebKit/537.36 (KHTML, like Gecko; compatible; ClaudeBot/1.0; +claudebot@anthropic.com)"
216.73.216.183 - - [25/Aug/2026:00:27:24 +0500] "GET /shops/boddhisatva/g3r2o1v2e5l4l0i6n3g13 HTTP/1.1" 301 - "-" "Mozilla/5.0 AppleWebKit/537.36 (KHTML, like Gecko; compatible; ClaudeBot/1.0; +claudebot@anthropic.com)"
216.73.216.183 - - [25/Aug/2026:00:27:32 +0500] "GET /uz/shops/boddhisatva/g3r2o1v2e5l4l0i6n3g13 HTTP/1.1" 404 1248 "https://www.eskijuva-bozori.uz.uzbekgidroenergoqurilish.uz/shops/boddhisatva/g3r2o1v2e5l4l0i6n3g13" "Mozilla/5.0 AppleWebKit/537.36 (KHTML, like Gecko; compatible; ClaudeBot/1.0; +claudebot@anthropic.com)"
216.73.216.183 - - [25/Aug/2026:00:27:36 +0500] "GET /shops/straightly/w3e9l0l0n5a9t0u8r2ed HTTP/1.1" 301 - "-" "Mozilla/5.0 AppleWebKit/537.36 (KHTML, like Gecko; compatible; ClaudeBot/1.0; +claudebot@anthropic.com)"
216.73.216.183 - - [25/Aug/2026:00:27:44 +0500] "GET /uz/shops/straightly/w3e9l0l0n5a9t0u8r2ed HTTP/1.1" 404 1248 "https://www.eskijuva-bozori.uz.uzbekgidroenergoqurilish.uz/shops/straightly/w3e9l0l0n5a9t0u8r2ed" "Mozilla/5.0 AppleWebKit/537.36 (KHTML, like Gecko; compatible; ClaudeBot/1.0; +claudebot@anthropic.com)"
216.73.216.183 - - [25/Aug/2026:00:27:56 +0500] "GET /?%60=h3i3g2h4f8l1o9w9n95 HTTP/1.1" 301 - "-" "Mozilla/5.0 AppleWebKit/537.36 (KHTML, like Gecko; compatible; ClaudeBot/1.0; +claudebot@anthropic.com)"
216.73.216.183 - - [25/Aug/2026:00:28:02 +0500] "GET /uz/?%60=h3i3g2h4f8l1o9w9n95 HTTP/1.1" 200 68658 "https://www.eskijuva-bozori.uz.uzbekgidroenergoqurilish.uz/?%60=h3i3g2h4f8l1o9w9n95" "Mozilla/5.0 AppleWebKit/537.36 (KHTML, like Gecko; compatible; ClaudeBot/1.0; +claudebot@anthropic.com)"
216.73.216.20 - - [25/Aug/2026:00:28:04 +0500] "GET /uz/component/search/?Itemid=117&format=opensearch&r=s9t1r0u8t7t3i2n6g478 HTTP/1.1" 200 760 "-" "Mozilla/5.0 AppleWebKit/537.36 (KHTML, like Gecko; compatible; ClaudeBot/1.0; +claudebot@anthropic.com)"
216.73.216.183 - - [25/Aug/2026:00:28:08 +0500] "GET /?%60=d3e1c6o1r5o1u9s6l9y90 HTTP/1.1" 301 - "-" "Mozilla/5.0 AppleWebKit/537.36 (KHTML, like Gecko; compatible; ClaudeBot/1.0; +claudebot@anthropic.com)"
216.73.216.183 - - [25/Aug/2026:00:28:15 +0500] "GET /uz/?%60=d3e1c6o1r5o1u9s6l9y90 HTTP/1.1" 200 68660 "https://www.eskijuva-bozori.uz.uzbekgidroenergoqurilish.uz/?%60=d3e1c6o1r5o1u9s6l9y90" "Mozilla/5.0 AppleWebKit/537.36 (KHTML, like Gecko; compatible; ClaudeBot/1.0; +claudebot@anthropic.com)"
216.73.216.183 - - [25/Aug/2026:00:28:21 +0500] "GET /?%60=g3l2o3r9i4f9i6c6a3t0i8on HTTP/1.1" 301 - "-" "Mozilla/5.0 AppleWebKit/537.36 (KHTML, like Gecko; compatible; ClaudeBot/1.0; +claudebot@anthropic.com)"
85.208.96.202 - - [25/Aug/2026:00:28:24 +0500] "GET /uz/?start=12&template=yoo_master2 HTTP/1.1" 200 68561 "-" "Mozilla/5.0 (compatible; SemrushBot/7~bl; +http://www.semrush.com/bot.html)"
216.73.216.183 - - [25/Aug/2026:00:28:28 +0500] "GET /uz/?%60=g3l2o3r9i4f9i6c6a3t0i8on HTTP/1.1" 200 68663 "https://www.eskijuva-bozori.uz.uzbekgidroenergoqurilish.uz/?%60=g3l2o3r9i4f9i6c6a3t0i8on" "Mozilla/5.0 AppleWebKit/537.36 (KHTML, like Gecko; compatible; ClaudeBot/1.0; +claudebot@anthropic.com)"
216.73.216.183 - - [25/Aug/2026:00:28:33 +0500] "GET /shops/noctilio/s3l2o9u2t6h4h9o0u7n8d7 HTTP/1.1" 301 - "-" "Mozilla/5.0 AppleWebKit/537.36 (KHTML, like Gecko; compatible; ClaudeBot/1.0; +claudebot@anthropic.com)"
216.73.216.183 - - [25/Aug/2026:00:28:40 +0500] "GET /uz/shops/noctilio/s3l2o9u2t6h4h9o0u7n8d7 HTTP/1.1" 404 1248 "https://www.eskijuva-bozori.uz.uzbekgidroenergoqurilish.uz/shops/noctilio/s3l2o9u2t6h4h9o0u7n8d7" "Mozilla/5.0 AppleWebKit/537.36 (KHTML, like Gecko; compatible; ClaudeBot/1.0; +claudebot@anthropic.com)"
216.73.216.183 - - [25/Aug/2026:00:28:45 +0500] "GET /scythewhet/batrachostomus/33476418145 HTTP/1.1" 301 - "-" "Mozilla/5.0 AppleWebKit/537.36 (KHTML, like Gecko; compatible; ClaudeBot/1.0; +claudebot@anthropic.com)"
216.73.216.183 - - [25/Aug/2026:00:28:53 +0500] "GET /shops/semiopal/m3i3s3s8u3g2g2e0s2t6i1on HTTP/1.1" 301 - "-" "Mozilla/5.0 AppleWebKit/537.36 (KHTML, like Gecko; compatible; ClaudeBot/1.0; +claudebot@anthropic.com)"
216.73.216.183 - - [25/Aug/2026:00:28:52 +0500] "GET /uz/scythewhet/batrachostomus/33476418145 HTTP/1.1" 404 1248 "https://www.eskijuva-bozori.uz.uzbekgidroenergoqurilish.uz/scythewhet/batrachostomus/33476418145" "Mozilla/5.0 AppleWebKit/537.36 (KHTML, like Gecko; compatible; ClaudeBot/1.0; +claudebot@anthropic.com)"
216.73.216.183 - - [25/Aug/2026:00:29:00 +0500] "GET /uz/shops/semiopal/m3i3s3s8u3g2g2e0s2t6i1on HTTP/1.1" 404 1248 "https://www.eskijuva-bozori.uz.uzbekgidroenergoqurilish.uz/shops/semiopal/m3i3s3s8u3g2g2e0s2t6i1on" "Mozilla/5.0 AppleWebKit/537.36 (KHTML, like Gecko; compatible; ClaudeBot/1.0; +claudebot@anthropic.com)"
216.73.216.183 - - [25/Aug/2026:00:29:05 +0500] "GET /shops/effaced/a3p4r1o4n3f5u3l8s173 HTTP/1.1" 301 - "-" "Mozilla/5.0 AppleWebKit/537.36 (KHTML, like Gecko; compatible; ClaudeBot/1.0; +claudebot@anthropic.com)"
216.73.216.183 - - [25/Aug/2026:00:29:11 +0500] "GET /uz/shops/effaced/a3p4r1o4n3f5u3l8s173 HTTP/1.1" 404 1248 "https://www.eskijuva-bozori.uz.uzbekgidroenergoqurilish.uz/shops/effaced/a3p4r1o4n3f5u3l8s173" "Mozilla/5.0 AppleWebKit/537.36 (KHTML, like Gecko; compatible; ClaudeBot/1.0; +claudebot@anthropic.com)"
85.208.96.208 - - [25/Aug/2026:00:29:33 +0500] "GET /ru/facts-rus/106-08-fact-12-10-15 HTTP/1.1" 200 60958 "-" "Mozilla/5.0 (compatible; SemrushBot/7~bl; +http://www.semrush.com/bot.html)"
34.171.68.95 - - [25/Aug/2026:00:29:43 +0500] "GET /uz/facts-uzb/120-28-fact-04-07-16 HTTP/1.1" 200 59723 "-" "Mozilla/5.0 (Macintosh; Intel Mac OS X 10_15_7) AppleWebKit/537.36 (KHTML, like Gecko) Chrome/120.0.0.0 Safari/537.36"
216.73.216.183 - - [25/Aug/2026:00:29:55 +0500] "GET /?%60=p3e1r9i0c5a9r5d4i0t1i1s HTTP/1.1" 301 - "-" "Mozilla/5.0 AppleWebKit/537.36 (KHTML, like Gecko; compatible; ClaudeBot/1.0; +claudebot@anthropic.com)"
216.73.216.183 - - [25/Aug/2026:00:29:59 +0500] "GET /uz/?%60=p3e1r9i0c5a9r5d4i0t1i1s HTTP/1.1" 200 68662 "https://www.eskijuva-bozori.uz.uzbekgidroenergoqurilish.uz/?%60=p3e1r9i0c5a9r5d4i0t1i1s" "Mozilla/5.0 AppleWebKit/537.36 (KHTML, like Gecko; compatible; ClaudeBot/1.0; +claudebot@anthropic.com)"
216.73.216.183 - - [25/Aug/2026:00:30:07 +0500] "GET /uz/?r=s9a7c3c3h2a6r2i9f9y3ing&start=4 HTTP/1.1" 200 68145 "-" "Mozilla/5.0 AppleWebKit/537.36 (KHTML, like Gecko; compatible; ClaudeBot/1.0; +claudebot@anthropic.com)"
34.56.53.225 - - [25/Aug/2026:00:30:11 +0500] "GET /uz/about-org-uzb/indexes-uzb/290-reports-2020-uzb HTTP/1.1" 200 58003 "-" "Mozilla/5.0 (Macintosh; Intel Mac OS X 10_15_7) AppleWebKit/537.36 (KHTML, like Gecko) Chrome/120.0.0.0 Safari/537.36"
216.73.216.183 - - [25/Aug/2026:00:30:19 +0500] "GET /uz/?format=feed&r=h9y9d0r0a0u1l8i3c6a4l&type=atom HTTP/1.1" 200 9468 "-" "Mozilla/5.0 AppleWebKit/537.36 (KHTML, like Gecko; compatible; ClaudeBot/1.0; +claudebot@anthropic.com)"
216.73.216.183 - - [25/Aug/2026:00:31:01 +0500] "GET /uz/?r=e4d2u9c8a4t8i3o6n6a3l9ist&start=44 HTTP/1.1" 200 69973 "-" "Mozilla/5.0 AppleWebKit/537.36 (KHTML, like Gecko; compatible; ClaudeBot/1.0; +claudebot@anthropic.com)"
216.73.216.183 - - [25/Aug/2026:00:31:12 +0500] "GET /uz/?r=s9a7c3c3h2a6r2i9f9y3ing&start=16 HTTP/1.1" 200 68149 "-" "Mozilla/5.0 AppleWebKit/537.36 (KHTML, like Gecko; compatible; ClaudeBot/1.0; +claudebot@anthropic.com)"
34.123.149.87 - - [25/Aug/2026:00:31:28 +0500] "GET /docs/2024/balans-1-2024-ej.pdf HTTP/1.1" 200 104977 "-" "Mozilla/5.0 (Macintosh; Intel Mac OS X 10_15_7) AppleWebKit/537.36 (KHTML, like Gecko) Chrome/120.0.0.0 Safari/537.36"
216.73.216.183 - - [25/Aug/2026:00:31:33 +0500] "GET /ileum/pageantry/p3h2y0l0l5o9c0a5r2i4d1a HTTP/1.1" 301 - "-" "Mozilla/5.0 AppleWebKit/537.36 (KHTML, like Gecko; compatible; ClaudeBot/1.0; +claudebot@anthropic.com)"
34.10.180.98 - - [25/Aug/2026:00:31:41 +0500] "GET /docs/2024/dividend-full.docx HTTP/1.1" 200 14820 "-" "Mozilla/5.0 (Macintosh; Intel Mac OS X 10_15_7) AppleWebKit/537.36 (KHTML, like Gecko) Chrome/120.0.0.0 Safari/537.36"
216.73.216.183 - - [25/Aug/2026:00:31:38 +0500] "GET /uz/ileum/pageantry/p3h2y0l0l5o9c0a5r2i4d1a HTTP/1.1" 404 1248 "https://www.eskijuva-bozori.uz.uzbekgidroenergoqurilish.uz/ileum/pageantry/p3h2y0l0l5o9c0a5r2i4d1a" "Mozilla/5.0 AppleWebKit/537.36 (KHTML, like Gecko; compatible; ClaudeBot/1.0; +claudebot@anthropic.com)"
216.73.216.183 - - [25/Aug/2026:00:31:52 +0500] "GET /uz/?r=e4d2u9c8a4t8i3o6n6a3l9ist&start=40 HTTP/1.1" 200 69087 "-" "Mozilla/5.0 AppleWebKit/537.36 (KHTML, like Gecko; compatible; ClaudeBot/1.0; +claudebot@anthropic.com)"
216.73.216.183 - - [25/Aug/2026:00:32:04 +0500] "GET /uz/?r=s9a7c3c3h2a6r2i9f9y3ing&start=24 HTTP/1.1" 200 69235 "-" "Mozilla/5.0 AppleWebKit/537.36 (KHTML, like Gecko; compatible; ClaudeBot/1.0; +claudebot@anthropic.com)"
136.119.35.120 - - [25/Aug/2026:00:32:02 +0500] "GET /uz/audit-uzb/115-audit-2013-uzb HTTP/1.1" 200 55999 "-" "Mozilla/5.0 (Macintosh; Intel Mac OS X 10_15_7) AppleWebKit/537.36 (KHTML, like Gecko) Chrome/120.0.0.0 Safari/537.36"
216.73.216.183 - - [25/Aug/2026:00:32:16 +0500] "GET /?%60=a3r1g0y5o4n9e0t1a510 HTTP/1.1" 301 - "-" "Mozilla/5.0 AppleWebKit/537.36 (KHTML, like Gecko; compatible; ClaudeBot/1.0; +claudebot@anthropic.com)"
216.73.216.183 - - [25/Aug/2026:00:32:22 +0500] "GET /uz/?%60=a3r1g0y5o4n9e0t1a510 HTTP/1.1" 200 68659 "https://www.eskijuva-bozori.uz.uzbekgidroenergoqurilish.uz/?%60=a3r1g0y5o4n9e0t1a510" "Mozilla/5.0 AppleWebKit/537.36 (KHTML, like Gecko; compatible; ClaudeBot/1.0; +claudebot@anthropic.com)"
185.191.171.15 - - [25/Aug/2026:00:32:32 +0500] "GET /uz/?amp%3Bstart=48&function=call_user_func_array&start=4&vars%5B1%5D%5B0%5D=1 HTTP/1.1" 200 68815 "-" "Mozilla/5.0 (compatible; SemrushBot/7~bl; +http://www.semrush.com/bot.html)"
34.56.53.225 - - [25/Aug/2026:00:32:34 +0500] "GET /uz/news-uzb?start=12 HTTP/1.1" 200 61614 "-" "Mozilla/5.0 (Macintosh; Intel Mac OS X 10_15_7) AppleWebKit/537.36 (KHTML, like Gecko) Chrome/120.0.0.0 Safari/537.36"
57.141.20.38 - - [25/Aug/2026:00:32:45 +0500] "GET /uz/?s=index/think\\\\\\\\\\\\\\\\\\\\\\\\\\\\\\\\app/invokefunction&function=call_user_func_array&vars[0]=phpinfo&vars[1][0]=1&start=40 HTTP/1.1" 200 68954 "-" "Mozilla/5.0 (Macintosh; Intel Mac OS X 10_15_7) AppleWebKit/537.36 (KHTML, like Gecko) Chrome/145.0.0.0 Safari/537.36 (compatible; meta-webindexer/1.1 (+https://developers.facebook.com/docs/sharing/webmasters/crawler))"
57.141.20.9 - - [25/Aug/2026:00:33:19 +0500] "GET /uz/?r=e4d2u9c8a4t8i3o6n6a3l9ist&start=52 HTTP/1.1" 508 288 "-" "Mozilla/5.0 (X11; Linux x86_64) AppleWebKit/537.36 (KHTML, like Gecko) Chrome/145.0.0.0 Safari/537.36 (compatible; meta-externalagent/1.1 (+https://developers.facebook.com/docs/sharing/webmasters/crawler))"
136.119.35.120 - - [25/Aug/2026:00:33:09 +0500] "GET /uz/prospectus-uzb HTTP/1.1" 200 62118 "-" "Mozilla/5.0 (Macintosh; Intel Mac OS X 10_15_7) AppleWebKit/537.36 (KHTML, like Gecko) Chrome/120.0.0.0 Safari/537.36"
57.141.20.25 - - [25/Aug/2026:00:33:22 +0500] "GET /uz/?r=e4d2u9c8a4t8i3o6n6a3l9ist&start=28 HTTP/1.1" 508 288 "-" "Mozilla/5.0 (Macintosh; Intel Mac OS X 10_15_7) AppleWebKit/537.36 (KHTML, like Gecko) Chrome/145.0.0.0 Safari/537.36 (compatible; meta-externalagent/1.1 (+https://developers.facebook.com/docs/sharing/webmasters/crawler))"
57.141.20.9 - - [25/Aug/2026:00:33:12 +0500] "GET /uz/?r=e4d2u9c8a4t8i3o6n6a3l9ist&start=48 HTTP/1.1" 200 68746 "-" "Mozilla/5.0 (Windows NT 10.0; Win64; x64) AppleWebKit/537.36 (KHTML, like Gecko) Chrome/145.0.0.0 Safari/537.36 (compatible; meta-externalagent/1.1 (+https://developers.facebook.com/docs/sharing/webmasters/crawler))"
57.141.20.39 - - [25/Aug/2026:00:33:25 +0500] "GET /uz/?r=e4d2u9c8a4t8i3o6n6a3l9ist&start=44 HTTP/1.1" 508 288 "-" "Mozilla/5.0 (Windows NT 10.0; Win64; x64) AppleWebKit/537.36 (KHTML, like Gecko) Chrome/145.0.0.0 Safari/537.36 (compatible; meta-externalagent/1.1 (+https://developers.facebook.com/docs/sharing/webmasters/crawler))"
57.141.20.38 - - [25/Aug/2026:00:33:27 +0500] "GET /uz/?r=e4d2u9c8a4t8i3o6n6a3l9ist&format=feed&type=atom HTTP/1.1" 508 288 "-" "Mozilla/5.0 (Windows NT 10.0; Win64; x64) AppleWebKit/537.36 (KHTML, like Gecko) Chrome/145.0.0.0 Safari/537.36 (compatible; meta-externalagent/1.1 (+https://developers.facebook.com/docs/sharing/webmasters/crawler))"
57.141.20.42 - - [25/Aug/2026:00:33:14 +0500] "GET /uz/?r=e4d2u9c8a4t8i3o6n6a3l9ist&start=36 HTTP/1.1" 200 69749 "-" "Mozilla/5.0 (Macintosh; Intel Mac OS X 10_15_7) AppleWebKit/537.36 (KHTML, like Gecko) Chrome/145.0.0.0 Safari/537.36 (compatible; meta-externalagent/1.1 (+https://developers.facebook.com/docs/sharing/webmasters/crawler))"
57.141.20.10 - - [25/Aug/2026:00:33:30 +0500] "GET /uz/?r=e4d2u9c8a4t8i3o6n6a3l9ist&format=feed&type=rss HTTP/1.1" 508 288 "-" "Mozilla/5.0 (Windows NT 10.0; Win64; x64) AppleWebKit/537.36 (KHTML, like Gecko) Chrome/145.0.0.0 Safari/537.36 (compatible; meta-externalagent/1.1 (+https://developers.facebook.com/docs/sharing/webmasters/crawler))"
57.141.20.37 - - [25/Aug/2026:00:33:17 +0500] "GET /uz/?r=e4d2u9c8a4t8i3o6n6a3l9ist&start=32 HTTP/1.1" 200 68334 "-" "Mozilla/5.0 (Windows NT 10.0; Win64; x64) AppleWebKit/537.36 (KHTML, like Gecko) Chrome/145.0.0.0 Safari/537.36 (compatible; meta-externalagent/1.1 (+https://developers.facebook.com/docs/sharing/webmasters/crawler))"
57.141.20.65 - - [25/Aug/2026:00:33:22 +0500] "GET /uz/?r=e4d2u9c8a4t8i3o6n6a3l9ist HTTP/1.1" 200 68453 "-" "Mozilla/5.0 (Macintosh; Intel Mac OS X 10_15_7) AppleWebKit/537.36 (KHTML, like Gecko) Chrome/145.0.0.0 Safari/537.36 (compatible; meta-externalagent/1.1 (+https://developers.facebook.com/docs/sharing/webmasters/crawler))"
85.208.96.199 - - [25/Aug/2026:00:33:21 +0500] "GET /ru/info-for-shareholders-rus?start=20&template=yoo_master2 HTTP/1.1" 200 59711 "-" "Mozilla/5.0 (compatible; SemrushBot/7~bl; +http://www.semrush.com/bot.html)"
57.141.20.29 - - [25/Aug/2026:00:33:49 +0500] "GET /uz/?r=e4d2u9c8a4t8i3o6n6a3l9ist&start=20 HTTP/1.1" 508 288 "-" "Mozilla/5.0 (Windows NT 10.0; Win64; x64) AppleWebKit/537.36 (KHTML, like Gecko) Chrome/145.0.0.0 Safari/537.36 (compatible; meta-externalagent/1.1 (+https://developers.facebook.com/docs/sharing/webmasters/crawler))"
57.141.20.33 - - [25/Aug/2026:00:33:44 +0500] "GET /uz/?r=e4d2u9c8a4t8i3o6n6a3l9ist&start=40 HTTP/1.1" 200 68878 "-" "Mozilla/5.0 (Windows NT 10.0; Win64; x64) AppleWebKit/537.36 (KHTML, like Gecko) Chrome/145.0.0.0 Safari/537.36 (compatible; meta-externalagent/1.1 (+https://developers.facebook.com/docs/sharing/webmasters/crawler))"
57.141.20.73 - - [25/Aug/2026:00:33:55 +0500] "GET /uz/?`=g3o2b6b0l8i8n3g1939&format=feed&type=rss HTTP/1.1" 200 5753 "-" "Mozilla/5.0 (Macintosh; Intel Mac OS X 10_15_7) AppleWebKit/537.36 (KHTML, like Gecko) Chrome/145.0.0.0 Safari/537.36 (compatible; meta-externalagent/1.1 (+https://developers.facebook.com/docs/sharing/webmasters/crawler))"
57.141.20.3 - - [25/Aug/2026:00:33:52 +0500] "GET /uz/?r=e4d2u9c8a4t8i3o6n6a3l9ist&start=24 HTTP/1.1" 200 69028 "-" "Mozilla/5.0 (Windows NT 10.0; Win64; x64) AppleWebKit/537.36 (KHTML, like Gecko) Chrome/145.0.0.0 Safari/537.36 (compatible; meta-externalagent/1.1 (+https://developers.facebook.com/docs/sharing/webmasters/crawler))"
85.208.96.205 - - [25/Aug/2026:00:33:57 +0500] "GET /uz/?destination=node&start=32 HTTP/1.1" 200 68519 "-" "Mozilla/5.0 (compatible; SemrushBot/7~bl; +http://www.semrush.com/bot.html)"
57.141.20.30 - - [25/Aug/2026:00:33:59 +0500] "GET /uz/?`=g3o2b6b0l8i8n3g1939&format=feed&type=atom HTTP/1.1" 200 8858 "-" "Mozilla/5.0 (X11; Linux x86_64) AppleWebKit/537.36 (KHTML, like Gecko) Chrome/145.0.0.0 Safari/537.36 (compatible; meta-externalagent/1.1 (+https://developers.facebook.com/docs/sharing/webmasters/crawler))"
57.141.20.73 - - [25/Aug/2026:00:34:03 +0500] "GET /uz/?`=g3o2b6b0l8i8n3g1939&start=52 HTTP/1.1" 200 68988 "-" "Mozilla/5.0 (Windows NT 10.0; Win64; x64) AppleWebKit/537.36 (KHTML, like Gecko) Chrome/145.0.0.0 Safari/537.36 (compatible; meta-externalagent/1.1 (+https://developers.facebook.com/docs/sharing/webmasters/crawler))"
57.141.20.32 - - [25/Aug/2026:00:34:15 +0500] "GET /uz/?`=g3o2b6b0l8i8n3g1939&start=4 HTTP/1.1" 508 288 "-" "Mozilla/5.0 (Windows NT 10.0; Win64; x64) AppleWebKit/537.36 (KHTML, like Gecko) Chrome/145.0.0.0 Safari/537.36 (compatible; meta-externalagent/1.1 (+https://developers.facebook.com/docs/sharing/webmasters/crawler))"
57.141.20.2 - - [25/Aug/2026:00:34:08 +0500] "GET /uz/?`=g3o2b6b0l8i8n3g1939&start=8 HTTP/1.1" 200 67722 "-" "Mozilla/5.0 (Windows NT 10.0; Win64; x64) AppleWebKit/537.36 (KHTML, like Gecko) Chrome/145.0.0.0 Safari/537.36 (compatible; meta-externalagent/1.1 (+https://developers.facebook.com/docs/sharing/webmasters/crawler))"
216.73.216.183 - - [25/Aug/2026:00:34:07 +0500] "GET /ru/about-org-rus/indexes-rus?start=20 HTTP/1.1" 200 59140 "-" "Mozilla/5.0 AppleWebKit/537.36 (KHTML, like Gecko; compatible; ClaudeBot/1.0; +claudebot@anthropic.com)"
57.141.20.60 - - [25/Aug/2026:00:34:12 +0500] "GET /uz/?`=g3o2b6b0l8i8n3g1939&start=12 HTTP/1.1" 200 68381 "-" "Mozilla/5.0 (Macintosh; Intel Mac OS X 10_15_7) AppleWebKit/537.36 (KHTML, like Gecko) Chrome/145.0.0.0 Safari/537.36 (compatible; meta-externalagent/1.1 (+https://developers.facebook.com/docs/sharing/webmasters/crawler))"
136.119.35.120 - - [25/Aug/2026:00:34:24 +0500] "GET /ru/officially-rus/ustav-rus?template=accessibility HTTP/1.1" 200 30511 "-" "Mozilla/5.0 (Macintosh; Intel Mac OS X 10_15_7) AppleWebKit/537.36 (KHTML, like Gecko) Chrome/120.0.0.0 Safari/537.36"
57.141.20.44 - - [25/Aug/2026:00:34:47 +0500] "GET /uz/?`=l3i1p7o6g2r9a5m1m6a4t0ic&start=4 HTTP/1.1" 508 288 "-" "Mozilla/5.0 (Windows NT 10.0; Win64; x64) AppleWebKit/537.36 (KHTML, like Gecko) Chrome/145.0.0.0 Safari/537.36 (compatible; meta-externalagent/1.1 (+https://developers.facebook.com/docs/sharing/webmasters/crawler))"
57.141.20.73 - - [25/Aug/2026:00:34:36 +0500] "GET /uz/?`=l3i1p7o6g2r9a5m1m6a4t0ic&start=20 HTTP/1.1" 200 68266 "-" "Mozilla/5.0 (Macintosh; Intel Mac OS X 10_15_7) AppleWebKit/537.36 (KHTML, like Gecko) Chrome/145.0.0.0 Safari/537.36 (compatible; meta-externalagent/1.1 (+https://developers.facebook.com/docs/sharing/webmasters/crawler))"
57.141.20.9 - - [25/Aug/2026:00:34:39 +0500] "GET /uz/?`=l3i1p7o6g2r9a5m1m6a4t0ic&start=16 HTTP/1.1" 200 67941 "-" "Mozilla/5.0 (Windows NT 10.0; Win64; x64) AppleWebKit/537.36 (KHTML, like Gecko) Chrome/145.0.0.0 Safari/537.36 (compatible; meta-externalagent/1.1 (+https://developers.facebook.com/docs/sharing/webmasters/crawler))"
57.141.20.39 - - [25/Aug/2026:00:34:43 +0500] "GET /uz/?`=l3i1p7o6g2r9a5m1m6a4t0ic&start=12 HTTP/1.1" 200 68386 "-" "Mozilla/5.0 (Windows NT 10.0; Win64; x64) AppleWebKit/537.36 (KHTML, like Gecko) Chrome/145.0.0.0 Safari/537.36 (compatible; meta-externalagent/1.1 (+https://developers.facebook.com/docs/sharing/webmasters/crawler))"
57.141.20.65 - - [25/Aug/2026:00:34:51 +0500] "GET /uz/?`=l3i1p7o6g2r9a5m1m6a4t0ic&format=feed&type=atom HTTP/1.1" 200 8863 "-" "Mozilla/5.0 (Macintosh; Intel Mac OS X 10_15_7) AppleWebKit/537.36 (KHTML, like Gecko) Chrome/145.0.0.0 Safari/537.36 (compatible; meta-externalagent/1.1 (+https://developers.facebook.com/docs/sharing/webmasters/crawler))"
45.224.120.157 - - [25/Aug/2026:00:34:49 +0500] "GET /ru/events-rus/76-extra-meeting HTTP/1.1" 200 59917 "-" "Mozilla/5.0 (Macintosh; Intel Mac OS X 12_3_1) AppleWebKit/537.36 (KHTML, like Gecko) Chrome/124.0.6367.155 Safari/537.36"
57.141.20.71 - - [25/Aug/2026:00:34:51 +0500] "GET /uz/?`=l3i1p7o6g2r9a5m1m6a4t0ic&start=52 HTTP/1.1" 200 68993 "-" "Mozilla/5.0 (Macintosh; Intel Mac OS X 10_15_7) AppleWebKit/537.36 (KHTML, like Gecko) Chrome/145.0.0.0 Safari/537.36 (compatible; meta-externalagent/1.1 (+https://developers.facebook.com/docs/sharing/webmasters/crawler))"
57.141.20.64 - - [25/Aug/2026:00:34:56 +0500] "GET /uz/?`=l3i1p7o6g2r9a5m1m6a4t0ic&format=feed&type=rss HTTP/1.1" 200 5758 "-" "Mozilla/5.0 (X11; Linux x86_64) AppleWebKit/537.36 (KHTML, like Gecko) Chrome/145.0.0.0 Safari/537.36 (compatible; meta-externalagent/1.1 (+https://developers.facebook.com/docs/sharing/webmasters/crawler))"
57.141.20.55 - - [25/Aug/2026:00:34:59 +0500] "GET /uz/?`=l3i1p7o6g2r9a5m1m6a4t0ic HTTP/1.1" 200 68452 "-" "Mozilla/5.0 (X11; Linux x86_64) AppleWebKit/537.36 (KHTML, like Gecko) Chrome/145.0.0.0 Safari/537.36 (compatible; meta-externalagent/1.1 (+https://developers.facebook.com/docs/sharing/webmasters/crawler))"
85.208.96.197 - - [25/Aug/2026:00:35:03 +0500] "GET /uz/?function=call_user_func_array&s=index%2Fthink%5C%5C%5C%5C%5C%5C%5C%5C%5C%5C%5C%5C%5C%5C%5C%5C%5C%5C%5C%5C%5C%5C%5C%5C%5C%5C%5C%5C%5C%5C%5C%5C%5C%5C%5C%5C%5C%5C%5C%5C%5C%5C%5C%5C%5C%5C%5C%5C%5C%5C%5C%5C%5C%5C%5C%5C%5C%5C%5C%5C%5C%5C%5C%5Capp%2Finvokefunction&start=8&vars%5B0%5D=phpinfo&vars%5B1%5D%5B0%5D=1 HTTP/1.1" 200 68039 "-" "Mozilla/5.0 (compatible; SemrushBot/7~bl; +http://www.semrush.com/bot.html)"
57.141.20.65 - - [25/Aug/2026:00:35:18 +0500] "GET /uz/?r=s9a7c3c3h2a6r2i9f9y3ing&format=feed&type=atom HTTP/1.1" 508 288 "-" "Mozilla/5.0 (Windows NT 10.0; Win64; x64) AppleWebKit/537.36 (KHTML, like Gecko) Chrome/145.0.0.0 Safari/537.36 (compatible; meta-externalagent/1.1 (+https://developers.facebook.com/docs/sharing/webmasters/crawler))"
34.10.180.98 - - [25/Aug/2026:00:35:08 +0500] "GET /ru/news-rus HTTP/1.1" 200 64166 "-" "Mozilla/5.0 (Macintosh; Intel Mac OS X 10_15_7) AppleWebKit/537.36 (KHTML, like Gecko) Chrome/120.0.0.0 Safari/537.36"
57.141.20.56 - - [25/Aug/2026:00:35:11 +0500] "GET /uz/?r=s9a7c3c3h2a6r2i9f9y3ing&start=12 HTTP/1.1" 200 68385 "-" "Mozilla/5.0 (Windows NT 10.0; Win64; x64) AppleWebKit/537.36 (KHTML, like Gecko) Chrome/145.0.0.0 Safari/537.36 (compatible; meta-externalagent/1.1 (+https://developers.facebook.com/docs/sharing/webmasters/crawler))"
57.141.20.16 - - [25/Aug/2026:00:35:24 +0500] "GET /uz/?r=s9a7c3c3h2a6r2i9f9y3ing&start=24 HTTP/1.1" 508 288 "-" "Mozilla/5.0 (X11; Linux x86_64) AppleWebKit/537.36 (KHTML, like Gecko) Chrome/145.0.0.0 Safari/537.36 (compatible; meta-externalagent/1.1 (+https://developers.facebook.com/docs/sharing/webmasters/crawler))"
57.141.20.3 - - [25/Aug/2026:00:35:29 +0500] "GET /uz/?`=l3i1p7o6g2r9a5m1m6a4t0ic&start=32 HTTP/1.1" 508 288 "-" "Mozilla/5.0 (Windows NT 10.0; Win64; x64) AppleWebKit/537.36 (KHTML, like Gecko) Chrome/145.0.0.0 Safari/537.36 (compatible; meta-externalagent/1.1 (+https://developers.facebook.com/docs/sharing/webmasters/crawler))"
57.141.20.8 - - [25/Aug/2026:00:35:29 +0500] "GET /uz/?r=s9a7c3c3h2a6r2i9f9y3ing&start=20 HTTP/1.1" 508 288 "-" "Mozilla/5.0 (Macintosh; Intel Mac OS X 10_15_7) AppleWebKit/537.36 (KHTML, like Gecko) Chrome/145.0.0.0 Safari/537.36 (compatible; meta-externalagent/1.1 (+https://developers.facebook.com/docs/sharing/webmasters/crawler))"
57.141.20.3 - - [25/Aug/2026:00:35:15 +0500] "GET /uz/?r=s9a7c3c3h2a6r2i9f9y3ing&start=28 HTTP/1.1" 200 68305 "-" "Mozilla/5.0 (Windows NT 10.0; Win64; x64) AppleWebKit/537.36 (KHTML, like Gecko) Chrome/145.0.0.0 Safari/537.36 (compatible; meta-externalagent/1.1 (+https://developers.facebook.com/docs/sharing/webmasters/crawler))"
57.141.20.72 - - [25/Aug/2026:00:35:21 +0500] "GET /uz/?r=s9a7c3c3h2a6r2i9f9y3ing&start=52 HTTP/1.1" 200 68992 "-" "Mozilla/5.0 (Windows NT 10.0; Win64; x64) AppleWebKit/537.36 (KHTML, like Gecko) Chrome/145.0.0.0 Safari/537.36 (compatible; meta-externalagent/1.1 (+https://developers.facebook.com/docs/sharing/webmasters/crawler))"
57.141.20.70 - - [25/Aug/2026:00:35:21 +0500] "GET /uz/?`=l3i1p7o6g2r9a5m1m6a4t0ic&start=24 HTTP/1.1" 200 69027 "-" "Mozilla/5.0 (Macintosh; Intel Mac OS X 10_15_7) AppleWebKit/537.36 (KHTML, like Gecko) Chrome/145.0.0.0 Safari/537.36 (compatible; meta-externalagent/1.1 (+https://developers.facebook.com/docs/sharing/webmasters/crawler))"
57.141.20.49 - - [25/Aug/2026:00:35:33 +0500] "GET /uz/?`=l3i1p7o6g2r9a5m1m6a4t0ic&start=8 HTTP/1.1" 200 67727 "-" "Mozilla/5.0 (Windows NT 10.0; Win64; x64) AppleWebKit/537.36 (KHTML, like Gecko) Chrome/145.0.0.0 Safari/537.36 (compatible; meta-externalagent/1.1 (+https://developers.facebook.com/docs/sharing/webmasters/crawler))"
57.141.20.7 - - [25/Aug/2026:00:35:32 +0500] "GET /uz/?`=l3i1p7o6g2r9a5m1m6a4t0ic&start=28 HTTP/1.1" 200 68306 "-" "Mozilla/5.0 (Macintosh; Intel Mac OS X 10_15_7) AppleWebKit/537.36 (KHTML, like Gecko) Chrome/145.0.0.0 Safari/537.36 (compatible; meta-externalagent/1.1 (+https://developers.facebook.com/docs/sharing/webmasters/crawler))"
57.141.20.28 - - [25/Aug/2026:00:35:37 +0500] "GET /uz/?r=s9a7c3c3h2a6r2i9f9y3ing&start=8 HTTP/1.1" 200 67726 "-" "Mozilla/5.0 (Windows NT 10.0; Win64; x64) AppleWebKit/537.36 (KHTML, like Gecko) Chrome/145.0.0.0 Safari/537.36 (compatible; meta-externalagent/1.1 (+https://developers.facebook.com/docs/sharing/webmasters/crawler))"
185.191.171.7 - - [25/Aug/2026:00:35:50 +0500] "GET /ru/facts-rus/303-08-fact-19-05-2020-ns HTTP/1.1" 508 288 "-" "Mozilla/5.0 (compatible; SemrushBot/7~bl; +http://www.semrush.com/bot.html)"
57.141.20.58 - - [25/Aug/2026:00:35:42 +0500] "GET /uz/?r=s9a7c3c3h2a6r2i9f9y3ing&start=4 HTTP/1.1" 200 68558 "-" "Mozilla/5.0 (Windows NT 10.0; Win64; x64) AppleWebKit/537.36 (KHTML, like Gecko) Chrome/145.0.0.0 Safari/537.36 (compatible; meta-externalagent/1.1 (+https://developers.facebook.com/docs/sharing/webmasters/crawler))"
57.141.20.3 - - [25/Aug/2026:00:35:45 +0500] "GET /uz/?r=s9a7c3c3h2a6r2i9f9y3ing&format=feed&type=rss HTTP/1.1" 200 5757 "-" "Mozilla/5.0 (Windows NT 10.0; Win64; x64) AppleWebKit/537.36 (KHTML, like Gecko) Chrome/145.0.0.0 Safari/537.36 Edg/145.0.0.0 (compatible; meta-externalagent/1.1 (+https://developers.facebook.com/docs/sharing/webmasters/crawler))"
57.141.20.14 - - [25/Aug/2026:00:35:49 +0500] "GET /uz/?r=s9a7c3c3h2a6r2i9f9y3ing HTTP/1.1" 200 68451 "-" "Mozilla/5.0 (Windows NT 10.0; Win64; x64) AppleWebKit/537.36 (KHTML, like Gecko) Chrome/145.0.0.0 Safari/537.36 (compatible; meta-externalagent/1.1 (+https://developers.facebook.com/docs/sharing/webmasters/crawler))"
57.141.20.44 - - [25/Aug/2026:00:35:54 +0500] "GET /uz/?r=s9a7c3c3h2a6r2i9f9y3ing&start=36 HTTP/1.1" 200 69747 "-" "Mozilla/5.0 (Macintosh; Intel Mac OS X 10_15_7) AppleWebKit/537.36 (KHTML, like Gecko) Chrome/145.0.0.0 Safari/537.36 (compatible; meta-externalagent/1.1 (+https://developers.facebook.com/docs/sharing/webmasters/crawler))"
57.141.20.73 - - [25/Aug/2026:00:35:56 +0500] "GET /uz/?r=s9a7c3c3h2a6r2i9f9y3ing&start=32 HTTP/1.1" 200 68332 "-" "Mozilla/5.0 (Windows NT 10.0; Win64; x64) AppleWebKit/537.36 (KHTML, like Gecko) Chrome/145.0.0.0 Safari/537.36 (compatible; meta-externalagent/1.1 (+https://developers.facebook.com/docs/sharing/webmasters/crawler))"
57.141.20.9 - - [25/Aug/2026:00:36:00 +0500] "GET /uz/?r=s9a7c3c3h2a6r2i9f9y3ing&start=40 HTTP/1.1" 200 68876 "-" "Mozilla/5.0 (Macintosh; Intel Mac OS X 10_15_7) AppleWebKit/537.36 (KHTML, like Gecko) Chrome/145.0.0.0 Safari/537.36 (compatible; meta-externalagent/1.1 (+https://developers.facebook.com/docs/sharing/webmasters/crawler))"
57.141.20.25 - - [25/Aug/2026:00:36:04 +0500] "GET /uz/?r=s9a7c3c3h2a6r2i9f9y3ing&start=16 HTTP/1.1" 200 67940 "-" "Mozilla/5.0 (Macintosh; Intel Mac OS X 10_15_7) AppleWebKit/537.36 (KHTML, like Gecko) Chrome/145.0.0.0 Safari/537.36 (compatible; meta-externalagent/1.1 (+https://developers.facebook.com/docs/sharing/webmasters/crawler))"
185.191.171.11 - - [25/Aug/2026:00:39:11 +0500] "GET /uz/?function=call_user_func_array&s=index%2Fthink%5C%5C%5C%5C%5C%5C%5C%5Capp%2Finvokefunction&start=24&vars%5B0%5D=phpinfo&vars%5B1%5D%5B0%5D=1 HTTP/1.1" 508 288 "-" "Mozilla/5.0 (compatible; SemrushBot/7~bl; +http://www.semrush.com/bot.html)"
216.73.216.183 - - [25/Aug/2026:00:40:27 +0500] "GET /?%60=u3n1e1q6u0i5t6a3b9l0e1 HTTP/1.1" 301 - "-" "Mozilla/5.0 AppleWebKit/537.36 (KHTML, like Gecko; compatible; ClaudeBot/1.0; +claudebot@anthropic.com)"
216.73.216.183 - - [25/Aug/2026:00:40:36 +0500] "GET /uz/?%60=u3n1e1q6u0i5t6a3b9l0e1 HTTP/1.1" 200 68503 "https://www.eskijuva-bozori.uz.uzbekgidroenergoqurilish.uz/?%60=u3n1e1q6u0i5t6a3b9l0e1" "Mozilla/5.0 AppleWebKit/537.36 (KHTML, like Gecko; compatible; ClaudeBot/1.0; +claudebot@anthropic.com)"
185.191.171.13 - - [25/Aug/2026:00:40:51 +0500] "GET /uz/?destination=node&start=16 HTTP/1.1" 508 288 "-" "Mozilla/5.0 (compatible; SemrushBot/7~bl; +http://www.semrush.com/bot.html)"
216.73.216.20 - - [25/Aug/2026:00:41:12 +0500] "GET /?r=s9p4e8a9r5e5r1350 HTTP/1.1" 508 288 "-" "Mozilla/5.0 AppleWebKit/537.36 (KHTML, like Gecko; compatible; ClaudeBot/1.0; +claudebot@anthropic.com)"
216.73.216.20 - - [25/Aug/2026:00:41:18 +0500] "GET /imputed/g9o2d3s4p9e3e7d5346 HTTP/1.1" 508 288 "-" "Mozilla/5.0 AppleWebKit/537.36 (KHTML, like Gecko; compatible; ClaudeBot/1.0; +claudebot@anthropic.com)"
216.73.216.183 - - [25/Aug/2026:00:41:11 +0500] "GET /?%60=u3n1c7o8n0c3l0u6d6e9n4t HTTP/1.1" 301 - "-" "Mozilla/5.0 AppleWebKit/537.36 (KHTML, like Gecko; compatible; ClaudeBot/1.0; +claudebot@anthropic.com)"
216.73.216.20 - - [25/Aug/2026:00:41:24 +0500] "GET /shops/limbering/h9a2l8y1a6r5d3215 HTTP/1.1" 508 288 "-" "Mozilla/5.0 AppleWebKit/537.36 (KHTML, like Gecko; compatible; ClaudeBot/1.0; +claudebot@anthropic.com)"
216.73.216.183 - - [25/Aug/2026:00:41:21 +0500] "GET /uz/?%60=u3n1c7o8n0c3l0u6d6e9n4t HTTP/1.1" 200 - "https://www.eskijuva-bozori.uz.uzbekgidroenergoqurilish.uz/?%60=u3n1c7o8n0c3l0u6d6e9n4t" "Mozilla/5.0 AppleWebKit/537.36 (KHTML, like Gecko; compatible; ClaudeBot/1.0; +claudebot@anthropic.com)"
216.73.216.20 - - [25/Aug/2026:00:41:32 +0500] "GET /shops/bashibazouk/p9a1n0e9g4y5r0i2z9e87 HTTP/1.1" 301 - "-" "Mozilla/5.0 AppleWebKit/537.36 (KHTML, like Gecko; compatible; ClaudeBot/1.0; +claudebot@anthropic.com)"
216.73.216.183 - - [25/Aug/2026:00:41:35 +0500] "GET /uz/?r=a9c4c1e0p9t4i0n0g44&start=16 HTTP/1.1" 200 68160 "-" "Mozilla/5.0 AppleWebKit/537.36 (KHTML, like Gecko; compatible; ClaudeBot/1.0; +claudebot@anthropic.com)"
216.73.216.20 - - [25/Aug/2026:00:41:37 +0500] "GET /uz/shops/bashibazouk/p9a1n0e9g4y5r0i2z9e87 HTTP/1.1" 404 1216 "https://eskijuva-bozori.uz/shops/bashibazouk/p9a1n0e9g4y5r0i2z9e87" "Mozilla/5.0 AppleWebKit/537.36 (KHTML, like Gecko; compatible; ClaudeBot/1.0; +claudebot@anthropic.com)"
216.73.216.20 - - [25/Aug/2026:00:41:44 +0500] "GET /shops/pacification/e9x3t1o0r6t5e3d0753 HTTP/1.1" 301 - "-" "Mozilla/5.0 AppleWebKit/537.36 (KHTML, like Gecko; compatible; ClaudeBot/1.0; +claudebot@anthropic.com)"
216.73.216.20 - - [25/Aug/2026:00:41:50 +0500] "GET /uz/shops/pacification/e9x3t1o0r6t5e3d0753 HTTP/1.1" 404 1216 "https://eskijuva-bozori.uz/shops/pacification/e9x3t1o0r6t5e3d0753" "Mozilla/5.0 AppleWebKit/537.36 (KHTML, like Gecko; compatible; ClaudeBot/1.0; +claudebot@anthropic.com)"
216.73.216.20 - - [25/Aug/2026:00:41:56 +0500] "GET /stridden/refait/c9a1t5a2c5h3r9e6s7i3s8 HTTP/1.1" 301 - "-" "Mozilla/5.0 AppleWebKit/537.36 (KHTML, like Gecko; compatible; ClaudeBot/1.0; +claudebot@anthropic.com)"
216.73.216.20 - - [25/Aug/2026:00:42:02 +0500] "GET /shops/ounded/g9r3i3s8t9809506 HTTP/1.1" 301 - "-" "Mozilla/5.0 AppleWebKit/537.36 (KHTML, like Gecko; compatible; ClaudeBot/1.0; +claudebot@anthropic.com)"
216.73.216.20 - - [25/Aug/2026:00:42:04 +0500] "GET /uz/stridden/refait/c9a1t5a2c5h3r9e6s7i3s8 HTTP/1.1" 404 1216 "https://eskijuva-bozori.uz/stridden/refait/c9a1t5a2c5h3r9e6s7i3s8" "Mozilla/5.0 AppleWebKit/537.36 (KHTML, like Gecko; compatible; ClaudeBot/1.0; +claudebot@anthropic.com)"
216.73.216.20 - - [25/Aug/2026:00:42:12 +0500] "GET /?r=p9i3a1c8l5e586733 HTTP/1.1" 301 - "-" "Mozilla/5.0 AppleWebKit/537.36 (KHTML, like Gecko; compatible; ClaudeBot/1.0; +claudebot@anthropic.com)"
216.73.216.20 - - [25/Aug/2026:00:42:19 +0500] "GET /uz/?r=p9i3a1c8l5e586733 HTTP/1.1" 508 288 "https://eskijuva-bozori.uz/?r=p9i3a1c8l5e586733" "Mozilla/5.0 AppleWebKit/537.36 (KHTML, like Gecko; compatible; ClaudeBot/1.0; +claudebot@anthropic.com)"
216.73.216.20 - - [25/Aug/2026:00:42:12 +0500] "GET /uz/shops/ounded/g9r3i3s8t9809506 HTTP/1.1" 404 1216 "https://eskijuva-bozori.uz/shops/ounded/g9r3i3s8t9809506" "Mozilla/5.0 AppleWebKit/537.36 (KHTML, like Gecko; compatible; ClaudeBot/1.0; +claudebot@anthropic.com)"
216.73.216.20 - - [25/Aug/2026:00:42:21 +0500] "GET /?r=r9a1f9f7l4e667297 HTTP/1.1" 301 - "-" "Mozilla/5.0 AppleWebKit/537.36 (KHTML, like Gecko; compatible; ClaudeBot/1.0; +claudebot@anthropic.com)"
216.73.216.20 - - [25/Aug/2026:00:42:33 +0500] "GET /arctic/b9e3r7n6a9r2d01661 HTTP/1.1" 508 288 "-" "Mozilla/5.0 AppleWebKit/537.36 (KHTML, like Gecko; compatible; ClaudeBot/1.0; +claudebot@anthropic.com)"
216.73.216.20 - - [25/Aug/2026:00:42:29 +0500] "GET /uz/?r=r9a1f9f7l4e667297 HTTP/1.1" 200 68272 "https://eskijuva-bozori.uz/?r=r9a1f9f7l4e667297" "Mozilla/5.0 AppleWebKit/537.36 (KHTML, like Gecko; compatible; ClaudeBot/1.0; +claudebot@anthropic.com)"
216.73.216.20 - - [25/Aug/2026:00:42:39 +0500] "GET /?r=c9o7r3r7i5v1a9l7r8y HTTP/1.1" 301 - "-" "Mozilla/5.0 AppleWebKit/537.36 (KHTML, like Gecko; compatible; ClaudeBot/1.0; +claudebot@anthropic.com)"
20.104.50.220 - - [25/Aug/2026:00:42:48 +0500] "GET /wp-content/plugins/hellopress/wp_filemanager.php HTTP/1.1" 401 36 "-" "-"
20.104.50.220 - - [25/Aug/2026:00:42:48 +0500] "GET /this_is_a_new_hello_world.php HTTP/1.1" 401 36 "-" "-"
20.104.50.220 - - [25/Aug/2026:00:42:48 +0500] "GET /011i.php HTTP/1.1" 401 36 "-" "-"
20.104.50.220 - - [25/Aug/2026:00:42:49 +0500] "GET /667.php HTTP/1.1" 401 36 "-" "-"
20.104.50.220 - - [25/Aug/2026:00:42:49 +0500] "GET /GA13.php HTTP/1.1" 401 36 "-" "-"
20.104.50.220 - - [25/Aug/2026:00:42:50 +0500] "GET /jok3r.php HTTP/1.1" 401 36 "-" "-"
20.104.50.220 - - [25/Aug/2026:00:42:50 +0500] "GET /zolando.php HTTP/1.1" 401 36 "-" "-"
20.104.50.220 - - [25/Aug/2026:00:42:50 +0500] "GET /2x.php HTTP/1.1" 401 36 "-" "-"
20.104.50.220 - - [25/Aug/2026:00:42:51 +0500] "GET /f22.php HTTP/1.1" 401 36 "-" "-"
20.104.50.220 - - [25/Aug/2026:00:42:51 +0500] "GET /file-manager-advanced.php HTTP/1.1" 401 36 "-" "-"
20.104.50.220 - - [25/Aug/2026:00:42:52 +0500] "GET /csa.php HTTP/1.1" 401 36 "-" "-"
20.104.50.220 - - [25/Aug/2026:00:42:52 +0500] "GET /jlex.php HTTP/1.1" 401 36 "-" "-"
20.104.50.220 - - [25/Aug/2026:00:42:52 +0500] "GET /gk.php HTTP/1.1" 401 36 "-" "-"
20.104.50.220 - - [25/Aug/2026:00:42:53 +0500] "GET /sta.php HTTP/1.1" 401 36 "-" "-"
20.104.50.220 - - [25/Aug/2026:00:42:53 +0500] "GET /ejrofgj.php HTTP/1.1" 401 36 "-" "-"
