Your IP : 216.73.216.139


Current Path : /home/uzgidenergo/access-logs/
Upload File :
Current File : /home/uzgidenergo/access-logs/farhod-bozori.uz.uzbekgidroenergoqurilish.uz

54.39.210.149 - - [24/Aug/2026:17:09:39 +0500] "GET /robots.txt HTTP/1.1" 200 865 "-" "Mozilla/5.0 (compatible; AhrefsBot/7.0; +http://ahrefs.com/robot/)"
198.244.242.238 - - [24/Aug/2026:17:09:40 +0500] "GET / HTTP/1.1" 200 71089 "-" "Mozilla/5.0 (compatible; AhrefsBot/7.0; +http://ahrefs.com/robot/)"
52.167.144.20 - - [24/Aug/2026:17:15:37 +0500] "GET /component/mailto/?tmpl=component&template=farhod&link=e1f0ac1890049c132b9522a96e083e72b2a84690 HTTP/1.1" 200 4495 "-" "Mozilla/5.0 AppleWebKit/537.36 (KHTML, like Gecko; compatible; bingbot/2.0; +http://www.bing.com/bingbot.htm) Chrome/116.0.1938.76 Safari/537.36"
192.178.6.192 - - [24/Aug/2026:17:22:56 +0500] "GET /?start=16 HTTP/1.1" 200 57090 "-" "Mozilla/5.0 (Linux; Android 6.0.1; Nexus 5X Build/MMB29P) AppleWebKit/537.36 (KHTML, like Gecko) Chrome/151.0.7922.137 Mobile Safari/537.36 (compatible; Googlebot/2.1; +http://www.google.com/bot.html)"
40.77.167.17 - - [24/Aug/2026:17:23:24 +0500] "GET /ru/104-uzbek/shareholders-uzb/jsc-docs-uzb?format=feed&type=rss HTTP/1.1" 200 916 "-" "Mozilla/5.0 AppleWebKit/537.36 (KHTML, like Gecko; compatible; bingbot/2.0; +http://www.bing.com/bingbot.htm) Chrome/116.0.1938.76 Safari/537.36"
43.136.86.241 - - [24/Aug/2026:17:24:03 +0500] "GET / HTTP/1.1" 200 62080 "-" "Mozilla/5.0 (iPhone; CPU iPhone OS 13_2_3 like Mac OS X) AppleWebKit/605.1.15 (KHTML, like Gecko) Version/13.0.3 Mobile/15E148 Safari/604.1"
200.202.97.93 - - [24/Aug/2026:17:24:47 +0500] "GET /component/mailto/?link=bacf584c66c735b8f286f9a3bba776c9e9c616d6&template=farhod&tmpl=component HTTP/1.1" 200 4505 "-" "Mozilla/5.0 (Linux; Android 6.0; Nexus 5 Build/MRA58N) AppleWebKit/537.36 (KHTML, like Gecko) Chrome/65.0.3325.181 Mobile Safari/537.36"
155.229.99.142 - - [24/Aug/2026:17:24:53 +0500] "GET http://mail.farhod-bozori.uz/components/com_imageshow/assets/css/style.css HTTP/1.1" 200 1545 "http://mail.farhod-bozori.uz/component/mailto/?link=bacf584c66c735b8f286f9a3bba776c9e9c616d6&template=farhod&tmpl=component" "Mozilla/5.0 (Linux; Android 6.0; Nexus 5 Build/MRA58N) AppleWebKit/537.36 (KHTML, like Gecko) Chrome/65.0.3325.181 Mobile Safari/537.36"
192.178.6.192 - - [24/Aug/2026:17:25:35 +0500] "GET / HTTP/1.1" 200 62080 "-" "Mozilla/5.0 (Linux; Android 6.0.1; Nexus 5X Build/MMB29P) AppleWebKit/537.36 (KHTML, like Gecko) Chrome/151.0.7922.137 Mobile Safari/537.36 (compatible; Googlebot/2.1; +http://www.google.com/bot.html)"
34.61.96.6 - - [24/Aug/2026:17:33:48 +0500] "GET /component/mailto/?link=899b2a8370b279129e7e34346f15ecf8ed065c11&template=farhod&tmpl=component HTTP/1.1" 200 4495 "-" "Mozilla/5.0 (Macintosh; Intel Mac OS X 10_15_7) AppleWebKit/537.36 (KHTML, like Gecko) Chrome/120.0.0.0 Safari/537.36"
47.128.27.223 - - [24/Aug/2026:17:37:06 +0500] "GET /robots.txt HTTP/1.1" 200 865 "-" "Mozilla/5.0 (iPhone; CPU iPhone OS 7_1_2 like Mac OS X) AppleWebKit/537.36 (KHTML, like Gecko) Version/7.0 Mobile Safari/537.36 (compatible; Bytespider; https://bytedance.sg.larkoffice.com/docx/K5bxdypulop3IIxrJb0lOjLVgFe)"
47.128.39.123 - - [24/Aug/2026:17:37:54 +0500] "GET /robots.txt HTTP/1.1" 200 865 "-" "Mozilla/5.0 (Linux; Android 5.0) AppleWebKit/537.36 (KHTML, like Gecko) Mobile Safari/537.36 (compatible; Bytespider; https://bytedance.sg.larkoffice.com/docx/K5bxdypulop3IIxrJb0lOjLVgFe)"
34.57.162.91 - - [24/Aug/2026:17:38:52 +0500] "GET /ru/component/mailto/?link=3b92acf7fec357c71cfae984da3c64d9ae11c840&template=farhod&tmpl=component HTTP/1.1" 200 4474 "-" "Mozilla/5.0 (Macintosh; Intel Mac OS X 10_15_7) AppleWebKit/537.36 (KHTML, like Gecko) Chrome/120.0.0.0 Safari/537.36"
192.178.6.201 - - [24/Aug/2026:17:44:19 +0500] "GET /ru/ HTTP/1.1" 200 53714 "-" "Mozilla/5.0 (Linux; Android 6.0.1; Nexus 5X Build/MMB29P) AppleWebKit/537.36 (KHTML, like Gecko) Chrome/151.0.7922.137 Mobile Safari/537.36 (compatible; Googlebot/2.1; +http://www.google.com/bot.html)"
145.223.131.246 - - [24/Aug/2026:18:00:24 +0500] "GET /images/fin.balans/2020/balans-2020.docx HTTP/1.1" 200 39324 "-" "Mozilla/5.0 (Macintosh; Intel Mac OS X 10_15_7) AppleWebKit/537.36 (KHTML, like Gecko) Chrome/116.0.0.0 Safari/537.36"
192.178.6.192 - - [24/Aug/2026:18:02:37 +0500] "GET /ru/officially-rus/monitoring-ru/285-19-02-2021-203-qaror HTTP/1.1" 200 43804 "-" "Mozilla/5.0 (Linux; Android 6.0.1; Nexus 5X Build/MMB29P) AppleWebKit/537.36 (KHTML, like Gecko) Chrome/151.0.7922.137 Mobile Safari/537.36 (compatible; Googlebot/2.1; +http://www.google.com/bot.html)"
185.191.171.12 - - [24/Aug/2026:18:15:28 +0500] "GET /audit-uzb?template=farhod HTTP/1.1" 200 48179 "-" "Mozilla/5.0 (compatible; SemrushBot/7~bl; +http://www.semrush.com/bot.html)"
34.10.180.98 - - [24/Aug/2026:18:18:36 +0500] "GET /ru/officially-rus/monitoring-ru?format=feed&template=farhod&type=rss HTTP/1.1" 200 1909 "-" "Mozilla/5.0 (Macintosh; Intel Mac OS X 10_15_7) AppleWebKit/537.36 (KHTML, like Gecko) Chrome/120.0.0.0 Safari/537.36"
157.15.147.28 - - [24/Aug/2026:18:19:37 +0500] "GET /ru/facts-rus/198-06-emitent-oliy-boshqaruv-organi-tomonidan-qabul-qilingan-qarorlar-18-04-2018-resheni-prin-tye-vysshim-or-anom-pravleni-emitenta-18-04-2018?print=1&tmpl=component HTTP/1.1" 200 83065 "-" "Mozilla/5.0 (Linux; Android 6.0; Nexus 5 Build/MRA58N) AppleWebKit/537.36 (KHTML, like Gecko) Chrome/65.0.3325.181 Mobile Safari/537.36"
62.217.16.130 - - [24/Aug/2026:18:19:43 +0500] "GET http://mail.farhod-bozori.uz/templates/farhod/css/colors/blue.css HTTP/1.1" 200 7515 "http://mail.farhod-bozori.uz/ru/facts-rus/198-06-emitent-oliy-boshqaruv-organi-tomonidan-qabul-qilingan-qarorlar-18-04-2018-resheni-prin-tye-vysshim-or-anom-pravleni-emitenta-18-04-2018?print=1&tmpl=component" "Mozilla/5.0 (Linux; Android 6.0; Nexus 5 Build/MRA58N) AppleWebKit/537.36 (KHTML, like Gecko) Chrome/65.0.3325.181 Mobile Safari/537.36"
154.193.15.175 - - [24/Aug/2026:18:19:43 +0500] "GET http://mail.farhod-bozori.uz/media/system/css/modal.css HTTP/1.1" 200 3013 "http://mail.farhod-bozori.uz/ru/facts-rus/198-06-emitent-oliy-boshqaruv-organi-tomonidan-qabul-qilingan-qarorlar-18-04-2018-resheni-prin-tye-vysshim-or-anom-pravleni-emitenta-18-04-2018?print=1&tmpl=component" "Mozilla/5.0 (Linux; Android 6.0; Nexus 5 Build/MRA58N) AppleWebKit/537.36 (KHTML, like Gecko) Chrome/65.0.3325.181 Mobile Safari/537.36"
185.191.171.12 - - [24/Aug/2026:18:20:16 +0500] "GET /facts-uzb?template=farhod HTTP/1.1" 200 49128 "-" "Mozilla/5.0 (compatible; SemrushBot/7~bl; +http://www.semrush.com/bot.html)"
216.73.216.54 - - [24/Aug/2026:18:26:30 +0500] "GET /robots.txt HTTP/1.1" 200 865 "-" "Mozilla/5.0 AppleWebKit/537.36 (KHTML, like Gecko; compatible; ClaudeBot/1.0; +claudebot@anthropic.com)"
216.73.216.54 - - [24/Aug/2026:18:26:30 +0500] "GET /sitemap.xml HTTP/1.1" 404 2823 "-" "Mozilla/5.0 AppleWebKit/537.36 (KHTML, like Gecko; compatible; ClaudeBot/1.0; +claudebot@anthropic.com)"
193.23.205.222 - - [24/Aug/2026:18:33:15 +0500] "GET /ru/95-uzbek/about-company-uzb HTTP/1.1" 200 61896 "-" "Mozilla/5.0 (Macintosh; Intel Mac OS X 10_15_7) AppleWebKit/537.36 (KHTML, like Gecko) Chrome/143.0.0.0 Safari/537.36"
142.147.207.211 - - [24/Aug/2026:18:33:16 +0500] "GET /ru/95-uzbek/about-company-uzb HTTP/1.1" 200 61896 "-" "Mozilla/5.0 (Macintosh; Intel Mac OS X 10_15_7) AppleWebKit/537.36 (KHTML, like Gecko) Chrome/142.0.0.0 Safari/537.36"
182.77.72.180 - - [24/Aug/2026:18:39:19 +0500] "GET /facts-uzb/255-sush-fakt-08-14-05-2020-io HTTP/1.1" 200 44384 "-" "Mozilla/5.0 (Linux; Android 6.0; Nexus 5 Build/MRA58N) AppleWebKit/537.36 (KHTML, like Gecko) Chrome/65.0.3325.181 Mobile Safari/537.36"
154.197.26.47 - - [24/Aug/2026:18:39:26 +0500] "GET http://mail.farhod-bozori.uz/templates/farhod/css/custom.css HTTP/1.1" 200 3854 "http://mail.farhod-bozori.uz/facts-uzb/255-sush-fakt-08-14-05-2020-io" "Mozilla/5.0 (Linux; Android 6.0; Nexus 5 Build/MRA58N) AppleWebKit/537.36 (KHTML, like Gecko) Chrome/65.0.3325.181 Mobile Safari/537.36"
103.196.102.126 - - [24/Aug/2026:18:39:26 +0500] "GET http://mail.farhod-bozori.uz/images/design/vi.png HTTP/1.1" 206 500 "http://mail.farhod-bozori.uz/facts-uzb/255-sush-fakt-08-14-05-2020-io" "Mozilla/5.0 (Linux; Android 6.0; Nexus 5 Build/MRA58N) AppleWebKit/537.36 (KHTML, like Gecko) Chrome/65.0.3325.181 Mobile Safari/537.36"
188.214.233.151 - - [24/Aug/2026:18:39:27 +0500] "GET http://mail.farhod-bozori.uz/media/mod_languages/images/ru.gif HTTP/1.1" 206 94 "http://mail.farhod-bozori.uz/facts-uzb/255-sush-fakt-08-14-05-2020-io" "Mozilla/5.0 (Linux; Android 6.0; Nexus 5 Build/MRA58N) AppleWebKit/537.36 (KHTML, like Gecko) Chrome/65.0.3325.181 Mobile Safari/537.36"
154.193.21.54 - - [24/Aug/2026:18:39:29 +0500] "GET http://mail.farhod-bozori.uz/images/links/press.jpg HTTP/1.1" 206 500 "http://mail.farhod-bozori.uz/facts-uzb/255-sush-fakt-08-14-05-2020-io" "Mozilla/5.0 (Linux; Android 6.0; Nexus 5 Build/MRA58N) AppleWebKit/537.36 (KHTML, like Gecko) Chrome/65.0.3325.181 Mobile Safari/537.36"
146.71.47.236 - - [24/Aug/2026:18:39:29 +0500] "GET http://mail.farhod-bozori.uz/media/ext_tss/assets/css/style.css HTTP/1.1" 200 2387 "http://mail.farhod-bozori.uz/facts-uzb/255-sush-fakt-08-14-05-2020-io" "Mozilla/5.0 (Linux; Android 6.0; Nexus 5 Build/MRA58N) AppleWebKit/537.36 (KHTML, like Gecko) Chrome/65.0.3325.181 Mobile Safari/537.36"
69.17.0.193 - - [24/Aug/2026:18:39:31 +0500] "GET http://mail.farhod-bozori.uz/images/design/ayuda.gif HTTP/1.1" 206 500 "http://mail.farhod-bozori.uz/facts-uzb/255-sush-fakt-08-14-05-2020-io" "Mozilla/5.0 (Linux; Android 6.0; Nexus 5 Build/MRA58N) AppleWebKit/537.36 (KHTML, like Gecko) Chrome/65.0.3325.181 Mobile Safari/537.36"
216.132.117.156 - - [24/Aug/2026:18:39:31 +0500] "GET http://mail.farhod-bozori.uz/templates/farhod/images/icons/icon-arrow-down.png HTTP/1.1" 206 85 "http://mail.farhod-bozori.uz/templates/farhod/css/template.css" "Mozilla/5.0 (Linux; Android 6.0; Nexus 5 Build/MRA58N) AppleWebKit/537.36 (KHTML, like Gecko) Chrome/65.0.3325.181 Mobile Safari/537.36"
209.101.53.58 - - [24/Aug/2026:18:39:31 +0500] "GET http://mail.farhod-bozori.uz/templates/farhod/images/icons/icons-uni.png HTTP/1.1" 206 500 "http://mail.farhod-bozori.uz/templates/farhod/css/template.css" "Mozilla/5.0 (Linux; Android 6.0; Nexus 5 Build/MRA58N) AppleWebKit/537.36 (KHTML, like Gecko) Chrome/65.0.3325.181 Mobile Safari/537.36"
107.167.48.58 - - [24/Aug/2026:18:39:31 +0500] "GET http://mail.farhod-bozori.uz/images/links/press.jpg HTTP/1.1" 304 - "http://mail.farhod-bozori.uz/facts-uzb/255-sush-fakt-08-14-05-2020-io" "Mozilla/5.0 (Linux; Android 6.0; Nexus 5 Build/MRA58N) AppleWebKit/537.36 (KHTML, like Gecko) Chrome/65.0.3325.181 Mobile Safari/537.36"
220.158.253.94 - - [24/Aug/2026:18:39:32 +0500] "GET http://mail.farhod-bozori.uz/templates/farhod/images/dot.png HTTP/1.1" 206 74 "http://mail.farhod-bozori.uz/templates/farhod/css/template.css" "Mozilla/5.0 (Linux; Android 6.0; Nexus 5 Build/MRA58N) AppleWebKit/537.36 (KHTML, like Gecko) Chrome/65.0.3325.181 Mobile Safari/537.36"
154.193.20.164 - - [24/Aug/2026:18:39:32 +0500] "GET http://mail.farhod-bozori.uz/templates/farhod/images/mainnav-bg.png HTTP/1.1" 206 73 "http://mail.farhod-bozori.uz/templates/farhod/css/template.css" "Mozilla/5.0 (Linux; Android 6.0; Nexus 5 Build/MRA58N) AppleWebKit/537.36 (KHTML, like Gecko) Chrome/65.0.3325.181 Mobile Safari/537.36"
155.229.17.25 - - [24/Aug/2026:18:39:33 +0500] "GET http://mail.farhod-bozori.uz/images/links/press.jpg HTTP/1.1" 206 12144 "http://mail.farhod-bozori.uz/facts-uzb/255-sush-fakt-08-14-05-2020-io" "Mozilla/5.0 (Linux; Android 6.0; Nexus 5 Build/MRA58N) AppleWebKit/537.36 (KHTML, like Gecko) Chrome/65.0.3325.181 Mobile Safari/537.36"
207.97.136.203 - - [24/Aug/2026:18:39:34 +0500] "GET http://mail.farhod-bozori.uz/templates/farhod/images/icons/icons-mobile.png HTTP/1.1" 206 372 "http://mail.farhod-bozori.uz/templates/farhod/css/template.css" "Mozilla/5.0 (Linux; Android 6.0; Nexus 5 Build/MRA58N) AppleWebKit/537.36 (KHTML, like Gecko) Chrome/65.0.3325.181 Mobile Safari/537.36"
207.97.179.4 - - [24/Aug/2026:18:39:34 +0500] "GET http://mail.farhod-bozori.uz/templates/farhod/images/light-grad-module-bg.png HTTP/1.1" 206 500 "http://mail.farhod-bozori.uz/templates/farhod/css/template.css" "Mozilla/5.0 (Linux; Android 6.0; Nexus 5 Build/MRA58N) AppleWebKit/537.36 (KHTML, like Gecko) Chrome/65.0.3325.181 Mobile Safari/537.36"
34.56.53.225 - - [24/Aug/2026:18:45:30 +0500] "GET /audit-uzb?start=10&template=farhod HTTP/1.1" 200 44591 "-" "Mozilla/5.0 (Macintosh; Intel Mac OS X 10_15_7) AppleWebKit/537.36 (KHTML, like Gecko) Chrome/120.0.0.0 Safari/537.36"
216.244.66.236 - - [24/Aug/2026:18:49:11 +0500] "GET /docs/2023/ustav-2023.pdf HTTP/1.1" 200 4256042 "-" "Mozilla/5.0 (compatible; DotBot/1.2; +https://opensiteexplorer.org/dotbot; help@moz.com)"
98.83.8.142 - - [24/Aug/2026:18:58:24 +0500] "GET /docs/2024/sush_fakt-06-10.04.2025.docx HTTP/1.1" 200 29137 "-" "Mozilla/5.0 AppleWebKit/537.36 (KHTML, like Gecko; compatible; Amazonbot/0.1; +https://developer.amazon.com/support/amazonbot) Chrome/119.0.6045.214 Safari/537.36"
34.171.68.95 - - [24/Aug/2026:19:00:48 +0500] "GET /audit-uzb/172-2014-jilda-i-a-ditorlarnin-kh-losalari-a-ditors-oe-za-lyuchenie-za-2014-od?page=&print=1&tmpl=component HTTP/1.1" 200 5744 "-" "Mozilla/5.0 (Macintosh; Intel Mac OS X 10_15_7) AppleWebKit/537.36 (KHTML, like Gecko) Chrome/120.0.0.0 Safari/537.36"
34.171.68.95 - - [24/Aug/2026:19:01:42 +0500] "GET /ru/facts-rus/276-sush-fakt-08-11-04-2022-ns HTTP/1.1" 200 82195 "-" "Mozilla/5.0 (Macintosh; Intel Mac OS X 10_15_7) AppleWebKit/537.36 (KHTML, like Gecko) Chrome/120.0.0.0 Safari/537.36"
220.181.108.176 - - [24/Aug/2026:19:03:40 +0500] "GET /ru/facts-rus/147-03-fact-27-03-12 HTTP/1.1" 200 58499 "-" "Mozilla/5.0 (compatible; Baiduspider/2.0; +http://www.baidu.com/search/spider.html)"
54.156.248.117 - - [24/Aug/2026:19:06:59 +0500] "GET /officially-uzb/tenders-uzb/305-tender-meneger-2023-uz HTTP/1.1" 200 49368 "-" "Mozilla/5.0 AppleWebKit/537.36 (KHTML, like Gecko; compatible; Amazonbot/0.1; +https://developer.amazon.com/support/amazonbot) Chrome/119.0.6045.214 Safari/537.36"
43.153.85.46 - - [24/Aug/2026:19:08:50 +0500] "GET / HTTP/1.1" 200 62080 "-" "Mozilla/5.0 (iPhone; CPU iPhone OS 13_2_3 like Mac OS X) AppleWebKit/605.1.15 (KHTML, like Gecko) Version/13.0.3 Mobile/15E148 Safari/604.1"
3.213.213.161 - - [24/Aug/2026:19:09:00 +0500] "GET /ru/interactive-uzb/88-russian/about-company-rus?format=feed&type=atom HTTP/1.1" 200 10785 "-" "Mozilla/5.0 AppleWebKit/537.36 (KHTML, like Gecko; compatible; Amazonbot/0.1; +https://developer.amazon.com/support/amazonbot) Chrome/119.0.6045.214 Safari/537.36"
52.167.144.18 - - [24/Aug/2026:19:14:02 +0500] "GET /component/finder/search?Itemid=1524&q= HTTP/1.1" 200 52973 "-" "Mozilla/5.0 AppleWebKit/537.36 (KHTML, like Gecko; compatible; bingbot/2.0; +http://www.bing.com/bingbot.htm) Chrome/116.0.1938.76 Safari/537.36"
192.178.6.200 - - [24/Aug/2026:19:15:52 +0500] "GET /news-uzb/204-korp-upravlenie-2018 HTTP/1.1" 200 44939 "-" "Mozilla/5.0 (Linux; Android 6.0.1; Nexus 5X Build/MMB29P) AppleWebKit/537.36 (KHTML, like Gecko) Chrome/151.0.7922.137 Mobile Safari/537.36 (compatible; Googlebot/2.1; +http://www.google.com/bot.html)"
195.181.174.229 - - [24/Aug/2026:19:17:42 +0500] "GET / HTTP/1.0" 200 71089 "http://farhod-bozori.uz/" "Mozilla/5.0 (Windows NT 10.0; Win64; x64) AppleWebKit/537.36 (KHTML, like Gecko) Chrome/129.0.0.0 Safari/537.36"
195.181.174.229 - - [24/Aug/2026:19:17:43 +0500] "POST / HTTP/1.0" 200 71557 "http://farhod-bozori.uz/" "Mozilla/5.0 (Windows NT 10.0; Win64; x64) AppleWebKit/537.36 (KHTML, like Gecko) Chrome/129.0.0.0 Safari/537.36"
34.61.96.6 - - [24/Aug/2026:19:18:41 +0500] "GET /ru/facts-rus?start=50&template=accessibility HTTP/1.1" 200 21190 "-" "Mozilla/5.0 (Macintosh; Intel Mac OS X 10_15_7) AppleWebKit/537.36 (KHTML, like Gecko) Chrome/120.0.0.0 Safari/537.36"
51.75.119.154 - - [24/Aug/2026:19:22:59 +0500] "GET /robots.txt HTTP/1.1" 200 865 "-" "Mozilla/5.0 (compatible; MJ12bot/v1.4.8; http://mj12bot.com/)"
51.75.119.154 - - [24/Aug/2026:19:23:44 +0500] "GET /about-org-uzb/direction-uzb/104-uzbek/shareholders-uzb/jsc-docs-uzb/134-ustav-change-uzb HTTP/1.1" 200 48573 "-" "Mozilla/5.0 (compatible; MJ12bot/v1.4.8; http://mj12bot.com/)"
51.75.119.154 - - [24/Aug/2026:19:23:57 +0500] "GET /about-org-uzb/direction-uzb/104-uzbek/shareholders-uzb/jsc-docs-uzb/137-nabl-komissiya-uzb HTTP/1.1" 200 47186 "-" "Mozilla/5.0 (compatible; MJ12bot/v1.4.8; http://mj12bot.com/)"
51.75.119.154 - - [24/Aug/2026:19:24:18 +0500] "GET /about-org-uzb/direction-uzb/104-uzbek/shareholders-uzb/jsc-docs-uzb/139-kuzatuv-kengashi-majlisining-bayonnomasi2 HTTP/1.1" 200 56067 "-" "Mozilla/5.0 (compatible; MJ12bot/v1.4.8; http://mj12bot.com/)"
51.75.119.154 - - [24/Aug/2026:19:24:28 +0500] "GET /about-org-uzb/direction-uzb/104-uzbek/shareholders-uzb/jsc-docs-uzb/141-kuzatuv-kengashi-majlisining-bayonnomasi1 HTTP/1.1" 508 288 "-" "Mozilla/5.0 (compatible; MJ12bot/v1.4.8; http://mj12bot.com/)"
51.75.119.154 - - [24/Aug/2026:19:24:31 +0500] "GET /about-org-uzb/direction-uzb/104-uzbek/shareholders-uzb/jsc-docs-uzb?format=feed&type=atom HTTP/1.1" 508 288 "-" "Mozilla/5.0 (compatible; MJ12bot/v1.4.8; http://mj12bot.com/)"
51.75.119.154 - - [24/Aug/2026:19:24:39 +0500] "GET /about-org-uzb/direction-uzb/104-uzbek/shareholders-uzb/jsc-docs-uzb?format=feed&type=rss HTTP/1.1" 200 49797 "-" "Mozilla/5.0 (compatible; MJ12bot/v1.4.8; http://mj12bot.com/)"
51.75.119.154 - - [24/Aug/2026:19:25:08 +0500] "GET /about-org-uzb/structure-uzb/104-uzbek/shareholders-uzb/jsc-docs-uzb HTTP/1.1" 200 95899 "-" "Mozilla/5.0 (compatible; MJ12bot/v1.4.8; http://mj12bot.com/)"
51.75.119.154 - - [24/Aug/2026:19:25:50 +0500] "GET /about-org-uzb/structure-uzb/104-uzbek/shareholders-uzb/jsc-docs-uzb/134-ustav-change-uzb HTTP/1.1" 200 48586 "-" "Mozilla/5.0 (compatible; MJ12bot/v1.4.8; http://mj12bot.com/)"
51.75.119.154 - - [24/Aug/2026:19:26:09 +0500] "GET /about-org-uzb/structure-uzb/104-uzbek/shareholders-uzb/jsc-docs-uzb/137-nabl-komissiya-uzb HTTP/1.1" 200 47199 "-" "Mozilla/5.0 (compatible; MJ12bot/v1.4.8; http://mj12bot.com/)"
51.75.119.154 - - [24/Aug/2026:19:26:16 +0500] "GET /about-org-uzb/structure-uzb/104-uzbek/shareholders-uzb/jsc-docs-uzb/139-kuzatuv-kengashi-majlisining-bayonnomasi2 HTTP/1.1" 200 56080 "-" "Mozilla/5.0 (compatible; MJ12bot/v1.4.8; http://mj12bot.com/)"
51.75.119.154 - - [24/Aug/2026:19:26:29 +0500] "GET /about-org-uzb/structure-uzb/104-uzbek/shareholders-uzb/jsc-docs-uzb/141-kuzatuv-kengashi-majlisining-bayonnomasi1 HTTP/1.1" 200 73812 "-" "Mozilla/5.0 (compatible; MJ12bot/v1.4.8; http://mj12bot.com/)"
51.75.119.154 - - [24/Aug/2026:19:26:51 +0500] "GET /about-org-uzb/structure-uzb/104-uzbek/shareholders-uzb/jsc-docs-uzb?format=feed&type=atom HTTP/1.1" 200 123859 "-" "Mozilla/5.0 (compatible; MJ12bot/v1.4.8; http://mj12bot.com/)"
51.75.119.154 - - [24/Aug/2026:19:27:43 +0500] "GET /about-org-uzb/structure-uzb/97-uzbek/officially-uzb/159-old-acts-uzb HTTP/1.1" 200 44468 "-" "Mozilla/5.0 (compatible; MJ12bot/v1.4.8; http://mj12bot.com/)"
51.75.119.154 - - [24/Aug/2026:19:28:08 +0500] "GET /facts-uzb/128-19-facts-07-11-14 HTTP/1.1" 508 288 "-" "Mozilla/5.0 (compatible; MJ12bot/v1.4.8; http://mj12bot.com/)"
51.75.119.154 - - [24/Aug/2026:19:28:17 +0500] "GET /facts-uzb/259-sush-fakt-06-19-10-2020 HTTP/1.1" 200 44417 "-" "Mozilla/5.0 (compatible; MJ12bot/v1.4.8; http://mj12bot.com/)"
51.75.119.154 - - [24/Aug/2026:19:28:39 +0500] "GET /facts-uzb/262-sush-fakt-08-16-03-2021-io HTTP/1.1" 200 44828 "-" "Mozilla/5.0 (compatible; MJ12bot/v1.4.8; http://mj12bot.com/)"
51.75.119.154 - - [24/Aug/2026:19:29:00 +0500] "GET /facts-uzb/263-sush-fakt-06-16-03-2021 HTTP/1.1" 200 44424 "-" "Mozilla/5.0 (compatible; MJ12bot/v1.4.8; http://mj12bot.com/)"
51.75.119.154 - - [24/Aug/2026:19:29:22 +0500] "GET /facts-uzb/264-sush-fakt-08-16-03-2021-kk HTTP/1.1" 200 44812 "-" "Mozilla/5.0 (compatible; MJ12bot/v1.4.8; http://mj12bot.com/)"
51.75.119.154 - - [24/Aug/2026:19:29:50 +0500] "GET /facts-uzb/265-sush-fakt-08-16-03-2021-tk HTTP/1.1" 200 44789 "-" "Mozilla/5.0 (compatible; MJ12bot/v1.4.8; http://mj12bot.com/)"
51.75.119.154 - - [24/Aug/2026:19:30:26 +0500] "GET /facts-uzb/266-sush-fakt-32-16-03-2021 HTTP/1.1" 200 44399 "-" "Mozilla/5.0 (compatible; MJ12bot/v1.4.8; http://mj12bot.com/)"
51.75.119.154 - - [24/Aug/2026:19:30:36 +0500] "GET /facts-uzb/267-sush-fakt-36-16-03-2022 HTTP/1.1" 200 44376 "-" "Mozilla/5.0 (compatible; MJ12bot/v1.4.8; http://mj12bot.com/)"
51.75.119.154 - - [24/Aug/2026:19:31:29 +0500] "GET /facts-uzb/272-sush-fakt-06-10-02-2022 HTTP/1.1" 200 44432 "-" "Mozilla/5.0 (compatible; MJ12bot/v1.4.8; http://mj12bot.com/)"
51.75.119.154 - - [24/Aug/2026:19:32:54 +0500] "GET /facts-uzb/273-sush-fakt-21-10-02-2022 HTTP/1.1" 200 44316 "-" "Mozilla/5.0 (compatible; MJ12bot/v1.4.8; http://mj12bot.com/)"
51.75.119.154 - - [24/Aug/2026:19:33:34 +0500] "GET /facts-uzb?start=40 HTTP/1.1" 200 49659 "-" "Mozilla/5.0 (compatible; MJ12bot/v1.4.8; http://mj12bot.com/)"
51.75.119.154 - - [24/Aug/2026:19:34:23 +0500] "GET /facts-uzb?start=50 HTTP/1.1" 200 49972 "-" "Mozilla/5.0 (compatible; MJ12bot/v1.4.8; http://mj12bot.com/)"
51.75.119.154 - - [24/Aug/2026:19:35:06 +0500] "GET /officially-uzb/certificates-rus/104-uzbek/shareholders-uzb/jsc-docs-uzb/134-ustav-change-uzb HTTP/1.1" 200 48681 "-" "Mozilla/5.0 (compatible; MJ12bot/v1.4.8; http://mj12bot.com/)"
51.75.119.154 - - [24/Aug/2026:19:35:13 +0500] "GET /officially-uzb/certificates-rus/104-uzbek/shareholders-uzb/jsc-docs-uzb/137-nabl-komissiya-uzb HTTP/1.1" 200 47298 "-" "Mozilla/5.0 (compatible; MJ12bot/v1.4.8; http://mj12bot.com/)"
51.75.119.154 - - [24/Aug/2026:19:35:22 +0500] "GET /officially-uzb/certificates-rus/104-uzbek/shareholders-uzb/jsc-docs-uzb/139-kuzatuv-kengashi-majlisining-bayonnomasi2 HTTP/1.1" 200 56175 "-" "Mozilla/5.0 (compatible; MJ12bot/v1.4.8; http://mj12bot.com/)"
51.75.119.154 - - [24/Aug/2026:19:35:34 +0500] "GET /officially-uzb/certificates-rus/104-uzbek/shareholders-uzb/jsc-docs-uzb/141-kuzatuv-kengashi-majlisining-bayonnomasi1 HTTP/1.1" 200 73911 "-" "Mozilla/5.0 (compatible; MJ12bot/v1.4.8; http://mj12bot.com/)"
51.75.119.154 - - [24/Aug/2026:19:35:52 +0500] "GET /officially-uzb/norm-baza-uzb/104-uzbek/shareholders-uzb/jsc-docs-uzb/134-ustav-change-uzb HTTP/1.1" 200 48629 "-" "Mozilla/5.0 (compatible; MJ12bot/v1.4.8; http://mj12bot.com/)"
51.75.119.154 - - [24/Aug/2026:19:36:09 +0500] "GET /officially-uzb/norm-baza-uzb/104-uzbek/shareholders-uzb/jsc-docs-uzb/137-nabl-komissiya-uzb HTTP/1.1" 200 47243 "-" "Mozilla/5.0 (compatible; MJ12bot/v1.4.8; http://mj12bot.com/)"
51.75.119.154 - - [24/Aug/2026:19:36:23 +0500] "GET /officially-uzb/norm-baza-uzb/104-uzbek/shareholders-uzb/jsc-docs-uzb/139-kuzatuv-kengashi-majlisining-bayonnomasi2 HTTP/1.1" 200 56123 "-" "Mozilla/5.0 (compatible; MJ12bot/v1.4.8; http://mj12bot.com/)"
51.75.119.154 - - [24/Aug/2026:19:36:47 +0500] "GET /officially-uzb/old-acts-uzb/170-farkhod-de-on-bozori-azh-aktsiyadorlari-di-atiga HTTP/1.1" 200 46785 "-" "Mozilla/5.0 (compatible; MJ12bot/v1.4.8; http://mj12bot.com/)"
51.75.119.154 - - [24/Aug/2026:19:37:16 +0500] "GET /ru/?start=8 HTTP/1.1" 200 56515 "-" "Mozilla/5.0 (compatible; MJ12bot/v1.4.8; http://mj12bot.com/)"
51.75.119.154 - - [24/Aug/2026:19:37:39 +0500] "GET /ru/events-rus/116-uzbek/shareholders-uzb/golosovaniya-uzb HTTP/1.1" 200 100734 "-" "Mozilla/5.0 (compatible; MJ12bot/v1.4.8; http://mj12bot.com/)"
51.75.119.154 - - [24/Aug/2026:19:38:51 +0500] "GET /ru/events-rus/116-uzbek/shareholders-uzb/golosovaniya-uzb/301-prot-osa-16-03-2021-pdf HTTP/1.1" 200 44577 "-" "Mozilla/5.0 (compatible; MJ12bot/v1.4.8; http://mj12bot.com/)"
51.75.119.154 - - [24/Aug/2026:19:39:19 +0500] "GET /ru/events-rus/116-uzbek/shareholders-uzb/golosovaniya-uzb?start=10 HTTP/1.1" 200 56393 "-" "Mozilla/5.0 (compatible; MJ12bot/v1.4.8; http://mj12bot.com/)"
51.75.119.154 - - [24/Aug/2026:19:39:46 +0500] "GET /ru/events-rus/93-uzbek HTTP/1.1" 200 59206 "-" "Mozilla/5.0 (compatible; MJ12bot/v1.4.8; http://mj12bot.com/)"
51.75.119.154 - - [24/Aug/2026:19:40:30 +0500] "GET /ru/events-rus/96-uzbek/shareholders-uzb HTTP/1.1" 200 59663 "-" "Mozilla/5.0 (compatible; MJ12bot/v1.4.8; http://mj12bot.com/)"
51.75.119.154 - - [24/Aug/2026:19:40:58 +0500] "GET /ru/interactive-uzb/116-uzbek/shareholders-uzb/golosovaniya-uzb/320-prot-osa-09-04-2024 HTTP/1.1" 200 45163 "-" "Mozilla/5.0 (compatible; MJ12bot/v1.4.8; http://mj12bot.com/)"
51.75.119.154 - - [24/Aug/2026:19:41:31 +0500] "GET /ru/interactive-uzb/93-uzbek HTTP/1.1" 200 59849 "-" "Mozilla/5.0 (compatible; MJ12bot/v1.4.8; http://mj12bot.com/)"
51.75.119.154 - - [24/Aug/2026:19:42:17 +0500] "GET /ru/interactive-uzb/97-uzbek/officially-uzb HTTP/1.1" 200 48792 "-" "Mozilla/5.0 (compatible; MJ12bot/v1.4.8; http://mj12bot.com/)"
51.75.119.154 - - [24/Aug/2026:19:42:33 +0500] "GET /ru/investment-rus-2/184-malumot-ru-17 HTTP/1.1" 200 44041 "-" "Mozilla/5.0 (compatible; MJ12bot/v1.4.8; http://mj12bot.com/)"
51.75.119.154 - - [24/Aug/2026:19:43:18 +0500] "GET /ru/investment-rus?template=farhod HTTP/1.1" 200 43352 "-" "Mozilla/5.0 (compatible; MJ12bot/v1.4.8; http://mj12bot.com/)"
51.75.119.154 - - [24/Aug/2026:19:43:32 +0500] "GET /ru/jsc-docs-rus/116-uzbek/shareholders-uzb/golosovaniya-uzb HTTP/1.1" 200 100778 "-" "Mozilla/5.0 (compatible; MJ12bot/v1.4.8; http://mj12bot.com/)"
51.75.119.154 - - [24/Aug/2026:19:44:00 +0500] "GET /ru/jsc-docs-rus/116-uzbek/shareholders-uzb/golosovaniya-uzb/135-2013-umumiy-yigilishi HTTP/1.1" 508 288 "-" "Mozilla/5.0 (compatible; MJ12bot/v1.4.8; http://mj12bot.com/)"
51.75.119.154 - - [24/Aug/2026:19:44:24 +0500] "GET /ru/jsc-docs-rus/116-uzbek/shareholders-uzb/golosovaniya-uzb/152-sobranie-21-07-14 HTTP/1.1" 200 55608 "-" "Mozilla/5.0 (compatible; MJ12bot/v1.4.8; http://mj12bot.com/)"
51.75.119.154 - - [24/Aug/2026:19:45:02 +0500] "GET /ru/jsc-docs-rus/116-uzbek/shareholders-uzb/golosovaniya-uzb/153-sobranie-12-08-14 HTTP/1.1" 200 55569 "-" "Mozilla/5.0 (compatible; MJ12bot/v1.4.8; http://mj12bot.com/)"
51.75.119.154 - - [24/Aug/2026:19:45:13 +0500] "GET /ru/jsc-docs-rus/116-uzbek/shareholders-uzb/golosovaniya-uzb/156-sobranie-14-08-15 HTTP/1.1" 200 56236 "-" "Mozilla/5.0 (compatible; MJ12bot/v1.4.8; http://mj12bot.com/)"
40.77.167.77 - - [24/Aug/2026:19:45:23 +0500] "GET /component/mailto/?tmpl=component&template=farhod&link=33bb626e200982f9947fb0dc57798eb92e7859ad HTTP/1.1" 200 4495 "-" "Mozilla/5.0 AppleWebKit/537.36 (KHTML, like Gecko; compatible; bingbot/2.0; +http://www.bing.com/bingbot.htm) Chrome/116.0.1938.76 Safari/537.36"
51.75.119.154 - - [24/Aug/2026:19:45:36 +0500] "GET /ru/jsc-docs-rus/116-uzbek/shareholders-uzb/golosovaniya-uzb/235-bayon-28-08-2019 HTTP/1.1" 200 44645 "-" "Mozilla/5.0 (compatible; MJ12bot/v1.4.8; http://mj12bot.com/)"
51.75.119.154 - - [24/Aug/2026:19:46:14 +0500] "GET /ru/jsc-docs-rus/116-uzbek/shareholders-uzb/golosovaniya-uzb/253-bayon-osa-17-03-2020 HTTP/1.1" 200 44595 "-" "Mozilla/5.0 (compatible; MJ12bot/v1.4.8; http://mj12bot.com/)"
51.75.119.154 - - [24/Aug/2026:19:46:45 +0500] "GET /ru/jsc-docs-rus/116-uzbek/shareholders-uzb/golosovaniya-uzb/299-prot-osa-13-09-2022-pdf HTTP/1.1" 200 44610 "-" "Mozilla/5.0 (compatible; MJ12bot/v1.4.8; http://mj12bot.com/)"
51.75.119.154 - - [24/Aug/2026:19:47:26 +0500] "GET /ru/jsc-docs-rus/116-uzbek/shareholders-uzb/golosovaniya-uzb/300-prot-osa-11-04-2022-pdf HTTP/1.1" 200 44606 "-" "Mozilla/5.0 (compatible; MJ12bot/v1.4.8; http://mj12bot.com/)"
51.75.119.154 - - [24/Aug/2026:19:47:46 +0500] "GET /ru/jsc-docs-rus/116-uzbek/shareholders-uzb/golosovaniya-uzb/301-prot-osa-16-03-2021-pdf HTTP/1.1" 200 44603 "-" "Mozilla/5.0 (compatible; MJ12bot/v1.4.8; http://mj12bot.com/)"
51.75.119.154 - - [24/Aug/2026:19:48:31 +0500] "GET /ru/jsc-docs-rus/116-uzbek/shareholders-uzb/golosovaniya-uzb/332-prot-osa-10-04-2025 HTTP/1.1" 200 44380 "-" "Mozilla/5.0 (compatible; MJ12bot/v1.4.8; http://mj12bot.com/)"
51.75.119.154 - - [24/Aug/2026:19:49:18 +0500] "GET /ru/jsc-docs-rus/116-uzbek/shareholders-uzb/golosovaniya-uzb?start=10 HTTP/1.1" 200 56419 "-" "Mozilla/5.0 (compatible; MJ12bot/v1.4.8; http://mj12bot.com/)"
51.75.119.154 - - [24/Aug/2026:19:50:01 +0500] "GET /ru/jsc-docs-rus/156-sobranie-14-08-15 HTTP/1.1" 200 56048 "-" "Mozilla/5.0 (compatible; MJ12bot/v1.4.8; http://mj12bot.com/)"
51.75.119.154 - - [24/Aug/2026:19:50:47 +0500] "GET /ru/jsc-docs-rus/93-uzbek HTTP/1.1" 200 59238 "-" "Mozilla/5.0 (compatible; MJ12bot/v1.4.8; http://mj12bot.com/)"
51.75.119.154 - - [24/Aug/2026:19:51:56 +0500] "GET /ru/jsc-docs-rus/93-uzbek?start=10 HTTP/1.1" 200 61551 "-" "Mozilla/5.0 (compatible; MJ12bot/v1.4.8; http://mj12bot.com/)"
51.75.119.154 - - [24/Aug/2026:19:52:08 +0500] "GET /ru/jsc-docs-rus/93-uzbek?start=20 HTTP/1.1" 200 100297 "-" "Mozilla/5.0 (compatible; MJ12bot/v1.4.8; http://mj12bot.com/)"
51.75.119.154 - - [24/Aug/2026:19:52:35 +0500] "GET /ru/jsc-docs-rus/96-uzbek/shareholders-uzb HTTP/1.1" 200 59697 "-" "Mozilla/5.0 (compatible; MJ12bot/v1.4.8; http://mj12bot.com/)"
51.75.119.154 - - [24/Aug/2026:19:52:57 +0500] "GET /ru/jsc-docs-rus/96-uzbek/shareholders-uzb?start=10 HTTP/1.1" 200 105414 "-" "Mozilla/5.0 (compatible; MJ12bot/v1.4.8; http://mj12bot.com/)"
51.75.119.154 - - [24/Aug/2026:19:53:24 +0500] "GET /ru/jsc-docs-rus/96-uzbek/shareholders-uzb?start=20 HTTP/1.1" 200 71474 "-" "Mozilla/5.0 (compatible; MJ12bot/v1.4.8; http://mj12bot.com/)"
51.75.119.154 - - [24/Aug/2026:19:54:27 +0500] "GET /robots.txt HTTP/1.1" 200 865 "-" "Mozilla/5.0 (compatible; MJ12bot/v1.4.8; http://mj12bot.com/)"
51.75.119.154 - - [24/Aug/2026:19:54:39 +0500] "GET /facts-uzb?template=farhod&start=40 HTTP/1.1" 200 49732 "-" "Mozilla/5.0 (compatible; MJ12bot/v1.4.8; http://mj12bot.com/)"
136.119.35.120 - - [24/Aug/2026:19:54:57 +0500] "GET /ru/facts-rus/256-sush-fakt-08-21-05-2020-io?page=&print=1&tmpl=component HTTP/1.1" 200 5555 "-" "Mozilla/5.0 (Macintosh; Intel Mac OS X 10_15_7) AppleWebKit/537.36 (KHTML, like Gecko) Chrome/120.0.0.0 Safari/537.36"
51.75.119.154 - - [24/Aug/2026:19:56:01 +0500] "GET /facts-uzb?template=farhod&start=50 HTTP/1.1" 508 288 "-" "Mozilla/5.0 (compatible; MJ12bot/v1.4.8; http://mj12bot.com/)"
51.75.119.154 - - [24/Aug/2026:19:56:13 +0500] "GET /facts-uzb?template=farhod&start=60 HTTP/1.1" 508 288 "-" "Mozilla/5.0 (compatible; MJ12bot/v1.4.8; http://mj12bot.com/)"
51.75.119.154 - - [24/Aug/2026:19:56:23 +0500] "GET /interactive-uzb/104-uzbek/shareholders-uzb/jsc-docs-uzb HTTP/1.1" 508 288 "-" "Mozilla/5.0 (compatible; MJ12bot/v1.4.8; http://mj12bot.com/)"
51.75.119.154 - - [24/Aug/2026:19:56:28 +0500] "GET /interactive-uzb/9-uncategorised HTTP/1.1" 200 48600 "-" "Mozilla/5.0 (compatible; MJ12bot/v1.4.8; http://mj12bot.com/)"
34.57.162.91 - - [24/Aug/2026:19:56:49 +0500] "GET /ru/88-russian/about-company-rus HTTP/1.1" 200 56824 "-" "Mozilla/5.0 (Macintosh; Intel Mac OS X 10_15_7) AppleWebKit/537.36 (KHTML, like Gecko) Chrome/120.0.0.0 Safari/537.36"
51.75.119.154 - - [24/Aug/2026:19:57:03 +0500] "GET /interactive-uzb/93-uzbek HTTP/1.1" 200 69339 "-" "Mozilla/5.0 (compatible; MJ12bot/v1.4.8; http://mj12bot.com/)"
52.202.232.123 - - [24/Aug/2026:19:58:01 +0500] "GET /robots.txt HTTP/1.1" 200 865 "-" "Mozilla/5.0 (Macintosh; Intel Mac OS X 10_10_1) AppleWebKit/600.2.5 (KHTML, like Gecko) Version/8.0.2 Safari/600.2.5 (Gort)"
51.75.119.154 - - [24/Aug/2026:19:58:17 +0500] "GET /interactive-uzb/95-uzbek/about-company-uzb HTTP/1.1" 200 71417 "-" "Mozilla/5.0 (compatible; MJ12bot/v1.4.8; http://mj12bot.com/)"
34.56.53.225 - - [24/Aug/2026:19:58:26 +0500] "GET /images/facks/sush_fakt-32-17.03.202008.doc HTTP/1.1" 200 59392 "-" "Mozilla/5.0 (Macintosh; Intel Mac OS X 10_15_7) AppleWebKit/537.36 (KHTML, like Gecko) Chrome/120.0.0.0 Safari/537.36"
51.75.119.154 - - [24/Aug/2026:19:59:27 +0500] "GET /interactive-uzb/96-uzbek/shareholders-uzb HTTP/1.1" 200 60555 "-" "Mozilla/5.0 (compatible; MJ12bot/v1.4.8; http://mj12bot.com/)"
43.153.119.119 - - [24/Aug/2026:19:59:41 +0500] "GET / HTTP/1.1" 200 62112 "-" "Mozilla/5.0 (iPhone; CPU iPhone OS 13_2_3 like Mac OS X) AppleWebKit/605.1.15 (KHTML, like Gecko) Version/13.0.3 Mobile/15E148 Safari/604.1"
51.75.119.154 - - [24/Aug/2026:20:00:23 +0500] "GET /interactive-uzb/97-uzbek/officially-uzb HTTP/1.1" 200 64960 "-" "Mozilla/5.0 (compatible; MJ12bot/v1.4.8; http://mj12bot.com/)"
185.191.171.10 - - [24/Aug/2026:20:01:14 +0500] "GET /ru/facts-rus/316-sush-fakt-08-09-04-io-2024-docx HTTP/1.1" 200 44366 "-" "Mozilla/5.0 (compatible; SemrushBot/7~bl; +http://www.semrush.com/bot.html)"
51.75.119.154 - - [24/Aug/2026:20:01:32 +0500] "GET /interactive-uzb/faq-uzb?template=farhod HTTP/1.1" 200 49350 "-" "Mozilla/5.0 (compatible; MJ12bot/v1.4.8; http://mj12bot.com/)"
34.10.180.98 - - [24/Aug/2026:20:01:50 +0500] "GET /ru/officially-rus?format=feed&template=farhod&type=rss HTTP/1.1" 200 9960 "-" "Mozilla/5.0 (Macintosh; Intel Mac OS X 10_15_7) AppleWebKit/537.36 (KHTML, like Gecko) Chrome/120.0.0.0 Safari/537.36"
51.75.119.154 - - [24/Aug/2026:20:02:09 +0500] "GET /investment-rus-2 HTTP/1.1" 508 288 "-" "Mozilla/5.0 (compatible; MJ12bot/v1.4.8; http://mj12bot.com/)"
51.75.119.154 - - [24/Aug/2026:20:02:19 +0500] "GET /investment-rus-2/183-malumot-uz-17 HTTP/1.1" 200 44614 "-" "Mozilla/5.0 (compatible; MJ12bot/v1.4.8; http://mj12bot.com/)"
51.75.119.154 - - [24/Aug/2026:20:02:56 +0500] "GET /investment-rus-2?template=farhod HTTP/1.1" 200 44207 "-" "Mozilla/5.0 (compatible; MJ12bot/v1.4.8; http://mj12bot.com/)"
51.75.119.154 - - [24/Aug/2026:20:03:32 +0500] "GET /investment-uzb?template=farhod HTTP/1.1" 200 43622 "-" "Mozilla/5.0 (compatible; MJ12bot/v1.4.8; http://mj12bot.com/)"
51.75.119.154 - - [24/Aug/2026:20:04:05 +0500] "GET /jsc-docs-uzb/187-axborot-siyosati-to-g-risidagi-nizom-polozhenie-ob-informatsionnoj-politi-e HTTP/1.1" 200 45266 "-" "Mozilla/5.0 (compatible; MJ12bot/v1.4.8; http://mj12bot.com/)"
34.61.96.6 - - [24/Aug/2026:20:04:33 +0500] "GET /images/facks/sush_fakt-36-28.08.2019.pdf HTTP/1.1" 200 73084 "-" "Mozilla/5.0 (Macintosh; Intel Mac OS X 10_15_7) AppleWebKit/537.36 (KHTML, like Gecko) Chrome/120.0.0.0 Safari/537.36"
51.75.119.154 - - [24/Aug/2026:20:04:40 +0500] "GET /jsc-docs-uzb/188-ijro-etuvchi-organ-to-g-risida-nizom-polozhenie-o-ispolnitelnom-or-ane HTTP/1.1" 200 44889 "-" "Mozilla/5.0 (compatible; MJ12bot/v1.4.8; http://mj12bot.com/)"
51.75.119.154 - - [24/Aug/2026:20:05:19 +0500] "GET /jsc-docs-uzb/189-ichki-nazorat-to-g-risidagi-nizom-polozhenie-o-vn-trennem-ontrole HTTP/1.1" 200 44848 "-" "Mozilla/5.0 (compatible; MJ12bot/v1.4.8; http://mj12bot.com/)"
51.75.119.154 - - [24/Aug/2026:20:05:52 +0500] "GET /jsc-docs-uzb/190-dividendlar-siyosati-bo-yicha-nizom-polozhenie-o-dividendnoj-politi-e HTTP/1.1" 200 44895 "-" "Mozilla/5.0 (compatible; MJ12bot/v1.4.8; http://mj12bot.com/)"
51.75.119.154 - - [24/Aug/2026:20:06:21 +0500] "GET /jsc-docs-uzb/191-aktsiyadorlar-umumiy-yig-ilishi-to-g-risidagi-nizom-polozhenie-o-obshchem-sobranii-a-tsionerov HTTP/1.1" 200 45107 "-" "Mozilla/5.0 (compatible; MJ12bot/v1.4.8; http://mj12bot.com/)"
51.75.119.154 - - [24/Aug/2026:20:06:40 +0500] "GET /jsc-docs-uzb/192-manfaatlar-to-qnashuvi-jarayon-bo-yicha-nizom-polozhenie-o-por-d-e-dejstvij-pri-onfli-te-interesov HTTP/1.1" 200 45209 "-" "Mozilla/5.0 (compatible; MJ12bot/v1.4.8; http://mj12bot.com/)"
51.75.119.154 - - [24/Aug/2026:20:07:17 +0500] "GET /jsc-docs-uzb/193-taftish-komissiyasi-to-g-risidagi-nizom-polozhenie-o-revizionnoj-omissii-pdf HTTP/1.1" 200 44986 "-" "Mozilla/5.0 (compatible; MJ12bot/v1.4.8; http://mj12bot.com/)"
51.75.119.154 - - [24/Aug/2026:20:07:25 +0500] "GET /jsc-docs-uzb/194-forma-soobshcheni-o-prin-tii-a-tsionernym-obshchestvom-re-omendatsij-ode-sa-orporativno-o-pravleni HTTP/1.1" 200 45068 "-" "Mozilla/5.0 (compatible; MJ12bot/v1.4.8; http://mj12bot.com/)"
51.75.119.154 - - [24/Aug/2026:20:07:46 +0500] "GET /jsc-docs-uzb?template=farhod HTTP/1.1" 200 47275 "-" "Mozilla/5.0 (compatible; MJ12bot/v1.4.8; http://mj12bot.com/)"
51.75.119.154 - - [24/Aug/2026:20:07:57 +0500] "GET /korporativ-uzb/269-korporativ-2020 HTTP/1.1" 200 44286 "-" "Mozilla/5.0 (compatible; MJ12bot/v1.4.8; http://mj12bot.com/)"
51.75.119.154 - - [24/Aug/2026:20:08:18 +0500] "GET /malumotlar-uzb?template=farhod HTTP/1.1" 200 44237 "-" "Mozilla/5.0 (compatible; MJ12bot/v1.4.8; http://mj12bot.com/)"
51.75.119.154 - - [24/Aug/2026:20:08:44 +0500] "GET /news-uzb/120-abul-ilingan-onunlarga-ba-is-langan-seminar-b-lib-tdi HTTP/1.1" 200 44571 "-" "Mozilla/5.0 (compatible; MJ12bot/v1.4.8; http://mj12bot.com/)"
51.68.247.195 - - [24/Aug/2026:20:08:57 +0500] "GET /robots.txt HTTP/1.1" 200 865 "-" "Mozilla/5.0 (compatible; AhrefsBot/7.0; +http://ahrefs.com/robot/)"
51.89.69.111 - - [24/Aug/2026:20:08:59 +0500] "GET /news-uzb HTTP/1.1" 200 63248 "-" "Mozilla/5.0 (compatible; AhrefsBot/7.0; +http://ahrefs.com/robot/)"
51.75.119.154 - - [24/Aug/2026:20:09:06 +0500] "GET /news-uzb/121-uzbekiston-hududida-qimmatli-qoqozlar-bilan-bitishuvlar-tuzish-va-ularni-r-jkhatdan-utkazish-tartibi-turisidagi-nizomga-uzgartirishlar-kiritildi HTTP/1.1" 200 45394 "-" "Mozilla/5.0 (compatible; MJ12bot/v1.4.8; http://mj12bot.com/)"
51.75.119.154 - - [24/Aug/2026:20:09:40 +0500] "GET /news-uzb/144-di-at-di-at-di-at-barcha-yuridik-va-zhismonij-shakhslar-shu-zhumladan-khorizhij-sarmoyadorlar-di-atiga HTTP/1.1" 200 45753 "-" "Mozilla/5.0 (compatible; MJ12bot/v1.4.8; http://mj12bot.com/)"
51.75.119.154 - - [24/Aug/2026:20:10:01 +0500] "GET /news-uzb/171-e-lon HTTP/1.1" 200 46614 "-" "Mozilla/5.0 (compatible; MJ12bot/v1.4.8; http://mj12bot.com/)"
51.75.119.154 - - [24/Aug/2026:20:10:22 +0500] "GET /news-uzb/181-farkhod-dehkon-bozori-a-tsi-dorli-zhami-ti-zhami-tda-orporativ-boshkar-v-tizimini-baholash-ch-n-m-stakil-tash-ilotlarni-tanlash-bujicha-tanlov-e-lon-kiladi HTTP/1.1" 200 48499 "-" "Mozilla/5.0 (compatible; MJ12bot/v1.4.8; http://mj12bot.com/)"
51.75.119.154 - - [24/Aug/2026:20:10:42 +0500] "GET /news-uzb/182-e-lon-farkhod-dehkon-bozori-azh-a-tsi-dorlari-dikkati-a HTTP/1.1" 200 47888 "-" "Mozilla/5.0 (compatible; MJ12bot/v1.4.8; http://mj12bot.com/)"
185.191.171.6 - - [24/Aug/2026:20:10:47 +0500] "GET /about-org-uzb/sajt-kharitasi?template=accessibility HTTP/1.1" 200 45959 "-" "Mozilla/5.0 (compatible; SemrushBot/7~bl; +http://www.semrush.com/bot.html)"
51.75.119.154 - - [24/Aug/2026:20:10:56 +0500] "GET /news-uzb/204-korp-upravlenie-2018 HTTP/1.1" 200 45427 "-" "Mozilla/5.0 (compatible; MJ12bot/v1.4.8; http://mj12bot.com/)"
51.75.119.154 - - [24/Aug/2026:20:11:09 +0500] "GET /news-uzb/206-meeting-01-04-2019 HTTP/1.1" 200 47632 "-" "Mozilla/5.0 (compatible; MJ12bot/v1.4.8; http://mj12bot.com/)"
51.75.119.154 - - [24/Aug/2026:20:11:19 +0500] "GET /news-uzb/207-meeting-23-04-2019 HTTP/1.1" 200 43356 "-" "Mozilla/5.0 (compatible; MJ12bot/v1.4.8; http://mj12bot.com/)"
51.75.119.154 - - [24/Aug/2026:20:11:31 +0500] "GET /news-uzb/231-meeting-28-08-2019 HTTP/1.1" 200 46262 "-" "Mozilla/5.0 (compatible; MJ12bot/v1.4.8; http://mj12bot.com/)"
51.75.119.154 - - [24/Aug/2026:20:11:40 +0500] "GET /news-uzb/243-meeting-17-03-2020-uz HTTP/1.1" 200 48027 "-" "Mozilla/5.0 (compatible; MJ12bot/v1.4.8; http://mj12bot.com/)"
51.75.119.154 - - [24/Aug/2026:20:11:46 +0500] "GET /news-uzb/246-news-02-03-2020-uz HTTP/1.1" 200 47364 "-" "Mozilla/5.0 (compatible; MJ12bot/v1.4.8; http://mj12bot.com/)"
51.75.119.154 - - [24/Aug/2026:20:12:04 +0500] "GET /news-uzb/257-meeting-23-09-2020-uz HTTP/1.1" 200 44367 "-" "Mozilla/5.0 (compatible; MJ12bot/v1.4.8; http://mj12bot.com/)"
51.75.119.154 - - [24/Aug/2026:20:12:28 +0500] "GET /news-uzb/258-meeting-19-10-2020-uz HTTP/1.1" 200 44435 "-" "Mozilla/5.0 (compatible; MJ12bot/v1.4.8; http://mj12bot.com/)"
51.75.119.154 - - [24/Aug/2026:20:12:37 +0500] "GET /news-uzb/261-meeting-16-03-2021-uz HTTP/1.1" 200 47469 "-" "Mozilla/5.0 (compatible; MJ12bot/v1.4.8; http://mj12bot.com/)"
51.75.119.154 - - [24/Aug/2026:20:13:07 +0500] "GET /news-uzb?start=24 HTTP/1.1" 200 50223 "-" "Mozilla/5.0 (compatible; MJ12bot/v1.4.8; http://mj12bot.com/)"
51.75.119.154 - - [24/Aug/2026:20:13:28 +0500] "GET /news-uzb?template=farhod HTTP/1.1" 200 63176 "-" "Mozilla/5.0 (compatible; MJ12bot/v1.4.8; http://mj12bot.com/)"
51.75.119.154 - - [24/Aug/2026:20:13:58 +0500] "GET /ru/facts-rus?start=10 HTTP/1.1" 200 49112 "-" "Mozilla/5.0 (compatible; MJ12bot/v1.4.8; http://mj12bot.com/)"
51.75.119.154 - - [24/Aug/2026:20:14:10 +0500] "GET /ru/interactive-uzb HTTP/1.1" 200 50026 "-" "Mozilla/5.0 (compatible; MJ12bot/v1.4.8; http://mj12bot.com/)"
51.75.119.154 - - [24/Aug/2026:20:14:22 +0500] "GET /ru/interactive-uzb/110-russian/shareholders-rus/audit HTTP/1.1" 200 45028 "-" "Mozilla/5.0 (compatible; MJ12bot/v1.4.8; http://mj12bot.com/)"
51.75.119.154 - - [24/Aug/2026:20:14:47 +0500] "GET /ru/interactive-uzb/86-russian HTTP/1.1" 200 66721 "-" "Mozilla/5.0 (compatible; MJ12bot/v1.4.8; http://mj12bot.com/)"
51.75.119.154 - - [24/Aug/2026:20:15:07 +0500] "GET /ru/interactive-uzb/88-russian/about-company-rus HTTP/1.1" 200 50677 "-" "Mozilla/5.0 (compatible; MJ12bot/v1.4.8; http://mj12bot.com/)"
51.75.119.154 - - [24/Aug/2026:20:15:11 +0500] "GET /ru/interactive-uzb/9-uncategorised HTTP/1.1" 200 48410 "-" "Mozilla/5.0 (compatible; MJ12bot/v1.4.8; http://mj12bot.com/)"
51.75.119.154 - - [24/Aug/2026:20:15:15 +0500] "GET /ru/interactive-uzb/faq-rus HTTP/1.1" 200 46843 "-" "Mozilla/5.0 (compatible; MJ12bot/v1.4.8; http://mj12bot.com/)"
34.171.68.95 - - [24/Aug/2026:20:15:24 +0500] "GET /ru/86-russian HTTP/1.1" 200 64766 "-" "Mozilla/5.0 (Macintosh; Intel Mac OS X 10_15_7) AppleWebKit/537.36 (KHTML, like Gecko) Chrome/120.0.0.0 Safari/537.36"
51.75.119.154 - - [24/Aug/2026:20:15:26 +0500] "GET /ru/interactive-uzb/faq-rus?template=farhod HTTP/1.1" 200 46586 "-" "Mozilla/5.0 (compatible; MJ12bot/v1.4.8; http://mj12bot.com/)"
51.75.119.154 - - [24/Aug/2026:20:15:45 +0500] "GET /ru/investment-rus HTTP/1.1" 200 43316 "-" "Mozilla/5.0 (compatible; MJ12bot/v1.4.8; http://mj12bot.com/)"
51.75.119.154 - - [24/Aug/2026:20:16:20 +0500] "GET /ru/jsc-docs-rus HTTP/1.1" 200 47127 "-" "Mozilla/5.0 (compatible; MJ12bot/v1.4.8; http://mj12bot.com/)"
51.75.119.154 - - [24/Aug/2026:20:16:44 +0500] "GET /ru/jsc-docs-rus/188-ijro-etuvchi-organ-to-g-risida-nizom-polozhenie-o-ispolnitelnom-or-ane HTTP/1.1" 200 44602 "-" "Mozilla/5.0 (compatible; MJ12bot/v1.4.8; http://mj12bot.com/)"
51.75.119.154 - - [24/Aug/2026:20:17:08 +0500] "GET /ru/jsc-docs-rus/190-dividendlar-siyosati-bo-yicha-nizom-polozhenie-o-dividendnoj-politi-e HTTP/1.1" 200 44608 "-" "Mozilla/5.0 (compatible; MJ12bot/v1.4.8; http://mj12bot.com/)"
51.75.119.154 - - [24/Aug/2026:20:17:30 +0500] "GET /ru/jsc-docs-rus/191-aktsiyadorlar-umumiy-yig-ilishi-to-g-risidagi-nizom-polozhenie-o-obshchem-sobranii-a-tsionerov HTTP/1.1" 200 44820 "-" "Mozilla/5.0 (compatible; MJ12bot/v1.4.8; http://mj12bot.com/)"
51.75.119.154 - - [24/Aug/2026:20:17:51 +0500] "GET /ru/jsc-docs-rus/193-taftish-komissiyasi-to-g-risidagi-nizom-polozhenie-o-revizionnoj-omissii-pdf HTTP/1.1" 200 44699 "-" "Mozilla/5.0 (compatible; MJ12bot/v1.4.8; http://mj12bot.com/)"
51.75.119.154 - - [24/Aug/2026:20:18:07 +0500] "GET /ru/korporativ-rus?template=farhod HTTP/1.1" 200 43802 "-" "Mozilla/5.0 (compatible; MJ12bot/v1.4.8; http://mj12bot.com/)"
51.75.119.154 - - [24/Aug/2026:20:18:17 +0500] "GET /ru/news-rus HTTP/1.1" 200 57353 "-" "Mozilla/5.0 (compatible; MJ12bot/v1.4.8; http://mj12bot.com/)"
51.75.119.154 - - [24/Aug/2026:20:19:05 +0500] "GET /ru/news-rus/117-prinyat-novyj-poryadok-privatizatsii-aktsij-prinadlezhashchikh-gosudarstvu HTTP/1.1" 508 288 "-" "Mozilla/5.0 (compatible; MJ12bot/v1.4.8; http://mj12bot.com/)"
51.75.119.154 - - [24/Aug/2026:20:19:18 +0500] "GET /ru/officially-rus HTTP/1.1" 200 46350 "-" "Mozilla/5.0 (compatible; MJ12bot/v1.4.8; http://mj12bot.com/)"
51.75.119.154 - - [24/Aug/2026:20:19:45 +0500] "GET /ru/officially-rus/158-old-acts-rus HTTP/1.1" 200 43015 "-" "Mozilla/5.0 (compatible; MJ12bot/v1.4.8; http://mj12bot.com/)"
51.75.119.154 - - [24/Aug/2026:20:19:57 +0500] "GET /ru/officially-rus/arkhiv-ru HTTP/1.1" 200 44155 "-" "Mozilla/5.0 (compatible; MJ12bot/v1.4.8; http://mj12bot.com/)"
51.75.119.154 - - [24/Aug/2026:20:20:24 +0500] "GET /ru/officially-rus/arkhiv-ru/135-2013-umumiy-yigilishi HTTP/1.1" 200 79798 "-" "Mozilla/5.0 (compatible; MJ12bot/v1.4.8; http://mj12bot.com/)"
85.208.96.200 - - [24/Aug/2026:20:21:12 +0500] "GET /ru/officially-rus/ustav-rus?template=farhod HTTP/1.1" 200 43390 "-" "Mozilla/5.0 (compatible; SemrushBot/7~bl; +http://www.semrush.com/bot.html)"
51.75.119.154 - - [24/Aug/2026:20:21:16 +0500] "GET /ru/officially-rus/arkhiv-ru?template=farhod HTTP/1.1" 200 43951 "-" "Mozilla/5.0 (compatible; MJ12bot/v1.4.8; http://mj12bot.com/)"
51.75.119.154 - - [24/Aug/2026:20:21:46 +0500] "GET /ru/officially-rus/certificates-rus HTTP/1.1" 200 44175 "-" "Mozilla/5.0 (compatible; MJ12bot/v1.4.8; http://mj12bot.com/)"
51.75.119.154 - - [24/Aug/2026:20:22:04 +0500] "GET /ru/officially-rus/certificates-rus?template=farhod HTTP/1.1" 200 43894 "-" "Mozilla/5.0 (compatible; MJ12bot/v1.4.8; http://mj12bot.com/)"
51.75.119.154 - - [24/Aug/2026:20:24:43 +0500] "GET /ru/officially-rus/kpe-ru HTTP/1.1" 200 44172 "-" "Mozilla/5.0 (compatible; MJ12bot/v1.4.8; http://mj12bot.com/)"
51.75.119.154 - - [24/Aug/2026:20:24:52 +0500] "GET /ru/officially-rus/kpe-ru/289-kpe-2021-ru HTTP/1.1" 200 43651 "-" "Mozilla/5.0 (compatible; MJ12bot/v1.4.8; http://mj12bot.com/)"
51.75.119.154 - - [24/Aug/2026:20:24:59 +0500] "GET /ru/officially-rus/kpe-ru?template=farhod HTTP/1.1" 200 43997 "-" "Mozilla/5.0 (compatible; MJ12bot/v1.4.8; http://mj12bot.com/)"
51.75.119.154 - - [24/Aug/2026:20:25:06 +0500] "GET /ru/officially-rus/monitoring-ru HTTP/1.1" 200 44470 "-" "Mozilla/5.0 (compatible; MJ12bot/v1.4.8; http://mj12bot.com/)"
51.75.119.154 - - [24/Aug/2026:20:25:15 +0500] "GET /ru/officially-rus/ustav-rus?template=farhod HTTP/1.1" 200 43410 "-" "Mozilla/5.0 (compatible; MJ12bot/v1.4.8; http://mj12bot.com/)"
51.75.119.154 - - [24/Aug/2026:20:25:25 +0500] "GET /ru/officially-rus/vacancies-rus HTTP/1.1" 200 43162 "-" "Mozilla/5.0 (compatible; MJ12bot/v1.4.8; http://mj12bot.com/)"
51.75.119.154 - - [24/Aug/2026:20:25:35 +0500] "GET /ru/officially-rus/vacancies-rus?template=farhod HTTP/1.1" 200 42930 "-" "Mozilla/5.0 (compatible; MJ12bot/v1.4.8; http://mj12bot.com/)"
51.75.119.154 - - [24/Aug/2026:20:25:51 +0500] "GET /ru/officially-rus?template=farhod HTTP/1.1" 200 46176 "-" "Mozilla/5.0 (compatible; MJ12bot/v1.4.8; http://mj12bot.com/)"
51.75.119.154 - - [24/Aug/2026:20:25:56 +0500] "GET /ru/votes-rus HTTP/1.1" 200 42209 "-" "Mozilla/5.0 (compatible; MJ12bot/v1.4.8; http://mj12bot.com/)"
51.75.119.154 - - [24/Aug/2026:20:26:11 +0500] "GET /votes-uzb/152-sobranie-21-07-14 HTTP/1.1" 200 55189 "-" "Mozilla/5.0 (compatible; MJ12bot/v1.4.8; http://mj12bot.com/)"
51.75.119.154 - - [24/Aug/2026:20:26:19 +0500] "GET /votes-uzb/153-sobranie-12-08-14 HTTP/1.1" 200 55100 "-" "Mozilla/5.0 (compatible; MJ12bot/v1.4.8; http://mj12bot.com/)"
216.73.216.54 - - [24/Aug/2026:20:26:21 +0500] "GET /robots.txt HTTP/1.1" 200 865 "-" "Mozilla/5.0 AppleWebKit/537.36 (KHTML, like Gecko; compatible; ClaudeBot/1.0; +claudebot@anthropic.com)"
216.73.216.54 - - [24/Aug/2026:20:26:21 +0500] "GET /sitemap.xml HTTP/1.1" 404 2823 "-" "Mozilla/5.0 AppleWebKit/537.36 (KHTML, like Gecko; compatible; ClaudeBot/1.0; +claudebot@anthropic.com)"
51.75.119.154 - - [24/Aug/2026:20:26:25 +0500] "GET /votes-uzb/156-sobranie-14-08-15 HTTP/1.1" 200 55767 "-" "Mozilla/5.0 (compatible; MJ12bot/v1.4.8; http://mj12bot.com/)"
51.75.119.154 - - [24/Aug/2026:20:26:40 +0500] "GET /votes-uzb/235-bayon-28-08-2019 HTTP/1.1" 200 44176 "-" "Mozilla/5.0 (compatible; MJ12bot/v1.4.8; http://mj12bot.com/)"
51.75.119.154 - - [24/Aug/2026:20:26:45 +0500] "GET /votes-uzb/253-bayon-osa-17-03-2020 HTTP/1.1" 200 44126 "-" "Mozilla/5.0 (compatible; MJ12bot/v1.4.8; http://mj12bot.com/)"
51.75.119.154 - - [24/Aug/2026:20:26:56 +0500] "GET /votes-uzb/300-prot-osa-11-04-2022-pdf HTTP/1.1" 200 44137 "-" "Mozilla/5.0 (compatible; MJ12bot/v1.4.8; http://mj12bot.com/)"
51.75.119.154 - - [24/Aug/2026:20:27:13 +0500] "GET /votes-uzb/301-prot-osa-16-03-2021-pdf HTTP/1.1" 200 44134 "-" "Mozilla/5.0 (compatible; MJ12bot/v1.4.8; http://mj12bot.com/)"
51.75.119.154 - - [24/Aug/2026:20:27:21 +0500] "GET /votes-uzb/332-prot-osa-10-04-2025 HTTP/1.1" 200 43961 "-" "Mozilla/5.0 (compatible; MJ12bot/v1.4.8; http://mj12bot.com/)"
116.179.32.165 - - [24/Aug/2026:20:30:17 +0500] "GET /about-org-uzb/direction-uzb?template=farhod HTTP/1.1" 200 44477 "-" "Mozilla/5.0 (compatible; Baiduspider/2.0; +http://www.baidu.com/search/spider.html)"
114.119.158.43 - - [24/Aug/2026:20:31:04 +0500] "GET /ru/audit-rus/173-2015-jilda-i-a-ditorlarnin-kh-losalari-a-ditors-oe-za-lyuchenie-za-2015-od HTTP/1.1" 200 44382 "http://farhod-bozori.uz/ru/audit-rus?template=farhod" "Mozilla/5.0 (Linux; Android 7.0;) AppleWebKit/537.36 (HTML, like Gecko) Mobile Safari/537.36 (compatible; PetalBot;+https://webmaster.petalsearch.com/site/petalbot)"
35.85.46.144 - - [24/Aug/2026:20:35:31 +0500] "GET / HTTP/1.1" 200 71089 "-" "Mozilla/5.0 (Windows NT 10.0; WOW64) AppleWebKit/537.36 (KHTML, like Gecko) Chrome/51.0.2704.103 Safari/537.36"
51.89.69.107 - - [24/Aug/2026:20:37:43 +0500] "GET /facts-uzb/198-06-emitent-oliy-boshqaruv-organi-tomonidan-qabul-qilingan-qarorlar-18-04-2018-resheni-prin-tye-vysshim-or-anom-pravleni-emitenta-18-04-2018 HTTP/1.1" 200 122862 "-" "Mozilla/5.0 (compatible; AhrefsBot/7.0; +http://ahrefs.com/robot/)"
34.57.162.91 - - [24/Aug/2026:20:49:19 +0500] "GET /ru/officially-rus/old-acts-ru?format=feed&template=farhod&type=atom HTTP/1.1" 200 2604 "-" "Mozilla/5.0 (Macintosh; Intel Mac OS X 10_15_7) AppleWebKit/537.36 (KHTML, like Gecko) Chrome/120.0.0.0 Safari/537.36"
