40.85.222.29 - - [25/Aug/2026:00:02:25 +0500] "GET //images/security.php HTTP/1.1" 508 288 "-" "-"
40.85.222.29 - - [25/Aug/2026:00:02:25 +0500] "GET /wp-includes/blocks/search/index.php HTTP/1.1" 508 288 "-" "-"
40.85.222.29 - - [25/Aug/2026:00:02:26 +0500] "GET /wp-includes/blocks/nextpage/index.php HTTP/1.1" 508 288 "-" "-"
40.85.222.29 - - [25/Aug/2026:00:02:26 +0500] "GET /wp-content/themes/twentytwentyfour/index.php HTTP/1.1" 508 288 "-" "-"
40.85.222.29 - - [25/Aug/2026:00:02:26 +0500] "GET /wp-content/themes/twentytwentyfour/assets/css/geido.php HTTP/1.1" 508 288 "-" "-"
40.85.222.29 - - [25/Aug/2026:00:02:16 +0500] "GET /uz/wp-includes/widgets/index.php HTTP/1.1" 404 1415 "-" "-"
40.85.222.29 - - [25/Aug/2026:00:02:26 +0500] "GET //wp-admin/maint/wp-login.php HTTP/1.1" 301 - "-" "-"
185.191.171.12 - - [25/Aug/2026:00:02:30 +0500] "GET /uz/officially-uzb/tenders-uzb?start=8&template=accessibility HTTP/1.1" 200 36299 "-" "Mozilla/5.0 (compatible; SemrushBot/7~bl; +http://www.semrush.com/bot.html)"
43.166.142.76 - - [25/Aug/2026:00:02:36 +0500] "GET / HTTP/1.1" 301 - "-" "Mozilla/5.0 (iPhone; CPU iPhone OS 13_2_3 like Mac OS X) AppleWebKit/605.1.15 (KHTML, like Gecko) Version/13.0.3 Mobile/15E148 Safari/604.1"
40.85.222.29 - - [25/Aug/2026:00:02:31 +0500] "GET /uz/wp-admin/maint/wp-login.php HTTP/1.1" 404 1415 "-" "-"
40.85.222.29 - - [25/Aug/2026:00:02:42 +0500] "GET /wp-includes/blocks/shortcode/index.php HTTP/1.1" 301 - "-" "-"
40.85.222.29 - - [25/Aug/2026:00:02:47 +0500] "GET /uz/wp-includes/blocks/shortcode/index.php HTTP/1.1" 404 1415 "-" "-"
40.85.222.29 - - [25/Aug/2026:00:02:56 +0500] "GET /wp-includes/blocks/comments-pagination-numbers/index.php HTTP/1.1" 301 - "-" "-"
43.166.142.76 - - [25/Aug/2026:00:02:45 +0500] "GET /uz/ HTTP/1.1" 200 82561 "http://www.kuylyuk-bozori.uz" "Mozilla/5.0 (iPhone; CPU iPhone OS 13_2_3 like Mac OS X) AppleWebKit/605.1.15 (KHTML, like Gecko) Version/13.0.3 Mobile/15E148 Safari/604.1"
40.85.222.29 - - [25/Aug/2026:00:03:02 +0500] "GET /uz/wp-includes/blocks/comments-pagination-numbers/index.php HTTP/1.1" 404 1415 "-" "-"
40.85.222.29 - - [25/Aug/2026:00:03:12 +0500] "GET /ws.php HTTP/1.1" 301 - "-" "-"
40.85.222.29 - - [25/Aug/2026:00:03:18 +0500] "GET /uz/ws.php HTTP/1.1" 404 1417 "-" "-"
40.85.222.29 - - [25/Aug/2026:00:03:26 +0500] "GET /wp-includes/IXR/class-IXR-client-merge.php HTTP/1.1" 301 - "-" "-"
40.85.222.29 - - [25/Aug/2026:00:03:42 +0500] "GET /wp-content/plugins/admin.php HTTP/1.1" 508 288 "-" "-"
40.85.222.29 - - [25/Aug/2026:00:03:43 +0500] "GET /wp-admin/network/index.php HTTP/1.1" 508 288 "-" "-"
40.85.222.29 - - [25/Aug/2026:00:03:31 +0500] "GET /uz/wp-includes/IXR/class-IXR-client-merge.php HTTP/1.1" 404 1415 "-" "-"
40.85.222.29 - - [25/Aug/2026:00:03:43 +0500] "GET /museu/yhweq.php HTTP/1.1" 301 - "-" "-"
40.85.222.29 - - [25/Aug/2026:00:03:49 +0500] "GET /uz/museu/yhweq.php HTTP/1.1" 404 1415 "-" "-"
40.85.222.29 - - [25/Aug/2026:00:04:03 +0500] "GET /uz/first.php HTTP/1.1" 508 288 "-" "-"
40.85.222.29 - - [25/Aug/2026:00:03:58 +0500] "GET /first.php HTTP/1.1" 301 - "-" "-"
40.85.222.29 - - [25/Aug/2026:00:04:10 +0500] "GET /uz/wp-includes/interactivity-api/index.php HTTP/1.1" 508 288 "-" "-"
40.85.222.29 - - [25/Aug/2026:00:04:04 +0500] "GET /wp-includes/interactivity-api/index.php HTTP/1.1" 301 - "-" "-"
40.85.222.29 - - [25/Aug/2026:00:04:10 +0500] "GET /autoload_classmap.php HTTP/1.1" 508 288 "-" "-"
40.85.222.29 - - [25/Aug/2026:00:04:10 +0500] "GET /Qdkv4tOtNdefault.php HTTP/1.1" 508 288 "-" "-"
40.85.222.29 - - [25/Aug/2026:00:04:10 +0500] "GET /wp-content/index.php HTTP/1.1" 508 288 "-" "-"
40.85.222.29 - - [25/Aug/2026:00:04:11 +0500] "GET /images/class-config.php HTTP/1.1" 508 288 "-" "-"
40.85.222.29 - - [25/Aug/2026:00:04:11 +0500] "GET /wp-includes/blocks/post-date/index.php HTTP/1.1" 508 288 "-" "-"
34.10.180.98 - - [25/Aug/2026:00:04:07 +0500] "GET /ru/component/search/?Itemid=892&catid=102&format=opensearch&id=409 HTTP/1.1" 200 694 "-" "Mozilla/5.0 (Macintosh; Intel Mac OS X 10_15_7) AppleWebKit/537.36 (KHTML, like Gecko) Chrome/120.0.0.0 Safari/537.36"
40.85.222.29 - - [25/Aug/2026:00:04:11 +0500] "GET /wp-includes/blocks/social-link/index.php HTTP/1.1" 301 - "-" "-"
40.85.222.29 - - [25/Aug/2026:00:04:17 +0500] "GET /uz/wp-includes/blocks/social-link/index.php HTTP/1.1" 404 1415 "-" "-"
129.153.73.46 - - [25/Aug/2026:00:04:24 +0500] "GET /ru/priobretenie-aktsij?template=Zo2_zizia HTTP/1.1" 200 - "-" "Mozilla/5.0 (X11; Linux aarch64) AppleWebKit/537.36 (KHTML, like Gecko) Chrome/139.0.0.0 Safari/537.36"
40.85.222.29 - - [25/Aug/2026:00:04:36 +0500] "GET /uz/wp-includes/IXR/index.php HTTP/1.1" 508 288 "-" "-"
40.85.222.29 - - [25/Aug/2026:00:04:30 +0500] "GET /wp-includes/IXR/index.php HTTP/1.1" 301 - "-" "-"
129.153.73.46 - - [25/Aug/2026:00:04:29 +0500] "GET /ru/priobretenie-aktsij?template=Zo2_zizia HTTP/1.1" 200 15601 "-" "Mozilla/5.0 (X11; Linux aarch64) AppleWebKit/537.36 (KHTML, like Gecko) Chrome/139.0.0.0 Safari/537.36"
40.85.222.29 - - [25/Aug/2026:00:04:36 +0500] "GET /.well-known/autoconfig/atomlib.php HTTP/1.1" 301 - "-" "-"
40.85.222.29 - - [25/Aug/2026:00:04:51 +0500] "GET /wp-includes/blocks/text-columns/index.php HTTP/1.1" 508 288 "-" "-"
40.85.222.29 - - [25/Aug/2026:00:04:51 +0500] "GET /wp-includes/blocks/file/index.php HTTP/1.1" 508 288 "-" "-"
40.85.222.29 - - [25/Aug/2026:00:04:52 +0500] "GET /UuAFIYGYKdefault.php HTTP/1.1" 508 288 "-" "-"
40.85.222.29 - - [25/Aug/2026:00:04:52 +0500] "GET /wp-admin/css/colors/about.php HTTP/1.1" 508 288 "-" "-"
40.85.222.29 - - [25/Aug/2026:00:04:52 +0500] "GET /wp-includes/Text/Diff/Engine/upload.php HTTP/1.1" 508 288 "-" "-"
40.85.222.29 - - [25/Aug/2026:00:04:52 +0500] "GET /wp-admin/js/index.php HTTP/1.1" 508 288 "-" "-"
40.85.222.29 - - [25/Aug/2026:00:04:52 +0500] "GET /wp-admin/images/about.php HTTP/1.1" 508 288 "-" "-"
40.85.222.29 - - [25/Aug/2026:00:04:53 +0500] "GET /wp-includes/Text/Diff/index.php HTTP/1.1" 508 288 "-" "-"
40.85.222.29 - - [25/Aug/2026:00:04:53 +0500] "GET /index/function.php HTTP/1.1" 508 288 "-" "-"
40.85.222.29 - - [25/Aug/2026:00:04:44 +0500] "GET /uz/.well-known/autoconfig/atomlib.php HTTP/1.1" 404 1415 "-" "-"
40.85.222.29 - - [25/Aug/2026:00:04:53 +0500] "GET /wp-includes/js/thickbox/alfa-rex.php8 HTTP/1.1" 301 - "-" "-"
40.85.222.29 - - [25/Aug/2026:00:04:59 +0500] "GET /uz/wp-includes/js/thickbox/alfa-rex.php8 HTTP/1.1" 404 1415 "-" "-"
40.85.222.29 - - [25/Aug/2026:00:05:08 +0500] "GET /wp-includes/block-patterns/index.php HTTP/1.1" 301 - "-" "-"
40.85.222.29 - - [25/Aug/2026:00:05:23 +0500] "GET /wp-head.php HTTP/1.1" 508 288 "-" "-"
40.85.222.29 - - [25/Aug/2026:00:05:24 +0500] "GET //function/function.php HTTP/1.1" 301 - "-" "-"
40.85.222.29 - - [25/Aug/2026:00:05:14 +0500] "GET /uz/wp-includes/block-patterns/index.php HTTP/1.1" 404 1415 "-" "-"
40.85.222.29 - - [25/Aug/2026:00:05:29 +0500] "GET /uz/function/function.php HTTP/1.1" 404 1415 "-" "-"
40.85.222.29 - - [25/Aug/2026:00:05:39 +0500] "GET /wp-includes/blocks/post-comments-form/index.php HTTP/1.1" 301 - "-" "-"
101.33.55.204 - - [25/Aug/2026:00:05:49 +0500] "GET /uz/events-uzb?template=accessibility HTTP/1.1" 200 25169 "-" "Mozilla/5.0 (iPhone; CPU iPhone OS 13_2_3 like Mac OS X) AppleWebKit/605.1.15 (KHTML, like Gecko) Version/13.0.3 Mobile/15E148 Safari/604.1"
40.85.222.29 - - [25/Aug/2026:00:05:54 +0500] "GET /wp-includes/blocks/navigation-submenu/index.php HTTP/1.1" 301 - "-" "-"
40.85.222.29 - - [25/Aug/2026:00:05:46 +0500] "GET /uz/wp-includes/blocks/post-comments-form/index.php HTTP/1.1" 404 1415 "-" "-"
40.85.222.29 - - [25/Aug/2026:00:06:09 +0500] "GET /wp-includes/Requests/library/index.php HTTP/1.1" 508 288 "-" "-"
40.85.222.29 - - [25/Aug/2026:00:06:09 +0500] "GET /wp-includes/Ipv6.php HTTP/1.1" 508 288 "-" "-"
40.85.222.29 - - [25/Aug/2026:00:06:09 +0500] "GET //info.php HTTP/1.1" 508 288 "-" "-"
40.85.222.29 - - [25/Aug/2026:00:06:10 +0500] "GET /wp-includes/SimplePie/index.php HTTP/1.1" 508 288 "-" "-"
40.85.222.29 - - [25/Aug/2026:00:06:10 +0500] "GET /assets/admin/login/info.php HTTP/1.1" 508 288 "-" "-"
40.85.222.29 - - [25/Aug/2026:00:06:10 +0500] "GET /cgi-bin/index.php HTTP/1.1" 508 288 "-" "-"
40.85.222.29 - - [25/Aug/2026:00:06:10 +0500] "GET /dropdown.php HTTP/1.1" 508 288 "-" "-"
40.85.222.29 - - [25/Aug/2026:00:06:10 +0500] "GET /wp-content/uploads/Ipv6.php HTTP/1.1" 508 288 "-" "-"
40.85.222.29 - - [25/Aug/2026:00:06:11 +0500] "GET /1index.php HTTP/1.1" 508 288 "-" "-"
40.85.222.29 - - [25/Aug/2026:00:06:11 +0500] "GET /.well-known/acme-challenge/local-access.php HTTP/1.1" 508 288 "-" "-"
40.85.222.29 - - [25/Aug/2026:00:06:11 +0500] "GET /wp-includes/blocks/missing/index.php HTTP/1.1" 508 288 "-" "-"
40.85.222.29 - - [25/Aug/2026:00:06:11 +0500] "GET /wp-content/upgrade/index.php HTTP/1.1" 508 288 "-" "-"
40.85.222.29 - - [25/Aug/2026:00:06:11 +0500] "GET /images/security.php HTTP/1.1" 508 288 "-" "-"
40.85.222.29 - - [25/Aug/2026:00:06:00 +0500] "GET /uz/wp-includes/blocks/navigation-submenu/index.php HTTP/1.1" 404 1415 "-" "-"
40.85.222.29 - - [25/Aug/2026:00:06:11 +0500] "GET /uploadx.php HTTP/1.1" 301 - "-" "-"
40.85.222.29 - - [25/Aug/2026:00:06:17 +0500] "GET /uz/uploadx.php HTTP/1.1" 404 1417 "-" "-"
40.85.222.29 - - [25/Aug/2026:00:06:27 +0500] "GET /browse.php HTTP/1.1" 301 - "-" "-"
40.85.222.29 - - [25/Aug/2026:00:06:42 +0500] "GET /wp-includes/js/crop/index.php HTTP/1.1" 301 - "-" "-"
40.85.222.29 - - [25/Aug/2026:00:06:32 +0500] "GET /uz/browse.php HTTP/1.1" 404 1417 "-" "-"
40.85.222.29 - - [25/Aug/2026:00:06:48 +0500] "GET /uz/wp-includes/js/crop/index.php HTTP/1.1" 404 1415 "-" "-"
40.85.222.29 - - [25/Aug/2026:00:06:57 +0500] "GET /wp-content/upgrade-temp-backup/index.php HTTP/1.1" 301 - "-" "-"
34.56.53.225 - - [25/Aug/2026:00:06:51 +0500] "GET /uz/component/search/?Itemid=863&catid=101&format=opensearch&id=248 HTTP/1.1" 200 682 "-" "Mozilla/5.0 (Macintosh; Intel Mac OS X 10_15_7) AppleWebKit/537.36 (KHTML, like Gecko) Chrome/120.0.0.0 Safari/537.36"
40.85.222.29 - - [25/Aug/2026:00:07:03 +0500] "GET /uz/wp-content/upgrade-temp-backup/index.php HTTP/1.1" 404 1415 "-" "-"
40.85.222.29 - - [25/Aug/2026:00:07:12 +0500] "GET /x.php HTTP/1.1" 301 - "-" "-"
40.85.222.29 - - [25/Aug/2026:00:07:19 +0500] "GET /uz/x.php HTTP/1.1" 404 1417 "-" "-"
52.167.144.161 - - [25/Aug/2026:00:07:29 +0500] "GET /docs/indexes/kpe-1-2021.xls HTTP/1.1" 200 384512 "-" "Mozilla/5.0 AppleWebKit/537.36 (KHTML, like Gecko; compatible; bingbot/2.0; +http://www.bing.com/bingbot.htm) Chrome/116.0.1938.76 Safari/537.36"
40.85.222.29 - - [25/Aug/2026:00:07:27 +0500] "GET /wp-content/plugins/index.php HTTP/1.1" 301 - "-" "-"
216.73.216.20 - - [25/Aug/2026:00:07:35 +0500] "GET /uz/component/mailto/?link=c01d32bda4b4fa68c1a71c5ffe9113fbcc1d3d9b&template=zo2_zizia&tmpl=component HTTP/1.1" 508 288 "-" "Mozilla/5.0 AppleWebKit/537.36 (KHTML, like Gecko; compatible; ClaudeBot/1.0; +claudebot@anthropic.com)"
40.85.222.29 - - [25/Aug/2026:00:07:42 +0500] "GET /wp-includes/ID3/colour.php HTTP/1.1" 508 288 "-" "-"
40.85.222.29 - - [25/Aug/2026:00:07:42 +0500] "GET /.well-known/file.php HTTP/1.1" 508 288 "-" "-"
40.85.222.29 - - [25/Aug/2026:00:07:42 +0500] "GET /wpupex.php HTTP/1.1" 508 288 "-" "-"
40.85.222.29 - - [25/Aug/2026:00:07:42 +0500] "GET /wp-includes/blocks/buttons/index.php HTTP/1.1" 508 288 "-" "-"
40.85.222.29 - - [25/Aug/2026:00:07:43 +0500] "GET //wp-content/uploads/index.php HTTP/1.1" 508 288 "-" "-"
40.85.222.29 - - [25/Aug/2026:00:07:43 +0500] "GET /.cache/x.php HTTP/1.1" 508 288 "-" "-"
40.85.222.29 - - [25/Aug/2026:00:07:43 +0500] "GET /wp-includes/assets/index.php HTTP/1.1" 508 288 "-" "-"
40.85.222.29 - - [25/Aug/2026:00:07:33 +0500] "GET /uz/wp-content/plugins/index.php HTTP/1.1" 404 1415 "-" "-"
40.85.222.29 - - [25/Aug/2026:00:07:43 +0500] "GET /layout/438884/index.php HTTP/1.1" 301 - "-" "-"
40.85.222.29 - - [25/Aug/2026:00:07:48 +0500] "GET /uz/layout/438884/index.php HTTP/1.1" 404 1415 "-" "-"
216.73.216.20 - - [25/Aug/2026:00:07:50 +0500] "GET /uz/officially-uzb/tenders-uzb/333-tender-19-02-21-uzb-2?layout=default&print=1&tmpl=component HTTP/1.1" 200 14916 "-" "Mozilla/5.0 AppleWebKit/537.36 (KHTML, like Gecko; compatible; ClaudeBot/1.0; +claudebot@anthropic.com)"
40.85.222.29 - - [25/Aug/2026:00:07:58 +0500] "GET /wp-includes/blocks/paragraph/index.php HTTP/1.1" 301 - "-" "-"
40.85.222.29 - - [25/Aug/2026:00:08:01 +0500] "GET /uz/wp-includes/blocks/paragraph/index.php HTTP/1.1" 404 1415 "-" "-"
40.85.222.29 - - [25/Aug/2026:00:08:11 +0500] "GET /wp-content/plugins/hellopress/wp_filemanager.php HTTP/1.1" 301 - "-" "-"
161.153.19.240 - - [25/Aug/2026:00:08:07 +0500] "GET /uz/balans-uzb/132-balans-2014 HTTP/1.1" 200 - "-" "Mozilla/5.0 (X11; Linux aarch64) AppleWebKit/537.36 (KHTML, like Gecko) Chrome/139.0.0.0 Safari/537.36"
40.85.222.29 - - [25/Aug/2026:00:08:26 +0500] "GET /wp-includes/SimplePie/Content/Type/index.php HTTP/1.1" 508 288 "-" "-"
40.85.222.29 - - [25/Aug/2026:00:08:27 +0500] "GET /wp-includes/blocks/freeform/index.php HTTP/1.1" 508 288 "-" "-"
40.85.222.29 - - [25/Aug/2026:00:08:27 +0500] "GET //index/function.php HTTP/1.1" 508 288 "-" "-"
161.153.19.240 - - [25/Aug/2026:00:08:13 +0500] "GET /uz/balans-uzb/132-balans-2014 HTTP/1.1" 200 15601 "-" "Mozilla/5.0 (X11; Linux aarch64) AppleWebKit/537.36 (KHTML, like Gecko) Chrome/139.0.0.0 Safari/537.36"
40.85.222.29 - - [25/Aug/2026:00:08:16 +0500] "GET /uz/wp-content/plugins/hellopress/wp_filemanager.php HTTP/1.1" 404 1415 "-" "-"
40.85.222.29 - - [25/Aug/2026:00:08:27 +0500] "GET /wp-includes/blocks/post-author-biography/824476/index.php HTTP/1.1" 301 - "-" "-"
40.85.222.29 - - [25/Aug/2026:00:08:42 +0500] "GET /wp-includes/PHPMailer/index.php HTTP/1.1" 508 288 "-" "-"
40.85.222.29 - - [25/Aug/2026:00:08:42 +0500] "GET /wp-includes/index.php HTTP/1.1" 508 288 "-" "-"
40.85.222.29 - - [25/Aug/2026:00:08:43 +0500] "GET /2.php HTTP/1.1" 508 288 "-" "-"
40.85.222.29 - - [25/Aug/2026:00:08:43 +0500] "GET /wp-content/themes/xss/about.php7 HTTP/1.1" 508 288 "-" "-"
40.85.222.29 - - [25/Aug/2026:00:08:32 +0500] "GET /uz/wp-includes/blocks/post-author-biography/824476/index.php HTTP/1.1" 404 1415 "-" "-"
216.73.216.20 - - [25/Aug/2026:00:08:46 +0500] "GET /uz/officially-uzb/tenders-uzb/366-konkurd-dir-11-03-22-uzb HTTP/1.1" 508 288 "-" "Mozilla/5.0 AppleWebKit/537.36 (KHTML, like Gecko; compatible; ClaudeBot/1.0; +claudebot@anthropic.com)"
40.85.222.29 - - [25/Aug/2026:00:08:43 +0500] "GET /first/function.php HTTP/1.1" 301 - "-" "-"
34.10.180.98 - - [25/Aug/2026:00:08:57 +0500] "GET /images/content/balans-2021/balans-2021.xlsx HTTP/1.1" 200 50618 "-" "Mozilla/5.0 (Macintosh; Intel Mac OS X 10_15_7) AppleWebKit/537.36 (KHTML, like Gecko) Chrome/120.0.0.0 Safari/537.36"
40.85.222.29 - - [25/Aug/2026:00:08:58 +0500] "GET /x/index.php HTTP/1.1" 508 288 "-" "-"
40.85.222.29 - - [25/Aug/2026:00:08:49 +0500] "GET /uz/first/function.php HTTP/1.1" 404 1415 "-" "-"
40.85.222.29 - - [25/Aug/2026:00:08:58 +0500] "GET /wp-includes/blocks/post-terms/index.php HTTP/1.1" 301 - "-" "-"
40.85.222.29 - - [25/Aug/2026:00:09:04 +0500] "GET /uz/wp-includes/blocks/post-terms/index.php HTTP/1.1" 404 1415 "-" "-"
40.85.222.29 - - [25/Aug/2026:00:09:14 +0500] "GET /fonts/index.php HTTP/1.1" 301 - "-" "-"
40.85.222.29 - - [25/Aug/2026:00:09:17 +0500] "GET /uz/fonts/index.php HTTP/1.1" 404 1415 "-" "-"
216.73.216.20 - - [25/Aug/2026:00:09:32 +0500] "GET /uz/officially-uzb/tenders-uzb/333-tender-19-02-21-uzb-2 HTTP/1.1" 508 288 "-" "Mozilla/5.0 AppleWebKit/537.36 (KHTML, like Gecko; compatible; ClaudeBot/1.0; +claudebot@anthropic.com)"
40.85.222.29 - - [25/Aug/2026:00:09:27 +0500] "GET /wp-includes/sitemaps/about.php HTTP/1.1" 301 - "-" "-"
40.85.222.29 - - [25/Aug/2026:00:09:32 +0500] "GET /uz/wp-includes/sitemaps/about.php HTTP/1.1" 404 1415 "-" "-"
216.73.216.20 - - [25/Aug/2026:00:09:32 +0500] "GET /uz/officially-uzb/tenders-uzb/308-tender-19-02-20-uzb?layout=default&print=1&tmpl=component HTTP/1.1" 200 15574 "-" "Mozilla/5.0 AppleWebKit/537.36 (KHTML, like Gecko; compatible; ClaudeBot/1.0; +claudebot@anthropic.com)"
40.85.222.29 - - [25/Aug/2026:00:09:43 +0500] "GET /wp-content/uploads/2023/index.php HTTP/1.1" 301 - "-" "-"
40.85.222.29 - - [25/Aug/2026:00:09:47 +0500] "GET /uz/wp-content/uploads/2023/index.php HTTP/1.1" 404 1415 "-" "-"
34.10.180.98 - - [25/Aug/2026:00:10:01 +0500] "GET /ru/balans-rus/323-balans-2-2020?print=1&tmpl=component HTTP/1.1" 508 288 "-" "Mozilla/5.0 (Macintosh; Intel Mac OS X 10_15_7) AppleWebKit/537.36 (KHTML, like Gecko) Chrome/120.0.0.0 Safari/537.36"
40.85.222.29 - - [25/Aug/2026:00:09:58 +0500] "GET /wp-includes/rest-api/fields/index.php HTTP/1.1" 301 - "-" "-"
216.73.216.20 - - [25/Aug/2026:00:09:48 +0500] "GET /uz/officially-uzb/tenders-uzb/332-tender-19-02-21-uzb?layout=default&print=1&tmpl=component HTTP/1.1" 200 12799 "-" "Mozilla/5.0 AppleWebKit/537.36 (KHTML, like Gecko; compatible; ClaudeBot/1.0; +claudebot@anthropic.com)"
216.73.216.20 - - [25/Aug/2026:00:09:48 +0500] "GET /uz/officially-uzb/tenders-uzb/332-tender-19-02-21-uzb HTTP/1.1" 200 61007 "-" "Mozilla/5.0 AppleWebKit/537.36 (KHTML, like Gecko; compatible; ClaudeBot/1.0; +claudebot@anthropic.com)"
216.73.216.20 - - [25/Aug/2026:00:09:50 +0500] "GET /uz/officially-uzb/tenders-uzb?start=16 HTTP/1.1" 200 67475 "-" "Mozilla/5.0 AppleWebKit/537.36 (KHTML, like Gecko; compatible; ClaudeBot/1.0; +claudebot@anthropic.com)"
40.85.222.29 - - [25/Aug/2026:00:10:03 +0500] "GET /uz/wp-includes/rest-api/fields/index.php HTTP/1.1" 404 1415 "-" "-"
40.85.222.29 - - [25/Aug/2026:00:10:10 +0500] "GET /wp-includes/blocks/details/index.php HTTP/1.1" 301 - "-" "-"
40.85.222.29 - - [25/Aug/2026:00:10:13 +0500] "GET /uz/wp-includes/blocks/details/index.php HTTP/1.1" 404 1415 "-" "-"
40.85.222.29 - - [25/Aug/2026:00:10:23 +0500] "GET /well-known/index.php HTTP/1.1" 301 - "-" "-"
40.85.222.29 - - [25/Aug/2026:00:10:28 +0500] "GET /uz/well-known/index.php HTTP/1.1" 404 1415 "-" "-"
40.85.222.29 - - [25/Aug/2026:00:10:39 +0500] "GET /help/crnpwfiu.php HTTP/1.1" 301 - "-" "-"
40.85.222.29 - - [25/Aug/2026:00:10:54 +0500] "GET /wp-admin/css/colors/blue/admin.php HTTP/1.1" 508 288 "-" "-"
216.73.216.20 - - [25/Aug/2026:00:10:37 +0500] "GET /uz/officially-uzb/tenders-uzb?start=4 HTTP/1.1" 200 74152 "-" "Mozilla/5.0 AppleWebKit/537.36 (KHTML, like Gecko; compatible; ClaudeBot/1.0; +claudebot@anthropic.com)"
40.85.222.29 - - [25/Aug/2026:00:10:45 +0500] "GET /uz/help/crnpwfiu.php HTTP/1.1" 404 1415 "-" "-"
40.85.222.29 - - [25/Aug/2026:00:10:54 +0500] "GET /admin/680449/index.php HTTP/1.1" 301 - "-" "-"
40.85.222.29 - - [25/Aug/2026:00:10:59 +0500] "GET /uz/admin/680449/index.php HTTP/1.1" 404 1415 "-" "-"
40.85.222.29 - - [25/Aug/2026:00:11:08 +0500] "GET /update/bibil.php HTTP/1.1" 301 - "-" "-"
40.85.222.29 - - [25/Aug/2026:00:11:12 +0500] "GET /uz/update/bibil.php HTTP/1.1" 404 1415 "-" "-"
40.85.222.29 - - [25/Aug/2026:00:11:23 +0500] "GET /wordpress/wp-content/plugins/cvqvgfk/index.php HTTP/1.1" 301 - "-" "-"
216.73.216.20 - - [25/Aug/2026:00:11:31 +0500] "GET /uz/component/mailto/?link=5cf10238bbe3ff36bfb04abbfc5b90da8503e6a0&template=zo2_zizia&tmpl=component HTTP/1.1" 508 288 "-" "Mozilla/5.0 AppleWebKit/537.36 (KHTML, like Gecko; compatible; ClaudeBot/1.0; +claudebot@anthropic.com)"
216.73.216.20 - - [25/Aug/2026:00:11:21 +0500] "GET /uz/officially-uzb/tenders-uzb/366-konkurd-dir-11-03-22-uzb?layout=default&print=1&tmpl=component HTTP/1.1" 200 13940 "-" "Mozilla/5.0 AppleWebKit/537.36 (KHTML, like Gecko; compatible; ClaudeBot/1.0; +claudebot@anthropic.com)"
216.73.216.20 - - [25/Aug/2026:00:11:21 +0500] "GET /uz/officially-uzb/tenders-uzb/308-tender-19-02-20-uzb HTTP/1.1" 200 63522 "-" "Mozilla/5.0 AppleWebKit/537.36 (KHTML, like Gecko; compatible; ClaudeBot/1.0; +claudebot@anthropic.com)"
40.85.222.29 - - [25/Aug/2026:00:11:29 +0500] "GET /uz/wordpress/wp-content/plugins/cvqvgfk/index.php HTTP/1.1" 404 1415 "-" "-"
40.85.222.29 - - [25/Aug/2026:00:11:38 +0500] "GET /wp-includes/blocks/media-text/index.php HTTP/1.1" 301 - "-" "-"
40.85.222.29 - - [25/Aug/2026:00:11:53 +0500] "GET /worksec.php HTTP/1.1" 508 288 "-" "-"
40.85.222.29 - - [25/Aug/2026:00:11:53 +0500] "GET /wp-includes/IXR/Ipv6.php HTTP/1.1" 508 288 "-" "-"
40.85.222.29 - - [25/Aug/2026:00:11:43 +0500] "GET /uz/wp-includes/blocks/media-text/index.php HTTP/1.1" 404 1415 "-" "-"
40.85.222.29 - - [25/Aug/2026:00:11:53 +0500] "GET /wp-admin/upgrade.php HTTP/1.1" 301 - "-" "-"
34.57.162.91 - - [25/Aug/2026:00:12:05 +0500] "GET /ru/component/mailto/?link=90cd2e5dcce5c84be0254a3728b139bcc3a50a86&template=zo2_zizia&tmpl=component HTTP/1.1" 200 13219 "-" "Mozilla/5.0 (Macintosh; Intel Mac OS X 10_15_7) AppleWebKit/537.36 (KHTML, like Gecko) Chrome/120.0.0.0 Safari/537.36"
40.85.222.29 - - [25/Aug/2026:00:11:59 +0500] "GET /uz/wp-admin/upgrade.php HTTP/1.1" 404 1415 "-" "-"
40.85.222.29 - - [25/Aug/2026:00:12:09 +0500] "GET /wp-content/plugins/cp-pro/js.php HTTP/1.1" 301 - "-" "-"
40.85.222.29 - - [25/Aug/2026:00:12:24 +0500] "GET /shell20211028.php HTTP/1.1" 508 288 "-" "-"
40.85.222.29 - - [25/Aug/2026:00:12:24 +0500] "GET /wp-content/wp-plugins/aspose-pdf-importer/vendor/phpunit/phpunit/src/Util/PHP/eval-stdin.php HTTP/1.1" 508 288 "-" "-"
40.85.222.29 - - [25/Aug/2026:00:12:24 +0500] "GET /wp-includes/certificates/index.php HTTP/1.1" 508 288 "-" "-"
40.85.222.29 - - [25/Aug/2026:00:12:15 +0500] "GET /uz/wp-content/plugins/cp-pro/js.php HTTP/1.1" 404 1415 "-" "-"
40.85.222.29 - - [25/Aug/2026:00:12:24 +0500] "GET /wp-admin/css/colors/coffee/index.php HTTP/1.1" 301 - "-" "-"
40.85.222.29 - - [25/Aug/2026:00:12:40 +0500] "GET /info.php HTTP/1.1" 301 - "-" "-"
40.85.222.29 - - [25/Aug/2026:00:12:31 +0500] "GET /uz/wp-admin/css/colors/coffee/index.php HTTP/1.1" 404 1415 "-" "-"
40.85.222.29 - - [25/Aug/2026:00:12:54 +0500] "GET /modules/ets_whatsapp/security.php HTTP/1.1" 508 288 "-" "-"
40.85.222.29 - - [25/Aug/2026:00:12:55 +0500] "GET /wp-includes/blocks/gallery/index.php HTTP/1.1" 301 - "-" "-"
40.85.222.29 - - [25/Aug/2026:00:12:50 +0500] "GET /uz/info.php HTTP/1.1" 404 1417 "-" "-"
40.85.222.29 - - [25/Aug/2026:00:13:01 +0500] "GET /uz/wp-includes/blocks/gallery/index.php HTTP/1.1" 404 1415 "-" "-"
40.85.222.29 - - [25/Aug/2026:00:13:10 +0500] "GET /SzATuRit63g.php HTTP/1.1" 301 - "-" "-"
40.85.222.29 - - [25/Aug/2026:00:13:17 +0500] "GET /uz/SzATuRit63g.php HTTP/1.1" 404 1417 "-" "-"
40.85.222.29 - - [25/Aug/2026:00:13:25 +0500] "GET //wp-includes/js/tinymce/index.php HTTP/1.1" 301 - "-" "-"
40.85.222.29 - - [25/Aug/2026:00:13:40 +0500] "GET /wp-admin/gQ2zxmHJ3RF.php HTTP/1.1" 508 288 "-" "-"
40.85.222.29 - - [25/Aug/2026:00:13:32 +0500] "GET /uz/wp-includes/js/tinymce/index.php HTTP/1.1" 404 1415 "-" "-"
40.85.222.29 - - [25/Aug/2026:00:13:41 +0500] "GET /wp-includes/blocks/query-pagination-numbers/index.php HTTP/1.1" 301 - "-" "-"
40.85.222.29 - - [25/Aug/2026:00:13:47 +0500] "GET /uz/wp-includes/blocks/query-pagination-numbers/index.php HTTP/1.1" 404 1415 "-" "-"
40.85.222.29 - - [25/Aug/2026:00:13:57 +0500] "GET /kgoc6awap3napxxxdCdefault.php HTTP/1.1" 301 - "-" "-"
40.85.222.29 - - [25/Aug/2026:00:14:02 +0500] "GET /uz/kgoc6awap3napxxxdCdefault.php HTTP/1.1" 404 1417 "-" "-"
40.85.222.29 - - [25/Aug/2026:00:14:11 +0500] "GET /wp-content/themes/twentytwentytwo/index.php HTTP/1.1" 301 - "-" "-"
40.85.222.29 - - [25/Aug/2026:00:14:16 +0500] "GET /uz/wp-content/themes/twentytwentytwo/index.php HTTP/1.1" 404 1415 "-" "-"
40.85.222.29 - - [25/Aug/2026:00:14:27 +0500] "GET /test.php HTTP/1.1" 301 - "-" "-"
40.85.222.29 - - [25/Aug/2026:00:14:42 +0500] "GET /wp-load.php HTTP/1.1" 508 288 "-" "-"
40.85.222.29 - - [25/Aug/2026:00:14:42 +0500] "GET //inputs.php HTTP/1.1" 508 288 "-" "-"
40.85.222.29 - - [25/Aug/2026:00:14:42 +0500] "GET /wp-admin/css/wp-login.php HTTP/1.1" 508 288 "-" "-"
40.85.222.29 - - [25/Aug/2026:00:14:42 +0500] "GET /wp-includes/Requests/about.php HTTP/1.1" 508 288 "-" "-"
40.85.222.29 - - [25/Aug/2026:00:14:43 +0500] "GET /wp-includes/blocks/query-pagination-next/index.php HTTP/1.1" 301 - "-" "-"
40.85.222.29 - - [25/Aug/2026:00:14:33 +0500] "GET /uz/test.php HTTP/1.1" 404 1417 "-" "-"
40.85.222.29 - - [25/Aug/2026:00:14:49 +0500] "GET /uz/wp-includes/blocks/query-pagination-next/index.php HTTP/1.1" 404 1415 "-" "-"
40.85.222.29 - - [25/Aug/2026:00:14:58 +0500] "GET /wp-includes/Text/index.php HTTP/1.1" 301 - "-" "-"
40.85.222.29 - - [25/Aug/2026:00:15:48 +0500] "GET /wp-admin/index.php HTTP/1.1" 301 - "-" "-"
40.85.222.29 - - [25/Aug/2026:00:15:52 +0500] "GET //wp-content/plugins/index.php HTTP/1.1" 301 - "-" "-"
34.56.53.225 - - [25/Aug/2026:00:15:53 +0500] "GET /uz/component/search/?Itemid=926&catid=103&format=opensearch&id=458 HTTP/1.1" 200 694 "-" "Mozilla/5.0 (Macintosh; Intel Mac OS X 10_15_7) AppleWebKit/537.36 (KHTML, like Gecko) Chrome/120.0.0.0 Safari/537.36"
40.85.222.29 - - [25/Aug/2026:00:15:58 +0500] "GET /uz/wp-content/plugins/index.php HTTP/1.1" 404 1415 "-" "-"
40.85.222.29 - - [25/Aug/2026:00:16:07 +0500] "GET /wp-includes/blocks/list-item/index.php HTTP/1.1" 301 - "-" "-"
40.85.222.29 - - [25/Aug/2026:00:16:14 +0500] "GET /uz/wp-includes/blocks/list-item/index.php HTTP/1.1" 508 288 "-" "-"
40.85.222.29 - - [25/Aug/2026:00:16:14 +0500] "GET //wp-admin/network/index.php HTTP/1.1" 301 - "-" "-"
40.85.222.29 - - [25/Aug/2026:00:16:19 +0500] "GET /uz/wp-admin/network/index.php HTTP/1.1" 404 1415 "-" "-"
40.85.222.29 - - [25/Aug/2026:00:16:29 +0500] "GET //dropdown.php HTTP/1.1" 301 - "-" "-"
49.51.183.15 - - [25/Aug/2026:00:16:22 +0500] "GET /uz/component/search/?Itemid=866&catid=114&id=382&format=opensearch HTTP/1.1" 200 682 "-" "Mozilla/5.0 (iPhone; CPU iPhone OS 13_2_3 like Mac OS X) AppleWebKit/605.1.15 (KHTML, like Gecko) Version/13.0.3 Mobile/15E148 Safari/604.1"
40.85.222.29 - - [25/Aug/2026:00:16:34 +0500] "GET /uz/dropdown.php HTTP/1.1" 404 1417 "-" "-"
34.123.149.87 - - [25/Aug/2026:00:17:03 +0500] "GET /ru/info-for-shareholders-rus/407-kpe-2-2022?print=1&tmpl=component HTTP/1.1" 508 288 "-" "Mozilla/5.0 (Macintosh; Intel Mac OS X 10_15_7) AppleWebKit/537.36 (KHTML, like Gecko) Chrome/120.0.0.0 Safari/537.36"
34.61.96.6 - - [25/Aug/2026:00:17:30 +0500] "GET /ru/interactive-rus/forma-bystroj-svyazi/87-russian/about-org-rus?format=feed&type=rss HTTP/1.1" 200 32139 "-" "Mozilla/5.0 (Macintosh; Intel Mac OS X 10_15_7) AppleWebKit/537.36 (KHTML, like Gecko) Chrome/120.0.0.0 Safari/537.36"
34.42.229.145 - - [25/Aug/2026:00:17:54 +0500] "GET /ru/bussiness-plans-rus?start=10&template=Zo2_zizia HTTP/1.1" 200 65139 "-" "Mozilla/5.0 (Macintosh; Intel Mac OS X 10_15_7) AppleWebKit/537.36 (KHTML, like Gecko) Chrome/120.0.0.0 Safari/537.36"
35.254.159.230 - - [25/Aug/2026:00:18:27 +0500] "GET /uz/component/mailto/?link=d641f46d6acf85d65668eba47734dcd824e55eb8&template=zo2_zizia&tmpl=component HTTP/1.1" 200 13270 "-" "Mozilla/5.0 (Macintosh; Intel Mac OS X 10_15_7) AppleWebKit/537.36 (KHTML, like Gecko) Chrome/120.0.0.0 Safari/537.36"
34.56.53.225 - - [25/Aug/2026:00:18:46 +0500] "GET /ru/audit-rus?template=accessibility HTTP/1.1" 200 28173 "-" "Mozilla/5.0 (Macintosh; Intel Mac OS X 10_15_7) AppleWebKit/537.36 (KHTML, like Gecko) Chrome/120.0.0.0 Safari/537.36"
34.171.68.95 - - [25/Aug/2026:00:19:42 +0500] "GET /uz/about-org-uzb/general-info-uzb?print=1&tmpl=component HTTP/1.1" 200 19820 "-" "Mozilla/5.0 (Macintosh; Intel Mac OS X 10_15_7) AppleWebKit/537.36 (KHTML, like Gecko) Chrome/120.0.0.0 Safari/537.36"
34.10.180.98 - - [25/Aug/2026:00:20:12 +0500] "GET /ru/officially-rus/arhiv-rus?format=feed&template=accessibility&type=rss HTTP/1.1" 200 1995 "-" "Mozilla/5.0 (Macintosh; Intel Mac OS X 10_15_7) AppleWebKit/537.36 (KHTML, like Gecko) Chrome/120.0.0.0 Safari/537.36"
216.244.66.239 - - [25/Aug/2026:00:24:21 +0500] "GET /uz/86-uzbek?start=54 HTTP/1.1" 508 288 "-" "Mozilla/5.0 (compatible; DotBot/1.2; +https://opensiteexplorer.org/dotbot; help@moz.com)"
43.153.107.22 - - [25/Aug/2026:00:25:06 +0500] "GET /ru/officially-rus/norm-baza-rus?template=accessibility HTTP/1.1" 508 288 "-" "Mozilla/5.0 (iPhone; CPU iPhone OS 13_2_3 like Mac OS X) AppleWebKit/605.1.15 (KHTML, like Gecko) Version/13.0.3 Mobile/15E148 Safari/604.1"
34.61.96.6 - - [25/Aug/2026:00:25:07 +0500] "GET /ru/component/mailto/?link=5f0b9eec76c77fea352362046dc6b49ffa434669&template=zo2_zizia&tmpl=component HTTP/1.1" 508 288 "-" "Mozilla/5.0 (Macintosh; Intel Mac OS X 10_15_7) AppleWebKit/537.36 (KHTML, like Gecko) Chrome/120.0.0.0 Safari/537.36"
132.226.107.15 - - [25/Aug/2026:00:25:48 +0500] "GET /ru/component/mailto?link=a2c9a975dfeb54407a2bf8c94ea98f5a1e59ddbf&template=accessibility&tmpl=component HTTP/1.1" 508 288 "-" "Mozilla/5.0 (X11; Linux aarch64) AppleWebKit/537.36 (KHTML, like Gecko) Chrome/139.0.0.0 Safari/537.36"
132.226.107.15 - - [25/Aug/2026:00:25:44 +0500] "GET /ru/component/mailto?link=a2c9a975dfeb54407a2bf8c94ea98f5a1e59ddbf&template=accessibility&tmpl=component HTTP/1.1" 200 - "-" "Mozilla/5.0 (X11; Linux aarch64) AppleWebKit/537.36 (KHTML, like Gecko) Chrome/139.0.0.0 Safari/537.36"
34.171.68.95 - - [25/Aug/2026:00:26:25 +0500] "GET /uz/component/search/?Itemid=836&format=opensearch&template=Zo2_zizia HTTP/1.1" 200 692 "-" "Mozilla/5.0 (Macintosh; Intel Mac OS X 10_15_7) AppleWebKit/537.36 (KHTML, like Gecko) Chrome/120.0.0.0 Safari/537.36"
132.255.109.65 - - [25/Aug/2026:00:28:55 +0500] "GET /ru/jsc-docs-rus?template=accessibility HTTP/1.1" 200 26796 "-" "Mozilla/5.0 (Windows NT 10.0; Win64; x64) AppleWebKit/537.36 (KHTML, like Gecko) Chrome/124.0.6367.207 Safari/537.36"
34.42.229.145 - - [25/Aug/2026:00:29:14 +0500] "GET /uz/component/search/?Itemid=864&catid=109&format=opensearch&id=291 HTTP/1.1" 200 694 "-" "Mozilla/5.0 (Macintosh; Intel Mac OS X 10_15_7) AppleWebKit/537.36 (KHTML, like Gecko) Chrome/120.0.0.0 Safari/537.36"
34.10.180.98 - - [25/Aug/2026:00:29:24 +0500] "GET /uz/component/mailto/?link=5cf10238bbe3ff36bfb04abbfc5b90da8503e6a0&template=zo2_zizia&tmpl=component HTTP/1.1" 200 13270 "-" "Mozilla/5.0 (Macintosh; Intel Mac OS X 10_15_7) AppleWebKit/537.36 (KHTML, like Gecko) Chrome/120.0.0.0 Safari/537.36"
129.146.227.182 - - [25/Aug/2026:00:29:59 +0500] "GET /uz/interactive-rus/forma-bystroj-svyazi HTTP/1.1" 404 1415 "-" "Mozilla/5.0 (X11; Linux aarch64) AppleWebKit/537.36 (KHTML, like Gecko) Chrome/139.0.0.0 Safari/537.36"
129.146.227.182 - - [25/Aug/2026:00:30:03 +0500] "GET /uz/interactive-rus/forma-bystroj-svyazi HTTP/1.1" 404 1415 "-" "Mozilla/5.0 (X11; Linux aarch64) AppleWebKit/537.36 (KHTML, like Gecko) Chrome/139.0.0.0 Safari/537.36"
34.57.162.91 - - [25/Aug/2026:00:30:17 +0500] "GET /ru/balans-rus/238-balance-2018-1-kvartal?print=1&tmpl=component HTTP/1.1" 200 12952 "-" "Mozilla/5.0 (Macintosh; Intel Mac OS X 10_15_7) AppleWebKit/537.36 (KHTML, like Gecko) Chrome/120.0.0.0 Safari/537.36"
34.123.149.87 - - [25/Aug/2026:00:30:34 +0500] "GET /ru/component/mailto/?link=a7ce5f7b10ce600daf63af3a73b3e81e3f3fb879&template=accessibility&tmpl=component HTTP/1.1" 200 9651 "-" "Mozilla/5.0 (Macintosh; Intel Mac OS X 10_15_7) AppleWebKit/537.36 (KHTML, like Gecko) Chrome/120.0.0.0 Safari/537.36"
34.171.68.95 - - [25/Aug/2026:00:30:40 +0500] "GET /ru/106-jsc-events/171-sobranie-29-04-16-rus?print=1&tmpl=component HTTP/1.1" 200 18062 "-" "Mozilla/5.0 (Macintosh; Intel Mac OS X 10_15_7) AppleWebKit/537.36 (KHTML, like Gecko) Chrome/120.0.0.0 Safari/537.36"
43.165.174.53 - - [25/Aug/2026:00:33:50 +0500] "GET /ru/jsc-docs-rus?template=accessibility HTTP/1.1" 508 288 "-" "Mozilla/5.0 (iPhone; CPU iPhone OS 13_2_3 like Mac OS X) AppleWebKit/605.1.15 (KHTML, like Gecko) Version/13.0.3 Mobile/15E148 Safari/604.1"
34.123.149.87 - - [25/Aug/2026:00:34:12 +0500] "GET /ru/component/search/?Itemid=853&format=opensearch&template=Zo2_zizia HTTP/1.1" 200 680 "-" "Mozilla/5.0 (Macintosh; Intel Mac OS X 10_15_7) AppleWebKit/537.36 (KHTML, like Gecko) Chrome/120.0.0.0 Safari/537.36"
34.10.180.98 - - [25/Aug/2026:00:34:21 +0500] "GET /ru/component/search/?Itemid=1164&catid=112&format=opensearch&id=295 HTTP/1.1" 200 695 "-" "Mozilla/5.0 (Macintosh; Intel Mac OS X 10_15_7) AppleWebKit/537.36 (KHTML, like Gecko) Chrome/120.0.0.0 Safari/537.36"
34.56.53.225 - - [25/Aug/2026:00:34:33 +0500] "GET /uz/component/search/?Itemid=847&catid=98&format=opensearch&id=237 HTTP/1.1" 200 693 "-" "Mozilla/5.0 (Macintosh; Intel Mac OS X 10_15_7) AppleWebKit/537.36 (KHTML, like Gecko) Chrome/120.0.0.0 Safari/537.36"
34.171.68.95 - - [25/Aug/2026:00:34:46 +0500] "GET /ru/audit-rus?start=10&template=accessibility HTTP/1.1" 200 25703 "-" "Mozilla/5.0 (Macintosh; Intel Mac OS X 10_15_7) AppleWebKit/537.36 (KHTML, like Gecko) Chrome/120.0.0.0 Safari/537.36"
216.244.66.239 - - [25/Aug/2026:00:35:22 +0500] "GET /uz/facts-uzb/313-06-fact-18-03-2020 HTTP/1.1" 508 288 "-" "Mozilla/5.0 (compatible; DotBot/1.2; +https://opensiteexplorer.org/dotbot; help@moz.com)"
216.244.66.239 - - [25/Aug/2026:00:36:23 +0500] "GET /ru/facts-rus/463-sush-fakt-36-04-04-2024-docx HTTP/1.1" 200 64893 "-" "Mozilla/5.0 (compatible; DotBot/1.2; +https://opensiteexplorer.org/dotbot; help@moz.com)"
185.191.171.13 - - [25/Aug/2026:00:38:53 +0500] "GET /robots.txt HTTP/1.1" 200 865 "-" "Mozilla/5.0 (compatible; SemrushBot/7~bl; +http://www.semrush.com/bot.html)"
185.191.171.13 - - [25/Aug/2026:00:38:54 +0500] "GET /uz/korporativ-boshqaruv-uzb/385-indexes-2021 HTTP/1.1" 200 61505 "-" "Mozilla/5.0 (compatible; SemrushBot/7~bl; +http://www.semrush.com/bot.html)"
216.73.217.117 - - [25/Aug/2026:00:39:38 +0500] "GET /ru/bussiness-plans-rus/292-bussiness-plan-2019 HTTP/1.1" 508 288 "-" "Mozilla/5.0 AppleWebKit/537.36 (KHTML, like Gecko; compatible; ClaudeBot/1.0; +claudebot@anthropic.com)"
216.244.66.239 - - [25/Aug/2026:00:39:48 +0500] "GET /ru/facts-rus/247-08-fact-18-05-19 HTTP/1.1" 508 288 "-" "Mozilla/5.0 (compatible; DotBot/1.2; +https://opensiteexplorer.org/dotbot; help@moz.com)"
141.148.140.236 - - [25/Aug/2026:00:40:05 +0500] "GET /ru/prospectus-rus/126-prospectus-rus HTTP/1.1" 508 288 "-" "Mozilla/5.0 (X11; Linux aarch64) AppleWebKit/537.36 (KHTML, like Gecko) Chrome/139.0.0.0 Safari/537.36"
216.73.217.117 - - [25/Aug/2026:00:40:32 +0500] "GET /ru/component/search/?Itemid=986&format=opensearch HTTP/1.1" 508 288 "-" "Mozilla/5.0 AppleWebKit/537.36 (KHTML, like Gecko; compatible; ClaudeBot/1.0; +claudebot@anthropic.com)"
216.73.217.117 - - [25/Aug/2026:00:40:32 +0500] "GET /ru/bussiness-plans-rus/249-bussiness-plan-2018 HTTP/1.1" 500 1528 "-" "Mozilla/5.0 AppleWebKit/537.36 (KHTML, like Gecko; compatible; ClaudeBot/1.0; +claudebot@anthropic.com)"
216.244.66.239 - - [25/Aug/2026:00:40:21 +0500] "GET /uz/votes-uzb/181-poll-29-04-16 HTTP/1.1" 200 83689 "-" "Mozilla/5.0 (compatible; DotBot/1.2; +https://opensiteexplorer.org/dotbot; help@moz.com)"
216.73.217.117 - - [25/Aug/2026:00:40:33 +0500] "GET /ru/interactive-rus/faq-rus/85-russian HTTP/1.1" 200 80673 "-" "Mozilla/5.0 AppleWebKit/537.36 (KHTML, like Gecko; compatible; ClaudeBot/1.0; +claudebot@anthropic.com)"
137.131.27.152 - - [25/Aug/2026:00:41:05 +0500] "GET /uz/about-org-rus/information-on-the-financial-rus HTTP/1.1" 508 288 "-" "Mozilla/5.0 (X11; Linux aarch64) AppleWebKit/537.36 (KHTML, like Gecko) Chrome/139.0.0.0 Safari/537.36"
216.73.217.117 - - [25/Aug/2026:00:41:12 +0500] "GET /ru/bussiness-plans-rus/447-biznes-plan-2024-pdf HTTP/1.1" 508 288 "-" "Mozilla/5.0 AppleWebKit/537.36 (KHTML, like Gecko; compatible; ClaudeBot/1.0; +claudebot@anthropic.com)"
137.131.27.152 - - [25/Aug/2026:00:41:01 +0500] "GET /uz/about-org-rus/information-on-the-financial-rus HTTP/1.1" 404 1415 "-" "Mozilla/5.0 (X11; Linux aarch64) AppleWebKit/537.36 (KHTML, like Gecko) Chrome/139.0.0.0 Safari/537.36"
216.244.66.239 - - [25/Aug/2026:00:41:45 +0500] "GET /uz/bussiness-plans-uzb/249-bussiness-plan-2018 HTTP/1.1" 200 60838 "-" "Mozilla/5.0 (compatible; DotBot/1.2; +https://opensiteexplorer.org/dotbot; help@moz.com)"
216.73.217.117 - - [25/Aug/2026:00:41:59 +0500] "GET /robots.txt HTTP/1.1" 200 865 "-" "Mozilla/5.0 AppleWebKit/537.36 (KHTML, like Gecko; compatible; ClaudeBot/1.0; +claudebot@anthropic.com)"
216.73.217.117 - - [25/Aug/2026:00:41:59 +0500] "GET /ru/bussiness-plans-rus/496-biznes-plan-2026 HTTP/1.1" 200 64697 "-" "Mozilla/5.0 AppleWebKit/537.36 (KHTML, like Gecko; compatible; ClaudeBot/1.0; +claudebot@anthropic.com)"
216.73.217.117 - - [25/Aug/2026:00:42:02 +0500] "GET /ru/interactive-rus/faq-rus HTTP/1.1" 200 67988 "-" "Mozilla/5.0 AppleWebKit/537.36 (KHTML, like Gecko; compatible; ClaudeBot/1.0; +claudebot@anthropic.com)"
216.73.217.117 - - [25/Aug/2026:00:42:11 +0500] "GET /ru/bussiness-plans-rus?format=feed&type=rss HTTP/1.1" 200 8054 "-" "Mozilla/5.0 AppleWebKit/537.36 (KHTML, like Gecko; compatible; ClaudeBot/1.0; +claudebot@anthropic.com)"
216.244.66.239 - - [25/Aug/2026:00:42:28 +0500] "GET /uz/facts-uzb/345-32-fact-17-03-2021 HTTP/1.1" 200 66716 "-" "Mozilla/5.0 (compatible; DotBot/1.2; +https://opensiteexplorer.org/dotbot; help@moz.com)"
216.73.217.117 - - [25/Aug/2026:00:43:15 +0500] "GET /ru/component/mailto/?link=1a5dff75f7ce9f9335152a39a7dadfc88838fe78&template=zo2_zizia&tmpl=component HTTP/1.1" 508 288 "-" "Mozilla/5.0 AppleWebKit/537.36 (KHTML, like Gecko; compatible; ClaudeBot/1.0; +claudebot@anthropic.com)"
216.73.217.117 - - [25/Aug/2026:00:43:26 +0500] "GET /ru/component/search/?Itemid=816&format=opensearch&id=91 HTTP/1.1" 200 667 "-" "Mozilla/5.0 AppleWebKit/537.36 (KHTML, like Gecko; compatible; ClaudeBot/1.0; +claudebot@anthropic.com)"
216.73.217.117 - - [25/Aug/2026:00:43:32 +0500] "GET /ru/bussiness-plans-rus?template=accessibility HTTP/1.1" 508 288 "-" "Mozilla/5.0 AppleWebKit/537.36 (KHTML, like Gecko; compatible; ClaudeBot/1.0; +claudebot@anthropic.com)"
216.73.217.117 - - [25/Aug/2026:00:43:23 +0500] "GET /ru/bussiness-plans-rus/488-biznes-plan-2025 HTTP/1.1" 200 64683 "-" "Mozilla/5.0 AppleWebKit/537.36 (KHTML, like Gecko; compatible; ClaudeBot/1.0; +claudebot@anthropic.com)"
216.73.217.117 - - [25/Aug/2026:00:43:32 +0500] "GET /ru/bussiness-plans-rus?format=feed&type=atom HTTP/1.1" 200 12605 "-" "Mozilla/5.0 AppleWebKit/537.36 (KHTML, like Gecko; compatible; ClaudeBot/1.0; +claudebot@anthropic.com)"
216.73.217.117 - - [25/Aug/2026:00:43:31 +0500] "GET /ru/bussiness-plans-rus/311-bussiness-plan-2020 HTTP/1.1" 200 65424 "-" "Mozilla/5.0 AppleWebKit/537.36 (KHTML, like Gecko; compatible; ClaudeBot/1.0; +claudebot@anthropic.com)"
34.57.162.91 - - [25/Aug/2026:00:43:58 +0500] "GET /ru/component/mailto/?link=82c3644d82f46cfaf4a8a694e9c06df0819060ae&template=accessibility&tmpl=component HTTP/1.1" 200 9651 "-" "Mozilla/5.0 (Macintosh; Intel Mac OS X 10_15_7) AppleWebKit/537.36 (KHTML, like Gecko) Chrome/120.0.0.0 Safari/537.36"
216.73.217.117 - - [25/Aug/2026:00:44:03 +0500] "GET /ru/bussiness-plans-rus/363-bussiness-plan-2022 HTTP/1.1" 200 65420 "-" "Mozilla/5.0 AppleWebKit/537.36 (KHTML, like Gecko; compatible; ClaudeBot/1.0; +claudebot@anthropic.com)"
216.73.217.117 - - [25/Aug/2026:00:44:09 +0500] "GET /ru/bussiness-plans-rus/417-bussiness-plan-2023-full HTTP/1.1" 200 64723 "-" "Mozilla/5.0 AppleWebKit/537.36 (KHTML, like Gecko; compatible; ClaudeBot/1.0; +claudebot@anthropic.com)"
216.73.217.117 - - [25/Aug/2026:00:44:19 +0500] "GET /ru/bussiness-plans-rus/338-bussiness-plan-2021 HTTP/1.1" 200 65433 "-" "Mozilla/5.0 AppleWebKit/537.36 (KHTML, like Gecko; compatible; ClaudeBot/1.0; +claudebot@anthropic.com)"
54.87.95.7 - - [25/Aug/2026:00:46:01 +0500] "GET /uz/officially-uzb/news-uzb/365-meeting-07-04-22-uzb HTTP/1.1" 508 288 "-" "Mozilla/5.0 AppleWebKit/537.36 (KHTML, like Gecko; compatible; Amazonbot/0.1; +https://developer.amazon.com/support/amazonbot) Chrome/119.0.6045.214 Safari/537.36"
69.171.230.115 - - [25/Aug/2026:00:46:05 +0500] "GET /robots.txt HTTP/1.1" 206 865 "-" "facebookexternalhit/1.1 (+http://www.facebook.com/externalhit_uatext.php)"
34.123.149.87 - - [25/Aug/2026:00:46:07 +0500] "GET /ru/balans-rus/190-2016-1-kvartal-forma-2?print=1&tmpl=component HTTP/1.1" 508 288 "-" "Mozilla/5.0 (Macintosh; Intel Mac OS X 10_15_7) AppleWebKit/537.36 (KHTML, like Gecko) Chrome/120.0.0.0 Safari/537.36"
216.244.66.239 - - [25/Aug/2026:00:45:48 +0500] "GET /uz/facts-uzb/398-08-fact-22-09-2022-io HTTP/1.1" 200 98660 "-" "Mozilla/5.0 (compatible; DotBot/1.2; +https://opensiteexplorer.org/dotbot; help@moz.com)"
185.191.171.19 - - [25/Aug/2026:00:47:11 +0500] "GET /robots.txt HTTP/1.1" 200 865 "-" "Mozilla/5.0 (compatible; SemrushBot/7~bl; +http://www.semrush.com/bot.html)"
85.208.96.206 - - [25/Aug/2026:00:47:12 +0500] "GET /ru/korp-upravlenie-rus/445-indexes-2022 HTTP/1.1" 508 288 "-" "Mozilla/5.0 (compatible; SemrushBot/7~bl; +http://www.semrush.com/bot.html)"
43.134.94.96 - - [25/Aug/2026:00:47:48 +0500] "GET /uz/about-org-uzb/information-on-the-financial-uzb/9-uncategorised HTTP/1.1" 200 75346 "-" "Mozilla/5.0 (iPhone; CPU iPhone OS 13_2_3 like Mac OS X) AppleWebKit/605.1.15 (KHTML, like Gecko) Version/13.0.3 Mobile/15E148 Safari/604.1"
216.244.66.239 - - [25/Aug/2026:00:48:12 +0500] "GET /ru/facts-rus/342-06-fact-17-03-2021 HTTP/1.1" 508 288 "-" "Mozilla/5.0 (compatible; DotBot/1.2; +https://opensiteexplorer.org/dotbot; help@moz.com)"
216.244.66.239 - - [25/Aug/2026:00:48:43 +0500] "GET /uz/bussiness-plans-uzb/338-bussiness-plan-2021 HTTP/1.1" 200 60951 "-" "Mozilla/5.0 (compatible; DotBot/1.2; +https://opensiteexplorer.org/dotbot; help@moz.com)"
188.3.206.197 - - [25/Aug/2026:00:48:54 +0500] "GET /uz/bussiness-plans-uzb?template=accessibility HTTP/1.1" 200 27810 "-" "Mozilla/5.0 (Macintosh; Intel Mac OS X 11.6; rv:129.0) Gecko/20100101 Firefox/129.0"
34.61.96.6 - - [25/Aug/2026:00:50:38 +0500] "GET /ru/component/search/?Itemid=813&format=opensearch&id=85 HTTP/1.1" 200 679 "-" "Mozilla/5.0 (Macintosh; Intel Mac OS X 10_15_7) AppleWebKit/537.36 (KHTML, like Gecko) Chrome/120.0.0.0 Safari/537.36"
34.10.180.98 - - [25/Aug/2026:00:50:53 +0500] "GET /ru/component/mailto/?link=4624e73d56ad3cdae2983f50cbd5d7117c4b4b66&template=accessibility&tmpl=component HTTP/1.1" 508 288 "-" "Mozilla/5.0 (Macintosh; Intel Mac OS X 10_15_7) AppleWebKit/537.36 (KHTML, like Gecko) Chrome/120.0.0.0 Safari/537.36"
85.208.96.197 - - [25/Aug/2026:00:50:52 +0500] "GET /ru/prospectus-rus/148-prospectus-add-2015-rus HTTP/1.1" 200 87711 "-" "Mozilla/5.0 (compatible; SemrushBot/7~bl; +http://www.semrush.com/bot.html)"
34.238.45.183 - - [25/Aug/2026:00:53:42 +0500] "GET /uz/events-uzb/378-events-1 HTTP/1.1" 200 57675 "-" "Mozilla/5.0 AppleWebKit/537.36 (KHTML, like Gecko; compatible; Amazonbot/0.1; +https://developer.amazon.com/support/amazonbot) Chrome/119.0.6045.214 Safari/537.36"
34.30.223.149 - - [25/Aug/2026:00:55:16 +0500] "GET /docs/reports/2016-1-kvartal-forma-2.xlsx HTTP/1.1" 200 27436 "-" "Mozilla/5.0 (Macintosh; Intel Mac OS X 10_15_7) AppleWebKit/537.36 (KHTML, like Gecko) Chrome/120.0.0.0 Safari/537.36"
43.131.45.213 - - [25/Aug/2026:00:55:41 +0500] "GET /uz/officially-uzb/certificates-uzb HTTP/1.1" 508 288 "-" "Mozilla/5.0 (iPhone; CPU iPhone OS 13_2_3 like Mac OS X) AppleWebKit/605.1.15 (KHTML, like Gecko) Version/13.0.3 Mobile/15E148 Safari/604.1"
3.99.139.170 - - [25/Aug/2026:00:58:08 +0500] "GET /uz/contacts-rus HTTP/1.1" 200 63675 "-" "Mozilla/5.0 (Windows NT 10.0; Win64; x64) AppleWebKit/537.36 (KHTML, like Gecko) Chrome/145.0.0.0 Safari/537.36"
3.99.139.170 - - [25/Aug/2026:00:58:21 +0500] "POST /uz/contacts-rus HTTP/1.1" 200 64798 "http://kuylyuk-bozori.uz/uz/contacts-rus" "Mozilla/5.0 (Windows NT 10.0; Win64; x64) AppleWebKit/537.36 (KHTML, like Gecko) Chrome/145.0.0.0 Safari/537.36"
185.191.171.15 - - [25/Aug/2026:00:58:58 +0500] "GET /uz/officially-uzb/news-uzb?start=12 HTTP/1.1" 200 74794 "-" "Mozilla/5.0 (compatible; SemrushBot/7~bl; +http://www.semrush.com/bot.html)"
85.208.96.204 - - [25/Aug/2026:01:00:33 +0500] "GET /uz/interactive-uzb/faq-uzb/89-uzbek/about-org-uzb?layout HTTP/1.1" 200 81066 "-" "Mozilla/5.0 (compatible; SemrushBot/7~bl; +http://www.semrush.com/bot.html)"
18.233.24.238 - - [25/Aug/2026:01:00:53 +0500] "GET /ru/officially-rus/tenders-rus/478-konkurs-audit-25-ru HTTP/1.1" 200 67776 "-" "Mozilla/5.0 AppleWebKit/537.36 (KHTML, like Gecko; compatible; Amazonbot/0.1; +https://developer.amazon.com/support/amazonbot) Chrome/119.0.6045.214 Safari/537.36"
216.73.217.117 - - [25/Aug/2026:01:02:16 +0500] "GET /uz/officially-uzb/tenders-uzb/333-tender-19-02-21-uzb-2 HTTP/1.1" 200 62868 "-" "Mozilla/5.0 AppleWebKit/537.36 (KHTML, like Gecko; compatible; ClaudeBot/1.0; +claudebot@anthropic.com)"
34.10.180.98 - - [25/Aug/2026:01:03:05 +0500] "GET /uz/component/mailto/?link=e82823194b46924c82849ad6abc55af314960aad&template=zo2_zizia&tmpl=component HTTP/1.1" 200 13270 "-" "Mozilla/5.0 (Macintosh; Intel Mac OS X 10_15_7) AppleWebKit/537.36 (KHTML, like Gecko) Chrome/120.0.0.0 Safari/537.36"
35.174.141.243 - - [25/Aug/2026:01:03:01 +0500] "GET /uz/officially-uzb/news-uzb/394-meeting-13-09-22-uzb HTTP/1.1" 200 63100 "-" "Mozilla/5.0 AppleWebKit/537.36 (KHTML, like Gecko; compatible; Amazonbot/0.1; +https://developer.amazon.com/support/amazonbot) Chrome/119.0.6045.214 Safari/537.36"
18.233.24.238 - - [25/Aug/2026:01:04:00 +0500] "GET /uz/events-uzb/381-events-4 HTTP/1.1" 200 57677 "-" "Mozilla/5.0 AppleWebKit/537.36 (KHTML, like Gecko; compatible; Amazonbot/0.1; +https://developer.amazon.com/support/amazonbot) Chrome/119.0.6045.214 Safari/537.36"
85.208.96.200 - - [25/Aug/2026:01:04:38 +0500] "GET /uz/facts-uzb/200-06-fact-10-10-16 HTTP/1.1" 200 67269 "-" "Mozilla/5.0 (compatible; SemrushBot/7~bl; +http://www.semrush.com/bot.html)"
85.208.96.205 - - [25/Aug/2026:01:04:49 +0500] "GET /uz/85-russian HTTP/1.1" 200 81510 "-" "Mozilla/5.0 (compatible; SemrushBot/7~bl; +http://www.semrush.com/bot.html)"
43.131.253.14 - - [25/Aug/2026:01:05:10 +0500] "GET /uz/about-org-uzb/strategy-uzb HTTP/1.1" 200 62767 "-" "Mozilla/5.0 (iPhone; CPU iPhone OS 13_2_3 like Mac OS X) AppleWebKit/605.1.15 (KHTML, like Gecko) Version/13.0.3 Mobile/15E148 Safari/604.1"
216.244.66.239 - - [25/Aug/2026:01:08:43 +0500] "GET /robots.txt HTTP/1.1" 200 865 "-" "Mozilla/5.0 (compatible; DotBot/1.2; +https://opensiteexplorer.org/dotbot; help@moz.com)"
114.119.145.66 - - [25/Aug/2026:01:10:22 +0500] "GET /ru/balans-rus/187-2015-1-kvartal-2016-forma-1?tmpl=component&print=1 HTTP/1.1" 200 13017 "http://kuylyuk-bozori.uz/ru/balans-rus/187-2015-1-kvartal-2016-forma-1" "Mozilla/5.0 (Linux; Android 7.0;) AppleWebKit/537.36 (HTML, like Gecko) Mobile Safari/537.36 (compatible; PetalBot;+https://webmaster.petalsearch.com/site/petalbot)"
220.181.108.176 - - [25/Aug/2026:01:10:59 +0500] "GET /uz/votes-uzb/245-poll-16-05-18 HTTP/1.1" 200 83509 "-" "Mozilla/5.0 (compatible; Baiduspider/2.0; +http://www.baidu.com/search/spider.html)"
34.123.149.87 - - [25/Aug/2026:01:11:41 +0500] "GET /ru/component/search/?Itemid=857&catid=114&format=opensearch&id=382 HTTP/1.1" 200 694 "-" "Mozilla/5.0 (Macintosh; Intel Mac OS X 10_15_7) AppleWebKit/537.36 (KHTML, like Gecko) Chrome/120.0.0.0 Safari/537.36"
129.146.156.223 - - [25/Aug/2026:01:11:56 +0500] "GET /uz/prospectus-uzb/149-prospectus-add-2015-uzb HTTP/1.1" 200 15980 "-" "Mozilla/5.0 (X11; Linux aarch64) AppleWebKit/537.36 (KHTML, like Gecko) Chrome/139.0.0.0 Safari/537.36"
34.171.68.95 - - [25/Aug/2026:01:13:22 +0500] "GET /ru/balans-rus/188-2015-1-kvartal-2016-forma-2?print=1&tmpl=component HTTP/1.1" 200 13125 "-" "Mozilla/5.0 (Macintosh; Intel Mac OS X 10_15_7) AppleWebKit/537.36 (KHTML, like Gecko) Chrome/120.0.0.0 Safari/537.36"
129.146.156.223 - - [25/Aug/2026:01:13:29 +0500] "GET /uz/prospectus-uzb/149-prospectus-add-2015-uzb HTTP/1.1" 200 15601 "-" "Mozilla/5.0 (X11; Linux aarch64) AppleWebKit/537.36 (KHTML, like Gecko) Chrome/139.0.0.0 Safari/537.36"
52.5.232.250 - - [25/Aug/2026:01:14:26 +0500] "GET /uz/officially-uzb/arhiv-uzb-2?template=Zo2_zizia HTTP/1.1" 200 60350 "-" "Mozilla/5.0 AppleWebKit/537.36 (KHTML, like Gecko; compatible; Amazonbot/0.1; +https://developer.amazon.com/support/amazonbot) Chrome/119.0.6045.214 Safari/537.36"
52.3.155.146 - - [25/Aug/2026:01:14:29 +0500] "GET /uz/92-uzbek/officially-uzb?format=feed&type=atom HTTP/1.1" 200 12312 "-" "Mozilla/5.0 AppleWebKit/537.36 (KHTML, like Gecko; compatible; Amazonbot/0.1; +https://developer.amazon.com/support/amazonbot) Chrome/119.0.6045.214 Safari/537.36"
43.164.3.182 - - [25/Aug/2026:01:15:45 +0500] "GET /docs/2022/chet_depo.pdf HTTP/1.1" 200 149314 "-" "Mozilla/5.0 (iPhone; CPU iPhone OS 13_2_3 like Mac OS X) AppleWebKit/605.1.15 (KHTML, like Gecko) Version/13.0.3 Mobile/15E148 Safari/604.1"
34.171.68.95 - - [25/Aug/2026:01:16:15 +0500] "GET /ru/component/mailto/?link=8db56b2f2bcc1a3c306b59cc1c23d5130b2e7142&template=zo2_zizia&tmpl=component HTTP/1.1" 200 13315 "-" "Mozilla/5.0 (Macintosh; Intel Mac OS X 10_15_7) AppleWebKit/537.36 (KHTML, like Gecko) Chrome/120.0.0.0 Safari/537.36"
137.131.22.54 - - [25/Aug/2026:01:17:35 +0500] "GET /uz/jsc-docs-uzb/404-nabl-sovet-2022 HTTP/1.1" 200 15899 "-" "Mozilla/5.0 (X11; Linux aarch64) AppleWebKit/537.36 (KHTML, like Gecko) Chrome/139.0.0.0 Safari/537.36"
137.131.22.54 - - [25/Aug/2026:01:17:39 +0500] "GET /uz/jsc-docs-uzb/404-nabl-sovet-2022 HTTP/1.1" 200 15978 "-" "Mozilla/5.0 (X11; Linux aarch64) AppleWebKit/537.36 (KHTML, like Gecko) Chrome/139.0.0.0 Safari/537.36"
185.191.171.16 - - [25/Aug/2026:01:18:07 +0500] "GET /uz/interactive-uzb/faq-uzb/86-uzbek HTTP/1.1" 200 76212 "-" "Mozilla/5.0 (compatible; SemrushBot/7~bl; +http://www.semrush.com/bot.html)"
129.151.27.81 - - [25/Aug/2026:01:20:04 +0500] "GET /ru/prospectus-rus/129-prospectus-add-2013-rus HTTP/1.1" 200 15998 "-" "Mozilla/5.0 (X11; Linux aarch64) AppleWebKit/537.36 (KHTML, like Gecko) Chrome/139.0.0.0 Safari/537.36"
129.151.27.81 - - [25/Aug/2026:01:20:08 +0500] "GET /ru/prospectus-rus/129-prospectus-add-2013-rus HTTP/1.1" 200 15980 "-" "Mozilla/5.0 (X11; Linux aarch64) AppleWebKit/537.36 (KHTML, like Gecko) Chrome/139.0.0.0 Safari/537.36"
