Your IP : 216.73.216.139


Current Path : /home/uzgidenergo/access-logs/
Upload File :
Current File : /home/uzgidenergo/access-logs/kuylyuk-bozori.uz.uzbekgidroenergoqurilish.uz

34.42.229.145 - - [24/Aug/2026:17:06:33 +0500] "GET /ru/balans-rus/262-balans-3-2018 HTTP/1.1" 200 65503 "-" "Mozilla/5.0 (Macintosh; Intel Mac OS X 10_15_7) AppleWebKit/537.36 (KHTML, like Gecko) Chrome/120.0.0.0 Safari/537.36"
34.10.180.98 - - [24/Aug/2026:17:07:11 +0500] "GET /ru/officially-rus/old-acts-rus?format=feed&template=Zo2_zizia&type=rss HTTP/1.1" 200 25334 "-" "Mozilla/5.0 (Macintosh; Intel Mac OS X 10_15_7) AppleWebKit/537.36 (KHTML, like Gecko) Chrome/120.0.0.0 Safari/537.36"
35.254.159.230 - - [24/Aug/2026:17:07:39 +0500] "GET /ru/facts-rus/396-06-fact-22-09-2022?print=1&tmpl=component HTTP/1.1" 200 63630 "-" "Mozilla/5.0 (Macintosh; Intel Mac OS X 10_15_7) AppleWebKit/537.36 (KHTML, like Gecko) Chrome/120.0.0.0 Safari/537.36"
34.171.68.95 - - [24/Aug/2026:17:08:13 +0500] "GET /uz/component/search/?Itemid=833&catid=9&format=opensearch&id=389 HTTP/1.1" 200 692 "-" "Mozilla/5.0 (Macintosh; Intel Mac OS X 10_15_7) AppleWebKit/537.36 (KHTML, like Gecko) Chrome/120.0.0.0 Safari/537.36"
34.56.53.225 - - [24/Aug/2026:17:09:28 +0500] "GET /ru/interactive-rus/faq-rus/91-russian/officially-rus?format=feed&type=rss HTTP/1.1" 508 288 "-" "Mozilla/5.0 (Macintosh; Intel Mac OS X 10_15_7) AppleWebKit/537.36 (KHTML, like Gecko) Chrome/120.0.0.0 Safari/537.36"
114.119.133.83 - - [24/Aug/2026:17:11:01 +0500] "GET /uz/prospectus-uzb/150-prospectus-2015-uzb?tmpl=component&print=1 HTTP/1.1" 200 113335 "http://kuylyuk-bozori.uz/uz/prospectus-uzb/150-prospectus-2015-uzb" "Mozilla/5.0 (Linux; Android 7.0;) AppleWebKit/537.36 (HTML, like Gecko) Mobile Safari/537.36 (compatible; PetalBot;+https://webmaster.petalsearch.com/site/petalbot)"
34.10.180.98 - - [24/Aug/2026:17:11:22 +0500] "GET /ru/component/mailto/?link=eb1bd8875a394825b8f97e468c9f5eecd36ab34d&template=zo2_zizia&tmpl=component HTTP/1.1" 200 13219 "-" "Mozilla/5.0 (Macintosh; Intel Mac OS X 10_15_7) AppleWebKit/537.36 (KHTML, like Gecko) Chrome/120.0.0.0 Safari/537.36"
34.56.53.225 - - [24/Aug/2026:17:11:46 +0500] "GET /ru/officially-rus/tenders-rus/422-tender-dir-2023-ru HTTP/1.1" 200 66752 "-" "Mozilla/5.0 (Macintosh; Intel Mac OS X 10_15_7) AppleWebKit/537.36 (KHTML, like Gecko) Chrome/120.0.0.0 Safari/537.36"
114.119.146.197 - - [24/Aug/2026:17:12:24 +0500] "GET /ru/facts-rus/344-08-fact-17-03-2021-io?tmpl=component&print=1 HTTP/1.1" 200 19269 "http://kuylyuk-bozori.uz/ru/facts-rus/344-08-fact-17-03-2021-io" "Mozilla/5.0 (Linux; Android 7.0;) AppleWebKit/537.36 (HTML, like Gecko) Mobile Safari/537.36 (compatible; PetalBot;+https://webmaster.petalsearch.com/site/petalbot)"
185.217.131.81 - - [24/Aug/2026:17:12:55 +0500] "GET / HTTP/1.1" 301 - "-" "Mozilla/5.0 (compatible; FalconBot/1.0)"
185.217.131.81 - - [24/Aug/2026:17:12:56 +0500] "GET /uz/ HTTP/1.1" 200 82401 "-" "Mozilla/5.0 (compatible; FalconBot/1.0)"
185.217.131.81 - - [24/Aug/2026:17:13:04 +0500] "GET / HTTP/1.1" 301 - "-" "Mozilla/5.0 (compatible; FalconBot/1.0)"
185.217.131.81 - - [24/Aug/2026:17:13:06 +0500] "GET /uz/ HTTP/1.1" 200 82561 "-" "Mozilla/5.0 (compatible; FalconBot/1.0)"
34.10.180.98 - - [24/Aug/2026:17:13:26 +0500] "GET /ru/component/search/?Itemid=855&catid=109&format=opensearch&id=180 HTTP/1.1" 200 682 "-" "Mozilla/5.0 (Macintosh; Intel Mac OS X 10_15_7) AppleWebKit/537.36 (KHTML, like Gecko) Chrome/120.0.0.0 Safari/537.36"
114.119.137.68 - - [24/Aug/2026:17:13:50 +0500] "GET /ru/balans-rus/468-balans-3-2024 HTTP/1.1" 200 64799 "http://kuylyuk-bozori.uz/ru/balans-rus/468-balans-3-2024?tmpl=component&print=1" "Mozilla/5.0 (Linux; Android 7.0;) AppleWebKit/537.36 (HTML, like Gecko) Mobile Safari/537.36 (compatible; PetalBot;+https://webmaster.petalsearch.com/site/petalbot)"
34.123.149.87 - - [24/Aug/2026:17:14:15 +0500] "GET /uz/component/search/?Itemid=860&catid=94&format=opensearch&id=178 HTTP/1.1" 200 693 "-" "Mozilla/5.0 (Macintosh; Intel Mac OS X 10_15_7) AppleWebKit/537.36 (KHTML, like Gecko) Chrome/120.0.0.0 Safari/537.36"
34.42.229.145 - - [24/Aug/2026:17:15:10 +0500] "GET /ru/component/mijopolls/document.id('filter_search').value='';this.form.submit(); HTTP/1.1" 200 61160 "-" "Mozilla/5.0 (Macintosh; Intel Mac OS X 10_15_7) AppleWebKit/537.36 (KHTML, like Gecko) Chrome/120.0.0.0 Safari/537.36"
66.249.77.9 - - [24/Aug/2026:17:19:49 +0500] "GET /index.php HTTP/1.1" 301 - "-" "Mozilla/5.0 (Linux; Android 6.0.1; Nexus 5X Build/MMB29P) AppleWebKit/537.36 (KHTML, like Gecko) Chrome/151.0.7922.137 Mobile Safari/537.36 (compatible; Googlebot/2.1; +http://www.google.com/bot.html)"
34.171.68.95 - - [24/Aug/2026:17:19:46 +0500] "GET /uz/reports-uzb/441-report-2022?print=1&tmpl=component HTTP/1.1" 200 12940 "-" "Mozilla/5.0 (Macintosh; Intel Mac OS X 10_15_7) AppleWebKit/537.36 (KHTML, like Gecko) Chrome/120.0.0.0 Safari/537.36"
34.56.53.225 - - [24/Aug/2026:17:19:57 +0500] "GET /ru/prospectus-rus?template=Zo2_zizia HTTP/1.1" 200 66025 "-" "Mozilla/5.0 (Macintosh; Intel Mac OS X 10_15_7) AppleWebKit/537.36 (KHTML, like Gecko) Chrome/120.0.0.0 Safari/537.36"
34.61.96.6 - - [24/Aug/2026:17:20:49 +0500] "GET /ru/component/search/?format=opensearch&id=1:poll-rus HTTP/1.1" 508 288 "-" "Mozilla/5.0 (Macintosh; Intel Mac OS X 10_15_7) AppleWebKit/537.36 (KHTML, like Gecko) Chrome/120.0.0.0 Safari/537.36"
34.171.68.95 - - [24/Aug/2026:17:21:13 +0500] "GET /ru/info-for-shareholders-rus/294-kpe-2-2019?print=1&tmpl=component HTTP/1.1" 200 13123 "-" "Mozilla/5.0 (Macintosh; Intel Mac OS X 10_15_7) AppleWebKit/537.36 (KHTML, like Gecko) Chrome/120.0.0.0 Safari/537.36"
34.10.180.98 - - [24/Aug/2026:17:22:32 +0500] "GET /ru/comissions-rus/91-russian/officially-rus HTTP/1.1" 200 80321 "-" "Mozilla/5.0 (Macintosh; Intel Mac OS X 10_15_7) AppleWebKit/537.36 (KHTML, like Gecko) Chrome/120.0.0.0 Safari/537.36"
34.57.162.91 - - [24/Aug/2026:17:23:08 +0500] "GET /uz/about-org-uzb/information-on-the-financial-uzb/9-uncategorised?format=feed&type=atom HTTP/1.1" 200 16568 "-" "Mozilla/5.0 (Macintosh; Intel Mac OS X 10_15_7) AppleWebKit/537.36 (KHTML, like Gecko) Chrome/120.0.0.0 Safari/537.36"
34.10.180.98 - - [24/Aug/2026:17:25:02 +0500] "GET /ru/prospectus-rus/126-prospectus-rus?print=1&tmpl=component HTTP/1.1" 200 98864 "-" "Mozilla/5.0 (Macintosh; Intel Mac OS X 10_15_7) AppleWebKit/537.36 (KHTML, like Gecko) Chrome/120.0.0.0 Safari/537.36"
34.171.68.95 - - [24/Aug/2026:17:28:02 +0500] "GET /ru/component/search/?Itemid=892&catid=102&format=opensearch&id=216 HTTP/1.1" 200 682 "-" "Mozilla/5.0 (Macintosh; Intel Mac OS X 10_15_7) AppleWebKit/537.36 (KHTML, like Gecko) Chrome/120.0.0.0 Safari/537.36"
34.10.180.98 - - [24/Aug/2026:17:28:16 +0500] "GET /ru/balans-rus/189-2016-1-kvartal-forma-1?print=1&tmpl=component HTTP/1.1" 200 12996 "-" "Mozilla/5.0 (Macintosh; Intel Mac OS X 10_15_7) AppleWebKit/537.36 (KHTML, like Gecko) Chrome/120.0.0.0 Safari/537.36"
66.249.77.9 - - [24/Aug/2026:17:29:00 +0500] "GET / HTTP/1.1" 301 - "-" "Mozilla/5.0 (Linux; Android 6.0.1; Nexus 5X Build/MMB29P) AppleWebKit/537.36 (KHTML, like Gecko) Chrome/151.0.7922.137 Mobile Safari/537.36 (compatible; Googlebot/2.1; +http://www.google.com/bot.html)"
114.119.153.171 - - [24/Aug/2026:17:30:18 +0500] "GET /ru/facts-rus/329-36act-04-11-2020?tmpl=component&print=1 HTTP/1.1" 200 28781 "http://kuylyuk-bozori.uz/ru/facts-rus/329-36act-04-11-2020" "Mozilla/5.0 (Linux; Android 7.0;) AppleWebKit/537.36 (HTML, like Gecko) Mobile Safari/537.36 (compatible; PetalBot;+https://webmaster.petalsearch.com/site/petalbot)"
114.119.133.83 - - [24/Aug/2026:17:31:42 +0500] "GET /ru/about-org-rus/strategy-rus/91-russian/officially-rus HTTP/1.1" 200 80446 "http://kuylyuk-bozori.uz/ru/about-org-rus/strategy-rus/91-russian/officially-rus" "Mozilla/5.0 (Linux; Android 7.0;) AppleWebKit/537.36 (HTML, like Gecko) Mobile Safari/537.36 (compatible; PetalBot;+https://webmaster.petalsearch.com/site/petalbot)"
34.56.53.225 - - [24/Aug/2026:17:31:57 +0500] "GET /docs/reports/balans-1-2-2018-kuylyuk.xlsx HTTP/1.1" 200 34841 "-" "Mozilla/5.0 (Macintosh; Intel Mac OS X 10_15_7) AppleWebKit/537.36 (KHTML, like Gecko) Chrome/120.0.0.0 Safari/537.36"
116.179.32.219 - - [24/Aug/2026:17:32:38 +0500] "GET /uz/about-org-uzb/strategy-uzb/86-uzbek HTTP/1.1" 200 76257 "-" "Mozilla/5.0 (compatible; Baiduspider/2.0; +http://www.baidu.com/search/spider.html)"
119.249.100.181 - - [24/Aug/2026:17:32:57 +0500] "GET /robots.txt HTTP/1.1" 200 865 "-" "Mozilla/5.0 (Windows NT 10.0; WOW64) AppleWebKit/537.36 (KHTML, like Gecko) Chrome/48.0.2564.116 Safari/537.36"
110.249.201.3 - - [24/Aug/2026:17:33:43 +0500] "GET /robots.txt HTTP/1.1" 200 865 "-" "Mozilla/5.0 (Linux; Android 5.0) AppleWebKit/537.36 (KHTML, like Gecko) Mobile Safari/537.36 (compatible; Bytespider; https://zhanzhang.toutiao.com/)"
173.252.82.50 - - [24/Aug/2026:17:35:16 +0500] "GET / HTTP/1.1" 301 - "-" "meta-externalagent/1.1 (+https://developers.facebook.com/docs/sharing/webmasters/crawler)"
173.252.82.78 - - [24/Aug/2026:17:35:18 +0500] "GET /uz/ HTTP/1.1" 200 82401 "-" "meta-externalagent/1.1 (+https://developers.facebook.com/docs/sharing/webmasters/crawler)"
34.10.180.98 - - [24/Aug/2026:17:36:06 +0500] "GET /ru/balans-rus/187-2015-1-kvartal-2016-forma-1 HTTP/1.1" 200 65329 "-" "Mozilla/5.0 (Macintosh; Intel Mac OS X 10_15_7) AppleWebKit/537.36 (KHTML, like Gecko) Chrome/120.0.0.0 Safari/537.36"
216.244.66.239 - - [24/Aug/2026:17:38:33 +0500] "GET /ru/facts-rus/433-36-fact-06-04-2023 HTTP/1.1" 200 78113 "-" "Mozilla/5.0 (compatible; DotBot/1.2; +https://opensiteexplorer.org/dotbot; help@moz.com)"
216.244.66.239 - - [24/Aug/2026:17:38:40 +0500] "GET /uz/facts-uzb/461-sush-fakt-08-04-04-2024-io-docx HTTP/1.1" 200 60396 "-" "Mozilla/5.0 (compatible; DotBot/1.2; +https://opensiteexplorer.org/dotbot; help@moz.com)"
216.73.216.20 - - [24/Aug/2026:17:38:42 +0500] "GET /robots.txt HTTP/1.1" 200 865 "-" "Mozilla/5.0 AppleWebKit/537.36 (KHTML, like Gecko; compatible; ClaudeBot/1.0; +claudebot@anthropic.com)"
216.73.216.20 - - [24/Aug/2026:17:38:42 +0500] "GET /sitemap.xml HTTP/1.1" 301 - "-" "Mozilla/5.0 AppleWebKit/537.36 (KHTML, like Gecko; compatible; ClaudeBot/1.0; +claudebot@anthropic.com)"
216.73.216.20 - - [24/Aug/2026:17:38:44 +0500] "GET /uz/sitemap.xml HTTP/1.1" 404 1417 "http://kuylyuk-bozori.uz/sitemap.xml" "Mozilla/5.0 AppleWebKit/537.36 (KHTML, like Gecko; compatible; ClaudeBot/1.0; +claudebot@anthropic.com)"
216.244.66.239 - - [24/Aug/2026:17:38:46 +0500] "GET /uz/facts-uzb/462-sush-fakt-32-04-04-2024-docx HTTP/1.1" 200 60278 "-" "Mozilla/5.0 (compatible; DotBot/1.2; +https://opensiteexplorer.org/dotbot; help@moz.com)"
34.171.68.95 - - [24/Aug/2026:17:39:04 +0500] "GET /ru/component/search/?Itemid=925&catid=103&format=opensearch&id=141 HTTP/1.1" 200 682 "-" "Mozilla/5.0 (Macintosh; Intel Mac OS X 10_15_7) AppleWebKit/537.36 (KHTML, like Gecko) Chrome/120.0.0.0 Safari/537.36"
144.24.26.246 - - [24/Aug/2026:17:39:08 +0500] "GET /ru/officially-rus/vacancies-rus/412-vacancy-2022-rus?layout=default&print=1&tmpl=component HTTP/1.1" 200 12179 "-" "Mozilla/5.0 (X11; Linux aarch64) AppleWebKit/537.36 (KHTML, like Gecko) Chrome/139.0.0.0 Safari/537.36"
152.39.194.57 - - [24/Aug/2026:17:39:23 +0500] "GET /docs/reports/balans-4-2018.xls HTTP/1.1" 200 99840 "-" "Mozilla/5.0 (Macintosh; Intel Mac OS X 10_15_7) AppleWebKit/537.36 (KHTML, like Gecko) Chrome/146.0.0.0 Safari/537.36"
34.171.68.95 - - [24/Aug/2026:17:40:48 +0500] "GET /uz/component/search/?Itemid=864&format=opensearch&template=Zo2_zizia HTTP/1.1" 200 680 "-" "Mozilla/5.0 (Macintosh; Intel Mac OS X 10_15_7) AppleWebKit/537.36 (KHTML, like Gecko) Chrome/120.0.0.0 Safari/537.36"
43.164.129.191 - - [24/Aug/2026:17:41:45 +0500] "GET / HTTP/1.1" 301 - "-" "Mozilla/5.0 (iPhone; CPU iPhone OS 13_2_3 like Mac OS X) AppleWebKit/605.1.15 (KHTML, like Gecko) Version/13.0.3 Mobile/15E148 Safari/604.1"
43.164.129.191 - - [24/Aug/2026:17:41:48 +0500] "GET /uz/ HTTP/1.1" 200 82401 "http://kuylyuk-bozori.uz" "Mozilla/5.0 (iPhone; CPU iPhone OS 13_2_3 like Mac OS X) AppleWebKit/605.1.15 (KHTML, like Gecko) Version/13.0.3 Mobile/15E148 Safari/604.1"
34.171.68.95 - - [24/Aug/2026:17:42:39 +0500] "GET /ru/info-for-shareholders-rus/358-kpe-2-2021?print=1&tmpl=component HTTP/1.1" 200 13309 "-" "Mozilla/5.0 (Macintosh; Intel Mac OS X 10_15_7) AppleWebKit/537.36 (KHTML, like Gecko) Chrome/120.0.0.0 Safari/537.36"
34.56.53.225 - - [24/Aug/2026:17:42:52 +0500] "GET /ru/officially-rus/tenders-rus/451-tender-ku-2023-ru HTTP/1.1" 200 67661 "-" "Mozilla/5.0 (Macintosh; Intel Mac OS X 10_15_7) AppleWebKit/537.36 (KHTML, like Gecko) Chrome/120.0.0.0 Safari/537.36"
34.10.180.98 - - [24/Aug/2026:17:44:08 +0500] "GET /ru/facts-rus/213-06-fact-27-05-17?print=1&tmpl=component HTTP/1.1" 200 31339 "-" "Mozilla/5.0 (Macintosh; Intel Mac OS X 10_15_7) AppleWebKit/537.36 (KHTML, like Gecko) Chrome/120.0.0.0 Safari/537.36"
185.191.171.19 - - [24/Aug/2026:17:44:16 +0500] "GET /robots.txt HTTP/1.1" 200 865 "-" "Mozilla/5.0 (compatible; SemrushBot/7~bl; +http://www.semrush.com/bot.html)"
85.208.96.207 - - [24/Aug/2026:17:44:16 +0500] "GET /ru/facts-rus?start=60 HTTP/1.1" 200 71215 "-" "Mozilla/5.0 (compatible; SemrushBot/7~bl; +http://www.semrush.com/bot.html)"
34.171.68.95 - - [24/Aug/2026:17:46:19 +0500] "GET /ru/interactive-rus/forma-bystroj-svyazi/93-russian/shareholders-rus?format=feed&type=atom HTTP/1.1" 200 598640 "-" "Mozilla/5.0 (Macintosh; Intel Mac OS X 10_15_7) AppleWebKit/537.36 (KHTML, like Gecko) Chrome/120.0.0.0 Safari/537.36"
34.123.149.87 - - [24/Aug/2026:17:46:28 +0500] "GET /ru/info-for-shareholders-rus/474-kpe-6-2024?print=1&tmpl=component HTTP/1.1" 200 13216 "-" "Mozilla/5.0 (Macintosh; Intel Mac OS X 10_15_7) AppleWebKit/537.36 (KHTML, like Gecko) Chrome/120.0.0.0 Safari/537.36"
34.56.53.225 - - [24/Aug/2026:17:48:07 +0500] "GET /ru/info-for-shareholders-rus/255-kpe-2-2018 HTTP/1.1" 200 65540 "-" "Mozilla/5.0 (Macintosh; Intel Mac OS X 10_15_7) AppleWebKit/537.36 (KHTML, like Gecko) Chrome/120.0.0.0 Safari/537.36"
34.61.96.6 - - [24/Aug/2026:17:49:01 +0500] "GET /uz/component/mailto/?link=18ef7914f4f0b57c70f4234e4075f23b6851888d&template=zo2_zizia&tmpl=component HTTP/1.1" 200 13270 "-" "Mozilla/5.0 (Macintosh; Intel Mac OS X 10_15_7) AppleWebKit/537.36 (KHTML, like Gecko) Chrome/120.0.0.0 Safari/537.36"
66.249.77.11 - - [24/Aug/2026:17:54:07 +0500] "GET /uz/ HTTP/1.1" 200 82401 "-" "Mozilla/5.0 (Linux; Android 6.0.1; Nexus 5X Build/MMB29P) AppleWebKit/537.36 (KHTML, like Gecko) Chrome/151.0.7922.137 Mobile Safari/537.36 (compatible; Googlebot/2.1; +http://www.google.com/bot.html)"
85.208.96.196 - - [24/Aug/2026:17:56:21 +0500] "GET /robots.txt HTTP/1.1" 200 865 "-" "Mozilla/5.0 (compatible; SemrushBot/7~bl; +http://www.semrush.com/bot.html)"
85.208.96.205 - - [24/Aug/2026:17:56:21 +0500] "GET /uz/audit-uzb/269-audit-2018-uzb HTTP/1.1" 200 59886 "-" "Mozilla/5.0 (compatible; SemrushBot/7~bl; +http://www.semrush.com/bot.html)"
137.131.45.225 - - [24/Aug/2026:17:56:59 +0500] "GET /uz/officially-uzb/norm-baza-uzb?print=1&tmpl=component HTTP/1.1" 200 - "-" "Mozilla/5.0 (X11; Linux aarch64) AppleWebKit/537.36 (KHTML, like Gecko) Chrome/139.0.0.0 Safari/537.36"
137.131.45.225 - - [24/Aug/2026:17:57:03 +0500] "GET /uz/officially-uzb/norm-baza-uzb?print=1&tmpl=component HTTP/1.1" 200 15125 "-" "Mozilla/5.0 (X11; Linux aarch64) AppleWebKit/537.36 (KHTML, like Gecko) Chrome/139.0.0.0 Safari/537.36"
34.171.68.95 - - [24/Aug/2026:17:58:41 +0500] "GET /ru/officially-rus/tenders-rus?start=12&template=Zo2_zizia HTTP/1.1" 200 78686 "-" "Mozilla/5.0 (Macintosh; Intel Mac OS X 10_15_7) AppleWebKit/537.36 (KHTML, like Gecko) Chrome/120.0.0.0 Safari/537.36"
34.123.149.87 - - [24/Aug/2026:17:58:51 +0500] "GET /ru/component/mailto/?link=0f4ecce5ea7d3b1c957aa3d96aa733bada94ecc1&template=zo2_zizia&tmpl=component HTTP/1.1" 200 13219 "-" "Mozilla/5.0 (Macintosh; Intel Mac OS X 10_15_7) AppleWebKit/537.36 (KHTML, like Gecko) Chrome/120.0.0.0 Safari/537.36"
185.191.171.2 - - [24/Aug/2026:17:59:15 +0500] "GET /ru/audit-rus/370-audit-2021-rus HTTP/1.1" 200 64449 "-" "Mozilla/5.0 (compatible; SemrushBot/7~bl; +http://www.semrush.com/bot.html)"
114.119.153.171 - - [24/Aug/2026:18:00:34 +0500] "GET /ru/officially-rus/tenders-rus/302-tender-fin-act-2020 HTTP/1.1" 200 68565 "http://kuylyuk-bozori.uz/ru?template=accessibility&start=24" "Mozilla/5.0 (Linux; Android 7.0;) AppleWebKit/537.36 (HTML, like Gecko) Mobile Safari/537.36 (compatible; PetalBot;+https://webmaster.petalsearch.com/site/petalbot)"
66.249.75.130 - - [24/Aug/2026:18:01:45 +0500] "GET /ru/info-for-shareholders-rus HTTP/1.1" 200 70790 "-" "Mozilla/5.0 (Linux; Android 6.0.1; Nexus 5X Build/MMB29P) AppleWebKit/537.36 (KHTML, like Gecko) Chrome/151.0.7922.137 Mobile Safari/537.36 (compatible; Googlebot/2.1; +http://www.google.com/bot.html)"
114.119.141.127 - - [24/Aug/2026:18:01:55 +0500] "GET /ru/facts-rus/344-08-fact-17-03-2021-io HTTP/1.1" 200 71664 "http://kuylyuk-bozori.uz/ru/facts-rus?template=accessibility&start=20" "Mozilla/5.0 (Linux; Android 7.0;) AppleWebKit/537.36 (HTML, like Gecko) Mobile Safari/537.36 (compatible; PetalBot;+https://webmaster.petalsearch.com/site/petalbot)"
34.171.68.95 - - [24/Aug/2026:18:05:14 +0500] "GET /ru/component/search/?Itemid=892&catid=102&format=opensearch&id=189 HTTP/1.1" 200 682 "-" "Mozilla/5.0 (Macintosh; Intel Mac OS X 10_15_7) AppleWebKit/537.36 (KHTML, like Gecko) Chrome/120.0.0.0 Safari/537.36"
34.171.68.95 - - [24/Aug/2026:18:05:38 +0500] "GET /ru/balans-rus/386-balans-1-2022?print=1&tmpl=component HTTP/1.1" 200 12560 "-" "Mozilla/5.0 (Macintosh; Intel Mac OS X 10_15_7) AppleWebKit/537.36 (KHTML, like Gecko) Chrome/120.0.0.0 Safari/537.36"
34.10.180.98 - - [24/Aug/2026:18:09:20 +0500] "GET /ru/component/search/?Itemid=858&catid=110&format=opensearch&id=337 HTTP/1.1" 200 694 "-" "Mozilla/5.0 (Macintosh; Intel Mac OS X 10_15_7) AppleWebKit/537.36 (KHTML, like Gecko) Chrome/120.0.0.0 Safari/537.36"
104.223.92.8 - - [24/Aug/2026:18:10:19 +0500] "GET /images/content/balans-2020/balans-1-2020.xlsx HTTP/1.1" 200 50670 "-" "Mozilla/5.0 (Macintosh; Intel Mac OS X 10_15_7) AppleWebKit/537.36 (KHTML, like Gecko) Chrome/146.0.0.0 Safari/537.36"
34.10.180.98 - - [24/Aug/2026:18:12:39 +0500] "GET /uz/reports-uzb/341-report-2020?print=1&tmpl=component HTTP/1.1" 200 12935 "-" "Mozilla/5.0 (Macintosh; Intel Mac OS X 10_15_7) AppleWebKit/537.36 (KHTML, like Gecko) Chrome/120.0.0.0 Safari/537.36"
66.249.77.10 - - [24/Aug/2026:18:13:33 +0500] "GET /index.php HTTP/1.1" 301 - "-" "Mozilla/5.0 (Linux; Android 6.0.1; Nexus 5X Build/MMB29P) AppleWebKit/537.36 (KHTML, like Gecko) Chrome/151.0.7922.137 Mobile Safari/537.36 (compatible; Googlebot/2.1; +http://www.google.com/bot.html)"
34.10.180.98 - - [24/Aug/2026:18:15:09 +0500] "GET /ru/component/mailto/?link=9f1a8a19148742580ebbcd2ca3565de8c3202b7d&template=zo2_zizia&tmpl=component HTTP/1.1" 200 13219 "-" "Mozilla/5.0 (Macintosh; Intel Mac OS X 10_15_7) AppleWebKit/537.36 (KHTML, like Gecko) Chrome/120.0.0.0 Safari/537.36"
216.244.66.239 - - [24/Aug/2026:18:18:50 +0500] "GET /robots.txt HTTP/1.1" 200 865 "-" "Mozilla/5.0 (compatible; DotBot/1.2; +https://opensiteexplorer.org/dotbot; help@moz.com)"
34.61.96.6 - - [24/Aug/2026:18:21:27 +0500] "GET /ru/component/search/?Itemid=821&catid=88&format=opensearch&id=199 HTTP/1.1" 200 681 "-" "Mozilla/5.0 (Macintosh; Intel Mac OS X 10_15_7) AppleWebKit/537.36 (KHTML, like Gecko) Chrome/120.0.0.0 Safari/537.36"
66.249.77.11 - - [24/Aug/2026:18:21:42 +0500] "GET /uz/ HTTP/1.1" 200 82401 "-" "Mozilla/5.0 (Linux; Android 6.0.1; Nexus 5X Build/MMB29P) AppleWebKit/537.36 (KHTML, like Gecko) Chrome/151.0.7922.137 Mobile Safari/537.36 (compatible; Googlebot/2.1; +http://www.google.com/bot.html)"
34.123.149.87 - - [24/Aug/2026:18:22:07 +0500] "GET /ru/component/mailto/?link=5df30548b4b62f898d0f43fbba9293ca4a0fea7a&template=zo2_zizia&tmpl=component HTTP/1.1" 200 13219 "-" "Mozilla/5.0 (Macintosh; Intel Mac OS X 10_15_7) AppleWebKit/537.36 (KHTML, like Gecko) Chrome/120.0.0.0 Safari/537.36"
34.171.68.95 - - [24/Aug/2026:18:22:44 +0500] "GET /uz/bussiness-plans-uzb/488-biznes-plan-2025?print=1&tmpl=component HTTP/1.1" 200 12423 "-" "Mozilla/5.0 (Macintosh; Intel Mac OS X 10_15_7) AppleWebKit/537.36 (KHTML, like Gecko) Chrome/120.0.0.0 Safari/537.36"
34.123.149.87 - - [24/Aug/2026:18:24:28 +0500] "GET /uz/interactive-uzb/appeals-of-citizens/92-uzbek/officially-uzb HTTP/1.1" 200 75791 "-" "Mozilla/5.0 (Macintosh; Intel Mac OS X 10_15_7) AppleWebKit/537.36 (KHTML, like Gecko) Chrome/120.0.0.0 Safari/537.36"
161.153.6.75 - - [24/Aug/2026:18:27:39 +0500] "GET /ru/officially-rus/news-rus/194-emission-cancel-28-07-16 HTTP/1.1" 200 65725 "-" "Mozilla/5.0 (X11; Linux aarch64) AppleWebKit/537.36 (KHTML, like Gecko) Chrome/139.0.0.0 Safari/537.36"
34.57.162.91 - - [24/Aug/2026:18:27:57 +0500] "GET /ru/officially-rus/arhiv-rus?template=Zo2_zizia HTTP/1.1" 200 64946 "-" "Mozilla/5.0 (Macintosh; Intel Mac OS X 10_15_7) AppleWebKit/537.36 (KHTML, like Gecko) Chrome/120.0.0.0 Safari/537.36"
66.249.75.129 - - [24/Aug/2026:18:28:29 +0500] "GET /uz/about-org-uzb/general-info-uzb?template=accessibility HTTP/1.1" 200 28682 "-" "Mozilla/5.0 (Linux; Android 6.0.1; Nexus 5X Build/MMB29P) AppleWebKit/537.36 (KHTML, like Gecko) Chrome/151.0.7922.137 Mobile Safari/537.36 (compatible; Googlebot/2.1; +http://www.google.com/bot.html)"
34.171.68.95 - - [24/Aug/2026:18:29:13 +0500] "GET /ru/component/search/?Itemid=813&format=opensearch&template=accessibility HTTP/1.1" 200 700 "-" "Mozilla/5.0 (Macintosh; Intel Mac OS X 10_15_7) AppleWebKit/537.36 (KHTML, like Gecko) Chrome/120.0.0.0 Safari/537.36"
216.244.66.239 - - [24/Aug/2026:18:30:13 +0500] "GET /ru/interactive-rus/forma-bystroj-svyazi/85-russian HTTP/1.1" 200 80832 "-" "Mozilla/5.0 (compatible; DotBot/1.2; +https://opensiteexplorer.org/dotbot; help@moz.com)"
34.10.180.98 - - [24/Aug/2026:18:30:20 +0500] "GET /uz/interactive-uzb/appeals-of-citizens/92-uzbek/officially-uzb?format=feed&type=atom HTTP/1.1" 200 19185 "-" "Mozilla/5.0 (Macintosh; Intel Mac OS X 10_15_7) AppleWebKit/537.36 (KHTML, like Gecko) Chrome/120.0.0.0 Safari/537.36"
139.193.160.78 - - [24/Aug/2026:18:31:26 +0500] "GET /ru/facts-rus/430-08-fact-06-04-2023-ns HTTP/1.1" 200 72876 "-" "Mozilla/5.0 (Macintosh; Intel Mac OS X 14.5; rv:127.0) Gecko/20100101 Firefox/127.0"
34.171.68.95 - - [24/Aug/2026:18:32:52 +0500] "GET /uz/officially-uzb/vacancies-uzb?start=8&template=accessibility HTTP/1.1" 200 23608 "-" "Mozilla/5.0 (Macintosh; Intel Mac OS X 10_15_7) AppleWebKit/537.36 (KHTML, like Gecko) Chrome/120.0.0.0 Safari/537.36"
43.155.188.157 - - [24/Aug/2026:18:34:54 +0500] "GET / HTTP/1.1" 508 288 "-" "Mozilla/5.0 (iPhone; CPU iPhone OS 13_2_3 like Mac OS X) AppleWebKit/605.1.15 (KHTML, like Gecko) Version/13.0.3 Mobile/15E148 Safari/604.1"
216.244.66.239 - - [24/Aug/2026:18:35:09 +0500] "GET /ru/facts-rus/328-08-fact-27-10-2020 HTTP/1.1" 200 71463 "-" "Mozilla/5.0 (compatible; DotBot/1.2; +https://opensiteexplorer.org/dotbot; help@moz.com)"
34.10.180.98 - - [24/Aug/2026:18:35:22 +0500] "GET /uz/component/mailto/?link=ec02bd0f62d718c34685ffacf68ba166285e72f7&template=zo2_zizia&tmpl=component HTTP/1.1" 200 13270 "-" "Mozilla/5.0 (Macintosh; Intel Mac OS X 10_15_7) AppleWebKit/537.36 (KHTML, like Gecko) Chrome/120.0.0.0 Safari/537.36"
34.123.149.87 - - [24/Aug/2026:18:36:18 +0500] "GET /ru/98-uzbek/officially-uzb/vacancies-uzb/221-vacancy-dir-16-10-17 HTTP/1.1" 200 70713 "-" "Mozilla/5.0 (Macintosh; Intel Mac OS X 10_15_7) AppleWebKit/537.36 (KHTML, like Gecko) Chrome/120.0.0.0 Safari/537.36"
34.171.68.95 - - [24/Aug/2026:18:39:09 +0500] "GET /ru/balans-rus/188-2015-1-kvartal-2016-forma-2 HTTP/1.1" 200 65329 "-" "Mozilla/5.0 (Macintosh; Intel Mac OS X 10_15_7) AppleWebKit/537.36 (KHTML, like Gecko) Chrome/120.0.0.0 Safari/537.36"
216.244.66.239 - - [24/Aug/2026:18:40:16 +0500] "GET /ru/officially-rus/norm-baza-rus/91-russian/officially-rus HTTP/1.1" 200 80478 "-" "Mozilla/5.0 (compatible; DotBot/1.2; +https://opensiteexplorer.org/dotbot; help@moz.com)"
66.249.77.9 - - [24/Aug/2026:18:40:38 +0500] "GET /index.php HTTP/1.1" 301 - "-" "Mozilla/5.0 (Linux; Android 6.0.1; Nexus 5X Build/MMB29P) AppleWebKit/537.36 (KHTML, like Gecko) Chrome/151.0.7922.137 Mobile Safari/537.36 (compatible; Googlebot/2.1; +http://www.google.com/bot.html)"
66.249.77.9 - - [24/Aug/2026:18:40:53 +0500] "GET /uz/ HTTP/1.1" 200 82401 "-" "Mozilla/5.0 (Linux; Android 6.0.1; Nexus 5X Build/MMB29P) AppleWebKit/537.36 (KHTML, like Gecko) Chrome/151.0.7922.137 Mobile Safari/537.36 (compatible; Googlebot/2.1; +http://www.google.com/bot.html)"
34.171.68.95 - - [24/Aug/2026:18:41:13 +0500] "GET /ru/component/search/?Itemid=856&catid=99&format=opensearch&id=148 HTTP/1.1" 200 681 "-" "Mozilla/5.0 (Macintosh; Intel Mac OS X 10_15_7) AppleWebKit/537.36 (KHTML, like Gecko) Chrome/120.0.0.0 Safari/537.36"
34.171.68.95 - - [24/Aug/2026:18:41:16 +0500] "GET /uz/component/search/?Itemid=1176&format=opensearch&id=89 HTTP/1.1" 200 680 "-" "Mozilla/5.0 (Macintosh; Intel Mac OS X 10_15_7) AppleWebKit/537.36 (KHTML, like Gecko) Chrome/120.0.0.0 Safari/537.36"
34.10.180.98 - - [24/Aug/2026:18:44:06 +0500] "GET /docs/indexes/kpe-1-2022.xls HTTP/1.1" 200 384512 "-" "Mozilla/5.0 (Macintosh; Intel Mac OS X 10_15_7) AppleWebKit/537.36 (KHTML, like Gecko) Chrome/120.0.0.0 Safari/537.36"
34.171.68.95 - - [24/Aug/2026:18:44:32 +0500] "GET /uz/component/search/?Itemid=867&catid=110&format=opensearch&id=336 HTTP/1.1" 200 694 "-" "Mozilla/5.0 (Macintosh; Intel Mac OS X 10_15_7) AppleWebKit/537.36 (KHTML, like Gecko) Chrome/120.0.0.0 Safari/537.36"
222.167.121.65 - - [24/Aug/2026:18:45:38 +0500] "GET /docs/reports/balans-3-2018.xlsx HTTP/1.1" 200 37819 "-" "Mozilla/5.0 (Macintosh; Intel Mac OS X 10_15_7) AppleWebKit/537.36 (KHTML, like Gecko) Chrome/146.0.0.0 Safari/537.36"
34.171.68.95 - - [24/Aug/2026:18:46:31 +0500] "GET /ru/component/search/?Itemid=854&catid=101&format=opensearch&id=299 HTTP/1.1" 200 682 "-" "Mozilla/5.0 (Macintosh; Intel Mac OS X 10_15_7) AppleWebKit/537.36 (KHTML, like Gecko) Chrome/120.0.0.0 Safari/537.36"
35.254.159.230 - - [24/Aug/2026:18:46:34 +0500] "GET /uz/component/search/?Itemid=841&catid=90&format=opensearch&id=114 HTTP/1.1" 200 693 "-" "Mozilla/5.0 (Macintosh; Intel Mac OS X 10_15_7) AppleWebKit/537.36 (KHTML, like Gecko) Chrome/120.0.0.0 Safari/537.36"
34.10.180.98 - - [24/Aug/2026:18:47:36 +0500] "GET /ru/component/search/?Itemid=892&catid=102&format=opensearch&id=434 HTTP/1.1" 200 682 "-" "Mozilla/5.0 (Macintosh; Intel Mac OS X 10_15_7) AppleWebKit/537.36 (KHTML, like Gecko) Chrome/120.0.0.0 Safari/537.36"
144.24.30.217 - - [24/Aug/2026:18:50:01 +0500] "GET /uz/about-org-uzb/strategy-uzb HTTP/1.1" 200 62639 "-" "Mozilla/5.0 (X11; Linux aarch64) AppleWebKit/537.36 (KHTML, like Gecko) Chrome/139.0.0.0 Safari/537.36"
144.24.30.217 - - [24/Aug/2026:18:50:05 +0500] "GET /uz/about-org-uzb/strategy-uzb HTTP/1.1" 200 62639 "-" "Mozilla/5.0 (X11; Linux aarch64) AppleWebKit/537.36 (KHTML, like Gecko) Chrome/139.0.0.0 Safari/537.36"
85.208.96.206 - - [24/Aug/2026:18:51:35 +0500] "GET /ru/contacts-rus HTTP/1.1" 200 68682 "-" "Mozilla/5.0 (compatible; SemrushBot/7~bl; +http://www.semrush.com/bot.html)"
34.10.180.98 - - [24/Aug/2026:18:52:31 +0500] "GET /uz/component/search/?Itemid=893&catid=102&format=opensearch&id=491 HTTP/1.1" 200 694 "-" "Mozilla/5.0 (Macintosh; Intel Mac OS X 10_15_7) AppleWebKit/537.36 (KHTML, like Gecko) Chrome/120.0.0.0 Safari/537.36"
34.123.149.87 - - [24/Aug/2026:18:52:34 +0500] "GET /ru/facts-rus?start=40&template=Zo2_zizia HTTP/1.1" 200 76729 "-" "Mozilla/5.0 (Macintosh; Intel Mac OS X 10_15_7) AppleWebKit/537.36 (KHTML, like Gecko) Chrome/120.0.0.0 Safari/537.36"
34.123.149.87 - - [24/Aug/2026:18:52:48 +0500] "GET /ru/component/search/?Itemid=1084&catid=111&format=opensearch&id=204 HTTP/1.1" 200 695 "-" "Mozilla/5.0 (Macintosh; Intel Mac OS X 10_15_7) AppleWebKit/537.36 (KHTML, like Gecko) Chrome/120.0.0.0 Safari/537.36"
136.119.35.120 - - [24/Aug/2026:18:54:03 +0500] "GET /uz/interactive-uzb/appeals-of-citizens/94-uzbek/shareholders-uzb?format=feed&type=rss HTTP/1.1" 200 245130 "-" "Mozilla/5.0 (Macintosh; Intel Mac OS X 10_15_7) AppleWebKit/537.36 (KHTML, like Gecko) Chrome/120.0.0.0 Safari/537.36"
34.171.68.95 - - [24/Aug/2026:18:55:20 +0500] "GET /uz/balans-uzb?start=20&template=Zo2_zizia HTTP/1.1" 200 70504 "-" "Mozilla/5.0 (Macintosh; Intel Mac OS X 10_15_7) AppleWebKit/537.36 (KHTML, like Gecko) Chrome/120.0.0.0 Safari/537.36"
34.227.156.153 - - [24/Aug/2026:18:58:40 +0500] "GET /uz/officially-uzb/tenders-uzb/452-tender-ku-2023-uzb HTTP/1.1" 200 64233 "-" "Mozilla/5.0 AppleWebKit/537.36 (KHTML, like Gecko; compatible; Amazonbot/0.1; +https://developer.amazon.com/support/amazonbot) Chrome/119.0.6045.214 Safari/537.36"
207.46.13.229 - - [24/Aug/2026:18:59:12 +0500] "GET /robots.txt HTTP/1.1" 200 865 "-" "Mozilla/5.0 AppleWebKit/537.36 (KHTML, like Gecko; compatible; bingbot/2.0; +http://www.bing.com/bingbot.htm) Chrome/116.0.1938.76 Safari/537.36"
34.57.162.91 - - [24/Aug/2026:18:59:20 +0500] "GET /ru/balans-rus/253-balans-2017?print=1&tmpl=component HTTP/1.1" 200 12911 "-" "Mozilla/5.0 (Macintosh; Intel Mac OS X 10_15_7) AppleWebKit/537.36 (KHTML, like Gecko) Chrome/120.0.0.0 Safari/537.36"
40.77.167.57 - - [24/Aug/2026:18:59:21 +0500] "GET /uz/officially-uzb/old-acts-uzb/110-ustav-uzb HTTP/1.1" 200 60237 "-" "Mozilla/5.0 AppleWebKit/537.36 (KHTML, like Gecko; compatible; bingbot/2.0; +http://www.bing.com/bingbot.htm) Chrome/116.0.1938.76 Safari/537.36"
161.153.1.168 - - [24/Aug/2026:18:59:36 +0500] "GET /ru/component/mailto?link=786829ebb6d9f804fdbda4115c1faeb0e7d80b8c&template=accessibility&tmpl=component HTTP/1.1" 200 - "-" "Mozilla/5.0 (X11; Linux aarch64) AppleWebKit/537.36 (KHTML, like Gecko) Chrome/139.0.0.0 Safari/537.36"
161.153.1.168 - - [24/Aug/2026:18:59:40 +0500] "GET /ru/component/mailto?link=786829ebb6d9f804fdbda4115c1faeb0e7d80b8c&template=accessibility&tmpl=component HTTP/1.1" 200 9650 "-" "Mozilla/5.0 (X11; Linux aarch64) AppleWebKit/537.36 (KHTML, like Gecko) Chrome/139.0.0.0 Safari/537.36"
34.171.68.95 - - [24/Aug/2026:19:00:19 +0500] "GET /images/content/balans-2019/balans-2-3-2019.pdf HTTP/1.1" 200 168112 "-" "Mozilla/5.0 (Macintosh; Intel Mac OS X 10_15_7) AppleWebKit/537.36 (KHTML, like Gecko) Chrome/120.0.0.0 Safari/537.36"
161.153.45.235 - - [24/Aug/2026:19:01:25 +0500] "GET /ru/bussiness-plans-rus/447-biznes-plan-2024-pdf?print=1&tmpl=component HTTP/1.1" 200 - "-" "Mozilla/5.0 (X11; Linux aarch64) AppleWebKit/537.36 (KHTML, like Gecko) Chrome/139.0.0.0 Safari/537.36"
161.153.45.235 - - [24/Aug/2026:19:01:29 +0500] "GET /ru/bussiness-plans-rus/447-biznes-plan-2024-pdf?print=1&tmpl=component HTTP/1.1" 200 - "-" "Mozilla/5.0 (X11; Linux aarch64) AppleWebKit/537.36 (KHTML, like Gecko) Chrome/139.0.0.0 Safari/537.36"
3.210.114.189 - - [24/Aug/2026:19:01:19 +0500] "GET /uz/info-for-shareholders-uzb HTTP/1.1" 200 65882 "-" "Mozilla/5.0 AppleWebKit/537.36 (KHTML, like Gecko; compatible; Amazonbot/0.1; +https://developer.amazon.com/support/amazonbot) Chrome/119.0.6045.214 Safari/537.36"
34.61.96.6 - - [24/Aug/2026:19:01:35 +0500] "GET /ru/invest-rus?template=Zo2_zizia HTTP/1.1" 200 64898 "-" "Mozilla/5.0 (Macintosh; Intel Mac OS X 10_15_7) AppleWebKit/537.36 (KHTML, like Gecko) Chrome/120.0.0.0 Safari/537.36"
35.254.159.230 - - [24/Aug/2026:19:03:02 +0500] "GET /uz/component/mailto/?link=b81a0ca7df7d39abf09f5053344f4c9da862aa01&template=accessibility&tmpl=component HTTP/1.1" 200 9702 "-" "Mozilla/5.0 (Macintosh; Intel Mac OS X 10_15_7) AppleWebKit/537.36 (KHTML, like Gecko) Chrome/120.0.0.0 Safari/537.36"
34.123.149.87 - - [24/Aug/2026:19:03:58 +0500] "GET /ru/component/search/?Itemid=822&format=opensearch HTTP/1.1" 508 288 "-" "Mozilla/5.0 (Macintosh; Intel Mac OS X 10_15_7) AppleWebKit/537.36 (KHTML, like Gecko) Chrome/120.0.0.0 Safari/537.36"
35.169.102.85 - - [24/Aug/2026:19:05:28 +0500] "GET /uz/balans-uzb HTTP/1.1" 200 70741 "-" "Mozilla/5.0 AppleWebKit/537.36 (KHTML, like Gecko; compatible; Amazonbot/0.1; +https://developer.amazon.com/support/amazonbot) Chrome/119.0.6045.214 Safari/537.36"
34.171.68.95 - - [24/Aug/2026:19:06:08 +0500] "GET /ru/balans-rus/252-balans-2-2-2018?print=1&tmpl=component HTTP/1.1" 200 12967 "-" "Mozilla/5.0 (Macintosh; Intel Mac OS X 10_15_7) AppleWebKit/537.36 (KHTML, like Gecko) Chrome/120.0.0.0 Safari/537.36"
34.123.149.87 - - [24/Aug/2026:19:07:36 +0500] "GET /ru/balans-rus/296-balans-3-2019?print=1&tmpl=component HTTP/1.1" 200 12626 "-" "Mozilla/5.0 (Macintosh; Intel Mac OS X 10_15_7) AppleWebKit/537.36 (KHTML, like Gecko) Chrome/120.0.0.0 Safari/537.36"
68.155.147.185 - - [24/Aug/2026:19:08:54 +0500] "GET /wp-content/plugins/hellopress/wp_filemanager.php HTTP/1.1" 508 288 "-" "-"
68.155.147.185 - - [24/Aug/2026:19:08:54 +0500] "GET /this_is_a_new_hello_world.php HTTP/1.1" 508 288 "-" "-"
68.155.147.185 - - [24/Aug/2026:19:08:54 +0500] "GET /Capte.php HTTP/1.1" 508 288 "-" "-"
68.155.147.185 - - [24/Aug/2026:19:08:55 +0500] "GET /beetle.php HTTP/1.1" 508 288 "-" "-"
68.155.147.185 - - [24/Aug/2026:19:08:55 +0500] "GET /fin.php HTTP/1.1" 508 288 "-" "-"
68.155.147.185 - - [24/Aug/2026:19:08:55 +0500] "GET /kurtlar.php HTTP/1.1" 508 288 "-" "-"
68.155.147.185 - - [24/Aug/2026:19:08:55 +0500] "GET /m.php HTTP/1.1" 301 - "-" "-"
68.155.147.185 - - [24/Aug/2026:19:09:01 +0500] "GET /uz/m.php HTTP/1.1" 404 1417 "-" "-"
68.155.147.185 - - [24/Aug/2026:19:09:08 +0500] "GET /anon.php HTTP/1.1" 301 - "-" "-"
68.155.147.185 - - [24/Aug/2026:19:09:12 +0500] "GET /uz/anon.php HTTP/1.1" 404 1417 "-" "-"
68.155.147.185 - - [24/Aug/2026:19:09:19 +0500] "GET /cmd.php HTTP/1.1" 301 - "-" "-"
68.155.147.185 - - [24/Aug/2026:19:09:23 +0500] "GET /uz/cmd.php HTTP/1.1" 404 1417 "-" "-"
68.155.147.185 - - [24/Aug/2026:19:09:33 +0500] "GET /4rbvp7.php HTTP/1.1" 301 - "-" "-"
161.153.115.138 - - [24/Aug/2026:19:09:34 +0500] "GET /ru/officially-rus/news-rus/505-meeting-08-04-26-ru?layout=default&print=1&tmpl=component HTTP/1.1" 200 15601 "-" "Mozilla/5.0 (X11; Linux aarch64) AppleWebKit/537.36 (KHTML, like Gecko) Chrome/139.0.0.0 Safari/537.36"
161.153.115.138 - - [24/Aug/2026:19:09:38 +0500] "GET /ru/officially-rus/news-rus/505-meeting-08-04-26-ru?layout=default&print=1&tmpl=component HTTP/1.1" 200 16319 "-" "Mozilla/5.0 (X11; Linux aarch64) AppleWebKit/537.36 (KHTML, like Gecko) Chrome/139.0.0.0 Safari/537.36"
68.155.147.185 - - [24/Aug/2026:19:09:35 +0500] "GET /uz/4rbvp7.php HTTP/1.1" 404 1417 "-" "-"
68.155.147.185 - - [24/Aug/2026:19:09:42 +0500] "GET /0freg0a6xe.php HTTP/1.1" 301 - "-" "-"
68.155.147.185 - - [24/Aug/2026:19:09:43 +0500] "GET /uz/0freg0a6xe.php HTTP/1.1" 404 1417 "-" "-"
68.155.147.185 - - [24/Aug/2026:19:09:47 +0500] "GET /6zl637u8kl.php HTTP/1.1" 301 - "-" "-"
68.155.147.185 - - [24/Aug/2026:19:09:48 +0500] "GET /uz/6zl637u8kl.php HTTP/1.1" 404 1417 "-" "-"
68.155.147.185 - - [24/Aug/2026:19:09:51 +0500] "GET /ftde.php HTTP/1.1" 301 - "-" "-"
68.155.147.185 - - [24/Aug/2026:19:09:52 +0500] "GET /uz/ftde.php HTTP/1.1" 404 1417 "-" "-"
68.155.147.185 - - [24/Aug/2026:19:09:54 +0500] "GET //special.php HTTP/1.1" 301 - "-" "-"
68.155.147.185 - - [24/Aug/2026:19:09:56 +0500] "GET /uz/special.php HTTP/1.1" 404 1417 "-" "-"
68.155.147.185 - - [24/Aug/2026:19:09:59 +0500] "GET /fz.php HTTP/1.1" 301 - "-" "-"
68.155.147.185 - - [24/Aug/2026:19:10:01 +0500] "GET /uz/fz.php HTTP/1.1" 404 1417 "-" "-"
68.155.147.185 - - [24/Aug/2026:19:10:05 +0500] "GET /v2.php HTTP/1.1" 301 - "-" "-"
68.155.147.185 - - [24/Aug/2026:19:10:07 +0500] "GET /uz/v2.php HTTP/1.1" 404 1417 "-" "-"
68.155.147.185 - - [24/Aug/2026:19:10:12 +0500] "GET /cnsk.php HTTP/1.1" 301 - "-" "-"
68.155.147.185 - - [24/Aug/2026:19:10:15 +0500] "GET /uz/cnsk.php HTTP/1.1" 404 1417 "-" "-"
68.155.147.185 - - [24/Aug/2026:19:10:25 +0500] "GET /sc.php HTTP/1.1" 301 - "-" "-"
68.155.147.185 - - [24/Aug/2026:19:10:26 +0500] "GET /uz/sc.php HTTP/1.1" 404 1417 "-" "-"
68.155.147.185 - - [24/Aug/2026:19:10:30 +0500] "GET /xstelth.php HTTP/1.1" 301 - "-" "-"
68.155.147.185 - - [24/Aug/2026:19:10:32 +0500] "GET /themes.php HTTP/1.1" 301 - "-" "-"
68.155.147.185 - - [24/Aug/2026:19:10:34 +0500] "GET /uz/themes.php HTTP/1.1" 404 1417 "-" "-"
68.155.147.185 - - [24/Aug/2026:19:10:37 +0500] "GET /coffe.php HTTP/1.1" 301 - "-" "-"
68.155.147.185 - - [24/Aug/2026:19:10:38 +0500] "GET /uz/coffe.php HTTP/1.1" 404 1417 "-" "-"
68.155.147.185 - - [24/Aug/2026:19:10:42 +0500] "GET /ans.php HTTP/1.1" 301 - "-" "-"
68.155.147.185 - - [24/Aug/2026:19:10:44 +0500] "GET /uz/ans.php HTTP/1.1" 404 1417 "-" "-"
68.155.147.185 - - [24/Aug/2026:19:10:48 +0500] "GET /cns.php HTTP/1.1" 301 - "-" "-"
68.155.147.185 - - [24/Aug/2026:19:10:49 +0500] "GET /uz/cns.php HTTP/1.1" 404 1417 "-" "-"
68.155.147.185 - - [24/Aug/2026:19:10:50 +0500] "GET /like.php HTTP/1.1" 301 - "-" "-"
68.155.147.185 - - [24/Aug/2026:19:10:51 +0500] "GET /uz/like.php HTTP/1.1" 404 1417 "-" "-"
68.155.147.185 - - [24/Aug/2026:19:10:54 +0500] "GET /xiugai.php HTTP/1.1" 301 - "-" "-"
68.155.147.185 - - [24/Aug/2026:19:10:56 +0500] "GET /uz/xiugai.php HTTP/1.1" 404 1417 "-" "-"
34.57.162.91 - - [24/Aug/2026:19:11:42 +0500] "GET /ru/component/search/?Itemid=1164&format=opensearch&template=accessibility HTTP/1.1" 200 701 "-" "Mozilla/5.0 (Macintosh; Intel Mac OS X 10_15_7) AppleWebKit/537.36 (KHTML, like Gecko) Chrome/120.0.0.0 Safari/537.36"
161.153.111.114 - - [24/Aug/2026:19:16:42 +0500] "GET /ru/about-org-rus/direction-rus/87-russian/about-org-rus HTTP/1.1" 200 86101 "-" "Mozilla/5.0 (X11; Linux aarch64) AppleWebKit/537.36 (KHTML, like Gecko) Chrome/139.0.0.0 Safari/537.36"
34.10.180.98 - - [24/Aug/2026:19:19:42 +0500] "GET /docs/reports/2016-3-kvartal-forma-1.xlsx HTTP/1.1" 200 38406 "-" "Mozilla/5.0 (Macintosh; Intel Mac OS X 10_15_7) AppleWebKit/537.36 (KHTML, like Gecko) Chrome/120.0.0.0 Safari/537.36"
137.131.56.167 - - [24/Aug/2026:19:23:23 +0500] "GET /ru/about-org-rus/structure-rus?template=Zo2_zizia HTTP/1.1" 200 64756 "-" "Mozilla/5.0 (X11; Linux aarch64) AppleWebKit/537.36 (KHTML, like Gecko) Chrome/139.0.0.0 Safari/537.36"
129.151.26.108 - - [24/Aug/2026:19:24:39 +0500] "GET /ru/audit-rus HTTP/1.1" 200 - "-" "Mozilla/5.0 (X11; Linux aarch64) AppleWebKit/537.36 (KHTML, like Gecko) Chrome/139.0.0.0 Safari/537.36"
129.151.26.108 - - [24/Aug/2026:19:24:41 +0500] "GET /ru/audit-rus HTTP/1.1" 200 - "-" "Mozilla/5.0 (X11; Linux aarch64) AppleWebKit/537.36 (KHTML, like Gecko) Chrome/139.0.0.0 Safari/537.36"
34.10.180.98 - - [24/Aug/2026:19:25:14 +0500] "GET /uz/component/search/?Itemid=844&format=opensearch&template=accessibility HTTP/1.1" 200 700 "-" "Mozilla/5.0 (Macintosh; Intel Mac OS X 10_15_7) AppleWebKit/537.36 (KHTML, like Gecko) Chrome/120.0.0.0 Safari/537.36"
136.119.35.120 - - [24/Aug/2026:19:25:22 +0500] "GET /ru/facts-rus/220-08-fact-28-08-17?print=1&tmpl=component HTTP/1.1" 200 16523 "-" "Mozilla/5.0 (Macintosh; Intel Mac OS X 10_15_7) AppleWebKit/537.36 (KHTML, like Gecko) Chrome/120.0.0.0 Safari/537.36"
34.123.149.87 - - [24/Aug/2026:19:25:23 +0500] "GET /ru/reports-rus?format=feed&template=accessibility&type=atom HTTP/1.1" 200 348036 "-" "Mozilla/5.0 (Macintosh; Intel Mac OS X 10_15_7) AppleWebKit/537.36 (KHTML, like Gecko) Chrome/120.0.0.0 Safari/537.36"
34.56.53.225 - - [24/Aug/2026:19:25:24 +0500] "GET /ru/facts-rus?format=feed&template=Zo2_zizia&type=atom HTTP/1.1" 200 11409 "-" "Mozilla/5.0 (Macintosh; Intel Mac OS X 10_15_7) AppleWebKit/537.36 (KHTML, like Gecko) Chrome/120.0.0.0 Safari/537.36"
136.119.35.120 - - [24/Aug/2026:19:25:33 +0500] "GET /docs/reports/2017-1-kvartal.xlsx HTTP/1.1" 200 40732 "-" "Mozilla/5.0 (Macintosh; Intel Mac OS X 10_15_7) AppleWebKit/537.36 (KHTML, like Gecko) Chrome/120.0.0.0 Safari/537.36"
34.171.68.95 - - [24/Aug/2026:19:26:51 +0500] "GET /ru/component/mailto/?link=cf04ad2ecb0992aab667a9d57bc16265fea2e1b4&template=zo2_zizia&tmpl=component HTTP/1.1" 200 13219 "-" "Mozilla/5.0 (Macintosh; Intel Mac OS X 10_15_7) AppleWebKit/537.36 (KHTML, like Gecko) Chrome/120.0.0.0 Safari/537.36"
34.61.96.6 - - [24/Aug/2026:19:29:45 +0500] "GET /ru/balans-rus/187-2015-1-kvartal-2016-forma-1 HTTP/1.1" 200 65209 "-" "Mozilla/5.0 (Macintosh; Intel Mac OS X 10_15_7) AppleWebKit/537.36 (KHTML, like Gecko) Chrome/120.0.0.0 Safari/537.36"
34.42.229.145 - - [24/Aug/2026:19:29:56 +0500] "GET /uz/component/search/?Itemid=1085&catid=111&format=opensearch&id=357 HTTP/1.1" 200 695 "-" "Mozilla/5.0 (Macintosh; Intel Mac OS X 10_15_7) AppleWebKit/537.36 (KHTML, like Gecko) Chrome/120.0.0.0 Safari/537.36"
34.42.229.145 - - [24/Aug/2026:19:31:38 +0500] "GET /ru/balans-rus/252-balans-2-2-2018 HTTP/1.1" 200 65273 "-" "Mozilla/5.0 (Macintosh; Intel Mac OS X 10_15_7) AppleWebKit/537.36 (KHTML, like Gecko) Chrome/120.0.0.0 Safari/537.36"
136.119.35.120 - - [24/Aug/2026:19:32:13 +0500] "GET /uz/component/search/?Itemid=1085&catid=111&format=opensearch&id=239 HTTP/1.1" 200 683 "-" "Mozilla/5.0 (Macintosh; Intel Mac OS X 10_15_7) AppleWebKit/537.36 (KHTML, like Gecko) Chrome/120.0.0.0 Safari/537.36"
216.244.66.239 - - [24/Aug/2026:19:33:55 +0500] "GET /ru/facts-rus/330-06-fact-24-11-2020 HTTP/1.1" 200 73430 "-" "Mozilla/5.0 (compatible; DotBot/1.2; +https://opensiteexplorer.org/dotbot; help@moz.com)"
136.119.35.120 - - [24/Aug/2026:19:34:02 +0500] "GET /ru/comissions-rus?template=Zo2_zizia HTTP/1.1" 200 67912 "-" "Mozilla/5.0 (Macintosh; Intel Mac OS X 10_15_7) AppleWebKit/537.36 (KHTML, like Gecko) Chrome/120.0.0.0 Safari/537.36"
47.128.47.108 - - [24/Aug/2026:19:34:38 +0500] "GET /robots.txt HTTP/1.1" 200 865 "-" "Mozilla/5.0 (iPhone; CPU iPhone OS 7_1_2 like Mac OS X) AppleWebKit/537.36 (KHTML, like Gecko) Version/7.0 Mobile Safari/537.36 (compatible; Bytespider; https://bytedance.sg.larkoffice.com/docx/K5bxdypulop3IIxrJb0lOjLVgFe)"
129.151.19.51 - - [24/Aug/2026:19:35:36 +0500] "GET /ru/reports-rus/441-report-2022 HTTP/1.1" 200 65234 "-" "Mozilla/5.0 (X11; Linux aarch64) AppleWebKit/537.36 (KHTML, like Gecko) Chrome/139.0.0.0 Safari/537.36"
34.57.162.91 - - [24/Aug/2026:19:35:58 +0500] "GET /ru/component/mailto/?link=366ae4f6b62f205459364ae5d7856d6350c98cda&template=zo2_zizia&tmpl=component HTTP/1.1" 200 13219 "-" "Mozilla/5.0 (Macintosh; Intel Mac OS X 10_15_7) AppleWebKit/537.36 (KHTML, like Gecko) Chrome/120.0.0.0 Safari/537.36"
92.222.104.195 - - [24/Aug/2026:19:36:59 +0500] "GET /ru/officially-rus/news-rus HTTP/1.1" 200 78023 "-" "Mozilla/5.0 (compatible; AhrefsBot/7.0; +http://ahrefs.com/robot/)"
34.123.149.87 - - [24/Aug/2026:19:38:40 +0500] "GET /ru/facts-rus/376-36-fact-07-04-2022?print=1&tmpl=component HTTP/1.1" 200 30117 "-" "Mozilla/5.0 (Macintosh; Intel Mac OS X 10_15_7) AppleWebKit/537.36 (KHTML, like Gecko) Chrome/120.0.0.0 Safari/537.36"
34.57.162.91 - - [24/Aug/2026:19:39:27 +0500] "GET /ru/about-org-rus/activity-rus?template=Zo2_zizia HTTP/1.1" 200 65525 "-" "Mozilla/5.0 (Macintosh; Intel Mac OS X 10_15_7) AppleWebKit/537.36 (KHTML, like Gecko) Chrome/120.0.0.0 Safari/537.36"
114.119.157.231 - - [24/Aug/2026:19:39:57 +0500] "GET /uz/bussiness-plans-uzb?start=10 HTTP/1.1" 200 60649 "http://kuylyuk-bozori.uz/uz/bussiness-plans-uzb" "Mozilla/5.0 (Linux; Android 7.0;) AppleWebKit/537.36 (HTML, like Gecko) Mobile Safari/537.36 (compatible; PetalBot;+https://webmaster.petalsearch.com/site/petalbot)"
132.226.83.165 - - [24/Aug/2026:19:41:56 +0500] "GET /uz/component/mailto?link=523b00dabe2f15d46830d1dcae6c33552941f2fe&template=zo2_zizia&tmpl=component HTTP/1.1" 200 - "-" "Mozilla/5.0 (X11; Linux aarch64) AppleWebKit/537.36 (KHTML, like Gecko) Chrome/139.0.0.0 Safari/537.36"
132.226.83.165 - - [24/Aug/2026:19:42:00 +0500] "GET /uz/component/mailto?link=523b00dabe2f15d46830d1dcae6c33552941f2fe&template=zo2_zizia&tmpl=component HTTP/1.1" 200 13268 "-" "Mozilla/5.0 (X11; Linux aarch64) AppleWebKit/537.36 (KHTML, like Gecko) Chrome/139.0.0.0 Safari/537.36"
47.128.37.88 - - [24/Aug/2026:19:42:13 +0500] "GET /robots.txt HTTP/1.1" 200 865 "-" "Mozilla/5.0 (Linux; Android 5.0) AppleWebKit/537.36 (KHTML, like Gecko) Mobile Safari/537.36 (compatible; Bytespider; https://bytedance.sg.larkoffice.com/docx/K5bxdypulop3IIxrJb0lOjLVgFe)"
223.109.255.156 - - [24/Aug/2026:19:43:03 +0500] "GET /ru/officially-rus/certificates-rus/93-russian/shareholders-rus HTTP/1.1" 200 106986 "-" "Sogou web spider/4.0(+http://www.sogou.com/docs/help/webmasters.htm#07)"
216.73.216.20 - - [24/Aug/2026:19:43:26 +0500] "GET /robots.txt HTTP/1.1" 200 865 "-" "Mozilla/5.0 AppleWebKit/537.36 (KHTML, like Gecko; compatible; ClaudeBot/1.0; +claudebot@anthropic.com)"
216.73.216.20 - - [24/Aug/2026:19:43:29 +0500] "GET /sitemap.xml HTTP/1.1" 301 - "-" "Mozilla/5.0 AppleWebKit/537.36 (KHTML, like Gecko; compatible; ClaudeBot/1.0; +claudebot@anthropic.com)"
216.73.216.20 - - [24/Aug/2026:19:43:35 +0500] "GET /uz/sitemap.xml HTTP/1.1" 404 1417 "http://kuylyuk-bozori.uz/sitemap.xml" "Mozilla/5.0 AppleWebKit/537.36 (KHTML, like Gecko; compatible; ClaudeBot/1.0; +claudebot@anthropic.com)"
52.3.104.214 - - [24/Aug/2026:19:43:59 +0500] "GET /docs/2026/bayon_osa-08.04.2026.pdf HTTP/1.1" 304 - "-" "Mozilla/5.0 AppleWebKit/537.36 (KHTML, like Gecko; compatible; Amazonbot/0.1; +https://developer.amazon.com/support/amazonbot) Chrome/119.0.6045.214 Safari/537.36"
34.61.96.6 - - [24/Aug/2026:19:44:54 +0500] "GET /ru/info-for-shareholders-rus/254-kpe-1-2018?print=1&tmpl=component HTTP/1.1" 508 288 "-" "Mozilla/5.0 (Macintosh; Intel Mac OS X 10_15_7) AppleWebKit/537.36 (KHTML, like Gecko) Chrome/120.0.0.0 Safari/537.36"
137.131.54.219 - - [24/Aug/2026:19:46:21 +0500] "GET /uz/bussiness-plans-uzb/312-uchetnaya-politika-2020 HTTP/1.1" 200 15899 "-" "Mozilla/5.0 (X11; Linux aarch64) AppleWebKit/537.36 (KHTML, like Gecko) Chrome/139.0.0.0 Safari/537.36"
137.131.54.219 - - [24/Aug/2026:19:46:25 +0500] "GET /uz/bussiness-plans-uzb/312-uchetnaya-politika-2020 HTTP/1.1" 200 15601 "-" "Mozilla/5.0 (X11; Linux aarch64) AppleWebKit/537.36 (KHTML, like Gecko) Chrome/139.0.0.0 Safari/537.36"
158.101.36.39 - - [24/Aug/2026:19:46:53 +0500] "GET /uz/balans-uzb/339-balans-4-2020 HTTP/1.1" 508 288 "-" "Mozilla/5.0 (X11; Linux aarch64) AppleWebKit/537.36 (KHTML, like Gecko) Chrome/139.0.0.0 Safari/537.36"
158.101.36.39 - - [24/Aug/2026:19:46:49 +0500] "GET /uz/balans-uzb/339-balans-4-2020 HTTP/1.1" 200 15601 "-" "Mozilla/5.0 (X11; Linux aarch64) AppleWebKit/537.36 (KHTML, like Gecko) Chrome/139.0.0.0 Safari/537.36"
34.30.223.149 - - [24/Aug/2026:19:47:53 +0500] "GET /uz/component/search/?Itemid=926&catid=103&format=opensearch&id=441 HTTP/1.1" 200 682 "-" "Mozilla/5.0 (Macintosh; Intel Mac OS X 10_15_7) AppleWebKit/537.36 (KHTML, like Gecko) Chrome/120.0.0.0 Safari/537.36"
34.123.149.87 - - [24/Aug/2026:19:48:25 +0500] "GET /ru/balans-rus/339-balans-4-2020 HTTP/1.1" 200 64936 "-" "Mozilla/5.0 (Macintosh; Intel Mac OS X 10_15_7) AppleWebKit/537.36 (KHTML, like Gecko) Chrome/120.0.0.0 Safari/537.36"
96.125.145.246 - - [24/Aug/2026:19:49:44 +0500] "GET /images/links/lex.png HTTP/1.1" 200 2165 "http://kuylyuk-bozori.uz/ru/officially-rus/norm-baza-rus" "Mozilla/5.0 (Macintosh; Intel Mac OS X 10_15_7) AppleWebKit/537.36 (KHTML, like Gecko) Chrome/131.0.0.0 Safari/537.36"
34.10.180.98 - - [24/Aug/2026:19:50:05 +0500] "GET /ru/votes-rus?format=feed&template=Zo2_zizia&type=rss HTTP/1.1" 200 97242 "-" "Mozilla/5.0 (Macintosh; Intel Mac OS X 10_15_7) AppleWebKit/537.36 (KHTML, like Gecko) Chrome/120.0.0.0 Safari/537.36"
34.171.68.95 - - [24/Aug/2026:19:50:54 +0500] "GET /ru/facts-rus/398-08-fact-22-09-2022-io?print=1&tmpl=component HTTP/1.1" 200 50760 "-" "Mozilla/5.0 (Macintosh; Intel Mac OS X 10_15_7) AppleWebKit/537.36 (KHTML, like Gecko) Chrome/120.0.0.0 Safari/537.36"
81.166.116.181 - - [24/Aug/2026:19:52:43 +0500] "GET /robots.txt HTTP/1.1" 200 865 "-" "Mozilla/5.0 (compatible; MJ12bot/v1.4.8; http://mj12bot.com/)"
81.166.116.181 - - [24/Aug/2026:19:52:45 +0500] "GET /uz/officially-uzb/news-uzb/504-meting-osa-08-04-2026 HTTP/1.1" 200 64372 "-" "Mozilla/5.0 (compatible; MJ12bot/v1.4.8; http://mj12bot.com/)"
90.55.39.9 - - [24/Aug/2026:19:53:28 +0500] "GET /ru/facts-rus HTTP/1.1" 200 76709 "-" "Mozilla/5.0 (Macintosh; Intel Mac OS X 13.5; rv:132.0) Gecko/20100101 Firefox/132.0"
34.56.53.225 - - [24/Aug/2026:19:54:57 +0500] "GET /uz/officially-uzb/tenders-uzb/366-konkurd-dir-11-03-22-uzb?layout=default&print=1&tmpl=component HTTP/1.1" 200 14044 "-" "Mozilla/5.0 (Macintosh; Intel Mac OS X 10_15_7) AppleWebKit/537.36 (KHTML, like Gecko) Chrome/120.0.0.0 Safari/537.36"
34.56.53.225 - - [24/Aug/2026:19:56:55 +0500] "GET /uz/component/search/?Itemid=836&format=opensearch&template=Zo2_zizia HTTP/1.1" 508 288 "-" "Mozilla/5.0 (Macintosh; Intel Mac OS X 10_15_7) AppleWebKit/537.36 (KHTML, like Gecko) Chrome/120.0.0.0 Safari/537.36"
34.57.162.91 - - [24/Aug/2026:19:58:43 +0500] "GET /uz/component/mailto/?link=e8c10af357256a37a066cfeda32886ca551adee0&template=zo2_zizia&tmpl=component HTTP/1.1" 200 13270 "-" "Mozilla/5.0 (Macintosh; Intel Mac OS X 10_15_7) AppleWebKit/537.36 (KHTML, like Gecko) Chrome/120.0.0.0 Safari/537.36"
34.57.162.91 - - [24/Aug/2026:19:58:58 +0500] "GET /ru/reports-rus/186-report-2015 HTTP/1.1" 508 288 "-" "Mozilla/5.0 (Macintosh; Intel Mac OS X 10_15_7) AppleWebKit/537.36 (KHTML, like Gecko) Chrome/120.0.0.0 Safari/537.36"
34.123.149.87 - - [24/Aug/2026:19:58:55 +0500] "GET /ru/bussiness-plans-rus/363-bussiness-plan-2022?print=1&tmpl=component HTTP/1.1" 200 13247 "-" "Mozilla/5.0 (Macintosh; Intel Mac OS X 10_15_7) AppleWebKit/537.36 (KHTML, like Gecko) Chrome/120.0.0.0 Safari/537.36"
141.148.174.48 - - [24/Aug/2026:19:59:42 +0500] "GET /uz?template=accessibility HTTP/1.1" 200 15901 "-" "Mozilla/5.0 (X11; Linux aarch64) AppleWebKit/537.36 (KHTML, like Gecko) Chrome/139.0.0.0 Safari/537.36"
