94.183.170.135 - - [24/Aug/2026:22:57:03 +0500] "POST /index.php/component/jce HTTP/1.1" 508 288 "http://kuylyuk-bozori.uz/uz/" "Mozilla/5.0 (Macintosh; Intel Mac OS X 10.9; rv:50.0) Gecko/20100101 Firefox/50.0"
94.183.170.135 - - [24/Aug/2026:22:57:03 +0500] "POST /index.php/component/jce HTTP/1.1" 508 288 "http://kuylyuk-bozori.uz/uz/" "Mozilla/5.0 (Macintosh; Intel Mac OS X 10.9; rv:50.0) Gecko/20100101 Firefox/50.0"
94.183.170.135 - - [24/Aug/2026:22:57:03 +0500] "POST /index.php/component/jce HTTP/1.1" 508 288 "http://kuylyuk-bozori.uz/uz/" "Mozilla/5.0 (Macintosh; Intel Mac OS X 10.9; rv:50.0) Gecko/20100101 Firefox/50.0"
94.183.170.135 - - [24/Aug/2026:22:57:03 +0500] "POST /component/jce HTTP/1.1" 508 288 "http://kuylyuk-bozori.uz/uz/" "Mozilla/5.0 (Macintosh; Intel Mac OS X 10.9; rv:50.0) Gecko/20100101 Firefox/50.0"
94.183.170.135 - - [24/Aug/2026:22:57:03 +0500] "POST /index.php/component/jce HTTP/1.1" 508 288 "http://kuylyuk-bozori.uz/uz/" "Mozilla/5.0 (Macintosh; Intel Mac OS X 10.9; rv:50.0) Gecko/20100101 Firefox/50.0"
94.183.170.135 - - [24/Aug/2026:22:57:04 +0500] "POST /index.php/component/jce HTTP/1.1" 508 288 "http://kuylyuk-bozori.uz/uz/" "Mozilla/5.0 (Macintosh; Intel Mac OS X 10.9; rv:50.0) Gecko/20100101 Firefox/50.0"
94.183.170.135 - - [24/Aug/2026:22:57:04 +0500] "POST /index.php/component/jce HTTP/1.1" 508 288 "http://kuylyuk-bozori.uz/uz/" "Mozilla/5.0 (Macintosh; Intel Mac OS X 10.9; rv:50.0) Gecko/20100101 Firefox/50.0"
94.183.170.135 - - [24/Aug/2026:22:57:04 +0500] "POST /index.php/component/jce HTTP/1.1" 508 288 "http://kuylyuk-bozori.uz/uz/" "Mozilla/5.0 (Macintosh; Intel Mac OS X 10.9; rv:50.0) Gecko/20100101 Firefox/50.0"
94.183.170.135 - - [24/Aug/2026:22:57:04 +0500] "POST /index.php/component/jce HTTP/1.1" 508 288 "http://kuylyuk-bozori.uz/uz/" "Mozilla/5.0 (Macintosh; Intel Mac OS X 10.9; rv:50.0) Gecko/20100101 Firefox/50.0"
94.183.170.135 - - [24/Aug/2026:22:57:04 +0500] "POST /index.php?option=com_jce HTTP/1.1" 508 288 "http://kuylyuk-bozori.uz/uz/" "Mozilla/5.0 (Macintosh; Intel Mac OS X 10.9; rv:50.0) Gecko/20100101 Firefox/50.0"
94.183.170.135 - - [24/Aug/2026:22:57:04 +0500] "POST /index.php/component/jce HTTP/1.1" 508 288 "http://kuylyuk-bozori.uz/uz/" "Mozilla/5.0 (Macintosh; Intel Mac OS X 10.9; rv:50.0) Gecko/20100101 Firefox/50.0"
94.183.170.135 - - [24/Aug/2026:22:57:04 +0500] "POST /index.php/component/jce HTTP/1.1" 508 288 "http://kuylyuk-bozori.uz/uz/" "Mozilla/5.0 (Macintosh; Intel Mac OS X 10.9; rv:50.0) Gecko/20100101 Firefox/50.0"
94.183.170.135 - - [24/Aug/2026:22:57:04 +0500] "POST /index.php/component/jce HTTP/1.1" 508 288 "http://kuylyuk-bozori.uz/uz/" "Mozilla/5.0 (Macintosh; Intel Mac OS X 10.9; rv:50.0) Gecko/20100101 Firefox/50.0"
94.183.170.135 - - [24/Aug/2026:22:57:05 +0500] "POST /index.php?option=com_jce HTTP/1.1" 508 288 "http://kuylyuk-bozori.uz/uz/" "Mozilla/5.0 (Macintosh; Intel Mac OS X 10.9; rv:50.0) Gecko/20100101 Firefox/50.0"
94.183.170.135 - - [24/Aug/2026:22:57:06 +0500] "POST /index.php?option=com_jce HTTP/1.1" 508 288 "http://kuylyuk-bozori.uz/uz/" "Mozilla/5.0 (Macintosh; Intel Mac OS X 10.9; rv:50.0) Gecko/20100101 Firefox/50.0"
94.183.170.135 - - [24/Aug/2026:22:57:06 +0500] "POST /component/jce HTTP/1.1" 508 288 "http://kuylyuk-bozori.uz/uz/" "Mozilla/5.0 (Macintosh; Intel Mac OS X 10.9; rv:50.0) Gecko/20100101 Firefox/50.0"
94.183.170.135 - - [24/Aug/2026:22:57:02 +0500] "POST /index.php?option=com_jce HTTP/1.1" 303 - "http://kuylyuk-bozori.uz/uz/" "Mozilla/5.0 (Macintosh; Intel Mac OS X 10.9; rv:50.0) Gecko/20100101 Firefox/50.0"
94.183.170.135 - - [24/Aug/2026:22:57:01 +0500] "POST /index.php?option=com_jce HTTP/1.1" 303 - "http://kuylyuk-bozori.uz/uz/" "Mozilla/5.0 (Macintosh; Intel Mac OS X 10.9; rv:50.0) Gecko/20100101 Firefox/50.0"
94.183.170.135 - - [24/Aug/2026:22:57:02 +0500] "POST /component/jce HTTP/1.1" 303 - "http://kuylyuk-bozori.uz/uz/" "Mozilla/5.0 (Macintosh; Intel Mac OS X 10.9; rv:50.0) Gecko/20100101 Firefox/50.0"
94.183.170.135 - - [24/Aug/2026:22:57:01 +0500] "POST /index.php?option=com_jce HTTP/1.1" 303 - "http://kuylyuk-bozori.uz/uz/" "Mozilla/5.0 (Macintosh; Intel Mac OS X 10.9; rv:50.0) Gecko/20100101 Firefox/50.0"
94.183.170.135 - - [24/Aug/2026:22:57:01 +0500] "POST /component/jce HTTP/1.1" 303 - "http://kuylyuk-bozori.uz/uz/" "Mozilla/5.0 (Macintosh; Intel Mac OS X 10.9; rv:50.0) Gecko/20100101 Firefox/50.0"
94.183.170.135 - - [24/Aug/2026:22:57:02 +0500] "POST /index.php?option=com_jce HTTP/1.1" 303 - "http://kuylyuk-bozori.uz/uz/" "Mozilla/5.0 (Macintosh; Intel Mac OS X 10.9; rv:50.0) Gecko/20100101 Firefox/50.0"
94.183.170.135 - - [24/Aug/2026:22:57:03 +0500] "POST /index.php?option=com_jce HTTP/1.1" 303 - "http://kuylyuk-bozori.uz/uz/" "Mozilla/5.0 (Macintosh; Intel Mac OS X 10.9; rv:50.0) Gecko/20100101 Firefox/50.0"
94.183.170.135 - - [24/Aug/2026:22:57:16 +0500] "GET /index.php HTTP/1.1" 508 288 "http://kuylyuk-bozori.uz/uz/" "Mozilla/5.0 (Macintosh; Intel Mac OS X 10.9; rv:50.0) Gecko/20100101 Firefox/50.0"
94.183.170.135 - - [24/Aug/2026:22:57:16 +0500] "POST /index.php?option=com_jce HTTP/1.1" 508 288 "http://kuylyuk-bozori.uz/uz/" "Mozilla/5.0 (Macintosh; Intel Mac OS X 10.9; rv:50.0) Gecko/20100101 Firefox/50.0"
94.183.170.135 - - [24/Aug/2026:22:57:03 +0500] "POST /index.php/component/jce HTTP/1.1" 303 - "http://kuylyuk-bozori.uz/uz/" "Mozilla/5.0 (Macintosh; Intel Mac OS X 10.9; rv:50.0) Gecko/20100101 Firefox/50.0"
94.183.170.135 - - [24/Aug/2026:22:57:16 +0500] "POST /component/jce HTTP/1.1" 508 288 "http://kuylyuk-bozori.uz/uz/" "Mozilla/5.0 (Macintosh; Intel Mac OS X 10.9; rv:50.0) Gecko/20100101 Firefox/50.0"
94.183.170.135 - - [24/Aug/2026:22:57:16 +0500] "POST /index.php?option=com_jce HTTP/1.1" 508 288 "http://kuylyuk-bozori.uz/uz/" "Mozilla/5.0 (Macintosh; Intel Mac OS X 10.9; rv:50.0) Gecko/20100101 Firefox/50.0"
94.183.170.135 - - [24/Aug/2026:22:57:17 +0500] "POST /component/jce HTTP/1.1" 508 288 "http://kuylyuk-bozori.uz/uz/" "Mozilla/5.0 (Macintosh; Intel Mac OS X 10.9; rv:50.0) Gecko/20100101 Firefox/50.0"
94.183.170.135 - - [24/Aug/2026:22:57:17 +0500] "POST /index.php?option=com_jce HTTP/1.1" 508 288 "http://kuylyuk-bozori.uz/uz/" "Mozilla/5.0 (Macintosh; Intel Mac OS X 10.9; rv:50.0) Gecko/20100101 Firefox/50.0"
94.183.170.135 - - [24/Aug/2026:22:57:17 +0500] "POST /component/jce HTTP/1.1" 508 288 "http://kuylyuk-bozori.uz/uz/" "Mozilla/5.0 (Macintosh; Intel Mac OS X 10.9; rv:50.0) Gecko/20100101 Firefox/50.0"
94.183.170.135 - - [24/Aug/2026:22:57:17 +0500] "POST /index.php?option=com_jce HTTP/1.1" 508 288 "http://kuylyuk-bozori.uz/uz/" "Mozilla/5.0 (Macintosh; Intel Mac OS X 10.9; rv:50.0) Gecko/20100101 Firefox/50.0"
94.183.170.135 - - [24/Aug/2026:22:57:01 +0500] "POST /index.php?option=com_jce HTTP/1.1" 303 - "http://kuylyuk-bozori.uz/uz/" "Mozilla/5.0 (Macintosh; Intel Mac OS X 10.9; rv:50.0) Gecko/20100101 Firefox/50.0"
94.183.170.135 - - [24/Aug/2026:22:57:04 +0500] "POST /index.php?option=com_jce HTTP/1.1" 303 - "http://kuylyuk-bozori.uz/uz/" "Mozilla/5.0 (Macintosh; Intel Mac OS X 10.9; rv:50.0) Gecko/20100101 Firefox/50.0"
94.183.170.135 - - [24/Aug/2026:22:57:19 +0500] "POST /component/jce HTTP/1.1" 508 288 "http://kuylyuk-bozori.uz/uz/" "Mozilla/5.0 (Macintosh; Intel Mac OS X 10.9; rv:50.0) Gecko/20100101 Firefox/50.0"
94.183.170.135 - - [24/Aug/2026:22:57:19 +0500] "POST /index.php?option=com_jce HTTP/1.1" 508 288 "http://kuylyuk-bozori.uz/uz/" "Mozilla/5.0 (Macintosh; Intel Mac OS X 10.9; rv:50.0) Gecko/20100101 Firefox/50.0"
94.183.170.135 - - [24/Aug/2026:22:57:06 +0500] "POST /component/jce HTTP/1.1" 303 - "http://kuylyuk-bozori.uz/uz/" "Mozilla/5.0 (Macintosh; Intel Mac OS X 10.9; rv:50.0) Gecko/20100101 Firefox/50.0"
94.183.170.135 - - [24/Aug/2026:22:57:19 +0500] "GET /index.php HTTP/1.1" 508 288 "http://kuylyuk-bozori.uz/uz/" "Mozilla/5.0 (Macintosh; Intel Mac OS X 10.9; rv:50.0) Gecko/20100101 Firefox/50.0"
94.183.170.135 - - [24/Aug/2026:22:57:21 +0500] "POST /index.php/component/jce HTTP/1.1" 508 288 "http://kuylyuk-bozori.uz/uz/" "Mozilla/5.0 (Macintosh; Intel Mac OS X 10.9; rv:50.0) Gecko/20100101 Firefox/50.0"
94.183.170.135 - - [24/Aug/2026:22:57:14 +0500] "GET /index.php HTTP/1.1" 301 - "http://kuylyuk-bozori.uz/uz/" "Mozilla/5.0 (Macintosh; Intel Mac OS X 10.9; rv:50.0) Gecko/20100101 Firefox/50.0"
94.183.170.135 - - [24/Aug/2026:22:57:15 +0500] "GET /index.php HTTP/1.1" 301 - "http://kuylyuk-bozori.uz/uz/" "Mozilla/5.0 (Macintosh; Intel Mac OS X 10.9; rv:50.0) Gecko/20100101 Firefox/50.0"
94.183.170.135 - - [24/Aug/2026:22:57:15 +0500] "GET /index.php HTTP/1.1" 301 - "http://kuylyuk-bozori.uz/uz/" "Mozilla/5.0 (Macintosh; Intel Mac OS X 10.9; rv:50.0) Gecko/20100101 Firefox/50.0"
94.183.170.135 - - [24/Aug/2026:22:57:15 +0500] "GET /index.php HTTP/1.1" 301 - "http://kuylyuk-bozori.uz/uz/" "Mozilla/5.0 (Macintosh; Intel Mac OS X 10.9; rv:50.0) Gecko/20100101 Firefox/50.0"
94.183.170.135 - - [24/Aug/2026:22:57:15 +0500] "GET /index.php HTTP/1.1" 301 - "http://kuylyuk-bozori.uz/uz/" "Mozilla/5.0 (Macintosh; Intel Mac OS X 10.9; rv:50.0) Gecko/20100101 Firefox/50.0"
94.183.170.135 - - [24/Aug/2026:22:57:16 +0500] "GET /index.php HTTP/1.1" 301 - "http://kuylyuk-bozori.uz/uz/" "Mozilla/5.0 (Macintosh; Intel Mac OS X 10.9; rv:50.0) Gecko/20100101 Firefox/50.0"
94.183.170.135 - - [24/Aug/2026:22:57:16 +0500] "GET /index.php HTTP/1.1" 301 - "http://kuylyuk-bozori.uz/uz/" "Mozilla/5.0 (Macintosh; Intel Mac OS X 10.9; rv:50.0) Gecko/20100101 Firefox/50.0"
94.183.170.135 - - [24/Aug/2026:22:57:18 +0500] "GET /index.php HTTP/1.1" 301 - "http://kuylyuk-bozori.uz/uz/" "Mozilla/5.0 (Macintosh; Intel Mac OS X 10.9; rv:50.0) Gecko/20100101 Firefox/50.0"
94.183.170.135 - - [24/Aug/2026:22:57:13 +0500] "POST /index.php/component/jce HTTP/1.1" 303 - "http://kuylyuk-bozori.uz/uz/" "Mozilla/5.0 (Macintosh; Intel Mac OS X 10.9; rv:50.0) Gecko/20100101 Firefox/50.0"
94.183.170.135 - - [24/Aug/2026:22:57:25 +0500] "GET /index.php HTTP/1.1" 301 - "http://kuylyuk-bozori.uz/uz/" "Mozilla/5.0 (Macintosh; Intel Mac OS X 10.9; rv:50.0) Gecko/20100101 Firefox/50.0"
94.183.170.135 - - [24/Aug/2026:22:57:17 +0500] "POST /index.php?option=com_jce HTTP/1.1" 303 - "http://kuylyuk-bozori.uz/uz/" "Mozilla/5.0 (Macintosh; Intel Mac OS X 10.9; rv:50.0) Gecko/20100101 Firefox/50.0"
94.183.170.135 - - [24/Aug/2026:22:57:19 +0500] "POST /index.php?option=com_jce HTTP/1.1" 303 - "http://kuylyuk-bozori.uz/uz/" "Mozilla/5.0 (Macintosh; Intel Mac OS X 10.9; rv:50.0) Gecko/20100101 Firefox/50.0"
94.183.170.135 - - [24/Aug/2026:22:57:19 +0500] "POST /index.php?option=com_jce HTTP/1.1" 303 - "http://kuylyuk-bozori.uz/uz/" "Mozilla/5.0 (Macintosh; Intel Mac OS X 10.9; rv:50.0) Gecko/20100101 Firefox/50.0"
94.183.170.135 - - [24/Aug/2026:22:57:33 +0500] "GET /index.php HTTP/1.1" 508 288 "http://kuylyuk-bozori.uz/uz/" "Mozilla/5.0 (Macintosh; Intel Mac OS X 10.9; rv:50.0) Gecko/20100101 Firefox/50.0"
94.183.170.135 - - [24/Aug/2026:22:57:33 +0500] "POST /index.php/component/jce HTTP/1.1" 508 288 "http://kuylyuk-bozori.uz/uz/" "Mozilla/5.0 (Macintosh; Intel Mac OS X 10.9; rv:50.0) Gecko/20100101 Firefox/50.0"
94.183.170.135 - - [24/Aug/2026:22:57:22 +0500] "POST /index.php?option=com_jce HTTP/1.1" 303 - "http://kuylyuk-bozori.uz/uz/" "Mozilla/5.0 (Macintosh; Intel Mac OS X 10.9; rv:50.0) Gecko/20100101 Firefox/50.0"
94.183.170.135 - - [24/Aug/2026:22:57:35 +0500] "POST /index.php/component/jce HTTP/1.1" 508 288 "http://kuylyuk-bozori.uz/uz/" "Mozilla/5.0 (Macintosh; Intel Mac OS X 10.9; rv:50.0) Gecko/20100101 Firefox/50.0"
94.183.170.135 - - [24/Aug/2026:22:57:22 +0500] "POST /component/jce HTTP/1.1" 303 - "http://kuylyuk-bozori.uz/uz/" "Mozilla/5.0 (Macintosh; Intel Mac OS X 10.9; rv:50.0) Gecko/20100101 Firefox/50.0"
94.183.170.135 - - [24/Aug/2026:22:57:37 +0500] "POST /component/jce HTTP/1.1" 508 288 "http://kuylyuk-bozori.uz/uz/" "Mozilla/5.0 (Macintosh; Intel Mac OS X 10.9; rv:50.0) Gecko/20100101 Firefox/50.0"
94.183.170.135 - - [24/Aug/2026:22:57:32 +0500] "GET /index.php HTTP/1.1" 301 - "http://kuylyuk-bozori.uz/uz/" "Mozilla/5.0 (Macintosh; Intel Mac OS X 10.9; rv:50.0) Gecko/20100101 Firefox/50.0"
94.183.170.135 - - [24/Aug/2026:22:57:32 +0500] "GET /index.php HTTP/1.1" 301 - "http://kuylyuk-bozori.uz/uz/" "Mozilla/5.0 (Macintosh; Intel Mac OS X 10.9; rv:50.0) Gecko/20100101 Firefox/50.0"
94.183.170.135 - - [24/Aug/2026:22:57:35 +0500] "GET /index.php HTTP/1.1" 301 - "http://kuylyuk-bozori.uz/uz/" "Mozilla/5.0 (Macintosh; Intel Mac OS X 10.9; rv:50.0) Gecko/20100101 Firefox/50.0"
94.183.170.135 - - [24/Aug/2026:22:57:37 +0500] "GET /index.php HTTP/1.1" 301 - "http://kuylyuk-bozori.uz/uz/" "Mozilla/5.0 (Macintosh; Intel Mac OS X 10.9; rv:50.0) Gecko/20100101 Firefox/50.0"
94.183.170.135 - - [24/Aug/2026:22:57:29 +0500] "POST /component/jce HTTP/1.1" 303 - "http://kuylyuk-bozori.uz/uz/" "Mozilla/5.0 (Macintosh; Intel Mac OS X 10.9; rv:50.0) Gecko/20100101 Firefox/50.0"
94.183.170.135 - - [24/Aug/2026:22:57:31 +0500] "POST /component/jce HTTP/1.1" 303 - "http://kuylyuk-bozori.uz/uz/" "Mozilla/5.0 (Macintosh; Intel Mac OS X 10.9; rv:50.0) Gecko/20100101 Firefox/50.0"
94.183.170.135 - - [24/Aug/2026:22:57:47 +0500] "POST /index.php?option=com_jce HTTP/1.1" 508 288 "http://kuylyuk-bozori.uz/uz/" "Mozilla/5.0 (Macintosh; Intel Mac OS X 10.9; rv:50.0) Gecko/20100101 Firefox/50.0"
94.183.170.135 - - [24/Aug/2026:22:57:34 +0500] "POST /index.php?option=com_jce HTTP/1.1" 303 - "http://kuylyuk-bozori.uz/uz/" "Mozilla/5.0 (Macintosh; Intel Mac OS X 10.9; rv:50.0) Gecko/20100101 Firefox/50.0"
94.183.170.135 - - [24/Aug/2026:22:57:49 +0500] "POST /component/jce HTTP/1.1" 508 288 "http://kuylyuk-bozori.uz/uz/" "Mozilla/5.0 (Macintosh; Intel Mac OS X 10.9; rv:50.0) Gecko/20100101 Firefox/50.0"
94.183.170.135 - - [24/Aug/2026:22:57:35 +0500] "POST /index.php/component/jce HTTP/1.1" 303 - "http://kuylyuk-bozori.uz/uz/" "Mozilla/5.0 (Macintosh; Intel Mac OS X 10.9; rv:50.0) Gecko/20100101 Firefox/50.0"
94.183.170.135 - - [24/Aug/2026:22:57:49 +0500] "GET /index.php HTTP/1.1" 508 288 "http://kuylyuk-bozori.uz/uz/" "Mozilla/5.0 (Macintosh; Intel Mac OS X 10.9; rv:50.0) Gecko/20100101 Firefox/50.0"
94.183.170.135 - - [24/Aug/2026:22:57:37 +0500] "POST /index.php/component/jce HTTP/1.1" 303 - "http://kuylyuk-bozori.uz/uz/" "Mozilla/5.0 (Macintosh; Intel Mac OS X 10.9; rv:50.0) Gecko/20100101 Firefox/50.0"
94.183.170.135 - - [24/Aug/2026:22:57:39 +0500] "POST /component/jce HTTP/1.1" 303 - "http://kuylyuk-bozori.uz/uz/" "Mozilla/5.0 (Macintosh; Intel Mac OS X 10.9; rv:50.0) Gecko/20100101 Firefox/50.0"
94.183.170.135 - - [24/Aug/2026:22:57:48 +0500] "GET /index.php HTTP/1.1" 301 - "http://kuylyuk-bozori.uz/uz/" "Mozilla/5.0 (Macintosh; Intel Mac OS X 10.9; rv:50.0) Gecko/20100101 Firefox/50.0"
94.183.170.135 - - [24/Aug/2026:22:57:40 +0500] "POST /index.php/component/jce HTTP/1.1" 303 - "http://kuylyuk-bozori.uz/uz/" "Mozilla/5.0 (Macintosh; Intel Mac OS X 10.9; rv:50.0) Gecko/20100101 Firefox/50.0"
94.183.170.135 - - [24/Aug/2026:22:57:41 +0500] "POST /component/jce HTTP/1.1" 303 - "http://kuylyuk-bozori.uz/uz/" "Mozilla/5.0 (Macintosh; Intel Mac OS X 10.9; rv:50.0) Gecko/20100101 Firefox/50.0"
94.183.170.135 - - [24/Aug/2026:22:57:56 +0500] "POST /index.php/component/jce HTTP/1.1" 508 288 "http://kuylyuk-bozori.uz/uz/" "Mozilla/5.0 (Macintosh; Intel Mac OS X 10.9; rv:50.0) Gecko/20100101 Firefox/50.0"
94.183.170.135 - - [24/Aug/2026:22:57:56 +0500] "POST /component/jce HTTP/1.1" 508 288 "http://kuylyuk-bozori.uz/uz/" "Mozilla/5.0 (Macintosh; Intel Mac OS X 10.9; rv:50.0) Gecko/20100101 Firefox/50.0"
94.183.170.135 - - [24/Aug/2026:22:57:51 +0500] "GET /index.php HTTP/1.1" 301 - "http://kuylyuk-bozori.uz/uz/" "Mozilla/5.0 (Macintosh; Intel Mac OS X 10.9; rv:50.0) Gecko/20100101 Firefox/50.0"
94.183.170.135 - - [24/Aug/2026:22:57:42 +0500] "POST /index.php?option=com_jce HTTP/1.1" 303 - "http://kuylyuk-bozori.uz/uz/" "Mozilla/5.0 (Macintosh; Intel Mac OS X 10.9; rv:50.0) Gecko/20100101 Firefox/50.0"
94.183.170.135 - - [24/Aug/2026:22:57:45 +0500] "POST /component/jce HTTP/1.1" 303 - "http://kuylyuk-bozori.uz/uz/" "Mozilla/5.0 (Macintosh; Intel Mac OS X 10.9; rv:50.0) Gecko/20100101 Firefox/50.0"
94.183.170.135 - - [24/Aug/2026:22:57:55 +0500] "GET /index.php HTTP/1.1" 301 - "http://kuylyuk-bozori.uz/uz/" "Mozilla/5.0 (Macintosh; Intel Mac OS X 10.9; rv:50.0) Gecko/20100101 Firefox/50.0"
94.183.170.135 - - [24/Aug/2026:22:57:55 +0500] "GET /index.php HTTP/1.1" 301 - "http://kuylyuk-bozori.uz/uz/" "Mozilla/5.0 (Macintosh; Intel Mac OS X 10.9; rv:50.0) Gecko/20100101 Firefox/50.0"
94.183.170.135 - - [24/Aug/2026:22:57:59 +0500] "GET /index.php HTTP/1.1" 301 - "http://kuylyuk-bozori.uz/uz/" "Mozilla/5.0 (Macintosh; Intel Mac OS X 10.9; rv:50.0) Gecko/20100101 Firefox/50.0"
94.183.170.135 - - [24/Aug/2026:22:58:00 +0500] "POST /component/jce HTTP/1.1" 303 - "http://kuylyuk-bozori.uz/uz/" "Mozilla/5.0 (Macintosh; Intel Mac OS X 10.9; rv:50.0) Gecko/20100101 Firefox/50.0"
94.183.170.135 - - [24/Aug/2026:22:58:12 +0500] "GET /index.php HTTP/1.1" 301 - "http://kuylyuk-bozori.uz/uz/" "Mozilla/5.0 (Macintosh; Intel Mac OS X 10.9; rv:50.0) Gecko/20100101 Firefox/50.0"
216.244.66.239 - - [24/Aug/2026:22:58:11 +0500] "GET /uz/facts-uzb/374-08-fact-07-04-2022-rk HTTP/1.1" 200 68925 "-" "Mozilla/5.0 (compatible; DotBot/1.2; +https://opensiteexplorer.org/dotbot; help@moz.com)"
216.244.66.239 - - [24/Aug/2026:22:59:27 +0500] "GET /uz/facts-uzb/329-36act-04-11-2020 HTTP/1.1" 200 76634 "-" "Mozilla/5.0 (compatible; DotBot/1.2; +https://opensiteexplorer.org/dotbot; help@moz.com)"
216.244.66.239 - - [24/Aug/2026:23:02:01 +0500] "GET /uz/jsc-docs-uzb/406-pol-osa-2022-pdf HTTP/1.1" 200 60387 "-" "Mozilla/5.0 (compatible; DotBot/1.2; +https://opensiteexplorer.org/dotbot; help@moz.com)"
43.156.37.91 - - [24/Aug/2026:23:03:41 +0500] "GET /uz/component/mailto/?tmpl=component&template=zo2_zizia&link=302a2b213e06ef74da78db5d2c3c34245aee20b0 HTTP/1.1" 200 13270 "-" "Mozilla/5.0 (iPhone; CPU iPhone OS 13_2_3 like Mac OS X) AppleWebKit/605.1.15 (KHTML, like Gecko) Version/13.0.3 Mobile/15E148 Safari/604.1"
34.10.180.98 - - [24/Aug/2026:23:03:43 +0500] "GET /ru/balans-rus/262-balans-3-2018?print=1&tmpl=component HTTP/1.1" 200 13073 "-" "Mozilla/5.0 (Macintosh; Intel Mac OS X 10_15_7) AppleWebKit/537.36 (KHTML, like Gecko) Chrome/120.0.0.0 Safari/537.36"
216.244.66.239 - - [24/Aug/2026:23:03:43 +0500] "GET /ru/balans-rus/283-balans-1-2019 HTTP/1.1" 200 65437 "-" "Mozilla/5.0 (compatible; DotBot/1.2; +https://opensiteexplorer.org/dotbot; help@moz.com)"
34.171.68.95 - - [24/Aug/2026:23:05:02 +0500] "GET /ru/component/search/?Itemid=892&catid=102&format=opensearch&id=253 HTTP/1.1" 200 682 "-" "Mozilla/5.0 (Macintosh; Intel Mac OS X 10_15_7) AppleWebKit/537.36 (KHTML, like Gecko) Chrome/120.0.0.0 Safari/537.36"
132.226.107.15 - - [24/Aug/2026:23:05:12 +0500] "GET /ru/votes-rus?template=accessibility HTTP/1.1" 200 28371 "-" "Mozilla/5.0 (X11; Linux aarch64) AppleWebKit/537.36 (KHTML, like Gecko) Chrome/139.0.0.0 Safari/537.36"
51.81.164.205 - - [24/Aug/2026:23:06:09 +0500] "GET /robots.txt HTTP/1.1" 200 865 "-" "Mozilla/5.0 (compatible; AhrefsBot/7.0; +http://ahrefs.com/robot/)"
34.171.68.95 - - [24/Aug/2026:23:06:10 +0500] "GET /ru/component/search/?Itemid=925&catid=103&format=opensearch&id=290 HTTP/1.1" 200 694 "-" "Mozilla/5.0 (Macintosh; Intel Mac OS X 10_15_7) AppleWebKit/537.36 (KHTML, like Gecko) Chrome/120.0.0.0 Safari/537.36"
51.89.74.201 - - [24/Aug/2026:23:06:10 +0500] "GET /uz/106-jsc-events HTTP/1.1" 200 65278 "-" "Mozilla/5.0 (compatible; AhrefsBot/7.0; +http://ahrefs.com/robot/)"
34.10.180.98 - - [24/Aug/2026:23:06:45 +0500] "GET /ru/officially-rus/arhiv-rus?format=feed&template=accessibility&type=atom HTTP/1.1" 200 2869 "-" "Mozilla/5.0 (Macintosh; Intel Mac OS X 10_15_7) AppleWebKit/537.36 (KHTML, like Gecko) Chrome/120.0.0.0 Safari/537.36"
132.226.126.229 - - [24/Aug/2026:23:09:04 +0500] "GET /uz/component/mailto?link=e4b3177eb8e16283446ce2b544be1887c5c97999&template=accessibility&tmpl=component HTTP/1.1" 200 9701 "-" "Mozilla/5.0 (X11; Linux aarch64) AppleWebKit/537.36 (KHTML, like Gecko) Chrome/139.0.0.0 Safari/537.36"
54.37.252.229 - - [24/Aug/2026:23:09:28 +0500] "GET /robots.txt HTTP/1.1" 200 865 "-" "Mozilla/5.0 (compatible; MJ12bot/v1.4.8; http://mj12bot.com/)"
34.56.53.225 - - [24/Aug/2026:23:09:31 +0500] "GET /ru/info-for-shareholders-rus?format=feed&template=Zo2_zizia&type=atom HTTP/1.1" 200 13304 "-" "Mozilla/5.0 (Macintosh; Intel Mac OS X 10_15_7) AppleWebKit/537.36 (KHTML, like Gecko) Chrome/120.0.0.0 Safari/537.36"
54.37.252.229 - - [24/Aug/2026:23:09:30 +0500] "GET /uz/balans-uzb/468-balans-3-2024 HTTP/1.1" 200 60194 "-" "Mozilla/5.0 (compatible; MJ12bot/v1.4.8; http://mj12bot.com/)"
54.37.252.229 - - [24/Aug/2026:23:09:37 +0500] "GET /uz/component/mailto/?tmpl=component&template=zo2_zizia&link=5145c5294153af56d605b1766d66a237ed06a48d HTTP/1.1" 200 13270 "-" "Mozilla/5.0 (compatible; MJ12bot/v1.4.8; http://mj12bot.com/)"
54.37.252.229 - - [24/Aug/2026:23:09:43 +0500] "GET /uz/officially-uzb/news-uzb/504-meting-osa-08-04-2026?tmpl=component&print=1&layout=default HTTP/1.1" 508 288 "-" "Mozilla/5.0 (compatible; MJ12bot/v1.4.8; http://mj12bot.com/)"
34.10.180.98 - - [24/Aug/2026:23:09:40 +0500] "GET /ru/component/search/?Itemid=1084&catid=111&format=opensearch&id=243 HTTP/1.1" 200 695 "-" "Mozilla/5.0 (Macintosh; Intel Mac OS X 10_15_7) AppleWebKit/537.36 (KHTML, like Gecko) Chrome/120.0.0.0 Safari/537.36"
54.37.252.229 - - [24/Aug/2026:23:11:32 +0500] "GET /robots.txt HTTP/1.1" 200 865 "-" "Mozilla/5.0 (compatible; MJ12bot/v1.4.8; http://mj12bot.com/)"
54.37.252.229 - - [24/Aug/2026:23:11:34 +0500] "GET /ru/component/mailto/?tmpl=component&template=zo2_zizia&link=bd3b823c2a5f51dd24e74f900bf6e22161250612 HTTP/1.1" 200 13315 "-" "Mozilla/5.0 (compatible; MJ12bot/v1.4.8; http://mj12bot.com/)"
44.195.50.71 - - [24/Aug/2026:23:12:13 +0500] "GET /uz/89-uzbek/about-org-uzb?format=feed&type=atom HTTP/1.1" 200 57122 "-" "Mozilla/5.0 AppleWebKit/537.36 (KHTML, like Gecko; compatible; Amazonbot/0.1; +https://developer.amazon.com/support/amazonbot) Chrome/119.0.6045.214 Safari/537.36"
3.230.69.161 - - [24/Aug/2026:23:12:27 +0500] "GET /uz/officially-uzb/arhiv-uzb-2?format=feed&template=accessibility&type=rss HTTP/1.1" 200 1980 "-" "Mozilla/5.0 AppleWebKit/537.36 (KHTML, like Gecko; compatible; Amazonbot/0.1; +https://developer.amazon.com/support/amazonbot) Chrome/119.0.6045.214 Safari/537.36"
52.73.142.41 - - [24/Aug/2026:23:12:21 +0500] "GET /uz/92-uzbek/officially-uzb?start=18 HTTP/1.1" 200 86830 "-" "Mozilla/5.0 AppleWebKit/537.36 (KHTML, like Gecko; compatible; Amazonbot/0.1; +https://developer.amazon.com/support/amazonbot) Chrome/119.0.6045.214 Safari/537.36"
3.221.156.96 - - [24/Aug/2026:23:12:31 +0500] "GET /uz/92-uzbek/officially-uzb?start=6 HTTP/1.1" 200 85462 "-" "Mozilla/5.0 AppleWebKit/537.36 (KHTML, like Gecko; compatible; Amazonbot/0.1; +https://developer.amazon.com/support/amazonbot) Chrome/119.0.6045.214 Safari/537.36"
54.37.252.229 - - [24/Aug/2026:23:13:32 +0500] "GET /ru/info-for-shareholders-rus/492-kpe-6-2025?tmpl=component&print=1 HTTP/1.1" 200 13310 "-" "Mozilla/5.0 (compatible; MJ12bot/v1.4.8; http://mj12bot.com/)"
54.37.252.229 - - [24/Aug/2026:23:14:09 +0500] "GET /ru/reports-rus/493-report-2024-full HTTP/1.1" 200 64695 "-" "Mozilla/5.0 (compatible; MJ12bot/v1.4.8; http://mj12bot.com/)"
43.157.52.37 - - [24/Aug/2026:23:14:17 +0500] "GET /uz/events-uzb/382-events-5 HTTP/1.1" 200 57561 "-" "Mozilla/5.0 (iPhone; CPU iPhone OS 13_2_3 like Mac OS X) AppleWebKit/605.1.15 (KHTML, like Gecko) Version/13.0.3 Mobile/15E148 Safari/604.1"
34.10.180.98 - - [24/Aug/2026:23:14:23 +0500] "GET /uz/component/search/?Itemid=847&format=opensearch&template=accessibility HTTP/1.1" 200 700 "-" "Mozilla/5.0 (Macintosh; Intel Mac OS X 10_15_7) AppleWebKit/537.36 (KHTML, like Gecko) Chrome/120.0.0.0 Safari/537.36"
54.37.252.229 - - [24/Aug/2026:23:14:24 +0500] "GET /uz/balans-uzb/491-balans-6-2025?tmpl=component&print=1 HTTP/1.1" 200 12502 "-" "Mozilla/5.0 (compatible; MJ12bot/v1.4.8; http://mj12bot.com/)"
54.37.252.229 - - [24/Aug/2026:23:14:53 +0500] "GET /uz/component/mailto/?tmpl=component&template=zo2_zizia&link=383f23b5dbce00edccdb31fa06789c33ae249e28 HTTP/1.1" 200 13366 "-" "Mozilla/5.0 (compatible; MJ12bot/v1.4.8; http://mj12bot.com/)"
34.10.180.98 - - [24/Aug/2026:23:14:53 +0500] "GET /uz/component/search/?Itemid=1176&format=opensearch&id=94 HTTP/1.1" 200 668 "-" "Mozilla/5.0 (Macintosh; Intel Mac OS X 10_15_7) AppleWebKit/537.36 (KHTML, like Gecko) Chrome/120.0.0.0 Safari/537.36"
54.37.252.229 - - [24/Aug/2026:23:15:00 +0500] "GET /uz/component/mailto/?tmpl=component&template=zo2_zizia&link=8acd4db629dc17470ea5d7d0b8c6c30119945343 HTTP/1.1" 200 13366 "-" "Mozilla/5.0 (compatible; MJ12bot/v1.4.8; http://mj12bot.com/)"
50.174.29.52 - - [24/Aug/2026:23:15:06 +0500] "GET /images/news/meeting.png HTTP/1.1" 200 5148 "http://kuylyuk-bozori.uz/uz/officially-uzb/vacancies-uzb" "Mozilla/5.0 (Macintosh; Intel Mac OS X 10_15_7) AppleWebKit/537.36 (KHTML, like Gecko) Chrome/131.0.0.0 Safari/537.36"
34.171.68.95 - - [24/Aug/2026:23:15:22 +0500] "GET /ru/info-for-shareholders-rus/218-protokol-osa-15-05-17-uzb?print=1&tmpl=component HTTP/1.1" 200 39065 "-" "Mozilla/5.0 (Macintosh; Intel Mac OS X 10_15_7) AppleWebKit/537.36 (KHTML, like Gecko) Chrome/120.0.0.0 Safari/537.36"
54.37.252.229 - - [24/Aug/2026:23:15:25 +0500] "GET /uz/reports-uzb/493-report-2024-full?tmpl=component&print=1 HTTP/1.1" 200 12384 "-" "Mozilla/5.0 (compatible; MJ12bot/v1.4.8; http://mj12bot.com/)"
129.146.79.220 - - [24/Aug/2026:23:16:49 +0500] "GET /uz/95-russian/officially-rus/tenders-rus/302-tender-fin-act-2020 HTTP/1.1" 200 67704 "-" "Mozilla/5.0 (X11; Linux aarch64) AppleWebKit/537.36 (KHTML, like Gecko) Chrome/139.0.0.0 Safari/537.36"
34.30.223.149 - - [24/Aug/2026:23:17:05 +0500] "GET /ru/component/search/?Itemid=1084&catid=111&format=opensearch&id=219 HTTP/1.1" 200 683 "-" "Mozilla/5.0 (Macintosh; Intel Mac OS X 10_15_7) AppleWebKit/537.36 (KHTML, like Gecko) Chrome/120.0.0.0 Safari/537.36"
185.191.171.4 - - [24/Aug/2026:23:18:43 +0500] "GET /robots.txt HTTP/1.1" 200 865 "-" "Mozilla/5.0 (compatible; SemrushBot/7~bl; +http://www.semrush.com/bot.html)"
185.191.171.4 - - [24/Aug/2026:23:18:46 +0500] "GET /uz/officially-uzb/vacancies-uzb/273-news-18-04-2019 HTTP/1.1" 200 63359 "-" "Mozilla/5.0 (compatible; SemrushBot/7~bl; +http://www.semrush.com/bot.html)"
34.10.180.98 - - [24/Aug/2026:23:19:06 +0500] "GET /uz/component/search/?Itemid=1085&catid=111&format=opensearch&id=255 HTTP/1.1" 200 695 "-" "Mozilla/5.0 (Macintosh; Intel Mac OS X 10_15_7) AppleWebKit/537.36 (KHTML, like Gecko) Chrome/120.0.0.0 Safari/537.36"
34.10.180.98 - - [24/Aug/2026:23:20:18 +0500] "GET /uz/balans-uzb/251-balans-1-2-2018?print=1&tmpl=component HTTP/1.1" 200 12986 "-" "Mozilla/5.0 (Macintosh; Intel Mac OS X 10_15_7) AppleWebKit/537.36 (KHTML, like Gecko) Chrome/120.0.0.0 Safari/537.36"
34.56.53.225 - - [24/Aug/2026:23:21:11 +0500] "GET /docs/reports/balans-3-2018.xlsx HTTP/1.1" 200 37819 "-" "Mozilla/5.0 (Macintosh; Intel Mac OS X 10_15_7) AppleWebKit/537.36 (KHTML, like Gecko) Chrome/120.0.0.0 Safari/537.36"
34.171.68.95 - - [24/Aug/2026:23:21:07 +0500] "GET /uz/component/search/?Itemid=843&format=opensearch&template=Zo2_zizia HTTP/1.1" 200 692 "-" "Mozilla/5.0 (Macintosh; Intel Mac OS X 10_15_7) AppleWebKit/537.36 (KHTML, like Gecko) Chrome/120.0.0.0 Safari/537.36"
54.222.243.8 - - [24/Aug/2026:23:21:55 +0500] "GET /docs/bayon/bayon_ns-06.02.2019.pdf HTTP/1.1" 200 592076 "-" "Mozilla/5.0 (iPhone; CPU iPhone OS 11_0 like Mac OS X) AppleWebKit/537.36 (KHTML, like Gecko) Chrome/42.0.8029.1814 Mobile Safari/537.36"
34.56.53.225 - - [24/Aug/2026:23:23:09 +0500] "GET /ru/officially-rus/tenders-rus?format=feed&template=Zo2_zizia&type=rss HTTP/1.1" 200 5302 "-" "Mozilla/5.0 (Macintosh; Intel Mac OS X 10_15_7) AppleWebKit/537.36 (KHTML, like Gecko) Chrome/120.0.0.0 Safari/537.36"
34.10.180.98 - - [24/Aug/2026:23:23:47 +0500] "GET /ru/invest-rus/93-russian/shareholders-rus?format=feed&type=atom HTTP/1.1" 200 598521 "-" "Mozilla/5.0 (Macintosh; Intel Mac OS X 10_15_7) AppleWebKit/537.36 (KHTML, like Gecko) Chrome/120.0.0.0 Safari/537.36"
34.42.229.145 - - [24/Aug/2026:23:24:24 +0500] "GET /ru/component/search/?Itemid=892&catid=102&format=opensearch&id=465 HTTP/1.1" 200 694 "-" "Mozilla/5.0 (Macintosh; Intel Mac OS X 10_15_7) AppleWebKit/537.36 (KHTML, like Gecko) Chrome/120.0.0.0 Safari/537.36"
43.166.130.123 - - [24/Aug/2026:23:24:28 +0500] "GET /ru/officially-rus/norm-baza-rus HTTP/1.1" 200 68561 "-" "Mozilla/5.0 (iPhone; CPU iPhone OS 13_2_3 like Mac OS X) AppleWebKit/605.1.15 (KHTML, like Gecko) Version/13.0.3 Mobile/15E148 Safari/604.1"
85.208.96.193 - - [24/Aug/2026:23:24:55 +0500] "GET /robots.txt HTTP/1.1" 200 865 "-" "Mozilla/5.0 (compatible; SemrushBot/7~bl; +http://www.semrush.com/bot.html)"
85.208.96.199 - - [24/Aug/2026:23:24:56 +0500] "GET /uz/officially-uzb/news-uzb HTTP/1.1" 200 73376 "-" "Mozilla/5.0 (compatible; SemrushBot/7~bl; +http://www.semrush.com/bot.html)"
34.10.180.98 - - [24/Aug/2026:23:26:36 +0500] "GET /uz/facts-uzb/227-36-fact-15-11-17?print=1&tmpl=component HTTP/1.1" 200 16036 "-" "Mozilla/5.0 (Macintosh; Intel Mac OS X 10_15_7) AppleWebKit/537.36 (KHTML, like Gecko) Chrome/120.0.0.0 Safari/537.36"
85.208.96.211 - - [24/Aug/2026:23:27:27 +0500] "GET /uz/sitemap-uzb?template=accessibility HTTP/1.1" 200 22413 "-" "Mozilla/5.0 (compatible; SemrushBot/7~bl; +http://www.semrush.com/bot.html)"
34.123.149.87 - - [24/Aug/2026:23:29:42 +0500] "GET /ru/officially-rus/news-rus/194-emission-cancel-28-07-16 HTTP/1.1" 200 65841 "-" "Mozilla/5.0 (Macintosh; Intel Mac OS X 10_15_7) AppleWebKit/537.36 (KHTML, like Gecko) Chrome/120.0.0.0 Safari/537.36"
40.77.167.42 - - [24/Aug/2026:23:31:15 +0500] "GET /ru/component/mailto/?tmpl=component&template=zo2_zizia&link=352c0e0cb291c3df4d4eddc453ec976ada9bdff7 HTTP/1.1" 200 13219 "-" "Mozilla/5.0 AppleWebKit/537.36 (KHTML, like Gecko; compatible; bingbot/2.0; +http://www.bing.com/bingbot.htm) Chrome/116.0.1938.76 Safari/537.36"
216.244.66.239 - - [24/Aug/2026:23:33:01 +0500] "GET /ru/86-uzbek HTTP/1.1" 200 90420 "-" "Mozilla/5.0 (compatible; DotBot/1.2; +https://opensiteexplorer.org/dotbot; help@moz.com)"
34.10.180.98 - - [24/Aug/2026:23:33:38 +0500] "GET /ru/facts-rus/343-08-fact-17-03-2021-ns HTTP/1.1" 200 73107 "-" "Mozilla/5.0 (Macintosh; Intel Mac OS X 10_15_7) AppleWebKit/537.36 (KHTML, like Gecko) Chrome/120.0.0.0 Safari/537.36"
43.160.240.216 - - [24/Aug/2026:23:36:24 +0500] "GET /ru/jsc-docs-rus HTTP/1.1" 200 68601 "-" "Mozilla/5.0 (iPhone; CPU iPhone OS 13_2_3 like Mac OS X) AppleWebKit/605.1.15 (KHTML, like Gecko) Version/13.0.3 Mobile/15E148 Safari/604.1"
147.224.252.88 - - [24/Aug/2026:23:37:11 +0500] "GET /ru/bussiness-plans-rus?start=10 HTTP/1.1" 200 15601 "-" "Mozilla/5.0 (X11; Linux aarch64) AppleWebKit/537.36 (KHTML, like Gecko) Chrome/139.0.0.0 Safari/537.36"
34.171.68.95 - - [24/Aug/2026:23:37:13 +0500] "GET /ru/component/search/?Itemid=822&catid=116&format=opensearch&id=440 HTTP/1.1" 200 682 "-" "Mozilla/5.0 (Macintosh; Intel Mac OS X 10_15_7) AppleWebKit/537.36 (KHTML, like Gecko) Chrome/120.0.0.0 Safari/537.36"
147.224.252.88 - - [24/Aug/2026:23:37:20 +0500] "GET /ru/bussiness-plans-rus?start=10 HTTP/1.1" 200 65269 "-" "Mozilla/5.0 (X11; Linux aarch64) AppleWebKit/537.36 (KHTML, like Gecko) Chrome/139.0.0.0 Safari/537.36"
136.119.35.120 - - [24/Aug/2026:23:37:36 +0500] "GET /ru/reports-rus?template=Zo2_zizia HTTP/1.1" 200 69667 "-" "Mozilla/5.0 (Macintosh; Intel Mac OS X 10_15_7) AppleWebKit/537.36 (KHTML, like Gecko) Chrome/120.0.0.0 Safari/537.36"
216.244.66.239 - - [24/Aug/2026:23:38:06 +0500] "GET /ru/85-russian?start=36 HTTP/1.1" 200 236062 "-" "Mozilla/5.0 (compatible; DotBot/1.2; +https://opensiteexplorer.org/dotbot; help@moz.com)"
34.10.180.98 - - [24/Aug/2026:23:38:30 +0500] "GET /uz/officially-uzb/news-uzb/335-meeting-17-03-21-uzb?layout=default&print=1&tmpl=component HTTP/1.1" 200 16845 "-" "Mozilla/5.0 (Macintosh; Intel Mac OS X 10_15_7) AppleWebKit/537.36 (KHTML, like Gecko) Chrome/120.0.0.0 Safari/537.36"
35.254.159.230 - - [24/Aug/2026:23:38:39 +0500] "GET /uz/component/search/?Itemid=867&catid=110&format=opensearch&id=305 HTTP/1.1" 200 694 "-" "Mozilla/5.0 (Macintosh; Intel Mac OS X 10_15_7) AppleWebKit/537.36 (KHTML, like Gecko) Chrome/120.0.0.0 Safari/537.36"
216.244.66.239 - - [24/Aug/2026:23:39:07 +0500] "GET /ru/87-russian/about-org-rus HTTP/1.1" 200 110073 "-" "Mozilla/5.0 (compatible; DotBot/1.2; +https://opensiteexplorer.org/dotbot; help@moz.com)"
34.10.180.98 - - [24/Aug/2026:23:39:45 +0500] "GET /ru/component/search/?Itemid=892&catid=102&format=opensearch&id=251 HTTP/1.1" 200 682 "-" "Mozilla/5.0 (Macintosh; Intel Mac OS X 10_15_7) AppleWebKit/537.36 (KHTML, like Gecko) Chrome/120.0.0.0 Safari/537.36"
50.17.101.143 - - [24/Aug/2026:23:40:37 +0500] "GET / HTTP/1.1" 301 - "-" "Mozilla/5.0 (X11; Linux x86_64) AppleWebKit/537.36 (KHTML, like Gecko) HeadlessChrome/131.0.6778.85 Safari/537.36"
50.17.101.143 - - [24/Aug/2026:23:40:42 +0500] "GET /uz/ HTTP/1.1" 200 83681 "-" "Mozilla/5.0 (X11; Linux x86_64) AppleWebKit/537.36 (KHTML, like Gecko) HeadlessChrome/131.0.6778.85 Safari/537.36"
216.73.216.20 - - [24/Aug/2026:23:41:25 +0500] "GET /robots.txt HTTP/1.1" 200 865 "-" "Mozilla/5.0 AppleWebKit/537.36 (KHTML, like Gecko; compatible; ClaudeBot/1.0; +claudebot@anthropic.com)"
216.73.216.20 - - [24/Aug/2026:23:41:25 +0500] "GET /ru/component/mailto/?link=83a9322487d429680b5baa24b9945319fc84279d&template=zo2_zizia&tmpl=component HTTP/1.1" 200 13219 "-" "Mozilla/5.0 AppleWebKit/537.36 (KHTML, like Gecko; compatible; ClaudeBot/1.0; +claudebot@anthropic.com)"
216.73.216.20 - - [24/Aug/2026:23:41:27 +0500] "GET /ru/about-org-rus/activity-rus/91-russian/officially-rus HTTP/1.1" 200 80435 "-" "Mozilla/5.0 AppleWebKit/537.36 (KHTML, like Gecko; compatible; ClaudeBot/1.0; +claudebot@anthropic.com)"
216.73.216.20 - - [24/Aug/2026:23:42:17 +0500] "GET /ru/interactive-rus/faq-rus HTTP/1.1" 200 67988 "-" "Mozilla/5.0 AppleWebKit/537.36 (KHTML, like Gecko; compatible; ClaudeBot/1.0; +claudebot@anthropic.com)"
123.25.63.130 - - [24/Aug/2026:23:42:20 +0500] "GET /filefuns.php HTTP/1.1" 200 8 "-" "Mozlila/5.0 (Linux; Android 7.0; SM-G892A Bulid/NRD90M; wv) AppleWebKit/537.36 (KHTML, like Gecko) Version/4.0 Chrome/60.0.3112.107 Moblie Safari/537.36"
34.171.68.95 - - [24/Aug/2026:23:42:40 +0500] "GET /ru/balans-rus/319-balans-1-2020?print=1&tmpl=component HTTP/1.1" 200 12605 "-" "Mozilla/5.0 (Macintosh; Intel Mac OS X 10_15_7) AppleWebKit/537.36 (KHTML, like Gecko) Chrome/120.0.0.0 Safari/537.36"
216.73.216.20 - - [24/Aug/2026:23:42:43 +0500] "GET /ru/bussiness-plans-rus HTTP/1.1" 200 70056 "-" "Mozilla/5.0 AppleWebKit/537.36 (KHTML, like Gecko; compatible; ClaudeBot/1.0; +claudebot@anthropic.com)"
216.73.216.20 - - [24/Aug/2026:23:43:24 +0500] "GET /sitemap.xml HTTP/1.1" 301 - "-" "Mozilla/5.0 AppleWebKit/537.36 (KHTML, like Gecko; compatible; ClaudeBot/1.0; +claudebot@anthropic.com)"
216.73.216.20 - - [24/Aug/2026:23:43:27 +0500] "GET /uz/sitemap.xml HTTP/1.1" 404 1417 "http://kuylyuk-bozori.uz/sitemap.xml" "Mozilla/5.0 AppleWebKit/537.36 (KHTML, like Gecko; compatible; ClaudeBot/1.0; +claudebot@anthropic.com)"
216.73.216.20 - - [24/Aug/2026:23:45:27 +0500] "GET /ru/component/search/?Itemid=816&format=opensearch&id=85 HTTP/1.1" 200 667 "-" "Mozilla/5.0 AppleWebKit/537.36 (KHTML, like Gecko; compatible; ClaudeBot/1.0; +claudebot@anthropic.com)"
216.73.216.20 - - [24/Aug/2026:23:45:27 +0500] "GET /ru/about-org-rus/activity-rus/93-russian/shareholders-rus HTTP/1.1" 200 106899 "-" "Mozilla/5.0 AppleWebKit/537.36 (KHTML, like Gecko; compatible; ClaudeBot/1.0; +claudebot@anthropic.com)"
43.165.2.110 - - [24/Aug/2026:23:45:41 +0500] "GET /uz/about-org-uzb/information-on-the-financial-uzb?tmpl=component&print=1 HTTP/1.1" 200 12382 "-" "Mozilla/5.0 (iPhone; CPU iPhone OS 13_2_3 like Mac OS X) AppleWebKit/605.1.15 (KHTML, like Gecko) Version/13.0.3 Mobile/15E148 Safari/604.1"
216.244.66.239 - - [24/Aug/2026:23:46:14 +0500] "GET /uz/facts-uzb/298-08-fact-21-11-2019 HTTP/1.1" 200 68206 "-" "Mozilla/5.0 (compatible; DotBot/1.2; +https://opensiteexplorer.org/dotbot; help@moz.com)"
34.10.180.98 - - [24/Aug/2026:23:46:55 +0500] "GET /ru/component/mailto/?link=1ef2d38e0b1a6ace9add4e2d49c0cb331fc69ead&template=zo2_zizia&tmpl=component HTTP/1.1" 200 13219 "-" "Mozilla/5.0 (Macintosh; Intel Mac OS X 10_15_7) AppleWebKit/537.36 (KHTML, like Gecko) Chrome/120.0.0.0 Safari/537.36"
34.61.96.6 - - [24/Aug/2026:23:47:11 +0500] "GET /ru/balans-rus/202-balance-2016-full HTTP/1.1" 508 288 "-" "Mozilla/5.0 (Macintosh; Intel Mac OS X 10_15_7) AppleWebKit/537.36 (KHTML, like Gecko) Chrome/120.0.0.0 Safari/537.36"
44.213.202.136 - - [24/Aug/2026:23:47:09 +0500] "GET /uz/officially-uzb/vacancies-uzb/273-news-18-04-2019 HTTP/1.1" 200 63359 "-" "Mozilla/5.0 AppleWebKit/537.36 (KHTML, like Gecko; compatible; Amazonbot/0.1; +https://developer.amazon.com/support/amazonbot) Chrome/119.0.6045.214 Safari/537.36"
51.83.100.230 - - [24/Aug/2026:23:49:07 +0500] "GET /robots.txt HTTP/1.1" 200 865 "-" "Mozilla/5.0 (compatible; MJ12bot/v1.4.8; http://mj12bot.com/)"
51.83.100.230 - - [24/Aug/2026:23:49:08 +0500] "GET /uz/about-org-uzb/direction-uzb/92-uzbek/officially-uzb HTTP/1.1" 200 75573 "-" "Mozilla/5.0 (compatible; MJ12bot/v1.4.8; http://mj12bot.com/)"
216.244.66.239 - - [24/Aug/2026:23:49:57 +0500] "GET /ru/audit-rus/271-audit-2018-rus HTTP/1.1" 508 288 "-" "Mozilla/5.0 (compatible; DotBot/1.2; +https://opensiteexplorer.org/dotbot; help@moz.com)"
34.123.149.87 - - [24/Aug/2026:23:50:41 +0500] "GET /ru/balans-rus/434-balans-2022?print=1&tmpl=component HTTP/1.1" 200 12557 "-" "Mozilla/5.0 (Macintosh; Intel Mac OS X 10_15_7) AppleWebKit/537.36 (KHTML, like Gecko) Chrome/120.0.0.0 Safari/537.36"
34.10.180.98 - - [24/Aug/2026:23:51:26 +0500] "GET /ru/info-for-shareholders-rus/282-kpe-1-2019?print=1&tmpl=component HTTP/1.1" 200 13221 "-" "Mozilla/5.0 (Macintosh; Intel Mac OS X 10_15_7) AppleWebKit/537.36 (KHTML, like Gecko) Chrome/120.0.0.0 Safari/537.36"
216.244.66.239 - - [24/Aug/2026:23:52:16 +0500] "GET /uz/balans-uzb/193-2016-2-kvartal-forma-1 HTTP/1.1" 200 60627 "-" "Mozilla/5.0 (compatible; DotBot/1.2; +https://opensiteexplorer.org/dotbot; help@moz.com)"
216.244.66.239 - - [24/Aug/2026:23:53:05 +0500] "GET /uz/info-for-shareholders-uzb/388-kpe-1-2022 HTTP/1.1" 200 61114 "-" "Mozilla/5.0 (compatible; DotBot/1.2; +https://opensiteexplorer.org/dotbot; help@moz.com)"
34.171.68.95 - - [24/Aug/2026:23:54:20 +0500] "GET /uz/interactive-uzb/faq-uzb/92-uzbek/officially-uzb?format=feed&type=rss HTTP/1.1" 200 12084 "-" "Mozilla/5.0 (Macintosh; Intel Mac OS X 10_15_7) AppleWebKit/537.36 (KHTML, like Gecko) Chrome/120.0.0.0 Safari/537.36"
216.244.66.239 - - [24/Aug/2026:23:54:39 +0500] "GET /uz/affil-uzb/86-uzbek HTTP/1.1" 200 75958 "-" "Mozilla/5.0 (compatible; DotBot/1.2; +https://opensiteexplorer.org/dotbot; help@moz.com)"
18.210.58.238 - - [24/Aug/2026:23:55:16 +0500] "GET /uz/inv-portfel-uzb HTTP/1.1" 200 62363 "-" "Mozilla/5.0 AppleWebKit/537.36 (KHTML, like Gecko; compatible; Amazonbot/0.1; +https://developer.amazon.com/support/amazonbot) Chrome/119.0.6045.214 Safari/537.36"
40.85.222.29 - - [24/Aug/2026:23:56:04 +0500] "GET /wp-content/plugins/hellopress/wp_filemanager.php HTTP/1.1" 301 - "-" "-"
40.85.222.29 - - [24/Aug/2026:23:56:05 +0500] "GET /uz/wp-content/plugins/hellopress/wp_filemanager.php HTTP/1.1" 404 1415 "-" "-"
40.85.222.29 - - [24/Aug/2026:23:56:07 +0500] "GET /this_is_a_new_hello_world.php HTTP/1.1" 301 - "-" "-"
40.85.222.29 - - [24/Aug/2026:23:56:08 +0500] "GET /uz/this_is_a_new_hello_world.php HTTP/1.1" 404 1417 "-" "-"
40.85.222.29 - - [24/Aug/2026:23:56:12 +0500] "GET /wp-includes/theme-compat/index.php HTTP/1.1" 301 - "-" "-"
40.85.222.29 - - [24/Aug/2026:23:56:14 +0500] "GET /uz/wp-includes/theme-compat/index.php HTTP/1.1" 404 1415 "-" "-"
40.85.222.29 - - [24/Aug/2026:23:56:20 +0500] "GET /wp-includes/ID3/index.php HTTP/1.1" 301 - "-" "-"
40.85.222.29 - - [24/Aug/2026:23:56:25 +0500] "GET /uz/wp-includes/ID3/index.php HTTP/1.1" 404 1415 "-" "-"
40.85.222.29 - - [24/Aug/2026:23:56:33 +0500] "GET /wp-includes/blocks/comment-template/index.php HTTP/1.1" 301 - "-" "-"
40.85.222.29 - - [24/Aug/2026:23:56:39 +0500] "GET /uz/wp-includes/blocks/comment-template/index.php HTTP/1.1" 404 1415 "-" "-"
40.85.222.29 - - [24/Aug/2026:23:56:48 +0500] "GET /wordpress/wp-includes/Requests/index.php HTTP/1.1" 301 - "-" "-"
40.85.222.29 - - [24/Aug/2026:23:56:52 +0500] "GET /uz/wordpress/wp-includes/Requests/index.php HTTP/1.1" 404 1415 "-" "-"
40.85.222.29 - - [24/Aug/2026:23:56:59 +0500] "GET /wp-login.php HTTP/1.1" 301 - "-" "-"
40.85.222.29 - - [24/Aug/2026:23:57:02 +0500] "GET /uz/wp-login.php HTTP/1.1" 404 1415 "-" "-"
43.166.130.123 - - [24/Aug/2026:23:57:06 +0500] "GET /ru/component/search/?Itemid=852&format=opensearch HTTP/1.1" 200 657 "-" "Mozilla/5.0 (iPhone; CPU iPhone OS 13_2_3 like Mac OS X) AppleWebKit/605.1.15 (KHTML, like Gecko) Version/13.0.3 Mobile/15E148 Safari/604.1"
40.85.222.29 - - [24/Aug/2026:23:57:15 +0500] "GET /uz/test/index.php HTTP/1.1" 508 288 "-" "-"
40.85.222.29 - - [24/Aug/2026:23:57:10 +0500] "GET /test/index.php HTTP/1.1" 301 - "-" "-"
40.85.222.29 - - [24/Aug/2026:23:57:21 +0500] "GET /uz/wp-includes/blocks/read-more/index.php HTTP/1.1" 508 288 "-" "-"
40.85.222.29 - - [24/Aug/2026:23:57:15 +0500] "GET /wp-includes/blocks/read-more/index.php HTTP/1.1" 301 - "-" "-"
216.73.216.20 - - [24/Aug/2026:23:57:15 +0500] "GET /uz/component/mailto/?link=fcf82e691750a15007b57657eb08bef82cdcd596&template=zo2_zizia&tmpl=component HTTP/1.1" 200 13270 "-" "Mozilla/5.0 AppleWebKit/537.36 (KHTML, like Gecko; compatible; ClaudeBot/1.0; +claudebot@anthropic.com)"
40.85.222.29 - - [24/Aug/2026:23:57:21 +0500] "GET /.well-known/index.php HTTP/1.1" 301 - "-" "-"
40.85.222.29 - - [24/Aug/2026:23:57:26 +0500] "GET /uz/.well-known/index.php HTTP/1.1" 404 1415 "-" "-"
40.85.222.29 - - [24/Aug/2026:23:57:36 +0500] "GET /css/index.php HTTP/1.1" 301 - "-" "-"
40.85.222.29 - - [24/Aug/2026:23:57:40 +0500] "GET /uz/css/index.php HTTP/1.1" 404 1415 "-" "-"
40.85.222.29 - - [24/Aug/2026:23:57:49 +0500] "GET /wp-content/uploads/gravity_forms/b/d/e/g/dfylbgoahqt.php HTTP/1.1" 301 - "-" "-"
40.85.222.29 - - [24/Aug/2026:23:57:53 +0500] "GET /uz/wp-content/uploads/gravity_forms/b/d/e/g/dfylbgoahqt.php HTTP/1.1" 404 1415 "-" "-"
40.85.222.29 - - [24/Aug/2026:23:58:04 +0500] "GET /wp-includes/js/thickbox/index.php HTTP/1.1" 301 - "-" "-"
40.85.222.29 - - [24/Aug/2026:23:58:07 +0500] "GET /uz/wp-includes/js/thickbox/index.php HTTP/1.1" 404 1415 "-" "-"
40.85.222.29 - - [24/Aug/2026:23:58:14 +0500] "GET /modules/mod_simplefileuploadv1.3/elements/Cyb3r.php HTTP/1.1" 301 - "-" "-"
40.85.222.29 - - [24/Aug/2026:23:58:17 +0500] "GET /uz/modules/mod_simplefileuploadv1.3/elements/Cyb3r.php HTTP/1.1" 404 1415 "-" "-"
40.85.222.29 - - [24/Aug/2026:23:58:25 +0500] "GET /wp-includes/php-compat/index.php HTTP/1.1" 301 - "-" "-"
40.85.222.29 - - [24/Aug/2026:23:58:28 +0500] "GET /uz/wp-includes/php-compat/index.php HTTP/1.1" 404 1415 "-" "-"
40.85.222.29 - - [24/Aug/2026:23:58:37 +0500] "GET /echkm.php HTTP/1.1" 301 - "-" "-"
40.85.222.29 - - [24/Aug/2026:23:58:40 +0500] "GET /uz/echkm.php HTTP/1.1" 404 1417 "-" "-"
40.85.222.29 - - [24/Aug/2026:23:58:52 +0500] "GET /wordpress/first.php HTTP/1.1" 301 - "-" "-"
40.85.222.29 - - [24/Aug/2026:23:58:57 +0500] "GET /uz/wordpress/first.php HTTP/1.1" 404 1415 "-" "-"
40.85.222.29 - - [24/Aug/2026:23:59:06 +0500] "GET /wp-includes/Text/about.php7 HTTP/1.1" 301 - "-" "-"
40.85.222.29 - - [24/Aug/2026:23:59:21 +0500] "GET //wp-content/index.php HTTP/1.1" 508 288 "-" "-"
40.85.222.29 - - [24/Aug/2026:23:59:21 +0500] "GET /wp/wp-includes//index.php HTTP/1.1" 508 288 "-" "-"
40.85.222.29 - - [24/Aug/2026:23:59:21 +0500] "GET /upload.php HTTP/1.1" 508 288 "-" "-"
40.85.222.29 - - [24/Aug/2026:23:59:21 +0500] "GET /images/gmapfp/xsamxadoo.php HTTP/1.1" 508 288 "-" "-"
40.85.222.29 - - [24/Aug/2026:23:59:22 +0500] "GET /wp-includes/pomo/index.php HTTP/1.1" 508 288 "-" "-"
40.85.222.29 - - [24/Aug/2026:23:59:22 +0500] "GET /wp-content/themes/home/index.php HTTP/1.1" 508 288 "-" "-"
40.85.222.29 - - [24/Aug/2026:23:59:10 +0500] "GET /uz/wp-includes/Text/about.php7 HTTP/1.1" 404 1415 "-" "-"
40.85.222.29 - - [24/Aug/2026:23:59:22 +0500] "GET //wp-includes/theme-compat/index.php HTTP/1.1" 301 - "-" "-"
216.244.66.239 - - [24/Aug/2026:23:59:09 +0500] "GET /uz/facts-uzb/463-sush-fakt-36-04-04-2024-docx HTTP/1.1" 200 60405 "-" "Mozilla/5.0 (compatible; DotBot/1.2; +https://opensiteexplorer.org/dotbot; help@moz.com)"
40.85.222.29 - - [24/Aug/2026:23:59:26 +0500] "GET /uz/wp-includes/theme-compat/index.php HTTP/1.1" 404 1415 "-" "-"
40.85.222.29 - - [24/Aug/2026:23:59:43 +0500] "GET /uz/403.php HTTP/1.1" 508 288 "-" "-"
40.85.222.29 - - [24/Aug/2026:23:59:37 +0500] "GET /403.php HTTP/1.1" 301 - "-" "-"
40.85.222.29 - - [24/Aug/2026:23:59:43 +0500] "GET /cgi-bin/mt/byp.php HTTP/1.1" 301 - "-" "-"
34.171.68.95 - - [24/Aug/2026:23:59:42 +0500] "GET /ru/component/search/?Itemid=826&catid=95&format=opensearch&id=301 HTTP/1.1" 200 681 "-" "Mozilla/5.0 (Macintosh; Intel Mac OS X 10_15_7) AppleWebKit/537.36 (KHTML, like Gecko) Chrome/120.0.0.0 Safari/537.36"
40.85.222.29 - - [24/Aug/2026:23:59:59 +0500] "GET //wp-includes/Text/Diff/index.php HTTP/1.1" 301 - "-" "-"
40.85.222.29 - - [24/Aug/2026:23:59:50 +0500] "GET /uz/cgi-bin/mt/byp.php HTTP/1.1" 404 1415 "-" "-"
40.85.222.29 - - [25/Aug/2026:00:00:03 +0500] "GET /uz/wp-includes/Text/Diff/index.php HTTP/1.1" 404 1415 "-" "-"
40.85.222.29 - - [25/Aug/2026:00:00:14 +0500] "GET /update/wpup.php HTTP/1.1" 301 - "-" "-"
40.85.222.29 - - [25/Aug/2026:00:00:29 +0500] "GET /wp-includes/Requests/index.php HTTP/1.1" 508 288 "-" "-"
40.85.222.29 - - [25/Aug/2026:00:00:19 +0500] "GET /uz/update/wpup.php HTTP/1.1" 404 1415 "-" "-"
34.123.149.87 - - [25/Aug/2026:00:00:26 +0500] "GET /uz/jsc-docs-uzb?format=feed&template=accessibility&type=atom HTTP/1.1" 200 355923 "-" "Mozilla/5.0 (Macintosh; Intel Mac OS X 10_15_7) AppleWebKit/537.36 (KHTML, like Gecko) Chrome/120.0.0.0 Safari/537.36"
51.83.100.230 - - [25/Aug/2026:00:00:36 +0500] "GET /robots.txt HTTP/1.1" 200 865 "-" "Mozilla/5.0 (compatible; MJ12bot/v1.4.8; http://mj12bot.com/)"
40.85.222.29 - - [25/Aug/2026:00:00:29 +0500] "GET /file.php HTTP/1.1" 301 - "-" "-"
40.85.222.29 - - [25/Aug/2026:00:00:44 +0500] "GET /wp-includes/js/jcrop/Jcrop.php HTTP/1.1" 508 288 "-" "-"
54.84.250.51 - - [25/Aug/2026:00:00:32 +0500] "GET /uz/officially-uzb/tenders-uzb?format=feed&type=rss HTTP/1.1" 200 5456 "-" "Mozilla/5.0 AppleWebKit/537.36 (KHTML, like Gecko; compatible; Amazonbot/0.1; +https://developer.amazon.com/support/amazonbot) Chrome/119.0.6045.214 Safari/537.36"
40.85.222.29 - - [25/Aug/2026:00:00:36 +0500] "GET /uz/file.php HTTP/1.1" 404 1417 "-" "-"
40.85.222.29 - - [25/Aug/2026:00:00:44 +0500] "GET /wp-includes/js/plupload/index.php HTTP/1.1" 301 - "-" "-"
51.83.100.230 - - [25/Aug/2026:00:00:37 +0500] "GET /uz/about-org-uzb/direction-uzb/92-uzbek/officially-uzb HTTP/1.1" 200 75573 "-" "Mozilla/5.0 (compatible; MJ12bot/v1.4.8; http://mj12bot.com/)"
40.85.222.29 - - [25/Aug/2026:00:01:00 +0500] "GET /security.php HTTP/1.1" 508 288 "-" "-"
40.85.222.29 - - [25/Aug/2026:00:01:00 +0500] "GET /wp-admin/css/colors/index.php HTTP/1.1" 508 288 "-" "-"
40.85.222.29 - - [25/Aug/2026:00:01:00 +0500] "GET /wp-content/plugins/hello-dolly/hello.php HTTP/1.1" 508 288 "-" "-"
40.85.222.29 - - [25/Aug/2026:00:00:51 +0500] "GET /uz/wp-includes/js/plupload/index.php HTTP/1.1" 404 1415 "-" "-"
40.85.222.29 - - [25/Aug/2026:00:01:00 +0500] "GET /wp-includes/js/tinymce/index.php HTTP/1.1" 301 - "-" "-"
40.85.222.29 - - [25/Aug/2026:00:01:15 +0500] "GET /wp-includes/fonts/about.php HTTP/1.1" 508 288 "-" "-"
40.85.222.29 - - [25/Aug/2026:00:01:16 +0500] "GET /byp.php HTTP/1.1" 301 - "-" "-"
40.85.222.29 - - [25/Aug/2026:00:01:07 +0500] "GET /uz/wp-includes/js/tinymce/index.php HTTP/1.1" 404 1415 "-" "-"
40.85.222.29 - - [25/Aug/2026:00:01:21 +0500] "GET /uz/byp.php HTTP/1.1" 404 1417 "-" "-"
40.85.222.29 - - [25/Aug/2026:00:01:38 +0500] "GET /uz/wp-includes/wp-conflg.php HTTP/1.1" 508 288 "-" "-"
40.85.222.29 - - [25/Aug/2026:00:01:31 +0500] "GET /wp-includes/wp-conflg.php HTTP/1.1" 301 - "-" "-"
40.85.222.29 - - [25/Aug/2026:00:01:38 +0500] "GET /wp-admin/user/802277/index.php HTTP/1.1" 301 - "-" "-"
40.85.222.29 - - [25/Aug/2026:00:01:54 +0500] "GET /wp-content/themes/index.php HTTP/1.1" 508 288 "-" "-"
40.85.222.29 - - [25/Aug/2026:00:01:54 +0500] "GET /wp-includes/Text/about.php HTTP/1.1" 508 288 "-" "-"
40.85.222.29 - - [25/Aug/2026:00:01:54 +0500] "GET /wp-content/ai1wm-backups/about.php HTTP/1.1" 508 288 "-" "-"
40.85.222.29 - - [25/Aug/2026:00:01:54 +0500] "GET /wp-includes/images/media/index.php HTTP/1.1" 508 288 "-" "-"
136.119.35.120 - - [25/Aug/2026:00:01:51 +0500] "GET /ru/component/search/?Itemid=892&catid=102&format=opensearch&id=364 HTTP/1.1" 200 694 "-" "Mozilla/5.0 (Macintosh; Intel Mac OS X 10_15_7) AppleWebKit/537.36 (KHTML, like Gecko) Chrome/120.0.0.0 Safari/537.36"
40.85.222.29 - - [25/Aug/2026:00:01:44 +0500] "GET /uz/wp-admin/user/802277/index.php HTTP/1.1" 404 1415 "-" "-"
40.85.222.29 - - [25/Aug/2026:00:01:55 +0500] "GET //2.php HTTP/1.1" 301 - "-" "-"
40.85.222.29 - - [25/Aug/2026:00:02:10 +0500] "GET /wp-admin/install.php HTTP/1.1" 508 288 "-" "-"
40.85.222.29 - - [25/Aug/2026:00:02:10 +0500] "GET /wp-includes/widgets/index.php HTTP/1.1" 301 - "-" "-"
40.85.222.29 - - [25/Aug/2026:00:02:02 +0500] "GET /uz/2.php HTTP/1.1" 404 1417 "-" "-"
40.85.222.29 - - [25/Aug/2026:00:02:25 +0500] "GET //system.php HTTP/1.1" 508 288 "-" "-"
