141.148.174.48 - - [24/Aug/2026:19:59:58 +0500] "GET /uz?template=accessibility HTTP/1.1" 200 - "-" "Mozilla/5.0 (X11; Linux aarch64) AppleWebKit/537.36 (KHTML, like Gecko) Chrome/139.0.0.0 Safari/537.36"
35.254.159.230 - - [24/Aug/2026:20:00:30 +0500] "GET /docs/indexes/kpe-2-2019.xls HTTP/1.1" 200 386048 "-" "Mozilla/5.0 (Macintosh; Intel Mac OS X 10_15_7) AppleWebKit/537.36 (KHTML, like Gecko) Chrome/120.0.0.0 Safari/537.36"
114.119.133.83 - - [24/Aug/2026:20:01:24 +0500] "GET /ru/officially-rus/news-rus?template=accessibility&start=4 HTTP/1.1" 200 38443 "http://kuylyuk-bozori.uz/ru/officially-rus/news-rus?template=accessibility&start=8" "Mozilla/5.0 (Linux; Android 7.0;) AppleWebKit/537.36 (HTML, like Gecko) Mobile Safari/537.36 (compatible; PetalBot;+https://webmaster.petalsearch.com/site/petalbot)"
34.56.53.225 - - [24/Aug/2026:20:01:48 +0500] "GET /ru/component/mailto/?link=a37704068d0d3f37fee901c10e5cc18aec33dec9&template=zo2_zizia&tmpl=component HTTP/1.1" 200 13219 "-" "Mozilla/5.0 (Macintosh; Intel Mac OS X 10_15_7) AppleWebKit/537.36 (KHTML, like Gecko) Chrome/120.0.0.0 Safari/537.36"
136.119.35.120 - - [24/Aug/2026:20:02:09 +0500] "GET /ru/component/search/?Itemid=854&catid=101&format=opensearch&id=463 HTTP/1.1" 508 288 "-" "Mozilla/5.0 (Macintosh; Intel Mac OS X 10_15_7) AppleWebKit/537.36 (KHTML, like Gecko) Chrome/120.0.0.0 Safari/537.36"
114.119.146.197 - - [24/Aug/2026:20:02:48 +0500] "GET /ru/about-org-rus/strategy-rus/85-russian HTTP/1.1" 200 80706 "http://kuylyuk-bozori.uz/ru/about-org-rus/strategy-rus/91-russian/officially-rus" "Mozilla/5.0 (Linux; Android 7.0;) AppleWebKit/537.36 (HTML, like Gecko) Mobile Safari/537.36 (compatible; PetalBot;+https://webmaster.petalsearch.com/site/petalbot)"
34.56.53.225 - - [24/Aug/2026:20:02:56 +0500] "GET /ru/officially-rus/old-acts-rus?format=feed&template=Zo2_zizia&type=rss HTTP/1.1" 200 25286 "-" "Mozilla/5.0 (Macintosh; Intel Mac OS X 10_15_7) AppleWebKit/537.36 (KHTML, like Gecko) Chrome/120.0.0.0 Safari/537.36"
114.119.153.171 - - [24/Aug/2026:20:05:49 +0500] "GET /ru/bussiness-plans-rus/311-bussiness-plan-2020?tmpl=component&print=1 HTTP/1.1" 200 13141 "http://kuylyuk-bozori.uz/ru/bussiness-plans-rus/311-bussiness-plan-2020" "Mozilla/5.0 (Linux; Android 7.0;) AppleWebKit/537.36 (HTML, like Gecko) Mobile Safari/537.36 (compatible; PetalBot;+https://webmaster.petalsearch.com/site/petalbot)"
34.10.180.98 - - [24/Aug/2026:20:08:14 +0500] "GET /uz/component/search/?Itemid=926&catid=103&format=opensearch&id=214 HTTP/1.1" 200 682 "-" "Mozilla/5.0 (Macintosh; Intel Mac OS X 10_15_7) AppleWebKit/537.36 (KHTML, like Gecko) Chrome/120.0.0.0 Safari/537.36"
136.119.35.120 - - [24/Aug/2026:20:08:25 +0500] "GET /ru/90-uzbek/news-uzb?format=feed&type=atom HTTP/1.1" 200 3018 "-" "Mozilla/5.0 (Macintosh; Intel Mac OS X 10_15_7) AppleWebKit/537.36 (KHTML, like Gecko) Chrome/120.0.0.0 Safari/537.36"
34.42.229.145 - - [24/Aug/2026:20:11:06 +0500] "GET /ru/component/search/?Itemid=892&catid=102&format=opensearch&id=457 HTTP/1.1" 200 694 "-" "Mozilla/5.0 (Macintosh; Intel Mac OS X 10_15_7) AppleWebKit/537.36 (KHTML, like Gecko) Chrome/120.0.0.0 Safari/537.36"
216.244.66.239 - - [24/Aug/2026:20:11:53 +0500] "GET /uz/interactive-uzb/appeals-of-citizens/86-uzbek HTTP/1.1" 200 76243 "-" "Mozilla/5.0 (compatible; DotBot/1.2; +https://opensiteexplorer.org/dotbot; help@moz.com)"
34.57.162.91 - - [24/Aug/2026:20:12:58 +0500] "GET /ru/component/search/?Itemid=813&format=opensearch&template=accessibility HTTP/1.1" 200 688 "-" "Mozilla/5.0 (Macintosh; Intel Mac OS X 10_15_7) AppleWebKit/537.36 (KHTML, like Gecko) Chrome/120.0.0.0 Safari/537.36"
47.128.38.134 - - [24/Aug/2026:20:13:11 +0500] "GET /robots.txt HTTP/1.1" 200 865 "-" "Mozilla/5.0 (Linux; Android 5.0) AppleWebKit/537.36 (KHTML, like Gecko) Mobile Safari/537.36 (compatible; Bytespider; https://bytedance.sg.larkoffice.com/docx/K5bxdypulop3IIxrJb0lOjLVgFe)"
34.123.149.87 - - [24/Aug/2026:20:13:10 +0500] "GET /uz/info-for-shareholders-uzb/203-indexes-2016-1-kvartal?print=1&tmpl=component HTTP/1.1" 200 12656 "-" "Mozilla/5.0 (Macintosh; Intel Mac OS X 10_15_7) AppleWebKit/537.36 (KHTML, like Gecko) Chrome/120.0.0.0 Safari/537.36"
20.151.129.194 - - [24/Aug/2026:20:18:49 +0500] "GET /wp-content/plugins/hellopress/wp_filemanager.php HTTP/1.1" 301 - "-" "-"
20.151.129.194 - - [24/Aug/2026:20:18:54 +0500] "GET /uz/wp-content/plugins/hellopress/wp_filemanager.php HTTP/1.1" 404 1415 "-" "-"
54.197.114.76 - - [24/Aug/2026:20:19:46 +0500] "GET /uz/92-uzbek/officially-uzb?start=12 HTTP/1.1" 200 84939 "-" "Mozilla/5.0 AppleWebKit/537.36 (KHTML, like Gecko; compatible; Amazonbot/0.1; +https://developer.amazon.com/support/amazonbot) Chrome/119.0.6045.214 Safari/537.36"
114.119.133.83 - - [24/Aug/2026:20:22:12 +0500] "GET /ru/korp-upravlenie-rus/445-indexes-2022?tmpl=component&print=1 HTTP/1.1" 200 13371 "http://kuylyuk-bozori.uz/ru/korp-upravlenie-rus/445-indexes-2022" "Mozilla/5.0 (Linux; Android 7.0;) AppleWebKit/537.36 (HTML, like Gecko) Mobile Safari/537.36 (compatible; PetalBot;+https://webmaster.petalsearch.com/site/petalbot)"
136.119.35.120 - - [24/Aug/2026:20:23:02 +0500] "GET /ru/component/mailto/?link=b1d585c7439c4dd5190bc73f67b889a08408a8ab&template=zo2_zizia&tmpl=component HTTP/1.1" 200 13219 "-" "Mozilla/5.0 (Macintosh; Intel Mac OS X 10_15_7) AppleWebKit/537.36 (KHTML, like Gecko) Chrome/120.0.0.0 Safari/537.36"
34.123.149.87 - - [24/Aug/2026:20:26:06 +0500] "GET /ru/balans-rus/193-2016-2-kvartal-forma-1 HTTP/1.1" 200 65235 "-" "Mozilla/5.0 (Macintosh; Intel Mac OS X 10_15_7) AppleWebKit/537.36 (KHTML, like Gecko) Chrome/120.0.0.0 Safari/537.36"
216.244.66.239 - - [24/Aug/2026:20:26:13 +0500] "GET /ru/audit-rus?template=Zo2_zizia&start=10 HTTP/1.1" 200 66865 "-" "Mozilla/5.0 (compatible; DotBot/1.2; +https://opensiteexplorer.org/dotbot; help@moz.com)"
34.171.68.95 - - [24/Aug/2026:20:28:09 +0500] "GET /uz/component/search/?Itemid=926&format=opensearch&template=accessibility HTTP/1.1" 200 688 "-" "Mozilla/5.0 (Macintosh; Intel Mac OS X 10_15_7) AppleWebKit/537.36 (KHTML, like Gecko) Chrome/120.0.0.0 Safari/537.36"
34.10.180.98 - - [24/Aug/2026:20:28:21 +0500] "GET /ru/component/mailto/?link=2c88f6dfb248ee5794fef87d12494fb4cf1994a3&template=zo2_zizia&tmpl=component HTTP/1.1" 200 13219 "-" "Mozilla/5.0 (Macintosh; Intel Mac OS X 10_15_7) AppleWebKit/537.36 (KHTML, like Gecko) Chrome/120.0.0.0 Safari/537.36"
34.123.149.87 - - [24/Aug/2026:20:28:34 +0500] "GET /ru/officially-rus/tenders-rus/301-tender-30-01-20-rus HTTP/1.1" 200 68862 "-" "Mozilla/5.0 (Macintosh; Intel Mac OS X 10_15_7) AppleWebKit/537.36 (KHTML, like Gecko) Chrome/120.0.0.0 Safari/537.36"
34.10.180.98 - - [24/Aug/2026:20:31:47 +0500] "GET /ru/about-org-rus/structure-rus?print=1&tmpl=component HTTP/1.1" 200 12624 "-" "Mozilla/5.0 (Macintosh; Intel Mac OS X 10_15_7) AppleWebKit/537.36 (KHTML, like Gecko) Chrome/120.0.0.0 Safari/537.36"
116.179.32.179 - - [24/Aug/2026:20:32:09 +0500] "GET /uz/about-org-uzb/activity-uzb/89-uzbek/about-org-uzb HTTP/1.1" 200 81210 "-" "Mozilla/5.0 (compatible; Baiduspider/2.0; +http://www.baidu.com/search/spider.html)"
34.61.96.6 - - [24/Aug/2026:20:32:24 +0500] "GET /ru/bussiness-plans-rus?start=10&template=accessibility HTTP/1.1" 200 24064 "-" "Mozilla/5.0 (Macintosh; Intel Mac OS X 10_15_7) AppleWebKit/537.36 (KHTML, like Gecko) Chrome/120.0.0.0 Safari/537.36"
34.56.53.225 - - [24/Aug/2026:20:34:22 +0500] "GET /ru/prospectus-rus/129-prospectus-add-2013-rus HTTP/1.1" 200 86553 "-" "Mozilla/5.0 (Macintosh; Intel Mac OS X 10_15_7) AppleWebKit/537.36 (KHTML, like Gecko) Chrome/120.0.0.0 Safari/537.36"
34.171.68.95 - - [24/Aug/2026:20:34:26 +0500] "GET /uz/component/search/?Itemid=846&catid=97&format=opensearch&id=395 HTTP/1.1" 200 693 "-" "Mozilla/5.0 (Macintosh; Intel Mac OS X 10_15_7) AppleWebKit/537.36 (KHTML, like Gecko) Chrome/120.0.0.0 Safari/537.36"
34.171.68.95 - - [24/Aug/2026:20:34:42 +0500] "GET /ru/component/search/?Itemid=850&catid=107&format=opensearch&id=284 HTTP/1.1" 200 694 "-" "Mozilla/5.0 (Macintosh; Intel Mac OS X 10_15_7) AppleWebKit/537.36 (KHTML, like Gecko) Chrome/120.0.0.0 Safari/537.36"
34.10.180.98 - - [24/Aug/2026:20:34:41 +0500] "GET /ru/component/search/?Itemid=820&format=opensearch&template=accessibility HTTP/1.1" 200 700 "-" "Mozilla/5.0 (Macintosh; Intel Mac OS X 10_15_7) AppleWebKit/537.36 (KHTML, like Gecko) Chrome/120.0.0.0 Safari/537.36"
129.146.77.150 - - [24/Aug/2026:20:34:49 +0500] "GET /ru/jsc-docs-rus/404-nabl-sovet-2022 HTTP/1.1" 200 - "-" "Mozilla/5.0 (X11; Linux aarch64) AppleWebKit/537.36 (KHTML, like Gecko) Chrome/139.0.0.0 Safari/537.36"
35.85.46.144 - - [24/Aug/2026:20:35:24 +0500] "GET / HTTP/1.1" 301 - "-" "Mozilla/5.0 (Windows NT 10.0; WOW64) AppleWebKit/537.36 (KHTML, like Gecko) Chrome/51.0.2704.103 Safari/537.36"
35.85.46.144 - - [24/Aug/2026:20:35:31 +0500] "GET /uz/ HTTP/1.1" 200 82401 "-" "Mozilla/5.0 (Windows NT 10.0; WOW64) AppleWebKit/537.36 (KHTML, like Gecko) Chrome/51.0.2704.103 Safari/537.36"
129.146.77.150 - - [24/Aug/2026:20:36:38 +0500] "GET /ru/jsc-docs-rus/404-nabl-sovet-2022 HTTP/1.1" 200 - "-" "Mozilla/5.0 (X11; Linux aarch64) AppleWebKit/537.36 (KHTML, like Gecko) Chrome/139.0.0.0 Safari/537.36"
34.56.53.225 - - [24/Aug/2026:20:38:49 +0500] "GET /ru/officially-rus/tenders-rus?start=4&template=Zo2_zizia HTTP/1.1" 200 78649 "-" "Mozilla/5.0 (Macintosh; Intel Mac OS X 10_15_7) AppleWebKit/537.36 (KHTML, like Gecko) Chrome/120.0.0.0 Safari/537.36"
132.226.150.24 - - [24/Aug/2026:20:40:30 +0500] "GET /ru/component/mailto?link=72b2682ac655622c4a94a0424fa42589f4a7cac3&template=accessibility&tmpl=component HTTP/1.1" 508 288 "-" "Mozilla/5.0 (X11; Linux aarch64) AppleWebKit/537.36 (KHTML, like Gecko) Chrome/139.0.0.0 Safari/537.36"
132.226.150.24 - - [24/Aug/2026:20:40:25 +0500] "GET /ru/component/mailto?link=72b2682ac655622c4a94a0424fa42589f4a7cac3&template=accessibility&tmpl=component HTTP/1.1" 200 - "-" "Mozilla/5.0 (X11; Linux aarch64) AppleWebKit/537.36 (KHTML, like Gecko) Chrome/139.0.0.0 Safari/537.36"
34.10.180.98 - - [24/Aug/2026:20:40:50 +0500] "GET /ru/component/mailto/?link=5bfce32bcedb497f7a74af6d3655b4b3c508a6a9&template=zo2_zizia&tmpl=component HTTP/1.1" 200 13219 "-" "Mozilla/5.0 (Macintosh; Intel Mac OS X 10_15_7) AppleWebKit/537.36 (KHTML, like Gecko) Chrome/120.0.0.0 Safari/537.36"
4.204.200.136 - - [24/Aug/2026:20:41:26 +0500] "GET /wp-content/plugins/hellopress/wp_filemanager.php HTTP/1.1" 508 288 "-" "-"
4.204.200.136 - - [24/Aug/2026:20:41:26 +0500] "GET /this_is_a_new_hello_world.php HTTP/1.1" 508 288 "-" "-"
4.204.200.136 - - [24/Aug/2026:20:41:26 +0500] "GET /images.php HTTP/1.1" 508 288 "-" "-"
4.204.200.136 - - [24/Aug/2026:20:41:26 +0500] "GET /222.php HTTP/1.1" 508 288 "-" "-"
4.204.200.136 - - [24/Aug/2026:20:41:27 +0500] "GET /ops.php HTTP/1.1" 508 288 "-" "-"
4.204.200.136 - - [24/Aug/2026:20:41:27 +0500] "GET /4PJcpMFsD8B.php HTTP/1.1" 508 288 "-" "-"
4.204.200.136 - - [24/Aug/2026:20:41:27 +0500] "GET /3PJcpMFsD8B.php HTTP/1.1" 508 288 "-" "-"
4.204.200.136 - - [24/Aug/2026:20:41:27 +0500] "GET /new.php HTTP/1.1" 508 288 "-" "-"
34.10.180.98 - - [24/Aug/2026:20:41:25 +0500] "GET /ru/reports-rus/318-report-2019?print=1&tmpl=component HTTP/1.1" 200 13053 "-" "Mozilla/5.0 (Macintosh; Intel Mac OS X 10_15_7) AppleWebKit/537.36 (KHTML, like Gecko) Chrome/120.0.0.0 Safari/537.36"
4.204.200.136 - - [24/Aug/2026:20:41:27 +0500] "GET /confag.php HTTP/1.1" 301 - "-" "-"
4.204.200.136 - - [24/Aug/2026:20:41:42 +0500] "GET /9b97ec/index.php HTTP/1.1" 508 288 "-" "-"
4.204.200.136 - - [24/Aug/2026:20:41:43 +0500] "GET /b9007d/index.php HTTP/1.1" 508 288 "-" "-"
4.204.200.136 - - [24/Aug/2026:20:41:43 +0500] "GET /aaa.php HTTP/1.1" 508 288 "-" "-"
4.204.200.136 - - [24/Aug/2026:20:41:34 +0500] "GET /uz/confag.php HTTP/1.1" 404 1417 "-" "-"
4.204.200.136 - - [24/Aug/2026:20:41:43 +0500] "GET /000.php HTTP/1.1" 301 - "-" "-"
52.6.97.88 - - [24/Aug/2026:20:41:55 +0500] "GET /ru/officially-rus/ustav-rus?template=accessibility HTTP/1.1" 508 288 "-" "Mozilla/5.0 AppleWebKit/537.36 (KHTML, like Gecko; compatible; Amazonbot/0.1; +https://developer.amazon.com/support/amazonbot) Chrome/119.0.6045.214 Safari/537.36"
34.171.68.95 - - [24/Aug/2026:20:42:00 +0500] "GET /ru/officially-rus/news-rus/194-emission-cancel-28-07-16?layout=default&print=1&tmpl=component HTTP/1.1" 508 288 "-" "Mozilla/5.0 (Macintosh; Intel Mac OS X 10_15_7) AppleWebKit/537.36 (KHTML, like Gecko) Chrome/120.0.0.0 Safari/537.36"
4.204.200.136 - - [24/Aug/2026:20:41:48 +0500] "GET /uz/000.php HTTP/1.1" 404 1417 "-" "-"
4.204.200.136 - - [24/Aug/2026:20:41:58 +0500] "GET /11.php?p= HTTP/1.1" 301 - "-" "-"
4.204.200.136 - - [24/Aug/2026:20:42:04 +0500] "GET /uz/11.php?p= HTTP/1.1" 404 1417 "-" "-"
4.204.200.136 - - [24/Aug/2026:20:42:13 +0500] "GET /about.php HTTP/1.1" 301 - "-" "-"
4.204.200.136 - - [24/Aug/2026:20:42:28 +0500] "GET /admin.php/admin.php HTTP/1.1" 508 288 "-" "-"
4.204.200.136 - - [24/Aug/2026:20:42:28 +0500] "GET /media.php HTTP/1.1" 508 288 "-" "-"
4.204.200.136 - - [24/Aug/2026:20:42:29 +0500] "GET /admin.php HTTP/1.1" 508 288 "-" "-"
4.204.200.136 - - [24/Aug/2026:20:42:18 +0500] "GET /uz/about.php HTTP/1.1" 404 1417 "-" "-"
185.217.131.81 - - [24/Aug/2026:20:42:33 +0500] "GET / HTTP/1.1" 508 288 "-" "Mozilla/5.0 (compatible; FalconBot/1.0)"
4.204.200.136 - - [24/Aug/2026:20:42:29 +0500] "GET /mac.php HTTP/1.1" 301 - "-" "-"
185.217.131.81 - - [24/Aug/2026:20:42:34 +0500] "GET / HTTP/1.1" 301 - "-" "Mozilla/5.0 (compatible; FalconBot/1.0)"
4.204.200.136 - - [24/Aug/2026:20:42:35 +0500] "GET /uz/mac.php HTTP/1.1" 404 1417 "-" "-"
4.204.200.136 - - [24/Aug/2026:20:42:44 +0500] "GET /1.php HTTP/1.1" 301 - "-" "-"
185.217.131.81 - - [24/Aug/2026:20:42:45 +0500] "GET /uz/ HTTP/1.1" 200 82561 "-" "Mozilla/5.0 (compatible; FalconBot/1.0)"
4.204.200.136 - - [24/Aug/2026:20:42:48 +0500] "GET /uz/1.php HTTP/1.1" 404 1417 "-" "-"
4.204.200.136 - - [24/Aug/2026:20:42:59 +0500] "GET /coffee.php HTTP/1.1" 301 - "-" "-"
4.204.200.136 - - [24/Aug/2026:20:43:03 +0500] "GET /uz/coffee.php HTTP/1.1" 404 1417 "-" "-"
4.204.200.136 - - [24/Aug/2026:20:43:14 +0500] "GET /classwithtostring.php?p= HTTP/1.1" 301 - "-" "-"
4.204.200.136 - - [24/Aug/2026:20:43:18 +0500] "GET /uz/classwithtostring.php?p= HTTP/1.1" 404 1417 "-" "-"
4.204.200.136 - - [24/Aug/2026:20:43:29 +0500] "GET /wp-ws68.php?p= HTTP/1.1" 301 - "-" "-"
4.204.200.136 - - [24/Aug/2026:20:43:35 +0500] "GET /uz/wp-ws68.php?p= HTTP/1.1" 404 1415 "-" "-"
4.204.200.136 - - [24/Aug/2026:20:43:44 +0500] "GET /yj09.php HTTP/1.1" 301 - "-" "-"
4.204.200.136 - - [24/Aug/2026:20:43:49 +0500] "GET /uz/yj09.php HTTP/1.1" 404 1417 "-" "-"
4.204.200.136 - - [24/Aug/2026:20:43:59 +0500] "GET /scxy.php HTTP/1.1" 301 - "-" "-"
4.204.200.136 - - [24/Aug/2026:20:44:03 +0500] "GET /uz/scxy.php HTTP/1.1" 404 1417 "-" "-"
4.204.200.136 - - [24/Aug/2026:20:44:09 +0500] "GET /blurbs.php HTTP/1.1" 301 - "-" "-"
4.204.200.136 - - [24/Aug/2026:20:44:12 +0500] "GET /uz/blurbs.php HTTP/1.1" 404 1417 "-" "-"
4.204.200.136 - - [24/Aug/2026:20:44:21 +0500] "GET /bajah.php HTTP/1.1" 301 - "-" "-"
4.204.200.136 - - [24/Aug/2026:20:44:23 +0500] "GET /uz/bajah.php HTTP/1.1" 404 1417 "-" "-"
4.204.200.136 - - [24/Aug/2026:20:44:29 +0500] "GET /domvf.php HTTP/1.1" 301 - "-" "-"
34.56.53.225 - - [24/Aug/2026:20:44:27 +0500] "GET /uz/component/search/?Itemid=833&format=opensearch&id=92 HTTP/1.1" 200 679 "-" "Mozilla/5.0 (Macintosh; Intel Mac OS X 10_15_7) AppleWebKit/537.36 (KHTML, like Gecko) Chrome/120.0.0.0 Safari/537.36"
4.204.200.136 - - [24/Aug/2026:20:44:31 +0500] "GET /uz/domvf.php HTTP/1.1" 404 1417 "-" "-"
4.204.200.136 - - [24/Aug/2026:20:44:41 +0500] "GET /fpwch.php HTTP/1.1" 301 - "-" "-"
4.204.200.136 - - [24/Aug/2026:20:44:45 +0500] "GET /uz/fpwch.php HTTP/1.1" 404 1417 "-" "-"
4.204.200.136 - - [24/Aug/2026:20:44:53 +0500] "GET /adminner.php HTTP/1.1" 301 - "-" "-"
4.204.200.136 - - [24/Aug/2026:20:44:56 +0500] "GET /uz/adminner.php HTTP/1.1" 404 1417 "-" "-"
34.123.149.87 - - [24/Aug/2026:20:44:57 +0500] "GET /uz/component/search/?Itemid=893&catid=102&format=opensearch&id=202 HTTP/1.1" 200 694 "-" "Mozilla/5.0 (Macintosh; Intel Mac OS X 10_15_7) AppleWebKit/537.36 (KHTML, like Gecko) Chrome/120.0.0.0 Safari/537.36"
4.204.200.136 - - [24/Aug/2026:20:45:05 +0500] "GET //abcd.php HTTP/1.1" 301 - "-" "-"
4.204.200.136 - - [24/Aug/2026:20:45:09 +0500] "GET /uz/abcd.php HTTP/1.1" 404 1417 "-" "-"
4.204.200.136 - - [24/Aug/2026:20:45:16 +0500] "GET /simple.php HTTP/1.1" 301 - "-" "-"
4.204.200.136 - - [24/Aug/2026:20:45:19 +0500] "GET /uz/simple.php HTTP/1.1" 404 1417 "-" "-"
4.204.200.136 - - [24/Aug/2026:20:45:27 +0500] "GET /wp-load.php HTTP/1.1" 301 - "-" "-"
4.204.200.136 - - [24/Aug/2026:20:45:30 +0500] "GET /uz/wp-load.php HTTP/1.1" 404 1415 "-" "-"
4.204.200.136 - - [24/Aug/2026:20:45:36 +0500] "GET /155.php HTTP/1.1" 301 - "-" "-"
34.205.163.103 - - [24/Aug/2026:20:45:41 +0500] "GET /docs/2022/prot_ns-19.09.2022.pdf HTTP/1.1" 304 - "-" "Mozilla/5.0 AppleWebKit/537.36 (KHTML, like Gecko; compatible; Amazonbot/0.1; +https://developer.amazon.com/support/amazonbot) Chrome/119.0.6045.214 Safari/537.36"
4.204.200.136 - - [24/Aug/2026:20:45:38 +0500] "GET /uz/155.php HTTP/1.1" 200 80405 "-" "-"
4.204.200.136 - - [24/Aug/2026:20:45:47 +0500] "GET /aaa.php?p= HTTP/1.1" 301 - "-" "-"
4.204.200.136 - - [24/Aug/2026:20:45:50 +0500] "GET /uz/aaa.php?p= HTTP/1.1" 404 1417 "-" "-"
4.204.200.136 - - [24/Aug/2026:20:45:54 +0500] "GET /FWAZ.php HTTP/1.1" 301 - "-" "-"
4.204.200.136 - - [24/Aug/2026:20:45:58 +0500] "GET /uz/FWAZ.php HTTP/1.1" 404 1417 "-" "-"
4.204.200.136 - - [24/Aug/2026:20:46:03 +0500] "GET /ccc.php?p= HTTP/1.1" 301 - "-" "-"
4.204.200.136 - - [24/Aug/2026:20:46:08 +0500] "GET /uz/ccc.php?p= HTTP/1.1" 404 1417 "-" "-"
4.204.200.136 - - [24/Aug/2026:20:46:14 +0500] "GET /admin.php?p= HTTP/1.1" 301 - "-" "-"
4.204.200.136 - - [24/Aug/2026:20:46:15 +0500] "GET /uz/admin.php?p= HTTP/1.1" 404 1417 "-" "-"
4.204.200.136 - - [24/Aug/2026:20:46:20 +0500] "GET /reviall.php HTTP/1.1" 301 - "-" "-"
4.204.200.136 - - [24/Aug/2026:20:46:21 +0500] "GET /uz/reviall.php HTTP/1.1" 404 1417 "-" "-"
4.204.200.136 - - [24/Aug/2026:20:46:30 +0500] "GET /uz/hp2.php HTTP/1.1" 508 288 "-" "-"
4.204.200.136 - - [24/Aug/2026:20:46:26 +0500] "GET /hp2.php HTTP/1.1" 301 - "-" "-"
4.204.200.136 - - [24/Aug/2026:20:46:31 +0500] "GET //doc.php HTTP/1.1" 301 - "-" "-"
4.204.200.136 - - [24/Aug/2026:20:46:35 +0500] "GET /uz/doc.php HTTP/1.1" 404 1417 "-" "-"
34.30.223.149 - - [24/Aug/2026:20:46:41 +0500] "GET /ru/balans-rus/207-balance-2017-1-kvartal HTTP/1.1" 200 65211 "-" "Mozilla/5.0 (Macintosh; Intel Mac OS X 10_15_7) AppleWebKit/537.36 (KHTML, like Gecko) Chrome/120.0.0.0 Safari/537.36"
4.204.200.136 - - [24/Aug/2026:20:46:45 +0500] "GET /too.php HTTP/1.1" 301 - "-" "-"
4.204.200.136 - - [24/Aug/2026:20:46:50 +0500] "GET /uz/too.php HTTP/1.1" 404 1417 "-" "-"
4.204.200.136 - - [24/Aug/2026:20:46:54 +0500] "GET /kir.php HTTP/1.1" 301 - "-" "-"
4.204.200.136 - - [24/Aug/2026:20:46:55 +0500] "GET /uz/kir.php HTTP/1.1" 404 1417 "-" "-"
4.204.200.136 - - [24/Aug/2026:20:46:59 +0500] "GET //wp-includes/Requests/ HTTP/1.1" 301 - "-" "-"
4.204.200.136 - - [24/Aug/2026:20:47:01 +0500] "GET /uz/wp-includes/Requests HTTP/1.1" 404 1415 "-" "-"
4.204.200.136 - - [24/Aug/2026:20:47:06 +0500] "GET /wp-admin/css/colors/modern/ HTTP/1.1" 301 - "-" "-"
4.204.200.136 - - [24/Aug/2026:20:47:07 +0500] "GET /uz/wp-admin/css/colors/modern HTTP/1.1" 404 1415 "-" "-"
4.204.200.136 - - [24/Aug/2026:20:47:12 +0500] "GET //wp-includes/assets/ HTTP/1.1" 301 - "-" "-"
129.146.75.25 - - [24/Aug/2026:20:47:13 +0500] "GET /uz/officially-uzb/zhami-tnin-moli-khuzhali-holati-ma-l-motlari-tahlillar HTTP/1.1" 200 - "-" "Mozilla/5.0 (X11; Linux aarch64) AppleWebKit/537.36 (KHTML, like Gecko) Chrome/139.0.0.0 Safari/537.36"
4.204.200.136 - - [24/Aug/2026:20:47:16 +0500] "GET /uz/wp-includes/assets HTTP/1.1" 404 1415 "-" "-"
4.204.200.136 - - [24/Aug/2026:20:47:25 +0500] "GET /wp-admin/css/colors/sunrise/ HTTP/1.1" 301 - "-" "-"
4.204.200.136 - - [24/Aug/2026:20:47:30 +0500] "GET /uz/wp-admin/css/colors/sunrise HTTP/1.1" 404 1415 "-" "-"
4.204.200.136 - - [24/Aug/2026:20:47:39 +0500] "GET //wp-includes/l10n/ HTTP/1.1" 301 - "-" "-"
4.204.200.136 - - [24/Aug/2026:20:47:42 +0500] "GET /uz/wp-includes/l10n HTTP/1.1" 404 1415 "-" "-"
4.204.200.136 - - [24/Aug/2026:20:47:51 +0500] "GET /wp-content/uploads/ HTTP/1.1" 301 - "-" "-"
4.204.200.136 - - [24/Aug/2026:20:47:54 +0500] "GET /uz/wp-content/uploads HTTP/1.1" 404 1415 "-" "-"
4.204.200.136 - - [24/Aug/2026:20:48:00 +0500] "GET //cgi-bin/index.php HTTP/1.1" 301 - "-" "-"
4.204.200.136 - - [24/Aug/2026:20:48:04 +0500] "GET /uz/cgi-bin/index.php HTTP/1.1" 404 1415 "-" "-"
4.204.200.136 - - [24/Aug/2026:20:48:08 +0500] "GET //wp-includes/css/dist/ HTTP/1.1" 301 - "-" "-"
4.204.200.136 - - [24/Aug/2026:20:48:08 +0500] "GET /uz/wp-includes/css/dist HTTP/1.1" 404 1415 "-" "-"
4.204.200.136 - - [24/Aug/2026:20:48:11 +0500] "GET //wp-includes/js/jquery/ HTTP/1.1" 301 - "-" "-"
4.204.200.136 - - [24/Aug/2026:20:48:13 +0500] "GET /uz/wp-includes/js/jquery HTTP/1.1" 404 1415 "-" "-"
4.204.200.136 - - [24/Aug/2026:20:48:19 +0500] "GET //wp-content/admin.php HTTP/1.1" 301 - "-" "-"
4.204.200.136 - - [24/Aug/2026:20:48:21 +0500] "GET /uz/wp-content/admin.php HTTP/1.1" 404 1415 "-" "-"
129.146.75.25 - - [24/Aug/2026:20:48:22 +0500] "GET /uz/officially-uzb/zhami-tnin-moli-khuzhali-holati-ma-l-motlari-tahlillar HTTP/1.1" 200 15601 "-" "Mozilla/5.0 (X11; Linux aarch64) AppleWebKit/537.36 (KHTML, like Gecko) Chrome/139.0.0.0 Safari/537.36"
4.204.200.136 - - [24/Aug/2026:20:48:29 +0500] "GET /wp-content/themes/index.php HTTP/1.1" 301 - "-" "-"
4.204.200.136 - - [24/Aug/2026:20:48:30 +0500] "GET /uz/wp-content/themes/index.php HTTP/1.1" 404 1415 "-" "-"
4.204.200.136 - - [24/Aug/2026:20:48:34 +0500] "GET /wp-includes/blocks/details/ HTTP/1.1" 301 - "-" "-"
4.204.200.136 - - [24/Aug/2026:20:48:38 +0500] "GET /uz/wp-includes/blocks/details HTTP/1.1" 404 1415 "-" "-"
4.204.200.136 - - [24/Aug/2026:20:48:48 +0500] "GET /.well-known/about.php HTTP/1.1" 301 - "-" "-"
4.204.200.136 - - [24/Aug/2026:20:48:53 +0500] "GET /uz/.well-known/about.php HTTP/1.1" 404 1415 "-" "-"
4.204.200.136 - - [24/Aug/2026:20:49:03 +0500] "GET /wp-includes/ID3/about.php HTTP/1.1" 301 - "-" "-"
4.204.200.136 - - [24/Aug/2026:20:49:06 +0500] "GET /uz/wp-includes/ID3/about.php HTTP/1.1" 404 1415 "-" "-"
4.204.200.136 - - [24/Aug/2026:20:49:10 +0500] "GET /wp-includes/Text/ HTTP/1.1" 301 - "-" "-"
4.204.200.136 - - [24/Aug/2026:20:49:12 +0500] "GET /uz/wp-includes/Text HTTP/1.1" 404 1415 "-" "-"
4.204.200.136 - - [24/Aug/2026:20:49:19 +0500] "GET /ts.php HTTP/1.1" 301 - "-" "-"
4.204.200.136 - - [24/Aug/2026:20:49:23 +0500] "GET /uz/ts.php HTTP/1.1" 404 1417 "-" "-"
4.204.200.136 - - [24/Aug/2026:20:49:32 +0500] "GET /bak.php HTTP/1.1" 301 - "-" "-"
4.204.200.136 - - [24/Aug/2026:20:49:34 +0500] "GET /uz/bak.php HTTP/1.1" 404 1417 "-" "-"
4.204.200.136 - - [24/Aug/2026:20:49:39 +0500] "GET /olik.php HTTP/1.1" 301 - "-" "-"
4.204.200.136 - - [24/Aug/2026:20:49:54 +0500] "GET /about.php HTTP/1.1" 508 288 "-" "-"
4.204.200.136 - - [24/Aug/2026:20:49:55 +0500] "GET /19.php HTTP/1.1" 508 288 "-" "-"
4.204.200.136 - - [24/Aug/2026:20:49:55 +0500] "GET /3cf97/index.php HTTP/1.1" 508 288 "-" "-"
4.204.200.136 - - [24/Aug/2026:20:49:43 +0500] "GET /uz/olik.php HTTP/1.1" 404 1417 "-" "-"
4.204.200.136 - - [24/Aug/2026:20:49:55 +0500] "GET /12.php HTTP/1.1" 301 - "-" "-"
34.61.96.6 - - [24/Aug/2026:20:50:09 +0500] "GET /ru/component/search/?Itemid=892&catid=102&format=opensearch&id=386 HTTP/1.1" 508 288 "-" "Mozilla/5.0 (Macintosh; Intel Mac OS X 10_15_7) AppleWebKit/537.36 (KHTML, like Gecko) Chrome/120.0.0.0 Safari/537.36"
4.204.200.136 - - [24/Aug/2026:20:50:01 +0500] "GET /uz/12.php HTTP/1.1" 404 1417 "-" "-"
4.204.200.136 - - [24/Aug/2026:20:50:10 +0500] "GET /term.php HTTP/1.1" 301 - "-" "-"
4.204.200.136 - - [24/Aug/2026:20:50:16 +0500] "GET /uz/term.php HTTP/1.1" 404 1417 "-" "-"
34.123.149.87 - - [24/Aug/2026:20:50:38 +0500] "GET /ru/audit-rus/241-audit-2017-rus?print=1&tmpl=component HTTP/1.1" 200 12447 "-" "Mozilla/5.0 (Macintosh; Intel Mac OS X 10_15_7) AppleWebKit/537.36 (KHTML, like Gecko) Chrome/120.0.0.0 Safari/537.36"
87.196.86.79 - - [24/Aug/2026:20:53:26 +0500] "GET /uz/dividends-uzb/428-dividends-2022-ru HTTP/1.1" 200 62689 "-" "Mozilla/5.0 (Macintosh; Intel Mac OS X 11_5_1) AppleWebKit/537.36 (KHTML, like Gecko) Chrome/124.0.6367.155 Safari/537.36"
34.171.68.95 - - [24/Aug/2026:20:56:24 +0500] "GET /ru/officially-rus/news-rus/199-corp-kodex-rus?layout=default&print=1&tmpl=component HTTP/1.1" 200 14272 "-" "Mozilla/5.0 (Macintosh; Intel Mac OS X 10_15_7) AppleWebKit/537.36 (KHTML, like Gecko) Chrome/120.0.0.0 Safari/537.36"
216.244.66.239 - - [24/Aug/2026:20:58:47 +0500] "GET /robots.txt HTTP/1.1" 200 865 "-" "Mozilla/5.0 (compatible; DotBot/1.2; +https://opensiteexplorer.org/dotbot; help@moz.com)"
34.171.68.95 - - [24/Aug/2026:20:59:24 +0500] "GET /uz/component/search/?Itemid=847&catid=98&format=opensearch&id=268 HTTP/1.1" 200 693 "-" "Mozilla/5.0 (Macintosh; Intel Mac OS X 10_15_7) AppleWebKit/537.36 (KHTML, like Gecko) Chrome/120.0.0.0 Safari/537.36"
34.10.180.98 - - [24/Aug/2026:21:00:19 +0500] "GET /uz/reports-uzb/186-report-2015?print=1&tmpl=component HTTP/1.1" 200 66723 "-" "Mozilla/5.0 (Macintosh; Intel Mac OS X 10_15_7) AppleWebKit/537.36 (KHTML, like Gecko) Chrome/120.0.0.0 Safari/537.36"
34.10.180.98 - - [24/Aug/2026:21:01:37 +0500] "GET /ru/component/search/?Itemid=892&catid=102&format=opensearch&id=511 HTTP/1.1" 200 694 "-" "Mozilla/5.0 (Macintosh; Intel Mac OS X 10_15_7) AppleWebKit/537.36 (KHTML, like Gecko) Chrome/120.0.0.0 Safari/537.36"
76.68.15.142 - - [24/Aug/2026:21:02:08 +0500] "GET /uz/officially-uzb/old-acts-uzb/110-ustav-uzb HTTP/1.1" 200 60237 "-" "Mozilla/5.0 (Macintosh; Intel Mac OS X 11.4; rv:129.0) Gecko/20100101 Firefox/129.0"
34.123.149.87 - - [24/Aug/2026:21:02:48 +0500] "GET /ru/component/mailto/?link=b750966060fdd7397c74e3160f8f1a2c355a0909&template=zo2_zizia&tmpl=component HTTP/1.1" 200 13219 "-" "Mozilla/5.0 (Macintosh; Intel Mac OS X 10_15_7) AppleWebKit/537.36 (KHTML, like Gecko) Chrome/120.0.0.0 Safari/537.36"
34.171.68.95 - - [24/Aug/2026:21:03:48 +0500] "GET /ru/component/search/?Itemid=821&catid=88&format=opensearch&id=108 HTTP/1.1" 200 693 "-" "Mozilla/5.0 (Macintosh; Intel Mac OS X 10_15_7) AppleWebKit/537.36 (KHTML, like Gecko) Chrome/120.0.0.0 Safari/537.36"
34.10.180.98 - - [24/Aug/2026:21:04:40 +0500] "GET /ru/priobretenie-aktsij?template=accessibility HTTP/1.1" 200 24290 "-" "Mozilla/5.0 (Macintosh; Intel Mac OS X 10_15_7) AppleWebKit/537.36 (KHTML, like Gecko) Chrome/120.0.0.0 Safari/537.36"
216.244.66.239 - - [24/Aug/2026:21:05:56 +0500] "GET /ru/officially-rus/tenders-rus/420-tender-audit-2022-ru HTTP/1.1" 200 66910 "-" "Mozilla/5.0 (compatible; DotBot/1.2; +https://opensiteexplorer.org/dotbot; help@moz.com)"
34.123.149.87 - - [24/Aug/2026:21:06:34 +0500] "GET /ru/officially-rus/tenders-rus/422-tender-dir-2023-ru?layout=default&print=1&tmpl=component HTTP/1.1" 200 14142 "-" "Mozilla/5.0 (Macintosh; Intel Mac OS X 10_15_7) AppleWebKit/537.36 (KHTML, like Gecko) Chrome/120.0.0.0 Safari/537.36"
34.10.180.98 - - [24/Aug/2026:21:06:48 +0500] "GET /ru/component/search/?Itemid=826&catid=95&format=opensearch&id=420 HTTP/1.1" 200 681 "-" "Mozilla/5.0 (Macintosh; Intel Mac OS X 10_15_7) AppleWebKit/537.36 (KHTML, like Gecko) Chrome/120.0.0.0 Safari/537.36"
52.167.144.180 - - [24/Aug/2026:21:07:22 +0500] "GET /uz/ HTTP/1.1" 200 82401 "-" "Mozilla/5.0 AppleWebKit/537.36 (KHTML, like Gecko; compatible; bingbot/2.0; +http://www.bing.com/bingbot.htm) Chrome/116.0.1938.76 Safari/537.36"
114.119.146.197 - - [24/Aug/2026:21:08:18 +0500] "GET /uz/bussiness-plans-uzb/496-biznes-plan-2026 HTTP/1.1" 200 60101 "http://kuylyuk-bozori.uz/uz/bussiness-plans-uzb" "Mozilla/5.0 (Linux; Android 7.0;) AppleWebKit/537.36 (HTML, like Gecko) Mobile Safari/537.36 (compatible; PetalBot;+https://webmaster.petalsearch.com/site/petalbot)"
216.244.66.239 - - [24/Aug/2026:21:08:55 +0500] "GET /ru/facts-rus/432-32-fact-06-04-2023 HTTP/1.1" 200 71278 "-" "Mozilla/5.0 (compatible; DotBot/1.2; +https://opensiteexplorer.org/dotbot; help@moz.com)"
34.123.149.87 - - [24/Aug/2026:21:09:00 +0500] "GET /ru/affil-rus/93-russian/shareholders-rus HTTP/1.1" 200 106700 "-" "Mozilla/5.0 (Macintosh; Intel Mac OS X 10_15_7) AppleWebKit/537.36 (KHTML, like Gecko) Chrome/120.0.0.0 Safari/537.36"
114.119.137.68 - - [24/Aug/2026:21:09:45 +0500] "GET /ru/officially-rus/certificates-rus HTTP/1.1" 200 65258 "http://kuylyuk-bozori.uz/ru/92-uzbek/officially-uzb?start=6" "Mozilla/5.0 (Linux; Android 7.0;) AppleWebKit/537.36 (HTML, like Gecko) Mobile Safari/537.36 (compatible; PetalBot;+https://webmaster.petalsearch.com/site/petalbot)"
34.57.162.91 - - [24/Aug/2026:21:10:10 +0500] "GET /uz/component/search/?Itemid=859&catid=107&format=opensearch&id=347 HTTP/1.1" 200 682 "-" "Mozilla/5.0 (Macintosh; Intel Mac OS X 10_15_7) AppleWebKit/537.36 (KHTML, like Gecko) Chrome/120.0.0.0 Safari/537.36"
114.119.133.83 - - [24/Aug/2026:21:11:03 +0500] "GET /ru/facts-rus/346-36-fact-17-03-2021 HTTP/1.1" 200 81906 "http://kuylyuk-bozori.uz/ru/facts-rus?template=accessibility&start=20" "Mozilla/5.0 (Linux; Android 7.0;) AppleWebKit/537.36 (HTML, like Gecko) Mobile Safari/537.36 (compatible; PetalBot;+https://webmaster.petalsearch.com/site/petalbot)"
114.119.133.83 - - [24/Aug/2026:21:12:25 +0500] "GET /docs/2026/sush_fakt-32-08.04.2026.docx HTTP/1.1" 200 17533 "http://kuylyuk-bozori.uz/ru/facts-rus/507-sush-fakt-32-08-04-2026-docx" "Mozilla/5.0 (Linux; Android 7.0;) AppleWebKit/537.36 (HTML, like Gecko) Mobile Safari/537.36 (compatible; PetalBot;+https://webmaster.petalsearch.com/site/petalbot)"
34.123.149.87 - - [24/Aug/2026:21:12:18 +0500] "GET /uz/component/search/?Itemid=847&catid=98&format=opensearch&id=276 HTTP/1.1" 200 693 "-" "Mozilla/5.0 (Macintosh; Intel Mac OS X 10_15_7) AppleWebKit/537.36 (KHTML, like Gecko) Chrome/120.0.0.0 Safari/537.36"
34.123.149.87 - - [24/Aug/2026:21:13:16 +0500] "GET /ru/component/search/?Itemid=826&catid=95&format=opensearch&id=419 HTTP/1.1" 200 693 "-" "Mozilla/5.0 (Macintosh; Intel Mac OS X 10_15_7) AppleWebKit/537.36 (KHTML, like Gecko) Chrome/120.0.0.0 Safari/537.36"
114.119.133.83 - - [24/Aug/2026:21:13:49 +0500] "GET /ru/officially-rus/news-rus/108-uzbekenergo HTTP/1.1" 200 69034 "http://kuylyuk-bozori.uz/ru/officially-rus/news-rus?template=Zo2_zizia&start=8" "Mozilla/5.0 (Linux; Android 7.0;) AppleWebKit/537.36 (HTML, like Gecko) Mobile Safari/537.36 (compatible; PetalBot;+https://webmaster.petalsearch.com/site/petalbot)"
216.244.66.239 - - [24/Aug/2026:21:17:50 +0500] "GET /ru/balans-rus/339-balans-4-2020 HTTP/1.1" 200 64820 "-" "Mozilla/5.0 (compatible; DotBot/1.2; +https://opensiteexplorer.org/dotbot; help@moz.com)"
43.138.68.113 - - [24/Aug/2026:21:18:34 +0500] "GET / HTTP/1.1" 301 - "-" "Mozilla/5.0 (iPhone; CPU iPhone OS 13_2_3 like Mac OS X) AppleWebKit/605.1.15 (KHTML, like Gecko) Version/13.0.3 Mobile/15E148 Safari/604.1"
43.138.68.113 - - [24/Aug/2026:21:18:41 +0500] "GET /uz/ HTTP/1.1" 200 82401 "http://kuylyuk-bozori.uz" "Mozilla/5.0 (iPhone; CPU iPhone OS 13_2_3 like Mac OS X) AppleWebKit/605.1.15 (KHTML, like Gecko) Version/13.0.3 Mobile/15E148 Safari/604.1"
52.6.5.24 - - [24/Aug/2026:21:19:15 +0500] "GET /ru/about-org-rus/direction-rus/85-russian HTTP/1.1" 200 80822 "-" "Mozilla/5.0 AppleWebKit/537.36 (KHTML, like Gecko; compatible; Amazonbot/0.1; +https://developer.amazon.com/support/amazonbot) Chrome/119.0.6045.214 Safari/537.36"
35.254.159.230 - - [24/Aug/2026:21:19:20 +0500] "GET /ru/component/search/?Itemid=851&format=opensearch&id=85 HTTP/1.1" 200 679 "-" "Mozilla/5.0 (Macintosh; Intel Mac OS X 10_15_7) AppleWebKit/537.36 (KHTML, like Gecko) Chrome/120.0.0.0 Safari/537.36"
185.191.171.12 - - [24/Aug/2026:21:19:34 +0500] "GET /uz/balans-uzb/353-balans-2-2021 HTTP/1.1" 200 60296 "-" "Mozilla/5.0 (compatible; SemrushBot/7~bl; +http://www.semrush.com/bot.html)"
132.226.75.106 - - [24/Aug/2026:21:20:27 +0500] "GET /ru/component/mailto?link=83a9322487d429680b5baa24b9945319fc84279d&template=zo2_zizia&tmpl=component HTTP/1.1" 200 - "-" "Mozilla/5.0 (X11; Linux aarch64) AppleWebKit/537.36 (KHTML, like Gecko) Chrome/139.0.0.0 Safari/537.36"
43.155.140.157 - - [24/Aug/2026:21:22:13 +0500] "GET /uz/officially-uzb/arhiv-uzb-2 HTTP/1.1" 200 60104 "-" "Mozilla/5.0 (iPhone; CPU iPhone OS 13_2_3 like Mac OS X) AppleWebKit/605.1.15 (KHTML, like Gecko) Version/13.0.3 Mobile/15E148 Safari/604.1"
216.244.66.239 - - [24/Aug/2026:21:23:12 +0500] "GET /ru/balans-rus/190-2016-1-kvartal-forma-2 HTTP/1.1" 200 65307 "-" "Mozilla/5.0 (compatible; DotBot/1.2; +https://opensiteexplorer.org/dotbot; help@moz.com)"
34.171.68.95 - - [24/Aug/2026:21:24:11 +0500] "GET /uz/bussiness-plans-uzb?format=feed&template=Zo2_zizia&type=atom HTTP/1.1" 200 12783 "-" "Mozilla/5.0 (Macintosh; Intel Mac OS X 10_15_7) AppleWebKit/537.36 (KHTML, like Gecko) Chrome/120.0.0.0 Safari/537.36"
34.123.149.87 - - [24/Aug/2026:21:24:44 +0500] "GET /ru/component/mailto/?link=1b6755bc42e846a6ecf8136d807eca69b516c9dc&template=zo2_zizia&tmpl=component HTTP/1.1" 508 288 "-" "Mozilla/5.0 (Macintosh; Intel Mac OS X 10_15_7) AppleWebKit/537.36 (KHTML, like Gecko) Chrome/120.0.0.0 Safari/537.36"
34.10.180.98 - - [24/Aug/2026:21:27:12 +0500] "GET /ru/component/search/?Itemid=892&catid=102&format=opensearch&id=325 HTTP/1.1" 200 682 "-" "Mozilla/5.0 (Macintosh; Intel Mac OS X 10_15_7) AppleWebKit/537.36 (KHTML, like Gecko) Chrome/120.0.0.0 Safari/537.36"
198.13.236.146 - - [24/Aug/2026:21:29:01 +0500] "GET /uz/component/mailto/?link=c764391e0ec89cc9cb22ae9b59ea86c825d29d88&template=zo2_zizia&tmpl=component HTTP/1.1" 200 13270 "-" "Mozilla/5.0 (Macintosh; Intel Mac OS X 10_15_7) AppleWebKit/537.36 (KHTML, like Gecko) Chrome/150.0.0.0 Safari/537.36"
34.123.149.87 - - [24/Aug/2026:21:29:16 +0500] "GET /ru/facts-rus/286-06-fact-11-06-2019?print=1&tmpl=component HTTP/1.1" 200 37376 "-" "Mozilla/5.0 (Macintosh; Intel Mac OS X 10_15_7) AppleWebKit/537.36 (KHTML, like Gecko) Chrome/120.0.0.0 Safari/537.36"
34.10.180.98 - - [24/Aug/2026:21:29:43 +0500] "GET /ru/component/search/?Itemid=1084&catid=111&format=opensearch&id=243 HTTP/1.1" 200 683 "-" "Mozilla/5.0 (Macintosh; Intel Mac OS X 10_15_7) AppleWebKit/537.36 (KHTML, like Gecko) Chrome/120.0.0.0 Safari/537.36"
144.24.50.140 - - [24/Aug/2026:21:31:38 +0500] "GET /ru/korp-upravlenie-rus/242-indexes-2017-4-kvartal-2 HTTP/1.1" 508 288 "-" "Mozilla/5.0 (X11; Linux aarch64) AppleWebKit/537.36 (KHTML, like Gecko) Chrome/139.0.0.0 Safari/537.36"
34.56.53.225 - - [24/Aug/2026:21:31:52 +0500] "GET /ru/officially-rus/news-rus/197-sobranie-10-10-16-rus HTTP/1.1" 508 288 "-" "Mozilla/5.0 (Macintosh; Intel Mac OS X 10_15_7) AppleWebKit/537.36 (KHTML, like Gecko) Chrome/120.0.0.0 Safari/537.36"
190.102.76.91 - - [24/Aug/2026:21:32:13 +0500] "GET /ru/contacts-rus?tmpl=component&print=1 HTTP/1.1" 200 16304 "-" "Mozilla/5.0 (Macintosh; Intel Mac OS X 13_6_4) AppleWebKit/537.36 (KHTML, like Gecko) Chrome/133.0.6943.141 Safari/537.36"
43.166.130.123 - - [24/Aug/2026:21:33:51 +0500] "GET /uz/sitemap-uzb HTTP/1.1" 200 61166 "-" "Mozilla/5.0 (iPhone; CPU iPhone OS 13_2_3 like Mac OS X) AppleWebKit/605.1.15 (KHTML, like Gecko) Version/13.0.3 Mobile/15E148 Safari/604.1"
137.131.55.30 - - [24/Aug/2026:21:34:04 +0500] "GET /ru/component/mailto?link=ad74126ca48c3bff35882380b5936ac91580bfca&template=zo2_zizia&tmpl=component HTTP/1.1" 200 13217 "-" "Mozilla/5.0 (X11; Linux aarch64) AppleWebKit/537.36 (KHTML, like Gecko) Chrome/139.0.0.0 Safari/537.36"
34.123.149.87 - - [24/Aug/2026:21:34:12 +0500] "GET /ru/officially-rus/tenders-rus?start=12&template=Zo2_zizia HTTP/1.1" 200 78802 "-" "Mozilla/5.0 (Macintosh; Intel Mac OS X 10_15_7) AppleWebKit/537.36 (KHTML, like Gecko) Chrome/120.0.0.0 Safari/537.36"
137.131.55.30 - - [24/Aug/2026:21:34:14 +0500] "GET /ru/component/mailto?link=ad74126ca48c3bff35882380b5936ac91580bfca&template=zo2_zizia&tmpl=component HTTP/1.1" 200 - "-" "Mozilla/5.0 (X11; Linux aarch64) AppleWebKit/537.36 (KHTML, like Gecko) Chrome/139.0.0.0 Safari/537.36"
34.61.96.6 - - [24/Aug/2026:21:34:37 +0500] "GET /uz/facts-uzb/248-08-fact-18-05-20?print=1&tmpl=component HTTP/1.1" 200 33076 "-" "Mozilla/5.0 (Macintosh; Intel Mac OS X 10_15_7) AppleWebKit/537.36 (KHTML, like Gecko) Chrome/120.0.0.0 Safari/537.36"
34.10.180.98 - - [24/Aug/2026:21:34:53 +0500] "GET /ru/balans-rus/434-balans-2022?print=1&tmpl=component HTTP/1.1" 200 12453 "-" "Mozilla/5.0 (Macintosh; Intel Mac OS X 10_15_7) AppleWebKit/537.36 (KHTML, like Gecko) Chrome/120.0.0.0 Safari/537.36"
34.56.53.225 - - [24/Aug/2026:21:35:12 +0500] "GET /ru/balans-rus/319-balans-1-2020 HTTP/1.1" 200 65031 "-" "Mozilla/5.0 (Macintosh; Intel Mac OS X 10_15_7) AppleWebKit/537.36 (KHTML, like Gecko) Chrome/120.0.0.0 Safari/537.36"
141.148.130.38 - - [24/Aug/2026:21:37:21 +0500] "GET /ru/component/mailto?link=352c0e0cb291c3df4d4eddc453ec976ada9bdff7&template=accessibility&tmpl=component HTTP/1.1" 508 288 "-" "Mozilla/5.0 (X11; Linux aarch64) AppleWebKit/537.36 (KHTML, like Gecko) Chrome/139.0.0.0 Safari/537.36"
141.148.130.38 - - [24/Aug/2026:21:37:17 +0500] "GET /ru/component/mailto?link=352c0e0cb291c3df4d4eddc453ec976ada9bdff7&template=accessibility&tmpl=component HTTP/1.1" 200 9650 "-" "Mozilla/5.0 (X11; Linux aarch64) AppleWebKit/537.36 (KHTML, like Gecko) Chrome/139.0.0.0 Safari/537.36"
114.119.148.187 - - [24/Aug/2026:21:40:15 +0500] "GET /uz/audit-uzb/210-audit-2016-uzb HTTP/1.1" 200 59960 "http://kuylyuk-bozori.uz/uz/audit-uzb/210-audit-2016-uzb" "Mozilla/5.0 (Linux; Android 7.0;) AppleWebKit/537.36 (HTML, like Gecko) Mobile Safari/537.36 (compatible; PetalBot;+https://webmaster.petalsearch.com/site/petalbot)"
216.73.216.20 - - [24/Aug/2026:21:41:38 +0500] "GET /robots.txt HTTP/1.1" 200 865 "-" "Mozilla/5.0 AppleWebKit/537.36 (KHTML, like Gecko; compatible; ClaudeBot/1.0; +claudebot@anthropic.com)"
216.73.216.20 - - [24/Aug/2026:21:41:38 +0500] "GET /sitemap.xml HTTP/1.1" 508 288 "-" "Mozilla/5.0 AppleWebKit/537.36 (KHTML, like Gecko; compatible; ClaudeBot/1.0; +claudebot@anthropic.com)"
114.119.153.171 - - [24/Aug/2026:21:41:37 +0500] "GET /ru/component/mailto/?tmpl=component&template=zo2_zizia&link=928f764e11a350efb61450e1752cd6b9ed3848be HTTP/1.1" 200 13219 "http://kuylyuk-bozori.uz/ru/votes-rus/340-poll-17-03-2021" "Mozilla/5.0 (Linux; Android 7.0;) AppleWebKit/537.36 (HTML, like Gecko) Mobile Safari/537.36 (compatible; PetalBot;+https://webmaster.petalsearch.com/site/petalbot)"
54.36.60.45 - - [24/Aug/2026:21:42:18 +0500] "GET /robots.txt HTTP/1.1" 200 865 "-" "Mozilla/5.0 (compatible; MJ12bot/v1.4.8; http://mj12bot.com/)"
54.36.60.45 - - [24/Aug/2026:21:42:19 +0500] "GET /uz/balans-uzb/491-balans-6-2025 HTTP/1.1" 200 60303 "-" "Mozilla/5.0 (compatible; MJ12bot/v1.4.8; http://mj12bot.com/)"
43.165.170.119 - - [24/Aug/2026:21:43:28 +0500] "GET /uz/officially-uzb/zhami-tnin-moli-khuzhali-holati-ma-l-motlari-tahlillar HTTP/1.1" 200 60444 "-" "Mozilla/5.0 (iPhone; CPU iPhone OS 13_2_3 like Mac OS X) AppleWebKit/605.1.15 (KHTML, like Gecko) Version/13.0.3 Mobile/15E148 Safari/604.1"
34.10.180.98 - - [24/Aug/2026:21:48:02 +0500] "GET /ru/component/mailto/?link=077aeea67daa440a6ef0ba47de32dee5a524719d&template=zo2_zizia&tmpl=component HTTP/1.1" 508 288 "-" "Mozilla/5.0 (Macintosh; Intel Mac OS X 10_15_7) AppleWebKit/537.36 (KHTML, like Gecko) Chrome/120.0.0.0 Safari/537.36"
81.167.26.57 - - [24/Aug/2026:21:49:17 +0500] "GET /robots.txt HTTP/1.1" 200 865 "-" "Mozilla/5.0 (compatible; MJ12bot/v1.4.8; http://mj12bot.com/)"
81.167.26.57 - - [24/Aug/2026:21:49:19 +0500] "GET /uz/95-russian/officially-rus/tenders-rus/360-tender-08-02-22-rus HTTP/1.1" 200 68262 "-" "Mozilla/5.0 (compatible; MJ12bot/v1.4.8; http://mj12bot.com/)"
81.167.26.57 - - [24/Aug/2026:21:49:52 +0500] "GET /uz/about-org-uzb/direction-uzb/86-uzbek HTTP/1.1" 508 288 "-" "Mozilla/5.0 (compatible; MJ12bot/v1.4.8; http://mj12bot.com/)"
81.167.26.57 - - [24/Aug/2026:21:49:53 +0500] "GET /uz/about-org-uzb/direction-uzb/89-uzbek/about-org-uzb HTTP/1.1" 508 288 "-" "Mozilla/5.0 (compatible; MJ12bot/v1.4.8; http://mj12bot.com/)"
81.167.26.57 - - [24/Aug/2026:21:49:55 +0500] "GET /uz/about-org-uzb/direction-uzb/89-uzbek/about-org-uzb?format=feed&type=rss HTTP/1.1" 508 288 "-" "Mozilla/5.0 (compatible; MJ12bot/v1.4.8; http://mj12bot.com/)"
81.167.26.57 - - [24/Aug/2026:21:49:56 +0500] "GET /uz/about-org-uzb/general-info-uzb/86-uzbek HTTP/1.1" 200 76187 "-" "Mozilla/5.0 (compatible; MJ12bot/v1.4.8; http://mj12bot.com/)"
193.169.175.18 - - [24/Aug/2026:21:50:09 +0500] "GET /uz/jsc-docs-uzb?template=Zo2_zizia HTTP/1.1" 200 63703 "-" "Mozilla/5.0 (Macintosh; Intel Mac OS X 10_15_7) AppleWebKit/537.36 (KHTML, like Gecko) Chrome/150.0.0.0 Safari/537.36"
81.167.26.57 - - [24/Aug/2026:21:50:17 +0500] "GET /uz/about-org-uzb/general-info-uzb/89-uzbek/about-org-uzb HTTP/1.1" 200 81164 "-" "Mozilla/5.0 (compatible; MJ12bot/v1.4.8; http://mj12bot.com/)"
81.167.26.57 - - [24/Aug/2026:21:50:36 +0500] "GET /uz/about-org-uzb/general-info-uzb/89-uzbek/about-org-uzb?format=feed&type=atom HTTP/1.1" 200 77941 "-" "Mozilla/5.0 (compatible; MJ12bot/v1.4.8; http://mj12bot.com/)"
81.167.26.57 - - [24/Aug/2026:21:50:50 +0500] "GET /uz/about-org-uzb/general-info-uzb/89-uzbek/about-org-uzb?format=feed&type=rss HTTP/1.1" 200 31460 "-" "Mozilla/5.0 (compatible; MJ12bot/v1.4.8; http://mj12bot.com/)"
81.167.26.57 - - [24/Aug/2026:21:51:02 +0500] "GET /uz/about-org-uzb/general-info-uzb?template=accessibility HTTP/1.1" 200 28650 "-" "Mozilla/5.0 (compatible; MJ12bot/v1.4.8; http://mj12bot.com/)"
81.167.26.57 - - [24/Aug/2026:21:51:13 +0500] "GET /uz/reports-uzb?template=accessibility&start=10 HTTP/1.1" 508 288 "-" "Mozilla/5.0 (compatible; MJ12bot/v1.4.8; http://mj12bot.com/)"
34.10.180.98 - - [24/Aug/2026:21:52:02 +0500] "GET /uz/officially-uzb/tenders-uzb/418-tender-ku-2022-uzb HTTP/1.1" 200 64233 "-" "Mozilla/5.0 (Macintosh; Intel Mac OS X 10_15_7) AppleWebKit/537.36 (KHTML, like Gecko) Chrome/120.0.0.0 Safari/537.36"
34.56.53.225 - - [24/Aug/2026:21:52:51 +0500] "GET /ru/component/search/?Itemid=822&catid=116&format=opensearch&id=111 HTTP/1.1" 200 694 "-" "Mozilla/5.0 (Macintosh; Intel Mac OS X 10_15_7) AppleWebKit/537.36 (KHTML, like Gecko) Chrome/120.0.0.0 Safari/537.36"
81.167.26.57 - - [24/Aug/2026:21:53:30 +0500] "GET /robots.txt HTTP/1.1" 200 865 "-" "Mozilla/5.0 (compatible; MJ12bot/v1.4.8; http://mj12bot.com/)"
81.167.26.57 - - [24/Aug/2026:21:53:32 +0500] "GET /ru/balans-rus/491-balans-6-2025 HTTP/1.1" 200 64905 "-" "Mozilla/5.0 (compatible; MJ12bot/v1.4.8; http://mj12bot.com/)"
158.101.42.52 - - [24/Aug/2026:21:55:05 +0500] "GET /ru/officially-rus/vacancies-rus/152-vacancy-10-04-16-rus HTTP/1.1" 200 - "-" "Mozilla/5.0 (X11; Linux aarch64) AppleWebKit/537.36 (KHTML, like Gecko) Chrome/139.0.0.0 Safari/537.36"
158.101.42.52 - - [24/Aug/2026:21:55:09 +0500] "GET /ru/officially-rus/vacancies-rus/152-vacancy-10-04-16-rus HTTP/1.1" 200 - "-" "Mozilla/5.0 (X11; Linux aarch64) AppleWebKit/537.36 (KHTML, like Gecko) Chrome/139.0.0.0 Safari/537.36"
81.167.26.57 - - [24/Aug/2026:21:55:13 +0500] "GET /ru/info-for-shareholders-rus/492-kpe-6-2025 HTTP/1.1" 200 65749 "-" "Mozilla/5.0 (compatible; MJ12bot/v1.4.8; http://mj12bot.com/)"
49.51.39.209 - - [24/Aug/2026:21:55:15 +0500] "GET /uz/affil-uzb HTTP/1.1" 200 64084 "-" "Mozilla/5.0 (iPhone; CPU iPhone OS 13_2_3 like Mac OS X) AppleWebKit/605.1.15 (KHTML, like Gecko) Version/13.0.3 Mobile/15E148 Safari/604.1"
34.61.96.6 - - [24/Aug/2026:21:56:03 +0500] "GET /uz/component/search/?Itemid=926&catid=103&format=opensearch&id=391 HTTP/1.1" 508 288 "-" "Mozilla/5.0 (Macintosh; Intel Mac OS X 10_15_7) AppleWebKit/537.36 (KHTML, like Gecko) Chrome/120.0.0.0 Safari/537.36"
54.36.60.45 - - [24/Aug/2026:21:56:25 +0500] "GET /uz/reports-uzb/493-report-2024-full HTTP/1.1" 200 60111 "-" "Mozilla/5.0 (compatible; MJ12bot/v1.4.8; http://mj12bot.com/)"
54.36.60.45 - - [24/Aug/2026:21:57:03 +0500] "GET /uz/reports-uzb?template=accessibility&start=10 HTTP/1.1" 200 23162 "-" "Mozilla/5.0 (compatible; MJ12bot/v1.4.8; http://mj12bot.com/)"
34.10.180.98 - - [24/Aug/2026:21:57:28 +0500] "GET /ru/bussiness-plans-rus/312-uchetnaya-politika-2020?print=1&tmpl=component HTTP/1.1" 200 13432 "-" "Mozilla/5.0 (Macintosh; Intel Mac OS X 10_15_7) AppleWebKit/537.36 (KHTML, like Gecko) Chrome/120.0.0.0 Safari/537.36"
81.167.26.57 - - [24/Aug/2026:21:58:12 +0500] "GET /ru/reports-rus?start=10 HTTP/1.1" 200 64943 "-" "Mozilla/5.0 (compatible; MJ12bot/v1.4.8; http://mj12bot.com/)"
34.123.149.87 - - [24/Aug/2026:22:00:10 +0500] "GET /ru/balans-rus/465-balans-1-2024-full?print=1&tmpl=component HTTP/1.1" 200 12609 "-" "Mozilla/5.0 (Macintosh; Intel Mac OS X 10_15_7) AppleWebKit/537.36 (KHTML, like Gecko) Chrome/120.0.0.0 Safari/537.36"
170.106.193.108 - - [24/Aug/2026:22:01:09 +0500] "GET /uz/officially-uzb/norm-baza-uzb HTTP/1.1" 200 63073 "-" "Mozilla/5.0 (iPhone; CPU iPhone OS 13_2_3 like Mac OS X) AppleWebKit/605.1.15 (KHTML, like Gecko) Version/13.0.3 Mobile/15E148 Safari/604.1"
34.10.180.98 - - [24/Aug/2026:22:03:11 +0500] "GET /uz/interactive-uzb/appeals-of-citizens/92-uzbek/officially-uzb?format=feed&type=rss HTTP/1.1" 200 12111 "-" "Mozilla/5.0 (Macintosh; Intel Mac OS X 10_15_7) AppleWebKit/537.36 (KHTML, like Gecko) Chrome/120.0.0.0 Safari/537.36"
34.171.68.95 - - [24/Aug/2026:22:04:12 +0500] "GET /ru/facts-rus/260-36-fact-19-09-2018?print=1&tmpl=component HTTP/1.1" 500 1528 "-" "Mozilla/5.0 (Macintosh; Intel Mac OS X 10_15_7) AppleWebKit/537.36 (KHTML, like Gecko) Chrome/120.0.0.0 Safari/537.36"
35.173.38.202 - - [24/Aug/2026:22:04:09 +0500] "GET /uz/85-russian HTTP/1.1" 200 81362 "-" "Mozilla/5.0 AppleWebKit/537.36 (KHTML, like Gecko; compatible; Amazonbot/0.1; +https://developer.amazon.com/support/amazonbot) Chrome/119.0.6045.214 Safari/537.36"
34.123.149.87 - - [24/Aug/2026:22:04:48 +0500] "GET /ru/balans-rus/511-balans-2025?print=1&tmpl=component HTTP/1.1" 200 12559 "-" "Mozilla/5.0 (Macintosh; Intel Mac OS X 10_15_7) AppleWebKit/537.36 (KHTML, like Gecko) Chrome/120.0.0.0 Safari/537.36"
35.254.159.230 - - [24/Aug/2026:22:05:10 +0500] "GET /ru/facts-rus/247-08-fact-18-05-19?print=1&tmpl=component HTTP/1.1" 200 26377 "-" "Mozilla/5.0 (Macintosh; Intel Mac OS X 10_15_7) AppleWebKit/537.36 (KHTML, like Gecko) Chrome/120.0.0.0 Safari/537.36"
85.208.96.201 - - [24/Aug/2026:22:06:08 +0500] "GET /robots.txt HTTP/1.1" 200 865 "-" "Mozilla/5.0 (compatible; SemrushBot/7~bl; +http://www.semrush.com/bot.html)"
85.208.96.212 - - [24/Aug/2026:22:06:08 +0500] "GET /uz/info-for-shareholders-uzb/492-kpe-6-2025 HTTP/1.1" 200 61142 "-" "Mozilla/5.0 (compatible; SemrushBot/7~bl; +http://www.semrush.com/bot.html)"
35.254.159.230 - - [24/Aug/2026:22:07:25 +0500] "GET /ru/98-uzbek/officially-uzb/vacancies-uzb/276-meeting-11-06-2019?print=1&tmpl=component HTTP/1.1" 200 17284 "-" "Mozilla/5.0 (Macintosh; Intel Mac OS X 10_15_7) AppleWebKit/537.36 (KHTML, like Gecko) Chrome/120.0.0.0 Safari/537.36"
185.191.171.12 - - [24/Aug/2026:22:09:12 +0500] "GET /uz/info-for-shareholders-uzb/489-kpe-3-2025 HTTP/1.1" 200 61126 "-" "Mozilla/5.0 (compatible; SemrushBot/7~bl; +http://www.semrush.com/bot.html)"
34.10.180.98 - - [24/Aug/2026:22:11:07 +0500] "GET /ru/component/mailto/?link=dc2346657364a0a6b70a3e532f3aed1cd885275a&template=zo2_zizia&tmpl=component HTTP/1.1" 200 13219 "-" "Mozilla/5.0 (Macintosh; Intel Mac OS X 10_15_7) AppleWebKit/537.36 (KHTML, like Gecko) Chrome/120.0.0.0 Safari/537.36"
91.213.99.99 - - [24/Aug/2026:22:11:27 +0500] "GET /.well-known/pki-validation/index.php HTTP/1.1" 404 - "-" "get_local:DCV"
20.104.87.97 - - [24/Aug/2026:22:11:46 +0500] "GET /uz/wp-content/plugins/hellopress/wp_filemanager.php HTTP/1.1" 508 288 "-" "-"
20.104.87.97 - - [24/Aug/2026:22:11:41 +0500] "GET /wp-content/plugins/hellopress/wp_filemanager.php HTTP/1.1" 301 - "-" "-"
20.104.87.97 - - [24/Aug/2026:22:11:46 +0500] "GET /this_is_a_new_hello_world.php HTTP/1.1" 301 - "-" "-"
129.146.114.253 - - [24/Aug/2026:22:11:42 +0500] "GET /uz/officially-uzb/old-acts-uzb/116-qo-yliq-dehqon-bozori-aktsiyadorlik-jamiyati-aktsiyadorlari-diqqatiga HTTP/1.1" 200 15692 "-" "Mozilla/5.0 (X11; Linux aarch64) AppleWebKit/537.36 (KHTML, like Gecko) Chrome/139.0.0.0 Safari/537.36"
129.146.114.253 - - [24/Aug/2026:22:11:46 +0500] "GET /uz/officially-uzb/old-acts-uzb/116-qo-yliq-dehqon-bozori-aktsiyadorlik-jamiyati-aktsiyadorlari-diqqatiga HTTP/1.1" 200 15716 "-" "Mozilla/5.0 (X11; Linux aarch64) AppleWebKit/537.36 (KHTML, like Gecko) Chrome/139.0.0.0 Safari/537.36"
20.104.87.97 - - [24/Aug/2026:22:11:52 +0500] "GET /uz/this_is_a_new_hello_world.php HTTP/1.1" 404 1417 "-" "-"
20.104.87.97 - - [24/Aug/2026:22:12:01 +0500] "GET /011i.php HTTP/1.1" 301 - "-" "-"
20.104.87.97 - - [24/Aug/2026:22:12:16 +0500] "GET /667.php HTTP/1.1" 508 288 "-" "-"
20.104.87.97 - - [24/Aug/2026:22:12:17 +0500] "GET /GA13.php HTTP/1.1" 508 288 "-" "-"
20.104.87.97 - - [24/Aug/2026:22:12:17 +0500] "GET /jok3r.php HTTP/1.1" 508 288 "-" "-"
20.104.87.97 - - [24/Aug/2026:22:12:17 +0500] "GET /zolando.php HTTP/1.1" 508 288 "-" "-"
20.104.87.97 - - [24/Aug/2026:22:12:17 +0500] "GET /2x.php HTTP/1.1" 508 288 "-" "-"
20.104.87.97 - - [24/Aug/2026:22:12:17 +0500] "GET /f22.php HTTP/1.1" 508 288 "-" "-"
20.104.87.97 - - [24/Aug/2026:22:12:18 +0500] "GET /file-manager-advanced.php HTTP/1.1" 508 288 "-" "-"
20.104.87.97 - - [24/Aug/2026:22:12:18 +0500] "GET /csa.php HTTP/1.1" 508 288 "-" "-"
20.104.87.97 - - [24/Aug/2026:22:12:07 +0500] "GET /uz/011i.php HTTP/1.1" 404 1417 "-" "-"
20.104.87.97 - - [24/Aug/2026:22:12:18 +0500] "GET /jlex.php HTTP/1.1" 301 - "-" "-"
