| Current Path : /home/uzgidenergo/access-logs/ |
| Current File : /home/uzgidenergo/access-logs/uml.uz.uzbekgidroenergoqurilish.uz |
17.22.237.108 - - [25/Aug/2026:17:11:54 +0500] "GET /plugins/system/jcemediabox/themes/standard/popup.html HTTP/1.1" 200 1802 "http://uml.uz/ru/?pid=155197023&start=5" "Mozilla/5.0 (Macintosh; Intel Mac OS X 10_15_7) AppleWebKit/605.1.15 (KHTML, like Gecko) Version/17.4 Safari/605.1.15 (Applebot/0.1; +http://www.apple.com/go/applebot)"
17.22.237.108 - - [25/Aug/2026:17:11:56 +0500] "GET /plugins/system/jcemediabox/themes/standard/tooltip.html HTTP/1.1" 200 958 "http://uml.uz/ru/?pid=155197023&start=5" "Mozilla/5.0 (Macintosh; Intel Mac OS X 10_15_7) AppleWebKit/605.1.15 (KHTML, like Gecko) Version/17.4 Safari/605.1.15 (Applebot/0.1; +http://www.apple.com/go/applebot)"
17.22.253.45 - - [25/Aug/2026:17:11:59 +0500] "GET /plugins/system/jcemediabox/themes/standard/tooltip.html HTTP/1.1" 200 958 "http://uml.uz/uz/shareholders-uzb/audit-uzb/2-uncategorised/22-sovr-metodi" "Mozilla/5.0 (Macintosh; Intel Mac OS X 10_15_7) AppleWebKit/605.1.15 (KHTML, like Gecko) Version/17.4 Safari/605.1.15 (Applebot/0.1; +http://www.apple.com/go/applebot)"
34.56.53.225 - - [25/Aug/2026:17:12:04 +0500] "GET /ru/shareholders-rus/votes-rus/2-uncategorised/47-direction-uzb?layout=default&print=1&tmpl=component HTTP/1.1" 200 3947 "-" "Mozilla/5.0 (Macintosh; Intel Mac OS X 10_15_7) AppleWebKit/537.36 (KHTML, like Gecko) Chrome/120.0.0.0 Safari/537.36"
147.135.213.177 - - [25/Aug/2026:17:12:06 +0500] "GET /ru/?cbid=1707124&csid=0&mode=cate&format=feed&type=rss HTTP/1.1" 200 11016 "-" "Mozilla/5.0 (compatible; MJ12bot/v1.4.8; http://mj12bot.com/)"
34.42.229.145 - - [25/Aug/2026:17:12:16 +0500] "GET /ru/component/mailto/?link=60785617eab4876d133938adb82b8381c5d1a9a8&template=uml&tmpl=component HTTP/1.1" 508 288 "-" "Mozilla/5.0 (Macintosh; Intel Mac OS X 10_15_7) AppleWebKit/537.36 (KHTML, like Gecko) Chrome/120.0.0.0 Safari/537.36"
34.56.53.225 - - [25/Aug/2026:17:12:17 +0500] "GET /ru/?cbid=2283446&csid=0&format=feed&mode=cate&type=rss HTTP/1.1" 508 288 "-" "Mozilla/5.0 (Macintosh; Intel Mac OS X 10_15_7) AppleWebKit/537.36 (KHTML, like Gecko) Chrome/120.0.0.0 Safari/537.36"
147.135.213.177 - - [25/Aug/2026:17:12:16 +0500] "GET /ru/?cbid=2058622&csid=0&mode=cate HTTP/1.1" 200 49534 "-" "Mozilla/5.0 (compatible; MJ12bot/v1.4.8; http://mj12bot.com/)"
147.135.213.177 - - [25/Aug/2026:17:12:24 +0500] "GET /ru/?cbid=2058622&csid=0&mode=cate&start=10 HTTP/1.1" 200 49807 "-" "Mozilla/5.0 (compatible; MJ12bot/v1.4.8; http://mj12bot.com/)"
82.26.28.212 - - [25/Aug/2026:17:12:28 +0500] "GET /uz/shareholders-uzb/audit-uzb/2-uncategorised?start=20 HTTP/1.1" 500 1399 "-" "Mozilla/5.0 (Macintosh; Intel Mac OS X 10_15_7) AppleWebKit/537.36 (KHTML, like Gecko) Chrome/104.0.0.0 Safari/537.36"
147.135.213.177 - - [25/Aug/2026:17:12:29 +0500] "GET /ru/?cbid=2058622&csid=0&mode=cate&start=15 HTTP/1.1" 200 50159 "-" "Mozilla/5.0 (compatible; MJ12bot/v1.4.8; http://mj12bot.com/)"
82.26.28.212 - - [25/Aug/2026:17:12:29 +0500] "GET /ru/?cbid=2352307&csid=0&mode=cate HTTP/1.1" 200 49534 "-" "Mozilla/5.0 (Macintosh; Intel Mac OS X 10_15_7) AppleWebKit/537.36 (KHTML, like Gecko) Chrome/104.0.0.0 Safari/537.36"
82.26.28.212 - - [25/Aug/2026:17:12:32 +0500] "GET /ru/?gid=373597&mode=grp&sort=n HTTP/1.1" 200 49534 "-" "Mozilla/5.0 (Macintosh; Intel Mac OS X 10_15_7) AppleWebKit/537.36 (KHTML, like Gecko) Chrome/104.0.0.0 Safari/537.36"
82.26.28.212 - - [25/Aug/2026:17:12:34 +0500] "GET /ru/component/mailto/?tmpl=component&template=uml&link=c74e92c354e4a33aab0684edd96e537d38059729 HTTP/1.1" 200 4525 "-" "Mozilla/5.0 (Macintosh; Intel Mac OS X 10_15_7) AppleWebKit/537.36 (KHTML, like Gecko) Chrome/104.0.0.0 Safari/537.36"
147.135.213.177 - - [25/Aug/2026:17:12:34 +0500] "GET /ru/?cbid=2058622&csid=0&mode=cate&start=20 HTTP/1.1" 200 50287 "-" "Mozilla/5.0 (compatible; MJ12bot/v1.4.8; http://mj12bot.com/)"
79.132.70.111 - - [25/Aug/2026:17:12:37 +0500] "GET /ru/component/mailto/?tmpl=component&template=uml&link=c74e92c354e4a33aab0684edd96e537d38059729 HTTP/1.1" 200 4525 "-" "Mozilla/5.0 (Macintosh; Intel Mac OS X 10_15_7) AppleWebKit/537.36 (KHTML, like Gecko) Chrome/104.0.0.0 Safari/537.36"
82.26.28.212 - - [25/Aug/2026:17:12:40 +0500] "GET /?format=feed&type=rss HTTP/1.1" 301 - "-" "Mozilla/5.0 (Macintosh; Intel Mac OS X 10_15_7) AppleWebKit/537.36 (KHTML, like Gecko) Chrome/104.0.0.0 Safari/537.36"
82.26.28.212 - - [25/Aug/2026:17:12:42 +0500] "GET /ru/?format=feed&type=rss HTTP/1.1" 200 10974 "-" "Mozilla/5.0 (Macintosh; Intel Mac OS X 10_15_7) AppleWebKit/537.36 (KHTML, like Gecko) Chrome/104.0.0.0 Safari/537.36"
82.26.28.212 - - [25/Aug/2026:17:12:44 +0500] "GET /ru/?pid=154353358&start=10 HTTP/1.1" 200 49807 "-" "Mozilla/5.0 (Macintosh; Intel Mac OS X 10_15_7) AppleWebKit/537.36 (KHTML, like Gecko) Chrome/104.0.0.0 Safari/537.36"
82.26.28.212 - - [25/Aug/2026:17:12:47 +0500] "GET /ru/component/mailto/?tmpl=component&template=uml&link=a5db7a33a55da1fb4250d0c81396f073ec0c47a5 HTTP/1.1" 200 4525 "-" "Mozilla/5.0 (Macintosh; Intel Mac OS X 10_15_7) AppleWebKit/537.36 (KHTML, like Gecko) Chrome/104.0.0.0 Safari/537.36"
85.208.96.203 - - [25/Aug/2026:17:12:51 +0500] "GET /ru/?cbid=2074609&csid=0&mode=cate&start=20 HTTP/1.1" 200 50415 "-" "Mozilla/5.0 (compatible; SemrushBot/7~bl; +http://www.semrush.com/bot.html)"
3.232.102.111 - - [25/Aug/2026:17:12:58 +0500] "GET /uz/?cbid=2211837&csid=0&mode=cate&start=15 HTTP/1.1" 200 45891 "-" "Mozilla/5.0 AppleWebKit/537.36 (KHTML, like Gecko; compatible; Amazonbot/0.1; +https://developer.amazon.com/support/amazonbot) Chrome/119.0.6045.214 Safari/537.36"
85.208.96.208 - - [25/Aug/2026:17:13:01 +0500] "GET /ru/?cbid=1565918&start=15 HTTP/1.1" 200 50179 "-" "Mozilla/5.0 (compatible; SemrushBot/7~bl; +http://www.semrush.com/bot.html)"
34.10.180.98 - - [25/Aug/2026:17:13:08 +0500] "GET /ru/?p=20991&start=25 HTTP/1.1" 508 288 "-" "Mozilla/5.0 (Macintosh; Intel Mac OS X 10_15_7) AppleWebKit/537.36 (KHTML, like Gecko) Chrome/120.0.0.0 Safari/537.36"
147.135.213.177 - - [25/Aug/2026:17:13:07 +0500] "GET /ru/?cbid=2058622&csid=0&mode=cate&start=25 HTTP/1.1" 200 45176 "-" "Mozilla/5.0 (compatible; MJ12bot/v1.4.8; http://mj12bot.com/)"
34.10.180.98 - - [25/Aug/2026:17:13:19 +0500] "GET /ru/shareholders-rus/reports-rus?start=40&template=accessibility HTTP/1.1" 200 24392 "-" "Mozilla/5.0 (Macintosh; Intel Mac OS X 10_15_7) AppleWebKit/537.36 (KHTML, like Gecko) Chrome/120.0.0.0 Safari/537.36"
85.208.96.207 - - [25/Aug/2026:17:13:20 +0500] "GET /ru/?category_name=new%27AND%208244%3DCAST%28%27~%27%20%28SELECT%20%28CASE%20WHEN%20%288244%3D8244%29%20THEN%20%271%27%20ELSE%20%270%27%20END%29%29%20%27~%27%20AS%20INT%29%20OR%20%27JRqayKai%27%3D%27inlNZMom&start=20 HTTP/1.1" 200 50307 "-" "Mozilla/5.0 (compatible; SemrushBot/7~bl; +http://www.semrush.com/bot.html)"
34.42.229.145 - - [25/Aug/2026:17:13:49 +0500] "GET /uz/shareholders-uzb/reports-uzb/103-balans-4kv-2018 HTTP/1.1" 200 26675 "-" "Mozilla/5.0 (Macintosh; Intel Mac OS X 10_15_7) AppleWebKit/537.36 (KHTML, like Gecko) Chrome/120.0.0.0 Safari/537.36"
147.135.213.177 - - [25/Aug/2026:17:13:51 +0500] "GET /ru/?cbid=2211837&csid=0&mode=cate HTTP/1.1" 200 49534 "-" "Mozilla/5.0 (compatible; MJ12bot/v1.4.8; http://mj12bot.com/)"
34.10.180.98 - - [25/Aug/2026:17:13:56 +0500] "GET /ru/?format=feed&p=29088&type=atom HTTP/1.1" 200 18382 "-" "Mozilla/5.0 (Macintosh; Intel Mac OS X 10_15_7) AppleWebKit/537.36 (KHTML, like Gecko) Chrome/120.0.0.0 Safari/537.36"
34.123.149.87 - - [25/Aug/2026:17:13:58 +0500] "GET /ru/?gid=2472479&mode=grp&start=10 HTTP/1.1" 200 49919 "-" "Mozilla/5.0 (Macintosh; Intel Mac OS X 10_15_7) AppleWebKit/537.36 (KHTML, like Gecko) Chrome/120.0.0.0 Safari/537.36"
34.10.180.98 - - [25/Aug/2026:17:14:11 +0500] "GET /ru/?gid=2472469&mode=grp&sort=n&start=20 HTTP/1.1" 508 288 "-" "Mozilla/5.0 (Macintosh; Intel Mac OS X 10_15_7) AppleWebKit/537.36 (KHTML, like Gecko) Chrome/120.0.0.0 Safari/537.36"
147.135.213.177 - - [25/Aug/2026:17:14:07 +0500] "GET /ru/?cbid=2211837&csid=0&mode=cate&format=feed&type=atom HTTP/1.1" 200 18412 "-" "Mozilla/5.0 (compatible; MJ12bot/v1.4.8; http://mj12bot.com/)"
147.135.213.177 - - [25/Aug/2026:17:14:14 +0500] "GET /ru/?cbid=2211837&csid=0&mode=cate&format=feed&type=rss HTTP/1.1" 200 11016 "-" "Mozilla/5.0 (compatible; MJ12bot/v1.4.8; http://mj12bot.com/)"
147.135.213.177 - - [25/Aug/2026:17:14:21 +0500] "GET /ru/?cbid=2211837&csid=0&mode=cate&start=10 HTTP/1.1" 200 49807 "-" "Mozilla/5.0 (compatible; MJ12bot/v1.4.8; http://mj12bot.com/)"
147.135.213.177 - - [25/Aug/2026:17:14:29 +0500] "GET /ru/?cbid=2211837&csid=0&mode=cate&start=15 HTTP/1.1" 200 50159 "-" "Mozilla/5.0 (compatible; MJ12bot/v1.4.8; http://mj12bot.com/)"
147.135.213.177 - - [25/Aug/2026:17:14:32 +0500] "GET /ru/?cbid=2211837&csid=0&mode=cate&start=20 HTTP/1.1" 200 50287 "-" "Mozilla/5.0 (compatible; MJ12bot/v1.4.8; http://mj12bot.com/)"
147.135.213.177 - - [25/Aug/2026:17:14:38 +0500] "GET /ru/?cbid=2211837&csid=0&mode=cate&start=5 HTTP/1.1" 200 50680 "-" "Mozilla/5.0 (compatible; MJ12bot/v1.4.8; http://mj12bot.com/)"
147.135.213.177 - - [25/Aug/2026:17:14:42 +0500] "GET /ru/?cbid=2278749&csid=0&mode=cate&start=10 HTTP/1.1" 200 49807 "-" "Mozilla/5.0 (compatible; MJ12bot/v1.4.8; http://mj12bot.com/)"
34.123.149.87 - - [25/Aug/2026:17:14:42 +0500] "GET /uz/oficially-uzb/tenders-uzb/2-uncategorised/7-under-construction HTTP/1.1" 200 27569 "-" "Mozilla/5.0 (Macintosh; Intel Mac OS X 10_15_7) AppleWebKit/537.36 (KHTML, like Gecko) Chrome/120.0.0.0 Safari/537.36"
34.10.180.98 - - [25/Aug/2026:17:14:50 +0500] "GET /uz/shareholders-uzb/reports-uzb/2-uncategorised/105-auditorskoe-zaklyuchenie-za-2018-god HTTP/1.1" 200 26813 "-" "Mozilla/5.0 (Macintosh; Intel Mac OS X 10_15_7) AppleWebKit/537.36 (KHTML, like Gecko) Chrome/120.0.0.0 Safari/537.36"
147.135.213.177 - - [25/Aug/2026:17:15:01 +0500] "GET /ru/?cbid=2590756&csid=0&mode=cate HTTP/1.1" 200 49534 "-" "Mozilla/5.0 (compatible; MJ12bot/v1.4.8; http://mj12bot.com/)"
147.135.213.177 - - [25/Aug/2026:17:15:06 +0500] "GET /ru/?cbid=2590756&csid=0&mode=cate&start=10 HTTP/1.1" 200 49807 "-" "Mozilla/5.0 (compatible; MJ12bot/v1.4.8; http://mj12bot.com/)"
34.42.229.145 - - [25/Aug/2026:17:15:10 +0500] "GET /ru/?cbid=2034259&csid=0&format=feed&mode=cate&type=atom HTTP/1.1" 508 288 "-" "Mozilla/5.0 (Macintosh; Intel Mac OS X 10_15_7) AppleWebKit/537.36 (KHTML, like Gecko) Chrome/120.0.0.0 Safari/537.36"
34.10.180.98 - - [25/Aug/2026:17:15:07 +0500] "GET /uz/component/mailto/?link=1c60b2540f2616530241b828caead5dde31b7562&template=uml&tmpl=component HTTP/1.1" 200 4530 "-" "Mozilla/5.0 (Macintosh; Intel Mac OS X 10_15_7) AppleWebKit/537.36 (KHTML, like Gecko) Chrome/120.0.0.0 Safari/537.36"
147.135.213.177 - - [25/Aug/2026:17:15:26 +0500] "GET /ru/?character=P_RAYQUAZA&format=feed&type=rss HTTP/1.1" 200 10999 "-" "Mozilla/5.0 (compatible; MJ12bot/v1.4.8; http://mj12bot.com/)"
147.135.213.177 - - [25/Aug/2026:17:15:31 +0500] "GET /ru/?character=P_WANPACHI&main_page=product_list&format=feed&type=atom HTTP/1.1" 508 288 "-" "Mozilla/5.0 (compatible; MJ12bot/v1.4.8; http://mj12bot.com/)"
147.135.213.177 - - [25/Aug/2026:17:15:34 +0500] "GET /ru/?eid=2546&format=feed&type=rss HTTP/1.1" 508 288 "-" "Mozilla/5.0 (compatible; MJ12bot/v1.4.8; http://mj12bot.com/)"
34.56.53.225 - - [25/Aug/2026:17:15:37 +0500] "GET /ru/?up-time=eval HTTP/1.1" 200 49534 "-" "Mozilla/5.0 (Macintosh; Intel Mac OS X 10_15_7) AppleWebKit/537.36 (KHTML, like Gecko) Chrome/120.0.0.0 Safari/537.36"
34.171.68.95 - - [25/Aug/2026:17:15:43 +0500] "GET /uz/?cbid=2022282&csid=0&mode=cate&start=20 HTTP/1.1" 200 47777 "-" "Mozilla/5.0 (Macintosh; Intel Mac OS X 10_15_7) AppleWebKit/537.36 (KHTML, like Gecko) Chrome/120.0.0.0 Safari/537.36"
98.84.60.17 - - [25/Aug/2026:17:16:18 +0500] "GET /ru/?p=4253 HTTP/1.1" 200 49534 "-" "Mozilla/5.0 AppleWebKit/537.36 (KHTML, like Gecko; compatible; Amazonbot/0.1; +https://developer.amazon.com/support/amazonbot) Chrome/119.0.6045.214 Safari/537.36"
34.10.180.98 - - [25/Aug/2026:17:16:21 +0500] "GET /uz/shareholders-uzb/votes-uzb/9-russian?format=feed&type=rss HTTP/1.1" 200 10720 "-" "Mozilla/5.0 (Macintosh; Intel Mac OS X 10_15_7) AppleWebKit/537.36 (KHTML, like Gecko) Chrome/120.0.0.0 Safari/537.36"
185.191.171.14 - - [25/Aug/2026:17:17:26 +0500] "GET /ru/?cbid=1398925%29%20AND%20AND%2F%2A%2A%2F10517%3D%28SELECT%2F%2A%2A%2F%27~%27%2B%28SELECT%2F%2A%2A%2F%28CASE%2F%2A%2A%2FWHEN%2F%2A%2A%2F%2810517%3D10517%29%2F%2A%2A%2FTHEN%2F%2A%2A%2F%271%27%2F%2A%2A%2FELSE%2F%2A%2A%2F%270%27%2F%2A%2A%2FEND%29%29%2B%27~%27%2F%2A%2A%2FFOR%2F%2A%2A%2FXML%2F%2A%2A%2FPATH%28%27%27%29%29--%20-&csid=0&start=25 HTTP/1.1" 200 45196 "-" "Mozilla/5.0 (compatible; SemrushBot/7~bl; +http://www.semrush.com/bot.html)"
185.191.171.3 - - [25/Aug/2026:17:17:37 +0500] "GET /ru/?%2F%3Fmode=atom&start=10 HTTP/1.1" 200 49807 "-" "Mozilla/5.0 (compatible; SemrushBot/7~bl; +http://www.semrush.com/bot.html)"
34.10.180.98 - - [25/Aug/2026:17:18:25 +0500] "GET /uz/oficially-uzb/vacancies-uzb/38-vacancies-rus?layout=default&print=1&tmpl=component HTTP/1.1" 200 3441 "-" "Mozilla/5.0 (Macintosh; Intel Mac OS X 10_15_7) AppleWebKit/537.36 (KHTML, like Gecko) Chrome/120.0.0.0 Safari/537.36"
85.208.96.193 - - [25/Aug/2026:17:18:39 +0500] "GET /ru/?cbid=1398925&csid=0&start=10 HTTP/1.1" 200 49807 "-" "Mozilla/5.0 (compatible; SemrushBot/7~bl; +http://www.semrush.com/bot.html)"
136.119.35.120 - - [25/Aug/2026:17:19:02 +0500] "GET /uz/component/mailto/?link=070bdd33b2e49efeb268a4325e11372c602eefe2&template=accessibility&tmpl=component HTTP/1.1" 200 4083 "-" "Mozilla/5.0 (Macintosh; Intel Mac OS X 10_15_7) AppleWebKit/537.36 (KHTML, like Gecko) Chrome/120.0.0.0 Safari/537.36"
216.244.66.244 - - [25/Aug/2026:17:19:15 +0500] "GET /category/379/ HTTP/1.1" 301 - "-" "Mozilla/5.0 (compatible; DotBot/1.2; +https://opensiteexplorer.org/dotbot; help@moz.com)"
34.10.180.98 - - [25/Aug/2026:17:19:25 +0500] "GET /ru/?cbid=1756024&csid=0&mode=cate&start=10 HTTP/1.1" 508 288 "-" "Mozilla/5.0 (Macintosh; Intel Mac OS X 10_15_7) AppleWebKit/537.36 (KHTML, like Gecko) Chrome/120.0.0.0 Safari/537.36"
216.244.66.244 - - [25/Aug/2026:17:19:49 +0500] "GET /douguyasan/8260njodp10-kitz-10spbof-80a/ HTTP/1.1" 301 - "-" "Mozilla/5.0 (compatible; DotBot/1.2; +https://opensiteexplorer.org/dotbot; help@moz.com)"
34.56.124.53 - - [25/Aug/2026:17:20:16 +0500] "GET /ru/component/mailto/?link=6196ef725abad50e5a9f19be5ebbc1683dc75ce2&template=uml&tmpl=component HTTP/1.1" 200 4529 "-" "Mozilla/5.0 (Macintosh; Intel Mac OS X 10_15_7) AppleWebKit/537.36 (KHTML, like Gecko) Chrome/120.0.0.0 Safari/537.36"
216.244.66.244 - - [25/Aug/2026:17:20:17 +0500] "GET /ru/interactive-rus/faq-rus/2-uncategorised HTTP/1.1" 200 40676 "-" "Mozilla/5.0 (compatible; DotBot/1.2; +https://opensiteexplorer.org/dotbot; help@moz.com)"
85.208.96.193 - - [25/Aug/2026:17:20:27 +0500] "GET /ru/?qfunc=sync&start=10 HTTP/1.1" 200 49807 "-" "Mozilla/5.0 (compatible; SemrushBot/7~bl; +http://www.semrush.com/bot.html)"
34.56.53.225 - - [25/Aug/2026:17:20:29 +0500] "GET /uz/?car=top_rs_h&start=15 HTTP/1.1" 200 45907 "-" "Mozilla/5.0 (Macintosh; Intel Mac OS X 10_15_7) AppleWebKit/537.36 (KHTML, like Gecko) Chrome/120.0.0.0 Safari/537.36"
34.56.53.225 - - [25/Aug/2026:17:20:44 +0500] "GET /ru/component/mailto/?link=91a4b8acf9bf92d5495e09ce0b14d0043d432f72&template=uml&tmpl=component HTTP/1.1" 200 4529 "-" "Mozilla/5.0 (Macintosh; Intel Mac OS X 10_15_7) AppleWebKit/537.36 (KHTML, like Gecko) Chrome/120.0.0.0 Safari/537.36"
147.135.213.177 - - [25/Aug/2026:17:20:54 +0500] "GET /ru/?gid=2472474&mode=grp&sort=n&format=feed&type=atom HTTP/1.1" 200 18410 "-" "Mozilla/5.0 (compatible; MJ12bot/v1.4.8; http://mj12bot.com/)"
147.135.213.177 - - [25/Aug/2026:17:21:00 +0500] "GET /ru/?gid=2472474&mode=grp&sort=n&format=feed&type=rss HTTP/1.1" 200 11014 "-" "Mozilla/5.0 (compatible; MJ12bot/v1.4.8; http://mj12bot.com/)"
216.244.66.244 - - [25/Aug/2026:17:21:31 +0500] "GET /ru/?mode=atom&start=10 HTTP/1.1" 200 49823 "-" "Mozilla/5.0 (compatible; DotBot/1.2; +https://opensiteexplorer.org/dotbot; help@moz.com)"
43.155.188.157 - - [25/Aug/2026:17:21:48 +0500] "GET /ru/component/mijopolls/poll/2-poll-uzb HTTP/1.1" 200 30670 "-" "Mozilla/5.0 (iPhone; CPU iPhone OS 13_2_3 like Mac OS X) AppleWebKit/605.1.15 (KHTML, like Gecko) Version/13.0.3 Mobile/15E148 Safari/604.1"
34.171.68.95 - - [25/Aug/2026:17:22:01 +0500] "GET /ru/?gid=365921&start=5 HTTP/1.1" 200 50707 "-" "Mozilla/5.0 (Macintosh; Intel Mac OS X 10_15_7) AppleWebKit/537.36 (KHTML, like Gecko) Chrome/120.0.0.0 Safari/537.36"
216.244.66.244 - - [25/Aug/2026:17:22:19 +0500] "GET /images/content/2019-dop/sush_fakt-08-24.06.2019-rk.pdf HTTP/1.1" 301 - "-" "Mozilla/5.0 (compatible; DotBot/1.2; +https://opensiteexplorer.org/dotbot; help@moz.com)"
114.119.139.19 - - [25/Aug/2026:17:22:30 +0500] "GET /ru/partners-rus/2-uncategorised/105-auditorskoe-zaklyuchenie-za-2018-god HTTP/1.1" 508 288 "http://uml.uz/ru/partners-rus/2-uncategorised/105-auditorskoe-zaklyuchenie-za-2018-god" "Mozilla/5.0 (Linux; Android 7.0;) AppleWebKit/537.36 (HTML, like Gecko) Mobile Safari/537.36 (compatible; PetalBot;+https://webmaster.petalsearch.com/site/petalbot)"
216.244.66.244 - - [25/Aug/2026:17:23:11 +0500] "GET /uz/shareholders-uzb/audit-uzb/2-uncategorised?start=20 HTTP/1.1" 500 1399 "-" "Mozilla/5.0 (compatible; DotBot/1.2; +https://opensiteexplorer.org/dotbot; help@moz.com)"
34.10.180.98 - - [25/Aug/2026:17:23:27 +0500] "GET /uz/?f=1&uid=a016F00001RgKYmQAN HTTP/1.1" 508 288 "-" "Mozilla/5.0 (Macintosh; Intel Mac OS X 10_15_7) AppleWebKit/537.36 (KHTML, like Gecko) Chrome/120.0.0.0 Safari/537.36"
216.244.66.244 - - [25/Aug/2026:17:23:35 +0500] "GET /ru/?pid=153273382&start=10 HTTP/1.1" 200 49807 "-" "Mozilla/5.0 (compatible; DotBot/1.2; +https://opensiteexplorer.org/dotbot; help@moz.com)"
34.123.149.87 - - [25/Aug/2026:17:23:57 +0500] "GET /uz/?s=SEO&start=25 HTTP/1.1" 508 288 "-" "Mozilla/5.0 (Macintosh; Intel Mac OS X 10_15_7) AppleWebKit/537.36 (KHTML, like Gecko) Chrome/120.0.0.0 Safari/537.36"
34.10.180.98 - - [25/Aug/2026:17:23:58 +0500] "GET /ru/?format=feed&gid=393358&mode=grp&sort=n&type=rss HTTP/1.1" 200 11881 "-" "Mozilla/5.0 (Macintosh; Intel Mac OS X 10_15_7) AppleWebKit/537.36 (KHTML, like Gecko) Chrome/120.0.0.0 Safari/537.36"
147.135.213.177 - - [25/Aug/2026:17:24:06 +0500] "GET /ru/?gid=2472475&start=15 HTTP/1.1" 200 48544 "-" "Mozilla/5.0 (compatible; MJ12bot/v1.4.8; http://mj12bot.com/)"
85.208.96.195 - - [25/Aug/2026:17:24:11 +0500] "GET /uz/?cbid=1606069&csid=0&mode=cate&start=5 HTTP/1.1" 508 288 "-" "Mozilla/5.0 (compatible; SemrushBot/7~bl; +http://www.semrush.com/bot.html)"
147.135.213.177 - - [25/Aug/2026:17:24:13 +0500] "GET /ru/?gid=2472500&mode=grp HTTP/1.1" 200 49534 "-" "Mozilla/5.0 (compatible; MJ12bot/v1.4.8; http://mj12bot.com/)"
147.135.213.177 - - [25/Aug/2026:17:24:19 +0500] "GET /ru/?gid=2472500&mode=grp&format=feed&type=atom HTTP/1.1" 200 18399 "-" "Mozilla/5.0 (compatible; MJ12bot/v1.4.8; http://mj12bot.com/)"
147.135.213.177 - - [25/Aug/2026:17:24:25 +0500] "GET /ru/?gid=2472500&mode=grp&format=feed&type=rss HTTP/1.1" 508 288 "-" "Mozilla/5.0 (compatible; MJ12bot/v1.4.8; http://mj12bot.com/)"
147.135.213.177 - - [25/Aug/2026:17:24:27 +0500] "GET /ru/?gid=2472500&mode=grp&start=10 HTTP/1.1" 508 288 "-" "Mozilla/5.0 (compatible; MJ12bot/v1.4.8; http://mj12bot.com/)"
147.135.213.177 - - [25/Aug/2026:17:24:29 +0500] "GET /ru/?gid=2472500&mode=grp&start=15 HTTP/1.1" 200 48544 "-" "Mozilla/5.0 (compatible; MJ12bot/v1.4.8; http://mj12bot.com/)"
147.135.213.177 - - [25/Aug/2026:17:24:35 +0500] "GET /ru/?gid=2472500&mode=grp&start=20 HTTP/1.1" 200 50287 "-" "Mozilla/5.0 (compatible; MJ12bot/v1.4.8; http://mj12bot.com/)"
147.135.213.177 - - [25/Aug/2026:17:24:39 +0500] "GET /ru/?gid=2472500&mode=grp&start=5 HTTP/1.1" 200 50691 "-" "Mozilla/5.0 (compatible; MJ12bot/v1.4.8; http://mj12bot.com/)"
147.135.213.177 - - [25/Aug/2026:17:24:43 +0500] "GET /ru/?gid=2472511&format=feed&type=atom HTTP/1.1" 200 18386 "-" "Mozilla/5.0 (compatible; MJ12bot/v1.4.8; http://mj12bot.com/)"
147.135.213.177 - - [25/Aug/2026:17:24:49 +0500] "GET /ru/?gid=2472511&format=feed&type=rss HTTP/1.1" 200 10990 "-" "Mozilla/5.0 (compatible; MJ12bot/v1.4.8; http://mj12bot.com/)"
147.135.213.177 - - [25/Aug/2026:17:24:55 +0500] "GET /ru/?gid=284823&mode=grp&start=20 HTTP/1.1" 200 50287 "-" "Mozilla/5.0 (compatible; MJ12bot/v1.4.8; http://mj12bot.com/)"
116.179.32.235 - - [25/Aug/2026:17:24:57 +0500] "GET /uz/?cbid=2058622&csid=0&mode=cate&start=25 HTTP/1.1" 200 42461 "-" "Mozilla/5.0 (compatible; Baiduspider/2.0; +http://www.baidu.com/search/spider.html)"
85.208.96.196 - - [25/Aug/2026:17:25:17 +0500] "GET /ru/?gid=345143&mode=grp&sort=n HTTP/1.1" 200 49554 "-" "Mozilla/5.0 (compatible; SemrushBot/7~bl; +http://www.semrush.com/bot.html)"
147.135.213.177 - - [25/Aug/2026:17:25:56 +0500] "GET /ru/?gid=365921&mode=grp HTTP/1.1" 200 49534 "-" "Mozilla/5.0 (compatible; MJ12bot/v1.4.8; http://mj12bot.com/)"
147.135.213.177 - - [25/Aug/2026:17:25:59 +0500] "GET /ru/?gid=365921&mode=grp&format=feed&type=atom HTTP/1.1" 200 18398 "-" "Mozilla/5.0 (compatible; MJ12bot/v1.4.8; http://mj12bot.com/)"
136.119.35.120 - - [25/Aug/2026:17:26:01 +0500] "GET /ru/component/mailto/?link=2cd588c3b9ed4fa938da7a8ded0e39b6087c4130&template=uml&tmpl=component HTTP/1.1" 200 4529 "-" "Mozilla/5.0 (Macintosh; Intel Mac OS X 10_15_7) AppleWebKit/537.36 (KHTML, like Gecko) Chrome/120.0.0.0 Safari/537.36"
147.135.213.177 - - [25/Aug/2026:17:26:01 +0500] "GET /ru/?gid=365921&mode=grp&format=feed&type=rss HTTP/1.1" 200 11002 "-" "Mozilla/5.0 (compatible; MJ12bot/v1.4.8; http://mj12bot.com/)"
116.179.37.239 - - [25/Aug/2026:17:26:05 +0500] "GET /plugins/system/jcemediabox/themes/standard/popup.html HTTP/1.1" 200 1802 "http://uml.uz/uz/?cbid=2058622&csid=0&mode=cate&start=25" "Mozilla/5.0 (compatible; Baiduspider-render/2.0; +http://www.baidu.com/search/spider.html)"
116.179.37.45 - - [25/Aug/2026:17:26:05 +0500] "GET /plugins/system/jcemediabox/themes/standard/tooltip.html HTTP/1.1" 200 958 "http://uml.uz/uz/?cbid=2058622&csid=0&mode=cate&start=25" "Mozilla/5.0 (compatible; Baiduspider-render/2.0; +http://www.baidu.com/search/spider.html)"
147.135.213.177 - - [25/Aug/2026:17:26:04 +0500] "GET /ru/?gid=365921&mode=grp&start=10 HTTP/1.1" 200 49807 "-" "Mozilla/5.0 (compatible; MJ12bot/v1.4.8; http://mj12bot.com/)"
136.119.35.120 - - [25/Aug/2026:17:26:07 +0500] "GET /uz/component/mailto/?link=be5d7d23a0391db1d8a2c9145d694d7e1c793dbc&template=accessibility&tmpl=component HTTP/1.1" 200 4079 "-" "Mozilla/5.0 (Macintosh; Intel Mac OS X 10_15_7) AppleWebKit/537.36 (KHTML, like Gecko) Chrome/120.0.0.0 Safari/537.36"
34.42.229.145 - - [25/Aug/2026:17:26:06 +0500] "GET /ru/news-rus?start=10&template=accessibility HTTP/1.1" 200 38481 "-" "Mozilla/5.0 (Macintosh; Intel Mac OS X 10_15_7) AppleWebKit/537.36 (KHTML, like Gecko) Chrome/120.0.0.0 Safari/537.36"
147.135.213.177 - - [25/Aug/2026:17:26:09 +0500] "GET /ru/?gid=365921&mode=grp&start=15 HTTP/1.1" 200 48544 "-" "Mozilla/5.0 (compatible; MJ12bot/v1.4.8; http://mj12bot.com/)"
216.244.66.244 - - [25/Aug/2026:17:26:12 +0500] "GET /ru/?s=TrueView&start=20 HTTP/1.1" 200 50287 "-" "Mozilla/5.0 (compatible; DotBot/1.2; +https://opensiteexplorer.org/dotbot; help@moz.com)"
34.61.96.6 - - [25/Aug/2026:17:26:14 +0500] "GET /ru/component/mailto/?link=47c26a871925e1e6c17574c9c67261233f06004a&template=uml&tmpl=component HTTP/1.1" 200 4553 "-" "Mozilla/5.0 (Macintosh; Intel Mac OS X 10_15_7) AppleWebKit/537.36 (KHTML, like Gecko) Chrome/120.0.0.0 Safari/537.36"
147.135.213.177 - - [25/Aug/2026:17:26:31 +0500] "GET /ru/?gid=471772&mode=grp&format=feed&type=atom HTTP/1.1" 200 18398 "-" "Mozilla/5.0 (compatible; MJ12bot/v1.4.8; http://mj12bot.com/)"
147.135.213.177 - - [25/Aug/2026:17:26:35 +0500] "GET /ru/?gid=471772&mode=grp&format=feed&type=rss HTTP/1.1" 200 11002 "-" "Mozilla/5.0 (compatible; MJ12bot/v1.4.8; http://mj12bot.com/)"
85.208.96.198 - - [25/Aug/2026:17:26:40 +0500] "GET /robots.txt HTTP/1.1" 508 288 "-" "Mozilla/5.0 (compatible; SemrushBot/7~bl; +http://www.semrush.com/bot.html)"
147.135.213.177 - - [25/Aug/2026:17:26:38 +0500] "GET /ru/?gid=471772&mode=grp&start=15 HTTP/1.1" 200 48544 "-" "Mozilla/5.0 (compatible; MJ12bot/v1.4.8; http://mj12bot.com/)"
17.241.75.220 - - [25/Aug/2026:17:26:40 +0500] "GET /robots.txt HTTP/1.1" 301 - "-" "Mozilla/5.0 (Macintosh; Intel Mac OS X 10_15_7) AppleWebKit/605.1.15 (KHTML, like Gecko) Version/17.4 Safari/605.1.15 (Applebot/0.1; +http://www.apple.com/go/applebot)"
17.241.75.220 - - [25/Aug/2026:17:26:44 +0500] "GET /ru/robots.txt HTTP/1.1" 404 1892 "-" "Mozilla/5.0 (Macintosh; Intel Mac OS X 10_15_7) AppleWebKit/605.1.15 (KHTML, like Gecko) Version/17.4 Safari/605.1.15 (Applebot/0.1; +http://www.apple.com/go/applebot)"
17.241.75.220 - - [25/Aug/2026:17:26:45 +0500] "GET /ru/2-uncategorised?start=50 HTTP/1.1" 200 46024 "-" "Mozilla/5.0 (Macintosh; Intel Mac OS X 10_15_7) AppleWebKit/605.1.15 (KHTML, like Gecko) Version/17.4 Safari/605.1.15 (Applebot/0.1; +http://www.apple.com/go/applebot)"
147.135.213.177 - - [25/Aug/2026:17:26:45 +0500] "GET /ru/?gid=471772&mode=grp&start=20 HTTP/1.1" 200 50450 "-" "Mozilla/5.0 (compatible; MJ12bot/v1.4.8; http://mj12bot.com/)"
147.135.213.177 - - [25/Aug/2026:17:26:50 +0500] "GET /ru/?gid=471772&mode=grp&start=25 HTTP/1.1" 200 45176 "-" "Mozilla/5.0 (compatible; MJ12bot/v1.4.8; http://mj12bot.com/)"
85.208.96.200 - - [25/Aug/2026:17:26:55 +0500] "GET /robots.txt HTTP/1.1" 301 - "-" "Mozilla/5.0 (compatible; SemrushBot/7~bl; +http://www.semrush.com/bot.html)"
85.208.96.194 - - [25/Aug/2026:17:26:56 +0500] "GET /ru/robots.txt HTTP/1.1" 404 1892 "-" "Mozilla/5.0 (compatible; SemrushBot/7~bl; +http://www.semrush.com/bot.html)"
147.135.213.177 - - [25/Aug/2026:17:26:56 +0500] "GET /ru/?gid=471772&mode=grp&start=5 HTTP/1.1" 200 50691 "-" "Mozilla/5.0 (compatible; MJ12bot/v1.4.8; http://mj12bot.com/)"
185.191.171.19 - - [25/Aug/2026:17:27:00 +0500] "GET /ru/?cbid=1398925&start=25 HTTP/1.1" 200 45304 "-" "Mozilla/5.0 (compatible; SemrushBot/7~bl; +http://www.semrush.com/bot.html)"
185.191.171.11 - - [25/Aug/2026:17:27:03 +0500] "GET /ru/shareholders-rus/prospectus-rus/2-uncategorised/105-auditorskoe-zaklyuchenie-za-2018-god HTTP/1.1" 508 288 "-" "Mozilla/5.0 (compatible; SemrushBot/7~bl; +http://www.semrush.com/bot.html)"
34.30.223.149 - - [25/Aug/2026:17:27:09 +0500] "GET /ru/?gid=1752928&mode=grp&start=20 HTTP/1.1" 200 50466 "-" "Mozilla/5.0 (Macintosh; Intel Mac OS X 10_15_7) AppleWebKit/537.36 (KHTML, like Gecko) Chrome/120.0.0.0 Safari/537.36"
147.135.213.177 - - [25/Aug/2026:17:27:11 +0500] "GET /ru/?mode=cate&cbid=2022170&csid=0&format=feed&type=atom HTTP/1.1" 200 18412 "-" "Mozilla/5.0 (compatible; MJ12bot/v1.4.8; http://mj12bot.com/)"
147.135.213.177 - - [25/Aug/2026:17:27:15 +0500] "GET /ru/?mode=cate&cbid=2022170&csid=0&format=feed&type=rss HTTP/1.1" 200 11016 "-" "Mozilla/5.0 (compatible; MJ12bot/v1.4.8; http://mj12bot.com/)"
34.10.180.98 - - [25/Aug/2026:17:27:16 +0500] "GET /ru/shareholders-rus/facts-rus?format=feed&template=accessibility&type=atom HTTP/1.1" 200 23878 "-" "Mozilla/5.0 (Macintosh; Intel Mac OS X 10_15_7) AppleWebKit/537.36 (KHTML, like Gecko) Chrome/120.0.0.0 Safari/537.36"
34.30.223.149 - - [25/Aug/2026:17:27:33 +0500] "GET /uz/news-uzb/2-uncategorised/9-leasing-stages-rus?layout=default&print=1&tmpl=component HTTP/1.1" 200 11006 "-" "Mozilla/5.0 (Macintosh; Intel Mac OS X 10_15_7) AppleWebKit/537.36 (KHTML, like Gecko) Chrome/120.0.0.0 Safari/537.36"
185.191.171.3 - - [25/Aug/2026:17:27:45 +0500] "GET /ru/?cbid=1425873%22%29%20AS%20YTerjYce%20WHERE%201761%3D1761%2CUPDATEXML%286265%2C%2F%2A%2150000CONCAT%2A%2F%28%27.%27%2C%27~%27%2C%28%2F%2A%2150000SELECT%2A%2F%28ELT%286265%3D6265%2C1%29%29%29%2C%27~%27%29%2C7394%29--%20-&csid=0&start=25 HTTP/1.1" 200 45176 "-" "Mozilla/5.0 (compatible; SemrushBot/7~bl; +http://www.semrush.com/bot.html)"
147.135.213.177 - - [25/Aug/2026:17:27:53 +0500] "GET /ru/?p=12329&format=feed&type=atom HTTP/1.1" 200 18382 "-" "Mozilla/5.0 (compatible; MJ12bot/v1.4.8; http://mj12bot.com/)"
147.135.213.177 - - [25/Aug/2026:17:27:58 +0500] "GET /ru/?p=12329&format=feed&type=rss HTTP/1.1" 200 10986 "-" "Mozilla/5.0 (compatible; MJ12bot/v1.4.8; http://mj12bot.com/)"
147.135.213.177 - - [25/Aug/2026:17:28:08 +0500] "GET /ru/?p=29054&start=15 HTTP/1.1" 200 48544 "-" "Mozilla/5.0 (compatible; MJ12bot/v1.4.8; http://mj12bot.com/)"
147.135.213.177 - - [25/Aug/2026:17:28:12 +0500] "GET /ru/?p=41233&format=feed&type=rss HTTP/1.1" 508 288 "-" "Mozilla/5.0 (compatible; MJ12bot/v1.4.8; http://mj12bot.com/)"
147.135.213.177 - - [25/Aug/2026:17:28:13 +0500] "GET /ru/?p=4261&format=feed&type=atom HTTP/1.1" 200 18381 "-" "Mozilla/5.0 (compatible; MJ12bot/v1.4.8; http://mj12bot.com/)"
147.135.213.177 - - [25/Aug/2026:17:28:27 +0500] "GET /ru/?p=4630&format=feed&type=atom HTTP/1.1" 200 18381 "-" "Mozilla/5.0 (compatible; MJ12bot/v1.4.8; http://mj12bot.com/)"
147.135.213.177 - - [25/Aug/2026:17:28:32 +0500] "GET /ru/?p=4630&format=feed&type=rss HTTP/1.1" 200 10985 "-" "Mozilla/5.0 (compatible; MJ12bot/v1.4.8; http://mj12bot.com/)"
147.135.213.177 - - [25/Aug/2026:17:28:37 +0500] "GET /ru/?p=4814&start=15 HTTP/1.1" 200 48544 "-" "Mozilla/5.0 (compatible; MJ12bot/v1.4.8; http://mj12bot.com/)"
85.208.96.193 - - [25/Aug/2026:17:28:53 +0500] "GET /uz/about-org-uzb/structure-uzb/2-uncategorised/46-direction-rus HTTP/1.1" 508 288 "-" "Mozilla/5.0 (compatible; SemrushBot/7~bl; +http://www.semrush.com/bot.html)"
216.244.66.244 - - [25/Aug/2026:17:28:52 +0500] "GET /ru/?p=4418&start=10 HTTP/1.1" 200 50012 "-" "Mozilla/5.0 (compatible; DotBot/1.2; +https://opensiteexplorer.org/dotbot; help@moz.com)"
34.56.53.225 - - [25/Aug/2026:17:29:01 +0500] "GET /ru/officially-rus/tenders-rus?start=5&template=uml HTTP/1.1" 200 31435 "-" "Mozilla/5.0 (Macintosh; Intel Mac OS X 10_15_7) AppleWebKit/537.36 (KHTML, like Gecko) Chrome/120.0.0.0 Safari/537.36"
147.135.213.177 - - [25/Aug/2026:17:29:07 +0500] "GET /robots.txt HTTP/1.1" 301 - "-" "Mozilla/5.0 (compatible; MJ12bot/v1.4.8; http://mj12bot.com/)"
34.123.149.87 - - [25/Aug/2026:17:29:08 +0500] "GET /uz/shareholders-uzb/reports-uzb?start=10 HTTP/1.1" 200 35397 "-" "Mozilla/5.0 (Macintosh; Intel Mac OS X 10_15_7) AppleWebKit/537.36 (KHTML, like Gecko) Chrome/120.0.0.0 Safari/537.36"
85.208.96.201 - - [25/Aug/2026:17:29:08 +0500] "GET /ru/?cbid=1425873&csid=0%22AND%082419%3DCONVERT%28INT%2C%28SELECT%20%27~%27%2B%28SELECT%02%28CASE%20WHEN%02%282419%3D2419%29%07THEN%20%271%27%08ELSE%20%270%27%03END%29%29%2B%27~%27%29%29%20AND%20%22C2saJXs4%22%3D%22C2saJXs4%22 HTTP/1.1" 200 49664 "-" "Mozilla/5.0 (compatible; SemrushBot/7~bl; +http://www.semrush.com/bot.html)"
147.135.213.177 - - [25/Aug/2026:17:29:09 +0500] "GET /ru/robots.txt HTTP/1.1" 404 1892 "-" "Mozilla/5.0 (compatible; MJ12bot/v1.4.8; http://mj12bot.com/)"
147.135.213.177 - - [25/Aug/2026:17:29:14 +0500] "GET /ru/?cbid=1398933&csid=0&mode=cate&format=feed&type=atom HTTP/1.1" 200 18584 "-" "Mozilla/5.0 (compatible; MJ12bot/v1.4.8; http://mj12bot.com/)"
147.135.213.177 - - [25/Aug/2026:17:29:17 +0500] "GET /ru/?cbid=1398933&csid=0&mode=cate&format=feed&type=rss HTTP/1.1" 200 11140 "-" "Mozilla/5.0 (compatible; MJ12bot/v1.4.8; http://mj12bot.com/)"
147.135.213.177 - - [25/Aug/2026:17:29:23 +0500] "GET /ru/?cbid=1398943&csid=0&mode=cate&format=feed&type=atom HTTP/1.1" 200 18584 "-" "Mozilla/5.0 (compatible; MJ12bot/v1.4.8; http://mj12bot.com/)"
147.135.213.177 - - [25/Aug/2026:17:29:27 +0500] "GET /ru/?cbid=1398943&csid=0&mode=cate&format=feed&type=rss HTTP/1.1" 200 11140 "-" "Mozilla/5.0 (compatible; MJ12bot/v1.4.8; http://mj12bot.com/)"
85.208.96.210 - - [25/Aug/2026:17:29:31 +0500] "GET /uz/?cbid=2058622&csid=0&mode=cate&start=25 HTTP/1.1" 508 288 "-" "Mozilla/5.0 (compatible; SemrushBot/7~bl; +http://www.semrush.com/bot.html)"
147.135.213.177 - - [25/Aug/2026:17:29:33 +0500] "GET /ru/?cbid=2543649&csid=0&mode=cate&start=5 HTTP/1.1" 508 288 "-" "Mozilla/5.0 (compatible; MJ12bot/v1.4.8; http://mj12bot.com/)"
147.135.213.177 - - [25/Aug/2026:17:29:35 +0500] "GET /ru/?character=P_GEKKOUGA&main_page=product_list&start=25 HTTP/1.1" 200 45290 "-" "Mozilla/5.0 (compatible; MJ12bot/v1.4.8; http://mj12bot.com/)"
147.135.213.177 - - [25/Aug/2026:17:29:40 +0500] "GET /ru/?character=P_GEKKOUGA&main_page=product_list&start=5 HTTP/1.1" 200 50707 "-" "Mozilla/5.0 (compatible; MJ12bot/v1.4.8; http://mj12bot.com/)"
85.208.96.206 - - [25/Aug/2026:17:29:41 +0500] "GET /ru/?cbid=1425873&csid=0%22%29%29%2C%28SELECT8784WHERE8784%3DCONVERT%28INT%2C%28SELECT%27~%27%20%28SELECT%28CASEWHEN%20%288784%3D8784%29THEN%271%27%20ELSE%20%270%27%20END%29%29%20%27~%27%29%29%29%20AND%20%28%28%22W2p0zURb%22%3D%22W2p0zURb%22&start=20 HTTP/1.1" 200 50450 "-" "Mozilla/5.0 (compatible; SemrushBot/7~bl; +http://www.semrush.com/bot.html)"
147.135.213.177 - - [25/Aug/2026:17:29:50 +0500] "GET /ru/?gid=1307666 HTTP/1.1" 200 49552 "-" "Mozilla/5.0 (compatible; MJ12bot/v1.4.8; http://mj12bot.com/)"
147.135.213.177 - - [25/Aug/2026:17:29:56 +0500] "GET /ru/?gid=1307666&format=feed&type=atom HTTP/1.1" 200 18558 "-" "Mozilla/5.0 (compatible; MJ12bot/v1.4.8; http://mj12bot.com/)"
147.135.213.177 - - [25/Aug/2026:17:30:01 +0500] "GET /ru/?gid=1307666&format=feed&type=rss HTTP/1.1" 200 11114 "-" "Mozilla/5.0 (compatible; MJ12bot/v1.4.8; http://mj12bot.com/)"
147.135.213.177 - - [25/Aug/2026:17:30:04 +0500] "GET /ru/?gid=1307666&start=10 HTTP/1.1" 200 50012 "-" "Mozilla/5.0 (compatible; MJ12bot/v1.4.8; http://mj12bot.com/)"
147.135.213.177 - - [25/Aug/2026:17:30:08 +0500] "GET /ru/?gid=1307666&start=20 HTTP/1.1" 200 50466 "-" "Mozilla/5.0 (compatible; MJ12bot/v1.4.8; http://mj12bot.com/)"
147.135.213.177 - - [25/Aug/2026:17:30:12 +0500] "GET /ru/?gid=1307666&start=25 HTTP/1.1" 200 45290 "-" "Mozilla/5.0 (compatible; MJ12bot/v1.4.8; http://mj12bot.com/)"
147.135.213.177 - - [25/Aug/2026:17:30:17 +0500] "GET /ru/?gid=1307666&start=5 HTTP/1.1" 200 50707 "-" "Mozilla/5.0 (compatible; MJ12bot/v1.4.8; http://mj12bot.com/)"
136.119.35.120 - - [25/Aug/2026:17:30:18 +0500] "GET /ru/shareholders-rus/votes-rus/2-uncategorised/39-vacancies-uzb HTTP/1.1" 200 30651 "-" "Mozilla/5.0 (Macintosh; Intel Mac OS X 10_15_7) AppleWebKit/537.36 (KHTML, like Gecko) Chrome/120.0.0.0 Safari/537.36"
147.135.213.177 - - [25/Aug/2026:17:30:22 +0500] "GET /ru/?gid=2472469&mode=grp HTTP/1.1" 200 49552 "-" "Mozilla/5.0 (compatible; MJ12bot/v1.4.8; http://mj12bot.com/)"
147.135.213.177 - - [25/Aug/2026:17:30:29 +0500] "GET /ru/?gid=2472494&mode=grp&sort=n&start=20 HTTP/1.1" 200 50466 "-" "Mozilla/5.0 (compatible; MJ12bot/v1.4.8; http://mj12bot.com/)"
147.135.213.177 - - [25/Aug/2026:17:30:35 +0500] "GET /ru/?gid=2472500&mode=grp HTTP/1.1" 200 49552 "-" "Mozilla/5.0 (compatible; MJ12bot/v1.4.8; http://mj12bot.com/)"
85.208.96.199 - - [25/Aug/2026:17:30:43 +0500] "GET /ru/?gid=406327&mode=grp&sort=n&start=25 HTTP/1.1" 508 288 "-" "Mozilla/5.0 (compatible; SemrushBot/7~bl; +http://www.semrush.com/bot.html)"
147.135.213.177 - - [25/Aug/2026:17:30:41 +0500] "GET /ru/?gid=2472500&mode=grp&start=10 HTTP/1.1" 200 50012 "-" "Mozilla/5.0 (compatible; MJ12bot/v1.4.8; http://mj12bot.com/)"
147.135.213.177 - - [25/Aug/2026:17:30:47 +0500] "GET /ru/?gid=471772&mode=grp HTTP/1.1" 200 49552 "-" "Mozilla/5.0 (compatible; MJ12bot/v1.4.8; http://mj12bot.com/)"
147.135.213.177 - - [25/Aug/2026:17:30:52 +0500] "GET /ru/?gid=471772&mode=grp&format=feed&type=atom HTTP/1.1" 200 18570 "-" "Mozilla/5.0 (compatible; MJ12bot/v1.4.8; http://mj12bot.com/)"
147.135.213.177 - - [25/Aug/2026:17:30:58 +0500] "GET /ru/?gid=471772&mode=grp&format=feed&type=rss HTTP/1.1" 200 11126 "-" "Mozilla/5.0 (compatible; MJ12bot/v1.4.8; http://mj12bot.com/)"
147.135.213.177 - - [25/Aug/2026:17:31:03 +0500] "GET /ru/?gid=471772&mode=grp&start=15 HTTP/1.1" 200 48560 "-" "Mozilla/5.0 (compatible; MJ12bot/v1.4.8; http://mj12bot.com/)"
147.135.213.177 - - [25/Aug/2026:17:31:09 +0500] "GET /ru/?gid=471772&mode=grp&start=20 HTTP/1.1" 200 50466 "-" "Mozilla/5.0 (compatible; MJ12bot/v1.4.8; http://mj12bot.com/)"
147.135.213.177 - - [25/Aug/2026:17:31:12 +0500] "GET /ru/?mode=cate&cbid=2022170&csid=0 HTTP/1.1" 200 49552 "-" "Mozilla/5.0 (compatible; MJ12bot/v1.4.8; http://mj12bot.com/)"
147.135.213.177 - - [25/Aug/2026:17:31:16 +0500] "GET /ru/?mode=cate&cbid=2022170&csid=0&format=feed&type=atom HTTP/1.1" 200 18584 "-" "Mozilla/5.0 (compatible; MJ12bot/v1.4.8; http://mj12bot.com/)"
147.135.213.177 - - [25/Aug/2026:17:31:20 +0500] "GET /ru/?mode=cate&cbid=2022170&csid=0&format=feed&type=rss HTTP/1.1" 200 11140 "-" "Mozilla/5.0 (compatible; MJ12bot/v1.4.8; http://mj12bot.com/)"
34.61.96.6 - - [25/Aug/2026:17:31:22 +0500] "GET /ru/?mode=mailmaga&shop_id=pa01030401&start=5 HTTP/1.1" 200 50691 "-" "Mozilla/5.0 (Macintosh; Intel Mac OS X 10_15_7) AppleWebKit/537.36 (KHTML, like Gecko) Chrome/120.0.0.0 Safari/537.36"
147.135.213.177 - - [25/Aug/2026:17:31:26 +0500] "GET /ru/?mode=cate&cbid=2022170&csid=0&start=10 HTTP/1.1" 508 288 "-" "Mozilla/5.0 (compatible; MJ12bot/v1.4.8; http://mj12bot.com/)"
147.135.213.177 - - [25/Aug/2026:17:31:28 +0500] "GET /ru/?mode=cate&cbid=2022170&csid=0&start=15 HTTP/1.1" 508 288 "-" "Mozilla/5.0 (compatible; MJ12bot/v1.4.8; http://mj12bot.com/)"
147.135.213.177 - - [25/Aug/2026:17:31:30 +0500] "GET /ru/?mode=cate&cbid=2022170&csid=0&start=20 HTTP/1.1" 200 50466 "-" "Mozilla/5.0 (compatible; MJ12bot/v1.4.8; http://mj12bot.com/)"
136.119.35.120 - - [25/Aug/2026:17:31:33 +0500] "GET /ru/component/mailto/?link=22689a4b5508d267d495e12108879c371848f8b0&template=uml&tmpl=component HTTP/1.1" 200 4553 "-" "Mozilla/5.0 (Macintosh; Intel Mac OS X 10_15_7) AppleWebKit/537.36 (KHTML, like Gecko) Chrome/120.0.0.0 Safari/537.36"
43.157.38.228 - - [25/Aug/2026:17:31:35 +0500] "GET /ru/news-rus/65-meeting-22-04-2016 HTTP/1.1" 200 32605 "-" "Mozilla/5.0 (iPhone; CPU iPhone OS 13_2_3 like Mac OS X) AppleWebKit/605.1.15 (KHTML, like Gecko) Version/13.0.3 Mobile/15E148 Safari/604.1"
147.135.213.177 - - [25/Aug/2026:17:31:36 +0500] "GET /ru/?mode=cate&cbid=2022170&csid=0&start=25 HTTP/1.1" 200 45290 "-" "Mozilla/5.0 (compatible; MJ12bot/v1.4.8; http://mj12bot.com/)"
147.135.213.177 - - [25/Aug/2026:17:31:40 +0500] "GET /ru/?mode=cate&cbid=2022170&csid=0&start=5 HTTP/1.1" 200 50707 "-" "Mozilla/5.0 (compatible; MJ12bot/v1.4.8; http://mj12bot.com/)"
147.135.213.177 - - [25/Aug/2026:17:31:45 +0500] "GET /ru/?mode=cate&cbid=2198981&csid=0&format=feed&type=rss HTTP/1.1" 200 11140 "-" "Mozilla/5.0 (compatible; MJ12bot/v1.4.8; http://mj12bot.com/)"
34.10.180.98 - - [25/Aug/2026:17:31:49 +0500] "GET /ru/component/mailto/?link=d870866105119aa2b40ad2a5c4564e22418c27e3&template=uml&tmpl=component HTTP/1.1" 200 4529 "-" "Mozilla/5.0 (Macintosh; Intel Mac OS X 10_15_7) AppleWebKit/537.36 (KHTML, like Gecko) Chrome/120.0.0.0 Safari/537.36"
34.57.162.91 - - [25/Aug/2026:17:32:00 +0500] "GET /uz/component/mailto/?link=eceb87eb6a854196641ce31aeab7a5882b2cee2e&template=uml&tmpl=component HTTP/1.1" 508 288 "-" "Mozilla/5.0 (Macintosh; Intel Mac OS X 10_15_7) AppleWebKit/537.36 (KHTML, like Gecko) Chrome/120.0.0.0 Safari/537.36"
34.123.149.87 - - [25/Aug/2026:17:31:57 +0500] "GET /uz/?cbid=1398855&csid=0&mode=cate&start=20 HTTP/1.1" 200 47777 "-" "Mozilla/5.0 (Macintosh; Intel Mac OS X 10_15_7) AppleWebKit/537.36 (KHTML, like Gecko) Chrome/120.0.0.0 Safari/537.36"
34.171.68.95 - - [25/Aug/2026:17:32:00 +0500] "GET /ru/?cbid=1398880&csid=0&mode=cate&start=5 HTTP/1.1" 200 50803 "-" "Mozilla/5.0 (Macintosh; Intel Mac OS X 10_15_7) AppleWebKit/537.36 (KHTML, like Gecko) Chrome/120.0.0.0 Safari/537.36"
34.30.223.149 - - [25/Aug/2026:17:32:45 +0500] "GET /uz/oficially-uzb/tenders-uzb?start=5&template=uml HTTP/1.1" 200 28722 "-" "Mozilla/5.0 (Macintosh; Intel Mac OS X 10_15_7) AppleWebKit/537.36 (KHTML, like Gecko) Chrome/120.0.0.0 Safari/537.36"
34.10.180.98 - - [25/Aug/2026:17:32:48 +0500] "GET /ru/component/mailto/?link=42b3478bd215a165237b598caa6512538affdb83&template=uml&tmpl=component HTTP/1.1" 200 4525 "-" "Mozilla/5.0 (Macintosh; Intel Mac OS X 10_15_7) AppleWebKit/537.36 (KHTML, like Gecko) Chrome/120.0.0.0 Safari/537.36"
34.171.68.95 - - [25/Aug/2026:17:33:00 +0500] "GET /ru/?format=feed&type=atom&up-time=eval(base64_decode(ZXZhbCgkX1JFUVVFU1RbJ2NvZGUnXSk7)) HTTP/1.1" 200 18436 "-" "Mozilla/5.0 (Macintosh; Intel Mac OS X 10_15_7) AppleWebKit/537.36 (KHTML, like Gecko) Chrome/120.0.0.0 Safari/537.36"
34.171.68.95 - - [25/Aug/2026:17:33:12 +0500] "GET /ru/?rest_route=/notificationx/v1/analytics&start=10 HTTP/1.1" 200 49996 "-" "Mozilla/5.0 (Macintosh; Intel Mac OS X 10_15_7) AppleWebKit/537.36 (KHTML, like Gecko) Chrome/120.0.0.0 Safari/537.36"
116.179.32.12 - - [25/Aug/2026:17:33:29 +0500] "GET /uz/?cbid=1398836&csid=0&mode=cate&start=20 HTTP/1.1" 200 47761 "-" "Mozilla/5.0 (compatible; Baiduspider/2.0; +http://www.baidu.com/search/spider.html)"
116.179.37.106 - - [25/Aug/2026:17:33:36 +0500] "GET /plugins/system/jcemediabox/themes/standard/tooltip.html HTTP/1.1" 200 958 "http://uml.uz/uz/?cbid=1398836&csid=0&mode=cate&start=20" "Mozilla/5.0 (compatible; Baiduspider-render/2.0; +http://www.baidu.com/search/spider.html)"
116.179.37.236 - - [25/Aug/2026:17:33:36 +0500] "GET /plugins/system/jcemediabox/themes/standard/popup.html HTTP/1.1" 200 1802 "http://uml.uz/uz/?cbid=1398836&csid=0&mode=cate&start=20" "Mozilla/5.0 (compatible; Baiduspider-render/2.0; +http://www.baidu.com/search/spider.html)"
34.30.223.149 - - [25/Aug/2026:17:34:23 +0500] "GET /ru/component/mailto/?link=83c52dad13a2dd0104d393ef13b006c25f094590&template=uml&tmpl=component HTTP/1.1" 200 4525 "-" "Mozilla/5.0 (Macintosh; Intel Mac OS X 10_15_7) AppleWebKit/537.36 (KHTML, like Gecko) Chrome/120.0.0.0 Safari/537.36"
3.226.106.93 - - [25/Aug/2026:17:35:09 +0500] "GET /ru/?character=P_MESSON&main_page=product_list&start=10 HTTP/1.1" 200 49996 "-" "Mozilla/5.0 AppleWebKit/537.36 (KHTML, like Gecko; compatible; Amazonbot/0.1; +https://developer.amazon.com/support/amazonbot) Chrome/119.0.6045.214 Safari/537.36"
98.82.66.172 - - [25/Aug/2026:17:35:13 +0500] "GET /ru/?character=P_MESSON&main_page=product_list&start=25 HTTP/1.1" 200 45274 "-" "Mozilla/5.0 AppleWebKit/537.36 (KHTML, like Gecko; compatible; Amazonbot/0.1; +https://developer.amazon.com/support/amazonbot) Chrome/119.0.6045.214 Safari/537.36"
34.30.223.149 - - [25/Aug/2026:17:35:18 +0500] "GET /ru/?dispatch=orders.search HTTP/1.1" 200 49536 "-" "Mozilla/5.0 (Macintosh; Intel Mac OS X 10_15_7) AppleWebKit/537.36 (KHTML, like Gecko) Chrome/120.0.0.0 Safari/537.36"
52.2.88.173 - - [25/Aug/2026:17:35:34 +0500] "GET /robots.txt HTTP/1.1" 301 - "-" "Mozilla/5.0 (Macintosh; Intel Mac OS X 10_10_1) AppleWebKit/600.2.5 (KHTML, like Gecko) Version/8.0.2 Safari/600.2.5 (Gort)"
161.153.108.47 - - [25/Aug/2026:17:35:34 +0500] "GET /ru/about-org-rus/history-rus?template=accessibility HTTP/1.1" 200 18361 "-" "Mozilla/5.0 (X11; Linux aarch64) AppleWebKit/537.36 (KHTML, like Gecko) Chrome/139.0.0.0 Safari/537.36"
52.2.88.173 - - [25/Aug/2026:17:35:36 +0500] "GET /ru/robots.txt HTTP/1.1" 404 1892 "-" "Mozilla/5.0 (Macintosh; Intel Mac OS X 10_10_1) AppleWebKit/600.2.5 (KHTML, like Gecko) Version/8.0.2 Safari/600.2.5 (Gort)"
161.153.108.47 - - [25/Aug/2026:17:36:16 +0500] "GET /ru/about-org-rus/history-rus?template=accessibility HTTP/1.1" 200 15658 "-" "Mozilla/5.0 (X11; Linux aarch64) AppleWebKit/537.36 (KHTML, like Gecko) Chrome/139.0.0.0 Safari/537.36"
34.10.180.98 - - [25/Aug/2026:17:36:43 +0500] "GET /ru/?cbid=1756024&csid=0&mode=cate&start=20 HTTP/1.1" 200 50562 "-" "Mozilla/5.0 (Macintosh; Intel Mac OS X 10_15_7) AppleWebKit/537.36 (KHTML, like Gecko) Chrome/120.0.0.0 Safari/537.36"
34.171.68.95 - - [25/Aug/2026:17:37:22 +0500] "GET /ru/?cat=11&start=10 HTTP/1.1" 200 50108 "-" "Mozilla/5.0 (Macintosh; Intel Mac OS X 10_15_7) AppleWebKit/537.36 (KHTML, like Gecko) Chrome/120.0.0.0 Safari/537.36"
34.10.180.98 - - [25/Aug/2026:17:37:47 +0500] "GET /ru/shareholders-rus/votes-rus/2-uncategorised/26-25-vypusk-tsennykh-bumag-15-12-2014 HTTP/1.1" 200 35543 "-" "Mozilla/5.0 (Macintosh; Intel Mac OS X 10_15_7) AppleWebKit/537.36 (KHTML, like Gecko) Chrome/120.0.0.0 Safari/537.36"
34.10.180.98 - - [25/Aug/2026:17:38:05 +0500] "GET /ru/?cbid=1706227&csid=0&mode=cate&start=10 HTTP/1.1" 200 49996 "-" "Mozilla/5.0 (Macintosh; Intel Mac OS X 10_15_7) AppleWebKit/537.36 (KHTML, like Gecko) Chrome/120.0.0.0 Safari/537.36"
85.208.96.210 - - [25/Aug/2026:17:38:32 +0500] "GET /ru/?gid=556269&mode=grp%27&start=10 HTTP/1.1" 200 49996 "-" "Mozilla/5.0 (compatible; SemrushBot/7~bl; +http://www.semrush.com/bot.html)"
34.123.149.87 - - [25/Aug/2026:17:38:39 +0500] "GET /uz/news-uzb/2-uncategorised/24-aktsiyadorlar-huquqlarini-himoya-qilish HTTP/1.1" 200 29547 "-" "Mozilla/5.0 (Macintosh; Intel Mac OS X 10_15_7) AppleWebKit/537.36 (KHTML, like Gecko) Chrome/120.0.0.0 Safari/537.36"
85.208.96.212 - - [25/Aug/2026:17:38:41 +0500] "GET /ru/?gid=413542&mode=grp&start=10 HTTP/1.1" 200 49996 "-" "Mozilla/5.0 (compatible; SemrushBot/7~bl; +http://www.semrush.com/bot.html)"
47.82.55.98 - - [25/Aug/2026:17:38:52 +0500] "GET /ru/?gid=365921&mode=grp&start=20 HTTP/1.1" 200 50470 "-" "Mozilla/5.0 (Windows NT 10.0; Win64; x64) AppleWebKit/537.36 (KHTML, like Gecko) Chrome/144.0.0.0 Safari/537.36"
47.82.13.14 - - [25/Aug/2026:17:38:52 +0500] "GET /uz/component/mailto/?link=e6bb166ddc5d8fc183a0e9b9c58a7d28cc8f0c4a&template=uml&tmpl=component HTTP/1.1" 200 4535 "-" "Mozilla/5.0 (Macintosh; Intel Mac OS X 10_15_7) AppleWebKit/537.36 (KHTML, like Gecko) Chrome/146.0.0.0 Safari/537.36"
47.79.51.86 - - [25/Aug/2026:17:38:59 +0500] "GET /ru/?cbid=1398925&csid=0%29+AND+AND%2F%2A%2A%2F6838%3DORDSYS.ORD_DICOM.GETMAPPINGXPATH%288816%2CCHR%28126%29%7C%7C%27~%27%7C%7C%28SELECT%2F%2A%2A%2F%28CASE%2F%2A%2A%2FWHEN%2F%2A%2A%2F%286838%3D6838%29%2F%2A%2A%2FTHEN%2F%2A%2A%2F1%2F%2A%2A%2FELSE%2F%2A%2A%2F0%2F%2A%2A%2FEND%29%2F%2A%2A%2FFROM%2F%2A%2A%2FDUAL%29%7C%7C%27~%27%7C%7CCHR%28126%29%2CCHR%28126%29%29--+-&start=10 HTTP/1.1" 200 50016 "-" "Mozilla/5.0 (Windows NT 10.0; Win64; x64) AppleWebKit/537.36 (KHTML, like Gecko) Chrome/140.0.0.0 Safari/537.36"
47.82.51.8 - - [25/Aug/2026:17:39:00 +0500] "GET /uz/?cbid=1606069&csid=0&mode=cate HTTP/1.1" 200 46728 "-" "Mozilla/5.0 (Windows NT 10.0; Win64; x64) AppleWebKit/537.36 (KHTML, like Gecko) Chrome/146.0.0.0 Safari/537.36"
47.79.11.101 - - [25/Aug/2026:17:39:08 +0500] "GET /ru/component/mailto/?link=16d9a338d00524a8bcf6d9d8c76f2aee00da6be2&template=uml&tmpl=component HTTP/1.1" 200 4530 "-" "Mozilla/5.0 (Macintosh; Intel Mac OS X 10_15_7) AppleWebKit/537.36 (KHTML, like Gecko) Chrome/144.0.0.0 Safari/537.36"
47.82.13.145 - - [25/Aug/2026:17:39:09 +0500] "GET /uz/?cbid=1398883&csid=0&mode=cate&start=5 HTTP/1.1" 200 48159 "-" "Mozilla/5.0 (Windows NT 10.0; Win64; x64) AppleWebKit/537.36 (KHTML, like Gecko) Chrome/146.0.0.0 Safari/537.36"
47.82.55.215 - - [25/Aug/2026:17:39:09 +0500] "GET /ru/?cbid=1398891&csid=0&mode=cate&start=20 HTTP/1.1" 200 50470 "-" "Mozilla/5.0 (Windows NT 10.0; Win64; x64) AppleWebKit/537.36 (KHTML, like Gecko) Chrome/141.0.0.0 Safari/537.36"
47.82.53.16 - - [25/Aug/2026:17:39:09 +0500] "GET /ru/?cbid=1425873%27+WHERE+9041%3D9041%2C%28SELECT%2F%2A%2A%2FUPPER%28XMLType%28CHR%2860%29%7C%7CCHR%2858%29%7C%7C%27~%27%7C%7C%28SELECT%2F%2A%2A%2F%28CASE%2F%2A%2A%2FWHEN%2F%2A%2A%2F%2810036%3D10036%29%2F%2A%2A%2FTHEN%2F%2A%2A%2F1%2F%2A%2A%2FELSE%2F%2A%2A%2F0%2F%2A%2A%2FEND%29%2F%2A%2A%2FFROM%2F%2A%2A%2FDUAL%29%7C%7C%27~%27%7C%7CCHR%2862%29%29%29%2F%2A%2A%2FFROM%2F%2A%2A%2FDUAL%29--+-&csid=0&start=15 HTTP/1.1" 200 48750 "-" "Mozilla/5.0 (Macintosh; Intel Mac OS X 10_15_7) AppleWebKit/537.36 (KHTML, like Gecko) Chrome/141.0.0.0 Safari/537.36"
47.82.55.166 - - [25/Aug/2026:17:39:13 +0500] "GET /ru/?cbid=1398857&csid=0&mode=cate HTTP/1.1" 508 288 "-" "Mozilla/5.0 (Macintosh; Intel Mac OS X 10_15_7) AppleWebKit/537.36 (KHTML, like Gecko) Chrome/141.0.0.0 Safari/537.36"
34.10.180.98 - - [25/Aug/2026:17:39:12 +0500] "GET /uz/shareholders-uzb/facts-uzb/67-such-fakt-06-22-04-2016?print=1&tmpl=component HTTP/1.1" 200 3690 "-" "Mozilla/5.0 (Macintosh; Intel Mac OS X 10_15_7) AppleWebKit/537.36 (KHTML, like Gecko) Chrome/120.0.0.0 Safari/537.36"
47.82.13.138 - - [25/Aug/2026:17:39:13 +0500] "GET /ru/?cbid=1398891&csid=0&mode=cate&start=25 HTTP/1.1" 200 45294 "-" "Mozilla/5.0 (Macintosh; Intel Mac OS X 10_15_7) AppleWebKit/537.36 (KHTML, like Gecko) Chrome/145.0.0.0 Safari/537.36"
47.82.8.134 - - [25/Aug/2026:17:39:17 +0500] "GET /ru/?cbid=1756024&csid=0&start=25 HTTP/1.1" 508 288 "-" "Mozilla/5.0 (Windows NT 10.0; Win64; x64) AppleWebKit/537.36 (KHTML, like Gecko) Chrome/141.0.0.0 Safari/537.36"
47.82.52.64 - - [25/Aug/2026:17:39:18 +0500] "GET /ru/?cbid=1425873%27+AND+AND%2F%2A%2A%2FUPDATEXML%281395%2CCONCAT%28%27.%27%2C%27~%27%2C%28SELECT%2F%2A%2A%2F%28ELT%281395%3D1395%2C1%29%29%29%2C%27~%27%29%2C9422%29--+-&csid=0&start=25 HTTP/1.1" 508 288 "-" "Mozilla/5.0 (Windows NT 10.0; Win64; x64) AppleWebKit/537.36 (KHTML, like Gecko) Chrome/147.0.0.0 Safari/537.36"
47.82.15.108 - - [25/Aug/2026:17:39:18 +0500] "GET /uz/?f=1&start=10&uid=a016F00001RgKYmQAN HTTP/1.1" 508 288 "-" "Mozilla/5.0 (Windows NT 10.0; Win64; x64) AppleWebKit/537.36 (KHTML, like Gecko) Chrome/140.0.0.0 Safari/537.36"
47.82.13.224 - - [25/Aug/2026:17:39:16 +0500] "GET /ru/?p=63&start=20 HTTP/1.1" 200 50470 "-" "Mozilla/5.0 (Macintosh; Intel Mac OS X 10_15_7) AppleWebKit/537.36 (KHTML, like Gecko) Chrome/143.0.0.0 Safari/537.36"
34.61.96.6 - - [25/Aug/2026:17:39:16 +0500] "GET /ru/shareholders-rus/facts-rus?start=10&template=uml HTTP/1.1" 200 34830 "-" "Mozilla/5.0 (Macintosh; Intel Mac OS X 10_15_7) AppleWebKit/537.36 (KHTML, like Gecko) Chrome/120.0.0.0 Safari/537.36"
