34.123.149.87 - - [25/Aug/2026:18:38:22 +0500] "GET /images/news/new-840_Fin_rezul_tati.pdf HTTP/1.1" 301 - "-" "Mozilla/5.0 (Macintosh; Intel Mac OS X 10_15_7) AppleWebKit/537.36 (KHTML, like Gecko) Chrome/120.0.0.0 Safari/537.36"
34.30.223.149 - - [25/Aug/2026:18:38:28 +0500] "GET /ru/officially-rus/tenders-rus/2-uncategorised/40-tenders-uzb?layout=default&print=1&tmpl=component HTTP/1.1" 200 3364 "-" "Mozilla/5.0 (Macintosh; Intel Mac OS X 10_15_7) AppleWebKit/537.36 (KHTML, like Gecko) Chrome/120.0.0.0 Safari/537.36"
185.191.171.8 - - [25/Aug/2026:18:39:05 +0500] "GET /ru/?gid=397725&mode=grp HTTP/1.1" 200 50905 "-" "Mozilla/5.0 (compatible; SemrushBot/7~bl; +http://www.semrush.com/bot.html)"
34.171.68.95 - - [25/Aug/2026:18:39:11 +0500] "GET /uz/?cbid=1398914&csid=0&mode=cate&start=15 HTTP/1.1" 200 45723 "-" "Mozilla/5.0 (Macintosh; Intel Mac OS X 10_15_7) AppleWebKit/537.36 (KHTML, like Gecko) Chrome/120.0.0.0 Safari/537.36"
34.10.180.98 - - [25/Aug/2026:18:39:17 +0500] "GET /uz/?page=2&start=5 HTTP/1.1" 200 47812 "-" "Mozilla/5.0 (Macintosh; Intel Mac OS X 10_15_7) AppleWebKit/537.36 (KHTML, like Gecko) Chrome/120.0.0.0 Safari/537.36"
185.191.171.11 - - [25/Aug/2026:18:39:36 +0500] "GET /ru/?character=P_EIEVUI&main_page=product_list&start=25 HTTP/1.1" 508 288 "-" "Mozilla/5.0 (compatible; SemrushBot/7~bl; +http://www.semrush.com/bot.html)"
43.157.147.3 - - [25/Aug/2026:18:39:35 +0500] "GET /uz/interactive-uzb/application-uzb HTTP/1.1" 200 36708 "-" "Mozilla/5.0 (iPhone; CPU iPhone OS 13_2_3 like Mac OS X) AppleWebKit/605.1.15 (KHTML, like Gecko) Version/13.0.3 Mobile/15E148 Safari/604.1"
34.30.223.149 - - [25/Aug/2026:18:40:02 +0500] "GET /ru/?p=29088&start=20 HTTP/1.1" 200 52055 "-" "Mozilla/5.0 (Macintosh; Intel Mac OS X 10_15_7) AppleWebKit/537.36 (KHTML, like Gecko) Chrome/120.0.0.0 Safari/537.36"
34.56.53.225 - - [25/Aug/2026:18:40:28 +0500] "GET /ru/?cbid=1398912&csid=0&format=feed&mode=cate&type=rss HTTP/1.1" 200 11884 "-" "Mozilla/5.0 (Macintosh; Intel Mac OS X 10_15_7) AppleWebKit/537.36 (KHTML, like Gecko) Chrome/120.0.0.0 Safari/537.36"
34.123.149.87 - - [25/Aug/2026:18:40:30 +0500] "GET /uz/?cbid=1904499&csid=0&mode=cate&start=25 HTTP/1.1" 200 42300 "-" "Mozilla/5.0 (Macintosh; Intel Mac OS X 10_15_7) AppleWebKit/537.36 (KHTML, like Gecko) Chrome/120.0.0.0 Safari/537.36"
34.205.163.103 - - [25/Aug/2026:18:40:31 +0500] "GET /uz/shareholders-uzb/votes-uzb/2-uncategorised?format=feed&type=atom HTTP/1.1" 200 45590 "-" "Mozilla/5.0 AppleWebKit/537.36 (KHTML, like Gecko; compatible; Amazonbot/0.1; +https://developer.amazon.com/support/amazonbot) Chrome/119.0.6045.214 Safari/537.36"
216.73.216.87 - - [25/Aug/2026:18:41:15 +0500] "GET /ru/oficially-uzb/ustav-uzb HTTP/1.1" 200 28441 "-" "Mozilla/5.0 AppleWebKit/537.36 (KHTML, like Gecko; compatible; ClaudeBot/1.0; +claudebot@anthropic.com)"
216.244.66.244 - - [25/Aug/2026:18:41:15 +0500] "GET /uz/shareholders-uzb/reports-uzb/89-balans-2-2017 HTTP/1.1" 200 26758 "-" "Mozilla/5.0 (compatible; DotBot/1.2; +https://opensiteexplorer.org/dotbot; help@moz.com)"
136.119.35.120 - - [25/Aug/2026:18:41:27 +0500] "GET /ru/?p=29072 HTTP/1.1" 200 50885 "-" "Mozilla/5.0 (Macintosh; Intel Mac OS X 10_15_7) AppleWebKit/537.36 (KHTML, like Gecko) Chrome/120.0.0.0 Safari/537.36"
34.123.149.87 - - [25/Aug/2026:18:41:44 +0500] "GET /ru/?format=feed&type=atom&x=0&y=0 HTTP/1.1" 200 18386 "-" "Mozilla/5.0 (Macintosh; Intel Mac OS X 10_15_7) AppleWebKit/537.36 (KHTML, like Gecko) Chrome/120.0.0.0 Safari/537.36"
85.208.96.193 - - [25/Aug/2026:18:41:56 +0500] "GET /uz/shareholders-uzb/facts-uzb/2-uncategorised/56-testovaya-novost HTTP/1.1" 200 36082 "-" "Mozilla/5.0 (compatible; SemrushBot/7~bl; +http://www.semrush.com/bot.html)"
216.244.66.244 - - [25/Aug/2026:18:42:22 +0500] "GET /ru/component/mailto/?tmpl=component&template=uml&link=46a51f6c26c6b4be3ab5af14ef0a8244cdc7da22 HTTP/1.1" 200 4525 "-" "Mozilla/5.0 (compatible; DotBot/1.2; +https://opensiteexplorer.org/dotbot; help@moz.com)"
216.244.66.244 - - [25/Aug/2026:18:42:28 +0500] "GET /ru/component/mailto/?tmpl=component&template=uml&link=f09c1c5e621867a59cd91490998b0a5647f28bd7 HTTP/1.1" 200 4525 "-" "Mozilla/5.0 (compatible; DotBot/1.2; +https://opensiteexplorer.org/dotbot; help@moz.com)"
34.30.223.149 - - [25/Aug/2026:18:42:29 +0500] "GET /ru/officially-rus/tenders-rus/2-uncategorised/30-report-2014 HTTP/1.1" 200 81472 "-" "Mozilla/5.0 (Macintosh; Intel Mac OS X 10_15_7) AppleWebKit/537.36 (KHTML, like Gecko) Chrome/120.0.0.0 Safari/537.36"
47.82.50.157 - - [25/Aug/2026:18:42:30 +0500] "GET /ru/?character=P_LIZARDON&main_page=product_list&start=20 HTTP/1.1" 200 52075 "-" "Mozilla/5.0 (Macintosh; Intel Mac OS X 10_15_7) AppleWebKit/537.36 (KHTML, like Gecko) Chrome/147.0.0.0 Safari/537.36"
34.61.96.6 - - [25/Aug/2026:18:42:53 +0500] "GET /ru/?cbid=1398864&csid=0&mode=cate&start=10 HTTP/1.1" 200 51338 "-" "Mozilla/5.0 (Macintosh; Intel Mac OS X 10_15_7) AppleWebKit/537.36 (KHTML, like Gecko) Chrome/120.0.0.0 Safari/537.36"
185.191.171.18 - - [25/Aug/2026:18:42:56 +0500] "GET /ru/?gid=887761&mode=grp&sort=n&start=20 HTTP/1.1" 200 52183 "-" "Mozilla/5.0 (compatible; SemrushBot/7~bl; +http://www.semrush.com/bot.html)"
85.208.96.194 - - [25/Aug/2026:18:43:14 +0500] "GET /uz/shareholders-uzb/reports-uzb/2-uncategorised?start=30 HTTP/1.1" 200 65775 "-" "Mozilla/5.0 (compatible; SemrushBot/7~bl; +http://www.semrush.com/bot.html)"
85.208.96.212 - - [25/Aug/2026:18:43:26 +0500] "GET /uz/2-uncategorised/2-about-us HTTP/1.1" 200 31995 "-" "Mozilla/5.0 (compatible; SemrushBot/7~bl; +http://www.semrush.com/bot.html)"
185.191.171.5 - - [25/Aug/2026:18:43:40 +0500] "GET /uz/shareholders-uzb/jsc-docs-uzb/2-uncategorised/11-equipment-rus HTTP/1.1" 200 30539 "-" "Mozilla/5.0 (compatible; SemrushBot/7~bl; +http://www.semrush.com/bot.html)"
47.82.52.106 - - [25/Aug/2026:18:44:18 +0500] "GET /ru/?character=P_ZAMAZENTA&main_page=product_list&start=10 HTTP/1.1" 200 50112 "-" "Mozilla/5.0 (Windows NT 10.0; Win64; x64) AppleWebKit/537.36 (KHTML, like Gecko) Chrome/147.0.0.0 Safari/537.36"
34.123.149.87 - - [25/Aug/2026:18:44:59 +0500] "GET /ru/?gid=471772 HTTP/1.1" 200 50997 "-" "Mozilla/5.0 (Macintosh; Intel Mac OS X 10_15_7) AppleWebKit/537.36 (KHTML, like Gecko) Chrome/120.0.0.0 Safari/537.36"
185.191.171.6 - - [25/Aug/2026:18:45:15 +0500] "GET /ru/?cat=6&start=25 HTTP/1.1" 200 45034 "-" "Mozilla/5.0 (compatible; SemrushBot/7~bl; +http://www.semrush.com/bot.html)"
34.10.180.98 - - [25/Aug/2026:18:45:25 +0500] "GET /uz/?mode=f3 HTTP/1.1" 508 288 "-" "Mozilla/5.0 (Macintosh; Intel Mac OS X 10_15_7) AppleWebKit/537.36 (KHTML, like Gecko) Chrome/120.0.0.0 Safari/537.36"
216.244.66.244 - - [25/Aug/2026:18:45:34 +0500] "GET /ru/?cbid=2043179&csid=0&mode=cate&start=5 HTTP/1.1" 200 50977 "-" "Mozilla/5.0 (compatible; DotBot/1.2; +https://opensiteexplorer.org/dotbot; help@moz.com)"
34.30.223.149 - - [25/Aug/2026:18:45:35 +0500] "GET /uz/oficially-uzb/tenders-uzb/85-konkurs-audit-2017?layout=default&print=1&tmpl=component HTTP/1.1" 200 5809 "-" "Mozilla/5.0 (Macintosh; Intel Mac OS X 10_15_7) AppleWebKit/537.36 (KHTML, like Gecko) Chrome/120.0.0.0 Safari/537.36"
34.56.124.53 - - [25/Aug/2026:18:45:41 +0500] "GET /ru/component/mailto/?link=34cb011108b3721f1613ecddc2da4cdb96ad2e47&template=uml&tmpl=component HTTP/1.1" 508 288 "-" "Mozilla/5.0 (Macintosh; Intel Mac OS X 10_15_7) AppleWebKit/537.36 (KHTML, like Gecko) Chrome/120.0.0.0 Safari/537.36"
216.244.66.244 - - [25/Aug/2026:18:45:50 +0500] "GET /shopping/productlist?cgid=28_070600 HTTP/1.1" 301 - "-" "Mozilla/5.0 (compatible; DotBot/1.2; +https://opensiteexplorer.org/dotbot; help@moz.com)"
52.45.92.83 - - [25/Aug/2026:18:45:54 +0500] "GET /uz/oficially-uzb/tenders-uzb HTTP/1.1" 200 38086 "-" "Mozilla/5.0 AppleWebKit/537.36 (KHTML, like Gecko; compatible; Amazonbot/0.1; +https://developer.amazon.com/support/amazonbot) Chrome/119.0.6045.214 Safari/537.36"
34.171.68.95 - - [25/Aug/2026:18:45:54 +0500] "GET /ru/shareholders-rus/votes-rus/2-uncategorised/40-tenders-uzb HTTP/1.1" 200 30306 "-" "Mozilla/5.0 (Macintosh; Intel Mac OS X 10_15_7) AppleWebKit/537.36 (KHTML, like Gecko) Chrome/120.0.0.0 Safari/537.36"
216.244.66.244 - - [25/Aug/2026:18:46:04 +0500] "GET /y1z/slader-calculus-10e-ap-edition.html HTTP/1.1" 301 - "-" "Mozilla/5.0 (compatible; DotBot/1.2; +https://opensiteexplorer.org/dotbot; help@moz.com)"
216.244.66.244 - - [25/Aug/2026:18:46:56 +0500] "GET /ru/?cbid=1398852&csid=0&start=25 HTTP/1.1" 200 44906 "-" "Mozilla/5.0 (compatible; DotBot/1.2; +https://opensiteexplorer.org/dotbot; help@moz.com)"
34.30.223.149 - - [25/Aug/2026:18:47:12 +0500] "GET /ru/?gid=2472511&mode=grp&start=25 HTTP/1.1" 508 288 "-" "Mozilla/5.0 (Macintosh; Intel Mac OS X 10_15_7) AppleWebKit/537.36 (KHTML, like Gecko) Chrome/120.0.0.0 Safari/537.36"
34.61.96.6 - - [25/Aug/2026:18:47:08 +0500] "GET /ru/?format=feed&type=rss&x=0&y=0 HTTP/1.1" 200 10990 "-" "Mozilla/5.0 (Macintosh; Intel Mac OS X 10_15_7) AppleWebKit/537.36 (KHTML, like Gecko) Chrome/120.0.0.0 Safari/537.36"
216.244.66.244 - - [25/Aug/2026:18:47:10 +0500] "GET /ru/?p=43574&start=25 HTTP/1.1" 200 44906 "-" "Mozilla/5.0 (compatible; DotBot/1.2; +https://opensiteexplorer.org/dotbot; help@moz.com)"
216.244.66.244 - - [25/Aug/2026:18:48:06 +0500] "GET /ru/?/?mode=atom&start=15 HTTP/1.1" 200 48616 "-" "Mozilla/5.0 (compatible; DotBot/1.2; +https://opensiteexplorer.org/dotbot; help@moz.com)"
216.244.66.244 - - [25/Aug/2026:18:48:19 +0500] "GET /ru/?trxe=awgss&start=15 HTTP/1.1" 200 48616 "-" "Mozilla/5.0 (compatible; DotBot/1.2; +https://opensiteexplorer.org/dotbot; help@moz.com)"
34.30.223.149 - - [25/Aug/2026:18:48:35 +0500] "GET /uz/?car=top_rs_h HTTP/1.1" 200 46870 "-" "Mozilla/5.0 (Macintosh; Intel Mac OS X 10_15_7) AppleWebKit/537.36 (KHTML, like Gecko) Chrome/120.0.0.0 Safari/537.36"
35.254.159.230 - - [25/Aug/2026:18:49:25 +0500] "GET /uz/2-uncategorised?format=feed&type=rss HTTP/1.1" 200 22217 "-" "Mozilla/5.0 (Macintosh; Intel Mac OS X 10_15_7) AppleWebKit/537.36 (KHTML, like Gecko) Chrome/120.0.0.0 Safari/537.36"
34.42.229.145 - - [25/Aug/2026:18:49:37 +0500] "GET /uz/?3x=3x&format=feed&type=rss HTTP/1.1" 200 11042 "-" "Mozilla/5.0 (Macintosh; Intel Mac OS X 10_15_7) AppleWebKit/537.36 (KHTML, like Gecko) Chrome/120.0.0.0 Safari/537.36"
34.56.53.225 - - [25/Aug/2026:18:50:00 +0500] "GET /ru/?f=1&start=5&uid=a016F00001RgKYmQAN HTTP/1.1" 508 288 "-" "Mozilla/5.0 (Macintosh; Intel Mac OS X 10_15_7) AppleWebKit/537.36 (KHTML, like Gecko) Chrome/120.0.0.0 Safari/537.36"
34.171.68.95 - - [25/Aug/2026:18:50:03 +0500] "GET /ru/?cbid=1752656&csid=0&start=10 HTTP/1.1" 508 288 "-" "Mozilla/5.0 (Macintosh; Intel Mac OS X 10_15_7) AppleWebKit/537.36 (KHTML, like Gecko) Chrome/120.0.0.0 Safari/537.36"
35.254.159.230 - - [25/Aug/2026:18:50:06 +0500] "GET /uz/?page=2 HTTP/1.1" 200 46443 "-" "Mozilla/5.0 (Macintosh; Intel Mac OS X 10_15_7) AppleWebKit/537.36 (KHTML, like Gecko) Chrome/120.0.0.0 Safari/537.36"
185.191.171.2 - - [25/Aug/2026:18:50:25 +0500] "GET /ru/?cbid=1425873%27%29%29%29AND%2F%2A%2A%2F1321%3DUTL_INADDR.GET_HOST_NAME%28%28SELECT%2F%2A%2A%2FCHR%28126%29%7C%7C%27~%27%7C%7C%28SELECT%2F%2A%2A%2F%28CASE%2F%2A%2A%2FWHEN%2F%2A%2A%2F%281321%3D1321%29%2F%2A%2A%2FTHEN%2F%2A%2A%2F1%2F%2A%2A%2FELSE%2F%2A%2A%2F0%2F%2A%2A%2FEND%29%2F%2A%2A%2FFROM%2F%2A%2A%2FDUAL%29%7C%7C%27~%27%7C%7CCHR%28126%29%2F%2A%2A%2FFROM%2F%2A%2A%2FDUAL%29%29%20AND%20%28%28%28%27ja2dWshU%27%3D%27ja2dWshU&csid=0&start=5 HTTP/1.1" 200 50997 "-" "Mozilla/5.0 (compatible; SemrushBot/7~bl; +http://www.semrush.com/bot.html)"
34.10.180.98 - - [25/Aug/2026:18:50:41 +0500] "GET /uz/oficially-uzb/tenders-uzb/19-russian/shareholders-rus?format=feed&type=rss HTTP/1.1" 200 9282 "-" "Mozilla/5.0 (Macintosh; Intel Mac OS X 10_15_7) AppleWebKit/537.36 (KHTML, like Gecko) Chrome/120.0.0.0 Safari/537.36"
49.51.50.147 - - [25/Aug/2026:18:50:50 +0500] "GET /uz/shareholders-uzb/dividends-uzb HTTP/1.1" 200 30315 "-" "Mozilla/5.0 (iPhone; CPU iPhone OS 13_2_3 like Mac OS X) AppleWebKit/605.1.15 (KHTML, like Gecko) Version/13.0.3 Mobile/15E148 Safari/604.1"
44.223.116.149 - - [25/Aug/2026:18:51:23 +0500] "GET /ru/shareholders-rus/jsc-docs-rus HTTP/1.1" 200 33134 "-" "Mozilla/5.0 AppleWebKit/537.36 (KHTML, like Gecko; compatible; Amazonbot/0.1; +https://developer.amazon.com/support/amazonbot) Chrome/119.0.6045.214 Safari/537.36"
54.86.188.160 - - [25/Aug/2026:18:51:46 +0500] "GET /robots.txt HTTP/1.1" 508 288 "-" "Mozilla/5.0 (Macintosh; Intel Mac OS X 10_10_1) AppleWebKit/600.2.5 (KHTML, like Gecko) Version/8.0.2 Safari/600.2.5 (Gort)"
3.215.59.93 - - [25/Aug/2026:18:51:43 +0500] "GET /uz/oficially-uzb/old-acts-uzb HTTP/1.1" 200 29441 "-" "Mozilla/5.0 AppleWebKit/537.36 (KHTML, like Gecko; compatible; Amazonbot/0.1; +https://developer.amazon.com/support/amazonbot) Chrome/119.0.6045.214 Safari/537.36"
34.30.223.149 - - [25/Aug/2026:18:51:50 +0500] "GET /ru/shareholders-rus/reports-rus?start=50&template=accessibility HTTP/1.1" 200 21956 "-" "Mozilla/5.0 (Macintosh; Intel Mac OS X 10_15_7) AppleWebKit/537.36 (KHTML, like Gecko) Chrome/120.0.0.0 Safari/537.36"
66.249.75.67 - - [25/Aug/2026:18:52:07 +0500] "GET /images/news/meeting_osa.jpg HTTP/1.1" 200 2421 "-" "Googlebot-Image/1.0"
34.56.53.225 - - [25/Aug/2026:18:54:06 +0500] "GET /uz/?cbid=2287469&csid=0&mode=cate&start=15 HTTP/1.1" 200 46057 "-" "Mozilla/5.0 (Macintosh; Intel Mac OS X 10_15_7) AppleWebKit/537.36 (KHTML, like Gecko) Chrome/120.0.0.0 Safari/537.36"
85.208.96.211 - - [25/Aug/2026:18:54:08 +0500] "GET /ru/?cbid=2390732&csid=0&start=25 HTTP/1.1" 200 44898 "-" "Mozilla/5.0 (compatible; SemrushBot/7~bl; +http://www.semrush.com/bot.html)"
85.208.96.197 - - [25/Aug/2026:18:54:16 +0500] "GET /ru/?cbid=1756024&csid=0&mode=cate&start=20 HTTP/1.1" 200 52026 "-" "Mozilla/5.0 (compatible; SemrushBot/7~bl; +http://www.semrush.com/bot.html)"
149.102.248.146 - - [25/Aug/2026:18:55:06 +0500] "GET / HTTP/1.1" 301 - "-" "Mozilla/5.0 (Windows NT 10.0; Win64; x64) AppleWebKit/537.36 (KHTML, like Gecko) Chrome/120.0.0.0 Safari/537.36"
149.102.248.146 - - [25/Aug/2026:18:55:08 +0500] "GET /ru/ HTTP/1.1" 200 49364 "-" "Mozilla/5.0 (Windows NT 10.0; Win64; x64) AppleWebKit/537.36 (KHTML, like Gecko) Chrome/120.0.0.0 Safari/537.36"
149.102.248.146 - - [25/Aug/2026:18:55:14 +0500] "GET /administrator/ HTTP/1.1" 200 7331 "-" "Mozilla/5.0 (Windows NT 10.0; Win64; x64) AppleWebKit/537.36 (KHTML, like Gecko) Chrome/120.0.0.0 Safari/537.36"
34.42.229.145 - - [25/Aug/2026:18:55:28 +0500] "GET /uz/?cbid=1398843&csid=0&mode=cate&start=15 HTTP/1.1" 200 45961 "-" "Mozilla/5.0 (Macintosh; Intel Mac OS X 10_15_7) AppleWebKit/537.36 (KHTML, like Gecko) Chrome/120.0.0.0 Safari/537.36"
34.10.180.98 - - [25/Aug/2026:18:55:43 +0500] "GET /uz/oficially-uzb/tenders-uzb/2-uncategorised?start=15 HTTP/1.1" 500 1399 "-" "Mozilla/5.0 (Macintosh; Intel Mac OS X 10_15_7) AppleWebKit/537.36 (KHTML, like Gecko) Chrome/120.0.0.0 Safari/537.36"
17.241.227.82 - - [25/Aug/2026:18:56:11 +0500] "GET /media/mod_languages/css/template.css HTTP/1.1" 200 335 "http://mail.uml.uz/uz/shareholders-uzb/audit-uzb/93-audit-2017" "Mozilla/5.0 (Macintosh; Intel Mac OS X 10_15_7) AppleWebKit/605.1.15 (KHTML, like Gecko) Version/17.4 Safari/605.1.15 (Applebot/0.1; +http://www.apple.com/go/applebot)"
17.241.227.82 - - [25/Aug/2026:18:56:12 +0500] "GET /media/ext_tss/assets/css/style.css HTTP/1.1" 200 2396 "http://mail.uml.uz/uz/shareholders-uzb/audit-uzb/93-audit-2017" "Mozilla/5.0 (Macintosh; Intel Mac OS X 10_15_7) AppleWebKit/605.1.15 (KHTML, like Gecko) Version/17.4 Safari/605.1.15 (Applebot/0.1; +http://www.apple.com/go/applebot)"
17.241.227.82 - - [25/Aug/2026:18:56:14 +0500] "GET /plugins/system/jcemediabox/themes/standard/css/style.css?10da0a5fa45a7c3d7e5b40a5d80e8773 HTTP/1.1" 200 7447 "http://mail.uml.uz/uz/shareholders-uzb/audit-uzb/93-audit-2017" "Mozilla/5.0 (Macintosh; Intel Mac OS X 10_15_7) AppleWebKit/605.1.15 (KHTML, like Gecko) Version/17.4 Safari/605.1.15 (Applebot/0.1; +http://www.apple.com/go/applebot)"
17.241.227.82 - - [25/Aug/2026:18:56:15 +0500] "GET /plugins/system/jcemediabox/css/jcemediabox.css?a3b640def3ef13678e19cfeeb7397c85 HTTP/1.1" 200 5791 "http://mail.uml.uz/uz/shareholders-uzb/audit-uzb/93-audit-2017" "Mozilla/5.0 (Macintosh; Intel Mac OS X 10_15_7) AppleWebKit/605.1.15 (KHTML, like Gecko) Version/17.4 Safari/605.1.15 (Applebot/0.1; +http://www.apple.com/go/applebot)"
17.241.227.82 - - [25/Aug/2026:18:56:17 +0500] "GET /modules/mod_appstats/css/style.css HTTP/1.1" 200 674 "http://mail.uml.uz/uz/shareholders-uzb/audit-uzb/93-audit-2017" "Mozilla/5.0 (Macintosh; Intel Mac OS X 10_15_7) AppleWebKit/605.1.15 (KHTML, like Gecko) Version/17.4 Safari/605.1.15 (Applebot/0.1; +http://www.apple.com/go/applebot)"
17.241.227.82 - - [25/Aug/2026:18:56:18 +0500] "GET /media/com_acym/css/module.min.css?v=794 HTTP/1.1" 200 10262 "http://mail.uml.uz/uz/shareholders-uzb/audit-uzb/93-audit-2017" "Mozilla/5.0 (Macintosh; Intel Mac OS X 10_15_7) AppleWebKit/605.1.15 (KHTML, like Gecko) Version/17.4 Safari/605.1.15 (Applebot/0.1; +http://www.apple.com/go/applebot)"
17.241.227.82 - - [25/Aug/2026:18:56:20 +0500] "GET /media/jui/js/jquery.min.js?2ae9adac6d34fadc2db8af99c74f11ba HTTP/1.1" 200 97646 "http://mail.uml.uz/uz/shareholders-uzb/audit-uzb/93-audit-2017" "Mozilla/5.0 (Macintosh; Intel Mac OS X 10_15_7) AppleWebKit/605.1.15 (KHTML, like Gecko) Version/17.4 Safari/605.1.15 (Applebot/0.1; +http://www.apple.com/go/applebot)"
17.241.227.82 - - [25/Aug/2026:18:56:21 +0500] "GET /media/jui/js/jquery-noconflict.js?2ae9adac6d34fadc2db8af99c74f11ba HTTP/1.1" 200 21 "http://mail.uml.uz/uz/shareholders-uzb/audit-uzb/93-audit-2017" "Mozilla/5.0 (Macintosh; Intel Mac OS X 10_15_7) AppleWebKit/605.1.15 (KHTML, like Gecko) Version/17.4 Safari/605.1.15 (Applebot/0.1; +http://www.apple.com/go/applebot)"
17.241.227.82 - - [25/Aug/2026:18:56:23 +0500] "GET /media/jui/js/jquery-migrate.min.js?2ae9adac6d34fadc2db8af99c74f11ba HTTP/1.1" 200 10056 "http://mail.uml.uz/uz/shareholders-uzb/audit-uzb/93-audit-2017" "Mozilla/5.0 (Macintosh; Intel Mac OS X 10_15_7) AppleWebKit/605.1.15 (KHTML, like Gecko) Version/17.4 Safari/605.1.15 (Applebot/0.1; +http://www.apple.com/go/applebot)"
17.241.227.82 - - [25/Aug/2026:18:56:24 +0500] "GET /media/ext_tss/assets/js/script.js HTTP/1.1" 200 1117 "http://mail.uml.uz/uz/shareholders-uzb/audit-uzb/93-audit-2017" "Mozilla/5.0 (Macintosh; Intel Mac OS X 10_15_7) AppleWebKit/605.1.15 (KHTML, like Gecko) Version/17.4 Safari/605.1.15 (Applebot/0.1; +http://www.apple.com/go/applebot)"
34.56.53.225 - - [25/Aug/2026:18:56:25 +0500] "GET /uz/shareholders-uzb/reports-uzb/84-otchety-msfo-31-12-2015 HTTP/1.1" 200 26677 "-" "Mozilla/5.0 (Macintosh; Intel Mac OS X 10_15_7) AppleWebKit/537.36 (KHTML, like Gecko) Chrome/120.0.0.0 Safari/537.36"
17.241.227.82 - - [25/Aug/2026:18:56:26 +0500] "GET /media/system/js/mootools-core.js?2ae9adac6d34fadc2db8af99c74f11ba HTTP/1.1" 200 83893 "http://mail.uml.uz/uz/shareholders-uzb/audit-uzb/93-audit-2017" "Mozilla/5.0 (Macintosh; Intel Mac OS X 10_15_7) AppleWebKit/605.1.15 (KHTML, like Gecko) Version/17.4 Safari/605.1.15 (Applebot/0.1; +http://www.apple.com/go/applebot)"
17.241.227.82 - - [25/Aug/2026:18:56:27 +0500] "GET /media/system/js/core.js?2ae9adac6d34fadc2db8af99c74f11ba HTTP/1.1" 200 8735 "http://mail.uml.uz/uz/shareholders-uzb/audit-uzb/93-audit-2017" "Mozilla/5.0 (Macintosh; Intel Mac OS X 10_15_7) AppleWebKit/605.1.15 (KHTML, like Gecko) Version/17.4 Safari/605.1.15 (Applebot/0.1; +http://www.apple.com/go/applebot)"
17.241.227.82 - - [25/Aug/2026:18:56:29 +0500] "GET /media/system/js/mootools-more.js?2ae9adac6d34fadc2db8af99c74f11ba HTTP/1.1" 200 236825 "http://mail.uml.uz/uz/shareholders-uzb/audit-uzb/93-audit-2017" "Mozilla/5.0 (Macintosh; Intel Mac OS X 10_15_7) AppleWebKit/605.1.15 (KHTML, like Gecko) Version/17.4 Safari/605.1.15 (Applebot/0.1; +http://www.apple.com/go/applebot)"
17.241.227.228 - - [25/Aug/2026:18:56:30 +0500] "GET /media/system/js/caption.js?2ae9adac6d34fadc2db8af99c74f11ba HTTP/1.1" 200 491 "http://mail.uml.uz/uz/shareholders-uzb/audit-uzb/93-audit-2017" "Mozilla/5.0 (Macintosh; Intel Mac OS X 10_15_7) AppleWebKit/605.1.15 (KHTML, like Gecko) Version/17.4 Safari/605.1.15 (Applebot/0.1; +http://www.apple.com/go/applebot)"
17.241.227.82 - - [25/Aug/2026:18:56:32 +0500] "GET /plugins/system/jcemediabox/js/jcemediabox.js?fba42f665bbcc4047a23ba92244f4176 HTTP/1.1" 200 57539 "http://mail.uml.uz/uz/shareholders-uzb/audit-uzb/93-audit-2017" "Mozilla/5.0 (Macintosh; Intel Mac OS X 10_15_7) AppleWebKit/605.1.15 (KHTML, like Gecko) Version/17.4 Safari/605.1.15 (Applebot/0.1; +http://www.apple.com/go/applebot)"
17.241.227.228 - - [25/Aug/2026:18:56:33 +0500] "GET /templates/system/css/system.css HTTP/1.1" 200 881 "http://mail.uml.uz/uz/shareholders-uzb/audit-uzb/93-audit-2017" "Mozilla/5.0 (Macintosh; Intel Mac OS X 10_15_7) AppleWebKit/605.1.15 (KHTML, like Gecko) Version/17.4 Safari/605.1.15 (Applebot/0.1; +http://www.apple.com/go/applebot)"
17.241.227.82 - - [25/Aug/2026:18:56:35 +0500] "GET /templates/system/css/general.css HTTP/1.1" 200 2717 "http://mail.uml.uz/uz/shareholders-uzb/audit-uzb/93-audit-2017" "Mozilla/5.0 (Macintosh; Intel Mac OS X 10_15_7) AppleWebKit/605.1.15 (KHTML, like Gecko) Version/17.4 Safari/605.1.15 (Applebot/0.1; +http://www.apple.com/go/applebot)"
17.241.227.228 - - [25/Aug/2026:18:56:36 +0500] "GET /templates/uml/css/template.css HTTP/1.1" 200 87209 "http://mail.uml.uz/uz/shareholders-uzb/audit-uzb/93-audit-2017" "Mozilla/5.0 (Macintosh; Intel Mac OS X 10_15_7) AppleWebKit/605.1.15 (KHTML, like Gecko) Version/17.4 Safari/605.1.15 (Applebot/0.1; +http://www.apple.com/go/applebot)"
17.241.227.82 - - [25/Aug/2026:18:56:38 +0500] "GET /templates/uml/css/custom.css HTTP/1.1" 200 517 "http://mail.uml.uz/uz/shareholders-uzb/audit-uzb/93-audit-2017" "Mozilla/5.0 (Macintosh; Intel Mac OS X 10_15_7) AppleWebKit/605.1.15 (KHTML, like Gecko) Version/17.4 Safari/605.1.15 (Applebot/0.1; +http://www.apple.com/go/applebot)"
17.241.227.228 - - [25/Aug/2026:18:56:39 +0500] "GET /templates/uml/css/template.responsive.css HTTP/1.1" 200 11791 "http://mail.uml.uz/uz/shareholders-uzb/audit-uzb/93-audit-2017" "Mozilla/5.0 (Macintosh; Intel Mac OS X 10_15_7) AppleWebKit/605.1.15 (KHTML, like Gecko) Version/17.4 Safari/605.1.15 (Applebot/0.1; +http://www.apple.com/go/applebot)"
17.241.227.82 - - [25/Aug/2026:18:56:41 +0500] "GET /templates/uml/jquery.js HTTP/1.1" 200 92629 "http://mail.uml.uz/uz/shareholders-uzb/audit-uzb/93-audit-2017" "Mozilla/5.0 (Macintosh; Intel Mac OS X 10_15_7) AppleWebKit/605.1.15 (KHTML, like Gecko) Version/17.4 Safari/605.1.15 (Applebot/0.1; +http://www.apple.com/go/applebot)"
17.241.227.228 - - [25/Aug/2026:18:56:42 +0500] "GET /templates/uml/script.js HTTP/1.1" 200 61982 "http://mail.uml.uz/uz/shareholders-uzb/audit-uzb/93-audit-2017" "Mozilla/5.0 (Macintosh; Intel Mac OS X 10_15_7) AppleWebKit/605.1.15 (KHTML, like Gecko) Version/17.4 Safari/605.1.15 (Applebot/0.1; +http://www.apple.com/go/applebot)"
17.241.227.82 - - [25/Aug/2026:18:56:43 +0500] "GET /templates/uml/script.responsive.js HTTP/1.1" 200 21090 "http://mail.uml.uz/uz/shareholders-uzb/audit-uzb/93-audit-2017" "Mozilla/5.0 (Macintosh; Intel Mac OS X 10_15_7) AppleWebKit/605.1.15 (KHTML, like Gecko) Version/17.4 Safari/605.1.15 (Applebot/0.1; +http://www.apple.com/go/applebot)"
17.241.227.228 - - [25/Aug/2026:18:56:45 +0500] "GET /templates/uml/modules.js HTTP/1.1" 200 - "http://mail.uml.uz/uz/shareholders-uzb/audit-uzb/93-audit-2017" "Mozilla/5.0 (Macintosh; Intel Mac OS X 10_15_7) AppleWebKit/605.1.15 (KHTML, like Gecko) Version/17.4 Safari/605.1.15 (Applebot/0.1; +http://www.apple.com/go/applebot)"
17.241.227.82 - - [25/Aug/2026:18:56:46 +0500] "GET /templates/uml/css/animate.css HTTP/1.1" 200 19951 "http://mail.uml.uz/uz/shareholders-uzb/audit-uzb/93-audit-2017" "Mozilla/5.0 (Macintosh; Intel Mac OS X 10_15_7) AppleWebKit/605.1.15 (KHTML, like Gecko) Version/17.4 Safari/605.1.15 (Applebot/0.1; +http://www.apple.com/go/applebot)"
34.30.223.149 - - [25/Aug/2026:18:56:47 +0500] "GET /ru/?gid=551683&start=20 HTTP/1.1" 200 52022 "-" "Mozilla/5.0 (Macintosh; Intel Mac OS X 10_15_7) AppleWebKit/537.36 (KHTML, like Gecko) Chrome/120.0.0.0 Safari/537.36"
17.241.227.228 - - [25/Aug/2026:18:56:48 +0500] "GET /templates/uml/js/slider/themes/default/jquery.slider.css HTTP/1.1" 200 2676 "http://mail.uml.uz/uz/shareholders-uzb/audit-uzb/93-audit-2017" "Mozilla/5.0 (Macintosh; Intel Mac OS X 10_15_7) AppleWebKit/605.1.15 (KHTML, like Gecko) Version/17.4 Safari/605.1.15 (Applebot/0.1; +http://www.apple.com/go/applebot)"
17.241.227.82 - - [25/Aug/2026:18:56:49 +0500] "GET /templates/uml/js/slider/jquery.slider.min.js HTTP/1.1" 200 23665 "http://mail.uml.uz/uz/shareholders-uzb/audit-uzb/93-audit-2017" "Mozilla/5.0 (Macintosh; Intel Mac OS X 10_15_7) AppleWebKit/605.1.15 (KHTML, like Gecko) Version/17.4 Safari/605.1.15 (Applebot/0.1; +http://www.apple.com/go/applebot)"
17.241.227.228 - - [25/Aug/2026:18:56:51 +0500] "GET /templates/uml/js/move-top.js HTTP/1.1" 200 1334 "http://mail.uml.uz/uz/shareholders-uzb/audit-uzb/93-audit-2017" "Mozilla/5.0 (Macintosh; Intel Mac OS X 10_15_7) AppleWebKit/605.1.15 (KHTML, like Gecko) Version/17.4 Safari/605.1.15 (Applebot/0.1; +http://www.apple.com/go/applebot)"
17.241.227.82 - - [25/Aug/2026:18:56:52 +0500] "GET /templates/uml/js/easing.js HTTP/1.1" 200 4898 "http://mail.uml.uz/uz/shareholders-uzb/audit-uzb/93-audit-2017" "Mozilla/5.0 (Macintosh; Intel Mac OS X 10_15_7) AppleWebKit/605.1.15 (KHTML, like Gecko) Version/17.4 Safari/605.1.15 (Applebot/0.1; +http://www.apple.com/go/applebot)"
34.57.162.91 - - [25/Aug/2026:18:56:52 +0500] "GET /uz/about-org-uzb/structure-uzb/2-uncategorised/14-conditions-rus?print=1&tmpl=component HTTP/1.1" 200 6184 "-" "Mozilla/5.0 (Macintosh; Intel Mac OS X 10_15_7) AppleWebKit/537.36 (KHTML, like Gecko) Chrome/120.0.0.0 Safari/537.36"
17.241.227.228 - - [25/Aug/2026:18:56:54 +0500] "GET /media/com_acym/js/module.min.js?v=794 HTTP/1.1" 200 22752 "http://mail.uml.uz/uz/shareholders-uzb/audit-uzb/93-audit-2017" "Mozilla/5.0 (Macintosh; Intel Mac OS X 10_15_7) AppleWebKit/605.1.15 (KHTML, like Gecko) Version/17.4 Safari/605.1.15 (Applebot/0.1; +http://www.apple.com/go/applebot)"
17.241.227.82 - - [25/Aug/2026:18:56:55 +0500] "GET /media/system/css/system.css HTTP/1.1" 200 1433 "http://mail.uml.uz/uz/shareholders-uzb/audit-uzb/93-audit-2017" "Mozilla/5.0 (Macintosh; Intel Mac OS X 10_15_7) AppleWebKit/605.1.15 (KHTML, like Gecko) Version/17.4 Safari/605.1.15 (Applebot/0.1; +http://www.apple.com/go/applebot)"
17.241.227.228 - - [25/Aug/2026:18:56:57 +0500] "GET /plugins/system/jcemediabox/themes/standard/popup.html HTTP/1.1" 200 1802 "http://mail.uml.uz/uz/shareholders-uzb/audit-uzb/93-audit-2017" "Mozilla/5.0 (Macintosh; Intel Mac OS X 10_15_7) AppleWebKit/605.1.15 (KHTML, like Gecko) Version/17.4 Safari/605.1.15 (Applebot/0.1; +http://www.apple.com/go/applebot)"
17.241.227.82 - - [25/Aug/2026:18:56:58 +0500] "GET /plugins/system/jcemediabox/themes/standard/tooltip.html HTTP/1.1" 200 958 "http://mail.uml.uz/uz/shareholders-uzb/audit-uzb/93-audit-2017" "Mozilla/5.0 (Macintosh; Intel Mac OS X 10_15_7) AppleWebKit/605.1.15 (KHTML, like Gecko) Version/17.4 Safari/605.1.15 (Applebot/0.1; +http://www.apple.com/go/applebot)"
34.171.68.95 - - [25/Aug/2026:18:57:34 +0500] "GET /uz/news-uzb?start=15&template=accessibility HTTP/1.1" 200 34061 "-" "Mozilla/5.0 (Macintosh; Intel Mac OS X 10_15_7) AppleWebKit/537.36 (KHTML, like Gecko) Chrome/120.0.0.0 Safari/537.36"
85.208.96.194 - - [25/Aug/2026:18:57:56 +0500] "GET /ru/?cbid=2118248&csid=0 HTTP/1.1" 200 49176 "-" "Mozilla/5.0 (compatible; SemrushBot/7~bl; +http://www.semrush.com/bot.html)"
34.123.149.87 - - [25/Aug/2026:18:58:16 +0500] "GET /ru/shareholders-rus/votes-rus/2-uncategorised?start=45 HTTP/1.1" 200 62911 "-" "Mozilla/5.0 (Macintosh; Intel Mac OS X 10_15_7) AppleWebKit/537.36 (KHTML, like Gecko) Chrome/120.0.0.0 Safari/537.36"
185.191.171.12 - - [25/Aug/2026:18:58:19 +0500] "GET /uz/shareholders-uzb/events-uzb HTTP/1.1" 200 29033 "-" "Mozilla/5.0 (compatible; SemrushBot/7~bl; +http://www.semrush.com/bot.html)"
44.209.89.189 - - [25/Aug/2026:18:58:29 +0500] "GET /ru/?category_name=new%22)%20WHERE%207090%3D7090/*!50000AND*/GTID_SUBSET(/*!50000CONCAT*/(%27~%27,(/*!50000SELECT*/(ELT(1582%3D1582,1))),%27~%27),1582)--%20-&start=20 HTTP/1.1" 200 52006 "-" "Mozilla/5.0 AppleWebKit/537.36 (KHTML, like Gecko; compatible; Amazonbot/0.1; +https://developer.amazon.com/support/amazonbot) Chrome/119.0.6045.214 Safari/537.36"
34.171.68.95 - - [25/Aug/2026:18:59:44 +0500] "GET /uz/component/mailto/?link=ad917d6c4cb7c0adb06aeddf4bf05bf0df9a10cc&template=uml&tmpl=component HTTP/1.1" 200 4558 "-" "Mozilla/5.0 (Macintosh; Intel Mac OS X 10_15_7) AppleWebKit/537.36 (KHTML, like Gecko) Chrome/120.0.0.0 Safari/537.36"
185.191.171.15 - - [25/Aug/2026:18:59:53 +0500] "GET /ru/?p=4261&start=20 HTTP/1.1" 508 288 "-" "Mozilla/5.0 (compatible; SemrushBot/7~bl; +http://www.semrush.com/bot.html)"
34.10.180.98 - - [25/Aug/2026:19:00:00 +0500] "GET /uz/component/mailto/?link=0c79276b77ee12610f780c6ef2375c29c5891f39&template=uml&tmpl=component HTTP/1.1" 200 4530 "-" "Mozilla/5.0 (Macintosh; Intel Mac OS X 10_15_7) AppleWebKit/537.36 (KHTML, like Gecko) Chrome/120.0.0.0 Safari/537.36"
8.217.145.188 - - [25/Aug/2026:19:00:05 +0500] "GET / HTTP/1.1" 301 - "-" "Mozilla/5.0 (Windows NT 10.0; Win64; x64) AppleWebKit/537.36 (KHTML, like Gecko) Chrome/120.0.0.0 Safari/537.36"
8.217.145.188 - - [25/Aug/2026:19:00:06 +0500] "GET /ru/ HTTP/1.1" 200 49364 "-" "Mozilla/5.0 (Windows NT 10.0; Win64; x64) AppleWebKit/537.36 (KHTML, like Gecko) Chrome/120.0.0.0 Safari/537.36"
43.157.180.116 - - [25/Aug/2026:19:01:02 +0500] "GET /uz/about-org-uzb/history-uzb/2-uncategorised HTTP/1.1" 200 37662 "-" "Mozilla/5.0 (iPhone; CPU iPhone OS 13_2_3 like Mac OS X) AppleWebKit/605.1.15 (KHTML, like Gecko) Version/13.0.3 Mobile/15E148 Safari/604.1"
34.30.223.149 - - [25/Aug/2026:19:01:19 +0500] "GET /uz/?mode=members&start=5 HTTP/1.1" 200 48253 "-" "Mozilla/5.0 (Macintosh; Intel Mac OS X 10_15_7) AppleWebKit/537.36 (KHTML, like Gecko) Chrome/120.0.0.0 Safari/537.36"
185.191.171.14 - - [25/Aug/2026:19:01:32 +0500] "GET /ru/?cbid=1398943&csid=0&mode=cate&start=10 HTTP/1.1" 508 288 "-" "Mozilla/5.0 (compatible; SemrushBot/7~bl; +http://www.semrush.com/bot.html)"
34.123.149.87 - - [25/Aug/2026:19:02:02 +0500] "GET /uz/component/mailto/?link=f822912e884f1b0128608fb9b61dafb372466dfc&template=uml&tmpl=component HTTP/1.1" 508 288 "-" "Mozilla/5.0 (Macintosh; Intel Mac OS X 10_15_7) AppleWebKit/537.36 (KHTML, like Gecko) Chrome/120.0.0.0 Safari/537.36"
34.123.149.87 - - [25/Aug/2026:19:02:05 +0500] "GET /uz/component/mailto/?link=d926a0c89e567f005de98cfcea617680b0bded5f&template=accessibility&tmpl=component HTTP/1.1" 200 4107 "-" "Mozilla/5.0 (Macintosh; Intel Mac OS X 10_15_7) AppleWebKit/537.36 (KHTML, like Gecko) Chrome/120.0.0.0 Safari/537.36"
34.10.180.98 - - [25/Aug/2026:19:02:35 +0500] "GET /ru/component/mailto/?link=6cf5837afccf1b8e44fa6ba5b12f735b8dfeb8e9&template=uml&tmpl=component HTTP/1.1" 200 4525 "-" "Mozilla/5.0 (Macintosh; Intel Mac OS X 10_15_7) AppleWebKit/537.36 (KHTML, like Gecko) Chrome/120.0.0.0 Safari/537.36"
34.10.180.98 - - [25/Aug/2026:19:02:53 +0500] "GET /ru/?format=feed&p=1&type=atom HTTP/1.1" 200 18378 "-" "Mozilla/5.0 (Macintosh; Intel Mac OS X 10_15_7) AppleWebKit/537.36 (KHTML, like Gecko) Chrome/120.0.0.0 Safari/537.36"
34.171.68.95 - - [25/Aug/2026:19:02:58 +0500] "GET /ru/?cbid=2214419&csid=0&mode=cate&start=20 HTTP/1.1" 200 52118 "-" "Mozilla/5.0 (Macintosh; Intel Mac OS X 10_15_7) AppleWebKit/537.36 (KHTML, like Gecko) Chrome/120.0.0.0 Safari/537.36"
34.123.149.87 - - [25/Aug/2026:19:03:24 +0500] "GET /ru/?cbid=2034259&csid=0&mode=cate&start=10 HTTP/1.1" 200 49899 "-" "Mozilla/5.0 (Macintosh; Intel Mac OS X 10_15_7) AppleWebKit/537.36 (KHTML, like Gecko) Chrome/120.0.0.0 Safari/537.36"
173.252.95.53 - - [25/Aug/2026:19:03:26 +0500] "GET /robots.txt HTTP/1.1" 301 - "-" "facebookexternalhit/1.1 (+http://www.facebook.com/externalhit_uatext.php)"
173.252.70.35 - - [25/Aug/2026:19:03:26 +0500] "GET /robots.txt HTTP/1.1" 301 - "-" "facebookexternalhit/1.1 (+http://www.facebook.com/externalhit_uatext.php)"
173.252.70.49 - - [25/Aug/2026:19:03:26 +0500] "GET /robots.txt HTTP/1.1" 301 - "-" "facebookexternalhit/1.1 (+http://www.facebook.com/externalhit_uatext.php)"
35.254.159.230 - - [25/Aug/2026:19:03:31 +0500] "GET /ru/component/mailto/?link=08b7160fbf39133b7e35a3e3e8ed308a15750a85&template=uml&tmpl=component HTTP/1.1" 508 288 "-" "Mozilla/5.0 (Macintosh; Intel Mac OS X 10_15_7) AppleWebKit/537.36 (KHTML, like Gecko) Chrome/120.0.0.0 Safari/537.36"
173.252.70.16 - - [25/Aug/2026:19:03:29 +0500] "GET /ru/robots.txt HTTP/1.1" 404 1892 "-" "facebookexternalhit/1.1 (+http://www.facebook.com/externalhit_uatext.php)"
85.208.96.201 - - [25/Aug/2026:19:03:47 +0500] "GET /robots.txt HTTP/1.1" 301 - "-" "Mozilla/5.0 (compatible; SemrushBot/7~bl; +http://www.semrush.com/bot.html)"
85.208.96.195 - - [25/Aug/2026:19:03:49 +0500] "GET /ru/robots.txt HTTP/1.1" 404 1892 "-" "Mozilla/5.0 (compatible; SemrushBot/7~bl; +http://www.semrush.com/bot.html)"
185.191.171.13 - - [25/Aug/2026:19:03:53 +0500] "GET /ru/19-russian/shareholders-rus/1154-2020-yil-uchun-muhim-faktlar-sushchestvennye-fakty-za-2020-god-25-09-2020 HTTP/1.1" 200 35454 "-" "Mozilla/5.0 (compatible; SemrushBot/7~bl; +http://www.semrush.com/bot.html)"
34.61.96.6 - - [25/Aug/2026:19:04:09 +0500] "GET /ru/?cbid=2358240&csid=0&mode=cate&start=5 HTTP/1.1" 200 52615 "-" "Mozilla/5.0 (Macintosh; Intel Mac OS X 10_15_7) AppleWebKit/537.36 (KHTML, like Gecko) Chrome/120.0.0.0 Safari/537.36"
34.171.68.95 - - [25/Aug/2026:19:04:09 +0500] "GET /ru/?gid=1725239&start=15 HTTP/1.1" 200 48600 "-" "Mozilla/5.0 (Macintosh; Intel Mac OS X 10_15_7) AppleWebKit/537.36 (KHTML, like Gecko) Chrome/120.0.0.0 Safari/537.36"
34.123.149.87 - - [25/Aug/2026:19:04:10 +0500] "GET /uz/shareholders-uzb/audit-uzb/2-uncategorised?format=feed&type=rss HTTP/1.1" 200 22286 "-" "Mozilla/5.0 (Macintosh; Intel Mac OS X 10_15_7) AppleWebKit/537.36 (KHTML, like Gecko) Chrome/120.0.0.0 Safari/537.36"
34.30.223.149 - - [25/Aug/2026:19:04:18 +0500] "GET /ru/?/info_php?id=3&start=5 HTTP/1.1" 200 52615 "-" "Mozilla/5.0 (Macintosh; Intel Mac OS X 10_15_7) AppleWebKit/537.36 (KHTML, like Gecko) Chrome/120.0.0.0 Safari/537.36"
34.42.229.145 - - [25/Aug/2026:19:05:15 +0500] "GET /ru/?p=43855&start=20 HTTP/1.1" 200 52118 "-" "Mozilla/5.0 (Macintosh; Intel Mac OS X 10_15_7) AppleWebKit/537.36 (KHTML, like Gecko) Chrome/120.0.0.0 Safari/537.36"
34.56.124.53 - - [25/Aug/2026:19:06:04 +0500] "GET /ru/?gid=2472469&mode=grp&sort=n&start=20 HTTP/1.1" 200 50750 "-" "Mozilla/5.0 (Macintosh; Intel Mac OS X 10_15_7) AppleWebKit/537.36 (KHTML, like Gecko) Chrome/120.0.0.0 Safari/537.36"
85.208.96.199 - - [25/Aug/2026:19:06:18 +0500] "GET /ru/?f=1&start=20&uid=a016F00001RgKYmQAN%27 HTTP/1.1" 508 288 "-" "Mozilla/5.0 (compatible; SemrushBot/7~bl; +http://www.semrush.com/bot.html)"
185.191.171.16 - - [25/Aug/2026:19:06:51 +0500] "GET /ru/?gid=887809&mode=grp&sort=n HTTP/1.1" 508 288 "-" "Mozilla/5.0 (compatible; SemrushBot/7~bl; +http://www.semrush.com/bot.html)"
34.123.149.87 - - [25/Aug/2026:19:07:33 +0500] "GET /uz/oficially-uzb/certificates-uzb/2-uncategorised/14-conditions-rus?print=1&tmpl=component HTTP/1.1" 200 6265 "-" "Mozilla/5.0 (Macintosh; Intel Mac OS X 10_15_7) AppleWebKit/537.36 (KHTML, like Gecko) Chrome/120.0.0.0 Safari/537.36"
3.224.205.25 - - [25/Aug/2026:19:07:37 +0500] "GET /ru/?p=4684&start=5 HTTP/1.1" 200 52615 "-" "Mozilla/5.0 AppleWebKit/537.36 (KHTML, like Gecko; compatible; Amazonbot/0.1; +https://developer.amazon.com/support/amazonbot) Chrome/119.0.6045.214 Safari/537.36"
119.91.20.139 - - [25/Aug/2026:19:07:50 +0500] "GET / HTTP/1.1" 301 - "-" "Mozilla/5.0 (iPhone; CPU iPhone OS 13_2_3 like Mac OS X) AppleWebKit/605.1.15 (KHTML, like Gecko) Version/13.0.3 Mobile/15E148 Safari/604.1"
185.191.171.16 - - [25/Aug/2026:19:07:50 +0500] "GET /ru/shareholders-rus/prospectus-rus/2-uncategorised/39-vacancies-uzb HTTP/1.1" 200 30830 "-" "Mozilla/5.0 (compatible; SemrushBot/7~bl; +http://www.semrush.com/bot.html)"
119.91.20.139 - - [25/Aug/2026:19:07:55 +0500] "GET /ru/ HTTP/1.1" 200 49364 "http://uml.uz" "Mozilla/5.0 (iPhone; CPU iPhone OS 13_2_3 like Mac OS X) AppleWebKit/605.1.15 (KHTML, like Gecko) Version/13.0.3 Mobile/15E148 Safari/604.1"
34.56.53.225 - - [25/Aug/2026:19:08:07 +0500] "GET /ru/component/mailto/?link=9605f505a281930551e012ad3504dc6815717349&template=uml&tmpl=component HTTP/1.1" 200 4553 "-" "Mozilla/5.0 (Macintosh; Intel Mac OS X 10_15_7) AppleWebKit/537.36 (KHTML, like Gecko) Chrome/120.0.0.0 Safari/537.36"
34.10.180.98 - - [25/Aug/2026:19:08:20 +0500] "GET /uz/about-org-uzb/plans-uzb/115-biznes-plan-2016 HTTP/1.1" 200 26489 "-" "Mozilla/5.0 (Macintosh; Intel Mac OS X 10_15_7) AppleWebKit/537.36 (KHTML, like Gecko) Chrome/120.0.0.0 Safari/537.36"
34.30.223.149 - - [25/Aug/2026:19:09:44 +0500] "GET /ru/?eid=2462&format=feed&type=rss HTTP/1.1" 200 11855 "-" "Mozilla/5.0 (Macintosh; Intel Mac OS X 10_15_7) AppleWebKit/537.36 (KHTML, like Gecko) Chrome/120.0.0.0 Safari/537.36"
35.254.159.230 - - [25/Aug/2026:19:10:06 +0500] "GET /uz/component/mailto/?link=8ab44dab9c05fcfcf72b08037075a2183f63d86d&template=uml&tmpl=component HTTP/1.1" 508 288 "-" "Mozilla/5.0 (Macintosh; Intel Mac OS X 10_15_7) AppleWebKit/537.36 (KHTML, like Gecko) Chrome/120.0.0.0 Safari/537.36"
185.191.171.11 - - [25/Aug/2026:19:10:20 +0500] "GET /ru/?cbid=2135868&csid=0&mode=cate&start=20 HTTP/1.1" 200 50750 "-" "Mozilla/5.0 (compatible; SemrushBot/7~bl; +http://www.semrush.com/bot.html)"
34.123.149.87 - - [25/Aug/2026:19:11:26 +0500] "GET /images/content/sush_fakti_ves_2016/%D0%A1%D1%83%D1%88_%D1%84%D0%B0%D0%BA%D1%82_36_-_%D0%B7%D0%B0_2016.docx HTTP/1.1" 508 288 "-" "Mozilla/5.0 (Macintosh; Intel Mac OS X 10_15_7) AppleWebKit/537.36 (KHTML, like Gecko) Chrome/120.0.0.0 Safari/537.36"
34.10.180.98 - - [25/Aug/2026:19:11:25 +0500] "GET /ru/?cbid=2590756&csid=0&mode=cate&start=20 HTTP/1.1" 200 50654 "-" "Mozilla/5.0 (Macintosh; Intel Mac OS X 10_15_7) AppleWebKit/537.36 (KHTML, like Gecko) Chrome/120.0.0.0 Safari/537.36"
34.123.149.87 - - [25/Aug/2026:19:11:46 +0500] "GET /ru/component/mailto/?link=64fe271627ee80fc84a79826b87c0ecd70428f1f&template=uml&tmpl=component HTTP/1.1" 200 4525 "-" "Mozilla/5.0 (Macintosh; Intel Mac OS X 10_15_7) AppleWebKit/537.36 (KHTML, like Gecko) Chrome/120.0.0.0 Safari/537.36"
43.135.145.77 - - [25/Aug/2026:19:11:45 +0500] "GET /uz/about-org-uzb/general-info-uzb/2-uncategorised HTTP/1.1" 200 37746 "-" "Mozilla/5.0 (iPhone; CPU iPhone OS 13_2_3 like Mac OS X) AppleWebKit/605.1.15 (KHTML, like Gecko) Version/13.0.3 Mobile/15E148 Safari/604.1"
34.10.180.98 - - [25/Aug/2026:19:11:58 +0500] "GET /ru/shareholders-rus/invest-rus?print=1&tmpl=component HTTP/1.1" 200 2963 "-" "Mozilla/5.0 (Macintosh; Intel Mac OS X 10_15_7) AppleWebKit/537.36 (KHTML, like Gecko) Chrome/120.0.0.0 Safari/537.36"
185.191.171.17 - - [25/Aug/2026:19:11:59 +0500] "GET /ru/?gid=421557&mode=grp&sort=n&start=15 HTTP/1.1" 200 48508 "-" "Mozilla/5.0 (compatible; SemrushBot/7~bl; +http://www.semrush.com/bot.html)"
34.57.162.91 - - [25/Aug/2026:19:12:02 +0500] "GET /ru/component/mailto/?link=47fc175c4bf916f5b167ca8df53d5243cd28b345&template=uml&tmpl=component HTTP/1.1" 200 4525 "-" "Mozilla/5.0 (Macintosh; Intel Mac OS X 10_15_7) AppleWebKit/537.36 (KHTML, like Gecko) Chrome/120.0.0.0 Safari/537.36"
185.191.171.18 - - [25/Aug/2026:19:12:53 +0500] "GET /ru/?cbid=1425873&csid=-0%20UNION%20ALL%20SELECT%20NULL%2C%27rurthpabyxyolxsudomhhimnebprsfpz%27%2CNULL--%2065iny5&mode=cate&start=15 HTTP/1.1" 200 48488 "-" "Mozilla/5.0 (compatible; SemrushBot/7~bl; +http://www.semrush.com/bot.html)"
20.220.10.235 - - [25/Aug/2026:19:13:01 +0500] "GET /wp-content/plugins/hellopress/wp_filemanager.php HTTP/1.1" 301 - "-" "-"
20.220.10.235 - - [25/Aug/2026:19:13:02 +0500] "GET /ru/wp-content/plugins/hellopress/wp_filemanager.php HTTP/1.1" 404 1904 "-" "-"
20.220.10.235 - - [25/Aug/2026:19:13:03 +0500] "GET /this_is_a_new_hello_world.php HTTP/1.1" 301 - "-" "-"
20.220.10.235 - - [25/Aug/2026:19:13:05 +0500] "GET /ru/this_is_a_new_hello_world.php HTTP/1.1" 404 1892 "-" "-"
20.220.10.235 - - [25/Aug/2026:19:13:09 +0500] "GET /wp-content/admin.php HTTP/1.1" 301 - "-" "-"
20.220.10.235 - - [25/Aug/2026:19:13:11 +0500] "GET /ru/wp-content/admin.php HTTP/1.1" 404 1904 "-" "-"
20.220.10.235 - - [25/Aug/2026:19:13:13 +0500] "GET /ajax-controller.php HTTP/1.1" 508 288 "-" "-"
20.220.10.235 - - [25/Aug/2026:19:13:14 +0500] "GET /kerang.php HTTP/1.1" 508 288 "-" "-"
20.220.10.235 - - [25/Aug/2026:19:13:14 +0500] "GET /vendor.php HTTP/1.1" 301 - "-" "-"
20.220.10.235 - - [25/Aug/2026:19:13:16 +0500] "GET /ru/vendor.php HTTP/1.1" 404 1892 "-" "-"
20.220.10.235 - - [25/Aug/2026:19:13:19 +0500] "GET /output.php HTTP/1.1" 301 - "-" "-"
20.220.10.235 - - [25/Aug/2026:19:13:22 +0500] "GET /ru/output.php HTTP/1.1" 404 1892 "-" "-"
20.220.10.235 - - [25/Aug/2026:19:13:26 +0500] "GET /wp4.php HTTP/1.1" 301 - "-" "-"
20.220.10.235 - - [25/Aug/2026:19:13:28 +0500] "GET /ru/wp4.php HTTP/1.1" 404 1892 "-" "-"
20.220.10.235 - - [25/Aug/2026:19:13:29 +0500] "GET /d62.php HTTP/1.1" 301 - "-" "-"
20.220.10.235 - - [25/Aug/2026:19:13:31 +0500] "GET /ru/d62.php HTTP/1.1" 404 1892 "-" "-"
20.220.10.235 - - [25/Aug/2026:19:13:33 +0500] "GET /save.php HTTP/1.1" 508 288 "-" "-"
20.220.10.235 - - [25/Aug/2026:19:13:33 +0500] "GET /wp-admin/js/index.php HTTP/1.1" 301 - "-" "-"
20.220.10.235 - - [25/Aug/2026:19:13:35 +0500] "GET /ru/wp-admin/js/index.php HTTP/1.1" 404 1904 "-" "-"
20.220.10.235 - - [25/Aug/2026:19:13:39 +0500] "GET /df.php HTTP/1.1" 301 - "-" "-"
20.220.10.235 - - [25/Aug/2026:19:13:41 +0500] "GET /ru/df.php HTTP/1.1" 508 288 "-" "-"
20.220.10.235 - - [25/Aug/2026:19:13:41 +0500] "GET /100.php HTTP/1.1" 508 288 "-" "-"
20.220.10.235 - - [25/Aug/2026:19:13:42 +0500] "GET /rt.php HTTP/1.1" 508 288 "-" "-"
20.220.10.235 - - [25/Aug/2026:19:13:42 +0500] "GET /red.php HTTP/1.1" 508 288 "-" "-"
20.220.10.235 - - [25/Aug/2026:19:13:42 +0500] "GET /wp9.php HTTP/1.1" 508 288 "-" "-"
137.131.37.111 - - [25/Aug/2026:19:13:44 +0500] "GET /uz/oficially-uzb/certificates-uzb HTTP/1.1" 508 288 "-" "Mozilla/5.0 (X11; Linux aarch64) AppleWebKit/537.36 (KHTML, like Gecko) Chrome/139.0.0.0 Safari/537.36"
137.131.37.111 - - [25/Aug/2026:19:13:40 +0500] "GET /uz/oficially-uzb/certificates-uzb HTTP/1.1" 200 15658 "-" "Mozilla/5.0 (X11; Linux aarch64) AppleWebKit/537.36 (KHTML, like Gecko) Chrome/139.0.0.0 Safari/537.36"
20.220.10.235 - - [25/Aug/2026:19:13:46 +0500] "GET /ru/zoo2.php HTTP/1.1" 508 288 "-" "-"
20.220.10.235 - - [25/Aug/2026:19:13:42 +0500] "GET /zoo2.php HTTP/1.1" 301 - "-" "-"
20.220.10.235 - - [25/Aug/2026:19:13:46 +0500] "GET /png.php HTTP/1.1" 301 - "-" "-"
20.220.10.235 - - [25/Aug/2026:19:13:48 +0500] "GET /ru/png.php HTTP/1.1" 404 1892 "-" "-"
20.220.10.235 - - [25/Aug/2026:19:13:51 +0500] "GET /wp-content/ms-files.php HTTP/1.1" 508 288 "-" "-"
20.220.10.235 - - [25/Aug/2026:19:13:51 +0500] "GET /z43agz.php HTTP/1.1" 508 288 "-" "-"
20.220.10.235 - - [25/Aug/2026:19:13:51 +0500] "GET /222.php HTTP/1.1" 508 288 "-" "-"
20.220.10.235 - - [25/Aug/2026:19:13:51 +0500] "GET /4PJcpMFsD8B.php HTTP/1.1" 301 - "-" "-"
20.220.10.235 - - [25/Aug/2026:19:13:54 +0500] "GET /ru/4PJcpMFsD8B.php HTTP/1.1" 508 288 "-" "-"
20.220.10.235 - - [25/Aug/2026:19:13:54 +0500] "GET /005.php HTTP/1.1" 301 - "-" "-"
20.220.10.235 - - [25/Aug/2026:19:13:56 +0500] "GET /ru/005.php HTTP/1.1" 404 1892 "-" "-"
20.220.10.235 - - [25/Aug/2026:19:14:01 +0500] "GET /ru/Zoo.php HTTP/1.1" 508 288 "-" "-"
20.220.10.235 - - [25/Aug/2026:19:14:00 +0500] "GET /Zoo.php HTTP/1.1" 301 - "-" "-"
20.220.10.235 - - [25/Aug/2026:19:14:02 +0500] "GET /wp-content/replace.php HTTP/1.1" 301 - "-" "-"
20.220.10.235 - - [25/Aug/2026:19:14:04 +0500] "GET /ru/wp-content/replace.php HTTP/1.1" 404 1904 "-" "-"
20.220.10.235 - - [25/Aug/2026:19:14:07 +0500] "GET /meninbox.php?p= HTTP/1.1" 301 - "-" "-"
20.220.10.235 - - [25/Aug/2026:19:14:08 +0500] "GET /ru/meninbox.php?p= HTTP/1.1" 404 1892 "-" "-"
20.220.10.235 - - [25/Aug/2026:19:14:10 +0500] "GET /wp-admin/images/acxx.php HTTP/1.1" 508 288 "-" "-"
20.220.10.235 - - [25/Aug/2026:19:14:10 +0500] "GET /albin.php HTTP/1.1" 508 288 "-" "-"
20.220.10.235 - - [25/Aug/2026:19:14:10 +0500] "GET /static.php HTTP/1.1" 508 288 "-" "-"
34.10.180.98 - - [25/Aug/2026:19:14:10 +0500] "GET /uz/shareholders-uzb/audit-uzb?format=feed&template=accessibility&type=rss HTTP/1.1" 508 288 "-" "Mozilla/5.0 (Macintosh; Intel Mac OS X 10_15_7) AppleWebKit/537.36 (KHTML, like Gecko) Chrome/120.0.0.0 Safari/537.36"
20.220.10.235 - - [25/Aug/2026:19:14:10 +0500] "GET /yawa.php HTTP/1.1" 301 - "-" "-"
20.220.10.235 - - [25/Aug/2026:19:14:13 +0500] "GET /ru/yawa.php HTTP/1.1" 404 1892 "-" "-"
20.220.10.235 - - [25/Aug/2026:19:14:15 +0500] "GET /wp-content/index.php HTTP/1.1" 301 - "-" "-"
20.220.10.235 - - [25/Aug/2026:19:14:16 +0500] "GET /ru/wp-content/index.php HTTP/1.1" 404 1904 "-" "-"
34.123.149.87 - - [25/Aug/2026:19:14:20 +0500] "GET /uz/component/mailto/?link=8d76bf63da88e7c7723aa5bd1ae14c880d4d4cb5&template=uml&tmpl=component HTTP/1.1" 508 288 "-" "Mozilla/5.0 (Macintosh; Intel Mac OS X 10_15_7) AppleWebKit/537.36 (KHTML, like Gecko) Chrome/120.0.0.0 Safari/537.36"
20.220.10.235 - - [25/Aug/2026:19:14:19 +0500] "GET /wp-content/uploads/file1.php HTTP/1.1" 301 - "-" "-"
20.220.10.235 - - [25/Aug/2026:19:14:20 +0500] "GET /ru/wp-content/uploads/file1.php HTTP/1.1" 404 1904 "-" "-"
20.220.10.235 - - [25/Aug/2026:19:14:22 +0500] "GET /dot.php HTTP/1.1" 301 - "-" "-"
20.220.10.235 - - [25/Aug/2026:19:14:25 +0500] "GET /ru/dot.php HTTP/1.1" 404 1892 "-" "-"
20.220.10.235 - - [25/Aug/2026:19:14:27 +0500] "GET /az.php HTTP/1.1" 508 288 "-" "-"
20.220.10.235 - - [25/Aug/2026:19:14:27 +0500] "GET /7.php HTTP/1.1" 508 288 "-" "-"
20.220.10.235 - - [25/Aug/2026:19:14:28 +0500] "GET /1xmomo.php HTTP/1.1" 508 288 "-" "-"
34.123.149.87 - - [25/Aug/2026:19:14:28 +0500] "GET /ru/?format=feed&program=as1422&type=rss HTTP/1.1" 508 288 "-" "Mozilla/5.0 (Macintosh; Intel Mac OS X 10_15_7) AppleWebKit/537.36 (KHTML, like Gecko) Chrome/120.0.0.0 Safari/537.36"
20.220.10.235 - - [25/Aug/2026:19:14:28 +0500] "GET /3.php HTTP/1.1" 301 - "-" "-"
20.220.10.235 - - [25/Aug/2026:19:14:30 +0500] "GET /ru/3.php HTTP/1.1" 200 34277 "-" "-"
20.220.10.235 - - [25/Aug/2026:19:14:33 +0500] "GET /kir.php HTTP/1.1" 508 288 "-" "-"
20.220.10.235 - - [25/Aug/2026:19:14:33 +0500] "GET /adminner.php HTTP/1.1" 301 - "-" "-"
20.220.10.235 - - [25/Aug/2026:19:14:35 +0500] "GET /ru/adminner.php HTTP/1.1" 404 1892 "-" "-"
20.220.10.235 - - [25/Aug/2026:19:14:36 +0500] "GET /bal.php HTTP/1.1" 301 - "-" "-"
20.220.10.235 - - [25/Aug/2026:19:14:38 +0500] "GET /ru/bal.php HTTP/1.1" 404 1892 "-" "-"
20.220.10.235 - - [25/Aug/2026:19:14:40 +0500] "GET /makeasmtp.php HTTP/1.1" 301 - "-" "-"
20.220.10.235 - - [25/Aug/2026:19:14:41 +0500] "GET /ru/makeasmtp.php HTTP/1.1" 404 1892 "-" "-"
20.220.10.235 - - [25/Aug/2026:19:14:43 +0500] "GET /rucoy.php HTTP/1.1" 301 - "-" "-"
34.61.96.6 - - [25/Aug/2026:19:14:48 +0500] "GET /uz/shareholders-uzb/jsc-docs-uzb?template=uml HTTP/1.1" 508 288 "-" "Mozilla/5.0 (Macintosh; Intel Mac OS X 10_15_7) AppleWebKit/537.36 (KHTML, like Gecko) Chrome/120.0.0.0 Safari/537.36"
20.220.10.235 - - [25/Aug/2026:19:14:46 +0500] "GET /ru/rucoy.php HTTP/1.1" 404 1892 "-" "-"
20.220.10.235 - - [25/Aug/2026:19:14:49 +0500] "GET /accesson.php HTTP/1.1" 301 - "-" "-"
20.220.10.235 - - [25/Aug/2026:19:14:50 +0500] "GET /ru/accesson.php HTTP/1.1" 404 1892 "-" "-"
20.220.10.235 - - [25/Aug/2026:19:14:51 +0500] "GET /memberfuns.php HTTP/1.1" 301 - "-" "-"
20.220.10.235 - - [25/Aug/2026:19:14:52 +0500] "GET /ru/memberfuns.php HTTP/1.1" 404 1892 "-" "-"
20.220.10.235 - - [25/Aug/2026:19:14:54 +0500] "GET /wp-admin/privacy.php HTTP/1.1" 301 - "-" "-"
20.220.10.235 - - [25/Aug/2026:19:14:55 +0500] "GET /ru/wp-admin/privacy.php HTTP/1.1" 404 1904 "-" "-"
20.220.10.235 - - [25/Aug/2026:19:14:57 +0500] "GET /run.php HTTP/1.1" 301 - "-" "-"
20.220.10.235 - - [25/Aug/2026:19:14:58 +0500] "GET /ru/run.php HTTP/1.1" 404 1892 "-" "-"
20.220.10.235 - - [25/Aug/2026:19:14:59 +0500] "GET /x1da.php HTTP/1.1" 301 - "-" "-"
20.220.10.235 - - [25/Aug/2026:19:15:00 +0500] "GET /ru/x1da.php HTTP/1.1" 404 1892 "-" "-"
20.220.10.235 - - [25/Aug/2026:19:15:02 +0500] "GET /bp.php HTTP/1.1" 301 - "-" "-"
20.220.10.235 - - [25/Aug/2026:19:15:03 +0500] "GET /ru/bp.php HTTP/1.1" 404 1892 "-" "-"
20.220.10.235 - - [25/Aug/2026:19:15:05 +0500] "GET /82.php HTTP/1.1" 301 - "-" "-"
20.220.10.235 - - [25/Aug/2026:19:15:07 +0500] "GET /ru/82.php HTTP/1.1" 404 1892 "-" "-"
20.220.10.235 - - [25/Aug/2026:19:15:08 +0500] "GET /wp-content/cong.php HTTP/1.1" 301 - "-" "-"
20.220.10.235 - - [25/Aug/2026:19:15:09 +0500] "GET /ru/wp-content/cong.php HTTP/1.1" 404 1904 "-" "-"
20.220.10.235 - - [25/Aug/2026:19:15:12 +0500] "GET /new.php HTTP/1.1" 301 - "-" "-"
20.220.10.235 - - [25/Aug/2026:19:15:14 +0500] "GET /ru/new.php HTTP/1.1" 404 1892 "-" "-"
20.220.10.235 - - [25/Aug/2026:19:15:15 +0500] "GET /ot.php HTTP/1.1" 301 - "-" "-"
20.220.10.235 - - [25/Aug/2026:19:15:16 +0500] "GET /ru/ot.php HTTP/1.1" 404 1892 "-" "-"
20.220.10.235 - - [25/Aug/2026:19:15:17 +0500] "GET /fz.php HTTP/1.1" 301 - "-" "-"
20.220.10.235 - - [25/Aug/2026:19:15:19 +0500] "GET /ru/fz.php HTTP/1.1" 404 1892 "-" "-"
20.220.10.235 - - [25/Aug/2026:19:15:20 +0500] "GET /txets.php HTTP/1.1" 301 - "-" "-"
20.220.10.235 - - [25/Aug/2026:19:15:21 +0500] "GET /ru/txets.php HTTP/1.1" 404 1892 "-" "-"
20.220.10.235 - - [25/Aug/2026:19:15:24 +0500] "GET /mifta.php HTTP/1.1" 301 - "-" "-"
