20.220.10.235 - - [25/Aug/2026:19:15:25 +0500] "GET /ru/mifta.php HTTP/1.1" 404 1892 "-" "-"
20.220.10.235 - - [25/Aug/2026:19:15:26 +0500] "GET /av.php HTTP/1.1" 301 - "-" "-"
20.220.10.235 - - [25/Aug/2026:19:15:26 +0500] "GET /ru/av.php HTTP/1.1" 404 1892 "-" "-"
34.42.229.145 - - [25/Aug/2026:19:15:28 +0500] "GET /uz/component/mailto/?link=e879e22c3c87eba3fcf48d20172278c3bf09946f&template=accessibility&tmpl=component HTTP/1.1" 200 4107 "-" "Mozilla/5.0 (Macintosh; Intel Mac OS X 10_15_7) AppleWebKit/537.36 (KHTML, like Gecko) Chrome/120.0.0.0 Safari/537.36"
20.220.10.235 - - [25/Aug/2026:19:15:30 +0500] "GET /wp-includes/Text/Diff/Engine/file_ed27.php HTTP/1.1" 301 - "-" "-"
20.220.10.235 - - [25/Aug/2026:19:15:31 +0500] "GET /ru/wp-includes/Text/Diff/Engine/file_ed27.php HTTP/1.1" 404 1904 "-" "-"
20.220.10.235 - - [25/Aug/2026:19:15:34 +0500] "GET /ho.php HTTP/1.1" 508 288 "-" "-"
20.220.10.235 - - [25/Aug/2026:19:15:35 +0500] "GET /wp-fure.php HTTP/1.1" 508 288 "-" "-"
20.220.10.235 - - [25/Aug/2026:19:15:35 +0500] "GET /css/database.php HTTP/1.1" 301 - "-" "-"
20.220.10.235 - - [25/Aug/2026:19:15:37 +0500] "GET /ru/css/database.php HTTP/1.1" 404 1904 "-" "-"
20.220.10.235 - - [25/Aug/2026:19:15:41 +0500] "GET /ab.php HTTP/1.1" 301 - "-" "-"
20.220.10.235 - - [25/Aug/2026:19:15:42 +0500] "GET /ru/ab.php HTTP/1.1" 404 1892 "-" "-"
20.220.10.235 - - [25/Aug/2026:19:15:45 +0500] "GET /wp-includes/Text/Diff/Engine/file_cdd9.php HTTP/1.1" 301 - "-" "-"
34.61.96.6 - - [25/Aug/2026:19:15:50 +0500] "GET /ru/?ref_cd=on_fhead&start=15 HTTP/1.1" 508 288 "-" "Mozilla/5.0 (Macintosh; Intel Mac OS X 10_15_7) AppleWebKit/537.36 (KHTML, like Gecko) Chrome/120.0.0.0 Safari/537.36"
20.220.10.235 - - [25/Aug/2026:19:15:47 +0500] "GET /ru/wp-includes/Text/Diff/Engine/file_cdd9.php HTTP/1.1" 404 1904 "-" "-"
20.220.10.235 - - [25/Aug/2026:19:15:51 +0500] "GET /dex.php HTTP/1.1" 301 - "-" "-"
20.220.10.235 - - [25/Aug/2026:19:15:53 +0500] "GET /ru/dex.php HTTP/1.1" 508 288 "-" "-"
20.220.10.235 - - [25/Aug/2026:19:15:53 +0500] "GET /srontol.php HTTP/1.1" 508 288 "-" "-"
20.220.10.235 - - [25/Aug/2026:19:15:53 +0500] "GET /wp-content/min.php HTTP/1.1" 508 288 "-" "-"
20.220.10.235 - - [25/Aug/2026:19:15:55 +0500] "GET /ru/wp-content/themes/index.php HTTP/1.1" 508 288 "-" "-"
20.220.10.235 - - [25/Aug/2026:19:15:53 +0500] "GET /wp-content/themes/index.php HTTP/1.1" 301 - "-" "-"
20.220.10.235 - - [25/Aug/2026:19:15:55 +0500] "GET /fine.php HTTP/1.1" 508 288 "-" "-"
20.220.10.235 - - [25/Aug/2026:19:15:56 +0500] "GET /tiny2.php HTTP/1.1" 508 288 "-" "-"
20.220.10.235 - - [25/Aug/2026:19:15:56 +0500] "GET /read.php HTTP/1.1" 301 - "-" "-"
20.220.10.235 - - [25/Aug/2026:19:15:58 +0500] "GET /ru/read.php HTTP/1.1" 404 1892 "-" "-"
20.220.10.235 - - [25/Aug/2026:19:15:59 +0500] "GET /epinyins.php HTTP/1.1" 301 - "-" "-"
20.220.10.235 - - [25/Aug/2026:19:16:01 +0500] "GET /ru/epinyins.php HTTP/1.1" 404 1892 "-" "-"
20.220.10.235 - - [25/Aug/2026:19:16:04 +0500] "GET /usr.php HTTP/1.1" 301 - "-" "-"
20.220.10.235 - - [25/Aug/2026:19:16:05 +0500] "GET /ru/usr.php HTTP/1.1" 404 1892 "-" "-"
20.220.10.235 - - [25/Aug/2026:19:16:06 +0500] "GET /wp-css.php HTTP/1.1" 301 - "-" "-"
20.220.10.235 - - [25/Aug/2026:19:16:08 +0500] "GET /ru/wp-css.php HTTP/1.1" 404 1904 "-" "-"
20.220.10.235 - - [25/Aug/2026:19:16:09 +0500] "GET /ccou.php HTTP/1.1" 301 - "-" "-"
20.220.10.235 - - [25/Aug/2026:19:16:12 +0500] "GET /ru/ccou.php HTTP/1.1" 404 1892 "-" "-"
20.220.10.235 - - [25/Aug/2026:19:16:13 +0500] "GET /dehnl.php HTTP/1.1" 301 - "-" "-"
20.220.10.235 - - [25/Aug/2026:19:16:14 +0500] "GET /ru/dehnl.php HTTP/1.1" 404 1892 "-" "-"
20.220.10.235 - - [25/Aug/2026:19:16:16 +0500] "GET /we.php HTTP/1.1" 301 - "-" "-"
20.220.10.235 - - [25/Aug/2026:19:16:17 +0500] "GET /ru/we.php HTTP/1.1" 404 1892 "-" "-"
20.220.10.235 - - [25/Aug/2026:19:16:19 +0500] "GET /php.php HTTP/1.1" 301 - "-" "-"
20.220.10.235 - - [25/Aug/2026:19:16:20 +0500] "GET /ru/php.php HTTP/1.1" 404 1892 "-" "-"
20.220.10.235 - - [25/Aug/2026:19:16:22 +0500] "GET /coffe.php HTTP/1.1" 301 - "-" "-"
20.220.10.235 - - [25/Aug/2026:19:16:23 +0500] "GET /ru/coffe.php HTTP/1.1" 404 1892 "-" "-"
20.220.10.235 - - [25/Aug/2026:19:16:26 +0500] "GET /v5.php HTTP/1.1" 301 - "-" "-"
20.220.10.235 - - [25/Aug/2026:19:16:28 +0500] "GET /ru/v5.php HTTP/1.1" 404 1892 "-" "-"
20.220.10.235 - - [25/Aug/2026:19:16:29 +0500] "GET /ms-files.php HTTP/1.1" 301 - "-" "-"
20.220.10.235 - - [25/Aug/2026:19:16:30 +0500] "GET /ru/ms-files.php HTTP/1.1" 404 1904 "-" "-"
20.220.10.235 - - [25/Aug/2026:19:16:31 +0500] "GET /wp-asudo.php HTTP/1.1" 301 - "-" "-"
20.220.10.235 - - [25/Aug/2026:19:16:32 +0500] "GET /ru/wp-asudo.php HTTP/1.1" 404 1904 "-" "-"
20.220.10.235 - - [25/Aug/2026:19:16:35 +0500] "GET /wp-admin/maint/max.php HTTP/1.1" 301 - "-" "-"
20.220.10.235 - - [25/Aug/2026:19:16:37 +0500] "GET /ru/wp-admin/maint/max.php HTTP/1.1" 404 1904 "-" "-"
20.220.10.235 - - [25/Aug/2026:19:16:39 +0500] "GET /wp5.php HTTP/1.1" 301 - "-" "-"
20.220.10.235 - - [25/Aug/2026:19:16:42 +0500] "GET /ru/wp5.php HTTP/1.1" 404 1892 "-" "-"
20.220.10.235 - - [25/Aug/2026:19:16:43 +0500] "GET /12.php HTTP/1.1" 301 - "-" "-"
20.220.10.235 - - [25/Aug/2026:19:16:44 +0500] "GET /ru/12.php HTTP/1.1" 200 37829 "-" "-"
20.220.10.235 - - [25/Aug/2026:19:16:45 +0500] "GET /dk.php HTTP/1.1" 301 - "-" "-"
20.220.10.235 - - [25/Aug/2026:19:16:47 +0500] "GET /ru/dk.php HTTP/1.1" 404 1892 "-" "-"
20.220.10.235 - - [25/Aug/2026:19:16:50 +0500] "GET /JawirGenk.php HTTP/1.1" 301 - "-" "-"
20.220.10.235 - - [25/Aug/2026:19:16:51 +0500] "GET /ru/JawirGenk.php HTTP/1.1" 404 1892 "-" "-"
34.10.180.98 - - [25/Aug/2026:19:16:51 +0500] "GET /ru/component/mailto/?link=5071bea61af056af0dce9e08daea94a7d2dc7597&template=uml&tmpl=component HTTP/1.1" 200 4553 "-" "Mozilla/5.0 (Macintosh; Intel Mac OS X 10_15_7) AppleWebKit/537.36 (KHTML, like Gecko) Chrome/120.0.0.0 Safari/537.36"
20.220.10.235 - - [25/Aug/2026:19:16:54 +0500] "GET /wp6.php HTTP/1.1" 301 - "-" "-"
20.220.10.235 - - [25/Aug/2026:19:16:57 +0500] "GET /ru/wp6.php HTTP/1.1" 508 288 "-" "-"
20.220.10.235 - - [25/Aug/2026:19:16:57 +0500] "GET /index2.php HTTP/1.1" 508 288 "-" "-"
20.220.10.235 - - [25/Aug/2026:19:16:57 +0500] "GET /wkl.php HTTP/1.1" 508 288 "-" "-"
20.220.10.235 - - [25/Aug/2026:19:16:57 +0500] "GET /fw/faiyy.php HTTP/1.1" 508 288 "-" "-"
20.220.10.235 - - [25/Aug/2026:19:16:58 +0500] "GET /bdroot.php HTTP/1.1" 508 288 "-" "-"
20.220.10.235 - - [25/Aug/2026:19:16:58 +0500] "GET /wpxml.php HTTP/1.1" 508 288 "-" "-"
20.220.10.235 - - [25/Aug/2026:19:16:58 +0500] "GET /ohct.php HTTP/1.1" 508 288 "-" "-"
20.220.10.235 - - [25/Aug/2026:19:16:58 +0500] "GET /f35.update.php HTTP/1.1" 508 288 "-" "-"
20.220.10.235 - - [25/Aug/2026:19:16:58 +0500] "GET /todo.php HTTP/1.1" 508 288 "-" "-"
34.10.180.98 - - [25/Aug/2026:19:16:55 +0500] "GET /uz/?3x=3x&format=feed&type=atom HTTP/1.1" 200 19518 "-" "Mozilla/5.0 (Macintosh; Intel Mac OS X 10_15_7) AppleWebKit/537.36 (KHTML, like Gecko) Chrome/120.0.0.0 Safari/537.36"
20.220.10.235 - - [25/Aug/2026:19:16:58 +0500] "GET /wp-admin/css/index.php HTTP/1.1" 301 - "-" "-"
20.220.10.235 - - [25/Aug/2026:19:17:01 +0500] "GET /ru/wp-admin/css/index.php HTTP/1.1" 404 1904 "-" "-"
20.220.10.235 - - [25/Aug/2026:19:17:06 +0500] "GET /ru/load.php HTTP/1.1" 508 288 "-" "-"
20.220.10.235 - - [25/Aug/2026:19:17:06 +0500] "GET /privdayz.php HTTP/1.1" 508 288 "-" "-"
20.220.10.235 - - [25/Aug/2026:19:17:03 +0500] "GET /load.php HTTP/1.1" 301 - "-" "-"
35.254.159.230 - - [25/Aug/2026:19:17:04 +0500] "GET /ru/component/mailto/?link=f3e40ba653bad1814c8af84aa0650c74380941ab&template=uml&tmpl=component HTTP/1.1" 200 4529 "-" "Mozilla/5.0 (Macintosh; Intel Mac OS X 10_15_7) AppleWebKit/537.36 (KHTML, like Gecko) Chrome/120.0.0.0 Safari/537.36"
20.220.10.235 - - [25/Aug/2026:19:17:06 +0500] "GET /js.php HTTP/1.1" 301 - "-" "-"
85.208.96.195 - - [25/Aug/2026:19:17:05 +0500] "GET /uz/shareholders-uzb/facts-uzb/9-russian HTTP/1.1" 200 41791 "-" "Mozilla/5.0 (compatible; SemrushBot/7~bl; +http://www.semrush.com/bot.html)"
20.220.10.235 - - [25/Aug/2026:19:17:08 +0500] "GET /ru/js.php HTTP/1.1" 404 1892 "-" "-"
85.208.96.210 - - [25/Aug/2026:19:17:12 +0500] "GET /ru/?cbid=1467458&csid=0&mode=cate&start=20 HTTP/1.1" 508 288 "-" "Mozilla/5.0 (compatible; SemrushBot/7~bl; +http://www.semrush.com/bot.html)"
20.220.10.235 - - [25/Aug/2026:19:17:12 +0500] "GET /v2.php HTTP/1.1" 301 - "-" "-"
20.220.10.235 - - [25/Aug/2026:19:17:15 +0500] "GET /ru/v2.php HTTP/1.1" 404 1892 "-" "-"
20.220.10.235 - - [25/Aug/2026:19:17:18 +0500] "GET /wp-wlx.php HTTP/1.1" 301 - "-" "-"
20.220.10.235 - - [25/Aug/2026:19:17:19 +0500] "GET /ru/wp-wlx.php HTTP/1.1" 404 1904 "-" "-"
20.220.10.235 - - [25/Aug/2026:19:17:19 +0500] "GET /xty.php?p= HTTP/1.1" 301 - "-" "-"
20.220.10.235 - - [25/Aug/2026:19:17:21 +0500] "GET /ru/xty.php?p= HTTP/1.1" 404 1892 "-" "-"
20.220.10.235 - - [25/Aug/2026:19:17:22 +0500] "GET /3PJcpMFsD8B.php HTTP/1.1" 301 - "-" "-"
20.220.10.235 - - [25/Aug/2026:19:17:23 +0500] "GET /ru/3PJcpMFsD8B.php HTTP/1.1" 200 34287 "-" "-"
20.220.10.235 - - [25/Aug/2026:19:17:25 +0500] "GET /adjig.php HTTP/1.1" 301 - "-" "-"
20.220.10.235 - - [25/Aug/2026:19:17:28 +0500] "GET /ru/adjig.php HTTP/1.1" 404 1892 "-" "-"
20.220.10.235 - - [25/Aug/2026:19:17:30 +0500] "GET /gr.php HTTP/1.1" 301 - "-" "-"
20.220.10.235 - - [25/Aug/2026:19:17:32 +0500] "GET /ru/gr.php HTTP/1.1" 404 1892 "-" "-"
20.220.10.235 - - [25/Aug/2026:19:17:34 +0500] "GET /berlin.php HTTP/1.1" 301 - "-" "-"
20.220.10.235 - - [25/Aug/2026:19:17:34 +0500] "GET /ru/berlin.php HTTP/1.1" 404 1892 "-" "-"
20.220.10.235 - - [25/Aug/2026:19:17:36 +0500] "GET /a1vx.php HTTP/1.1" 301 - "-" "-"
20.220.10.235 - - [25/Aug/2026:19:17:37 +0500] "GET /ru/a1vx.php HTTP/1.1" 404 1892 "-" "-"
20.220.10.235 - - [25/Aug/2026:19:17:39 +0500] "GET /pfm.php HTTP/1.1" 301 - "-" "-"
20.220.10.235 - - [25/Aug/2026:19:17:41 +0500] "GET /ru/pfm.php HTTP/1.1" 404 1892 "-" "-"
20.220.10.235 - - [25/Aug/2026:19:17:43 +0500] "GET /wp-admin/setup-config.php HTTP/1.1" 301 - "-" "-"
20.220.10.235 - - [25/Aug/2026:19:17:43 +0500] "GET /ru/wp-admin/setup-config.php HTTP/1.1" 404 1904 "-" "-"
20.220.10.235 - - [25/Aug/2026:19:17:46 +0500] "GET /fw/34.php HTTP/1.1" 301 - "-" "-"
20.220.10.235 - - [25/Aug/2026:19:17:47 +0500] "GET /ru/fw/34.php HTTP/1.1" 200 34373 "-" "-"
20.220.10.235 - - [25/Aug/2026:19:17:48 +0500] "GET /ty.php HTTP/1.1" 301 - "-" "-"
20.220.10.235 - - [25/Aug/2026:19:17:48 +0500] "GET /ru/ty.php HTTP/1.1" 404 1892 "-" "-"
20.220.10.235 - - [25/Aug/2026:19:17:49 +0500] "GET /Jcrop.php HTTP/1.1" 301 - "-" "-"
20.220.10.235 - - [25/Aug/2026:19:17:50 +0500] "GET /ru/Jcrop.php HTTP/1.1" 404 1892 "-" "-"
20.220.10.235 - - [25/Aug/2026:19:17:52 +0500] "GET /karry.php HTTP/1.1" 301 - "-" "-"
20.220.10.235 - - [25/Aug/2026:19:17:55 +0500] "GET /ru/karry.php HTTP/1.1" 404 1892 "-" "-"
20.220.10.235 - - [25/Aug/2026:19:17:58 +0500] "GET /reviall.php HTTP/1.1" 301 - "-" "-"
20.220.10.235 - - [25/Aug/2026:19:18:00 +0500] "GET /ru/reviall.php HTTP/1.1" 404 1892 "-" "-"
20.220.10.235 - - [25/Aug/2026:19:18:02 +0500] "GET /xwpg.php HTTP/1.1" 301 - "-" "-"
20.220.10.235 - - [25/Aug/2026:19:18:04 +0500] "GET /ru/xwpg.php HTTP/1.1" 404 1892 "-" "-"
20.220.10.235 - - [25/Aug/2026:19:18:06 +0500] "GET /log.php HTTP/1.1" 301 - "-" "-"
20.220.10.235 - - [25/Aug/2026:19:18:06 +0500] "GET /ru/log.php HTTP/1.1" 404 1892 "-" "-"
20.220.10.235 - - [25/Aug/2026:19:18:09 +0500] "GET /wpupex.php HTTP/1.1" 301 - "-" "-"
54.90.244.132 - - [25/Aug/2026:19:18:10 +0500] "GET /ru/?p=4741&start=20 HTTP/1.1" 200 50638 "-" "Mozilla/5.0 AppleWebKit/537.36 (KHTML, like Gecko; compatible; Amazonbot/0.1; +https://developer.amazon.com/support/amazonbot) Chrome/119.0.6045.214 Safari/537.36"
20.220.10.235 - - [25/Aug/2026:19:18:11 +0500] "GET /ru/wpupex.php HTTP/1.1" 404 1892 "-" "-"
20.220.10.235 - - [25/Aug/2026:19:18:12 +0500] "GET /000.php HTTP/1.1" 301 - "-" "-"
20.220.10.235 - - [25/Aug/2026:19:18:14 +0500] "GET /ru/000.php HTTP/1.1" 404 1892 "-" "-"
20.220.10.235 - - [25/Aug/2026:19:18:17 +0500] "GET /wp-content/options.php HTTP/1.1" 508 288 "-" "-"
20.220.10.235 - - [25/Aug/2026:19:18:17 +0500] "GET /wp-rrtx.php HTTP/1.1" 508 288 "-" "-"
20.220.10.235 - - [25/Aug/2026:19:18:17 +0500] "GET /wp-content/df.php HTTP/1.1" 301 - "-" "-"
20.220.10.235 - - [25/Aug/2026:19:18:18 +0500] "GET /ru/wp-content/df.php HTTP/1.1" 404 1904 "-" "-"
20.220.10.235 - - [25/Aug/2026:19:18:20 +0500] "GET /wp-content/uploads/users.php HTTP/1.1" 301 - "-" "-"
20.220.10.235 - - [25/Aug/2026:19:18:22 +0500] "GET /ru/wp-content/uploads/users.php HTTP/1.1" 404 1904 "-" "-"
20.220.10.235 - - [25/Aug/2026:19:18:23 +0500] "GET /nofile.php HTTP/1.1" 301 - "-" "-"
66.249.72.161 - - [25/Aug/2026:19:18:24 +0500] "GET /robots.txt HTTP/1.1" 301 - "-" "Mozilla/5.0 (compatible; Googlebot/2.1; +http://www.google.com/bot.html)"
34.10.180.98 - - [25/Aug/2026:19:18:23 +0500] "GET /ru/officially-rus/tenders-rus/2-uncategorised/18-structure-uzb HTTP/1.1" 200 29907 "-" "Mozilla/5.0 (Macintosh; Intel Mac OS X 10_15_7) AppleWebKit/537.36 (KHTML, like Gecko) Chrome/120.0.0.0 Safari/537.36"
20.220.10.235 - - [25/Aug/2026:19:18:25 +0500] "GET /ru/nofile.php HTTP/1.1" 404 1892 "-" "-"
66.249.72.161 - - [25/Aug/2026:19:18:25 +0500] "GET /ru/robots.txt HTTP/1.1" 404 1892 "-" "Mozilla/5.0 (compatible; Googlebot/2.1; +http://www.google.com/bot.html)"
66.249.72.160 - - [25/Aug/2026:19:18:28 +0500] "GET /media/ext_tss/assets/js/script.js HTTP/1.1" 200 1117 "http://www.uml.uzbekgidroenergoqurilish.uz/" "Mozilla/5.0 (Linux; Android 6.0.1; Nexus 5X Build/MMB29P) AppleWebKit/537.36 (KHTML, like Gecko) Chrome/151.0.7922.137 Mobile Safari/537.36 (compatible; Googlebot/2.1; +http://www.google.com/bot.html)"
66.249.72.161 - - [25/Aug/2026:19:18:28 +0500] "GET /media/ext_tss/assets/css/style.css HTTP/1.1" 200 2396 "http://www.uml.uzbekgidroenergoqurilish.uz/" "Mozilla/5.0 (Linux; Android 6.0.1; Nexus 5X Build/MMB29P) AppleWebKit/537.36 (KHTML, like Gecko) Chrome/151.0.7922.137 Mobile Safari/537.36 (compatible; Googlebot/2.1; +http://www.google.com/bot.html)"
20.220.10.235 - - [25/Aug/2026:19:18:27 +0500] "GET /cok.php HTTP/1.1" 301 - "-" "-"
20.220.10.235 - - [25/Aug/2026:19:18:29 +0500] "GET /ru/cok.php HTTP/1.1" 404 1892 "-" "-"
20.220.10.235 - - [25/Aug/2026:19:18:33 +0500] "GET /wg459o.php HTTP/1.1" 301 - "-" "-"
20.220.10.235 - - [25/Aug/2026:19:18:35 +0500] "GET /ru/wg459o.php HTTP/1.1" 404 1892 "-" "-"
20.220.10.235 - - [25/Aug/2026:19:18:36 +0500] "GET /wp-content/uploads/panel.php HTTP/1.1" 301 - "-" "-"
85.208.96.204 - - [25/Aug/2026:19:18:37 +0500] "GET /ru/?cbid=2675456&csid=0&start=5 HTTP/1.1" 200 50821 "-" "Mozilla/5.0 (compatible; SemrushBot/7~bl; +http://www.semrush.com/bot.html)"
20.220.10.235 - - [25/Aug/2026:19:18:37 +0500] "GET /ru/wp-content/uploads/panel.php HTTP/1.1" 404 1904 "-" "-"
20.220.10.235 - - [25/Aug/2026:19:18:40 +0500] "GET /gecko-new.php HTTP/1.1" 301 - "-" "-"
34.123.149.87 - - [25/Aug/2026:19:18:40 +0500] "GET /ru/?gid=2472496&start=20 HTTP/1.1" 200 50750 "-" "Mozilla/5.0 (Macintosh; Intel Mac OS X 10_15_7) AppleWebKit/537.36 (KHTML, like Gecko) Chrome/120.0.0.0 Safari/537.36"
20.220.10.235 - - [25/Aug/2026:19:18:40 +0500] "GET /ru/gecko-new.php HTTP/1.1" 404 1904 "-" "-"
20.220.10.235 - - [25/Aug/2026:19:18:41 +0500] "GET /sxxb.php HTTP/1.1" 301 - "-" "-"
20.220.10.235 - - [25/Aug/2026:19:18:42 +0500] "GET /ru/sxxb.php HTTP/1.1" 404 1892 "-" "-"
17.241.75.130 - - [25/Aug/2026:19:18:42 +0500] "GET /ru/?newbook=29214&start=10 HTTP/1.1" 200 49744 "-" "Mozilla/5.0 (Macintosh; Intel Mac OS X 10_15_7) AppleWebKit/605.1.15 (KHTML, like Gecko) Version/17.4 Safari/605.1.15 (Applebot/0.1; +http://www.apple.com/go/applebot)"
20.220.10.235 - - [25/Aug/2026:19:18:44 +0500] "GET /ws77.php HTTP/1.1" 301 - "-" "-"
20.220.10.235 - - [25/Aug/2026:19:18:45 +0500] "GET /ru/ws77.php HTTP/1.1" 404 1892 "-" "-"
34.225.87.80 - - [25/Aug/2026:19:18:46 +0500] "GET /ru/?cbid=2203948&csid=0&format=feed&mode=cate&type=rss HTTP/1.1" 200 11016 "-" "Mozilla/5.0 AppleWebKit/537.36 (KHTML, like Gecko; compatible; Amazonbot/0.1; +https://developer.amazon.com/support/amazonbot) Chrome/119.0.6045.214 Safari/537.36"
20.220.10.235 - - [25/Aug/2026:19:18:48 +0500] "GET /fling.php?p= HTTP/1.1" 301 - "-" "-"
20.220.10.235 - - [25/Aug/2026:19:18:49 +0500] "GET /ru/fling.php?p= HTTP/1.1" 404 1892 "-" "-"
34.171.68.95 - - [25/Aug/2026:19:18:49 +0500] "GET /ru/?gid=471763&mode=grp&sort=n&start=10 HTTP/1.1" 200 49744 "-" "Mozilla/5.0 (Macintosh; Intel Mac OS X 10_15_7) AppleWebKit/537.36 (KHTML, like Gecko) Chrome/120.0.0.0 Safari/537.36"
20.220.10.235 - - [25/Aug/2026:19:18:50 +0500] "GET /kj.php HTTP/1.1" 301 - "-" "-"
34.10.180.98 - - [25/Aug/2026:19:18:51 +0500] "GET /ru/?cat=34&start=15 HTTP/1.1" 200 48488 "-" "Mozilla/5.0 (Macintosh; Intel Mac OS X 10_15_7) AppleWebKit/537.36 (KHTML, like Gecko) Chrome/120.0.0.0 Safari/537.36"
20.220.10.235 - - [25/Aug/2026:19:18:51 +0500] "GET /ru/kj.php HTTP/1.1" 404 1892 "-" "-"
20.220.10.235 - - [25/Aug/2026:19:18:53 +0500] "GET /crgio.php HTTP/1.1" 301 - "-" "-"
20.220.10.235 - - [25/Aug/2026:19:18:53 +0500] "GET /ru/crgio.php HTTP/1.1" 404 1892 "-" "-"
20.220.10.235 - - [25/Aug/2026:19:18:54 +0500] "GET /css.php HTTP/1.1" 301 - "-" "-"
20.220.10.235 - - [25/Aug/2026:19:18:55 +0500] "GET /ru/css.php HTTP/1.1" 404 1892 "-" "-"
20.220.10.235 - - [25/Aug/2026:19:18:55 +0500] "GET /wp-content/xyn.php HTTP/1.1" 301 - "-" "-"
20.220.10.235 - - [25/Aug/2026:19:18:56 +0500] "GET /ru/wp-content/xyn.php HTTP/1.1" 404 1904 "-" "-"
20.220.10.235 - - [25/Aug/2026:19:18:56 +0500] "GET /talkxkej.php HTTP/1.1" 301 - "-" "-"
20.220.10.235 - - [25/Aug/2026:19:18:57 +0500] "GET /ru/talkxkej.php HTTP/1.1" 404 1892 "-" "-"
20.220.10.235 - - [25/Aug/2026:19:18:59 +0500] "GET /nwflm.php HTTP/1.1" 301 - "-" "-"
20.220.10.235 - - [25/Aug/2026:19:19:02 +0500] "GET /ru/nwflm.php HTTP/1.1" 508 288 "-" "-"
34.123.149.87 - - [25/Aug/2026:19:19:01 +0500] "GET /ru/shareholders-rus/audit-rus/93-audit-2017?print=1&tmpl=component HTTP/1.1" 200 4047 "-" "Mozilla/5.0 (Macintosh; Intel Mac OS X 10_15_7) AppleWebKit/537.36 (KHTML, like Gecko) Chrome/120.0.0.0 Safari/537.36"
85.208.96.210 - - [25/Aug/2026:19:19:05 +0500] "GET /uz/?cbid=2283446&csid=0&mode=cate&start=5 HTTP/1.1" 200 48297 "-" "Mozilla/5.0 (compatible; SemrushBot/7~bl; +http://www.semrush.com/bot.html)"
34.61.96.6 - - [25/Aug/2026:19:19:11 +0500] "GET /uz/component/mailto/?link=58fd3367e9d94134c9527695340658a02dacaeae&template=uml&tmpl=component HTTP/1.1" 200 4558 "-" "Mozilla/5.0 (Macintosh; Intel Mac OS X 10_15_7) AppleWebKit/537.36 (KHTML, like Gecko) Chrome/120.0.0.0 Safari/537.36"
185.191.171.16 - - [25/Aug/2026:19:19:14 +0500] "GET /ru/?cbid=1398925&csid=0%2C%28SELECT%2F%2A%2A%2F6184%2F%2A%2A%2FFROM%2F%2A%2A%2F%28SELECT%2F%2A%2A%2FJSON_KEYS%28%28SELECT%2F%2A%2A%2FCONVERT%28%28SELECT%2F%2A%2A%2FCONCAT%28%27~%27%2C%28SELECT%2F%2A%2A%2F%28ELT%286184%3D6184%2C1%29%29%29%2C%27~%27%29%29%2F%2A%2A%2FUSING%2F%2A%2A%2Futf8%29%29%29%29x%29&start=10 HTTP/1.1" 200 49872 "-" "Mozilla/5.0 (compatible; SemrushBot/7~bl; +http://www.semrush.com/bot.html)"
216.244.66.244 - - [25/Aug/2026:19:19:18 +0500] "GET /23872yrtw/ HTTP/1.1" 301 - "-" "Mozilla/5.0 (compatible; DotBot/1.2; +https://opensiteexplorer.org/dotbot; help@moz.com)"
100.28.204.82 - - [25/Aug/2026:19:19:23 +0500] "GET /ru/?cbid=1425873&csid=0AND%202321%3DCAST(%27~%27%20(SELECT%20(CASE%EF%BF%BDWHEN%20(2321%3D2321)%20THEN%EF%BF%BD%271%27%EF%BF%BDELSE%EF%BF%BD%270%27%EF%BF%BDEND))%20%27~%27%EF%BF%BDAS%20INT) HTTP/1.1" 200 49442 "-" "Mozilla/5.0 AppleWebKit/537.36 (KHTML, like Gecko; compatible; Amazonbot/0.1; +https://developer.amazon.com/support/amazonbot) Chrome/119.0.6045.214 Safari/537.36"
54.84.169.196 - - [25/Aug/2026:19:19:26 +0500] "GET /ru/?mode=inq&shop_id=PA01191223&start=20 HTTP/1.1" 200 50638 "-" "Mozilla/5.0 AppleWebKit/537.36 (KHTML, like Gecko; compatible; Amazonbot/0.1; +https://developer.amazon.com/support/amazonbot) Chrome/119.0.6045.214 Safari/537.36"
34.171.68.95 - - [25/Aug/2026:19:19:40 +0500] "GET /uz/news-uzb/2-uncategorised/46-direction-rus?layout=default&print=1&tmpl=component HTTP/1.1" 200 5226 "-" "Mozilla/5.0 (Macintosh; Intel Mac OS X 10_15_7) AppleWebKit/537.36 (KHTML, like Gecko) Chrome/120.0.0.0 Safari/537.36"
3.222.85.38 - - [25/Aug/2026:19:19:49 +0500] "GET /ru/?format=feed&gid=2472505&mode=grp&type=atom HTTP/1.1" 200 18399 "-" "Mozilla/5.0 AppleWebKit/537.36 (KHTML, like Gecko; compatible; Amazonbot/0.1; +https://developer.amazon.com/support/amazonbot) Chrome/119.0.6045.214 Safari/537.36"
85.208.96.196 - - [25/Aug/2026:19:20:01 +0500] "GET /ru/?cbid=1398925%27%29AND%2F%2A%2A%2F1780%3DCONVERT%28INT%2C%28SELECT%2F%2A%2A%2F%27~%27%2B%28SELECT%2F%2A%2A%2F%28CASE%2F%2A%2A%2FWHEN%2F%2A%2A%2F%281780%3D1780%29%2F%2A%2A%2FTHEN%2F%2A%2A%2F%271%27%2F%2A%2A%2FELSE%2F%2A%2A%2F%270%27%2F%2A%2A%2FEND%29%29%2B%27~%27%29%29%20AND%20%28%27SxDXXUw3%27%20LIKE%20%27SxDXXUw3&csid=0&start=15 HTTP/1.1" 200 50368 "-" "Mozilla/5.0 (compatible; SemrushBot/7~bl; +http://www.semrush.com/bot.html)"
43.172.197.153 - - [25/Aug/2026:19:20:23 +0500] "GET /uz/shareholders-uzb/votes-uzb/2-uncategorised/7-under-construction?layout=default&print=1&tmpl=component HTTP/1.1" 200 3773 "-" "Mozilla/5.0 (Windows NT 10.0; Win64; x64) AppleWebKit/537.36 (KHTML, like Gecko) Chrome/105.0.0.0 Safari/537.3"
47.82.8.180 - - [25/Aug/2026:19:20:28 +0500] "GET /ru/?cbid=1425873&csid=0%27%29+AS+6OfsJOWT+WHERE+10691%3D10691AND%2F%2A%2A%2FGTID_SUBSET%28CONCAT%28%27~%27%2C%28SELECT%2F%2A%2A%2F%28ELT%282363%3D2363%2C1%29%29%29%2C%27~%27%29%2C2363%29--+- HTTP/1.1" 508 288 "-" "Mozilla/5.0 (Macintosh; Intel Mac OS X 10_15_7) AppleWebKit/537.36 (KHTML, like Gecko) Chrome/143.0.0.0 Safari/537.36"
52.4.229.9 - - [25/Aug/2026:19:20:25 +0500] "GET /ru/?p=4782&start=10 HTTP/1.1" 200 49744 "-" "Mozilla/5.0 AppleWebKit/537.36 (KHTML, like Gecko; compatible; Amazonbot/0.1; +https://developer.amazon.com/support/amazonbot) Chrome/119.0.6045.214 Safari/537.36"
43.157.149.188 - - [25/Aug/2026:19:20:34 +0500] "GET / HTTP/1.1" 301 - "-" "Mozilla/5.0 (iPhone; CPU iPhone OS 13_2_3 like Mac OS X) AppleWebKit/605.1.15 (KHTML, like Gecko) Version/13.0.3 Mobile/15E148 Safari/604.1"
43.157.149.188 - - [25/Aug/2026:19:20:36 +0500] "GET /ru/ HTTP/1.1" 200 49650 "http://uml.uz" "Mozilla/5.0 (iPhone; CPU iPhone OS 13_2_3 like Mac OS X) AppleWebKit/605.1.15 (KHTML, like Gecko) Version/13.0.3 Mobile/15E148 Safari/604.1"
44.220.2.97 - - [25/Aug/2026:19:20:49 +0500] "GET /ru/?gid=852179&mode=grp&sort=n&start=20 HTTP/1.1" 508 288 "-" "Mozilla/5.0 AppleWebKit/537.36 (KHTML, like Gecko; compatible; Amazonbot/0.1; +https://developer.amazon.com/support/amazonbot) Chrome/119.0.6045.214 Safari/537.36"
34.123.149.87 - - [25/Aug/2026:19:20:49 +0500] "GET /ru/shareholders-rus/reports-rus?format=feed&template=accessibility&type=rss HTTP/1.1" 200 8577 "-" "Mozilla/5.0 (Macintosh; Intel Mac OS X 10_15_7) AppleWebKit/537.36 (KHTML, like Gecko) Chrome/120.0.0.0 Safari/537.36"
34.30.223.149 - - [25/Aug/2026:19:21:06 +0500] "GET /uz/component/mailto/?link=cfeb0ea04dfd6cdf468c032f046f6bddafc1249b&template=uml&tmpl=component HTTP/1.1" 508 288 "-" "Mozilla/5.0 (Macintosh; Intel Mac OS X 10_15_7) AppleWebKit/537.36 (KHTML, like Gecko) Chrome/120.0.0.0 Safari/537.36"
34.171.68.95 - - [25/Aug/2026:19:21:04 +0500] "GET /ru/?format=feed&s=%E3%83%91%E3%83%BC%E3%82%BD%E3%83%8A%E3%83%A9%E3%82%A4%E3%82%BA&type=atom HTTP/1.1" 200 18570 "-" "Mozilla/5.0 (Macintosh; Intel Mac OS X 10_15_7) AppleWebKit/537.36 (KHTML, like Gecko) Chrome/120.0.0.0 Safari/537.36"
85.208.96.208 - - [25/Aug/2026:19:21:11 +0500] "GET /ru/?keyword=my%2Bloads%2Bare%2Blight&mode=srh&sort=n&start=5&x=0&y=0 HTTP/1.1" 200 50841 "-" "Mozilla/5.0 (compatible; SemrushBot/7~bl; +http://www.semrush.com/bot.html)"
98.84.200.43 - - [25/Aug/2026:19:21:45 +0500] "GET /ru/?category_name=new%27%20AND%20AND/**/JSON_KEYS((SELECT/**/CONVERT((SELECT/**/CONCAT(%27~%27,(SELECT/**/(ELT(10443%3D10443,1))),%27~%27))/**/USING/**/utf8)))--%20-&start=10 HTTP/1.1" 200 49744 "-" "Mozilla/5.0 AppleWebKit/537.36 (KHTML, like Gecko; compatible; Amazonbot/0.1; +https://developer.amazon.com/support/amazonbot) Chrome/119.0.6045.214 Safari/537.36"
52.4.229.9 - - [25/Aug/2026:19:21:58 +0500] "GET /ru/?p=4782&start=15 HTTP/1.1" 200 50368 "-" "Mozilla/5.0 AppleWebKit/537.36 (KHTML, like Gecko; compatible; Amazonbot/0.1; +https://developer.amazon.com/support/amazonbot) Chrome/119.0.6045.214 Safari/537.36"
216.244.66.244 - - [25/Aug/2026:19:22:04 +0500] "GET /joypre/6821golh5754282/ HTTP/1.1" 301 - "-" "Mozilla/5.0 (compatible; DotBot/1.2; +https://opensiteexplorer.org/dotbot; help@moz.com)"
43.153.54.138 - - [25/Aug/2026:19:22:07 +0500] "GET /uz/oficially-uzb/old-acts-uzb HTTP/1.1" 200 29401 "-" "Mozilla/5.0 (iPhone; CPU iPhone OS 13_2_3 like Mac OS X) AppleWebKit/605.1.15 (KHTML, like Gecko) Version/13.0.3 Mobile/15E148 Safari/604.1"
47.82.13.159 - - [25/Aug/2026:19:22:13 +0500] "GET /ru/?cbid=1425873%22%2C%28cASt%28%27~%27%7C%7C%28SELEcT%2F%2A%2A%2F1%2F%2A%2A%2FfRoM%2F%2A%2A%2FgeNERatE_SERies%2810396%2C10396%2CCAse%2F%2A%2A%2FwheN%2F%2A%2A%2F%2810396%3D10396%29%2F%2A%2A%2FtHEN%2F%2A%2A%2F1%2F%2A%2A%2FElse%2F%2A%2A%2F0%2F%2A%2A%2FeND%29%2F%2A%2A%2FlImIT%2F%2A%2A%2F1%29%3A%3ATEXT%7C%7C%27~%27%2F%2A%2A%2Fas%2F%2A%2A%2FNUMeRIC%29%29--+-&csid=0&start=10 HTTP/1.1" 200 49764 "-" "Mozilla/5.0 (Macintosh; Intel Mac OS X 10_15_7) AppleWebKit/537.36 (KHTML, like Gecko) Chrome/141.0.0.0 Safari/537.36"
34.61.96.6 - - [25/Aug/2026:19:22:18 +0500] "GET /ru/?gid=2472487&start=10 HTTP/1.1" 200 49856 "-" "Mozilla/5.0 (Macintosh; Intel Mac OS X 10_15_7) AppleWebKit/537.36 (KHTML, like Gecko) Chrome/120.0.0.0 Safari/537.36"
216.244.66.244 - - [25/Aug/2026:19:22:34 +0500] "GET /lsports/24443gfoadr202/ HTTP/1.1" 301 - "-" "Mozilla/5.0 (compatible; DotBot/1.2; +https://opensiteexplorer.org/dotbot; help@moz.com)"
17.241.219.221 - - [25/Aug/2026:19:22:37 +0500] "GET /media/mod_languages/css/template.css HTTP/1.1" 200 335 "http://uml.uz/ru/?newbook=29214&start=10" "Mozilla/5.0 (Macintosh; Intel Mac OS X 10_15_7) AppleWebKit/605.1.15 (KHTML, like Gecko) Version/17.4 Safari/605.1.15 (Applebot/0.1; +http://www.apple.com/go/applebot)"
17.241.219.221 - - [25/Aug/2026:19:22:38 +0500] "GET /modules/mod_appstats/css/style.css HTTP/1.1" 200 674 "http://uml.uz/ru/?newbook=29214&start=10" "Mozilla/5.0 (Macintosh; Intel Mac OS X 10_15_7) AppleWebKit/605.1.15 (KHTML, like Gecko) Version/17.4 Safari/605.1.15 (Applebot/0.1; +http://www.apple.com/go/applebot)"
47.82.55.139 - - [25/Aug/2026:19:22:38 +0500] "GET /ru/?gid=2472497&mode=grp&start=5 HTTP/1.1" 508 288 "-" "Mozilla/5.0 (Macintosh; Intel Mac OS X 10_15_7) AppleWebKit/537.36 (KHTML, like Gecko) Chrome/148.0.0.0 Safari/537.36"
17.241.219.221 - - [25/Aug/2026:19:22:40 +0500] "GET /media/com_acym/css/module.min.css?v=794 HTTP/1.1" 200 10262 "http://uml.uz/ru/?newbook=29214&start=10" "Mozilla/5.0 (Macintosh; Intel Mac OS X 10_15_7) AppleWebKit/605.1.15 (KHTML, like Gecko) Version/17.4 Safari/605.1.15 (Applebot/0.1; +http://www.apple.com/go/applebot)"
17.241.219.221 - - [25/Aug/2026:19:22:41 +0500] "GET /plugins/system/jcemediabox/css/jcemediabox.css?a3b640def3ef13678e19cfeeb7397c85 HTTP/1.1" 200 5791 "http://uml.uz/ru/?newbook=29214&start=10" "Mozilla/5.0 (Macintosh; Intel Mac OS X 10_15_7) AppleWebKit/605.1.15 (KHTML, like Gecko) Version/17.4 Safari/605.1.15 (Applebot/0.1; +http://www.apple.com/go/applebot)"
47.82.13.150 - - [25/Aug/2026:19:22:38 +0500] "GET /uz/?cbid=1707124&csid=0&mode=cate&start=20 HTTP/1.1" 200 47775 "-" "Mozilla/5.0 (Macintosh; Intel Mac OS X 10_15_7) AppleWebKit/537.36 (KHTML, like Gecko) Chrome/140.0.0.0 Safari/537.36"
17.241.219.221 - - [25/Aug/2026:19:22:43 +0500] "GET /plugins/system/jcemediabox/themes/standard/css/style.css?10da0a5fa45a7c3d7e5b40a5d80e8773 HTTP/1.1" 200 7447 "http://uml.uz/ru/?newbook=29214&start=10" "Mozilla/5.0 (Macintosh; Intel Mac OS X 10_15_7) AppleWebKit/605.1.15 (KHTML, like Gecko) Version/17.4 Safari/605.1.15 (Applebot/0.1; +http://www.apple.com/go/applebot)"
17.241.219.221 - - [25/Aug/2026:19:22:44 +0500] "GET /media/jui/js/jquery.min.js?2ae9adac6d34fadc2db8af99c74f11ba HTTP/1.1" 200 97646 "http://uml.uz/ru/?newbook=29214&start=10" "Mozilla/5.0 (Macintosh; Intel Mac OS X 10_15_7) AppleWebKit/605.1.15 (KHTML, like Gecko) Version/17.4 Safari/605.1.15 (Applebot/0.1; +http://www.apple.com/go/applebot)"
17.241.219.221 - - [25/Aug/2026:19:22:46 +0500] "GET /media/jui/js/jquery-noconflict.js?2ae9adac6d34fadc2db8af99c74f11ba HTTP/1.1" 200 21 "http://uml.uz/ru/?newbook=29214&start=10" "Mozilla/5.0 (Macintosh; Intel Mac OS X 10_15_7) AppleWebKit/605.1.15 (KHTML, like Gecko) Version/17.4 Safari/605.1.15 (Applebot/0.1; +http://www.apple.com/go/applebot)"
17.241.219.221 - - [25/Aug/2026:19:22:47 +0500] "GET /media/jui/js/jquery-migrate.min.js?2ae9adac6d34fadc2db8af99c74f11ba HTTP/1.1" 200 10056 "http://uml.uz/ru/?newbook=29214&start=10" "Mozilla/5.0 (Macintosh; Intel Mac OS X 10_15_7) AppleWebKit/605.1.15 (KHTML, like Gecko) Version/17.4 Safari/605.1.15 (Applebot/0.1; +http://www.apple.com/go/applebot)"
17.241.219.221 - - [25/Aug/2026:19:22:49 +0500] "GET /media/system/js/caption.js?2ae9adac6d34fadc2db8af99c74f11ba HTTP/1.1" 200 491 "http://uml.uz/ru/?newbook=29214&start=10" "Mozilla/5.0 (Macintosh; Intel Mac OS X 10_15_7) AppleWebKit/605.1.15 (KHTML, like Gecko) Version/17.4 Safari/605.1.15 (Applebot/0.1; +http://www.apple.com/go/applebot)"
17.241.219.221 - - [25/Aug/2026:19:22:50 +0500] "GET /media/system/js/mootools-core.js?2ae9adac6d34fadc2db8af99c74f11ba HTTP/1.1" 200 83893 "http://uml.uz/ru/?newbook=29214&start=10" "Mozilla/5.0 (Macintosh; Intel Mac OS X 10_15_7) AppleWebKit/605.1.15 (KHTML, like Gecko) Version/17.4 Safari/605.1.15 (Applebot/0.1; +http://www.apple.com/go/applebot)"
17.241.219.221 - - [25/Aug/2026:19:22:52 +0500] "GET /media/system/js/core.js?2ae9adac6d34fadc2db8af99c74f11ba HTTP/1.1" 200 8735 "http://uml.uz/ru/?newbook=29214&start=10" "Mozilla/5.0 (Macintosh; Intel Mac OS X 10_15_7) AppleWebKit/605.1.15 (KHTML, like Gecko) Version/17.4 Safari/605.1.15 (Applebot/0.1; +http://www.apple.com/go/applebot)"
17.241.219.221 - - [25/Aug/2026:19:22:53 +0500] "GET /media/system/js/mootools-more.js?2ae9adac6d34fadc2db8af99c74f11ba HTTP/1.1" 200 236825 "http://uml.uz/ru/?newbook=29214&start=10" "Mozilla/5.0 (Macintosh; Intel Mac OS X 10_15_7) AppleWebKit/605.1.15 (KHTML, like Gecko) Version/17.4 Safari/605.1.15 (Applebot/0.1; +http://www.apple.com/go/applebot)"
17.241.219.119 - - [25/Aug/2026:19:22:55 +0500] "GET /media/jui/js/bootstrap.min.js?2ae9adac6d34fadc2db8af99c74f11ba HTTP/1.1" 200 29126 "http://uml.uz/ru/?newbook=29214&start=10" "Mozilla/5.0 (Macintosh; Intel Mac OS X 10_15_7) AppleWebKit/605.1.15 (KHTML, like Gecko) Version/17.4 Safari/605.1.15 (Applebot/0.1; +http://www.apple.com/go/applebot)"
34.123.149.87 - - [25/Aug/2026:19:22:55 +0500] "GET /ru/component/mailto/?link=749c73e1cbb4033447079362f9cadcf8c3d4cce1&template=uml&tmpl=component HTTP/1.1" 508 288 "-" "Mozilla/5.0 (Macintosh; Intel Mac OS X 10_15_7) AppleWebKit/537.36 (KHTML, like Gecko) Chrome/120.0.0.0 Safari/537.36"
17.241.219.119 - - [25/Aug/2026:19:22:56 +0500] "GET /plugins/system/jcemediabox/js/jcemediabox.js?fba42f665bbcc4047a23ba92244f4176 HTTP/1.1" 200 57539 "http://uml.uz/ru/?newbook=29214&start=10" "Mozilla/5.0 (Macintosh; Intel Mac OS X 10_15_7) AppleWebKit/605.1.15 (KHTML, like Gecko) Version/17.4 Safari/605.1.15 (Applebot/0.1; +http://www.apple.com/go/applebot)"
17.241.219.221 - - [25/Aug/2026:19:22:58 +0500] "GET /templates/system/css/system.css HTTP/1.1" 200 881 "http://uml.uz/ru/?newbook=29214&start=10" "Mozilla/5.0 (Macintosh; Intel Mac OS X 10_15_7) AppleWebKit/605.1.15 (KHTML, like Gecko) Version/17.4 Safari/605.1.15 (Applebot/0.1; +http://www.apple.com/go/applebot)"
47.82.14.171 - - [25/Aug/2026:19:22:58 +0500] "GET /ru/?category_name=new+WHERE+7067%3D7067%2F%2A%2150000AND%2A%2FUPDATEXML%288762%2C%2F%2A%2150000CONCAT%2A%2F%28%27.%27%2C%27~%27%2C%28%2F%2A%2150000SELECT%2A%2F%28ELT%288762%3D8762%2C1%29%29%29%2C%27~%27%29%2C4711%29--+- HTTP/1.1" 508 288 "-" "Mozilla/5.0 (Windows NT 10.0; Win64; x64) AppleWebKit/537.36 (KHTML, like Gecko) Chrome/147.0.0.0 Safari/537.36"
17.241.219.119 - - [25/Aug/2026:19:22:59 +0500] "GET /templates/system/css/general.css HTTP/1.1" 200 2717 "http://uml.uz/ru/?newbook=29214&start=10" "Mozilla/5.0 (Macintosh; Intel Mac OS X 10_15_7) AppleWebKit/605.1.15 (KHTML, like Gecko) Version/17.4 Safari/605.1.15 (Applebot/0.1; +http://www.apple.com/go/applebot)"
17.241.219.221 - - [25/Aug/2026:19:23:01 +0500] "GET /templates/uml/css/template.css HTTP/1.1" 200 87209 "http://uml.uz/ru/?newbook=29214&start=10" "Mozilla/5.0 (Macintosh; Intel Mac OS X 10_15_7) AppleWebKit/605.1.15 (KHTML, like Gecko) Version/17.4 Safari/605.1.15 (Applebot/0.1; +http://www.apple.com/go/applebot)"
17.241.219.119 - - [25/Aug/2026:19:23:02 +0500] "GET /templates/uml/css/custom.css HTTP/1.1" 200 517 "http://uml.uz/ru/?newbook=29214&start=10" "Mozilla/5.0 (Macintosh; Intel Mac OS X 10_15_7) AppleWebKit/605.1.15 (KHTML, like Gecko) Version/17.4 Safari/605.1.15 (Applebot/0.1; +http://www.apple.com/go/applebot)"
17.241.219.221 - - [25/Aug/2026:19:23:04 +0500] "GET /templates/uml/css/template.responsive.css HTTP/1.1" 200 11791 "http://uml.uz/ru/?newbook=29214&start=10" "Mozilla/5.0 (Macintosh; Intel Mac OS X 10_15_7) AppleWebKit/605.1.15 (KHTML, like Gecko) Version/17.4 Safari/605.1.15 (Applebot/0.1; +http://www.apple.com/go/applebot)"
17.241.219.119 - - [25/Aug/2026:19:23:05 +0500] "GET /templates/uml/jquery.js HTTP/1.1" 200 92629 "http://uml.uz/ru/?newbook=29214&start=10" "Mozilla/5.0 (Macintosh; Intel Mac OS X 10_15_7) AppleWebKit/605.1.15 (KHTML, like Gecko) Version/17.4 Safari/605.1.15 (Applebot/0.1; +http://www.apple.com/go/applebot)"
17.241.219.221 - - [25/Aug/2026:19:23:07 +0500] "GET /templates/uml/script.js HTTP/1.1" 200 61982 "http://uml.uz/ru/?newbook=29214&start=10" "Mozilla/5.0 (Macintosh; Intel Mac OS X 10_15_7) AppleWebKit/605.1.15 (KHTML, like Gecko) Version/17.4 Safari/605.1.15 (Applebot/0.1; +http://www.apple.com/go/applebot)"
216.244.66.244 - - [25/Aug/2026:19:23:03 +0500] "GET /ru/component/mailto/?tmpl=component&template=uml&link=c3481571b82d92dd1e3579b2460986b4bd50576f HTTP/1.1" 200 4529 "-" "Mozilla/5.0 (compatible; DotBot/1.2; +https://opensiteexplorer.org/dotbot; help@moz.com)"
17.241.219.119 - - [25/Aug/2026:19:23:08 +0500] "GET /templates/uml/script.responsive.js HTTP/1.1" 200 21090 "http://uml.uz/ru/?newbook=29214&start=10" "Mozilla/5.0 (Macintosh; Intel Mac OS X 10_15_7) AppleWebKit/605.1.15 (KHTML, like Gecko) Version/17.4 Safari/605.1.15 (Applebot/0.1; +http://www.apple.com/go/applebot)"
17.241.219.221 - - [25/Aug/2026:19:23:10 +0500] "GET /templates/uml/modules.js HTTP/1.1" 200 - "http://uml.uz/ru/?newbook=29214&start=10" "Mozilla/5.0 (Macintosh; Intel Mac OS X 10_15_7) AppleWebKit/605.1.15 (KHTML, like Gecko) Version/17.4 Safari/605.1.15 (Applebot/0.1; +http://www.apple.com/go/applebot)"
17.241.219.119 - - [25/Aug/2026:19:23:11 +0500] "GET /templates/uml/css/animate.css HTTP/1.1" 200 19951 "http://uml.uz/ru/?newbook=29214&start=10" "Mozilla/5.0 (Macintosh; Intel Mac OS X 10_15_7) AppleWebKit/605.1.15 (KHTML, like Gecko) Version/17.4 Safari/605.1.15 (Applebot/0.1; +http://www.apple.com/go/applebot)"
17.241.219.221 - - [25/Aug/2026:19:23:12 +0500] "GET /templates/uml/js/slider/themes/default/jquery.slider.css HTTP/1.1" 200 2676 "http://uml.uz/ru/?newbook=29214&start=10" "Mozilla/5.0 (Macintosh; Intel Mac OS X 10_15_7) AppleWebKit/605.1.15 (KHTML, like Gecko) Version/17.4 Safari/605.1.15 (Applebot/0.1; +http://www.apple.com/go/applebot)"
17.241.219.119 - - [25/Aug/2026:19:23:14 +0500] "GET /templates/uml/js/slider/jquery.slider.min.js HTTP/1.1" 200 23665 "http://uml.uz/ru/?newbook=29214&start=10" "Mozilla/5.0 (Macintosh; Intel Mac OS X 10_15_7) AppleWebKit/605.1.15 (KHTML, like Gecko) Version/17.4 Safari/605.1.15 (Applebot/0.1; +http://www.apple.com/go/applebot)"
17.241.219.221 - - [25/Aug/2026:19:23:15 +0500] "GET /templates/uml/js/move-top.js HTTP/1.1" 200 1334 "http://uml.uz/ru/?newbook=29214&start=10" "Mozilla/5.0 (Macintosh; Intel Mac OS X 10_15_7) AppleWebKit/605.1.15 (KHTML, like Gecko) Version/17.4 Safari/605.1.15 (Applebot/0.1; +http://www.apple.com/go/applebot)"
17.241.219.119 - - [25/Aug/2026:19:23:17 +0500] "GET /templates/uml/js/easing.js HTTP/1.1" 200 4898 "http://uml.uz/ru/?newbook=29214&start=10" "Mozilla/5.0 (Macintosh; Intel Mac OS X 10_15_7) AppleWebKit/605.1.15 (KHTML, like Gecko) Version/17.4 Safari/605.1.15 (Applebot/0.1; +http://www.apple.com/go/applebot)"
17.241.219.221 - - [25/Aug/2026:19:23:18 +0500] "GET /media/com_acym/js/module.min.js?v=794 HTTP/1.1" 200 22752 "http://uml.uz/ru/?newbook=29214&start=10" "Mozilla/5.0 (Macintosh; Intel Mac OS X 10_15_7) AppleWebKit/605.1.15 (KHTML, like Gecko) Version/17.4 Safari/605.1.15 (Applebot/0.1; +http://www.apple.com/go/applebot)"
17.241.219.119 - - [25/Aug/2026:19:23:20 +0500] "GET /media/system/css/system.css HTTP/1.1" 200 1433 "http://uml.uz/ru/?newbook=29214&start=10" "Mozilla/5.0 (Macintosh; Intel Mac OS X 10_15_7) AppleWebKit/605.1.15 (KHTML, like Gecko) Version/17.4 Safari/605.1.15 (Applebot/0.1; +http://www.apple.com/go/applebot)"
17.241.219.221 - - [25/Aug/2026:19:23:21 +0500] "GET /plugins/system/jcemediabox/themes/standard/tooltip.html HTTP/1.1" 200 958 "http://uml.uz/ru/?newbook=29214&start=10" "Mozilla/5.0 (Macintosh; Intel Mac OS X 10_15_7) AppleWebKit/605.1.15 (KHTML, like Gecko) Version/17.4 Safari/605.1.15 (Applebot/0.1; +http://www.apple.com/go/applebot)"
17.241.219.119 - - [25/Aug/2026:19:23:23 +0500] "GET /plugins/system/jcemediabox/themes/standard/popup.html HTTP/1.1" 200 1802 "http://uml.uz/ru/?newbook=29214&start=10" "Mozilla/5.0 (Macintosh; Intel Mac OS X 10_15_7) AppleWebKit/605.1.15 (KHTML, like Gecko) Version/17.4 Safari/605.1.15 (Applebot/0.1; +http://www.apple.com/go/applebot)"
34.10.180.98 - - [25/Aug/2026:19:23:55 +0500] "GET /ru/?format=feed&template=uml&type=rss HTTP/1.1" 200 11115 "-" "Mozilla/5.0 (Macintosh; Intel Mac OS X 10_15_7) AppleWebKit/537.36 (KHTML, like Gecko) Chrome/120.0.0.0 Safari/537.36"
34.61.96.6 - - [25/Aug/2026:19:24:24 +0500] "GET /uz/shareholders-uzb/events-uzb?print=1&tmpl=component HTTP/1.1" 200 5118 "-" "Mozilla/5.0 (Macintosh; Intel Mac OS X 10_15_7) AppleWebKit/537.36 (KHTML, like Gecko) Chrome/120.0.0.0 Safari/537.36"
34.57.162.91 - - [25/Aug/2026:19:24:31 +0500] "GET /ru/?gid=1752928&mode=grp&start=5 HTTP/1.1" 200 50933 "-" "Mozilla/5.0 (Macintosh; Intel Mac OS X 10_15_7) AppleWebKit/537.36 (KHTML, like Gecko) Chrome/120.0.0.0 Safari/537.36"
34.236.185.101 - - [25/Aug/2026:19:24:42 +0500] "GET /ru/?p=20750&start=5 HTTP/1.1" 200 50821 "-" "Mozilla/5.0 AppleWebKit/537.36 (KHTML, like Gecko; compatible; Amazonbot/0.1; +https://developer.amazon.com/support/amazonbot) Chrome/119.0.6045.214 Safari/537.36"
47.82.48.180 - - [25/Aug/2026:19:24:48 +0500] "GET /ru/?gid=2472500&mode=grp&start=10 HTTP/1.1" 200 49764 "-" "Mozilla/5.0 (Windows NT 10.0; Win64; x64) AppleWebKit/537.36 (KHTML, like Gecko) Chrome/147.0.0.0 Safari/537.36"
216.244.66.244 - - [25/Aug/2026:19:25:03 +0500] "GET /?mode=cate&cbid=1398944&csid=0 HTTP/1.1" 301 - "-" "Mozilla/5.0 (compatible; DotBot/1.2; +https://opensiteexplorer.org/dotbot; help@moz.com)"
85.208.96.210 - - [25/Aug/2026:19:25:14 +0500] "GET /ru/?cat1=kitchen&main_page=product_list&start=5 HTTP/1.1" 200 50949 "-" "Mozilla/5.0 (compatible; SemrushBot/7~bl; +http://www.semrush.com/bot.html)"
161.153.13.125 - - [25/Aug/2026:19:25:17 +0500] "GET /uz/oficially-uzb/vacancies-uzb HTTP/1.1" 200 27664 "-" "Mozilla/5.0 (X11; Linux aarch64) AppleWebKit/537.36 (KHTML, like Gecko) Chrome/139.0.0.0 Safari/537.36"
88.223.209.125 - - [25/Aug/2026:19:25:20 +0500] "GET /ru/component/mailto/?tmpl=component&template=uml&link=f8cd59bc0493a2dc9d74a601fe6606be1e8ad28e HTTP/1.1" 200 4525 "-" "Mozilla/5.0 (Macintosh; Intel Mac OS X 10_15_7) AppleWebKit/537.36 (KHTML, like Gecko) Chrome/104.0.0.0 Safari/537.36"
47.82.15.56 - - [25/Aug/2026:19:25:21 +0500] "GET /ru/?gid=2472474&mode=grp HTTP/1.1" 200 49462 "-" "Mozilla/5.0 (Windows NT 10.0; Win64; x64) AppleWebKit/537.36 (KHTML, like Gecko) Chrome/142.0.0.0 Safari/537.36"
88.223.209.125 - - [25/Aug/2026:19:25:23 +0500] "GET /ru/shareholders-rus/facts-rus/2-uncategorised?start=20 HTTP/1.1" 200 41505 "-" "Mozilla/5.0 (Macintosh; Intel Mac OS X 10_15_7) AppleWebKit/537.36 (KHTML, like Gecko) Chrome/104.0.0.0 Safari/537.36"
34.42.229.145 - - [25/Aug/2026:19:25:24 +0500] "GET /ru/?cbid=2250008&csid=0&start=10 HTTP/1.1" 200 49760 "-" "Mozilla/5.0 (Macintosh; Intel Mac OS X 10_15_7) AppleWebKit/537.36 (KHTML, like Gecko) Chrome/120.0.0.0 Safari/537.36"
88.223.209.125 - - [25/Aug/2026:19:25:25 +0500] "GET /ru/?gid=381471&mode=grp&start=15 HTTP/1.1" 200 50368 "-" "Mozilla/5.0 (Macintosh; Intel Mac OS X 10_15_7) AppleWebKit/537.36 (KHTML, like Gecko) Chrome/104.0.0.0 Safari/537.36"
88.223.209.125 - - [25/Aug/2026:19:25:28 +0500] "GET /ru/shareholders-rus/facts-rus/2-uncategorised/50-advantages-3?tmpl=component&print=1 HTTP/1.1" 508 288 "-" "Mozilla/5.0 (Macintosh; Intel Mac OS X 10_15_7) AppleWebKit/537.36 (KHTML, like Gecko) Chrome/104.0.0.0 Safari/537.36"
82.163.62.40 - - [25/Aug/2026:19:25:32 +0500] "GET /uz/shareholders-uzb/reports-uzb/2-uncategorised/2-about-us HTTP/1.1" 508 288 "-" "Mozilla/5.0 (Macintosh; Intel Mac OS X 10_15_7) AppleWebKit/537.36 (KHTML, like Gecko) Chrome/104.0.0.0 Safari/537.36"
88.223.209.125 - - [25/Aug/2026:19:25:32 +0500] "GET /uz/shareholders-uzb/reports-uzb/2-uncategorised/15-history-rus HTTP/1.1" 508 288 "-" "Mozilla/5.0 (Macintosh; Intel Mac OS X 10_15_7) AppleWebKit/537.36 (KHTML, like Gecko) Chrome/104.0.0.0 Safari/537.36"
88.223.209.125 - - [25/Aug/2026:19:25:32 +0500] "GET /ru/?gid=284823&mode=grp&sort=n&start=15 HTTP/1.1" 508 288 "-" "Mozilla/5.0 (Macintosh; Intel Mac OS X 10_15_7) AppleWebKit/537.36 (KHTML, like Gecko) Chrome/104.0.0.0 Safari/537.36"
88.223.209.125 - - [25/Aug/2026:19:25:33 +0500] "GET /ru/component/mailto/?tmpl=component&template=uml&link=2fe1fed92ec414dc38620d12cf1edff9656d7a24 HTTP/1.1" 508 288 "-" "Mozilla/5.0 (Macintosh; Intel Mac OS X 10_15_7) AppleWebKit/537.36 (KHTML, like Gecko) Chrome/104.0.0.0 Safari/537.36"
88.223.209.125 - - [25/Aug/2026:19:25:33 +0500] "GET /uz/about-org-uzb/general-info-uzb/2-uncategorised/46-direction-rus HTTP/1.1" 508 288 "-" "Mozilla/5.0 (Macintosh; Intel Mac OS X 10_15_7) AppleWebKit/537.36 (KHTML, like Gecko) Chrome/104.0.0.0 Safari/537.36"
88.223.209.125 - - [25/Aug/2026:19:25:33 +0500] "GET /uz/shareholders-uzb/reports-uzb/2-uncategorised/48-advantages-1 HTTP/1.1" 508 288 "-" "Mozilla/5.0 (Macintosh; Intel Mac OS X 10_15_7) AppleWebKit/537.36 (KHTML, like Gecko) Chrome/104.0.0.0 Safari/537.36"
88.223.209.125 - - [25/Aug/2026:19:25:29 +0500] "GET /uz/shareholders-uzb/reports-uzb/2-uncategorised/2-about-us HTTP/1.1" 200 26536 "-" "Mozilla/5.0 (Macintosh; Intel Mac OS X 10_15_7) AppleWebKit/537.36 (KHTML, like Gecko) Chrome/104.0.0.0 Safari/537.36"
47.82.55.59 - - [25/Aug/2026:19:25:35 +0500] "GET /ru/?cbid=1425873&csid=0%27%29+AS+6OfsJOWT+WHERE+10691%3D10691AND%2F%2A%2A%2FGTID_SUBSET%28CONCAT%28%27~%27%2C%28SELECT%2F%2A%2A%2F%28ELT%282363%3D2363%2C1%29%29%29%2C%27~%27%29%2C2363%29--+-&start=5 HTTP/1.1" 508 288 "-" "Mozilla/5.0 (Macintosh; Intel Mac OS X 10_15_7) AppleWebKit/537.36 (KHTML, like Gecko) Chrome/139.0.0.0 Safari/537.36"
216.244.66.244 - - [25/Aug/2026:19:25:34 +0500] "GET /?mode=cate&cbid=2022170&csid=0 HTTP/1.1" 301 - "-" "Mozilla/5.0 (compatible; DotBot/1.2; +https://opensiteexplorer.org/dotbot; help@moz.com)"
54.204.62.163 - - [25/Aug/2026:19:25:37 +0500] "GET /ru/?mode=members_regi&shop_id=PA01191223 HTTP/1.1" 508 288 "-" "Mozilla/5.0 AppleWebKit/537.36 (KHTML, like Gecko; compatible; Amazonbot/0.1; +https://developer.amazon.com/support/amazonbot) Chrome/119.0.6045.214 Safari/537.36"
35.254.159.230 - - [25/Aug/2026:19:25:53 +0500] "GET /ru/?cbid=1752514&csid=0&mode=cate&start=5 HTTP/1.1" 508 288 "-" "Mozilla/5.0 (Macintosh; Intel Mac OS X 10_15_7) AppleWebKit/537.36 (KHTML, like Gecko) Chrome/120.0.0.0 Safari/537.36"
216.244.66.244 - - [25/Aug/2026:19:26:34 +0500] "GET /shopping/productlist?cgid=28_040206 HTTP/1.1" 301 - "-" "Mozilla/5.0 (compatible; DotBot/1.2; +https://opensiteexplorer.org/dotbot; help@moz.com)"
34.10.180.98 - - [25/Aug/2026:19:26:44 +0500] "GET /ru/component/mailto/?link=a86f79bbcb874294b1645a22b385cc83ee245496&template=accessibility&tmpl=component HTTP/1.1" 200 4102 "-" "Mozilla/5.0 (Macintosh; Intel Mac OS X 10_15_7) AppleWebKit/537.36 (KHTML, like Gecko) Chrome/120.0.0.0 Safari/537.36"
185.191.171.2 - - [25/Aug/2026:19:26:53 +0500] "GET /uz/shareholders-uzb/dividends-uzb/2-uncategorised HTTP/1.1" 200 33738 "-" "Mozilla/5.0 (compatible; SemrushBot/7~bl; +http://www.semrush.com/bot.html)"
216.244.66.244 - - [25/Aug/2026:19:27:10 +0500] "GET /report/detail/id=68745?site=nli HTTP/1.1" 508 288 "-" "Mozilla/5.0 (compatible; DotBot/1.2; +https://opensiteexplorer.org/dotbot; help@moz.com)"
185.191.171.17 - - [25/Aug/2026:19:27:10 +0500] "GET /uz/shareholders-uzb/dividends-uzb/1184-dividends-2020-uz HTTP/1.1" 200 28528 "-" "Mozilla/5.0 (compatible; SemrushBot/7~bl; +http://www.semrush.com/bot.html)"
34.10.180.98 - - [25/Aug/2026:19:27:19 +0500] "GET /ru/?gid=2472469&mode=grp&sort=n&start=25 HTTP/1.1" 200 44963 "-" "Mozilla/5.0 (Macintosh; Intel Mac OS X 10_15_7) AppleWebKit/537.36 (KHTML, like Gecko) Chrome/120.0.0.0 Safari/537.36"
85.208.96.200 - - [25/Aug/2026:19:27:26 +0500] "GET /ru/?s=%E3%83%9D%E3%82%B1%E3%83%87%E3%83%B3&start=10 HTTP/1.1" 508 288 "-" "Mozilla/5.0 (compatible; SemrushBot/7~bl; +http://www.semrush.com/bot.html)"
85.208.96.205 - - [25/Aug/2026:19:28:21 +0500] "GET /ru/?cbid=1398883&csid=0&mode=cate&start=10 HTTP/1.1" 508 288 "-" "Mozilla/5.0 (compatible; SemrushBot/7~bl; +http://www.semrush.com/bot.html)"
216.244.66.244 - - [25/Aug/2026:19:28:19 +0500] "GET /ru/?cbid=2091061&csid=0&mode=cate&start=5 HTTP/1.1" 200 50821 "-" "Mozilla/5.0 (compatible; DotBot/1.2; +https://opensiteexplorer.org/dotbot; help@moz.com)"
34.123.149.87 - - [25/Aug/2026:19:28:40 +0500] "GET /ru/?p=41084 HTTP/1.1" 200 49432 "-" "Mozilla/5.0 (Macintosh; Intel Mac OS X 10_15_7) AppleWebKit/537.36 (KHTML, like Gecko) Chrome/120.0.0.0 Safari/537.36"
216.244.66.244 - - [25/Aug/2026:19:28:53 +0500] "GET /ru/?mode=cate&cbid=2390732&csid=0&start=5 HTTP/1.1" 200 50821 "-" "Mozilla/5.0 (compatible; DotBot/1.2; +https://opensiteexplorer.org/dotbot; help@moz.com)"
34.10.180.98 - - [25/Aug/2026:19:29:14 +0500] "GET /uz/shareholders-uzb/audit-uzb?template=uml HTTP/1.1" 200 34138 "-" "Mozilla/5.0 (Macintosh; Intel Mac OS X 10_15_7) AppleWebKit/537.36 (KHTML, like Gecko) Chrome/120.0.0.0 Safari/537.36"
216.244.66.244 - - [25/Aug/2026:19:29:22 +0500] "GET /ru/?main_page=product_list&new=on&sort=new&start=20 HTTP/1.1" 200 50311 "-" "Mozilla/5.0 (compatible; DotBot/1.2; +https://opensiteexplorer.org/dotbot; help@moz.com)"
54.90.8.255 - - [25/Aug/2026:19:29:22 +0500] "GET /ru/shareholders-rus/invest-rus?template=accessibility HTTP/1.1" 200 14316 "-" "Mozilla/5.0 AppleWebKit/537.36 (KHTML, like Gecko; compatible; Amazonbot/0.1; +https://developer.amazon.com/support/amazonbot) Chrome/119.0.6045.214 Safari/537.36"
34.123.149.87 - - [25/Aug/2026:19:29:34 +0500] "GET /uz/?format=feed&mode=atom&type=atom HTTP/1.1" 200 19522 "-" "Mozilla/5.0 (Macintosh; Intel Mac OS X 10_15_7) AppleWebKit/537.36 (KHTML, like Gecko) Chrome/120.0.0.0 Safari/537.36"
47.79.11.231 - - [25/Aug/2026:19:30:03 +0500] "GET /uz/?cbid=2106427&csid=0&mode=cate&start=20 HTTP/1.1" 508 288 "-" "Mozilla/5.0 (Windows NT 10.0; Win64; x64) AppleWebKit/537.36 (KHTML, like Gecko) Chrome/144.0.0.0 Safari/537.36"
216.244.66.244 - - [25/Aug/2026:19:30:21 +0500] "GET /uz/?s=%E3%82%BF%E3%83%86%E5%9E%8B&start=5 HTTP/1.1" 200 48185 "-" "Mozilla/5.0 (compatible; DotBot/1.2; +https://opensiteexplorer.org/dotbot; help@moz.com)"
34.10.180.98 - - [25/Aug/2026:19:30:27 +0500] "GET /uz/component/mailto/?link=7e3128bbbde61635c889c884ad47675bb9fe2972&template=uml&tmpl=component HTTP/1.1" 200 4558 "-" "Mozilla/5.0 (Macintosh; Intel Mac OS X 10_15_7) AppleWebKit/537.36 (KHTML, like Gecko) Chrome/120.0.0.0 Safari/537.36"
34.42.229.145 - - [25/Aug/2026:19:30:44 +0500] "GET /ru/?start=5&x=0&y=0 HTTP/1.1" 200 50821 "-" "Mozilla/5.0 (Macintosh; Intel Mac OS X 10_15_7) AppleWebKit/537.36 (KHTML, like Gecko) Chrome/120.0.0.0 Safari/537.36"
34.123.149.87 - - [25/Aug/2026:19:30:50 +0500] "GET /uz/component/search/?Itemid=167&format=opensearch&template=accessibility HTTP/1.1" 508 288 "-" "Mozilla/5.0 (Macintosh; Intel Mac OS X 10_15_7) AppleWebKit/537.36 (KHTML, like Gecko) Chrome/120.0.0.0 Safari/537.36"
35.254.159.230 - - [25/Aug/2026:19:31:13 +0500] "GET /uz/component/mailto/?link=0f927f560a441b9e1c3f5d93ba4e3264858cdba7&template=uml&tmpl=component HTTP/1.1" 200 4534 "-" "Mozilla/5.0 (Macintosh; Intel Mac OS X 10_15_7) AppleWebKit/537.36 (KHTML, like Gecko) Chrome/120.0.0.0 Safari/537.36"
34.10.180.98 - - [25/Aug/2026:19:31:21 +0500] "GET /uz/?cbid=1898469&format=feed&type=rss HTTP/1.1" 508 288 "-" "Mozilla/5.0 (Macintosh; Intel Mac OS X 10_15_7) AppleWebKit/537.36 (KHTML, like Gecko) Chrome/120.0.0.0 Safari/537.36"
216.244.66.244 - - [25/Aug/2026:19:31:18 +0500] "GET /ru/?p=29240 HTTP/1.1" 200 49336 "-" "Mozilla/5.0 (compatible; DotBot/1.2; +https://opensiteexplorer.org/dotbot; help@moz.com)"
43.166.242.189 - - [25/Aug/2026:19:31:45 +0500] "GET /uz/component/mailto/?tmpl=component&template=uml&link=a987c55225ab835d2d772aa1a01414a065e809e8 HTTP/1.1" 200 4530 "-" "Mozilla/5.0 (iPhone; CPU iPhone OS 13_2_3 like Mac OS X) AppleWebKit/605.1.15 (KHTML, like Gecko) Version/13.0.3 Mobile/15E148 Safari/604.1"
