85.208.96.209 - - [25/Aug/2026:19:31:56 +0500] "GET /ru/?cbid=2153442&csid=0&mode=cate&start=20 HTTP/1.1" 200 50407 "-" "Mozilla/5.0 (compatible; SemrushBot/7~bl; +http://www.semrush.com/bot.html)"
185.191.171.3 - - [25/Aug/2026:19:32:02 +0500] "GET /robots.txt HTTP/1.1" 301 - "-" "Mozilla/5.0 (compatible; SemrushBot/7~bl; +http://www.semrush.com/bot.html)"
85.208.96.200 - - [25/Aug/2026:19:32:05 +0500] "GET /ru/robots.txt HTTP/1.1" 404 1892 "-" "Mozilla/5.0 (compatible; SemrushBot/7~bl; +http://www.semrush.com/bot.html)"
185.191.171.3 - - [25/Aug/2026:19:32:09 +0500] "GET /ru/oficially-uzb/ustav-uzb/2-uncategorised/47-direction-uzb HTTP/1.1" 200 29102 "-" "Mozilla/5.0 (compatible; SemrushBot/7~bl; +http://www.semrush.com/bot.html)"
92.222.104.217 - - [25/Aug/2026:19:32:12 +0500] "GET /uz/ HTTP/1.1" 200 48712 "-" "Mozilla/5.0 (compatible; AhrefsBot/7.0; +http://ahrefs.com/robot/)"
34.10.180.98 - - [25/Aug/2026:19:32:40 +0500] "GET /uz/component/mailto/?link=613b03a603b2f11f7296546d0b58ed8fa2054645&template=uml&tmpl=component HTTP/1.1" 508 288 "-" "Mozilla/5.0 (Macintosh; Intel Mac OS X 10_15_7) AppleWebKit/537.36 (KHTML, like Gecko) Chrome/120.0.0.0 Safari/537.36"
98.82.66.172 - - [25/Aug/2026:19:33:10 +0500] "GET /ru/?format=feed&gid=556269&mode=grp&type=rss HTTP/1.1" 508 288 "-" "Mozilla/5.0 AppleWebKit/537.36 (KHTML, like Gecko; compatible; Amazonbot/0.1; +https://developer.amazon.com/support/amazonbot) Chrome/119.0.6045.214 Safari/537.36"
185.191.171.18 - - [25/Aug/2026:19:33:29 +0500] "GET /robots.txt HTTP/1.1" 301 - "-" "Mozilla/5.0 (compatible; SemrushBot/7~bl; +http://www.semrush.com/bot.html)"
185.191.171.8 - - [25/Aug/2026:19:33:33 +0500] "GET /ru/robots.txt HTTP/1.1" 508 288 "-" "Mozilla/5.0 (compatible; SemrushBot/7~bl; +http://www.semrush.com/bot.html)"
34.236.185.101 - - [25/Aug/2026:19:34:03 +0500] "GET /uz/shareholders-uzb/votes-uzb/2-uncategorised?start=30 HTTP/1.1" 200 72564 "-" "Mozilla/5.0 AppleWebKit/537.36 (KHTML, like Gecko; compatible; Amazonbot/0.1; +https://developer.amazon.com/support/amazonbot) Chrome/119.0.6045.214 Safari/537.36"
34.61.96.6 - - [25/Aug/2026:19:34:14 +0500] "GET /uz/interactive-uzb/application-uzb?template=uml HTTP/1.1" 508 288 "-" "Mozilla/5.0 (Macintosh; Intel Mac OS X 10_15_7) AppleWebKit/537.36 (KHTML, like Gecko) Chrome/120.0.0.0 Safari/537.36"
66.249.75.67 - - [25/Aug/2026:19:34:30 +0500] "GET /images/news/korp.upravlenie_2.jpg HTTP/1.1" 200 2614 "-" "Googlebot-Image/1.0"
54.84.161.62 - - [25/Aug/2026:19:34:42 +0500] "GET /uz/shareholders-uzb/facts-uzb?template=accessibility HTTP/1.1" 200 21727 "-" "Mozilla/5.0 AppleWebKit/537.36 (KHTML, like Gecko; compatible; Amazonbot/0.1; +https://developer.amazon.com/support/amazonbot) Chrome/119.0.6045.214 Safari/537.36"
85.208.96.200 - - [25/Aug/2026:19:34:46 +0500] "GET /ru/?category_name=new%2F%2A%2A%2FPROCEDURE%2F%2A%2A%2FANALYSE%28UPDATEXML%281003%2C%2F%2A%2150000CONCAT%2A%2F%28%27.%27%2C%27~%27%2C%28%2F%2A%2150000SELECT%2A%2F%28ELT%281003%3D1003%2C1%29%29%29%2C%27~%27%29%2C8605%29%2C1%29&start=10 HTTP/1.1" 200 49829 "-" "Mozilla/5.0 (compatible; SemrushBot/7~bl; +http://www.semrush.com/bot.html)"
34.10.180.98 - - [25/Aug/2026:19:34:56 +0500] "GET /ru/?gid=373597&mode=grp&sort=n&start=25 HTTP/1.1" 508 288 "-" "Mozilla/5.0 (Macintosh; Intel Mac OS X 10_15_7) AppleWebKit/537.36 (KHTML, like Gecko) Chrome/120.0.0.0 Safari/537.36"
34.10.180.98 - - [25/Aug/2026:19:35:16 +0500] "GET /ru/?cat1=kitchen&main_page=product_list&start=20 HTTP/1.1" 200 50407 "-" "Mozilla/5.0 (Macintosh; Intel Mac OS X 10_15_7) AppleWebKit/537.36 (KHTML, like Gecko) Chrome/120.0.0.0 Safari/537.36"
34.10.180.98 - - [25/Aug/2026:19:35:17 +0500] "GET /ru/component/mailto/?link=da42e2a0acfc80693dc3bf2642c766edd169aae9&template=uml&tmpl=component HTTP/1.1" 200 4525 "-" "Mozilla/5.0 (Macintosh; Intel Mac OS X 10_15_7) AppleWebKit/537.36 (KHTML, like Gecko) Chrome/120.0.0.0 Safari/537.36"
83.69.135.44 - - [25/Aug/2026:19:35:28 +0500] "GET / HTTP/1.1" 301 - "-" "Mozilla/5.0 (compatible; FalconBot/1.0)"
83.69.135.44 - - [25/Aug/2026:19:35:33 +0500] "GET /ru/ HTTP/1.1" 508 288 "-" "Mozilla/5.0 (compatible; FalconBot/1.0)"
83.69.135.44 - - [25/Aug/2026:19:35:35 +0500] "GET / HTTP/1.1" 301 - "-" "Mozilla/5.0 (compatible; FalconBot/1.0)"
83.69.135.44 - - [25/Aug/2026:19:35:40 +0500] "GET /ru/ HTTP/1.1" 200 49556 "-" "Mozilla/5.0 (compatible; FalconBot/1.0)"
79.132.69.157 - - [25/Aug/2026:19:35:41 +0500] "GET /ru/shareholders-rus/votes-rus/1165-voting-meeting-24-06-2021 HTTP/1.1" 200 30855 "-" "Mozilla/5.0 (Macintosh; Intel Mac OS X 10_15_7) AppleWebKit/537.36 (KHTML, like Gecko) Chrome/104.0.0.0 Safari/537.36"
139.190.224.99 - - [25/Aug/2026:19:35:44 +0500] "GET /ru/shareholders-rus/votes-rus/1165-voting-meeting-24-06-2021 HTTP/1.1" 200 30855 "-" "Mozilla/5.0 (Macintosh; Intel Mac OS X 10_15_7) AppleWebKit/537.36 (KHTML, like Gecko) Chrome/104.0.0.0 Safari/537.36"
79.132.69.157 - - [25/Aug/2026:19:35:47 +0500] "GET /ru/component/mailto/?tmpl=component&template=uml&link=0afdd09f8f37804af9163d42c49b151ae3253f88 HTTP/1.1" 200 4525 "-" "Mozilla/5.0 (Macintosh; Intel Mac OS X 10_15_7) AppleWebKit/537.36 (KHTML, like Gecko) Chrome/104.0.0.0 Safari/537.36"
79.132.69.157 - - [25/Aug/2026:19:35:53 +0500] "GET /uz/component/mailto/?tmpl=component&template=uml&link=9fa054ee7c0474030d4ecca181b4f573840673bd HTTP/1.1" 508 288 "-" "Mozilla/5.0 (Macintosh; Intel Mac OS X 10_15_7) AppleWebKit/537.36 (KHTML, like Gecko) Chrome/104.0.0.0 Safari/537.36"
139.190.224.99 - - [25/Aug/2026:19:35:50 +0500] "GET /ru/component/mailto/?tmpl=component&template=uml&link=0afdd09f8f37804af9163d42c49b151ae3253f88 HTTP/1.1" 200 4525 "-" "Mozilla/5.0 (Macintosh; Intel Mac OS X 10_15_7) AppleWebKit/537.36 (KHTML, like Gecko) Chrome/104.0.0.0 Safari/537.36"
139.190.224.99 - - [25/Aug/2026:19:35:56 +0500] "GET /uz/shareholders-uzb/audit-uzb/2-uncategorised?start=50 HTTP/1.1" 508 288 "-" "Mozilla/5.0 (Macintosh; Intel Mac OS X 10_15_7) AppleWebKit/537.36 (KHTML, like Gecko) Chrome/104.0.0.0 Safari/537.36"
79.132.69.157 - - [25/Aug/2026:19:35:53 +0500] "GET /uz/shareholders-uzb/audit-uzb/2-uncategorised?start=50 HTTP/1.1" 200 46034 "-" "Mozilla/5.0 (Macintosh; Intel Mac OS X 10_15_7) AppleWebKit/537.36 (KHTML, like Gecko) Chrome/104.0.0.0 Safari/537.36"
79.132.69.157 - - [25/Aug/2026:19:35:57 +0500] "GET /ru/component/mailto/?tmpl=component&template=uml&link=11bc32bd01a7f381cac348ee1d282c7f16c3e2fc HTTP/1.1" 200 4525 "-" "Mozilla/5.0 (Macintosh; Intel Mac OS X 10_15_7) AppleWebKit/537.36 (KHTML, like Gecko) Chrome/104.0.0.0 Safari/537.36"
139.190.224.99 - - [25/Aug/2026:19:36:00 +0500] "GET /ru/component/mailto/?tmpl=component&template=uml&link=11bc32bd01a7f381cac348ee1d282c7f16c3e2fc HTTP/1.1" 200 4525 "-" "Mozilla/5.0 (Macintosh; Intel Mac OS X 10_15_7) AppleWebKit/537.36 (KHTML, like Gecko) Chrome/104.0.0.0 Safari/537.36"
47.82.54.188 - - [25/Aug/2026:19:36:08 +0500] "GET /ru/?gid=556277&mode=grp&start=15 HTTP/1.1" 508 288 "-" "Mozilla/5.0 (Windows NT 10.0; Win64; x64) AppleWebKit/537.36 (KHTML, like Gecko) Chrome/140.0.0.0 Safari/537.36"
82.157.254.21 - - [25/Aug/2026:19:36:06 +0500] "GET /uz/oficially-uzb/vacancies-uzb/2-uncategorised/24-aktsiyadorlar-huquqlarini-himoya-qilish HTTP/1.1" 200 29105 "-" "Mozilla/5.0 (Windows NT 10.0; Win64; x64) AppleWebKit/537.36 (KHTML, like Gecko) Chrome/148.0.0.0 Safari/537.36"
82.157.254.21 - - [25/Aug/2026:19:36:12 +0500] "GET /media/ext_tss/assets/css/style.css HTTP/1.1" 200 2396 "-" "Mozilla/5.0 (Windows NT 10.0; Win64; x64) AppleWebKit/537.36 (KHTML, like Gecko) Chrome/148.0.0.0 Safari/537.36"
82.157.254.21 - - [25/Aug/2026:19:36:12 +0500] "GET /modules/mod_appstats/css/style.css HTTP/1.1" 200 674 "-" "Mozilla/5.0 (Windows NT 10.0; Win64; x64) AppleWebKit/537.36 (KHTML, like Gecko) Chrome/148.0.0.0 Safari/537.36"
82.157.254.21 - - [25/Aug/2026:19:36:12 +0500] "GET /plugins/system/jcemediabox/css/jcemediabox.css?a3b640def3ef13678e19cfeeb7397c85 HTTP/1.1" 200 5791 "-" "Mozilla/5.0 (Windows NT 10.0; Win64; x64) AppleWebKit/537.36 (KHTML, like Gecko) Chrome/148.0.0.0 Safari/537.36"
82.157.254.21 - - [25/Aug/2026:19:36:12 +0500] "GET /plugins/system/jcemediabox/themes/standard/css/style.css?10da0a5fa45a7c3d7e5b40a5d80e8773 HTTP/1.1" 200 7447 "-" "Mozilla/5.0 (Windows NT 10.0; Win64; x64) AppleWebKit/537.36 (KHTML, like Gecko) Chrome/148.0.0.0 Safari/537.36"
82.157.254.21 - - [25/Aug/2026:19:36:12 +0500] "GET /media/com_acym/css/module.min.css?v=794 HTTP/1.1" 200 10262 "-" "Mozilla/5.0 (Windows NT 10.0; Win64; x64) AppleWebKit/537.36 (KHTML, like Gecko) Chrome/148.0.0.0 Safari/537.36"
82.157.254.21 - - [25/Aug/2026:19:36:12 +0500] "GET /media/mod_languages/css/template.css HTTP/1.1" 200 335 "-" "Mozilla/5.0 (Windows NT 10.0; Win64; x64) AppleWebKit/537.36 (KHTML, like Gecko) Chrome/148.0.0.0 Safari/537.36"
82.157.254.21 - - [25/Aug/2026:19:36:12 +0500] "GET /templates/system/css/system.css HTTP/1.1" 200 881 "-" "Mozilla/5.0 (Windows NT 10.0; Win64; x64) AppleWebKit/537.36 (KHTML, like Gecko) Chrome/148.0.0.0 Safari/537.36"
82.157.254.21 - - [25/Aug/2026:19:36:13 +0500] "GET /templates/system/css/general.css HTTP/1.1" 200 2717 "-" "Mozilla/5.0 (Windows NT 10.0; Win64; x64) AppleWebKit/537.36 (KHTML, like Gecko) Chrome/148.0.0.0 Safari/537.36"
82.157.254.21 - - [25/Aug/2026:19:36:13 +0500] "GET /templates/uml/css/template.css HTTP/1.1" 200 87209 "-" "Mozilla/5.0 (Windows NT 10.0; Win64; x64) AppleWebKit/537.36 (KHTML, like Gecko) Chrome/148.0.0.0 Safari/537.36"
82.157.254.21 - - [25/Aug/2026:19:36:13 +0500] "GET /templates/uml/css/custom.css HTTP/1.1" 200 517 "-" "Mozilla/5.0 (Windows NT 10.0; Win64; x64) AppleWebKit/537.36 (KHTML, like Gecko) Chrome/148.0.0.0 Safari/537.36"
34.236.41.241 - - [25/Aug/2026:19:36:10 +0500] "GET /ru/?cbid=1398852&csid=0&start=10 HTTP/1.1" 200 49809 "-" "Mozilla/5.0 AppleWebKit/537.36 (KHTML, like Gecko; compatible; Amazonbot/0.1; +https://developer.amazon.com/support/amazonbot) Chrome/119.0.6045.214 Safari/537.36"
82.157.254.21 - - [25/Aug/2026:19:36:13 +0500] "GET /templates/uml/css/template.responsive.css HTTP/1.1" 200 11791 "-" "Mozilla/5.0 (Windows NT 10.0; Win64; x64) AppleWebKit/537.36 (KHTML, like Gecko) Chrome/148.0.0.0 Safari/537.36"
82.157.254.21 - - [25/Aug/2026:19:36:13 +0500] "GET /templates/uml/css/animate.css HTTP/1.1" 200 19951 "-" "Mozilla/5.0 (Windows NT 10.0; Win64; x64) AppleWebKit/537.36 (KHTML, like Gecko) Chrome/148.0.0.0 Safari/537.36"
82.157.254.21 - - [25/Aug/2026:19:36:13 +0500] "GET /templates/uml/js/slider/themes/default/jquery.slider.css HTTP/1.1" 200 2676 "-" "Mozilla/5.0 (Windows NT 10.0; Win64; x64) AppleWebKit/537.36 (KHTML, like Gecko) Chrome/148.0.0.0 Safari/537.36"
82.157.254.21 - - [25/Aug/2026:19:36:14 +0500] "GET /media/jui/js/jquery-noconflict.js?2ae9adac6d34fadc2db8af99c74f11ba HTTP/1.1" 200 21 "-" "Mozilla/5.0 (Windows NT 10.0; Win64; x64) AppleWebKit/537.36 (KHTML, like Gecko) Chrome/148.0.0.0 Safari/537.36"
82.157.254.21 - - [25/Aug/2026:19:36:14 +0500] "GET /media/ext_tss/assets/js/script.js HTTP/1.1" 200 1117 "-" "Mozilla/5.0 (Windows NT 10.0; Win64; x64) AppleWebKit/537.36 (KHTML, like Gecko) Chrome/148.0.0.0 Safari/537.36"
82.157.254.21 - - [25/Aug/2026:19:36:14 +0500] "GET /media/system/js/mootools-core.js?2ae9adac6d34fadc2db8af99c74f11ba HTTP/1.1" 200 83893 "-" "Mozilla/5.0 (Windows NT 10.0; Win64; x64) AppleWebKit/537.36 (KHTML, like Gecko) Chrome/148.0.0.0 Safari/537.36"
82.157.254.21 - - [25/Aug/2026:19:36:15 +0500] "GET /media/system/js/core.js?2ae9adac6d34fadc2db8af99c74f11ba HTTP/1.1" 200 8735 "-" "Mozilla/5.0 (Windows NT 10.0; Win64; x64) AppleWebKit/537.36 (KHTML, like Gecko) Chrome/148.0.0.0 Safari/537.36"
82.157.254.21 - - [25/Aug/2026:19:36:16 +0500] "GET /media/system/js/caption.js?2ae9adac6d34fadc2db8af99c74f11ba HTTP/1.1" 200 491 "-" "Mozilla/5.0 (Windows NT 10.0; Win64; x64) AppleWebKit/537.36 (KHTML, like Gecko) Chrome/148.0.0.0 Safari/537.36"
82.157.254.21 - - [25/Aug/2026:19:36:16 +0500] "GET /plugins/system/jcemediabox/js/jcemediabox.js?fba42f665bbcc4047a23ba92244f4176 HTTP/1.1" 200 57539 "-" "Mozilla/5.0 (Windows NT 10.0; Win64; x64) AppleWebKit/537.36 (KHTML, like Gecko) Chrome/148.0.0.0 Safari/537.36"
82.157.254.21 - - [25/Aug/2026:19:36:17 +0500] "GET /media/jui/js/jquery-migrate.min.js?2ae9adac6d34fadc2db8af99c74f11ba HTTP/1.1" 200 10056 "-" "Mozilla/5.0 (Windows NT 10.0; Win64; x64) AppleWebKit/537.36 (KHTML, like Gecko) Chrome/148.0.0.0 Safari/537.36"
82.157.254.21 - - [25/Aug/2026:19:36:18 +0500] "GET /templates/uml/jquery.js HTTP/1.1" 200 92629 "-" "Mozilla/5.0 (Windows NT 10.0; Win64; x64) AppleWebKit/537.36 (KHTML, like Gecko) Chrome/148.0.0.0 Safari/537.36"
82.157.254.21 - - [25/Aug/2026:19:36:19 +0500] "GET /templates/uml/script.js HTTP/1.1" 200 61982 "-" "Mozilla/5.0 (Windows NT 10.0; Win64; x64) AppleWebKit/537.36 (KHTML, like Gecko) Chrome/148.0.0.0 Safari/537.36"
82.157.254.21 - - [25/Aug/2026:19:36:14 +0500] "GET /media/jui/js/jquery.min.js?2ae9adac6d34fadc2db8af99c74f11ba HTTP/1.1" 200 97646 "-" "Mozilla/5.0 (Windows NT 10.0; Win64; x64) AppleWebKit/537.36 (KHTML, like Gecko) Chrome/148.0.0.0 Safari/537.36"
82.157.254.21 - - [25/Aug/2026:19:36:22 +0500] "GET /templates/uml/script.responsive.js HTTP/1.1" 200 21090 "-" "Mozilla/5.0 (Windows NT 10.0; Win64; x64) AppleWebKit/537.36 (KHTML, like Gecko) Chrome/148.0.0.0 Safari/537.36"
82.157.254.21 - - [25/Aug/2026:19:36:23 +0500] "GET /templates/uml/modules.js HTTP/1.1" 200 - "-" "Mozilla/5.0 (Windows NT 10.0; Win64; x64) AppleWebKit/537.36 (KHTML, like Gecko) Chrome/148.0.0.0 Safari/537.36"
82.157.254.21 - - [25/Aug/2026:19:36:24 +0500] "GET /templates/uml/js/slider/jquery.slider.min.js HTTP/1.1" 200 23665 "-" "Mozilla/5.0 (Windows NT 10.0; Win64; x64) AppleWebKit/537.36 (KHTML, like Gecko) Chrome/148.0.0.0 Safari/537.36"
82.157.254.21 - - [25/Aug/2026:19:36:24 +0500] "GET /templates/uml/js/move-top.js HTTP/1.1" 200 1334 "-" "Mozilla/5.0 (Windows NT 10.0; Win64; x64) AppleWebKit/537.36 (KHTML, like Gecko) Chrome/148.0.0.0 Safari/537.36"
82.157.254.21 - - [25/Aug/2026:19:36:25 +0500] "GET /templates/uml/js/easing.js HTTP/1.1" 200 4898 "-" "Mozilla/5.0 (Windows NT 10.0; Win64; x64) AppleWebKit/537.36 (KHTML, like Gecko) Chrome/148.0.0.0 Safari/537.36"
82.157.254.21 - - [25/Aug/2026:19:36:25 +0500] "GET /media/com_acym/js/module.min.js?v=794 HTTP/1.1" 200 22752 "-" "Mozilla/5.0 (Windows NT 10.0; Win64; x64) AppleWebKit/537.36 (KHTML, like Gecko) Chrome/148.0.0.0 Safari/537.36"
82.157.254.21 - - [25/Aug/2026:19:36:15 +0500] "GET /media/system/js/mootools-more.js?2ae9adac6d34fadc2db8af99c74f11ba HTTP/1.1" 200 236825 "-" "Mozilla/5.0 (Windows NT 10.0; Win64; x64) AppleWebKit/537.36 (KHTML, like Gecko) Chrome/148.0.0.0 Safari/537.36"
82.157.254.21 - - [25/Aug/2026:19:36:42 +0500] "GET /uz/oficially-uzb/vacancies-uzb/2-uncategorised/24-aktsiyadorlar-huquqlarini-himoya-qilish HTTP/1.1" 200 29105 "-" "Mozilla/5.0 (Windows NT 10.0; Win64; x64) AppleWebKit/537.36 (KHTML, like Gecko) Chrome/148.0.0.0 Safari/537.36"
82.157.254.21 - - [25/Aug/2026:19:36:44 +0500] "GET /plugins/system/jcemediabox/css/jcemediabox.css?a3b640def3ef13678e19cfeeb7397c85 HTTP/1.1" 304 - "-" "Mozilla/5.0 (Windows NT 10.0; Win64; x64) AppleWebKit/537.36 (KHTML, like Gecko) Chrome/148.0.0.0 Safari/537.36"
82.157.254.21 - - [25/Aug/2026:19:36:44 +0500] "GET /media/com_acym/css/module.min.css?v=794 HTTP/1.1" 304 - "-" "Mozilla/5.0 (Windows NT 10.0; Win64; x64) AppleWebKit/537.36 (KHTML, like Gecko) Chrome/148.0.0.0 Safari/537.36"
82.157.254.21 - - [25/Aug/2026:19:36:44 +0500] "GET /media/jui/js/jquery.min.js?2ae9adac6d34fadc2db8af99c74f11ba HTTP/1.1" 304 - "-" "Mozilla/5.0 (Windows NT 10.0; Win64; x64) AppleWebKit/537.36 (KHTML, like Gecko) Chrome/148.0.0.0 Safari/537.36"
82.157.254.21 - - [25/Aug/2026:19:36:44 +0500] "GET /media/jui/js/jquery-migrate.min.js?2ae9adac6d34fadc2db8af99c74f11ba HTTP/1.1" 304 - "-" "Mozilla/5.0 (Windows NT 10.0; Win64; x64) AppleWebKit/537.36 (KHTML, like Gecko) Chrome/148.0.0.0 Safari/537.36"
82.157.254.21 - - [25/Aug/2026:19:36:44 +0500] "GET /media/system/js/mootools-core.js?2ae9adac6d34fadc2db8af99c74f11ba HTTP/1.1" 304 - "-" "Mozilla/5.0 (Windows NT 10.0; Win64; x64) AppleWebKit/537.36 (KHTML, like Gecko) Chrome/148.0.0.0 Safari/537.36"
82.157.254.21 - - [25/Aug/2026:19:36:44 +0500] "GET /media/system/js/core.js?2ae9adac6d34fadc2db8af99c74f11ba HTTP/1.1" 304 - "-" "Mozilla/5.0 (Windows NT 10.0; Win64; x64) AppleWebKit/537.36 (KHTML, like Gecko) Chrome/148.0.0.0 Safari/537.36"
82.157.254.21 - - [25/Aug/2026:19:36:45 +0500] "GET /media/system/js/caption.js?2ae9adac6d34fadc2db8af99c74f11ba HTTP/1.1" 304 - "-" "Mozilla/5.0 (Windows NT 10.0; Win64; x64) AppleWebKit/537.36 (KHTML, like Gecko) Chrome/148.0.0.0 Safari/537.36"
82.157.254.21 - - [25/Aug/2026:19:36:45 +0500] "GET /plugins/system/jcemediabox/js/jcemediabox.js?fba42f665bbcc4047a23ba92244f4176 HTTP/1.1" 304 - "-" "Mozilla/5.0 (Windows NT 10.0; Win64; x64) AppleWebKit/537.36 (KHTML, like Gecko) Chrome/148.0.0.0 Safari/537.36"
82.157.254.21 - - [25/Aug/2026:19:36:45 +0500] "GET /plugins/system/jcemediabox/themes/standard/css/style.css?10da0a5fa45a7c3d7e5b40a5d80e8773 HTTP/1.1" 304 - "-" "Mozilla/5.0 (Windows NT 10.0; Win64; x64) AppleWebKit/537.36 (KHTML, like Gecko) Chrome/148.0.0.0 Safari/537.36"
82.157.254.21 - - [25/Aug/2026:19:36:45 +0500] "GET /templates/uml/modules.js HTTP/1.1" 200 - "-" "Mozilla/5.0 (Windows NT 10.0; Win64; x64) AppleWebKit/537.36 (KHTML, like Gecko) Chrome/148.0.0.0 Safari/537.36"
82.157.254.21 - - [25/Aug/2026:19:36:45 +0500] "GET /media/com_acym/js/module.min.js?v=794 HTTP/1.1" 304 - "-" "Mozilla/5.0 (Windows NT 10.0; Win64; x64) AppleWebKit/537.36 (KHTML, like Gecko) Chrome/148.0.0.0 Safari/537.36"
82.157.254.21 - - [25/Aug/2026:19:36:49 +0500] "GET /media/jui/js/jquery-noconflict.js?2ae9adac6d34fadc2db8af99c74f11ba HTTP/1.1" 304 - "-" "Mozilla/5.0 (Windows NT 10.0; Win64; x64) AppleWebKit/537.36 (KHTML, like Gecko) Chrome/148.0.0.0 Safari/537.36"
82.157.254.21 - - [25/Aug/2026:19:36:45 +0500] "GET /media/system/js/mootools-more.js?2ae9adac6d34fadc2db8af99c74f11ba HTTP/1.1" 200 236825 "-" "Mozilla/5.0 (Windows NT 10.0; Win64; x64) AppleWebKit/537.36 (KHTML, like Gecko) Chrome/148.0.0.0 Safari/537.36"
82.157.254.21 - - [25/Aug/2026:19:36:57 +0500] "GET /media/system/css/system.css HTTP/1.1" 200 1433 "-" "Mozilla/5.0 (Windows NT 10.0; Win64; x64) AppleWebKit/537.36 (KHTML, like Gecko) Chrome/148.0.0.0 Safari/537.36"
82.157.254.21 - - [25/Aug/2026:19:36:57 +0500] "GET /plugins/system/jcemediabox/themes/standard/popup.html HTTP/1.1" 200 1802 "-" "Mozilla/5.0 (Windows NT 10.0; Win64; x64) AppleWebKit/537.36 (KHTML, like Gecko) Chrome/148.0.0.0 Safari/537.36"
34.10.180.98 - - [25/Aug/2026:19:37:46 +0500] "GET /uz/component/mailto/?link=f2df07890ae90ad84cbe0f747a31164a3745f52f&template=uml&tmpl=component HTTP/1.1" 200 4558 "-" "Mozilla/5.0 (Macintosh; Intel Mac OS X 10_15_7) AppleWebKit/537.36 (KHTML, like Gecko) Chrome/120.0.0.0 Safari/537.36"
34.56.53.225 - - [25/Aug/2026:19:38:03 +0500] "GET /ru/?character=P_RAYQUAZA&main_page=product_list&start=25 HTTP/1.1" 200 44963 "-" "Mozilla/5.0 (Macintosh; Intel Mac OS X 10_15_7) AppleWebKit/537.36 (KHTML, like Gecko) Chrome/120.0.0.0 Safari/537.36"
34.123.149.87 - - [25/Aug/2026:19:38:09 +0500] "GET /uz/?cbid=1398859&csid=0&mode=cate&start=15 HTTP/1.1" 200 45600 "-" "Mozilla/5.0 (Macintosh; Intel Mac OS X 10_15_7) AppleWebKit/537.36 (KHTML, like Gecko) Chrome/120.0.0.0 Safari/537.36"
47.82.15.10 - - [25/Aug/2026:19:38:46 +0500] "GET /ru/officially-rus/vacancies-rus?template=uml HTTP/1.1" 200 30251 "-" "Mozilla/5.0 (Macintosh; Intel Mac OS X 10_15_7) AppleWebKit/537.36 (KHTML, like Gecko) Chrome/146.0.0.0 Safari/537.36"
185.191.171.15 - - [25/Aug/2026:19:39:01 +0500] "GET /ru/?gid=2472505&mode=grp HTTP/1.1" 200 49320 "-" "Mozilla/5.0 (compatible; SemrushBot/7~bl; +http://www.semrush.com/bot.html)"
34.56.53.225 - - [25/Aug/2026:19:39:12 +0500] "GET /uz/about-org-uzb/activity-uzb-2?template=uml HTTP/1.1" 200 27422 "-" "Mozilla/5.0 (Macintosh; Intel Mac OS X 10_15_7) AppleWebKit/537.36 (KHTML, like Gecko) Chrome/120.0.0.0 Safari/537.36"
49.51.72.76 - - [25/Aug/2026:19:40:45 +0500] "GET /uz/interactive-uzb/application-uzb?template=accessibility HTTP/1.1" 200 23428 "-" "Mozilla/5.0 (iPhone; CPU iPhone OS 13_2_3 like Mac OS X) AppleWebKit/605.1.15 (KHTML, like Gecko) Version/13.0.3 Mobile/15E148 Safari/604.1"
34.30.223.149 - - [25/Aug/2026:19:40:59 +0500] "GET /ru/?cat=21&start=15 HTTP/1.1" 200 48615 "-" "Mozilla/5.0 (Macintosh; Intel Mac OS X 10_15_7) AppleWebKit/537.36 (KHTML, like Gecko) Chrome/120.0.0.0 Safari/537.36"
173.252.82.85 - - [25/Aug/2026:19:41:57 +0500] "GET /robots.txt HTTP/1.1" 301 - "-" "facebookexternalhit/1.1 (+http://www.facebook.com/externalhit_uatext.php)"
173.252.95.35 - - [25/Aug/2026:19:41:57 +0500] "GET /robots.txt HTTP/1.1" 301 - "-" "facebookexternalhit/1.1 (+http://www.facebook.com/externalhit_uatext.php)"
173.252.82.43 - - [25/Aug/2026:19:41:58 +0500] "GET /robots.txt HTTP/1.1" 301 - "-" "facebookexternalhit/1.1 (+http://www.facebook.com/externalhit_uatext.php)"
173.252.95.66 - - [25/Aug/2026:19:41:58 +0500] "GET /robots.txt HTTP/1.1" 301 - "-" "facebookexternalhit/1.1 (+http://www.facebook.com/externalhit_uatext.php)"
173.252.95.58 - - [25/Aug/2026:19:42:03 +0500] "GET /ru/robots.txt HTTP/1.1" 404 1892 "-" "facebookexternalhit/1.1 (+http://www.facebook.com/externalhit_uatext.php)"
173.252.82.72 - - [25/Aug/2026:19:42:03 +0500] "GET /ru/robots.txt HTTP/1.1" 404 1892 "-" "facebookexternalhit/1.1 (+http://www.facebook.com/externalhit_uatext.php)"
34.123.149.87 - - [25/Aug/2026:19:42:45 +0500] "GET /uz/?cbid=2383502&csid=0&mode=cate&start=10 HTTP/1.1" 200 47159 "-" "Mozilla/5.0 (Macintosh; Intel Mac OS X 10_15_7) AppleWebKit/537.36 (KHTML, like Gecko) Chrome/120.0.0.0 Safari/537.36"
185.191.171.5 - - [25/Aug/2026:19:42:56 +0500] "GET /uz/shareholders-uzb/events-uzb/2-uncategorised/41-contacts-rus HTTP/1.1" 508 288 "-" "Mozilla/5.0 (compatible; SemrushBot/7~bl; +http://www.semrush.com/bot.html)"
34.30.223.149 - - [25/Aug/2026:19:43:44 +0500] "GET /uz/interactive-uzb/faq-uzb/2-uncategorised/14-conditions-rus?print=1&tmpl=component HTTP/1.1" 200 6160 "-" "Mozilla/5.0 (Macintosh; Intel Mac OS X 10_15_7) AppleWebKit/537.36 (KHTML, like Gecko) Chrome/120.0.0.0 Safari/537.36"
185.191.171.15 - - [25/Aug/2026:19:44:13 +0500] "GET /ru/?page_id=23 HTTP/1.1" 200 49291 "-" "Mozilla/5.0 (compatible; SemrushBot/7~bl; +http://www.semrush.com/bot.html)"
34.123.149.87 - - [25/Aug/2026:19:44:17 +0500] "GET /uz/?cbid=1844765&csid=0&mode=cate HTTP/1.1" 200 46766 "-" "Mozilla/5.0 (Macintosh; Intel Mac OS X 10_15_7) AppleWebKit/537.36 (KHTML, like Gecko) Chrome/120.0.0.0 Safari/537.36"
85.208.96.200 - - [25/Aug/2026:19:44:36 +0500] "GET /ru/?gid=2472479&start=15 HTTP/1.1" 200 48503 "-" "Mozilla/5.0 (compatible; SemrushBot/7~bl; +http://www.semrush.com/bot.html)"
34.56.53.225 - - [25/Aug/2026:19:44:55 +0500] "GET /ru/?p=71 HTTP/1.1" 508 288 "-" "Mozilla/5.0 (Macintosh; Intel Mac OS X 10_15_7) AppleWebKit/537.36 (KHTML, like Gecko) Chrome/120.0.0.0 Safari/537.36"
47.82.51.88 - - [25/Aug/2026:19:44:51 +0500] "GET /ru/?dispatch=orders.search HTTP/1.1" 200 49311 "-" "Mozilla/5.0 (Windows NT 10.0; Win64; x64) AppleWebKit/537.36 (KHTML, like Gecko) Chrome/143.0.0.0 Safari/537.36"
85.208.96.199 - - [25/Aug/2026:19:45:18 +0500] "GET /ru/?cbid=2214419&csid=0&mode=cate&start=5 HTTP/1.1" 200 52008 "-" "Mozilla/5.0 (compatible; SemrushBot/7~bl; +http://www.semrush.com/bot.html)"
34.171.68.95 - - [25/Aug/2026:19:46:52 +0500] "GET /uz/news-uzb?start=10&template=accessibility HTTP/1.1" 508 288 "-" "Mozilla/5.0 (Macintosh; Intel Mac OS X 10_15_7) AppleWebKit/537.36 (KHTML, like Gecko) Chrome/120.0.0.0 Safari/537.36"
34.56.53.225 - - [25/Aug/2026:19:46:54 +0500] "GET /ru/component/mailto/?link=f98fad5c865d665c3f8a3589eb749b9ac7634360&template=accessibility&tmpl=component HTTP/1.1" 508 288 "-" "Mozilla/5.0 (Macintosh; Intel Mac OS X 10_15_7) AppleWebKit/537.36 (KHTML, like Gecko) Chrome/120.0.0.0 Safari/537.36"
34.10.180.98 - - [25/Aug/2026:19:47:27 +0500] "GET /ru/component/mailto/?link=70956a40e248ea52ff0567f18d80e334b005063a&template=uml&tmpl=component HTTP/1.1" 508 288 "-" "Mozilla/5.0 (Macintosh; Intel Mac OS X 10_15_7) AppleWebKit/537.36 (KHTML, like Gecko) Chrome/120.0.0.0 Safari/537.36"
85.208.96.207 - - [25/Aug/2026:19:47:36 +0500] "GET /ru/?cbid=1425873%25%27AND%2F%2A%2A%2F7929%3DCONCAT%28%27~%27%2C%28SELECT%2F%2A%2A%2F%28CASE%2F%2A%2A%2FWHEN%2F%2A%2A%2F%287929%3D7929%29%2F%2A%2A%2FTHEN%2F%2A%2A%2F%271%27%2F%2A%2A%2FELSE%2F%2A%2A%2F%270%27%2F%2A%2A%2FEND%29%29%2C%27~%27%29%20AND%20%27jlFxZ1i4%25%27%3D%27jlFxZ1i4&csid=0&start=15 HTTP/1.1" 508 288 "-" "Mozilla/5.0 (compatible; SemrushBot/7~bl; +http://www.semrush.com/bot.html)"
34.123.149.87 - - [25/Aug/2026:19:48:06 +0500] "GET /ru/?format=feed&p=2163&type=rss HTTP/1.1" 508 288 "-" "Mozilla/5.0 (Macintosh; Intel Mac OS X 10_15_7) AppleWebKit/537.36 (KHTML, like Gecko) Chrome/120.0.0.0 Safari/537.36"
34.123.149.87 - - [25/Aug/2026:19:48:05 +0500] "GET /ru/?cbid=1574488&csid=1&format=feed&mode=cate&type=rss HTTP/1.1" 200 11140 "-" "Mozilla/5.0 (Macintosh; Intel Mac OS X 10_15_7) AppleWebKit/537.36 (KHTML, like Gecko) Chrome/120.0.0.0 Safari/537.36"
34.10.180.98 - - [25/Aug/2026:19:48:11 +0500] "GET /ru/?format=feed&gid=2472482&mode=grp&type=rss HTTP/1.1" 200 11871 "-" "Mozilla/5.0 (Macintosh; Intel Mac OS X 10_15_7) AppleWebKit/537.36 (KHTML, like Gecko) Chrome/120.0.0.0 Safari/537.36"
34.10.180.98 - - [25/Aug/2026:19:48:18 +0500] "GET /ru/?format=feed&p=65&type=atom HTTP/1.1" 200 18379 "-" "Mozilla/5.0 (Macintosh; Intel Mac OS X 10_15_7) AppleWebKit/537.36 (KHTML, like Gecko) Chrome/120.0.0.0 Safari/537.36"
185.191.171.17 - - [25/Aug/2026:19:48:35 +0500] "GET /ru/?gid=485758&start=20 HTTP/1.1" 508 288 "-" "Mozilla/5.0 (compatible; SemrushBot/7~bl; +http://www.semrush.com/bot.html)"
34.123.149.87 - - [25/Aug/2026:19:48:35 +0500] "GET /uz/component/mailto/?link=64aa834014bdcb20c156784b7f4a6e7a1e48ed49&template=uml&tmpl=component HTTP/1.1" 508 288 "-" "Mozilla/5.0 (Macintosh; Intel Mac OS X 10_15_7) AppleWebKit/537.36 (KHTML, like Gecko) Chrome/120.0.0.0 Safari/537.36"
34.56.53.225 - - [25/Aug/2026:19:48:37 +0500] "GET /uz/component/mailto/?link=8ab44dab9c05fcfcf72b08037075a2183f63d86d&template=uml&tmpl=component HTTP/1.1" 200 4558 "-" "Mozilla/5.0 (Macintosh; Intel Mac OS X 10_15_7) AppleWebKit/537.36 (KHTML, like Gecko) Chrome/120.0.0.0 Safari/537.36"
34.10.180.98 - - [25/Aug/2026:19:49:32 +0500] "GET /uz/component/mailto/?link=b72d16f733d93d6bdc7dfcbc442e43e178a67f6c&template=uml&tmpl=component HTTP/1.1" 200 4558 "-" "Mozilla/5.0 (Macintosh; Intel Mac OS X 10_15_7) AppleWebKit/537.36 (KHTML, like Gecko) Chrome/120.0.0.0 Safari/537.36"
47.82.55.203 - - [25/Aug/2026:19:51:02 +0500] "GET /ru/?category_name=new%27+AND+%2C%28SELECT%2F%2A%2A%2F6732%2F%2A%2A%2FFROM%2F%2A%2A%2F%28SELECT%2F%2A%2A%2FROW%286732%2C3257%29%3E%28SELECT%2F%2A%2A%2FCOUNT%28%2A%29%2CCONCAT%28%27~%27%2C%28SELECT%2F%2A%2A%2F%28ELT%286732%3D6732%2C1%29%29%29%2C%27~%27%2CFLOOR%28RAND%280%29%2A2%29%29x%2F%2A%2A%2FFROM%2F%2A%2A%2F%28SELECT%2F%2A%2A%2F4612%2F%2A%2A%2FUNION%2F%2A%2A%2FSELECT%2F%2A%2A%2F9632%2F%2A%2A%2FUNION%2F%2A%2A%2FSELECT%2F%2A%2A%2F7756%2F%2A%2A%2FUNION%2F%2A%2A%2FSELECT%2F%2A%2A%2F5305%29a%2F%2A%2A%2FGROUP%2F%2A%2A%2FBY%2F%2A%2A%2Fx%29%29s%29--+-&start=10 HTTP/1.1" 200 52972 "-" "Mozilla/5.0 (Macintosh; Intel Mac OS X 10_15_7) AppleWebKit/537.36 (KHTML, like Gecko) Chrome/139.0.0.0 Safari/537.36"
43.165.186.188 - - [25/Aug/2026:19:51:16 +0500] "GET /uz/shareholders-uzb/dividends-uzb/1184-dividends-2020-uz HTTP/1.1" 508 288 "-" "Mozilla/5.0 (iPhone; CPU iPhone OS 13_2_3 like Mac OS X) AppleWebKit/605.1.15 (KHTML, like Gecko) Version/13.0.3 Mobile/15E148 Safari/604.1"
34.56.124.53 - - [25/Aug/2026:19:51:23 +0500] "GET /ru/component/mailto/?link=2f92b594998f2566b4149a197a2f629678c83b58&template=uml&tmpl=component HTTP/1.1" 200 4553 "-" "Mozilla/5.0 (Macintosh; Intel Mac OS X 10_15_7) AppleWebKit/537.36 (KHTML, like Gecko) Chrome/120.0.0.0 Safari/537.36"
47.82.15.84 - - [25/Aug/2026:19:51:27 +0500] "GET /ru/?gid=421557&mode=grp&start=20 HTTP/1.1" 200 50674 "-" "Mozilla/5.0 (Windows NT 10.0; Win64; x64) AppleWebKit/537.36 (KHTML, like Gecko) Chrome/146.0.0.0 Safari/537.36"
85.208.96.203 - - [25/Aug/2026:19:51:30 +0500] "GET /ru/?category_name=new%27%2B%28SELECT%20%27Gmv3l9b4%27%20WHERE%2010534%3D10534%2C%28%2F%2A%2150000SELECT%2A%2F2340%2F%2A%2150000FROM%2A%2F%28%2F%2A%2150000SELECT%2A%2FJSON_KEYS%28%28%2F%2A%2150000SELECT%2A%2F%2F%2A%2150000CONVERT%2A%2F%28%28%2F%2A%2150000SELECT%2A%2F%2F%2A%2150000CONCAT%2A%2F%28%27~%27%2C%28%2F%2A%2150000SELECT%2A%2F%28ELT%282340%3D2340%2C1%29%29%29%2C%27~%27%29%29%2F%2A%2A%2FUSING%2F%2A%2A%2Futf8%29%29%29%29x%29%29%2B%27&start=20 HTTP/1.1" 200 50674 "-" "Mozilla/5.0 (compatible; SemrushBot/7~bl; +http://www.semrush.com/bot.html)"
85.208.96.196 - - [25/Aug/2026:19:51:39 +0500] "GET /ru/?cbid=1425873&csid=0%27%29%20AND%20aND%2F%2A%2A%2F6989%3DuTl_InADdR.Get_HOSt_namE%28%28SeleCT%2F%2A%2A%2FcHR%28126%29%7C%7C%27~%27%7C%7C%28sElect%2F%2A%2A%2F%28CaSe%2F%2A%2A%2FwheN%2F%2A%2A%2F%286989%3D6989%29%2F%2A%2A%2FTHeN%2F%2A%2A%2F1%2F%2A%2A%2FElSE%2F%2A%2A%2F0%2F%2A%2A%2Fend%29%2F%2A%2A%2FfrOM%2F%2A%2A%2FdUaL%29%7C%7C%27~%27%7C%7CcHr%28126%29%2F%2A%2A%2FfroM%2F%2A%2A%2FDUal%29%29--%20-&start=25 HTTP/1.1" 200 45034 "-" "Mozilla/5.0 (compatible; SemrushBot/7~bl; +http://www.semrush.com/bot.html)"
185.191.171.17 - - [25/Aug/2026:19:51:49 +0500] "GET /ru/?cbid=2118248&csid=0&start=15 HTTP/1.1" 200 48564 "-" "Mozilla/5.0 (compatible; SemrushBot/7~bl; +http://www.semrush.com/bot.html)"
17.241.75.104 - - [25/Aug/2026:19:52:01 +0500] "GET /ru/?gid=2472498&mode=grp HTTP/1.1" 200 49291 "-" "Mozilla/5.0 (Macintosh; Intel Mac OS X 10_15_7) AppleWebKit/605.1.15 (KHTML, like Gecko) Version/17.4 Safari/605.1.15 (Applebot/0.1; +http://www.apple.com/go/applebot)"
141.94.101.142 - - [25/Aug/2026:19:52:12 +0500] "GET /robots.txt HTTP/1.1" 301 - "-" "Mozilla/5.0 (compatible; MJ12bot/v1.4.8; http://mj12bot.com/)"
141.94.101.142 - - [25/Aug/2026:19:52:16 +0500] "GET /ru/robots.txt HTTP/1.1" 404 1892 "-" "Mozilla/5.0 (compatible; MJ12bot/v1.4.8; http://mj12bot.com/)"
141.94.101.142 - - [25/Aug/2026:19:52:20 +0500] "GET /ru/?cbid=2058622&csid=0&mode=cate&start=5 HTTP/1.1" 200 50975 "-" "Mozilla/5.0 (compatible; MJ12bot/v1.4.8; http://mj12bot.com/)"
141.94.101.142 - - [25/Aug/2026:19:52:32 +0500] "GET /ru/?cbid=2211837&csid=0&mode=cate&start=25 HTTP/1.1" 200 45034 "-" "Mozilla/5.0 (compatible; MJ12bot/v1.4.8; http://mj12bot.com/)"
141.94.101.142 - - [25/Aug/2026:19:52:38 +0500] "GET /ru/?cbid=2276995&csid=0 HTTP/1.1" 200 49291 "-" "Mozilla/5.0 (compatible; MJ12bot/v1.4.8; http://mj12bot.com/)"
185.191.171.6 - - [25/Aug/2026:19:52:46 +0500] "GET /ru/?qfunc=sync HTTP/1.1" 508 288 "-" "Mozilla/5.0 (compatible; SemrushBot/7~bl; +http://www.semrush.com/bot.html)"
141.94.101.142 - - [25/Aug/2026:19:52:49 +0500] "GET /ru/?gid=1752928&mode=grp&sort=n HTTP/1.1" 508 288 "-" "Mozilla/5.0 (compatible; MJ12bot/v1.4.8; http://mj12bot.com/)"
141.94.101.142 - - [25/Aug/2026:19:52:53 +0500] "GET /ru/?gid=1752928&mode=grp&sort=n&start=5 HTTP/1.1" 200 50975 "-" "Mozilla/5.0 (compatible; MJ12bot/v1.4.8; http://mj12bot.com/)"
185.191.171.2 - - [25/Aug/2026:19:52:54 +0500] "GET /ru/?cbid=1425873%27%2C%28CasT%28%27~%27%7C%7C%28selEcT%2F%2A%2A%2F%28casE%2F%2A%2A%2FwHEn%2F%2A%2A%2F%2810034%3D10034%29%2F%2A%2A%2FtHen%2F%2A%2A%2F1%2F%2A%2A%2FElsE%2F%2A%2A%2F0%2F%2A%2A%2FEnd%29%29%3A%3ATEXT%7C%7C%27~%27%2F%2A%2A%2FAS%2F%2A%2A%2FnuMeRic%29%29--%20-&csid=0&start=15 HTTP/1.1" 200 48584 "-" "Mozilla/5.0 (compatible; SemrushBot/7~bl; +http://www.semrush.com/bot.html)"
17.22.237.30 - - [25/Aug/2026:19:52:56 +0500] "GET /uz/oficially-uzb/norm-baza-uzb HTTP/1.1" 200 30875 "-" "Mozilla/5.0 (Macintosh; Intel Mac OS X 10_15_7) AppleWebKit/605.1.15 (KHTML, like Gecko) Version/17.4 Safari/605.1.15 (Applebot/0.1; +http://www.apple.com/go/applebot)"
34.30.223.149 - - [25/Aug/2026:19:53:18 +0500] "GET /ru/component/mailto/?link=22a0362a64beeb802e35170ef8b7b2534ddbc2d5&template=accessibility&tmpl=component HTTP/1.1" 508 288 "-" "Mozilla/5.0 (Macintosh; Intel Mac OS X 10_15_7) AppleWebKit/537.36 (KHTML, like Gecko) Chrome/120.0.0.0 Safari/537.36"
141.94.101.142 - - [25/Aug/2026:19:53:23 +0500] "GET /ru/?gid=421557&mode=grp&sort=n&start=10 HTTP/1.1" 508 288 "-" "Mozilla/5.0 (compatible; MJ12bot/v1.4.8; http://mj12bot.com/)"
141.94.101.142 - - [25/Aug/2026:19:53:25 +0500] "GET /ru/?gid=421557&mode=grp&sort=n&start=15 HTTP/1.1" 200 48564 "-" "Mozilla/5.0 (compatible; MJ12bot/v1.4.8; http://mj12bot.com/)"
141.94.101.142 - - [25/Aug/2026:19:53:30 +0500] "GET /ru/?gid=421557&mode=grp&sort=n&start=25 HTTP/1.1" 508 288 "-" "Mozilla/5.0 (compatible; MJ12bot/v1.4.8; http://mj12bot.com/)"
141.94.101.142 - - [25/Aug/2026:19:53:32 +0500] "GET /ru/?gid=421557&mode=grp&sort=n&start=5 HTTP/1.1" 200 50975 "-" "Mozilla/5.0 (compatible; MJ12bot/v1.4.8; http://mj12bot.com/)"
141.94.101.142 - - [25/Aug/2026:19:53:38 +0500] "GET /ru/?gid=471772&mode=grp HTTP/1.1" 508 288 "-" "Mozilla/5.0 (compatible; MJ12bot/v1.4.8; http://mj12bot.com/)"
141.94.101.142 - - [25/Aug/2026:19:53:39 +0500] "GET /ru/?gid=471772&mode=grp&start=10 HTTP/1.1" 508 288 "-" "Mozilla/5.0 (compatible; MJ12bot/v1.4.8; http://mj12bot.com/)"
47.82.14.238 - - [25/Aug/2026:19:53:36 +0500] "GET /ru/?category_name=new%27+AND+AND%2F%2A%2A%2FJSON_KEYS%28%28SELECT%2F%2A%2A%2FCONVERT%28%28SELECT%2F%2A%2A%2FCONCAT%28%27~%27%2C%28SELECT%2F%2A%2A%2F%28ELT%2810443%3D10443%2C1%29%29%29%2C%27~%27%29%29%2F%2A%2A%2FUSING%2F%2A%2A%2Futf8%29%29%29--+-&start=5 HTTP/1.1" 200 50995 "-" "Mozilla/5.0 (Windows NT 10.0; Win64; x64) AppleWebKit/537.36 (KHTML, like Gecko) Chrome/146.0.0.0 Safari/537.36"
34.171.68.95 - - [25/Aug/2026:19:53:41 +0500] "GET /ru/?format=feed&gid=406327&mode=grp&type=rss HTTP/1.1" 200 11126 "-" "Mozilla/5.0 (Macintosh; Intel Mac OS X 10_15_7) AppleWebKit/537.36 (KHTML, like Gecko) Chrome/120.0.0.0 Safari/537.36"
141.94.101.142 - - [25/Aug/2026:19:53:55 +0500] "GET /ru/?gid=887761&mode=grp&sort=n&start=20 HTTP/1.1" 508 288 "-" "Mozilla/5.0 (compatible; MJ12bot/v1.4.8; http://mj12bot.com/)"
185.191.171.8 - - [25/Aug/2026:19:54:31 +0500] "GET /ru/?__waf_test__=%27%20OR%20%271%27%3D%271%27%20UNION%20SELECT%20NULL%2C%27%3Cscript%3Ealert%281%29%3C%2Fscript%3E%27%2Ctable_name%20FROM%20information_schema.tables%20WHERE%202%3E1--%2F%2A%2A%2F%3B%20EXEC%20xp_cmdshell%28%27cat%20%2Fetc%2Fpasswd%27%29&start=25 HTTP/1.1" 403 1060 "-" "Mozilla/5.0 (compatible; SemrushBot/7~bl; +http://www.semrush.com/bot.html)"
34.30.223.149 - - [25/Aug/2026:19:54:36 +0500] "GET /ru/component/mailto/?link=70dd21d792b94bf468e0ff47d5dc51841cd47a2d&template=uml&tmpl=component HTTP/1.1" 508 288 "-" "Mozilla/5.0 (Macintosh; Intel Mac OS X 10_15_7) AppleWebKit/537.36 (KHTML, like Gecko) Chrome/120.0.0.0 Safari/537.36"
34.30.223.149 - - [25/Aug/2026:19:54:41 +0500] "GET /images/content/13.%D0%93%D0%BE%D0%B4%D0%BE%D0%B2%D0%BE%D0%B9_%D0%BE%D1%82%D1%87%D0%B5%D1%82_%D0%B7%D0%B0_2016_%D0%B3%D0%BE%D0%B4_1.doc HTTP/1.1" 301 - "-" "Mozilla/5.0 (Macintosh; Intel Mac OS X 10_15_7) AppleWebKit/537.36 (KHTML, like Gecko) Chrome/120.0.0.0 Safari/537.36"
141.94.101.142 - - [25/Aug/2026:19:54:56 +0500] "GET /robots.txt HTTP/1.1" 508 288 "-" "Mozilla/5.0 (compatible; MJ12bot/v1.4.8; http://mj12bot.com/)"
17.241.227.137 - - [25/Aug/2026:19:54:56 +0500] "GET /media/ext_tss/assets/css/style.css HTTP/1.1" 200 2396 "http://uml.uz/ru/?gid=2472498&mode=grp" "Mozilla/5.0 (Macintosh; Intel Mac OS X 10_15_7) AppleWebKit/605.1.15 (KHTML, like Gecko) Version/17.4 Safari/605.1.15 (Applebot/0.1; +http://www.apple.com/go/applebot)"
17.241.227.137 - - [25/Aug/2026:19:54:57 +0500] "GET /media/ext_tss/assets/js/script.js HTTP/1.1" 200 1117 "http://uml.uz/ru/?gid=2472498&mode=grp" "Mozilla/5.0 (Macintosh; Intel Mac OS X 10_15_7) AppleWebKit/605.1.15 (KHTML, like Gecko) Version/17.4 Safari/605.1.15 (Applebot/0.1; +http://www.apple.com/go/applebot)"
34.30.223.149 - - [25/Aug/2026:19:55:10 +0500] "GET /ru/?feature=youtu.be'&v=sulkamsg30y HTTP/1.1" 508 288 "-" "Mozilla/5.0 (Macintosh; Intel Mac OS X 10_15_7) AppleWebKit/537.36 (KHTML, like Gecko) Chrome/120.0.0.0 Safari/537.36"
141.94.101.142 - - [25/Aug/2026:19:55:46 +0500] "GET /robots.txt HTTP/1.1" 508 288 "-" "Mozilla/5.0 (compatible; MJ12bot/v1.4.8; http://mj12bot.com/)"
141.94.101.142 - - [25/Aug/2026:19:56:23 +0500] "GET /ru/?p=41084 HTTP/1.1" 200 49291 "-" "Mozilla/5.0 (compatible; MJ12bot/v1.4.8; http://mj12bot.com/)"
34.30.223.149 - - [25/Aug/2026:19:56:27 +0500] "GET /uz/?cbid=1398843&csid=0&mode=cate&start=5 HTTP/1.1" 508 288 "-" "Mozilla/5.0 (Macintosh; Intel Mac OS X 10_15_7) AppleWebKit/537.36 (KHTML, like Gecko) Chrome/120.0.0.0 Safari/537.36"
141.94.101.142 - - [25/Aug/2026:19:56:28 +0500] "GET /ru/?p=41084&start=15 HTTP/1.1" 508 288 "-" "Mozilla/5.0 (compatible; MJ12bot/v1.4.8; http://mj12bot.com/)"
141.94.101.142 - - [25/Aug/2026:19:56:30 +0500] "GET /ru/?p=41084&start=25 HTTP/1.1" 508 288 "-" "Mozilla/5.0 (compatible; MJ12bot/v1.4.8; http://mj12bot.com/)"
185.191.171.13 - - [25/Aug/2026:19:56:32 +0500] "GET /uz/oficially-uzb/vacancies-uzb/2-uncategorised/27-15-nastuplenie-srokov-ispolneniya-obyazatelstv-emitenta-pered-vladeltsami-ego-tsennykh-bumag-07-07-2014 HTTP/1.1" 508 288 "-" "Mozilla/5.0 (compatible; SemrushBot/7~bl; +http://www.semrush.com/bot.html)"
141.94.101.142 - - [25/Aug/2026:19:56:31 +0500] "GET /ru/?p=41084&start=5 HTTP/1.1" 200 50975 "-" "Mozilla/5.0 (compatible; MJ12bot/v1.4.8; http://mj12bot.com/)"
141.94.101.142 - - [25/Aug/2026:19:56:37 +0500] "GET /ru/?p=43833 HTTP/1.1" 200 49291 "-" "Mozilla/5.0 (compatible; MJ12bot/v1.4.8; http://mj12bot.com/)"
34.10.180.98 - - [25/Aug/2026:19:56:54 +0500] "GET /ru/?dispatch=orders.search&format=feed&type=rss HTTP/1.1" 200 11001 "-" "Mozilla/5.0 (Macintosh; Intel Mac OS X 10_15_7) AppleWebKit/537.36 (KHTML, like Gecko) Chrome/120.0.0.0 Safari/537.36"
141.94.101.142 - - [25/Aug/2026:19:57:23 +0500] "GET /ru/?page=2 HTTP/1.1" 200 49291 "-" "Mozilla/5.0 (compatible; MJ12bot/v1.4.8; http://mj12bot.com/)"
141.94.101.142 - - [25/Aug/2026:19:57:27 +0500] "GET /ru/?page_id=2917&start=5 HTTP/1.1" 200 50975 "-" "Mozilla/5.0 (compatible; MJ12bot/v1.4.8; http://mj12bot.com/)"
34.171.68.95 - - [25/Aug/2026:19:57:40 +0500] "GET /ru/component/mailto/?link=212e4011921ccae31ef131382dc2e0ad193b69bf&template=uml&tmpl=component HTTP/1.1" 200 4525 "-" "Mozilla/5.0 (Macintosh; Intel Mac OS X 10_15_7) AppleWebKit/537.36 (KHTML, like Gecko) Chrome/120.0.0.0 Safari/537.36"
141.94.101.142 - - [25/Aug/2026:19:57:45 +0500] "GET /robots.txt HTTP/1.1" 508 288 "-" "Mozilla/5.0 (compatible; MJ12bot/v1.4.8; http://mj12bot.com/)"
34.123.149.87 - - [25/Aug/2026:19:59:10 +0500] "GET /ru/?s=%E3%82%B8%E3%83%96%E3%83%B3%E5%B0%82%E7%94%A8%E3%83%91%E3%82%BD%E3%82%B3%E3%83%B3&start=25 HTTP/1.1" 200 45280 "-" "Mozilla/5.0 (Macintosh; Intel Mac OS X 10_15_7) AppleWebKit/537.36 (KHTML, like Gecko) Chrome/120.0.0.0 Safari/537.36"
34.10.180.98 - - [25/Aug/2026:20:00:04 +0500] "GET /ru/?cbid=1904499&csid=0&start=5 HTTP/1.1" 200 50975 "-" "Mozilla/5.0 (Macintosh; Intel Mac OS X 10_15_7) AppleWebKit/537.36 (KHTML, like Gecko) Chrome/120.0.0.0 Safari/537.36"
66.249.75.67 - - [25/Aug/2026:20:00:20 +0500] "GET /images/design/old-site.jpg HTTP/1.1" 200 5444 "-" "Googlebot-Image/1.0"
85.208.96.210 - - [25/Aug/2026:20:00:40 +0500] "GET /ru/?gid=866360&mode=grp&sort=n HTTP/1.1" 508 288 "-" "Mozilla/5.0 (compatible; SemrushBot/7~bl; +http://www.semrush.com/bot.html)"
216.244.66.244 - - [25/Aug/2026:20:00:43 +0500] "GET /first23/28291yxuvmiyanaga-pchpd155c/ HTTP/1.1" 508 288 "-" "Mozilla/5.0 (compatible; DotBot/1.2; +https://opensiteexplorer.org/dotbot; help@moz.com)"
185.191.171.1 - - [25/Aug/2026:20:00:45 +0500] "GET /ru/?gid=2472500&mode=grp&sort=n&start=25 HTTP/1.1" 200 45168 "-" "Mozilla/5.0 (compatible; SemrushBot/7~bl; +http://www.semrush.com/bot.html)"
34.10.180.98 - - [25/Aug/2026:20:01:08 +0500] "GET /uz/shareholders-uzb/audit-uzb/2-uncategorised/13-norm-baza-rus?print=1&tmpl=component HTTP/1.1" 200 7828 "-" "Mozilla/5.0 (Macintosh; Intel Mac OS X 10_15_7) AppleWebKit/537.36 (KHTML, like Gecko) Chrome/120.0.0.0 Safari/537.36"
34.123.149.87 - - [25/Aug/2026:20:01:25 +0500] "GET /ru/component/mailto/?link=3b8ce3d72b9600c486b2a68e693a4830209fea3e&template=uml&tmpl=component HTTP/1.1" 508 288 "-" "Mozilla/5.0 (Macintosh; Intel Mac OS X 10_15_7) AppleWebKit/537.36 (KHTML, like Gecko) Chrome/120.0.0.0 Safari/537.36"
43.135.185.59 - - [25/Aug/2026:20:01:59 +0500] "GET /ru/shareholders-rus/votes-rus/1218-voting-meeting-28-06-2024?tmpl=component&print=1&layout=default HTTP/1.1" 508 288 "-" "Mozilla/5.0 (iPhone; CPU iPhone OS 13_2_3 like Mac OS X) AppleWebKit/605.1.15 (KHTML, like Gecko) Version/13.0.3 Mobile/15E148 Safari/604.1"
34.61.96.6 - - [25/Aug/2026:20:02:01 +0500] "GET /ru/shareholders-rus/invest-rus/35-russian/about-org-rus/deyatelnost?format=feed&type=rss HTTP/1.1" 200 3582 "-" "Mozilla/5.0 (Macintosh; Intel Mac OS X 10_15_7) AppleWebKit/537.36 (KHTML, like Gecko) Chrome/120.0.0.0 Safari/537.36"
34.42.229.145 - - [25/Aug/2026:20:02:01 +0500] "GET /ru/news-rus/2-uncategorised/16-history-uzb?layout=default&print=1&tmpl=component HTTP/1.1" 200 4142 "-" "Mozilla/5.0 (Macintosh; Intel Mac OS X 10_15_7) AppleWebKit/537.36 (KHTML, like Gecko) Chrome/120.0.0.0 Safari/537.36"
185.191.171.5 - - [25/Aug/2026:20:02:18 +0500] "GET /robots.txt HTTP/1.1" 301 - "-" "Mozilla/5.0 (compatible; SemrushBot/7~bl; +http://www.semrush.com/bot.html)"
17.22.253.208 - - [25/Aug/2026:20:02:26 +0500] "GET /modules/mod_appstats/css/style.css HTTP/1.1" 200 674 "http://uml.uz/uz/oficially-uzb/norm-baza-uzb" "Mozilla/5.0 (Macintosh; Intel Mac OS X 10_15_7) AppleWebKit/605.1.15 (KHTML, like Gecko) Version/17.4 Safari/605.1.15 (Applebot/0.1; +http://www.apple.com/go/applebot)"
185.191.171.14 - - [25/Aug/2026:20:02:23 +0500] "GET /ru/robots.txt HTTP/1.1" 404 1892 "-" "Mozilla/5.0 (compatible; SemrushBot/7~bl; +http://www.semrush.com/bot.html)"
17.22.253.208 - - [25/Aug/2026:20:02:27 +0500] "GET /media/mod_languages/css/template.css HTTP/1.1" 200 335 "http://uml.uz/uz/oficially-uzb/norm-baza-uzb" "Mozilla/5.0 (Macintosh; Intel Mac OS X 10_15_7) AppleWebKit/605.1.15 (KHTML, like Gecko) Version/17.4 Safari/605.1.15 (Applebot/0.1; +http://www.apple.com/go/applebot)"
185.191.171.13 - - [25/Aug/2026:20:02:28 +0500] "GET /uz/about-org-uzb/activity-uzb-2 HTTP/1.1" 508 288 "-" "Mozilla/5.0 (compatible; SemrushBot/7~bl; +http://www.semrush.com/bot.html)"
17.22.253.208 - - [25/Aug/2026:20:02:28 +0500] "GET /plugins/system/jcemediabox/css/jcemediabox.css?a3b640def3ef13678e19cfeeb7397c85 HTTP/1.1" 200 5791 "http://uml.uz/uz/oficially-uzb/norm-baza-uzb" "Mozilla/5.0 (Macintosh; Intel Mac OS X 10_15_7) AppleWebKit/605.1.15 (KHTML, like Gecko) Version/17.4 Safari/605.1.15 (Applebot/0.1; +http://www.apple.com/go/applebot)"
17.22.253.15 - - [25/Aug/2026:20:02:30 +0500] "GET /media/com_acym/css/module.min.css?v=794 HTTP/1.1" 200 10262 "http://uml.uz/uz/oficially-uzb/norm-baza-uzb" "Mozilla/5.0 (Macintosh; Intel Mac OS X 10_15_7) AppleWebKit/605.1.15 (KHTML, like Gecko) Version/17.4 Safari/605.1.15 (Applebot/0.1; +http://www.apple.com/go/applebot)"
17.22.253.208 - - [25/Aug/2026:20:02:31 +0500] "GET /plugins/system/jcemediabox/themes/standard/css/style.css?10da0a5fa45a7c3d7e5b40a5d80e8773 HTTP/1.1" 200 7447 "http://uml.uz/uz/oficially-uzb/norm-baza-uzb" "Mozilla/5.0 (Macintosh; Intel Mac OS X 10_15_7) AppleWebKit/605.1.15 (KHTML, like Gecko) Version/17.4 Safari/605.1.15 (Applebot/0.1; +http://www.apple.com/go/applebot)"
17.22.253.15 - - [25/Aug/2026:20:02:33 +0500] "GET /media/ext_tss/assets/css/style.css HTTP/1.1" 200 2396 "http://uml.uz/uz/oficially-uzb/norm-baza-uzb" "Mozilla/5.0 (Macintosh; Intel Mac OS X 10_15_7) AppleWebKit/605.1.15 (KHTML, like Gecko) Version/17.4 Safari/605.1.15 (Applebot/0.1; +http://www.apple.com/go/applebot)"
17.22.253.208 - - [25/Aug/2026:20:02:34 +0500] "GET /media/jui/js/jquery.min.js?2ae9adac6d34fadc2db8af99c74f11ba HTTP/1.1" 200 97646 "http://uml.uz/uz/oficially-uzb/norm-baza-uzb" "Mozilla/5.0 (Macintosh; Intel Mac OS X 10_15_7) AppleWebKit/605.1.15 (KHTML, like Gecko) Version/17.4 Safari/605.1.15 (Applebot/0.1; +http://www.apple.com/go/applebot)"
17.22.253.15 - - [25/Aug/2026:20:02:36 +0500] "GET /media/jui/js/jquery-noconflict.js?2ae9adac6d34fadc2db8af99c74f11ba HTTP/1.1" 200 21 "http://uml.uz/uz/oficially-uzb/norm-baza-uzb" "Mozilla/5.0 (Macintosh; Intel Mac OS X 10_15_7) AppleWebKit/605.1.15 (KHTML, like Gecko) Version/17.4 Safari/605.1.15 (Applebot/0.1; +http://www.apple.com/go/applebot)"
17.22.253.208 - - [25/Aug/2026:20:02:37 +0500] "GET /media/jui/js/jquery-migrate.min.js?2ae9adac6d34fadc2db8af99c74f11ba HTTP/1.1" 200 10056 "http://uml.uz/uz/oficially-uzb/norm-baza-uzb" "Mozilla/5.0 (Macintosh; Intel Mac OS X 10_15_7) AppleWebKit/605.1.15 (KHTML, like Gecko) Version/17.4 Safari/605.1.15 (Applebot/0.1; +http://www.apple.com/go/applebot)"
17.22.253.15 - - [25/Aug/2026:20:02:39 +0500] "GET /media/ext_tss/assets/js/script.js HTTP/1.1" 200 1117 "http://uml.uz/uz/oficially-uzb/norm-baza-uzb" "Mozilla/5.0 (Macintosh; Intel Mac OS X 10_15_7) AppleWebKit/605.1.15 (KHTML, like Gecko) Version/17.4 Safari/605.1.15 (Applebot/0.1; +http://www.apple.com/go/applebot)"
34.123.149.87 - - [25/Aug/2026:20:02:36 +0500] "GET /uz/shareholders-uzb/audit-uzb/2-uncategorised/96-sushchestvennye-fakty-za-maj-2018 HTTP/1.1" 200 27770 "-" "Mozilla/5.0 (Macintosh; Intel Mac OS X 10_15_7) AppleWebKit/537.36 (KHTML, like Gecko) Chrome/120.0.0.0 Safari/537.36"
17.22.253.208 - - [25/Aug/2026:20:02:40 +0500] "GET /media/system/js/mootools-core.js?2ae9adac6d34fadc2db8af99c74f11ba HTTP/1.1" 200 83893 "http://uml.uz/uz/oficially-uzb/norm-baza-uzb" "Mozilla/5.0 (Macintosh; Intel Mac OS X 10_15_7) AppleWebKit/605.1.15 (KHTML, like Gecko) Version/17.4 Safari/605.1.15 (Applebot/0.1; +http://www.apple.com/go/applebot)"
17.22.253.15 - - [25/Aug/2026:20:02:41 +0500] "GET /media/system/js/core.js?2ae9adac6d34fadc2db8af99c74f11ba HTTP/1.1" 200 8735 "http://uml.uz/uz/oficially-uzb/norm-baza-uzb" "Mozilla/5.0 (Macintosh; Intel Mac OS X 10_15_7) AppleWebKit/605.1.15 (KHTML, like Gecko) Version/17.4 Safari/605.1.15 (Applebot/0.1; +http://www.apple.com/go/applebot)"
17.22.253.208 - - [25/Aug/2026:20:02:43 +0500] "GET /media/system/js/mootools-more.js?2ae9adac6d34fadc2db8af99c74f11ba HTTP/1.1" 200 236825 "http://uml.uz/uz/oficially-uzb/norm-baza-uzb" "Mozilla/5.0 (Macintosh; Intel Mac OS X 10_15_7) AppleWebKit/605.1.15 (KHTML, like Gecko) Version/17.4 Safari/605.1.15 (Applebot/0.1; +http://www.apple.com/go/applebot)"
17.22.253.15 - - [25/Aug/2026:20:02:44 +0500] "GET /media/system/js/caption.js?2ae9adac6d34fadc2db8af99c74f11ba HTTP/1.1" 200 491 "http://uml.uz/uz/oficially-uzb/norm-baza-uzb" "Mozilla/5.0 (Macintosh; Intel Mac OS X 10_15_7) AppleWebKit/605.1.15 (KHTML, like Gecko) Version/17.4 Safari/605.1.15 (Applebot/0.1; +http://www.apple.com/go/applebot)"
17.22.253.208 - - [25/Aug/2026:20:02:46 +0500] "GET /plugins/system/jcemediabox/js/jcemediabox.js?fba42f665bbcc4047a23ba92244f4176 HTTP/1.1" 200 57539 "http://uml.uz/uz/oficially-uzb/norm-baza-uzb" "Mozilla/5.0 (Macintosh; Intel Mac OS X 10_15_7) AppleWebKit/605.1.15 (KHTML, like Gecko) Version/17.4 Safari/605.1.15 (Applebot/0.1; +http://www.apple.com/go/applebot)"
17.22.253.15 - - [25/Aug/2026:20:02:47 +0500] "GET /templates/system/css/system.css HTTP/1.1" 200 881 "http://uml.uz/uz/oficially-uzb/norm-baza-uzb" "Mozilla/5.0 (Macintosh; Intel Mac OS X 10_15_7) AppleWebKit/605.1.15 (KHTML, like Gecko) Version/17.4 Safari/605.1.15 (Applebot/0.1; +http://www.apple.com/go/applebot)"
17.22.253.208 - - [25/Aug/2026:20:02:49 +0500] "GET /templates/system/css/general.css HTTP/1.1" 200 2717 "http://uml.uz/uz/oficially-uzb/norm-baza-uzb" "Mozilla/5.0 (Macintosh; Intel Mac OS X 10_15_7) AppleWebKit/605.1.15 (KHTML, like Gecko) Version/17.4 Safari/605.1.15 (Applebot/0.1; +http://www.apple.com/go/applebot)"
17.22.253.15 - - [25/Aug/2026:20:02:50 +0500] "GET /templates/uml/css/template.css HTTP/1.1" 200 87209 "http://uml.uz/uz/oficially-uzb/norm-baza-uzb" "Mozilla/5.0 (Macintosh; Intel Mac OS X 10_15_7) AppleWebKit/605.1.15 (KHTML, like Gecko) Version/17.4 Safari/605.1.15 (Applebot/0.1; +http://www.apple.com/go/applebot)"
17.22.253.208 - - [25/Aug/2026:20:02:52 +0500] "GET /templates/uml/css/custom.css HTTP/1.1" 200 517 "http://uml.uz/uz/oficially-uzb/norm-baza-uzb" "Mozilla/5.0 (Macintosh; Intel Mac OS X 10_15_7) AppleWebKit/605.1.15 (KHTML, like Gecko) Version/17.4 Safari/605.1.15 (Applebot/0.1; +http://www.apple.com/go/applebot)"
17.22.253.15 - - [25/Aug/2026:20:02:53 +0500] "GET /templates/uml/css/template.responsive.css HTTP/1.1" 200 11791 "http://uml.uz/uz/oficially-uzb/norm-baza-uzb" "Mozilla/5.0 (Macintosh; Intel Mac OS X 10_15_7) AppleWebKit/605.1.15 (KHTML, like Gecko) Version/17.4 Safari/605.1.15 (Applebot/0.1; +http://www.apple.com/go/applebot)"
17.22.253.208 - - [25/Aug/2026:20:02:54 +0500] "GET /templates/uml/jquery.js HTTP/1.1" 200 92629 "http://uml.uz/uz/oficially-uzb/norm-baza-uzb" "Mozilla/5.0 (Macintosh; Intel Mac OS X 10_15_7) AppleWebKit/605.1.15 (KHTML, like Gecko) Version/17.4 Safari/605.1.15 (Applebot/0.1; +http://www.apple.com/go/applebot)"
17.22.253.15 - - [25/Aug/2026:20:02:56 +0500] "GET /templates/uml/script.js HTTP/1.1" 200 61982 "http://uml.uz/uz/oficially-uzb/norm-baza-uzb" "Mozilla/5.0 (Macintosh; Intel Mac OS X 10_15_7) AppleWebKit/605.1.15 (KHTML, like Gecko) Version/17.4 Safari/605.1.15 (Applebot/0.1; +http://www.apple.com/go/applebot)"
