34.56.53.225 - - [25/Aug/2026:21:51:07 +0500] "GET /uz/?mode=atom&start=10 HTTP/1.1" 200 47028 "-" "Mozilla/5.0 (Macintosh; Intel Mac OS X 10_15_7) AppleWebKit/537.36 (KHTML, like Gecko) Chrome/120.0.0.0 Safari/537.36"
34.61.96.6 - - [25/Aug/2026:21:51:43 +0500] "GET /uz/component/mailto/?link=cc0acc91a54229466eacb21f5af1635104c59532&template=uml&tmpl=component HTTP/1.1" 200 4558 "-" "Mozilla/5.0 (Macintosh; Intel Mac OS X 10_15_7) AppleWebKit/537.36 (KHTML, like Gecko) Chrome/120.0.0.0 Safari/537.36"
185.191.171.6 - - [25/Aug/2026:21:51:51 +0500] "GET /ru/?%2Fblogs%2Fblog_entries%2Fyear_month%2F112%2Fyear_month%3A2020-02%3Fframe_id=91&start=10 HTTP/1.1" 200 49583 "-" "Mozilla/5.0 (compatible; SemrushBot/7~bl; +http://www.semrush.com/bot.html)"
34.30.223.149 - - [25/Aug/2026:21:52:01 +0500] "GET /ru/shareholders-rus/votes-rus/2-uncategorised?start=35 HTTP/1.1" 200 51006 "-" "Mozilla/5.0 (Macintosh; Intel Mac OS X 10_15_7) AppleWebKit/537.36 (KHTML, like Gecko) Chrome/120.0.0.0 Safari/537.36"
34.10.180.98 - - [25/Aug/2026:21:52:38 +0500] "GET /uz/shareholders-uzb/reports-uzb?start=20&template=uml HTTP/1.1" 200 35264 "-" "Mozilla/5.0 (Macintosh; Intel Mac OS X 10_15_7) AppleWebKit/537.36 (KHTML, like Gecko) Chrome/120.0.0.0 Safari/537.36"
51.83.5.74 - - [25/Aug/2026:21:53:00 +0500] "GET /robots.txt HTTP/1.1" 301 - "-" "Mozilla/5.0 (compatible; MJ12bot/v1.4.8; http://mj12bot.com/)"
185.191.171.4 - - [25/Aug/2026:21:53:00 +0500] "GET /ru/?cbid=1425873%2C%28caST%28%27~%27%7C%7C%28SElECT%2F%2A%2A%2F%28cASE%2F%2A%2A%2FWHEN%2F%2A%2A%2F%281375%3D1375%29%2F%2A%2A%2FThEn%2F%2A%2A%2F1%2F%2A%2A%2FElSe%2F%2A%2A%2F0%2F%2A%2A%2FenD%29%29%3A%3ATExT%7C%7C%27~%27%2F%2A%2A%2FAS%2F%2A%2A%2FnUmERic%29%29&csid=0 HTTP/1.1" 200 49371 "-" "Mozilla/5.0 (compatible; SemrushBot/7~bl; +http://www.semrush.com/bot.html)"
51.83.5.74 - - [25/Aug/2026:21:53:02 +0500] "GET /ru/robots.txt HTTP/1.1" 404 1892 "-" "Mozilla/5.0 (compatible; MJ12bot/v1.4.8; http://mj12bot.com/)"
51.83.5.74 - - [25/Aug/2026:21:53:04 +0500] "GET /ru/?id=835 HTTP/1.1" 200 49255 "-" "Mozilla/5.0 (compatible; MJ12bot/v1.4.8; http://mj12bot.com/)"
43.157.98.187 - - [25/Aug/2026:21:53:04 +0500] "GET /ru/?gid=2472496 HTTP/1.1" 200 49351 "-" "Mozilla/5.0 (iPhone; CPU iPhone OS 13_2_3 like Mac OS X) AppleWebKit/605.1.15 (KHTML, like Gecko) Version/13.0.3 Mobile/15E148 Safari/604.1"
23.21.179.120 - - [25/Aug/2026:21:53:43 +0500] "GET /ru/?p=43827 HTTP/1.1" 508 288 "-" "Mozilla/5.0 AppleWebKit/537.36 (KHTML, like Gecko; compatible; Amazonbot/0.1; +https://developer.amazon.com/support/amazonbot) Chrome/119.0.6045.214 Safari/537.36"
51.83.5.74 - - [25/Aug/2026:21:53:40 +0500] "GET /ru/?pid=98529004&format=feed&type=atom HTTP/1.1" 200 18387 "-" "Mozilla/5.0 (compatible; MJ12bot/v1.4.8; http://mj12bot.com/)"
34.30.223.149 - - [25/Aug/2026:21:53:42 +0500] "GET /ru/shareholders-rus/reports-rus/2-uncategorised/105-auditorskoe-zaklyuchenie-za-2018-god HTTP/1.1" 200 29323 "-" "Mozilla/5.0 (Macintosh; Intel Mac OS X 10_15_7) AppleWebKit/537.36 (KHTML, like Gecko) Chrome/120.0.0.0 Safari/537.36"
51.83.5.74 - - [25/Aug/2026:21:53:52 +0500] "GET /ru/?pid=98529004&format=feed&type=rss HTTP/1.1" 200 10991 "-" "Mozilla/5.0 (compatible; MJ12bot/v1.4.8; http://mj12bot.com/)"
51.83.5.74 - - [25/Aug/2026:21:53:58 +0500] "GET /ru/?pid=98529004&start=10 HTTP/1.1" 200 49567 "-" "Mozilla/5.0 (compatible; MJ12bot/v1.4.8; http://mj12bot.com/)"
51.83.5.74 - - [25/Aug/2026:21:54:10 +0500] "GET /ru/?pid=98529004&start=15 HTTP/1.1" 508 288 "-" "Mozilla/5.0 (compatible; MJ12bot/v1.4.8; http://mj12bot.com/)"
85.208.96.198 - - [25/Aug/2026:21:54:11 +0500] "GET /ru/?cbid=1398925%29%2F%2A%2150000AND%2A%2FROW%288479%2C6201%29%3E%28%2F%2A%2150000SELECT%2A%2F%2F%2A%2150000COUNT%2A%2F%28%2A%29%2C%2F%2A%2150000CONCAT%2A%2F%28%27~%27%2C%28%2F%2A%2150000SELECT%2A%2F%28ELT%288479%3D8479%2C1%29%29%29%2C%27~%27%2CFLOOR%28RAND%280%29%2A2%29%29x%2F%2A%2150000FROM%2A%2F%28%2F%2A%2150000SELECT%2A%2F3154%2F%2A%2150000UNION%2A%2F%2F%2A%2150000SELECT%2A%2F7183%2F%2A%2150000UNION%2A%2F%2F%2A%2150000SELECT%2A%2F9637%2F%2A%2150000UNION%2A%2F%2F%2A%2150000SELECT%2A%2F4884%29a%2F%2A%2150000GROUP%2A%2F%2F%2A%2150000BY%2A%2Fx%29--%20-&csid=0&start=25 HTTP/1.1" 508 288 "-" "Mozilla/5.0 (compatible; SemrushBot/7~bl; +http://www.semrush.com/bot.html)"
51.83.5.74 - - [25/Aug/2026:21:54:13 +0500] "GET /ru/?pid=98529004&start=20 HTTP/1.1" 508 288 "-" "Mozilla/5.0 (compatible; MJ12bot/v1.4.8; http://mj12bot.com/)"
51.83.5.74 - - [25/Aug/2026:21:54:21 +0500] "GET /ru/?pid=98529004&start=25 HTTP/1.1" 508 288 "-" "Mozilla/5.0 (compatible; MJ12bot/v1.4.8; http://mj12bot.com/)"
51.83.5.74 - - [25/Aug/2026:21:54:29 +0500] "GET /ru/?pid=98529004&start=5 HTTP/1.1" 200 50954 "-" "Mozilla/5.0 (compatible; MJ12bot/v1.4.8; http://mj12bot.com/)"
34.123.149.87 - - [25/Aug/2026:21:54:35 +0500] "GET /uz/?cbid=2332572&csid=0&mode=cate HTTP/1.1" 200 46822 "-" "Mozilla/5.0 (Macintosh; Intel Mac OS X 10_15_7) AppleWebKit/537.36 (KHTML, like Gecko) Chrome/120.0.0.0 Safari/537.36"
51.83.5.74 - - [25/Aug/2026:21:54:59 +0500] "GET /ru/?v=sulkamsg30y&feature=youtu.be HTTP/1.1" 200 49507 "-" "Mozilla/5.0 (compatible; MJ12bot/v1.4.8; http://mj12bot.com/)"
51.83.5.74 - - [25/Aug/2026:21:55:09 +0500] "GET /ru/?v=sulkamsg30y&feature=youtu.be&format=feed&type=atom HTTP/1.1" 200 18409 "-" "Mozilla/5.0 (compatible; MJ12bot/v1.4.8; http://mj12bot.com/)"
51.83.5.74 - - [25/Aug/2026:21:55:14 +0500] "GET /ru/?v=sulkamsg30y&feature=youtu.be&format=feed&type=rss HTTP/1.1" 200 11013 "-" "Mozilla/5.0 (compatible; MJ12bot/v1.4.8; http://mj12bot.com/)"
52.54.249.218 - - [25/Aug/2026:21:55:16 +0500] "GET /ru/?p=20750 HTTP/1.1" 200 49507 "-" "Mozilla/5.0 AppleWebKit/537.36 (KHTML, like Gecko; compatible; Amazonbot/0.1; +https://developer.amazon.com/support/amazonbot) Chrome/119.0.6045.214 Safari/537.36"
17.246.15.40 - - [25/Aug/2026:21:55:22 +0500] "GET /ru/?p=4603&start=10 HTTP/1.1" 200 49567 "-" "Mozilla/5.0 (Macintosh; Intel Mac OS X 10_15_7) AppleWebKit/605.1.15 (KHTML, like Gecko) Version/17.4 Safari/605.1.15 (Applebot/0.1; +http://www.apple.com/go/applebot)"
51.83.5.74 - - [25/Aug/2026:21:55:26 +0500] "GET /ru/?v=sulkamsg30y&feature=youtu.be&start=10 HTTP/1.1" 200 49567 "-" "Mozilla/5.0 (compatible; MJ12bot/v1.4.8; http://mj12bot.com/)"
51.83.5.74 - - [25/Aug/2026:21:55:37 +0500] "GET /ru/?v=sulkamsg30y&feature=youtu.be&start=20 HTTP/1.1" 200 53637 "-" "Mozilla/5.0 (compatible; MJ12bot/v1.4.8; http://mj12bot.com/)"
51.83.5.74 - - [25/Aug/2026:21:55:57 +0500] "GET /ru/?AND_1=1%20OR%20(%3C'%22%3EiKO)),&cat='nvOpzp&format=feed&type=atom HTTP/1.1" 508 288 "-" "Mozilla/5.0 (compatible; MJ12bot/v1.4.8; http://mj12bot.com/)"
51.83.5.74 - - [25/Aug/2026:21:55:59 +0500] "GET /ru/?AND_1=1%20OR%20(%3C'%22%3EiKO)),&cat='nvOpzp&format=feed&type=rss HTTP/1.1" 200 11032 "-" "Mozilla/5.0 (compatible; MJ12bot/v1.4.8; http://mj12bot.com/)"
34.10.180.98 - - [25/Aug/2026:21:56:19 +0500] "GET /uz/oficially-uzb/tenders-uzb/2-uncategorised?start=55 HTTP/1.1" 508 288 "-" "Mozilla/5.0 (Macintosh; Intel Mac OS X 10_15_7) AppleWebKit/537.36 (KHTML, like Gecko) Chrome/120.0.0.0 Safari/537.36"
51.83.5.74 - - [25/Aug/2026:21:56:27 +0500] "GET /ru/?category_name=new')))AND/**/(SELECT/**/2*(IF((SELECT/**/*/**/FROM/**/(SELECT/**/CONCAT('~',(SELECT/**/(ELT(7056=7056,1))),'~','x'))s),/**/8446744073709551610,/**/8446744073709551610)))%20AND%20((('ZOo7FWXh'%20LIKE%20'ZOo7FWXh&format=feed&type=atom HTTP/1.1" 200 18600 "-" "Mozilla/5.0 (compatible; MJ12bot/v1.4.8; http://mj12bot.com/)"
51.83.5.74 - - [25/Aug/2026:21:56:33 +0500] "GET /ru/?category_name=new')))AND/**/(SELECT/**/2*(IF((SELECT/**/*/**/FROM/**/(SELECT/**/CONCAT('~',(SELECT/**/(ELT(7056=7056,1))),'~','x'))s),/**/8446744073709551610,/**/8446744073709551610)))%20AND%20((('ZOo7FWXh'%20LIKE%20'ZOo7FWXh&format=feed&type=rss HTTP/1.1" 508 288 "-" "Mozilla/5.0 (compatible; MJ12bot/v1.4.8; http://mj12bot.com/)"
51.83.5.74 - - [25/Aug/2026:21:56:35 +0500] "GET /ru/?category_name=new'AND%203306=CONCAT('~',(SELECT%20(CASE%20WHEN%20(3306=3306)%20THEN%20'1'%20ELSE%20'0'%20END)),'~')%20AND%20'HfED31Wj'%20LIKE%20'HfED31Wj&format=feed&type=atom HTTP/1.1" 200 18528 "-" "Mozilla/5.0 (compatible; MJ12bot/v1.4.8; http://mj12bot.com/)"
51.83.5.74 - - [25/Aug/2026:21:56:47 +0500] "GET /ru/?category_name=new'AND%203306=CONCAT('~',(SELECT%20(CASE%20WHEN%20(3306=3306)%20THEN%20'1'%20ELSE%20'0'%20END)),'~')%20AND%20'HfED31Wj'%20LIKE%20'HfED31Wj&format=feed&type=rss HTTP/1.1" 508 288 "-" "Mozilla/5.0 (compatible; MJ12bot/v1.4.8; http://mj12bot.com/)"
51.83.5.74 - - [25/Aug/2026:21:56:50 +0500] "GET /ru/?cbid=1398925&csid=0&mode=cate%22%20AND%20EXTRACTVALUE(9577,CONCAT(0x7e,((SELECT%20(ELT(9577=9577,1)))),0x7e))--%20-&format=feed&type=atom HTTP/1.1" 200 18501 "-" "Mozilla/5.0 (compatible; MJ12bot/v1.4.8; http://mj12bot.com/)"
66.249.75.67 - - [25/Aug/2026:21:57:03 +0500] "GET /images/design/calc.png HTTP/1.1" 200 6938 "-" "Googlebot-Image/1.0"
34.56.53.225 - - [25/Aug/2026:21:57:00 +0500] "GET /uz/component/mailto/?link=088a2d230d15b403307194f24101d4dc556f9545&template=uml&tmpl=component HTTP/1.1" 200 4530 "-" "Mozilla/5.0 (Macintosh; Intel Mac OS X 10_15_7) AppleWebKit/537.36 (KHTML, like Gecko) Chrome/120.0.0.0 Safari/537.36"
51.83.5.74 - - [25/Aug/2026:21:57:00 +0500] "GET /ru/?cbid=1398925&csid=0&mode=cate%22%20AND%20EXTRACTVALUE(9577,CONCAT(0x7e,((SELECT%20(ELT(9577=9577,1)))),0x7e))--%20-&format=feed&type=rss HTTP/1.1" 200 11105 "-" "Mozilla/5.0 (compatible; MJ12bot/v1.4.8; http://mj12bot.com/)"
34.30.223.149 - - [25/Aug/2026:21:57:08 +0500] "GET /ru/shareholders-rus/votes-rus/17-russian/officially-rus?format=feed&type=rss HTTP/1.1" 200 8282 "-" "Mozilla/5.0 (Macintosh; Intel Mac OS X 10_15_7) AppleWebKit/537.36 (KHTML, like Gecko) Chrome/120.0.0.0 Safari/537.36"
51.83.5.74 - - [25/Aug/2026:21:57:09 +0500] "GET /ru/?cbid=1398925,(SELECT/**/'~'%20(SELECT/**/(CASE/**/WHEN/**/(7444=7444)/**/THEN/**/'1'/**/ELSE/**/'0'/**/END))%20'~'))%20AND%20(%2258f05OKG%22=%2258f05OKG%22&format=feed&type=atom HTTP/1.1" 200 18542 "-" "Mozilla/5.0 (compatible; MJ12bot/v1.4.8; http://mj12bot.com/)"
51.83.5.74 - - [25/Aug/2026:21:57:18 +0500] "GET /ru/?cbid=1398925,(SELECT/**/'~'%20(SELECT/**/(CASE/**/WHEN/**/(7444=7444)/**/THEN/**/'1'/**/ELSE/**/'0'/**/END))%20'~'))%20AND%20(%2258f05OKG%22=%2258f05OKG%22&format=feed&type=rss HTTP/1.1" 200 11146 "-" "Mozilla/5.0 (compatible; MJ12bot/v1.4.8; http://mj12bot.com/)"
51.83.5.74 - - [25/Aug/2026:21:57:30 +0500] "GET /ru/?cbid=1425873&csid=-0%20UNION%20ALL%20SELECT%20NULL,'rurthpabyxyolxsudomhhimnebprsfpz',NULL--%2065iny5&mode=cate&format=feed&type=atom HTTP/1.1" 200 18494 "-" "Mozilla/5.0 (compatible; MJ12bot/v1.4.8; http://mj12bot.com/)"
51.83.5.74 - - [25/Aug/2026:21:57:39 +0500] "GET /ru/?cbid=1425873&csid=-0%20UNION%20ALL%20SELECT%20NULL,'rurthpabyxyolxsudomhhimnebprsfpz',NULL--%2065iny5&mode=cate&format=feed&type=rss HTTP/1.1" 200 11098 "-" "Mozilla/5.0 (compatible; MJ12bot/v1.4.8; http://mj12bot.com/)"
51.83.5.74 - - [25/Aug/2026:21:57:50 +0500] "GET /ru/?cbid=1425873&csid=0'AND%206347=CONCAT('~',(SELECT%20(CASE%20WHEN%20(6347=6347)%20THEN%20'1'%20ELSE%20'0'%20END)),'~')%20AND%20'9UE9XiFr'%20LIKE%20'9UE9XiFr&format=feed&type=atom HTTP/1.1" 508 288 "-" "Mozilla/5.0 (compatible; MJ12bot/v1.4.8; http://mj12bot.com/)"
34.30.223.149 - - [25/Aug/2026:21:57:46 +0500] "GET /ru/officially-rus/tenders-rus/2-uncategorised?start=25 HTTP/1.1" 200 97699 "-" "Mozilla/5.0 (Macintosh; Intel Mac OS X 10_15_7) AppleWebKit/537.36 (KHTML, like Gecko) Chrome/120.0.0.0 Safari/537.36"
51.83.5.74 - - [25/Aug/2026:21:57:53 +0500] "GET /ru/?cbid=1425873&csid=0'AND%206347=CONCAT('~',(SELECT%20(CASE%20WHEN%20(6347=6347)%20THEN%20'1'%20ELSE%20'0'%20END)),'~')%20AND%20'9UE9XiFr'%20LIKE%20'9UE9XiFr&format=feed&type=rss HTTP/1.1" 200 11138 "-" "Mozilla/5.0 (compatible; MJ12bot/v1.4.8; http://mj12bot.com/)"
51.83.5.74 - - [25/Aug/2026:21:58:03 +0500] "GET /ru/?cbid=1425873AND/**/5360=DBMS_UTILITY.SQLID_TO_SQLHASH(CHR(126)%7C%7C&format=feed&type=atom HTTP/1.1" 200 18439 "-" "Mozilla/5.0 (compatible; MJ12bot/v1.4.8; http://mj12bot.com/)"
51.83.5.74 - - [25/Aug/2026:21:58:16 +0500] "GET /ru/?cbid=1425873AND/**/5360=DBMS_UTILITY.SQLID_TO_SQLHASH(CHR(126)%7C%7C&format=feed&type=rss HTTP/1.1" 200 11043 "-" "Mozilla/5.0 (compatible; MJ12bot/v1.4.8; http://mj12bot.com/)"
51.83.5.74 - - [25/Aug/2026:21:58:26 +0500] "GET /ru/?s=U:%1A&format=feed&type=atom HTTP/1.1" 200 18380 "-" "Mozilla/5.0 (compatible; MJ12bot/v1.4.8; http://mj12bot.com/)"
85.208.96.202 - - [25/Aug/2026:21:58:32 +0500] "GET /ru/shareholders-rus/comissions-rus/19-russian/shareholders-rus/1154-2020-yil-uchun-muhim-faktlar-sushchestvennye-fakty-za-2020-god-25-09-2020 HTTP/1.1" 508 288 "-" "Mozilla/5.0 (compatible; SemrushBot/7~bl; +http://www.semrush.com/bot.html)"
51.83.5.74 - - [25/Aug/2026:21:58:31 +0500] "GET /ru/?s=U:%1A&format=feed&type=rss HTTP/1.1" 200 10984 "-" "Mozilla/5.0 (compatible; MJ12bot/v1.4.8; http://mj12bot.com/)"
51.83.5.74 - - [25/Aug/2026:21:58:36 +0500] "GET /ru/?s=d%20&format=feed&type=atom HTTP/1.1" 200 18381 "-" "Mozilla/5.0 (compatible; MJ12bot/v1.4.8; http://mj12bot.com/)"
51.83.5.74 - - [25/Aug/2026:21:58:42 +0500] "GET /ru/?s=d%20&format=feed&type=rss HTTP/1.1" 200 10985 "-" "Mozilla/5.0 (compatible; MJ12bot/v1.4.8; http://mj12bot.com/)"
34.30.223.149 - - [25/Aug/2026:21:58:46 +0500] "GET /ru/component/mailto/?link=bf524533ede21ef84e1d47ead2733b6c534aabc8&template=uml&tmpl=component HTTP/1.1" 200 4525 "-" "Mozilla/5.0 (Macintosh; Intel Mac OS X 10_15_7) AppleWebKit/537.36 (KHTML, like Gecko) Chrome/120.0.0.0 Safari/537.36"
51.83.5.74 - - [25/Aug/2026:21:58:56 +0500] "GET /robots.txt HTTP/1.1" 301 - "-" "Mozilla/5.0 (compatible; MJ12bot/v1.4.8; http://mj12bot.com/)"
51.83.5.74 - - [25/Aug/2026:21:58:58 +0500] "GET /ru/robots.txt HTTP/1.1" 404 1892 "-" "Mozilla/5.0 (compatible; MJ12bot/v1.4.8; http://mj12bot.com/)"
34.30.223.149 - - [25/Aug/2026:21:59:01 +0500] "GET /ru/component/mailto/?link=fc489419085720b2f89edb0a602f1b3b98a0cd95&template=uml&tmpl=component HTTP/1.1" 200 4529 "-" "Mozilla/5.0 (Macintosh; Intel Mac OS X 10_15_7) AppleWebKit/537.36 (KHTML, like Gecko) Chrome/120.0.0.0 Safari/537.36"
51.83.5.74 - - [25/Aug/2026:21:59:02 +0500] "GET /ru/?month=200912&start=10 HTTP/1.1" 200 49704 "-" "Mozilla/5.0 (compatible; MJ12bot/v1.4.8; http://mj12bot.com/)"
51.83.5.74 - - [25/Aug/2026:21:59:11 +0500] "GET /ru/?month=201911 HTTP/1.1" 200 49333 "-" "Mozilla/5.0 (compatible; MJ12bot/v1.4.8; http://mj12bot.com/)"
51.83.5.74 - - [25/Aug/2026:21:59:16 +0500] "GET /ru/?month=201911&format=feed&type=atom HTTP/1.1" 200 18559 "-" "Mozilla/5.0 (compatible; MJ12bot/v1.4.8; http://mj12bot.com/)"
51.83.5.74 - - [25/Aug/2026:21:59:21 +0500] "GET /ru/?month=201911&format=feed&type=rss HTTP/1.1" 200 11115 "-" "Mozilla/5.0 (compatible; MJ12bot/v1.4.8; http://mj12bot.com/)"
51.83.5.74 - - [25/Aug/2026:21:59:24 +0500] "GET /ru/?month=201911&start=10 HTTP/1.1" 200 49710 "-" "Mozilla/5.0 (compatible; MJ12bot/v1.4.8; http://mj12bot.com/)"
51.83.5.74 - - [25/Aug/2026:21:59:27 +0500] "GET /ru/?month=201911&start=15 HTTP/1.1" 200 48467 "-" "Mozilla/5.0 (compatible; MJ12bot/v1.4.8; http://mj12bot.com/)"
51.83.5.74 - - [25/Aug/2026:21:59:29 +0500] "GET /ru/?month=201911&start=20 HTTP/1.1" 200 50353 "-" "Mozilla/5.0 (compatible; MJ12bot/v1.4.8; http://mj12bot.com/)"
51.83.5.74 - - [25/Aug/2026:21:59:35 +0500] "GET /ru/?month=201911&start=25 HTTP/1.1" 200 44975 "-" "Mozilla/5.0 (compatible; MJ12bot/v1.4.8; http://mj12bot.com/)"
51.83.5.74 - - [25/Aug/2026:21:59:41 +0500] "GET /ru/?c_id=66&format=feed&type=atom HTTP/1.1" 200 18554 "-" "Mozilla/5.0 (compatible; MJ12bot/v1.4.8; http://mj12bot.com/)"
51.83.5.74 - - [25/Aug/2026:21:59:47 +0500] "GET /ru/?c_id=66&format=feed&type=rss HTTP/1.1" 200 11110 "-" "Mozilla/5.0 (compatible; MJ12bot/v1.4.8; http://mj12bot.com/)"
51.83.5.74 - - [25/Aug/2026:21:59:54 +0500] "GET /ru/?c_id=66&start=10 HTTP/1.1" 508 288 "-" "Mozilla/5.0 (compatible; MJ12bot/v1.4.8; http://mj12bot.com/)"
51.83.5.74 - - [25/Aug/2026:21:59:56 +0500] "GET /ru/?c_id=66&start=20 HTTP/1.1" 200 53653 "-" "Mozilla/5.0 (compatible; MJ12bot/v1.4.8; http://mj12bot.com/)"
185.191.171.2 - - [25/Aug/2026:22:00:00 +0500] "GET /ru/?p=43841&post_type=post&start=15 HTTP/1.1" 200 48627 "-" "Mozilla/5.0 (compatible; SemrushBot/7~bl; +http://www.semrush.com/bot.html)"
51.83.5.74 - - [25/Aug/2026:22:00:02 +0500] "GET /ru/?c_id=66&start=25 HTTP/1.1" 200 45167 "-" "Mozilla/5.0 (compatible; MJ12bot/v1.4.8; http://mj12bot.com/)"
51.83.5.74 - - [25/Aug/2026:22:00:07 +0500] "GET /ru/?c_id=66&start=5 HTTP/1.1" 200 50970 "-" "Mozilla/5.0 (compatible; MJ12bot/v1.4.8; http://mj12bot.com/)"
34.56.53.225 - - [25/Aug/2026:22:00:15 +0500] "GET /uz/component/mailto/?link=a5b71aa33a9439e0774f6262762b22630a0f6bdf&template=uml&tmpl=component HTTP/1.1" 508 288 "-" "Mozilla/5.0 (Macintosh; Intel Mac OS X 10_15_7) AppleWebKit/537.36 (KHTML, like Gecko) Chrome/120.0.0.0 Safari/537.36"
34.10.180.98 - - [25/Aug/2026:22:00:23 +0500] "GET /ru/2-uncategorised?start=45 HTTP/1.1" 200 66167 "-" "Mozilla/5.0 (Macintosh; Intel Mac OS X 10_15_7) AppleWebKit/537.36 (KHTML, like Gecko) Chrome/120.0.0.0 Safari/537.36"
51.83.5.74 - - [25/Aug/2026:22:00:53 +0500] "GET /ru/?AND_1=1%20OR%20(%3C'%22%3EiKO)),&cat='nvOpzp&format=feed&type=atom HTTP/1.1" 200 18600 "-" "Mozilla/5.0 (compatible; MJ12bot/v1.4.8; http://mj12bot.com/)"
51.83.5.74 - - [25/Aug/2026:22:00:58 +0500] "GET /ru/?AND_1=1%20OR%20(%3C'%22%3EiKO)),&cat='nvOpzp&format=feed&type=rss HTTP/1.1" 200 11156 "-" "Mozilla/5.0 (compatible; MJ12bot/v1.4.8; http://mj12bot.com/)"
51.83.5.74 - - [25/Aug/2026:22:01:05 +0500] "GET /ru/?category_name=new'))%20AND%20EXTRACTVALUE(2011,CONCAT(0x7e,((SELECT%20(ELT(2011=2011,1)))),0x7e))--%20-&format=feed&type=atom HTTP/1.1" 200 18650 "-" "Mozilla/5.0 (compatible; MJ12bot/v1.4.8; http://mj12bot.com/)"
51.83.5.74 - - [25/Aug/2026:22:01:11 +0500] "GET /ru/?category_name=new'))%20AND%20EXTRACTVALUE(2011,CONCAT(0x7e,((SELECT%20(ELT(2011=2011,1)))),0x7e))--%20-&format=feed&type=rss HTTP/1.1" 200 11206 "-" "Mozilla/5.0 (compatible; MJ12bot/v1.4.8; http://mj12bot.com/)"
85.208.96.200 - - [25/Aug/2026:22:01:16 +0500] "GET /ru/about-org-rus/plans-rus/35-russian/about-org-rus/deyatelnost HTTP/1.1" 508 288 "-" "Mozilla/5.0 (compatible; SemrushBot/7~bl; +http://www.semrush.com/bot.html)"
51.83.5.74 - - [25/Aug/2026:22:01:16 +0500] "GET /ru/?category_name=new'AND%203306=CONCAT('~',(SELECT%20(CASE%20WHEN%20(3306=3306)%20THEN%20'1'%20ELSE%20'0'%20END)),'~')%20AND%20'HfED31Wj'%20LIKE%20'HfED31Wj&format=feed&type=atom HTTP/1.1" 200 18700 "-" "Mozilla/5.0 (compatible; MJ12bot/v1.4.8; http://mj12bot.com/)"
34.123.149.87 - - [25/Aug/2026:22:01:14 +0500] "GET /uz/?s=%E6%8E%A1%E7%94%A8&start=5 HTTP/1.1" 200 47810 "-" "Mozilla/5.0 (Macintosh; Intel Mac OS X 10_15_7) AppleWebKit/537.36 (KHTML, like Gecko) Chrome/120.0.0.0 Safari/537.36"
51.83.5.74 - - [25/Aug/2026:22:01:22 +0500] "GET /ru/?category_name=new'AND%203306=CONCAT('~',(SELECT%20(CASE%20WHEN%20(3306=3306)%20THEN%20'1'%20ELSE%20'0'%20END)),'~')%20AND%20'HfED31Wj'%20LIKE%20'HfED31Wj&format=feed&type=rss HTTP/1.1" 508 288 "-" "Mozilla/5.0 (compatible; MJ12bot/v1.4.8; http://mj12bot.com/)"
51.83.5.74 - - [25/Aug/2026:22:01:24 +0500] "GET /ru/?cbid=1398925&csid=0&mode=cate%22%20AND%20EXTRACTVALUE(9577,CONCAT(0x7e,((SELECT%20(ELT(9577=9577,1)))),0x7e))--%20-&format=feed&type=atom HTTP/1.1" 508 288 "-" "Mozilla/5.0 (compatible; MJ12bot/v1.4.8; http://mj12bot.com/)"
34.42.229.145 - - [25/Aug/2026:22:01:22 +0500] "GET /ru/component/mailto/?link=07fbce26a0e4b4adee2f10ea92cf003b7fb3827b&template=uml&tmpl=component HTTP/1.1" 200 4525 "-" "Mozilla/5.0 (Macintosh; Intel Mac OS X 10_15_7) AppleWebKit/537.36 (KHTML, like Gecko) Chrome/120.0.0.0 Safari/537.36"
51.83.5.74 - - [25/Aug/2026:22:01:26 +0500] "GET /ru/?cbid=1398925&csid=0&mode=cate%22%20AND%20EXTRACTVALUE(9577,CONCAT(0x7e,((SELECT%20(ELT(9577=9577,1)))),0x7e))--%20-&format=feed&type=rss HTTP/1.1" 508 288 "-" "Mozilla/5.0 (compatible; MJ12bot/v1.4.8; http://mj12bot.com/)"
51.83.5.74 - - [25/Aug/2026:22:01:29 +0500] "GET /ru/?cbid=1425873&csid=-0%20UNION%20ALL%20SELECT%20NULL,'rurthpabyxyolxsudomhhimnebprsfpz',NULL--%2065iny5&mode=cate&format=feed&type=atom HTTP/1.1" 200 18666 "-" "Mozilla/5.0 (compatible; MJ12bot/v1.4.8; http://mj12bot.com/)"
51.83.5.74 - - [25/Aug/2026:22:01:34 +0500] "GET /ru/?cbid=1425873&csid=-0%20UNION%20ALL%20SELECT%20NULL,'rurthpabyxyolxsudomhhimnebprsfpz',NULL--%2065iny5&mode=cate&format=feed&type=rss HTTP/1.1" 200 11222 "-" "Mozilla/5.0 (compatible; MJ12bot/v1.4.8; http://mj12bot.com/)"
51.83.5.74 - - [25/Aug/2026:22:01:38 +0500] "GET /ru/?cbid=1425873&csid=0)%20WHERE%205232=5232AND/**/7774=ORDSYS.ORD_DICOM.GETMAPPINGXPATH(4334,CHR(126)%7C%7C'~'%7C%7C(SELECT/**/(CASE/**/WHEN/**/(7774=7774)/**/THEN/**/1/**/ELSE/**/0/**/END)/**/FROM/**/DUAL)%7C%7C'~'%7C%7CCHR(126),CHR(126))--%20-&format=feed&type=atom HTTP/1.1" 200 18777 "-" "Mozilla/5.0 (compatible; MJ12bot/v1.4.8; http://mj12bot.com/)"
51.83.5.74 - - [25/Aug/2026:22:01:43 +0500] "GET /ru/?cbid=1425873&csid=0)%20WHERE%205232=5232AND/**/7774=ORDSYS.ORD_DICOM.GETMAPPINGXPATH(4334,CHR(126)%7C%7C'~'%7C%7C(SELECT/**/(CASE/**/WHEN/**/(7774=7774)/**/THEN/**/1/**/ELSE/**/0/**/END)/**/FROM/**/DUAL)%7C%7C'~'%7C%7CCHR(126),CHR(126))--%20-&format=feed&type=rss HTTP/1.1" 200 11333 "-" "Mozilla/5.0 (compatible; MJ12bot/v1.4.8; http://mj12bot.com/)"
51.83.5.74 - - [25/Aug/2026:22:01:49 +0500] "GET /ru/?cbid=1425873AND/**/5360=DBMS_UTILITY.SQLID_TO_SQLHASH(CHR(126)%7C%7C&format=feed&type=atom HTTP/1.1" 508 288 "-" "Mozilla/5.0 (compatible; MJ12bot/v1.4.8; http://mj12bot.com/)"
51.83.5.74 - - [25/Aug/2026:22:01:51 +0500] "GET /ru/?cbid=1425873AND/**/5360=DBMS_UTILITY.SQLID_TO_SQLHASH(CHR(126)%7C%7C&format=feed&type=rss HTTP/1.1" 508 288 "-" "Mozilla/5.0 (compatible; MJ12bot/v1.4.8; http://mj12bot.com/)"
51.83.5.74 - - [25/Aug/2026:22:01:53 +0500] "GET /ru/?s=U:%1A&format=feed&type=atom HTTP/1.1" 508 288 "-" "Mozilla/5.0 (compatible; MJ12bot/v1.4.8; http://mj12bot.com/)"
51.83.5.74 - - [25/Aug/2026:22:01:55 +0500] "GET /ru/?s=U:%1A&format=feed&type=rss HTTP/1.1" 200 11108 "-" "Mozilla/5.0 (compatible; MJ12bot/v1.4.8; http://mj12bot.com/)"
51.83.5.74 - - [25/Aug/2026:22:02:02 +0500] "GET /uz/?kwd=YBZQ&search=V%3E%20&format=feed&type=rss HTTP/1.1" 200 11065 "-" "Mozilla/5.0 (compatible; MJ12bot/v1.4.8; http://mj12bot.com/)"
136.119.35.120 - - [25/Aug/2026:22:02:05 +0500] "GET /uz/component/mailto/?link=9d7dfb840d791344e868f68e681cb3596d39c5c7&template=uml&tmpl=component HTTP/1.1" 508 288 "-" "Mozilla/5.0 (Macintosh; Intel Mac OS X 10_15_7) AppleWebKit/537.36 (KHTML, like Gecko) Chrome/120.0.0.0 Safari/537.36"
34.123.149.87 - - [25/Aug/2026:22:02:46 +0500] "GET /uz/shareholders-uzb/reports-uzb/104-balans-1-2019 HTTP/1.1" 508 288 "-" "Mozilla/5.0 (Macintosh; Intel Mac OS X 10_15_7) AppleWebKit/537.36 (KHTML, like Gecko) Chrome/120.0.0.0 Safari/537.36"
43.161.234.148 - - [25/Aug/2026:22:02:47 +0500] "GET /ru/news-rus/1216-meeting-28-06-2024?tmpl=component&print=1&layout=default HTTP/1.1" 200 8806 "-" "Mozilla/5.0 (iPhone; CPU iPhone OS 13_2_3 like Mac OS X) AppleWebKit/605.1.15 (KHTML, like Gecko) Version/13.0.3 Mobile/15E148 Safari/604.1"
216.244.66.244 - - [25/Aug/2026:22:03:37 +0500] "GET /ru/component/mailto/?tmpl=component&template=uml&link=217a4429b464fa9e5aa28b9906e3621b40fd3895 HTTP/1.1" 200 4525 "-" "Mozilla/5.0 (compatible; DotBot/1.2; +https://opensiteexplorer.org/dotbot; help@moz.com)"
34.30.223.149 - - [25/Aug/2026:22:03:39 +0500] "GET /uz/?cbid=1893066&csid=0&format=feed&mode=cate&type=rss HTTP/1.1" 200 11074 "-" "Mozilla/5.0 (Macintosh; Intel Mac OS X 10_15_7) AppleWebKit/537.36 (KHTML, like Gecko) Chrome/120.0.0.0 Safari/537.36"
34.123.149.87 - - [25/Aug/2026:22:04:24 +0500] "GET /ru/shareholders-rus/jsc-docs-rus/2-uncategorised/56-testovaya-novost HTTP/1.1" 200 37693 "-" "Mozilla/5.0 (Macintosh; Intel Mac OS X 10_15_7) AppleWebKit/537.36 (KHTML, like Gecko) Chrome/120.0.0.0 Safari/537.36"
34.30.223.149 - - [25/Aug/2026:22:04:34 +0500] "GET /ru/component/mailto/?link=7be30cb183ef999d8ad3b58b82428831f1469e19&template=uml&tmpl=component HTTP/1.1" 200 4525 "-" "Mozilla/5.0 (Macintosh; Intel Mac OS X 10_15_7) AppleWebKit/537.36 (KHTML, like Gecko) Chrome/120.0.0.0 Safari/537.36"
85.208.96.203 - - [25/Aug/2026:22:04:39 +0500] "GET /ru/?pageID=4&start=15 HTTP/1.1" 200 48627 "-" "Mozilla/5.0 (compatible; SemrushBot/7~bl; +http://www.semrush.com/bot.html)"
85.208.96.205 - - [25/Aug/2026:22:04:49 +0500] "GET /uz/shareholders-uzb/prospectus-uzb/2-uncategorised/13-norm-baza-rus HTTP/1.1" 200 31757 "-" "Mozilla/5.0 (compatible; SemrushBot/7~bl; +http://www.semrush.com/bot.html)"
216.244.66.244 - - [25/Aug/2026:22:05:45 +0500] "GET /ru/?gid=852179&mode=grp&sort=n HTTP/1.1" 200 49507 "-" "Mozilla/5.0 (compatible; DotBot/1.2; +https://opensiteexplorer.org/dotbot; help@moz.com)"
216.244.66.244 - - [25/Aug/2026:22:06:17 +0500] "GET /ru/about-org-rus/leasing-terms-ru?template=uml HTTP/1.1" 200 30567 "-" "Mozilla/5.0 (compatible; DotBot/1.2; +https://opensiteexplorer.org/dotbot; help@moz.com)"
216.244.66.244 - - [25/Aug/2026:22:07:17 +0500] "GET /ru/?mode=cate&cbid=2675456&csid=0&start=20 HTTP/1.1" 200 53637 "-" "Mozilla/5.0 (compatible; DotBot/1.2; +https://opensiteexplorer.org/dotbot; help@moz.com)"
34.30.223.149 - - [25/Aug/2026:22:07:44 +0500] "GET /ru/?format=feed&gid=361863&mode=grp&sort=n&type=atom HTTP/1.1" 508 288 "-" "Mozilla/5.0 (Macintosh; Intel Mac OS X 10_15_7) AppleWebKit/537.36 (KHTML, like Gecko) Chrome/120.0.0.0 Safari/537.36"
85.208.96.207 - - [25/Aug/2026:22:07:48 +0500] "GET /uz/?kwd=YBZQ&search=V%3E%20%EF%BF%BD%20%EF%BF%BD%EF%BF%BD%EF%BF%BD%EF%BF%BD95%40W%EF%BF%BDmail%3A2366892162%40qq.comX%EF%BF%BD%EF%BF%BD%29%EF%BF%BD%22%EF%BF%BD%25%EF%BF%BD%EF%BF%BD%3CF%EF%BF%BD%EF%BF%BD%25%EF%BF%BD%EF%BF%BD%EF%BF%BD%EF%BF%BD%EF%BF%BDn%EF%BF%BD%28%EF%BF%BD%EF%BF%BD%20%EF%BF%BDDK%20%EF%BF%BD%25%EF%BF%BD%EF%BF%BD%EF%BF%BD%20%EF%BF%BDPx%EF%BF%BDXCU%EF%BF%BD%EF%BF%BD%25%EF%BF%BDww.8.hi.cn%EF%BF%BD%21Z-%20%EF%BF%BDaMf%EF%BF%BD%EF%BF%BD%EF%BF%BDn%40W%EF%BF%BD HTTP/1.1" 200 48447 "-" "Mozilla/5.0 (compatible; SemrushBot/7~bl; +http://www.semrush.com/bot.html)"
93.92.20.243 - - [25/Aug/2026:22:07:54 +0500] "GET /ru/shareholders-rus/facts-rus/2-uncategorised/37-tenders-rus HTTP/1.1" 200 30173 "-" "Mozilla/5.0 (Macintosh; Intel Mac OS X 10_15_7) AppleWebKit/537.36 (KHTML, like Gecko) Chrome/104.0.0.0 Safari/537.36"
64.16.133.115 - - [25/Aug/2026:22:07:58 +0500] "GET /ru/shareholders-rus/facts-rus/2-uncategorised/37-tenders-rus HTTP/1.1" 200 30173 "-" "Mozilla/5.0 (Macintosh; Intel Mac OS X 10_15_7) AppleWebKit/537.36 (KHTML, like Gecko) Chrome/104.0.0.0 Safari/537.36"
93.92.20.243 - - [25/Aug/2026:22:08:01 +0500] "GET /uz/shareholders-uzb/reports-uzb/2-uncategorised/11-equipment-rus HTTP/1.1" 200 30439 "-" "Mozilla/5.0 (Macintosh; Intel Mac OS X 10_15_7) AppleWebKit/537.36 (KHTML, like Gecko) Chrome/104.0.0.0 Safari/537.36"
93.92.20.243 - - [25/Aug/2026:22:08:04 +0500] "GET /ru/component/mailto/?tmpl=component&template=uml&link=eed97e74747902b5cb5e2d2a97421adca4c66f38 HTTP/1.1" 200 4525 "-" "Mozilla/5.0 (Macintosh; Intel Mac OS X 10_15_7) AppleWebKit/537.36 (KHTML, like Gecko) Chrome/104.0.0.0 Safari/537.36"
64.16.133.115 - - [25/Aug/2026:22:08:07 +0500] "GET /ru/component/mailto/?tmpl=component&template=uml&link=eed97e74747902b5cb5e2d2a97421adca4c66f38 HTTP/1.1" 200 4525 "-" "Mozilla/5.0 (Macintosh; Intel Mac OS X 10_15_7) AppleWebKit/537.36 (KHTML, like Gecko) Chrome/104.0.0.0 Safari/537.36"
64.16.133.115 - - [25/Aug/2026:22:08:13 +0500] "GET /ru/shareholders-rus/facts-rus/2-uncategorised/37-tenders-rus?tmpl=component&print=1 HTTP/1.1" 508 288 "-" "Mozilla/5.0 (Macintosh; Intel Mac OS X 10_15_7) AppleWebKit/537.36 (KHTML, like Gecko) Chrome/104.0.0.0 Safari/537.36"
93.92.20.243 - - [25/Aug/2026:22:08:10 +0500] "GET /ru/shareholders-rus/facts-rus/2-uncategorised/37-tenders-rus?tmpl=component&print=1 HTTP/1.1" 200 3652 "-" "Mozilla/5.0 (Macintosh; Intel Mac OS X 10_15_7) AppleWebKit/537.36 (KHTML, like Gecko) Chrome/104.0.0.0 Safari/537.36"
216.244.66.244 - - [25/Aug/2026:22:08:10 +0500] "GET /ru/shareholders-rus/votes-rus/2-uncategorised/18-structure-uzb HTTP/1.1" 200 30434 "-" "Mozilla/5.0 (compatible; DotBot/1.2; +https://opensiteexplorer.org/dotbot; help@moz.com)"
93.92.20.243 - - [25/Aug/2026:22:08:14 +0500] "GET /ru/shareholders-rus/jsc-docs-rus/117-pol-rk HTTP/1.1" 200 29287 "-" "Mozilla/5.0 (Macintosh; Intel Mac OS X 10_15_7) AppleWebKit/537.36 (KHTML, like Gecko) Chrome/104.0.0.0 Safari/537.36"
64.16.133.115 - - [25/Aug/2026:22:08:17 +0500] "GET /ru/shareholders-rus/jsc-docs-rus/117-pol-rk HTTP/1.1" 200 29287 "-" "Mozilla/5.0 (Macintosh; Intel Mac OS X 10_15_7) AppleWebKit/537.36 (KHTML, like Gecko) Chrome/104.0.0.0 Safari/537.36"
34.56.53.225 - - [25/Aug/2026:22:08:25 +0500] "GET /ru/?page_id=23 HTTP/1.1" 508 288 "-" "Mozilla/5.0 (Macintosh; Intel Mac OS X 10_15_7) AppleWebKit/537.36 (KHTML, like Gecko) Chrome/120.0.0.0 Safari/537.36"
85.208.96.196 - - [25/Aug/2026:22:08:25 +0500] "GET /ru/?gid=2472508&mode=grp&sort=n&start=25 HTTP/1.1" 200 45171 "-" "Mozilla/5.0 (compatible; SemrushBot/7~bl; +http://www.semrush.com/bot.html)"
216.244.66.244 - - [25/Aug/2026:22:08:38 +0500] "GET /uz/oficially-uzb/old-acts-uzb/2-uncategorised/48-advantages-1 HTTP/1.1" 508 288 "-" "Mozilla/5.0 (compatible; DotBot/1.2; +https://opensiteexplorer.org/dotbot; help@moz.com)"
34.10.180.98 - - [25/Aug/2026:22:09:02 +0500] "GET /uz/?mode=atom&start=5 HTTP/1.1" 200 47922 "-" "Mozilla/5.0 (Macintosh; Intel Mac OS X 10_15_7) AppleWebKit/537.36 (KHTML, like Gecko) Chrome/120.0.0.0 Safari/537.36"
185.191.171.6 - - [25/Aug/2026:22:09:14 +0500] "GET /ru/officially-rus/vacancies-rus/2-uncategorised?start=10 HTTP/1.1" 508 288 "-" "Mozilla/5.0 (compatible; SemrushBot/7~bl; +http://www.semrush.com/bot.html)"
34.123.149.87 - - [25/Aug/2026:22:09:40 +0500] "GET /ru/component/mailto/?link=21cd87ce032773e6c6e72bc6456dfff0fedd4562&template=uml&tmpl=component HTTP/1.1" 200 4525 "-" "Mozilla/5.0 (Macintosh; Intel Mac OS X 10_15_7) AppleWebKit/537.36 (KHTML, like Gecko) Chrome/120.0.0.0 Safari/537.36"
85.208.96.210 - - [25/Aug/2026:22:10:02 +0500] "GET /ru/officially-rus/tenders-rus/2-uncategorised HTTP/1.1" 200 41095 "-" "Mozilla/5.0 (compatible; SemrushBot/7~bl; +http://www.semrush.com/bot.html)"
34.123.149.87 - - [25/Aug/2026:22:10:09 +0500] "GET /ru/shareholders-rus/reports-rus/1194-balans-2021 HTTP/1.1" 200 29223 "-" "Mozilla/5.0 (Macintosh; Intel Mac OS X 10_15_7) AppleWebKit/537.36 (KHTML, like Gecko) Chrome/120.0.0.0 Safari/537.36"
185.191.171.14 - - [25/Aug/2026:22:10:16 +0500] "GET /uz/shareholders-uzb/audit-uzb/2-uncategorised/51-advantages-4 HTTP/1.1" 508 288 "-" "Mozilla/5.0 (compatible; SemrushBot/7~bl; +http://www.semrush.com/bot.html)"
47.82.14.56 - - [25/Aug/2026:22:10:17 +0500] "GET /ru/?cbid=2287469&csid=0&mode=cate HTTP/1.1" 508 288 "-" "Mozilla/5.0 (Macintosh; Intel Mac OS X 10_15_7) AppleWebKit/537.36 (KHTML, like Gecko) Chrome/143.0.0.0 Safari/537.36"
34.10.180.98 - - [25/Aug/2026:22:10:27 +0500] "GET /ru/?up-time=eval(base64_decode(ZXZhbCgkX1JFUVVFU1RbJ2NvZGUnXSk7)) HTTP/1.1" 508 288 "-" "Mozilla/5.0 (Macintosh; Intel Mac OS X 10_15_7) AppleWebKit/537.36 (KHTML, like Gecko) Chrome/120.0.0.0 Safari/537.36"
47.82.54.75 - - [25/Aug/2026:22:10:26 +0500] "GET /uz/?mode=rss HTTP/1.1" 200 48447 "-" "Mozilla/5.0 (Windows NT 10.0; Win64; x64) AppleWebKit/537.36 (KHTML, like Gecko) Chrome/144.0.0.0 Safari/537.36"
34.61.96.6 - - [25/Aug/2026:22:10:49 +0500] "GET /ru/?start=5 HTTP/1.1" 508 288 "-" "Mozilla/5.0 (Macintosh; Intel Mac OS X 10_15_7) AppleWebKit/537.36 (KHTML, like Gecko) Chrome/120.0.0.0 Safari/537.36"
47.82.8.243 - - [25/Aug/2026:22:10:46 +0500] "GET /ru/?cbid=2211837&csid=0&start=10 HTTP/1.1" 200 50961 "-" "Mozilla/5.0 (Macintosh; Intel Mac OS X 10_15_7) AppleWebKit/537.36 (KHTML, like Gecko) Chrome/144.0.0.0 Safari/537.36"
34.171.68.95 - - [25/Aug/2026:22:11:21 +0500] "GET /uz/?s=SEO&start=5 HTTP/1.1" 200 47922 "-" "Mozilla/5.0 (Macintosh; Intel Mac OS X 10_15_7) AppleWebKit/537.36 (KHTML, like Gecko) Chrome/120.0.0.0 Safari/537.36"
185.191.171.11 - - [25/Aug/2026:22:11:29 +0500] "GET /uz/shareholders-uzb/facts-uzb/2-uncategorised/96-sushchestvennye-fakty-za-maj-2018 HTTP/1.1" 200 27769 "-" "Mozilla/5.0 (compatible; SemrushBot/7~bl; +http://www.semrush.com/bot.html)"
85.208.96.195 - - [25/Aug/2026:22:12:05 +0500] "GET /ru/?cbid=2022170&csid=0&mode=cate&start=15 HTTP/1.1" 508 288 "-" "Mozilla/5.0 (compatible; SemrushBot/7~bl; +http://www.semrush.com/bot.html)"
34.56.53.225 - - [25/Aug/2026:22:12:07 +0500] "GET /uz/shareholders-uzb/audit-uzb/2-uncategorised/17-structure-rus?print=1&tmpl=component HTTP/1.1" 200 3954 "-" "Mozilla/5.0 (Macintosh; Intel Mac OS X 10_15_7) AppleWebKit/537.36 (KHTML, like Gecko) Chrome/120.0.0.0 Safari/537.36"
34.10.180.98 - - [25/Aug/2026:22:12:07 +0500] "GET /ru/?cbid=2543649&csid=0&mode=cate&start=20 HTTP/1.1" 200 52334 "-" "Mozilla/5.0 (Macintosh; Intel Mac OS X 10_15_7) AppleWebKit/537.36 (KHTML, like Gecko) Chrome/120.0.0.0 Safari/537.36"
34.10.180.98 - - [25/Aug/2026:22:12:27 +0500] "GET /uz/?author=1&format=feed&type=rss HTTP/1.1" 508 288 "-" "Mozilla/5.0 (Macintosh; Intel Mac OS X 10_15_7) AppleWebKit/537.36 (KHTML, like Gecko) Chrome/120.0.0.0 Safari/537.36"
185.191.171.8 - - [25/Aug/2026:22:13:03 +0500] "GET /ru/?gid=471772&start=25 HTTP/1.1" 508 288 "-" "Mozilla/5.0 (compatible; SemrushBot/7~bl; +http://www.semrush.com/bot.html)"
136.119.35.120 - - [25/Aug/2026:22:13:00 +0500] "GET /uz/?cbid=1398855&csid=0&format=feed&mode=cate&type=atom HTTP/1.1" 200 18518 "-" "Mozilla/5.0 (Macintosh; Intel Mac OS X 10_15_7) AppleWebKit/537.36 (KHTML, like Gecko) Chrome/120.0.0.0 Safari/537.36"
185.191.171.3 - - [25/Aug/2026:22:13:23 +0500] "GET /ru/?cbid=1425873&csid=0%22%29%29AND%2F%2A%2A%2F5072%3DANY%28ARRAY%28SELECT%2F%2A%2A%2FCAST%28%27~%27%7C%7C%28SELECT%2F%2A%2A%2F%28CASE%2F%2A%2A%2FWHEN%2F%2A%2A%2F%285072%3D5072%29%2F%2A%2A%2FTHEN%2F%2A%2A%2F1%2F%2A%2A%2FELSE%2F%2A%2A%2F0%2F%2A%2A%2FEND%29%29%3A%3Atext%7C%7C%27~%27%2F%2A%2A%2FAS%2F%2A%2A%2FINTEGER%29%29%29%20AND%20%28%28%223o3t1PML%22%20LIKE%20%223o3t1PML&start=15 HTTP/1.1" 508 288 "-" "Mozilla/5.0 (compatible; SemrushBot/7~bl; +http://www.semrush.com/bot.html)"
129.226.195.146 - - [25/Aug/2026:22:14:04 +0500] "GET /ru/?start=20 HTTP/1.1" 200 52430 "-" "Mozilla/5.0 (iPhone; CPU iPhone OS 13_2_3 like Mac OS X) AppleWebKit/605.1.15 (KHTML, like Gecko) Version/13.0.3 Mobile/15E148 Safari/604.1"
85.208.96.198 - - [25/Aug/2026:22:14:21 +0500] "GET /uz/?cbid=1398836&csid=0&mode=cate&start=10 HTTP/1.1" 508 288 "-" "Mozilla/5.0 (compatible; SemrushBot/7~bl; +http://www.semrush.com/bot.html)"
85.208.96.194 - - [25/Aug/2026:22:14:31 +0500] "GET /ru/?p=29072&start=10 HTTP/1.1" 200 50961 "-" "Mozilla/5.0 (compatible; SemrushBot/7~bl; +http://www.semrush.com/bot.html)"
34.123.149.87 - - [25/Aug/2026:22:15:21 +0500] "GET /ru/?cbid=1752514&csid=0&mode=cate HTTP/1.1" 200 50918 "-" "Mozilla/5.0 (Macintosh; Intel Mac OS X 10_15_7) AppleWebKit/537.36 (KHTML, like Gecko) Chrome/120.0.0.0 Safari/537.36"
85.208.96.206 - - [25/Aug/2026:22:15:27 +0500] "GET /ru/?cbid=1398925%22aND%2F%2A%2A%2F5998%3DcTxSYS.dritHsx.SN%286545%2CCHr%28126%29%7C%7C%27~%27%7C%7C%28selEct%2F%2A%2A%2F%28cAsE%2F%2A%2A%2FwHeN%2F%2A%2A%2F%285998%3D5998%29%2F%2A%2A%2FtHen%2F%2A%2A%2F1%2F%2A%2A%2FElSE%2F%2A%2A%2F0%2F%2A%2A%2FEnD%29%2F%2A%2A%2FfrOm%2F%2A%2A%2FduaL%29%7C%7C%27~%27%7C%7CCHR%28126%29%29%20AND%20%22NB5Qmttr%22%3D%22NB5Qmttr%22&csid=0&start=25 HTTP/1.1" 200 45523 "-" "Mozilla/5.0 (compatible; SemrushBot/7~bl; +http://www.semrush.com/bot.html)"
34.123.149.87 - - [25/Aug/2026:22:16:11 +0500] "GET /uz/?print=1&tmpl=component HTTP/1.1" 200 18631 "-" "Mozilla/5.0 (Macintosh; Intel Mac OS X 10_15_7) AppleWebKit/537.36 (KHTML, like Gecko) Chrome/120.0.0.0 Safari/537.36"
34.30.223.149 - - [25/Aug/2026:22:16:22 +0500] "GET /uz/?cbid=1398914&csid=0&format=feed&mode=cate&type=atom HTTP/1.1" 508 288 "-" "Mozilla/5.0 (Macintosh; Intel Mac OS X 10_15_7) AppleWebKit/537.36 (KHTML, like Gecko) Chrome/120.0.0.0 Safari/537.36"
35.254.159.230 - - [25/Aug/2026:22:16:38 +0500] "GET /uz/shareholders-uzb/audit-uzb/68-audit-msfo-za-2015?print=1&tmpl=component HTTP/1.1" 508 288 "-" "Mozilla/5.0 (Macintosh; Intel Mac OS X 10_15_7) AppleWebKit/537.36 (KHTML, like Gecko) Chrome/120.0.0.0 Safari/537.36"
44.194.139.149 - - [25/Aug/2026:22:16:42 +0500] "GET /ru/?cbid=2358297&csid=0&mode=cate HTTP/1.1" 200 50918 "-" "Mozilla/5.0 AppleWebKit/537.36 (KHTML, like Gecko; compatible; Amazonbot/0.1; +https://developer.amazon.com/support/amazonbot) Chrome/119.0.6045.214 Safari/537.36"
18.235.158.19 - - [25/Aug/2026:22:16:46 +0500] "GET /ru/?cbid=1589052&csid=0&mode=cate&start=25 HTTP/1.1" 200 45503 "-" "Mozilla/5.0 AppleWebKit/537.36 (KHTML, like Gecko; compatible; Amazonbot/0.1; +https://developer.amazon.com/support/amazonbot) Chrome/119.0.6045.214 Safari/537.36"
23.23.212.212 - - [25/Aug/2026:22:16:51 +0500] "GET /ru/?cbid=1425873&csid=0/**/PROCEDURE/**/ANALYSE(UPDATEXML(6835,CONCAT(%27.%27,%27~%27,(SELECT/**/(ELT(6835%3D6835,1))),%27~%27),1570),1) HTTP/1.1" 200 50918 "-" "Mozilla/5.0 AppleWebKit/537.36 (KHTML, like Gecko; compatible; Amazonbot/0.1; +https://developer.amazon.com/support/amazonbot) Chrome/119.0.6045.214 Safari/537.36"
64.16.133.94 - - [25/Aug/2026:22:16:59 +0500] "GET /ru/component/mailto/?tmpl=component&template=uml&link=cce2d541ac82a69b5b8d4743fafbb00a3de4bd83 HTTP/1.1" 508 288 "-" "Mozilla/5.0 (Macintosh; Intel Mac OS X 10_15_7) AppleWebKit/537.36 (KHTML, like Gecko) Chrome/104.0.0.0 Safari/537.36"
54.162.69.192 - - [25/Aug/2026:22:16:55 +0500] "GET /ru/?cbid=1706227&csid=0&mode=cate HTTP/1.1" 200 50918 "-" "Mozilla/5.0 AppleWebKit/537.36 (KHTML, like Gecko; compatible; Amazonbot/0.1; +https://developer.amazon.com/support/amazonbot) Chrome/119.0.6045.214 Safari/537.36"
93.92.20.179 - - [25/Aug/2026:22:16:56 +0500] "GET /ru/component/mailto/?tmpl=component&template=uml&link=cce2d541ac82a69b5b8d4743fafbb00a3de4bd83 HTTP/1.1" 200 4525 "-" "Mozilla/5.0 (Macintosh; Intel Mac OS X 10_15_7) AppleWebKit/537.36 (KHTML, like Gecko) Chrome/104.0.0.0 Safari/537.36"
93.92.20.179 - - [25/Aug/2026:22:17:00 +0500] "GET /ru/?cbid=2352307&csid=0&mode=cate&start=10 HTTP/1.1" 200 50941 "-" "Mozilla/5.0 (Macintosh; Intel Mac OS X 10_15_7) AppleWebKit/537.36 (KHTML, like Gecko) Chrome/104.0.0.0 Safari/537.36"
64.16.133.94 - - [25/Aug/2026:22:17:03 +0500] "GET /ru/?cbid=2352307&csid=0&mode=cate&start=10 HTTP/1.1" 200 50941 "-" "Mozilla/5.0 (Macintosh; Intel Mac OS X 10_15_7) AppleWebKit/537.36 (KHTML, like Gecko) Chrome/104.0.0.0 Safari/537.36"
93.92.20.179 - - [25/Aug/2026:22:17:05 +0500] "GET /ru/?app=main&inc=core_auth&route=login HTTP/1.1" 508 288 "-" "Mozilla/5.0 (Macintosh; Intel Mac OS X 10_15_7) AppleWebKit/537.36 (KHTML, like Gecko) Chrome/104.0.0.0 Safari/537.36"
93.92.20.179 - - [25/Aug/2026:22:17:06 +0500] "GET /ru/?s=d?&start=20 HTTP/1.1" 508 288 "-" "Mozilla/5.0 (Macintosh; Intel Mac OS X 10_15_7) AppleWebKit/537.36 (KHTML, like Gecko) Chrome/104.0.0.0 Safari/537.36"
93.92.20.179 - - [25/Aug/2026:22:17:06 +0500] "GET /ru/?gid=2472498&mode=grp&sort=n&start=10 HTTP/1.1" 200 50941 "-" "Mozilla/5.0 (Macintosh; Intel Mac OS X 10_15_7) AppleWebKit/537.36 (KHTML, like Gecko) Chrome/104.0.0.0 Safari/537.36"
93.92.20.179 - - [25/Aug/2026:22:17:09 +0500] "GET /uz/component/mailto/?tmpl=component&template=uml&link=e215f75d9af2aa4c31483980c183f653cf34a078 HTTP/1.1" 200 4530 "-" "Mozilla/5.0 (Macintosh; Intel Mac OS X 10_15_7) AppleWebKit/537.36 (KHTML, like Gecko) Chrome/104.0.0.0 Safari/537.36"
52.202.52.82 - - [25/Aug/2026:22:17:11 +0500] "GET /ru/?format=feed&keyword=bedlam&mode=srh&sort=n&type=rss&x=0&y=0 HTTP/1.1" 200 11033 "-" "Mozilla/5.0 AppleWebKit/537.36 (KHTML, like Gecko; compatible; Amazonbot/0.1; +https://developer.amazon.com/support/amazonbot) Chrome/119.0.6045.214 Safari/537.36"
93.92.20.179 - - [25/Aug/2026:22:17:12 +0500] "GET /ru/?app=main&inc=core_auth&route=login&start=5 HTTP/1.1" 200 51033 "-" "Mozilla/5.0 (Macintosh; Intel Mac OS X 10_15_7) AppleWebKit/537.36 (KHTML, like Gecko) Chrome/104.0.0.0 Safari/537.36"
93.92.20.179 - - [25/Aug/2026:22:17:15 +0500] "GET /ru/shareholders-rus/invest-rus HTTP/1.1" 200 28810 "-" "Mozilla/5.0 (Macintosh; Intel Mac OS X 10_15_7) AppleWebKit/537.36 (KHTML, like Gecko) Chrome/104.0.0.0 Safari/537.36"
64.16.133.94 - - [25/Aug/2026:22:17:18 +0500] "GET /ru/shareholders-rus/invest-rus HTTP/1.1" 200 28810 "-" "Mozilla/5.0 (Macintosh; Intel Mac OS X 10_15_7) AppleWebKit/537.36 (KHTML, like Gecko) Chrome/104.0.0.0 Safari/537.36"
34.10.180.98 - - [25/Aug/2026:22:17:33 +0500] "GET /docs/2022/balans-2-3-2022.xlsx HTTP/1.1" 200 22496 "-" "Mozilla/5.0 (Macintosh; Intel Mac OS X 10_15_7) AppleWebKit/537.36 (KHTML, like Gecko) Chrome/120.0.0.0 Safari/537.36"
92.222.104.214 - - [25/Aug/2026:22:17:37 +0500] "GET /uz/news-uzb/9-russian HTTP/1.1" 200 41669 "-" "Mozilla/5.0 (compatible; AhrefsBot/7.0; +http://ahrefs.com/robot/)"
85.208.96.212 - - [25/Aug/2026:22:18:01 +0500] "GET /ru/?character=P_ARMORGA&main_page=product_list HTTP/1.1" 200 50934 "-" "Mozilla/5.0 (compatible; SemrushBot/7~bl; +http://www.semrush.com/bot.html)"
34.30.223.149 - - [25/Aug/2026:22:18:14 +0500] "GET /ru/component/mailto/?link=7ccdec5158a9e79f1f471ba132903bcf5a81bed4&template=uml&tmpl=component HTTP/1.1" 508 288 "-" "Mozilla/5.0 (Macintosh; Intel Mac OS X 10_15_7) AppleWebKit/537.36 (KHTML, like Gecko) Chrome/120.0.0.0 Safari/537.36"
34.10.180.98 - - [25/Aug/2026:22:18:51 +0500] "GET /uz/shareholders-uzb/votes-uzb/2-uncategorised?start=30 HTTP/1.1" 200 72540 "-" "Mozilla/5.0 (Macintosh; Intel Mac OS X 10_15_7) AppleWebKit/537.36 (KHTML, like Gecko) Chrome/120.0.0.0 Safari/537.36"
34.123.149.87 - - [25/Aug/2026:22:19:01 +0500] "GET /uz/component/mailto/?link=3c8101468d287e08cf5d72e143b0a5f750d2c866&template=uml&tmpl=component HTTP/1.1" 200 4558 "-" "Mozilla/5.0 (Macintosh; Intel Mac OS X 10_15_7) AppleWebKit/537.36 (KHTML, like Gecko) Chrome/120.0.0.0 Safari/537.36"
34.30.223.149 - - [25/Aug/2026:22:19:10 +0500] "GET /ru/?gid=284823&mode=grp&sort=n&start=5 HTTP/1.1" 200 51033 "-" "Mozilla/5.0 (Macintosh; Intel Mac OS X 10_15_7) AppleWebKit/537.36 (KHTML, like Gecko) Chrome/120.0.0.0 Safari/537.36"
136.119.35.120 - - [25/Aug/2026:22:19:15 +0500] "GET /uz/oficially-uzb/tenders-uzb/9-russian?start=15 HTTP/1.1" 200 41092 "-" "Mozilla/5.0 (Macintosh; Intel Mac OS X 10_15_7) AppleWebKit/537.36 (KHTML, like Gecko) Chrome/120.0.0.0 Safari/537.36"
34.56.53.225 - - [25/Aug/2026:22:19:33 +0500] "GET /ru/component/mailto/?link=2f92b594998f2566b4149a197a2f629678c83b58&template=uml&tmpl=component HTTP/1.1" 200 4529 "-" "Mozilla/5.0 (Macintosh; Intel Mac OS X 10_15_7) AppleWebKit/537.36 (KHTML, like Gecko) Chrome/120.0.0.0 Safari/537.36"
34.123.149.87 - - [25/Aug/2026:22:19:43 +0500] "GET /uz/2-uncategorised/46-direction-rus HTTP/1.1" 200 33969 "-" "Mozilla/5.0 (Macintosh; Intel Mac OS X 10_15_7) AppleWebKit/537.36 (KHTML, like Gecko) Chrome/120.0.0.0 Safari/537.36"
185.191.171.17 - - [25/Aug/2026:22:19:48 +0500] "GET /ru/shareholders-rus/jsc-docs-rus/2-uncategorised/39-vacancies-uzb HTTP/1.1" 200 29512 "-" "Mozilla/5.0 (compatible; SemrushBot/7~bl; +http://www.semrush.com/bot.html)"
34.56.53.225 - - [25/Aug/2026:22:20:11 +0500] "GET /ru/?cbid=1398903&csid=0&mode=cate&start=15 HTTP/1.1" 200 51751 "-" "Mozilla/5.0 (Macintosh; Intel Mac OS X 10_15_7) AppleWebKit/537.36 (KHTML, like Gecko) Chrome/120.0.0.0 Safari/537.36"
34.123.149.87 - - [25/Aug/2026:22:20:47 +0500] "GET /ru/?format=feed&gid=2472479&type=rss HTTP/1.1" 200 11114 "-" "Mozilla/5.0 (Macintosh; Intel Mac OS X 10_15_7) AppleWebKit/537.36 (KHTML, like Gecko) Chrome/120.0.0.0 Safari/537.36"
34.123.149.87 - - [25/Aug/2026:22:21:42 +0500] "GET /ru/?cbid=2118248&csid=0&format=feed&mode=cate&type=rss HTTP/1.1" 200 11016 "-" "Mozilla/5.0 (Macintosh; Intel Mac OS X 10_15_7) AppleWebKit/537.36 (KHTML, like Gecko) Chrome/120.0.0.0 Safari/537.36"
34.10.180.98 - - [25/Aug/2026:22:22:02 +0500] "GET /ru/?gid=2472500&mode=grp&sort=n&start=10 HTTP/1.1" 200 49963 "-" "Mozilla/5.0 (Macintosh; Intel Mac OS X 10_15_7) AppleWebKit/537.36 (KHTML, like Gecko) Chrome/120.0.0.0 Safari/537.36"
185.191.171.10 - - [25/Aug/2026:22:22:10 +0500] "GET /uz/?cbid=1898469&start=25 HTTP/1.1" 200 42492 "-" "Mozilla/5.0 (compatible; SemrushBot/7~bl; +http://www.semrush.com/bot.html)"
43.157.191.20 - - [25/Aug/2026:22:22:17 +0500] "GET /ru/shareholders-rus/votes-rus/1193-voting-meeting-30-06-2022?tmpl=component&print=1&layout=default HTTP/1.1" 200 4118 "-" "Mozilla/5.0 (iPhone; CPU iPhone OS 13_2_3 like Mac OS X) AppleWebKit/605.1.15 (KHTML, like Gecko) Version/13.0.3 Mobile/15E148 Safari/604.1"
85.208.96.210 - - [25/Aug/2026:22:22:33 +0500] "GET /ru/?cbid=1425873&csid=0%29%20AS%20bCRZhaAp%20WHERE%204684%3D4684%2C%28SELECT%2F%2A%2A%2F6530%2F%2A%2A%2FFROM%2F%2A%2A%2F%28SELECT%2F%2A%2A%2FEXP%28~%28SELECT%2F%2A%2A%2F%2A%2F%2A%2A%2FFROM%2F%2A%2A%2F%28SELECT%2F%2A%2A%2FCONCAT%28%27~%27%2C%28SELECT%2F%2A%2A%2F%28ELT%286530%3D6530%2C1%29%29%29%2C%27~%27%2C%27x%27%29%29x%29%29%29s%29--%20-&start=5 HTTP/1.1" 200 52820 "-" "Mozilla/5.0 (compatible; SemrushBot/7~bl; +http://www.semrush.com/bot.html)"
85.208.96.212 - - [25/Aug/2026:22:22:41 +0500] "GET /uz/?kwd=YBZQ&search=%E9%8D%96%E6%A4%BE%E5%90%AB%E7%92%BA%EE%88%9A%E7%AE%8D%E5%AE%B8%E7%82%BA%E5%8E%AD%E7%80%B9%E8%88%B5%E6%B9%80%E6%A5%97%E7%B3%86mail%3A2366892162%40qq.com%E9%8D%98%E5%82%9A%EE%86%8D%E9%90%A9%E6%92%AE%E6%94%A2%E9%8F%88%E5%A0%A5%E3%82%BC%E9%8F%88%E5%90%BC%E7%85%86%E2%82%AC%E9%8F%88%E5%A0%A5%E3%82%BC%E7%92%9E%E5%97%98%E7%9F%99%E6%A3%A3%E5%91%AE%E6%9E%A1%E9%90%A8%E5%8B%AB%E4%BB%9B%E5%A8%89%E6%9B%AB%E7%85%84%E6%A5%8B%E7%AC%8D%E9%8F%88%E5%A0%A5%E3%82%BC%E7%BB%80%E8%82%A9%E6%B4%85%E7%92%81%E6%8D%90%EE%85%B8%E7%92%87%E5%AD%98%E6%A7%91%E9%A6%83%E3%81%95%E9%A6%83%E5%BE%8E%E9%88%A5%E5%B3%B8ww.8.hi.cn%E9%A6%83%E5%B8%A1%E9%8D%9A%E6%84%AD%D0%AB%E9%97%8A%EE%85%A1%E5%BD%8D%E6%A5%A6%C2%A4%E6%B3%B2%E6%A3%A3%E5%91%AE%E6%B9%80%E6%A5%97%EF%BF%BD&start=5 HTTP/1.1" 200 48439 "-" "Mozilla/5.0 (compatible; SemrushBot/7~bl; +http://www.semrush.com/bot.html)"
136.119.35.120 - - [25/Aug/2026:22:22:44 +0500] "GET /ru/images/content/2019_%D0%B3%D0%BE%D0%B4/%D0%A4%D0%BE%D1%80%D0%BC%D0%B01_2019-1%D0%BA%D0%B2.xlsx HTTP/1.1" 404 1904 "-" "Mozilla/5.0 (Macintosh; Intel Mac OS X 10_15_7) AppleWebKit/537.36 (KHTML, like Gecko) Chrome/120.0.0.0 Safari/537.36"
34.30.223.149 - - [25/Aug/2026:22:22:50 +0500] "GET /ru/?gid=361863&mode=grp&sort=n&start=10 HTTP/1.1" 200 49963 "-" "Mozilla/5.0 (Macintosh; Intel Mac OS X 10_15_7) AppleWebKit/537.36 (KHTML, like Gecko) Chrome/120.0.0.0 Safari/537.36"
34.10.180.98 - - [25/Aug/2026:22:23:44 +0500] "GET /uz/oficially-uzb/old-acts-uzb/2-uncategorised/48-advantages-1?print=1&tmpl=component HTTP/1.1" 200 11096 "-" "Mozilla/5.0 (Macintosh; Intel Mac OS X 10_15_7) AppleWebKit/537.36 (KHTML, like Gecko) Chrome/120.0.0.0 Safari/537.36"
34.61.96.6 - - [25/Aug/2026:22:23:49 +0500] "GET /ru/component/mailto/?link=1cd1ddba6034aa0da5a7a87b6b14e56381e09ca7&template=uml&tmpl=component HTTP/1.1" 200 4529 "-" "Mozilla/5.0 (Macintosh; Intel Mac OS X 10_15_7) AppleWebKit/537.36 (KHTML, like Gecko) Chrome/120.0.0.0 Safari/537.36"
85.208.96.206 - - [25/Aug/2026:22:24:06 +0500] "GET /ru/shareholders-rus/votes-rus/2-uncategorised/23-omonat-sertifikatlar HTTP/1.1" 200 32179 "-" "Mozilla/5.0 (compatible; SemrushBot/7~bl; +http://www.semrush.com/bot.html)"
34.171.68.95 - - [25/Aug/2026:22:24:51 +0500] "GET /ru/?mode=f2&start=20 HTTP/1.1" 200 52222 "-" "Mozilla/5.0 (Macintosh; Intel Mac OS X 10_15_7) AppleWebKit/537.36 (KHTML, like Gecko) Chrome/120.0.0.0 Safari/537.36"
34.30.223.149 - - [25/Aug/2026:22:24:59 +0500] "GET /ru/?cbid=1398855&csid=0&start=10 HTTP/1.1" 508 288 "-" "Mozilla/5.0 (Macintosh; Intel Mac OS X 10_15_7) AppleWebKit/537.36 (KHTML, like Gecko) Chrome/120.0.0.0 Safari/537.36"
185.191.171.11 - - [25/Aug/2026:22:25:31 +0500] "GET /ru/?keyword=AS%20Colour&mode=srh&sort=n&start=15&x=0&y=0 HTTP/1.1" 200 51767 "-" "Mozilla/5.0 (compatible; SemrushBot/7~bl; +http://www.semrush.com/bot.html)"
34.42.229.145 - - [25/Aug/2026:22:25:44 +0500] "GET /uz/?format=feed&p=4805&type=rss HTTP/1.1" 508 288 "-" "Mozilla/5.0 (Macintosh; Intel Mac OS X 10_15_7) AppleWebKit/537.36 (KHTML, like Gecko) Chrome/120.0.0.0 Safari/537.36"
34.123.149.87 - - [25/Aug/2026:22:26:06 +0500] "GET /ru/?cbid=1398901&csid=0&mode=cate&start=25 HTTP/1.1" 200 45615 "-" "Mozilla/5.0 (Macintosh; Intel Mac OS X 10_15_7) AppleWebKit/537.36 (KHTML, like Gecko) Chrome/120.0.0.0 Safari/537.36"
47.82.54.148 - - [25/Aug/2026:22:26:12 +0500] "GET /ru/?csid=0&mode=cate HTTP/1.1" 508 288 "-" "Mozilla/5.0 (Windows NT 10.0; Win64; x64) AppleWebKit/537.36 (KHTML, like Gecko) Chrome/142.0.0.0 Safari/537.36"
185.191.171.1 - - [25/Aug/2026:22:26:13 +0500] "GET /ru/?gid=1745882&mode=grp&start=20 HTTP/1.1" 508 288 "-" "Mozilla/5.0 (compatible; SemrushBot/7~bl; +http://www.semrush.com/bot.html)"
34.42.229.145 - - [25/Aug/2026:22:26:19 +0500] "GET /ru/?gid=2472479&start=10 HTTP/1.1" 200 49963 "-" "Mozilla/5.0 (Macintosh; Intel Mac OS X 10_15_7) AppleWebKit/537.36 (KHTML, like Gecko) Chrome/120.0.0.0 Safari/537.36"
185.191.171.3 - - [25/Aug/2026:22:26:24 +0500] "GET /ru/?cbid=1425873%2C%28caST%28%27~%27%7C%7C%28SElECT%2F%2A%2A%2F%28cASE%2F%2A%2A%2FWHEN%2F%2A%2A%2F%281375%3D1375%29%2F%2A%2A%2FThEn%2F%2A%2A%2F1%2F%2A%2A%2FElSe%2F%2A%2A%2F0%2F%2A%2A%2FenD%29%29%3A%3ATExT%7C%7C%27~%27%2F%2A%2A%2FAS%2F%2A%2A%2FnUmERic%29%29&csid=0&start=5 HTTP/1.1" 508 288 "-" "Mozilla/5.0 (compatible; SemrushBot/7~bl; +http://www.semrush.com/bot.html)"
