141.94.101.142 - - [25/Aug/2026:19:58:26 +0500] "GET /ru/?cbid=2091061&csid=0&mode=cate&start=15 HTTP/1.1" 200 48584 "-" "Mozilla/5.0 (compatible; MJ12bot/v1.4.8; http://mj12bot.com/)"
141.94.101.142 - - [25/Aug/2026:19:58:32 +0500] "GET /ru/?cbid=2091061&csid=0&mode=cate&start=20 HTTP/1.1" 200 50634 "-" "Mozilla/5.0 (compatible; MJ12bot/v1.4.8; http://mj12bot.com/)"
141.94.101.142 - - [25/Aug/2026:19:58:32 +0500] "GET /ru/?p=4476&start=15 HTTP/1.1" 200 48584 "-" "Mozilla/5.0 (compatible; MJ12bot/v1.4.8; http://mj12bot.com/)"
141.94.101.142 - - [25/Aug/2026:19:58:37 +0500] "GET /ru/?cbid=2091061&csid=0&mode=cate&start=5 HTTP/1.1" 200 50995 "-" "Mozilla/5.0 (compatible; MJ12bot/v1.4.8; http://mj12bot.com/)"
141.94.101.142 - - [25/Aug/2026:19:58:37 +0500] "GET /ru/?p=4872&start=15 HTTP/1.1" 200 48584 "-" "Mozilla/5.0 (compatible; MJ12bot/v1.4.8; http://mj12bot.com/)"
141.94.101.142 - - [25/Aug/2026:19:58:41 +0500] "GET /ru/?p=4932 HTTP/1.1" 200 49311 "-" "Mozilla/5.0 (compatible; MJ12bot/v1.4.8; http://mj12bot.com/)"
141.94.101.142 - - [25/Aug/2026:19:58:42 +0500] "GET /ru/?eid=2546&start=15 HTTP/1.1" 200 48584 "-" "Mozilla/5.0 (compatible; MJ12bot/v1.4.8; http://mj12bot.com/)"
141.94.101.142 - - [25/Aug/2026:19:58:44 +0500] "GET /ru/?p=4932&start=15 HTTP/1.1" 200 48584 "-" "Mozilla/5.0 (compatible; MJ12bot/v1.4.8; http://mj12bot.com/)"
141.94.101.142 - - [25/Aug/2026:19:58:47 +0500] "GET /ru/?eid=2546&start=20 HTTP/1.1" 200 50634 "-" "Mozilla/5.0 (compatible; MJ12bot/v1.4.8; http://mj12bot.com/)"
141.94.101.142 - - [25/Aug/2026:19:58:52 +0500] "GET /ru/?eid=2546&start=25 HTTP/1.1" 508 288 "-" "Mozilla/5.0 (compatible; MJ12bot/v1.4.8; http://mj12bot.com/)"
114.119.157.157 - - [25/Aug/2026:19:58:52 +0500] "GET /ru/2-uncategorised/350-a-review-of-professional-essay-writers-review?tmpl=component&print=1 HTTP/1.1" 508 288 "https://uml.uz/ru/2-uncategorised?start=220" "Mozilla/5.0 (Linux; Android 7.0;) AppleWebKit/537.36 (HTML, like Gecko) Mobile Safari/537.36 (compatible; PetalBot;+https://webmaster.petalsearch.com/site/petalbot)"
141.94.101.142 - - [25/Aug/2026:19:58:54 +0500] "GET /ru/?f=1&uid=a016F00001RgKYmQAN'&start=5 HTTP/1.1" 508 288 "-" "Mozilla/5.0 (compatible; MJ12bot/v1.4.8; http://mj12bot.com/)"
141.94.101.142 - - [25/Aug/2026:19:58:50 +0500] "GET /ru/?p=4932&start=25 HTTP/1.1" 200 45188 "-" "Mozilla/5.0 (compatible; MJ12bot/v1.4.8; http://mj12bot.com/)"
141.94.101.142 - - [25/Aug/2026:19:58:57 +0500] "GET /ru/?p=4932&start=5 HTTP/1.1" 200 50995 "-" "Mozilla/5.0 (compatible; MJ12bot/v1.4.8; http://mj12bot.com/)"
141.94.101.142 - - [25/Aug/2026:19:58:57 +0500] "GET /ru/?gid=2472488&mode=grp&sort=n&start=10 HTTP/1.1" 200 52972 "-" "Mozilla/5.0 (compatible; MJ12bot/v1.4.8; http://mj12bot.com/)"
141.94.101.142 - - [25/Aug/2026:19:59:02 +0500] "GET /ru/?s=SNS&start=10 HTTP/1.1" 200 52972 "-" "Mozilla/5.0 (compatible; MJ12bot/v1.4.8; http://mj12bot.com/)"
141.94.101.142 - - [25/Aug/2026:19:59:02 +0500] "GET /ru/?gid=2472488&mode=grp&sort=n&start=15 HTTP/1.1" 200 48584 "-" "Mozilla/5.0 (compatible; MJ12bot/v1.4.8; http://mj12bot.com/)"
141.94.101.142 - - [25/Aug/2026:19:59:06 +0500] "GET /ru/?s=SNS&start=20 HTTP/1.1" 200 50634 "-" "Mozilla/5.0 (compatible; MJ12bot/v1.4.8; http://mj12bot.com/)"
141.94.101.142 - - [25/Aug/2026:19:59:07 +0500] "GET /ru/?gid=2472488&mode=grp&sort=n&start=25 HTTP/1.1" 200 45188 "-" "Mozilla/5.0 (compatible; MJ12bot/v1.4.8; http://mj12bot.com/)"
141.94.101.142 - - [25/Aug/2026:19:59:12 +0500] "GET /ru/?gid=2472488&mode=grp&sort=n&start=5 HTTP/1.1" 200 50995 "-" "Mozilla/5.0 (compatible; MJ12bot/v1.4.8; http://mj12bot.com/)"
34.123.149.87 - - [25/Aug/2026:19:59:15 +0500] "GET /uz/contacts-uzb HTTP/1.1" 200 34392 "-" "Mozilla/5.0 (Macintosh; Intel Mac OS X 10_15_7) AppleWebKit/537.36 (KHTML, like Gecko) Chrome/120.0.0.0 Safari/537.36"
34.56.53.225 - - [25/Aug/2026:19:59:20 +0500] "GET /uz/news-uzb/86-meeting-30-06-2017?layout=default&print=1&tmpl=component HTTP/1.1" 200 9493 "-" "Mozilla/5.0 (Macintosh; Intel Mac OS X 10_15_7) AppleWebKit/537.36 (KHTML, like Gecko) Chrome/120.0.0.0 Safari/537.36"
141.94.101.142 - - [25/Aug/2026:19:59:20 +0500] "GET /ru/?gid=284830&mode=grp HTTP/1.1" 200 49438 "-" "Mozilla/5.0 (compatible; MJ12bot/v1.4.8; http://mj12bot.com/)"
141.94.101.142 - - [25/Aug/2026:19:59:26 +0500] "GET /ru/?gid=284830&mode=grp&start=10 HTTP/1.1" 508 288 "-" "Mozilla/5.0 (compatible; MJ12bot/v1.4.8; http://mj12bot.com/)"
141.94.101.142 - - [25/Aug/2026:19:59:28 +0500] "GET /ru/?gid=284830&mode=grp&start=20 HTTP/1.1" 200 50634 "-" "Mozilla/5.0 (compatible; MJ12bot/v1.4.8; http://mj12bot.com/)"
141.94.101.142 - - [25/Aug/2026:19:59:31 +0500] "GET /ru/?gid=284830&mode=grp&start=5 HTTP/1.1" 200 50995 "-" "Mozilla/5.0 (compatible; MJ12bot/v1.4.8; http://mj12bot.com/)"
141.94.101.142 - - [25/Aug/2026:19:59:37 +0500] "GET /ru/?gid=485758&mode=grp&start=25 HTTP/1.1" 200 45188 "-" "Mozilla/5.0 (compatible; MJ12bot/v1.4.8; http://mj12bot.com/)"
141.94.101.142 - - [25/Aug/2026:19:59:43 +0500] "GET /ru/?gid=887809&mode=grp&sort=n HTTP/1.1" 200 49438 "-" "Mozilla/5.0 (compatible; MJ12bot/v1.4.8; http://mj12bot.com/)"
141.94.101.142 - - [25/Aug/2026:19:59:48 +0500] "GET /ru/?mode=cate&cbid=1398855&csid=0&start=25 HTTP/1.1" 508 288 "-" "Mozilla/5.0 (compatible; MJ12bot/v1.4.8; http://mj12bot.com/)"
141.94.101.142 - - [25/Aug/2026:19:59:50 +0500] "GET /ru/?mode=f10&start=5 HTTP/1.1" 508 288 "-" "Mozilla/5.0 (compatible; MJ12bot/v1.4.8; http://mj12bot.com/)"
141.94.101.142 - - [25/Aug/2026:19:59:51 +0500] "GET /ru/?p=262&start=15 HTTP/1.1" 200 48584 "-" "Mozilla/5.0 (compatible; MJ12bot/v1.4.8; http://mj12bot.com/)"
141.94.101.142 - - [25/Aug/2026:19:59:57 +0500] "GET /ru/?p=4253&start=15 HTTP/1.1" 200 48584 "-" "Mozilla/5.0 (compatible; MJ12bot/v1.4.8; http://mj12bot.com/)"
141.94.101.142 - - [25/Aug/2026:20:00:03 +0500] "GET /ru/?p=43850 HTTP/1.1" 200 49438 "-" "Mozilla/5.0 (compatible; MJ12bot/v1.4.8; http://mj12bot.com/)"
34.10.180.98 - - [25/Aug/2026:20:00:06 +0500] "GET /ru/officially-rus/certificates-rus?print=1&tmpl=component HTTP/1.1" 200 3996 "-" "Mozilla/5.0 (Macintosh; Intel Mac OS X 10_15_7) AppleWebKit/537.36 (KHTML, like Gecko) Chrome/120.0.0.0 Safari/537.36"
141.94.101.142 - - [25/Aug/2026:20:00:07 +0500] "GET /ru/?p=43850&start=10 HTTP/1.1" 200 52972 "-" "Mozilla/5.0 (compatible; MJ12bot/v1.4.8; http://mj12bot.com/)"
141.94.101.142 - - [25/Aug/2026:20:00:11 +0500] "GET /ru/?p=43850&start=15 HTTP/1.1" 200 48584 "-" "Mozilla/5.0 (compatible; MJ12bot/v1.4.8; http://mj12bot.com/)"
114.119.139.19 - - [25/Aug/2026:20:00:15 +0500] "GET /ru/?cbid=2250008&csid=0&start=10 HTTP/1.1" 508 288 "https://www.uml.uz/ru/?cbid=2250008&csid=0" "Mozilla/5.0 (Linux; Android 7.0;) AppleWebKit/537.36 (HTML, like Gecko) Mobile Safari/537.36 (compatible; PetalBot;+https://webmaster.petalsearch.com/site/petalbot)"
185.191.171.11 - - [25/Aug/2026:20:00:13 +0500] "GET /ru/?%2F%3Fid=3 HTTP/1.1" 200 49442 "-" "Mozilla/5.0 (compatible; SemrushBot/7~bl; +http://www.semrush.com/bot.html)"
141.94.101.142 - - [25/Aug/2026:20:00:15 +0500] "GET /ru/?p=43850&start=20 HTTP/1.1" 200 50634 "-" "Mozilla/5.0 (compatible; MJ12bot/v1.4.8; http://mj12bot.com/)"
141.94.101.142 - - [25/Aug/2026:20:00:19 +0500] "GET /ru/?p=4476&start=15 HTTP/1.1" 200 48584 "-" "Mozilla/5.0 (compatible; MJ12bot/v1.4.8; http://mj12bot.com/)"
141.94.101.142 - - [25/Aug/2026:20:00:24 +0500] "GET /ru/?p=4872&start=15 HTTP/1.1" 200 48584 "-" "Mozilla/5.0 (compatible; MJ12bot/v1.4.8; http://mj12bot.com/)"
141.94.101.142 - - [25/Aug/2026:20:00:30 +0500] "GET /ru/?p=4932 HTTP/1.1" 508 288 "-" "Mozilla/5.0 (compatible; MJ12bot/v1.4.8; http://mj12bot.com/)"
157.55.39.48 - - [25/Aug/2026:20:00:30 +0500] "GET /ru/shareholders-rus/votes-rus HTTP/1.1" 200 43394 "-" "Mozilla/5.0 AppleWebKit/537.36 (KHTML, like Gecko; compatible; bingbot/2.0; +http://www.bing.com/bingbot.htm) Chrome/116.0.1938.76 Safari/537.36"
141.94.101.142 - - [25/Aug/2026:20:00:31 +0500] "GET /ru/?p=4932&start=15 HTTP/1.1" 200 48584 "-" "Mozilla/5.0 (compatible; MJ12bot/v1.4.8; http://mj12bot.com/)"
141.94.101.142 - - [25/Aug/2026:20:00:36 +0500] "GET /ru/?p=4932&start=25 HTTP/1.1" 508 288 "-" "Mozilla/5.0 (compatible; MJ12bot/v1.4.8; http://mj12bot.com/)"
141.94.101.142 - - [25/Aug/2026:20:00:38 +0500] "GET /ru/?p=4932&start=5 HTTP/1.1" 200 50995 "-" "Mozilla/5.0 (compatible; MJ12bot/v1.4.8; http://mj12bot.com/)"
141.94.101.142 - - [25/Aug/2026:20:00:42 +0500] "GET /ru/?s=SNS&start=10 HTTP/1.1" 200 52972 "-" "Mozilla/5.0 (compatible; MJ12bot/v1.4.8; http://mj12bot.com/)"
141.94.101.142 - - [25/Aug/2026:20:00:47 +0500] "GET /ru/?s=SNS&start=20 HTTP/1.1" 200 50634 "-" "Mozilla/5.0 (compatible; MJ12bot/v1.4.8; http://mj12bot.com/)"
34.123.149.87 - - [25/Aug/2026:20:01:00 +0500] "GET /uz/shareholders-uzb/prospectus-uzb?template=uml HTTP/1.1" 200 28904 "-" "Mozilla/5.0 (Macintosh; Intel Mac OS X 10_15_7) AppleWebKit/537.36 (KHTML, like Gecko) Chrome/120.0.0.0 Safari/537.36"
57.141.16.13 - - [25/Aug/2026:20:01:29 +0500] "GET / HTTP/1.1" 301 - "-" "facebookexternalhit/1.1 (+http://www.facebook.com/externalhit_uatext.php)"
185.191.171.19 - - [25/Aug/2026:20:01:37 +0500] "GET /ru/?cbid=2106427&csid=0&mode=cate HTTP/1.1" 508 288 "-" "Mozilla/5.0 (compatible; SemrushBot/7~bl; +http://www.semrush.com/bot.html)"
114.119.157.157 - - [25/Aug/2026:20:01:41 +0500] "GET /ru/component/mailto?tmpl=component&template=uml&link=21fd58da809f838fd4da542d2c68eb3df2a08449 HTTP/1.1" 508 288 "https://www.uml.uz/ru/officially-rus/tenders-rus/2-uncategorised/417-sparknotes-sat-chemistry-help" "Mozilla/5.0 (Linux; Android 7.0;) AppleWebKit/537.36 (HTML, like Gecko) Mobile Safari/537.36 (compatible; PetalBot;+https://webmaster.petalsearch.com/site/petalbot)"
207.46.13.102 - - [25/Aug/2026:20:01:46 +0500] "GET /ru/?mode=cate&cbid=2198981&csid=0&start=5 HTTP/1.1" 200 51091 "-" "Mozilla/5.0 AppleWebKit/537.36 (KHTML, like Gecko; compatible; bingbot/2.0; +http://www.bing.com/bingbot.htm) Chrome/116.0.1938.76 Safari/537.36"
47.128.45.209 - - [25/Aug/2026:20:02:16 +0500] "GET /robots.txt HTTP/1.1" 301 - "-" "Mozilla/5.0 (iPhone; CPU iPhone OS 7_1_2 like Mac OS X) AppleWebKit/537.36 (KHTML, like Gecko) Version/7.0 Mobile Safari/537.36 (compatible; Bytespider; https://bytedance.sg.larkoffice.com/docx/K5bxdypulop3IIxrJb0lOjLVgFe)"
47.128.45.209 - - [25/Aug/2026:20:02:21 +0500] "GET /ru/robots.txt HTTP/1.1" 404 1892 "https://www.uml.uz/robots.txt" "Mozilla/5.0 (iPhone; CPU iPhone OS 7_1_2 like Mac OS X) AppleWebKit/537.36 (KHTML, like Gecko) Version/7.0 Mobile Safari/537.36 (compatible; Bytespider; https://bytedance.sg.larkoffice.com/docx/K5bxdypulop3IIxrJb0lOjLVgFe)"
47.128.25.89 - - [25/Aug/2026:20:02:37 +0500] "GET / HTTP/1.1" 301 - "-" "Mozilla/5.0 (Linux; Android 5.0) AppleWebKit/537.36 (KHTML, like Gecko) Mobile Safari/537.36 (compatible; Bytespider; spider-feedback@bytedance.com)"
47.128.25.89 - - [25/Aug/2026:20:02:39 +0500] "GET /ru/ HTTP/1.1" 200 49633 "-" "Mozilla/5.0 (Linux; Android 5.0) AppleWebKit/537.36 (KHTML, like Gecko) Mobile Safari/537.36 (compatible; Bytespider; spider-feedback@bytedance.com)"
47.128.25.89 - - [25/Aug/2026:20:02:42 +0500] "GET /plugins/system/jcemediabox/themes/standard/css/style.css?10da0a5fa45a7c3d7e5b40a5d80e8773 HTTP/1.1" 200 7447 "https://uml.uz/ru/" "Mozilla/5.0 (Linux; Android 5.0) AppleWebKit/537.36 (KHTML, like Gecko) Mobile Safari/537.36 (compatible; Bytespider; spider-feedback@bytedance.com)"
47.128.25.89 - - [25/Aug/2026:20:02:42 +0500] "GET /plugins/system/jcemediabox/css/jcemediabox.css?a3b640def3ef13678e19cfeeb7397c85 HTTP/1.1" 200 5791 "https://uml.uz/ru/" "Mozilla/5.0 (Linux; Android 5.0) AppleWebKit/537.36 (KHTML, like Gecko) Mobile Safari/537.36 (compatible; Bytespider; spider-feedback@bytedance.com)"
47.128.25.89 - - [25/Aug/2026:20:02:42 +0500] "GET /modules/mod_appstats/css/style.css HTTP/1.1" 200 674 "https://uml.uz/ru/" "Mozilla/5.0 (Linux; Android 5.0) AppleWebKit/537.36 (KHTML, like Gecko) Mobile Safari/537.36 (compatible; Bytespider; spider-feedback@bytedance.com)"
47.128.25.89 - - [25/Aug/2026:20:02:42 +0500] "GET /media/com_acym/css/module.min.css?v=794 HTTP/1.1" 200 10262 "https://uml.uz/ru/" "Mozilla/5.0 (Linux; Android 5.0) AppleWebKit/537.36 (KHTML, like Gecko) Mobile Safari/537.36 (compatible; Bytespider; spider-feedback@bytedance.com)"
47.128.25.89 - - [25/Aug/2026:20:02:42 +0500] "GET /templates/system/css/system.css HTTP/1.1" 200 881 "https://uml.uz/ru/" "Mozilla/5.0 (Linux; Android 5.0) AppleWebKit/537.36 (KHTML, like Gecko) Mobile Safari/537.36 (compatible; Bytespider; spider-feedback@bytedance.com)"
47.128.25.89 - - [25/Aug/2026:20:02:42 +0500] "GET /media/mod_languages/css/template.css HTTP/1.1" 200 335 "https://uml.uz/ru/" "Mozilla/5.0 (Linux; Android 5.0) AppleWebKit/537.36 (KHTML, like Gecko) Mobile Safari/537.36 (compatible; Bytespider; spider-feedback@bytedance.com)"
47.128.25.89 - - [25/Aug/2026:20:02:42 +0500] "GET /media/ext_tss/assets/css/style.css HTTP/1.1" 200 2396 "https://uml.uz/" "Mozilla/5.0 (Linux; Android 5.0) AppleWebKit/537.36 (KHTML, like Gecko) Mobile Safari/537.36 (compatible; Bytespider; spider-feedback@bytedance.com)"
47.128.25.89 - - [25/Aug/2026:20:02:42 +0500] "GET /templates/uml/css/custom.css HTTP/1.1" 200 517 "https://uml.uz/ru/" "Mozilla/5.0 (Linux; Android 5.0) AppleWebKit/537.36 (KHTML, like Gecko) Mobile Safari/537.36 (compatible; Bytespider; spider-feedback@bytedance.com)"
47.128.25.89 - - [25/Aug/2026:20:02:42 +0500] "GET /templates/system/css/general.css HTTP/1.1" 200 2717 "https://uml.uz/ru/" "Mozilla/5.0 (Linux; Android 5.0) AppleWebKit/537.36 (KHTML, like Gecko) Mobile Safari/537.36 (compatible; Bytespider; spider-feedback@bytedance.com)"
47.128.25.89 - - [25/Aug/2026:20:02:42 +0500] "GET /templates/uml/js/slider/themes/default/jquery.slider.css HTTP/1.1" 200 2676 "https://uml.uz/ru/" "Mozilla/5.0 (Linux; Android 5.0) AppleWebKit/537.36 (KHTML, like Gecko) Mobile Safari/537.36 (compatible; Bytespider; spider-feedback@bytedance.com)"
47.128.25.89 - - [25/Aug/2026:20:02:42 +0500] "GET /templates/uml/css/animate.css HTTP/1.1" 200 19951 "https://uml.uz/ru/" "Mozilla/5.0 (Linux; Android 5.0) AppleWebKit/537.36 (KHTML, like Gecko) Mobile Safari/537.36 (compatible; Bytespider; spider-feedback@bytedance.com)"
47.128.25.89 - - [25/Aug/2026:20:02:42 +0500] "GET /templates/uml/css/template.css HTTP/1.1" 200 87209 "https://uml.uz/ru/" "Mozilla/5.0 (Linux; Android 5.0) AppleWebKit/537.36 (KHTML, like Gecko) Mobile Safari/537.36 (compatible; Bytespider; spider-feedback@bytedance.com)"
47.128.25.89 - - [25/Aug/2026:20:02:42 +0500] "GET /templates/uml/css/template.responsive.css HTTP/1.1" 200 11791 "https://uml.uz/ru/" "Mozilla/5.0 (Linux; Android 5.0) AppleWebKit/537.36 (KHTML, like Gecko) Mobile Safari/537.36 (compatible; Bytespider; spider-feedback@bytedance.com)"
47.128.25.89 - - [25/Aug/2026:20:02:43 +0500] "GET /media/system/css/system.css HTTP/1.1" 200 1433 "https://uml.uz/templates/system/css/system.css" "Mozilla/5.0 (Linux; Android 5.0) AppleWebKit/537.36 (KHTML, like Gecko) Mobile Safari/537.36 (compatible; Bytespider; spider-feedback@bytedance.com)"
47.128.25.89 - - [25/Aug/2026:20:02:43 +0500] "GET /images/design/accessibility.gif HTTP/1.1" 206 500 "https://uml.uz/ru/" "Mozilla/5.0 (Linux; Android 5.0) AppleWebKit/537.36 (KHTML, like Gecko) Mobile Safari/537.36 (compatible; Bytespider; spider-feedback@bytedance.com)"
47.128.25.89 - - [25/Aug/2026:20:02:43 +0500] "GET /images/design/mobile.gif HTTP/1.1" 206 500 "https://uml.uz/ru/" "Mozilla/5.0 (Linux; Android 5.0) AppleWebKit/537.36 (KHTML, like Gecko) Mobile Safari/537.36 (compatible; Bytespider; spider-feedback@bytedance.com)"
47.128.25.89 - - [25/Aug/2026:20:02:43 +0500] "GET /media/lang_flags/images/ru.gif HTTP/1.1" 206 113 "https://uml.uz/ru/" "Mozilla/5.0 (Linux; Android 5.0) AppleWebKit/537.36 (KHTML, like Gecko) Mobile Safari/537.36 (compatible; Bytespider; spider-feedback@bytedance.com)"
47.128.25.89 - - [25/Aug/2026:20:02:43 +0500] "GET /media/lang_flags/images/uz.gif HTTP/1.1" 206 382 "https://uml.uz/ru/" "Mozilla/5.0 (Linux; Android 5.0) AppleWebKit/537.36 (KHTML, like Gecko) Mobile Safari/537.36 (compatible; Bytespider; spider-feedback@bytedance.com)"
47.128.25.89 - - [25/Aug/2026:20:02:43 +0500] "GET /images/design/rss.gif HTTP/1.1" 206 340 "https://uml.uz/ru/" "Mozilla/5.0 (Linux; Android 5.0) AppleWebKit/537.36 (KHTML, like Gecko) Mobile Safari/537.36 (compatible; Bytespider; spider-feedback@bytedance.com)"
47.128.25.89 - - [25/Aug/2026:20:02:43 +0500] "GET /images/design/logo-rus.png HTTP/1.1" 206 500 "https://uml.uz/ru/" "Mozilla/5.0 (Linux; Android 5.0) AppleWebKit/537.36 (KHTML, like Gecko) Mobile Safari/537.36 (compatible; Bytespider; spider-feedback@bytedance.com)"
47.128.25.89 - - [25/Aug/2026:20:02:44 +0500] "GET /images/design/old-site.jpg HTTP/1.1" 206 500 "https://uml.uz/ru/" "Mozilla/5.0 (Linux; Android 5.0) AppleWebKit/537.36 (KHTML, like Gecko) Mobile Safari/537.36 (compatible; Bytespider; spider-feedback@bytedance.com)"
47.128.25.89 - - [25/Aug/2026:20:02:44 +0500] "GET /images/design/calc.png HTTP/1.1" 206 500 "https://uml.uz/ru/" "Mozilla/5.0 (Linux; Android 5.0) AppleWebKit/537.36 (KHTML, like Gecko) Mobile Safari/537.36 (compatible; Bytespider; spider-feedback@bytedance.com)"
47.128.25.89 - - [25/Aug/2026:20:02:44 +0500] "GET /images/news/meeting_osa.jpg HTTP/1.1" 206 500 "https://uml.uz/ru/" "Mozilla/5.0 (Linux; Android 5.0) AppleWebKit/537.36 (KHTML, like Gecko) Mobile Safari/537.36 (compatible; Bytespider; spider-feedback@bytedance.com)"
47.128.25.89 - - [25/Aug/2026:20:02:44 +0500] "GET /images/news/audit-2.jpg HTTP/1.1" 206 500 "https://uml.uz/ru/" "Mozilla/5.0 (Linux; Android 5.0) AppleWebKit/537.36 (KHTML, like Gecko) Mobile Safari/537.36 (compatible; Bytespider; spider-feedback@bytedance.com)"
47.128.25.89 - - [25/Aug/2026:20:02:44 +0500] "GET /images/links/dav_aktiv.png HTTP/1.1" 206 500 "https://uml.uz/ru/" "Mozilla/5.0 (Linux; Android 5.0) AppleWebKit/537.36 (KHTML, like Gecko) Mobile Safari/537.36 (compatible; Bytespider; spider-feedback@bytedance.com)"
47.128.25.89 - - [25/Aug/2026:20:02:44 +0500] "GET /images/news/korp.upravlenie_2.jpg HTTP/1.1" 206 500 "https://uml.uz/ru/" "Mozilla/5.0 (Linux; Android 5.0) AppleWebKit/537.36 (KHTML, like Gecko) Mobile Safari/537.36 (compatible; Bytespider; spider-feedback@bytedance.com)"
47.128.25.89 - - [25/Aug/2026:20:02:44 +0500] "GET /images/links/asaka-rus.png HTTP/1.1" 206 500 "https://uml.uz/ru/" "Mozilla/5.0 (Linux; Android 5.0) AppleWebKit/537.36 (KHTML, like Gecko) Mobile Safari/537.36 (compatible; Bytespider; spider-feedback@bytedance.com)"
47.128.25.89 - - [25/Aug/2026:20:02:44 +0500] "GET /images/links/agrobank.png HTTP/1.1" 206 500 "https://uml.uz/ru/" "Mozilla/5.0 (Linux; Android 5.0) AppleWebKit/537.36 (KHTML, like Gecko) Mobile Safari/537.36 (compatible; Bytespider; spider-feedback@bytedance.com)"
47.128.25.89 - - [25/Aug/2026:20:02:44 +0500] "GET /images/links/intermed.png HTTP/1.1" 206 500 "https://uml.uz/ru/" "Mozilla/5.0 (Linux; Android 5.0) AppleWebKit/537.36 (KHTML, like Gecko) Mobile Safari/537.36 (compatible; Bytespider; spider-feedback@bytedance.com)"
47.128.25.89 - - [25/Aug/2026:20:02:44 +0500] "GET /images/links/uzmedimpex.png HTTP/1.1" 206 500 "https://uml.uz/ru/" "Mozilla/5.0 (Linux; Android 5.0) AppleWebKit/537.36 (KHTML, like Gecko) Mobile Safari/537.36 (compatible; Bytespider; spider-feedback@bytedance.com)"
47.128.25.89 - - [25/Aug/2026:20:02:44 +0500] "GET /images/design/links/gov.jpg HTTP/1.1" 206 500 "https://uml.uz/ru/" "Mozilla/5.0 (Linux; Android 5.0) AppleWebKit/537.36 (KHTML, like Gecko) Mobile Safari/537.36 (compatible; Bytespider; spider-feedback@bytedance.com)"
47.128.25.89 - - [25/Aug/2026:20:02:45 +0500] "GET /images/design/links/epigu.jpg HTTP/1.1" 206 500 "https://uml.uz/ru/" "Mozilla/5.0 (Linux; Android 5.0) AppleWebKit/537.36 (KHTML, like Gecko) Mobile Safari/537.36 (compatible; Bytespider; spider-feedback@bytedance.com)"
47.128.25.89 - - [25/Aug/2026:20:02:45 +0500] "GET /images/design/links/uzse.jpg HTTP/1.1" 206 500 "https://uml.uz/ru/" "Mozilla/5.0 (Linux; Android 5.0) AppleWebKit/537.36 (KHTML, like Gecko) Mobile Safari/537.36 (compatible; Bytespider; spider-feedback@bytedance.com)"
47.128.25.89 - - [25/Aug/2026:20:02:45 +0500] "GET /images/design/links/oi.jpg HTTP/1.1" 206 500 "https://uml.uz/ru/" "Mozilla/5.0 (Linux; Android 5.0) AppleWebKit/537.36 (KHTML, like Gecko) Mobile Safari/537.36 (compatible; Bytespider; spider-feedback@bytedance.com)"
47.128.25.89 - - [25/Aug/2026:20:02:45 +0500] "GET /images/design/links/lexuz.jpg HTTP/1.1" 206 500 "https://uml.uz/ru/" "Mozilla/5.0 (Linux; Android 5.0) AppleWebKit/537.36 (KHTML, like Gecko) Mobile Safari/537.36 (compatible; Bytespider; spider-feedback@bytedance.com)"
47.128.25.89 - - [25/Aug/2026:20:02:45 +0500] "GET /images/design/links/gov.jpg HTTP/1.1" 304 - "https://uml.uz/ru/" "Mozilla/5.0 (Linux; Android 5.0) AppleWebKit/537.36 (KHTML, like Gecko) Mobile Safari/537.36 (compatible; Bytespider; spider-feedback@bytedance.com)"
47.128.25.89 - - [25/Aug/2026:20:02:45 +0500] "GET /images/design/icons/phone.png HTTP/1.1" 206 500 "https://uml.uz/ru/" "Mozilla/5.0 (Linux; Android 5.0) AppleWebKit/537.36 (KHTML, like Gecko) Mobile Safari/537.36 (compatible; Bytespider; spider-feedback@bytedance.com)"
47.128.25.89 - - [25/Aug/2026:20:02:45 +0500] "GET /images/design/icons/home.png HTTP/1.1" 206 500 "https://uml.uz/ru/" "Mozilla/5.0 (Linux; Android 5.0) AppleWebKit/537.36 (KHTML, like Gecko) Mobile Safari/537.36 (compatible; Bytespider; spider-feedback@bytedance.com)"
47.128.25.89 - - [25/Aug/2026:20:02:45 +0500] "GET /images/design/links/uzse.jpg HTTP/1.1" 304 - "https://uml.uz/ru/" "Mozilla/5.0 (Linux; Android 5.0) AppleWebKit/537.36 (KHTML, like Gecko) Mobile Safari/537.36 (compatible; Bytespider; spider-feedback@bytedance.com)"
47.128.25.89 - - [25/Aug/2026:20:02:45 +0500] "GET /images/design/icons/email.png HTTP/1.1" 206 500 "https://uml.uz/ru/" "Mozilla/5.0 (Linux; Android 5.0) AppleWebKit/537.36 (KHTML, like Gecko) Mobile Safari/537.36 (compatible; Bytespider; spider-feedback@bytedance.com)"
47.128.25.89 - - [25/Aug/2026:20:02:45 +0500] "GET /images/design/links/epigu.jpg HTTP/1.1" 304 - "https://uml.uz/ru/" "Mozilla/5.0 (Linux; Android 5.0) AppleWebKit/537.36 (KHTML, like Gecko) Mobile Safari/537.36 (compatible; Bytespider; spider-feedback@bytedance.com)"
47.128.25.89 - - [25/Aug/2026:20:02:45 +0500] "GET /images/design/links/gov.jpg HTTP/1.1" 206 14677 "https://uml.uz/ru/" "Mozilla/5.0 (Linux; Android 5.0) AppleWebKit/537.36 (KHTML, like Gecko) Mobile Safari/537.36 (compatible; Bytespider; spider-feedback@bytedance.com)"
47.128.25.89 - - [25/Aug/2026:20:02:45 +0500] "GET /templates/uml/images/pageglare.png HTTP/1.1" 206 500 "https://uml.uz/templates/uml/css/template.css" "Mozilla/5.0 (Linux; Android 5.0) AppleWebKit/537.36 (KHTML, like Gecko) Mobile Safari/537.36 (compatible; Bytespider; spider-feedback@bytedance.com)"
47.128.25.89 - - [25/Aug/2026:20:02:45 +0500] "GET /templates/uml/images/page.png HTTP/1.1" 206 500 "https://uml.uz/templates/uml/css/template.css" "Mozilla/5.0 (Linux; Android 5.0) AppleWebKit/537.36 (KHTML, like Gecko) Mobile Safari/537.36 (compatible; Bytespider; spider-feedback@bytedance.com)"
47.128.25.89 - - [25/Aug/2026:20:02:45 +0500] "GET /images/design/icons/fax.png HTTP/1.1" 206 500 "https://uml.uz/ru/" "Mozilla/5.0 (Linux; Android 5.0) AppleWebKit/537.36 (KHTML, like Gecko) Mobile Safari/537.36 (compatible; Bytespider; spider-feedback@bytedance.com)"
47.128.25.89 - - [25/Aug/2026:20:02:45 +0500] "GET /templates/uml/images/header.png HTTP/1.1" 206 500 "https://uml.uz/templates/uml/css/template.css" "Mozilla/5.0 (Linux; Android 5.0) AppleWebKit/537.36 (KHTML, like Gecko) Mobile Safari/537.36 (compatible; Bytespider; spider-feedback@bytedance.com)"
47.128.25.89 - - [25/Aug/2026:20:02:45 +0500] "GET /images/design/links/uzse.jpg HTTP/1.1" 206 3150 "https://uml.uz/ru/" "Mozilla/5.0 (Linux; Android 5.0) AppleWebKit/537.36 (KHTML, like Gecko) Mobile Safari/537.36 (compatible; Bytespider; spider-feedback@bytedance.com)"
47.128.25.89 - - [25/Aug/2026:20:02:45 +0500] "GET /templates/uml/images/object1237202581.png HTTP/1.1" 206 500 "https://uml.uz/templates/uml/css/template.css" "Mozilla/5.0 (Linux; Android 5.0) AppleWebKit/537.36 (KHTML, like Gecko) Mobile Safari/537.36 (compatible; Bytespider; spider-feedback@bytedance.com)"
47.128.25.89 - - [25/Aug/2026:20:02:45 +0500] "GET /images/design/links/epigu.jpg HTTP/1.1" 206 10024 "https://uml.uz/ru/" "Mozilla/5.0 (Linux; Android 5.0) AppleWebKit/537.36 (KHTML, like Gecko) Mobile Safari/537.36 (compatible; Bytespider; spider-feedback@bytedance.com)"
47.128.25.89 - - [25/Aug/2026:20:02:45 +0500] "GET /templates/uml/images/object206704120.png HTTP/1.1" 206 500 "https://uml.uz/templates/uml/css/template.css" "Mozilla/5.0 (Linux; Android 5.0) AppleWebKit/537.36 (KHTML, like Gecko) Mobile Safari/537.36 (compatible; Bytespider; spider-feedback@bytedance.com)"
47.128.25.89 - - [25/Aug/2026:20:02:45 +0500] "GET /templates/uml/images/object116130099.png HTTP/1.1" 206 249 "https://uml.uz/templates/uml/css/template.css" "Mozilla/5.0 (Linux; Android 5.0) AppleWebKit/537.36 (KHTML, like Gecko) Mobile Safari/537.36 (compatible; Bytespider; spider-feedback@bytedance.com)"
47.128.25.89 - - [25/Aug/2026:20:02:45 +0500] "GET /images/design/ayuda.gif HTTP/1.1" 206 109 "https://uml.uz/ru/" "Mozilla/5.0 (Linux; Android 5.0) AppleWebKit/537.36 (KHTML, like Gecko) Mobile Safari/537.36 (compatible; Bytespider; spider-feedback@bytedance.com)"
47.128.25.89 - - [25/Aug/2026:20:02:45 +0500] "GET /images/design/links/oi.jpg HTTP/1.1" 304 - "https://uml.uz/ru/" "Mozilla/5.0 (Linux; Android 5.0) AppleWebKit/537.36 (KHTML, like Gecko) Mobile Safari/537.36 (compatible; Bytespider; spider-feedback@bytedance.com)"
47.128.25.89 - - [25/Aug/2026:20:02:45 +0500] "GET /images/design/links/lexuz.jpg HTTP/1.1" 304 - "https://uml.uz/ru/" "Mozilla/5.0 (Linux; Android 5.0) AppleWebKit/537.36 (KHTML, like Gecko) Mobile Safari/537.36 (compatible; Bytespider; spider-feedback@bytedance.com)"
47.128.25.89 - - [25/Aug/2026:20:02:45 +0500] "GET /templates/uml/images/menuseparator.png HTTP/1.1" 206 97 "https://uml.uz/templates/uml/css/template.css" "Mozilla/5.0 (Linux; Android 5.0) AppleWebKit/537.36 (KHTML, like Gecko) Mobile Safari/537.36 (compatible; Bytespider; spider-feedback@bytedance.com)"
47.128.25.89 - - [25/Aug/2026:20:02:45 +0500] "GET /templates/uml/images/object1562333370.png HTTP/1.1" 206 126 "https://uml.uz/templates/uml/css/template.css" "Mozilla/5.0 (Linux; Android 5.0) AppleWebKit/537.36 (KHTML, like Gecko) Mobile Safari/537.36 (compatible; Bytespider; spider-feedback@bytedance.com)"
47.128.25.89 - - [25/Aug/2026:20:02:45 +0500] "GET /templates/uml/images/sheet.png HTTP/1.1" 206 500 "https://uml.uz/templates/uml/css/template.css" "Mozilla/5.0 (Linux; Android 5.0) AppleWebKit/537.36 (KHTML, like Gecko) Mobile Safari/537.36 (compatible; Bytespider; spider-feedback@bytedance.com)"
47.128.25.89 - - [25/Aug/2026:20:02:46 +0500] "GET /templates/uml/images/spacer.gif HTTP/1.1" 206 43 "https://uml.uz/templates/uml/css/template.css" "Mozilla/5.0 (Linux; Android 5.0) AppleWebKit/537.36 (KHTML, like Gecko) Mobile Safari/537.36 (compatible; Bytespider; spider-feedback@bytedance.com)"
47.128.25.89 - - [25/Aug/2026:20:02:46 +0500] "GET /images/design/links/oi.jpg HTTP/1.1" 206 2522 "https://uml.uz/ru/" "Mozilla/5.0 (Linux; Android 5.0) AppleWebKit/537.36 (KHTML, like Gecko) Mobile Safari/537.36 (compatible; Bytespider; spider-feedback@bytedance.com)"
47.128.25.89 - - [25/Aug/2026:20:02:46 +0500] "GET /templates/uml/images/blockbullets.png HTTP/1.1" 206 109 "https://uml.uz/templates/uml/css/template.css" "Mozilla/5.0 (Linux; Android 5.0) AppleWebKit/537.36 (KHTML, like Gecko) Mobile Safari/537.36 (compatible; Bytespider; spider-feedback@bytedance.com)"
47.128.25.89 - - [25/Aug/2026:20:02:46 +0500] "GET /images/design/links/lexuz.jpg HTTP/1.1" 206 12798 "https://uml.uz/ru/" "Mozilla/5.0 (Linux; Android 5.0) AppleWebKit/537.36 (KHTML, like Gecko) Mobile Safari/537.36 (compatible; Bytespider; spider-feedback@bytedance.com)"
47.128.25.89 - - [25/Aug/2026:20:02:46 +0500] "GET /templates/uml/images/blockheader.png HTTP/1.1" 206 500 "https://uml.uz/templates/uml/css/template.css" "Mozilla/5.0 (Linux; Android 5.0) AppleWebKit/537.36 (KHTML, like Gecko) Mobile Safari/537.36 (compatible; Bytespider; spider-feedback@bytedance.com)"
47.128.25.89 - - [25/Aug/2026:20:02:46 +0500] "GET /templates/uml/images/object1481210773.png HTTP/1.1" 206 118 "https://uml.uz/templates/uml/css/template.css" "Mozilla/5.0 (Linux; Android 5.0) AppleWebKit/537.36 (KHTML, like Gecko) Mobile Safari/537.36 (compatible; Bytespider; spider-feedback@bytedance.com)"
47.128.25.89 - - [25/Aug/2026:20:02:46 +0500] "GET /templates/uml/images/object198166789.png HTTP/1.1" 206 131 "https://uml.uz/templates/uml/css/template.css" "Mozilla/5.0 (Linux; Android 5.0) AppleWebKit/537.36 (KHTML, like Gecko) Mobile Safari/537.36 (compatible; Bytespider; spider-feedback@bytedance.com)"
47.128.25.89 - - [25/Aug/2026:20:02:46 +0500] "GET /templates/uml/images/postcategoryicon.png HTTP/1.1" 206 375 "https://uml.uz/templates/uml/css/template.css" "Mozilla/5.0 (Linux; Android 5.0) AppleWebKit/537.36 (KHTML, like Gecko) Mobile Safari/537.36 (compatible; Bytespider; spider-feedback@bytedance.com)"
47.128.25.89 - - [25/Aug/2026:20:02:46 +0500] "GET /templates/uml/images/postdateicon.png HTTP/1.1" 206 241 "https://uml.uz/templates/uml/css/template.css" "Mozilla/5.0 (Linux; Android 5.0) AppleWebKit/537.36 (KHTML, like Gecko) Mobile Safari/537.36 (compatible; Bytespider; spider-feedback@bytedance.com)"
47.128.25.89 - - [25/Aug/2026:20:02:46 +0500] "GET /templates/uml/images/up-arrow.png HTTP/1.1" 206 500 "https://uml.uz/templates/uml/css/template.css" "Mozilla/5.0 (Linux; Android 5.0) AppleWebKit/537.36 (KHTML, like Gecko) Mobile Safari/537.36 (compatible; Bytespider; spider-feedback@bytedance.com)"
47.128.25.89 - - [25/Aug/2026:20:02:46 +0500] "GET /templates/uml/images/searchicon.png HTTP/1.1" 206 500 "https://uml.uz/templates/uml/css/template.css" "Mozilla/5.0 (Linux; Android 5.0) AppleWebKit/537.36 (KHTML, like Gecko) Mobile Safari/537.36 (compatible; Bytespider; spider-feedback@bytedance.com)"
114.119.150.252 - - [25/Aug/2026:20:03:08 +0500] "GET /ru/2-uncategorised?start=740 HTTP/1.1" 200 33431 "https://www.uml.uz/ru/2-uncategorised?start=765" "Mozilla/5.0 (Linux; Android 7.0;) AppleWebKit/537.36 (HTML, like Gecko) Mobile Safari/537.36 (compatible; PetalBot;+https://webmaster.petalsearch.com/site/petalbot)"
66.249.75.66 - - [25/Aug/2026:20:03:34 +0500] "GET /images/content/2019-dop/sush_fakt-08-24.06.2019-rk.pdf HTTP/1.1" 301 - "-" "Googlebot/2.1 (+http://www.google.com/bot.html)"
147.185.132.43 - - [25/Aug/2026:20:03:36 +0500] "GET / HTTP/1.1" 301 - "-" "Hello from Palo Alto Networks, find out more about our scans in https://docs-cortex.paloaltonetworks.com/r/1/Cortex-Xpanse/Scanning-activity"
44.221.37.41 - - [25/Aug/2026:20:03:54 +0500] "GET /ru/?cbid=1398843&start=5 HTTP/1.1" 508 288 "-" "Mozilla/5.0 AppleWebKit/537.36 (KHTML, like Gecko; compatible; Amazonbot/0.1; +https://developer.amazon.com/support/amazonbot) Chrome/119.0.6045.214 Safari/537.36"
85.208.96.203 - - [25/Aug/2026:20:03:50 +0500] "GET /ru/?cbid=1398925&csid=0&mode=cate%22%20AND%20EXTRACTVALUE%289577%2CCONCAT%280x7e%2C%28%28SELECT%20%28ELT%289577%3D9577%2C1%29%29%29%29%2C0x7e%29%29--%20-&start=15 HTTP/1.1" 200 48568 "-" "Mozilla/5.0 (compatible; SemrushBot/7~bl; +http://www.semrush.com/bot.html)"
114.119.131.182 - - [25/Aug/2026:20:04:30 +0500] "GET /ru/officially-rus/vacancies-rus/2-uncategorised?start=195 HTTP/1.1" 508 288 "https://uml.uz/ru/officially-rus/vacancies-rus/2-uncategorised?start=190" "Mozilla/5.0 (Linux; Android 7.0;) AppleWebKit/537.36 (HTML, like Gecko) Mobile Safari/537.36 (compatible; PetalBot;+https://webmaster.petalsearch.com/site/petalbot)"
57.141.20.32 - - [25/Aug/2026:20:04:36 +0500] "GET /ru/?page_id=19&format=feed&type=rss HTTP/1.1" 200 11175 "-" "Mozilla/5.0 (X11; Linux x86_64) AppleWebKit/537.36 (KHTML, like Gecko) Chrome/145.0.0.0 Safari/537.36 (compatible; meta-externalagent/1.1 (+https://developers.facebook.com/docs/sharing/webmasters/crawler))"
34.123.149.87 - - [25/Aug/2026:20:04:43 +0500] "GET /ru/component/mailto/?link=212e4011921ccae31ef131382dc2e0ad193b69bf&template=uml&tmpl=component HTTP/1.1" 508 288 "-" "Mozilla/5.0 (Macintosh; Intel Mac OS X 10_15_7) AppleWebKit/537.36 (KHTML, like Gecko) Chrome/120.0.0.0 Safari/537.36"
57.141.20.57 - - [25/Aug/2026:20:04:51 +0500] "GET /uz/?cbid=1398883&csid=0&mode=cate&start=15 HTTP/1.1" 200 45925 "-" "Mozilla/5.0 (Macintosh; Intel Mac OS X 10_15_7) AppleWebKit/537.36 (KHTML, like Gecko) Chrome/145.0.0.0 Safari/537.36 (compatible; meta-externalagent/1.1 (+https://developers.facebook.com/docs/sharing/webmasters/crawler))"
185.191.171.2 - - [25/Aug/2026:20:05:02 +0500] "GET /ru/?cbid=1425873%27%29%29%29%2F%2A%2150000AND%2A%2FGTID_SUBSET%28%2F%2A%2150000CONCAT%2A%2F%28%27~%27%2C%28%2F%2A%2150000SELECT%2A%2F%28ELT%282076%3D2076%2C1%29%29%29%2C%27~%27%29%2C2076%29%20AND%20%28%28%28%27WMhVSsdV%27%3D%27WMhVSsdV&csid=0&start=20 HTTP/1.1" 508 288 "-" "Mozilla/5.0 (compatible; SemrushBot/7~bl; +http://www.semrush.com/bot.html)"
57.141.20.32 - - [25/Aug/2026:20:05:03 +0500] "GET /ru/?/info_php?id=3&start=5 HTTP/1.1" 200 50999 "-" "Mozilla/5.0 (Windows NT 10.0; Win64; x64) AppleWebKit/537.36 (KHTML, like Gecko) Chrome/145.0.0.0 Safari/537.36 (compatible; meta-externalagent/1.1 (+https://developers.facebook.com/docs/sharing/webmasters/crawler))"
34.123.149.87 - - [25/Aug/2026:20:05:09 +0500] "GET /uz/shareholders-uzb/reports-uzb/2-uncategorised?format=feed&type=rss HTTP/1.1" 200 23009 "-" "Mozilla/5.0 (Macintosh; Intel Mac OS X 10_15_7) AppleWebKit/537.36 (KHTML, like Gecko) Chrome/120.0.0.0 Safari/537.36"
47.128.25.66 - - [25/Aug/2026:20:05:15 +0500] "GET /robots.txt HTTP/1.1" 301 - "-" "Mozilla/5.0 (Linux; Android 5.0) AppleWebKit/537.36 (KHTML, like Gecko) Mobile Safari/537.36 (compatible; Bytespider; spider-feedback@bytedance.com)"
57.141.20.65 - - [25/Aug/2026:20:05:15 +0500] "GET /ru/?gid=2472485&mode=grp&sort=n&start=5 HTTP/1.1" 200 50999 "-" "Mozilla/5.0 (Windows NT 10.0; Win64; x64) AppleWebKit/537.36 (KHTML, like Gecko) Chrome/145.0.0.0 Safari/537.36 (compatible; meta-externalagent/1.1 (+https://developers.facebook.com/docs/sharing/webmasters/crawler))"
47.128.25.66 - - [25/Aug/2026:20:05:22 +0500] "GET /ru/robots.txt HTTP/1.1" 404 1892 "-" "Mozilla/5.0 (Linux; Android 5.0) AppleWebKit/537.36 (KHTML, like Gecko) Mobile Safari/537.36 (compatible; Bytespider; spider-feedback@bytedance.com)"
57.141.20.4 - - [25/Aug/2026:20:05:25 +0500] "GET /ru/?gid=939027&mode=grp&sort=n&start=25 HTTP/1.1" 200 45192 "-" "Mozilla/5.0 (Macintosh; Intel Mac OS X 10_15_7) AppleWebKit/537.36 (KHTML, like Gecko) Chrome/145.0.0.0 Safari/537.36 (compatible; meta-externalagent/1.1 (+https://developers.facebook.com/docs/sharing/webmasters/crawler))"
57.141.20.72 - - [25/Aug/2026:20:05:34 +0500] "GET /ru/?/?month=201802&format=feed&type=rss HTTP/1.1" 200 11179 "-" "Mozilla/5.0 (Windows NT 10.0; Win64; x64) AppleWebKit/537.36 (KHTML, like Gecko) Chrome/145.0.0.0 Safari/537.36 (compatible; meta-externalagent/1.1 (+https://developers.facebook.com/docs/sharing/webmasters/crawler))"
57.141.20.34 - - [25/Aug/2026:20:05:41 +0500] "GET /ru/?gid=939027&mode=grp&sort=n&start=20 HTTP/1.1" 508 288 "-" "Mozilla/5.0 (Windows NT 10.0; Win64; x64) AppleWebKit/537.36 (KHTML, like Gecko) Chrome/145.0.0.0 Safari/537.36 (compatible; meta-externalagent/1.1 (+https://developers.facebook.com/docs/sharing/webmasters/crawler))"
114.119.158.112 - - [25/Aug/2026:20:05:50 +0500] "GET /ru/component/mailto?tmpl=component&template=uml&link=35ce9f9e2e25da8689f5c0c99fefe4d6df5078eb HTTP/1.1" 508 288 "https://www.uml.uz/ru/about-org-rus/history-rus/2-uncategorised/390-487385006" "Mozilla/5.0 (Linux; Android 7.0;) AppleWebKit/537.36 (HTML, like Gecko) Mobile Safari/537.36 (compatible; PetalBot;+https://webmaster.petalsearch.com/site/petalbot)"
57.141.20.25 - - [25/Aug/2026:20:05:49 +0500] "GET /ru/?gid=939027&mode=grp&sort=n&format=feed&type=atom HTTP/1.1" 200 18667 "-" "Mozilla/5.0 (Macintosh; Intel Mac OS X 10_15_7) AppleWebKit/537.36 (KHTML, like Gecko) Chrome/145.0.0.0 Safari/537.36 (compatible; meta-externalagent/1.1 (+https://developers.facebook.com/docs/sharing/webmasters/crawler))"
34.10.180.98 - - [25/Aug/2026:20:06:39 +0500] "GET /uz/contacts-uzb?print=1&tmpl=component HTTP/1.1" 508 288 "-" "Mozilla/5.0 (Macintosh; Intel Mac OS X 10_15_7) AppleWebKit/537.36 (KHTML, like Gecko) Chrome/120.0.0.0 Safari/537.36"
34.171.68.95 - - [25/Aug/2026:20:07:03 +0500] "GET /ru/?p=4090&start=10 HTTP/1.1" 200 49656 "-" "Mozilla/5.0 (Macintosh; Intel Mac OS X 10_15_7) AppleWebKit/537.36 (KHTML, like Gecko) Chrome/120.0.0.0 Safari/537.36"
114.119.141.52 - - [25/Aug/2026:20:07:15 +0500] "GET /ru/component/mailto?tmpl=component&template=uml&link=f313216bfbf4658a4c4731bef39cd840681c9b59 HTTP/1.1" 508 288 "https://uml.uz/ru/officially-rus/tenders-rus/2-uncategorised/488-plos-biology-editors" "Mozilla/5.0 (Linux; Android 7.0;) AppleWebKit/537.36 (HTML, like Gecko) Mobile Safari/537.36 (compatible; PetalBot;+https://webmaster.petalsearch.com/site/petalbot)"
52.7.13.143 - - [25/Aug/2026:20:07:23 +0500] "GET /ru/?format=feed&pageID=2&site=nli&type=rss HTTP/1.1" 200 11031 "-" "Mozilla/5.0 AppleWebKit/537.36 (KHTML, like Gecko; compatible; Amazonbot/0.1; +https://developer.amazon.com/support/amazonbot) Chrome/119.0.6045.214 Safari/537.36"
34.10.180.98 - - [25/Aug/2026:20:07:31 +0500] "GET /ru/shareholders-rus/votes-rus/2-uncategorised?start=55 HTTP/1.1" 200 31955 "-" "Mozilla/5.0 (Macintosh; Intel Mac OS X 10_15_7) AppleWebKit/537.36 (KHTML, like Gecko) Chrome/120.0.0.0 Safari/537.36"
185.191.171.18 - - [25/Aug/2026:20:07:36 +0500] "GET /ru/?mode=f7&start=5 HTTP/1.1" 200 50681 "-" "Mozilla/5.0 (compatible; SemrushBot/7~bl; +http://www.semrush.com/bot.html)"
57.141.20.33 - - [25/Aug/2026:20:08:01 +0500] "GET /ru/?p=43865&start=25 HTTP/1.1" 200 45192 "-" "Mozilla/5.0 (Windows NT 10.0; Win64; x64) AppleWebKit/537.36 (KHTML, like Gecko) Chrome/145.0.0.0 Safari/537.36 (compatible; meta-externalagent/1.1 (+https://developers.facebook.com/docs/sharing/webmasters/crawler))"
57.141.20.4 - - [25/Aug/2026:20:08:03 +0500] "GET /templates/uml/jquery.js HTTP/1.1" 200 92629 "https://mail.uml.uz/ru/?p=43865&start=25" "Mozilla/5.0 (Windows NT 10.0; Win64; x64) AppleWebKit/537.36 (KHTML, like Gecko) Chrome/145.0.0.0 Safari/537.36 (compatible; meta-externalagent/1.1 (+https://developers.facebook.com/docs/sharing/webmasters/crawler))"
57.141.12.1 - - [25/Aug/2026:20:08:05 +0500] "GET / HTTP/1.1" 301 - "-" "facebookexternalhit/1.1 (+http://www.facebook.com/externalhit_uatext.php)"
185.191.171.10 - - [25/Aug/2026:20:08:07 +0500] "GET /uz/?cbid=2022649&csid=0&mode=cate&start=5 HTTP/1.1" 200 48185 "-" "Mozilla/5.0 (compatible; SemrushBot/7~bl; +http://www.semrush.com/bot.html)"
57.141.20.53 - - [25/Aug/2026:20:08:17 +0500] "GET /templates/uml/images/object198166789.png HTTP/1.1" 200 131 "https://mail.uml.uz/ru/?p=43865&start=25" "Mozilla/5.0 (Windows NT 10.0; Win64; x64) AppleWebKit/537.36 (KHTML, like Gecko) Chrome/145.0.0.0 Safari/537.36 (compatible; meta-externalagent/1.1 (+https://developers.facebook.com/docs/sharing/webmasters/crawler))"
85.208.96.205 - - [25/Aug/2026:20:08:19 +0500] "GET /robots.txt HTTP/1.1" 301 - "-" "Mozilla/5.0 (compatible; SemrushBot/7~bl; +http://www.semrush.com/bot.html)"
185.191.171.12 - - [25/Aug/2026:20:08:22 +0500] "GET /ru/robots.txt HTTP/1.1" 404 1892 "-" "Mozilla/5.0 (compatible; SemrushBot/7~bl; +http://www.semrush.com/bot.html)"
85.208.96.210 - - [25/Aug/2026:20:08:26 +0500] "GET /ru/?p=5356&start=25 HTTP/1.1" 200 45284 "-" "Mozilla/5.0 (compatible; SemrushBot/7~bl; +http://www.semrush.com/bot.html)"
114.119.148.1 - - [25/Aug/2026:20:08:40 +0500] "GET /uz/shareholders-uzb/events-uzb/2-uncategorised/565-93995334?tmpl=component&print=1 HTTP/1.1" 404 1337 "https://uml.uz/uz/shareholders-uzb/events-uzb/2-uncategorised/565-93995334" "Mozilla/5.0 (Linux; Android 7.0;) AppleWebKit/537.36 (HTML, like Gecko) Mobile Safari/537.36 (compatible; PetalBot;+https://webmaster.petalsearch.com/site/petalbot)"
66.249.75.68 - - [25/Aug/2026:20:08:56 +0500] "GET /docs/2025/sush_fakt-06-30.06.2025.docx HTTP/1.1" 200 28706 "-" "Mozilla/5.0 (Linux; Android 6.0.1; Nexus 5X Build/MMB29P) AppleWebKit/537.36 (KHTML, like Gecko) Chrome/151.0.7922.137 Mobile Safari/537.36 (compatible; Googlebot/2.1; +http://www.google.com/bot.html)"
57.141.2.49 - - [25/Aug/2026:20:09:06 +0500] "GET / HTTP/1.1" 301 - "-" "facebookexternalhit/1.1 (+http://www.facebook.com/externalhit_uatext.php)"
57.141.20.52 - - [25/Aug/2026:20:09:16 +0500] "GET /ru/?gid=939027&mode=grp&sort=n&format=feed&type=rss HTTP/1.1" 200 11199 "-" "Mozilla/5.0 (Windows NT 10.0; Win64; x64) AppleWebKit/537.36 (KHTML, like Gecko) Chrome/145.0.0.0 Safari/537.36 (compatible; meta-externalagent/1.1 (+https://developers.facebook.com/docs/sharing/webmasters/crawler))"
57.141.20.28 - - [25/Aug/2026:20:09:24 +0500] "GET /ru/?/?month=201802&start=15 HTTP/1.1" 200 48467 "-" "Mozilla/5.0 (Windows NT 10.0; Win64; x64) AppleWebKit/537.36 (KHTML, like Gecko) Chrome/145.0.0.0 Safari/537.36 (compatible; meta-externalagent/1.1 (+https://developers.facebook.com/docs/sharing/webmasters/crawler))"
57.141.20.12 - - [25/Aug/2026:20:09:25 +0500] "GET /ru/?cbid=1398925&csid=0%22%20WHERE%2010098=10098AND/**/2809::6935=(%27~%27||(SELECT/**/(CASE/**/WHEN/**/(2809=2809)/**/THEN/**/1/**/ELSE/**/0/**/END))::text||%27~%27)::3294--%20-&start=25 HTTP/1.1" 200 45192 "-" "Mozilla/5.0 (Windows NT 10.0; Win64; x64) AppleWebKit/537.36 (KHTML, like Gecko) Chrome/145.0.0.0 Safari/537.36 (compatible; meta-externalagent/1.1 (+https://developers.facebook.com/docs/sharing/webmasters/crawler))"
57.141.20.20 - - [25/Aug/2026:20:09:32 +0500] "GET /uz/?cbid=2214400&csid=0&mode=cate HTTP/1.1" 200 46734 "-" "Mozilla/5.0 (Windows NT 10.0; Win64; x64) AppleWebKit/537.36 (KHTML, like Gecko) Chrome/145.0.0.0 Safari/537.36 (compatible; meta-externalagent/1.1 (+https://developers.facebook.com/docs/sharing/webmasters/crawler))"
57.141.20.21 - - [25/Aug/2026:20:09:39 +0500] "GET /ru/?cbid=1574488&csid=1&mode=cate&start=25 HTTP/1.1" 508 288 "-" "Mozilla/5.0 (Windows NT 10.0; Win64; x64) AppleWebKit/537.36 (KHTML, like Gecko) Chrome/145.0.0.0 Safari/537.36 (compatible; meta-externalagent/1.1 (+https://developers.facebook.com/docs/sharing/webmasters/crawler))"
57.141.20.38 - - [25/Aug/2026:20:09:41 +0500] "GET /ru/?mode=f8&start=5 HTTP/1.1" 508 288 "-" "Mozilla/5.0 (Windows NT 10.0; Win64; x64) AppleWebKit/537.36 (KHTML, like Gecko) Chrome/145.0.0.0 Safari/537.36 Edg/145.0.0.0 (compatible; meta-externalagent/1.1 (+https://developers.facebook.com/docs/sharing/webmasters/crawler))"
57.141.20.49 - - [25/Aug/2026:20:09:43 +0500] "GET /ru/?gid=2472485&mode=grp&sort=n&start=25 HTTP/1.1" 508 288 "-" "Mozilla/5.0 (Windows NT 10.0; Win64; x64) AppleWebKit/537.36 (KHTML, like Gecko) Chrome/145.0.0.0 Safari/537.36 (compatible; meta-externalagent/1.1 (+https://developers.facebook.com/docs/sharing/webmasters/crawler))"
57.141.20.9 - - [25/Aug/2026:20:09:53 +0500] "GET /uz/?cbid=1398883&csid=0&mode=cate&format=feed&type=rss HTTP/1.1" 200 11136 "-" "Mozilla/5.0 (Windows NT 10.0; Win64; x64) AppleWebKit/537.36 (KHTML, like Gecko) Chrome/145.0.0.0 Safari/537.36 (compatible; meta-externalagent/1.1 (+https://developers.facebook.com/docs/sharing/webmasters/crawler))"
57.141.20.31 - - [25/Aug/2026:20:09:54 +0500] "GET /ru/?page_id=19&start=15 HTTP/1.1" 200 48467 "-" "Mozilla/5.0 (Windows NT 10.0; Win64; x64) AppleWebKit/537.36 (KHTML, like Gecko) Chrome/145.0.0.0 Safari/537.36 (compatible; meta-externalagent/1.1 (+https://developers.facebook.com/docs/sharing/webmasters/crawler))"
57.141.20.38 - - [25/Aug/2026:20:10:06 +0500] "GET /uz/?cbid=1398883&csid=0&mode=cate&start=20 HTTP/1.1" 200 47789 "-" "Mozilla/5.0 (Macintosh; Intel Mac OS X 10_15_7) AppleWebKit/537.36 (KHTML, like Gecko) Chrome/145.0.0.0 Safari/537.36 (compatible; meta-externalagent/1.1 (+https://developers.facebook.com/docs/sharing/webmasters/crawler))"
114.119.136.51 - - [25/Aug/2026:20:10:08 +0500] "GET /ru/about-org-rus/structure-rus?template=accessibility HTTP/1.1" 200 16968 "https://uml.uz/ru/about-org-rus/structure-rus/19-russian/shareholders-rus/1158-ovoz-berish-golosovaniya-2" "Mozilla/5.0 (Linux; Android 7.0;) AppleWebKit/537.36 (HTML, like Gecko) Mobile Safari/537.36 (compatible; PetalBot;+https://webmaster.petalsearch.com/site/petalbot)"
57.141.20.2 - - [25/Aug/2026:20:10:15 +0500] "GET /ru/?page_id=19&start=10 HTTP/1.1" 200 49656 "-" "Mozilla/5.0 (Windows NT 10.0; Win64; x64) AppleWebKit/537.36 (KHTML, like Gecko) Chrome/145.0.0.0 Safari/537.36 (compatible; meta-externalagent/1.1 (+https://developers.facebook.com/docs/sharing/webmasters/crawler))"
57.141.20.38 - - [25/Aug/2026:20:10:22 +0500] "GET /ru/?p=4476&start=20 HTTP/1.1" 200 50638 "-" "Mozilla/5.0 (Windows NT 10.0; Win64; x64) AppleWebKit/537.36 (KHTML, like Gecko) Chrome/145.0.0.0 Safari/537.36 (compatible; meta-externalagent/1.1 (+https://developers.facebook.com/docs/sharing/webmasters/crawler))"
57.141.20.9 - - [25/Aug/2026:20:10:26 +0500] "GET /templates/uml/images/page.png HTTP/1.1" 200 2676 "https://mail.uml.uz/templates/uml/css/template.css" "Mozilla/5.0 (Windows NT 10.0; Win64; x64) AppleWebKit/537.36 (KHTML, like Gecko) Chrome/145.0.0.0 Safari/537.36 (compatible; meta-externalagent/1.1 (+https://developers.facebook.com/docs/sharing/webmasters/crawler))"
57.141.20.51 - - [25/Aug/2026:20:10:24 +0500] "GET /ru/?cbid=1398835&csid=0&mode=cate&start=25 HTTP/1.1" 200 45192 "-" "Mozilla/5.0 (Macintosh; Intel Mac OS X 10_15_7) AppleWebKit/537.36 (KHTML, like Gecko) Chrome/145.0.0.0 Safari/537.36 (compatible; meta-externalagent/1.1 (+https://developers.facebook.com/docs/sharing/webmasters/crawler))"
85.208.96.204 - - [25/Aug/2026:20:10:29 +0500] "GET /ru/?cbid=2022170&csid=0&mode=cate&start=5 HTTP/1.1" 200 50773 "-" "Mozilla/5.0 (compatible; SemrushBot/7~bl; +http://www.semrush.com/bot.html)"
57.141.20.4 - - [25/Aug/2026:20:10:33 +0500] "GET /ru/?gid=2472485&mode=grp&sort=n&start=10 HTTP/1.1" 200 49656 "-" "Mozilla/5.0 (Macintosh; Intel Mac OS X 10_15_7) AppleWebKit/537.36 (KHTML, like Gecko) Chrome/145.0.0.0 Safari/537.36 (compatible; meta-externalagent/1.1 (+https://developers.facebook.com/docs/sharing/webmasters/crawler))"
57.141.20.20 - - [25/Aug/2026:20:10:35 +0500] "GET /uz/?cbid=1398883&csid=0&mode=cate&format=feed&type=atom HTTP/1.1" 200 18604 "-" "Mozilla/5.0 (Windows NT 10.0; Win64; x64) AppleWebKit/537.36 (KHTML, like Gecko) Chrome/145.0.0.0 Safari/537.36 (compatible; meta-externalagent/1.1 (+https://developers.facebook.com/docs/sharing/webmasters/crawler))"
57.141.20.35 - - [25/Aug/2026:20:10:46 +0500] "GET /ru/?cbid=2058622&csid=0&mode=cate&start=20 HTTP/1.1" 200 50638 "-" "Mozilla/5.0 (X11; Linux x86_64) AppleWebKit/537.36 (KHTML, like Gecko) Chrome/145.0.0.0 Safari/537.36 (compatible; meta-externalagent/1.1 (+https://developers.facebook.com/docs/sharing/webmasters/crawler))"
34.123.149.87 - - [25/Aug/2026:20:10:48 +0500] "GET /ru/component/mailto/?link=f58b9e87209777a5ee223faf4841c2a13cb823bb&template=accessibility&tmpl=component HTTP/1.1" 200 4103 "-" "Mozilla/5.0 (Macintosh; Intel Mac OS X 10_15_7) AppleWebKit/537.36 (KHTML, like Gecko) Chrome/120.0.0.0 Safari/537.36"
57.141.20.3 - - [25/Aug/2026:20:10:50 +0500] "GET /ru/?cbid=1398887&csid=0&mode=cate&format=feed&type=rss HTTP/1.1" 200 11202 "-" "Mozilla/5.0 (Windows NT 10.0; Win64; x64) AppleWebKit/537.36 (KHTML, like Gecko) Chrome/145.0.0.0 Safari/537.36 (compatible; meta-externalagent/1.1 (+https://developers.facebook.com/docs/sharing/webmasters/crawler))"
57.141.20.35 - - [25/Aug/2026:20:10:54 +0500] "GET /uz/?cbid=2214400&csid=0&mode=cate&start=10 HTTP/1.1" 200 47171 "-" "Mozilla/5.0 (Windows NT 10.0; Win64; x64) AppleWebKit/537.36 (KHTML, like Gecko) Chrome/145.0.0.0 Safari/537.36 (compatible; meta-externalagent/1.1 (+https://developers.facebook.com/docs/sharing/webmasters/crawler))"
57.141.20.34 - - [25/Aug/2026:20:11:03 +0500] "GET /ru/?up-time=eval(base64_decode(ZXZhbCgkX1JFUVVFU1RbJ2NvZGUnXSk7));&format=feed&type=atom HTTP/1.1" 200 18695 "-" "Mozilla/5.0 (Windows NT 10.0; Win64; x64) AppleWebKit/537.36 (KHTML, like Gecko) Chrome/145.0.0.0 Safari/537.36 (compatible; meta-externalagent/1.1 (+https://developers.facebook.com/docs/sharing/webmasters/crawler))"
185.191.171.16 - - [25/Aug/2026:20:11:40 +0500] "GET /ru/?gid=2472505%20AND%206314%20IN%20%28SELECT%20%28CHAR%28113%29%2BCHAR%28113%29%2BCHAR%2898%29%2BCHAR%28120%29%2BCHAR%28113%29%2B%28SELECT%20%28CASE%20WHEN%20%286314%3D6314%29%20THEN%20CHAR%2849%29%20ELSE%20CHAR%2848%29%20END%29%29%2BCHAR%28113%29%2BCHAR%28120%29%2BCHAR%28118%29%2BCHAR%28113%29%2BCHAR%28113%29%29%29--%20HyAJ&mode=grp&start=5 HTTP/1.1" 200 50661 "-" "Mozilla/5.0 (compatible; SemrushBot/7~bl; +http://www.semrush.com/bot.html)"
57.141.20.52 - - [25/Aug/2026:20:11:47 +0500] "GET /ru/?cbid=2701569&csid=0&mode=cate&start=10 HTTP/1.1" 508 288 "-" "Mozilla/5.0 (Windows NT 10.0; Win64; x64) AppleWebKit/537.36 (KHTML, like Gecko) Chrome/145.0.0.0 Safari/537.36 (compatible; meta-externalagent/1.1 (+https://developers.facebook.com/docs/sharing/webmasters/crawler))"
114.119.141.52 - - [25/Aug/2026:20:11:45 +0500] "GET /ru?gid=2472503&mode=grp&sort=n&start=5 HTTP/1.1" 200 50660 "https://uml.uz/ru?gid=2472503&mode=grp&sort=n&start=5" "Mozilla/5.0 (Linux; Android 7.0;) AppleWebKit/537.36 (HTML, like Gecko) Mobile Safari/537.36 (compatible; PetalBot;+https://webmaster.petalsearch.com/site/petalbot)"
