20.104.87.97 - - [25/Aug/2026:19:43:41 +0500] "GET /autodiscover/autodiscover.xml HTTP/1.1" 400 52 "-" "-"
34.56.53.225 - - [25/Aug/2026:19:43:39 +0500] "GET /uz/component/mailto/?link=7c59bf1a31bd5d4bf26d4c48899b9dbbcec35cee&template=uml&tmpl=component HTTP/1.1" 200 4559 "-" "Mozilla/5.0 (Macintosh; Intel Mac OS X 10_15_7) AppleWebKit/537.36 (KHTML, like Gecko) Chrome/120.0.0.0 Safari/537.36"
20.104.87.97 - - [25/Aug/2026:19:43:43 +0500] "GET /autodiscover/autodiscover.xml HTTP/1.1" 400 52 "-" "-"
20.104.87.97 - - [25/Aug/2026:19:43:46 +0500] "GET /autodiscover/autodiscover.xml HTTP/1.1" 400 52 "-" "-"
216.73.216.227 - - [25/Aug/2026:19:43:43 +0500] "GET /ru/?gid=421557&mode=grp&start=25 HTTP/1.1" 200 45038 "-" "Mozilla/5.0 AppleWebKit/537.36 (KHTML, like Gecko; compatible; ClaudeBot/1.0; +claudebot@anthropic.com)"
20.104.87.97 - - [25/Aug/2026:19:43:48 +0500] "GET /autodiscover/autodiscover.xml HTTP/1.1" 400 52 "-" "-"
20.104.87.97 - - [25/Aug/2026:19:43:50 +0500] "GET /autodiscover/autodiscover.xml HTTP/1.1" 400 52 "-" "-"
20.104.87.97 - - [25/Aug/2026:19:43:52 +0500] "GET /autodiscover/autodiscover.xml HTTP/1.1" 400 52 "-" "-"
20.104.87.97 - - [25/Aug/2026:19:43:54 +0500] "GET /autodiscover/autodiscover.xml HTTP/1.1" 400 52 "-" "-"
57.141.0.34 - - [25/Aug/2026:19:43:53 +0500] "GET / HTTP/1.1" 301 - "-" "facebookexternalhit/1.1 (+http://www.facebook.com/externalhit_uatext.php)"
20.104.87.97 - - [25/Aug/2026:19:43:56 +0500] "GET /autodiscover/autodiscover.xml HTTP/1.1" 400 52 "-" "-"
20.104.87.97 - - [25/Aug/2026:19:43:58 +0500] "GET /autodiscover/autodiscover.xml HTTP/1.1" 400 52 "-" "-"
20.104.87.97 - - [25/Aug/2026:19:44:00 +0500] "GET /autodiscover/autodiscover.xml HTTP/1.1" 400 52 "-" "-"
20.104.87.97 - - [25/Aug/2026:19:44:02 +0500] "GET /autodiscover/autodiscover.xml HTTP/1.1" 400 52 "-" "-"
20.104.87.97 - - [25/Aug/2026:19:44:04 +0500] "GET /autodiscover/autodiscover.xml HTTP/1.1" 400 52 "-" "-"
20.104.87.97 - - [25/Aug/2026:19:44:06 +0500] "GET /autodiscover/autodiscover.xml HTTP/1.1" 400 52 "-" "-"
34.123.149.87 - - [25/Aug/2026:19:44:02 +0500] "GET /ru/about-org-rus/leasing-terms-ru/2-uncategorised/47-direction-uzb?print=1&tmpl=component HTTP/1.1" 200 4046 "-" "Mozilla/5.0 (Macintosh; Intel Mac OS X 10_15_7) AppleWebKit/537.36 (KHTML, like Gecko) Chrome/120.0.0.0 Safari/537.36"
20.104.87.97 - - [25/Aug/2026:19:44:09 +0500] "GET /autodiscover/autodiscover.xml HTTP/1.1" 400 52 "-" "-"
20.104.87.97 - - [25/Aug/2026:19:44:11 +0500] "GET /autodiscover/autodiscover.xml HTTP/1.1" 400 52 "-" "-"
20.104.87.97 - - [25/Aug/2026:19:44:13 +0500] "GET /autodiscover/autodiscover.xml HTTP/1.1" 400 52 "-" "-"
20.104.87.97 - - [25/Aug/2026:19:44:15 +0500] "GET /autodiscover/autodiscover.xml HTTP/1.1" 400 52 "-" "-"
20.104.87.97 - - [25/Aug/2026:19:44:17 +0500] "GET /autodiscover/autodiscover.xml HTTP/1.1" 400 52 "-" "-"
20.104.87.97 - - [25/Aug/2026:19:44:19 +0500] "GET /autodiscover/autodiscover.xml HTTP/1.1" 400 52 "-" "-"
20.104.87.97 - - [25/Aug/2026:19:44:21 +0500] "GET /autodiscover/autodiscover.xml HTTP/1.1" 400 52 "-" "-"
20.104.87.97 - - [25/Aug/2026:19:44:23 +0500] "GET /autodiscover/autodiscover.xml HTTP/1.1" 400 52 "-" "-"
57.141.20.7 - - [25/Aug/2026:19:44:21 +0500] "GET /ru/?gid=677335&mode=grp&format=feed&type=rss HTTP/1.1" 200 11188 "-" "Mozilla/5.0 (Windows NT 10.0; Win64; x64) AppleWebKit/537.36 (KHTML, like Gecko) Chrome/145.0.0.0 Safari/537.36 Edg/145.0.0.0 (compatible; meta-externalagent/1.1 (+https://developers.facebook.com/docs/sharing/webmasters/crawler))"
20.104.87.97 - - [25/Aug/2026:19:44:25 +0500] "GET /autodiscover/autodiscover.xml HTTP/1.1" 400 52 "-" "-"
20.104.87.97 - - [25/Aug/2026:19:44:26 +0500] "GET /autodiscover/autodiscover.xml HTTP/1.1" 400 52 "-" "-"
20.104.87.97 - - [25/Aug/2026:19:44:28 +0500] "GET /autodiscover/autodiscover.xml HTTP/1.1" 400 52 "-" "-"
157.55.39.197 - - [25/Aug/2026:19:44:27 +0500] "GET /ru/?cbid=1398925&csid=0))AND/**/4529=(SELECT/**/'~'%20(SELECT/**/(CASE/**/WHEN/**/(4529=4529)/**/THEN/**/'1'/**/ELSE/**/'0'/**/END))%20'~'/**/FOR/**/XML/**/PATH(''))%20AND%20((6946=6946&start=20 HTTP/1.1" 200 50770 "-" "Mozilla/5.0 AppleWebKit/537.36 (KHTML, like Gecko; compatible; bingbot/2.0; +http://www.bing.com/bingbot.htm) Chrome/116.0.1938.76 Safari/537.36"
20.104.87.97 - - [25/Aug/2026:19:44:31 +0500] "GET /autodiscover/autodiscover.xml HTTP/1.1" 400 52 "-" "-"
20.104.87.97 - - [25/Aug/2026:19:44:33 +0500] "GET /autodiscover/autodiscover.xml HTTP/1.1" 400 52 "-" "-"
57.141.20.5 - - [25/Aug/2026:19:44:31 +0500] "GET /ru/?gid=677335&mode=grp&format=feed&type=atom HTTP/1.1" 200 18656 "-" "Mozilla/5.0 (Macintosh; Intel Mac OS X 10_15_7) AppleWebKit/537.36 (KHTML, like Gecko) Chrome/145.0.0.0 Safari/537.36 (compatible; meta-externalagent/1.1 (+https://developers.facebook.com/docs/sharing/webmasters/crawler))"
20.104.87.97 - - [25/Aug/2026:19:44:35 +0500] "GET /autodiscover/autodiscover.xml HTTP/1.1" 400 52 "-" "-"
20.104.87.97 - - [25/Aug/2026:19:44:37 +0500] "GET /autodiscover/autodiscover.xml HTTP/1.1" 400 52 "-" "-"
57.141.20.58 - - [25/Aug/2026:19:44:38 +0500] "GET /ru/?author=1 HTTP/1.1" 508 288 "-" "Mozilla/5.0 (Windows NT 10.0; Win64; x64) AppleWebKit/537.36 (KHTML, like Gecko) Chrome/145.0.0.0 Safari/537.36 (compatible; meta-externalagent/1.1 (+https://developers.facebook.com/docs/sharing/webmasters/crawler))"
20.104.87.97 - - [25/Aug/2026:19:44:39 +0500] "GET /autodiscover/autodiscover.xml HTTP/1.1" 400 52 "-" "-"
57.141.20.61 - - [25/Aug/2026:19:44:40 +0500] "GET /ru/?gid=677335&mode=grp&start=25 HTTP/1.1" 508 288 "-" "Mozilla/5.0 (Windows NT 10.0; Win64; x64) AppleWebKit/537.36 (KHTML, like Gecko) Chrome/146.0.0.0 Safari/537.36 Edg/146.0.0.0 (compatible; meta-externalagent/1.1 (+https://developers.facebook.com/docs/sharing/webmasters/crawler))"
157.55.39.58 - - [25/Aug/2026:19:44:35 +0500] "GET /ru/?cbid=2435515&csid=0&mode=cate&start=15 HTTP/1.1" 200 48619 "-" "Mozilla/5.0 AppleWebKit/537.36 (KHTML, like Gecko; compatible; bingbot/2.0; +http://www.bing.com/bingbot.htm) Chrome/116.0.1938.76 Safari/537.36"
20.104.87.97 - - [25/Aug/2026:19:44:41 +0500] "GET /autodiscover/autodiscover.xml HTTP/1.1" 400 52 "-" "-"
20.104.87.97 - - [25/Aug/2026:19:44:43 +0500] "GET /autodiscover/autodiscover.xml HTTP/1.1" 400 52 "-" "-"
20.104.87.97 - - [25/Aug/2026:19:44:45 +0500] "GET /autodiscover/autodiscover.xml HTTP/1.1" 400 52 "-" "-"
20.104.87.97 - - [25/Aug/2026:19:44:47 +0500] "GET /autodiscover/autodiscover.xml HTTP/1.1" 400 52 "-" "-"
57.141.20.0 - - [25/Aug/2026:19:44:49 +0500] "GET /ru/?gid=677335&mode=grp HTTP/1.1" 508 288 "-" "Mozilla/5.0 (Macintosh; Intel Mac OS X 10_15_7) AppleWebKit/537.36 (KHTML, like Gecko) Chrome/145.0.0.0 Safari/537.36 (compatible; meta-externalagent/1.1 (+https://developers.facebook.com/docs/sharing/webmasters/crawler))"
20.104.87.97 - - [25/Aug/2026:19:44:49 +0500] "GET /autodiscover/autodiscover.xml HTTP/1.1" 400 52 "-" "-"
57.141.20.71 - - [25/Aug/2026:19:44:49 +0500] "GET /ru/?gid=677335&mode=grp&start=5 HTTP/1.1" 508 288 "-" "Mozilla/5.0 (Windows NT 10.0; Win64; x64) AppleWebKit/537.36 (KHTML, like Gecko) Chrome/145.0.0.0 Safari/537.36 (compatible; meta-externalagent/1.1 (+https://developers.facebook.com/docs/sharing/webmasters/crawler))"
34.10.180.98 - - [25/Aug/2026:19:44:50 +0500] "GET /ru/component/mailto/?link=dbf89ec09cb06c3f957fe630ff20ef682915bcc1&template=uml&tmpl=component HTTP/1.1" 508 288 "-" "Mozilla/5.0 (Macintosh; Intel Mac OS X 10_15_7) AppleWebKit/537.36 (KHTML, like Gecko) Chrome/120.0.0.0 Safari/537.36"
20.104.87.97 - - [25/Aug/2026:19:44:51 +0500] "GET /autodiscover/autodiscover.xml HTTP/1.1" 400 52 "-" "-"
20.104.87.97 - - [25/Aug/2026:19:44:54 +0500] "GET /autodiscover/autodiscover.xml HTTP/1.1" 400 52 "-" "-"
20.104.87.97 - - [25/Aug/2026:19:44:56 +0500] "GET /autodiscover/autodiscover.xml HTTP/1.1" 400 52 "-" "-"
57.141.20.10 - - [25/Aug/2026:19:44:58 +0500] "GET /ru/?gid=677335&mode=grp&start=20 HTTP/1.1" 508 288 "-" "Mozilla/5.0 (Windows NT 10.0; Win64; x64) AppleWebKit/537.36 (KHTML, like Gecko) Chrome/145.0.0.0 Safari/537.36 (compatible; meta-externalagent/1.1 (+https://developers.facebook.com/docs/sharing/webmasters/crawler))"
20.104.87.97 - - [25/Aug/2026:19:44:59 +0500] "GET /autodiscover/autodiscover.xml HTTP/1.1" 400 52 "-" "-"
114.119.148.1 - - [25/Aug/2026:19:44:56 +0500] "GET /ru/news-rus/2-uncategorised?start=655 HTTP/1.1" 200 28957 "https://uml.uz/ru/news-rus/2-uncategorised?start=680" "Mozilla/5.0 (Linux; Android 7.0;) AppleWebKit/537.36 (HTML, like Gecko) Mobile Safari/537.36 (compatible; PetalBot;+https://webmaster.petalsearch.com/site/petalbot)"
20.104.87.97 - - [25/Aug/2026:19:45:01 +0500] "GET /autodiscover/autodiscover.xml HTTP/1.1" 400 52 "-" "-"
20.104.87.97 - - [25/Aug/2026:19:45:04 +0500] "GET /autodiscover/autodiscover.xml HTTP/1.1" 400 52 "-" "-"
20.104.87.97 - - [25/Aug/2026:19:45:05 +0500] "GET /autodiscover/autodiscover.xml HTTP/1.1" 400 52 "-" "-"
20.104.87.97 - - [25/Aug/2026:19:45:07 +0500] "GET /autodiscover/autodiscover.xml HTTP/1.1" 400 52 "-" "-"
34.30.223.149 - - [25/Aug/2026:19:45:04 +0500] "GET /uz/shareholders-uzb/facts-uzb/87-such-fakt-2017 HTTP/1.1" 200 28276 "-" "Mozilla/5.0 (Macintosh; Intel Mac OS X 10_15_7) AppleWebKit/537.36 (KHTML, like Gecko) Chrome/120.0.0.0 Safari/537.36"
20.104.87.97 - - [25/Aug/2026:19:45:09 +0500] "GET /autodiscover/autodiscover.xml HTTP/1.1" 400 52 "-" "-"
20.104.87.97 - - [25/Aug/2026:19:45:11 +0500] "GET /autodiscover/autodiscover.xml HTTP/1.1" 400 52 "-" "-"
20.104.87.97 - - [25/Aug/2026:19:45:13 +0500] "GET /autodiscover/autodiscover.xml HTTP/1.1" 400 52 "-" "-"
185.191.171.8 - - [25/Aug/2026:19:45:10 +0500] "GET /ru/?cbid=1398925%29%2F%2A%2150000AND%2A%2FROW%288479%2C6201%29%3E%28%2F%2A%2150000SELECT%2A%2F%2F%2A%2150000COUNT%2A%2F%28%2A%29%2C%2F%2A%2150000CONCAT%2A%2F%28%27~%27%2C%28%2F%2A%2150000SELECT%2A%2F%28ELT%288479%3D8479%2C1%29%29%29%2C%27~%27%2CFLOOR%28RAND%280%29%2A2%29%29x%2F%2A%2150000FROM%2A%2F%28%2F%2A%2150000SELECT%2A%2F3154%2F%2A%2150000UNION%2A%2F%2F%2A%2150000SELECT%2A%2F7183%2F%2A%2150000UNION%2A%2F%2F%2A%2150000SELECT%2A%2F9637%2F%2A%2150000UNION%2A%2F%2F%2A%2150000SELECT%2A%2F4884%29a%2F%2A%2150000GROUP%2A%2F%2F%2A%2150000BY%2A%2Fx%29--%20-&csid=0&start=5 HTTP/1.1" 200 51920 "-" "Mozilla/5.0 (compatible; SemrushBot/7~bl; +http://www.semrush.com/bot.html)"
20.104.87.97 - - [25/Aug/2026:19:45:15 +0500] "GET /autodiscover/autodiscover.xml HTTP/1.1" 400 52 "-" "-"
20.104.87.97 - - [25/Aug/2026:19:45:17 +0500] "GET /autodiscover/autodiscover.xml HTTP/1.1" 400 52 "-" "-"
34.61.96.6 - - [25/Aug/2026:19:45:14 +0500] "GET /ru/component/mailto/?link=43cfff202cd93129b9a63f1b67cff43cc275e434&template=uml&tmpl=component HTTP/1.1" 200 4530 "-" "Mozilla/5.0 (Macintosh; Intel Mac OS X 10_15_7) AppleWebKit/537.36 (KHTML, like Gecko) Chrome/120.0.0.0 Safari/537.36"
20.104.87.97 - - [25/Aug/2026:19:45:19 +0500] "GET /autodiscover/autodiscover.xml HTTP/1.1" 400 52 "-" "-"
20.104.87.97 - - [25/Aug/2026:19:45:21 +0500] "GET /autodiscover/autodiscover.xml HTTP/1.1" 400 52 "-" "-"
20.104.87.97 - - [25/Aug/2026:19:45:23 +0500] "GET /autodiscover/autodiscover.xml HTTP/1.1" 400 52 "-" "-"
20.104.87.97 - - [25/Aug/2026:19:45:25 +0500] "GET /autodiscover/autodiscover.xml HTTP/1.1" 400 52 "-" "-"
20.104.87.97 - - [25/Aug/2026:19:45:27 +0500] "GET /autodiscover/autodiscover.xml HTTP/1.1" 400 52 "-" "-"
20.104.87.97 - - [25/Aug/2026:19:45:29 +0500] "GET /autodiscover/autodiscover.xml HTTP/1.1" 400 52 "-" "-"
20.104.87.97 - - [25/Aug/2026:19:45:30 +0500] "GET /autodiscover/autodiscover.xml HTTP/1.1" 400 52 "-" "-"
20.104.87.97 - - [25/Aug/2026:19:45:32 +0500] "GET /autodiscover/autodiscover.xml HTTP/1.1" 400 52 "-" "-"
20.104.87.97 - - [25/Aug/2026:19:45:34 +0500] "GET /autodiscover/autodiscover.xml HTTP/1.1" 400 52 "-" "-"
20.104.87.97 - - [25/Aug/2026:19:45:36 +0500] "GET /autodiscover/autodiscover.xml HTTP/1.1" 400 52 "-" "-"
20.104.87.97 - - [25/Aug/2026:19:45:39 +0500] "GET /autodiscover/autodiscover.xml HTTP/1.1" 400 52 "-" "-"
20.104.87.97 - - [25/Aug/2026:19:45:41 +0500] "GET /autodiscover/autodiscover.xml HTTP/1.1" 400 52 "-" "-"
20.104.87.97 - - [25/Aug/2026:19:45:43 +0500] "GET /autodiscover/autodiscover.xml HTTP/1.1" 400 52 "-" "-"
57.141.14.51 - - [25/Aug/2026:19:45:41 +0500] "GET / HTTP/1.1" 301 - "-" "facebookexternalhit/1.1 (+http://www.facebook.com/externalhit_uatext.php)"
20.104.87.97 - - [25/Aug/2026:19:45:45 +0500] "GET /autodiscover/autodiscover.xml HTTP/1.1" 400 52 "-" "-"
20.104.87.97 - - [25/Aug/2026:19:45:47 +0500] "GET /autodiscover/autodiscover.xml HTTP/1.1" 400 52 "-" "-"
20.104.87.97 - - [25/Aug/2026:19:45:49 +0500] "GET /autodiscover/autodiscover.xml HTTP/1.1" 400 52 "-" "-"
20.104.87.97 - - [25/Aug/2026:19:45:52 +0500] "GET /autodiscover/autodiscover.xml HTTP/1.1" 400 52 "-" "-"
85.208.96.203 - - [25/Aug/2026:19:45:52 +0500] "GET /ru/?pageID=2&site=nli&start=20 HTTP/1.1" 508 288 "-" "Mozilla/5.0 (compatible; SemrushBot/7~bl; +http://www.semrush.com/bot.html)"
40.77.167.79 - - [25/Aug/2026:19:45:52 +0500] "GET /uz/shareholders-uzb/votes-uzb/2-uncategorised/13-norm-baza-rus HTTP/1.1" 508 288 "-" "Mozilla/5.0 AppleWebKit/537.36 (KHTML, like Gecko; compatible; bingbot/2.0; +http://www.bing.com/bingbot.htm) Chrome/116.0.1938.76 Safari/537.36"
20.104.87.97 - - [25/Aug/2026:19:45:54 +0500] "GET /autodiscover/autodiscover.xml HTTP/1.1" 400 52 "-" "-"
20.104.87.97 - - [25/Aug/2026:19:45:56 +0500] "GET /autodiscover/autodiscover.xml HTTP/1.1" 400 52 "-" "-"
20.104.87.97 - - [25/Aug/2026:19:45:58 +0500] "GET /autodiscover/autodiscover.xml HTTP/1.1" 400 52 "-" "-"
20.104.87.97 - - [25/Aug/2026:19:46:00 +0500] "GET /autodiscover/autodiscover.xml HTTP/1.1" 400 52 "-" "-"
20.104.87.97 - - [25/Aug/2026:19:46:02 +0500] "GET /autodiscover/autodiscover.xml HTTP/1.1" 400 52 "-" "-"
20.104.87.97 - - [25/Aug/2026:19:46:04 +0500] "GET /autodiscover/autodiscover.xml HTTP/1.1" 400 52 "-" "-"
20.104.87.97 - - [25/Aug/2026:19:46:06 +0500] "GET /autodiscover/autodiscover.xml HTTP/1.1" 400 52 "-" "-"
57.141.20.20 - - [25/Aug/2026:19:46:03 +0500] "GET /ru/?cbid=1425873%20WHERE%208917=8917and/**/10886=oRdSYS.oRD_DiCOM.getMaPPiNgXpATH(5457,CHR(126)||%27~%27||(selECt/**/(caSE/**/wHeN/**/(10886=10886)/**/Then/**/1/**/ElSE/**/0/**/EnD)/**/froM/**/dUAl)||%27~%27||CHR(126),chr(126))--%20-&csid=0&format=feed&type=atom HTTP/1.1" 200 18865 "-" "Mozilla/5.0 (Windows NT 10.0; Win64; x64) AppleWebKit/537.36 (KHTML, like Gecko) Chrome/145.0.0.0 Safari/537.36 (compatible; meta-externalagent/1.1 (+https://developers.facebook.com/docs/sharing/webmasters/crawler))"
20.104.87.97 - - [25/Aug/2026:19:46:08 +0500] "GET /autodiscover/autodiscover.xml HTTP/1.1" 400 52 "-" "-"
20.104.87.97 - - [25/Aug/2026:19:46:10 +0500] "GET /autodiscover/autodiscover.xml HTTP/1.1" 400 52 "-" "-"
20.104.87.97 - - [25/Aug/2026:19:46:12 +0500] "GET /autodiscover/autodiscover.xml HTTP/1.1" 400 52 "-" "-"
20.104.87.97 - - [25/Aug/2026:19:46:14 +0500] "GET /autodiscover/autodiscover.xml HTTP/1.1" 400 52 "-" "-"
20.104.87.97 - - [25/Aug/2026:19:46:15 +0500] "GET /autodiscover/autodiscover.xml HTTP/1.1" 400 52 "-" "-"
20.104.87.97 - - [25/Aug/2026:19:46:17 +0500] "GET /autodiscover/autodiscover.xml HTTP/1.1" 400 52 "-" "-"
20.104.87.97 - - [25/Aug/2026:19:46:19 +0500] "GET /autodiscover/autodiscover.xml HTTP/1.1" 400 52 "-" "-"
20.104.87.97 - - [25/Aug/2026:19:46:21 +0500] "GET /autodiscover/autodiscover.xml HTTP/1.1" 400 52 "-" "-"
20.104.87.97 - - [25/Aug/2026:19:46:23 +0500] "GET /autodiscover/autodiscover.xml HTTP/1.1" 400 52 "-" "-"
20.104.87.97 - - [25/Aug/2026:19:46:25 +0500] "GET /autodiscover/autodiscover.xml HTTP/1.1" 400 52 "-" "-"
114.119.158.112 - - [25/Aug/2026:19:46:22 +0500] "GET /uz/leasing-steps-uzb/2-uncategorised/540-exactly-where-would-i-find-inexpensive-assignment-support?tmpl=component&print=1 HTTP/1.1" 404 1337 "https://www.uml.uz/uz/leasing-steps-uzb/2-uncategorised/540-what-is-conceptual-physics" "Mozilla/5.0 (Linux; Android 7.0;) AppleWebKit/537.36 (HTML, like Gecko) Mobile Safari/537.36 (compatible; PetalBot;+https://webmaster.petalsearch.com/site/petalbot)"
20.104.87.97 - - [25/Aug/2026:19:46:27 +0500] "GET /autodiscover/autodiscover.xml HTTP/1.1" 400 52 "-" "-"
85.208.96.200 - - [25/Aug/2026:19:46:23 +0500] "GET /ru/?cbid=1398925%27%29AND%2F%2A%2A%2F1780%3DCONVERT%28INT%2C%28SELECT%2F%2A%2A%2F%27~%27%20%28SELECT%2F%2A%2A%2F%28CASE%2F%2A%2A%2FWHEN%2F%2A%2A%2F%281780%3D1780%29%2F%2A%2A%2FTHEN%2F%2A%2A%2F%271%27%2F%2A%2A%2FELSE%2F%2A%2A%2F%270%27%2F%2A%2A%2FEND%29%29%20%27~%27%29%29%20AND%20%28%27SxDXXUw3%27%20LIKE%20%27SxDXXUw3&csid=0&start=10 HTTP/1.1" 200 49833 "-" "Mozilla/5.0 (compatible; SemrushBot/7~bl; +http://www.semrush.com/bot.html)"
34.123.149.87 - - [25/Aug/2026:19:46:29 +0500] "GET /uz/oficially-uzb/tenders-uzb/2-uncategorised?start=15 HTTP/1.1" 508 288 "-" "Mozilla/5.0 (Macintosh; Intel Mac OS X 10_15_7) AppleWebKit/537.36 (KHTML, like Gecko) Chrome/120.0.0.0 Safari/537.36"
20.104.87.97 - - [25/Aug/2026:19:46:29 +0500] "GET /autodiscover/autodiscover.xml HTTP/1.1" 400 52 "-" "-"
20.104.87.97 - - [25/Aug/2026:19:46:31 +0500] "GET /autodiscover/autodiscover.xml HTTP/1.1" 400 52 "-" "-"
20.104.87.97 - - [25/Aug/2026:19:46:33 +0500] "GET /autodiscover/autodiscover.xml HTTP/1.1" 400 52 "-" "-"
20.104.87.97 - - [25/Aug/2026:19:46:35 +0500] "GET /autodiscover/autodiscover.xml HTTP/1.1" 400 52 "-" "-"
34.30.223.149 - - [25/Aug/2026:19:46:50 +0500] "GET /uz/oficially-uzb/tenders-uzb/2-uncategorised?start=10 HTTP/1.1" 508 288 "-" "Mozilla/5.0 (Macintosh; Intel Mac OS X 10_15_7) AppleWebKit/537.36 (KHTML, like Gecko) Chrome/120.0.0.0 Safari/537.36"
54.225.81.20 - - [25/Aug/2026:19:46:46 +0500] "GET /uz/?cbid=2323311&csid=0&format=feed&mode=cate&type=atom HTTP/1.1" 200 18561 "-" "Mozilla/5.0 AppleWebKit/537.36 (KHTML, like Gecko; compatible; Amazonbot/0.1; +https://developer.amazon.com/support/amazonbot) Chrome/119.0.6045.214 Safari/537.36"
34.123.149.87 - - [25/Aug/2026:19:47:07 +0500] "GET /ru/?cbid=1425873&start=5 HTTP/1.1" 200 52012 "-" "Mozilla/5.0 (Macintosh; Intel Mac OS X 10_15_7) AppleWebKit/537.36 (KHTML, like Gecko) Chrome/120.0.0.0 Safari/537.36"
40.77.167.150 - - [25/Aug/2026:19:47:21 +0500] "GET /ru/?start=20 HTTP/1.1" 200 50869 "-" "Mozilla/5.0 AppleWebKit/537.36 (KHTML, like Gecko; compatible; bingbot/2.0; +http://www.bing.com/bingbot.htm) Chrome/116.0.1938.76 Safari/537.36"
34.10.180.98 - - [25/Aug/2026:19:47:35 +0500] "GET /uz/shareholders-uzb/reports-uzb/1201-balans-4-2022 HTTP/1.1" 508 288 "-" "Mozilla/5.0 (Macintosh; Intel Mac OS X 10_15_7) AppleWebKit/537.36 (KHTML, like Gecko) Chrome/120.0.0.0 Safari/537.36"
34.123.149.87 - - [25/Aug/2026:19:47:55 +0500] "GET /uz/shareholders-uzb/reports-uzb/2-uncategorised?format=feed&type=atom HTTP/1.1" 200 47423 "-" "Mozilla/5.0 (Macintosh; Intel Mac OS X 10_15_7) AppleWebKit/537.36 (KHTML, like Gecko) Chrome/120.0.0.0 Safari/537.36"
114.119.136.51 - - [25/Aug/2026:19:48:21 +0500] "GET /ru/?cbid=1425873&csid=0%27%20AND%20AND%2010110%3DCONVERT(INT%2C(SELECT%E9%94%9F%27~%27%20(SELECT%E9%94%9F(CASE%E9%94%9F%E7%B5%8EHEN%E9%94%9F(10110%3D10110)%20THEN%E9%94%9F%271%27%20ELSE%20%270%27%E9%94%9F%E7%B4%BCND))%20%27~%27))--%20-&start=10 HTTP/1.1" 508 288 "https://uml.uz/ru/?cbid=1425873&csid=0%27%20AND%20AND%2010110%3DCONVERT(INT%2C(SELECT%E9%94%9F%27~%27%20(SELECT%E9%94%9F(CASE%E9%94%9F%E7%B5%8EHEN%E9%94%9F(10110%3D10110)%20THEN%E9%94%9F%271%27%20ELSE%20%270%27%E9%94%9F%E7%B4%BCND))%20%27~%27))--%20-&start=15" "Mozilla/5.0 (Linux; Android 7.0;) AppleWebKit/537.36 (HTML, like Gecko) Mobile Safari/537.36 (compatible; PetalBot;+https://webmaster.petalsearch.com/site/petalbot)"
185.191.171.13 - - [25/Aug/2026:19:48:25 +0500] "GET /ru/?cbid=1398925%2C%28SELECT%2F%2A%2A%2F%27~%27%20%28SELECT%2F%2A%2A%2F%28CASE%2F%2A%2A%2FWHEN%2F%2A%2A%2F%287444%3D7444%29%2F%2A%2A%2FTHEN%2F%2A%2A%2F%271%27%2F%2A%2A%2FELSE%2F%2A%2A%2F%270%27%2F%2A%2A%2FEND%29%29%20%27~%27%29%29%20AND%20%28%2258f05OKG%22%3D%2258f05OKG%22&start=10 HTTP/1.1" 508 288 "-" "Mozilla/5.0 (compatible; SemrushBot/7~bl; +http://www.semrush.com/bot.html)"
34.10.180.98 - - [25/Aug/2026:19:48:33 +0500] "GET /ru/component/mailto/?link=b3de0dffb77f2de5ec337c890e2fe51d1832d093&template=accessibility&tmpl=component HTTP/1.1" 200 4103 "-" "Mozilla/5.0 (Macintosh; Intel Mac OS X 10_15_7) AppleWebKit/537.36 (KHTML, like Gecko) Chrome/120.0.0.0 Safari/537.36"
57.141.20.31 - - [25/Aug/2026:19:48:45 +0500] "GET / HTTP/1.1" 508 288 "-" "facebookexternalhit/1.1 (+http://www.facebook.com/externalhit_uatext.php)"
57.141.20.45 - - [25/Aug/2026:19:49:26 +0500] "GET /ru/?gid=677335&mode=grp&start=15 HTTP/1.1" 200 48527 "-" "Mozilla/5.0 (Windows NT 10.0; Win64; x64) AppleWebKit/537.36 (KHTML, like Gecko) Chrome/145.0.0.0 Safari/537.36 (compatible; meta-externalagent/1.1 (+https://developers.facebook.com/docs/sharing/webmasters/crawler))"
114.119.157.157 - - [25/Aug/2026:19:49:26 +0500] "GET /ru/?art=29300&start=25 HTTP/1.1" 200 45038 "https://uml.uz/ru?gid=2472477&mode=grp&sort=n" "Mozilla/5.0 (Linux; Android 7.0;) AppleWebKit/537.36 (HTML, like Gecko) Mobile Safari/537.36 (compatible; PetalBot;+https://webmaster.petalsearch.com/site/petalbot)"
57.141.20.45 - - [25/Aug/2026:19:49:36 +0500] "GET /uz/?cbid=1904499&csid=0&mode=cate&start=15 HTTP/1.1" 200 45624 "-" "Mozilla/5.0 (Macintosh; Intel Mac OS X 10_15_7) AppleWebKit/537.36 (KHTML, like Gecko) Chrome/145.0.0.0 Safari/537.36 (compatible; meta-externalagent/1.1 (+https://developers.facebook.com/docs/sharing/webmasters/crawler))"
185.191.171.6 - - [25/Aug/2026:19:50:07 +0500] "GET /ru/?gid=471772&start=20 HTTP/1.1" 200 50658 "-" "Mozilla/5.0 (compatible; SemrushBot/7~bl; +http://www.semrush.com/bot.html)"
114.119.150.252 - - [25/Aug/2026:19:50:32 +0500] "GET /ru/component/mailto?tmpl=component&template=uml&link=ed4eac92637771f818dcc62ff4564c16a4102d1a HTTP/1.1" 508 288 "https://www.uml.uz/ru/about-org-rus/structure-rus/2-uncategorised/458-the-number-one-article-on-buy-essay" "Mozilla/5.0 (Linux; Android 7.0;) AppleWebKit/537.36 (HTML, like Gecko) Mobile Safari/537.36 (compatible; PetalBot;+https://webmaster.petalsearch.com/site/petalbot)"
141.94.101.142 - - [25/Aug/2026:19:51:13 +0500] "GET /robots.txt HTTP/1.1" 301 - "-" "Mozilla/5.0 (compatible; MJ12bot/v1.4.8; http://mj12bot.com/)"
141.94.101.142 - - [25/Aug/2026:19:51:17 +0500] "GET /ru/robots.txt HTTP/1.1" 404 1892 "-" "Mozilla/5.0 (compatible; MJ12bot/v1.4.8; http://mj12bot.com/)"
157.55.39.204 - - [25/Aug/2026:19:51:17 +0500] "GET /uz/shareholders-uzb/reports-uzb/2-uncategorised/24-aktsiyadorlar-huquqlarini-himoya-qilish HTTP/1.1" 200 28502 "-" "Mozilla/5.0 AppleWebKit/537.36 (KHTML, like Gecko; compatible; bingbot/2.0; +http://www.bing.com/bingbot.htm) Chrome/116.0.1938.76 Safari/537.36"
141.94.101.142 - - [25/Aug/2026:19:51:23 +0500] "GET /ru/?bno=c809900061&start=25 HTTP/1.1" 508 288 "-" "Mozilla/5.0 (compatible; MJ12bot/v1.4.8; http://mj12bot.com/)"
85.208.96.204 - - [25/Aug/2026:19:51:24 +0500] "GET /ru/?p=4921&start=15 HTTP/1.1" 508 288 "-" "Mozilla/5.0 (compatible; SemrushBot/7~bl; +http://www.semrush.com/bot.html)"
141.94.101.142 - - [25/Aug/2026:19:51:24 +0500] "GET /ru/?cat1=cddvd&main_page=product_list HTTP/1.1" 508 288 "-" "Mozilla/5.0 (compatible; MJ12bot/v1.4.8; http://mj12bot.com/)"
141.94.101.142 - - [25/Aug/2026:19:51:26 +0500] "GET /ru/?cat1=cddvd&main_page=product_list&start=10 HTTP/1.1" 508 288 "-" "Mozilla/5.0 (compatible; MJ12bot/v1.4.8; http://mj12bot.com/)"
141.94.101.142 - - [25/Aug/2026:19:51:27 +0500] "GET /ru/?cat1=cddvd&main_page=product_list&start=25 HTTP/1.1" 508 288 "-" "Mozilla/5.0 (compatible; MJ12bot/v1.4.8; http://mj12bot.com/)"
141.94.101.142 - - [25/Aug/2026:19:51:29 +0500] "GET /ru/?cat=33&start=20 HTTP/1.1" 200 50658 "-" "Mozilla/5.0 (compatible; MJ12bot/v1.4.8; http://mj12bot.com/)"
141.94.101.142 - - [25/Aug/2026:19:51:35 +0500] "GET /ru/?cat=34&start=25 HTTP/1.1" 200 45038 "-" "Mozilla/5.0 (compatible; MJ12bot/v1.4.8; http://mj12bot.com/)"
141.94.101.142 - - [25/Aug/2026:19:51:40 +0500] "GET /ru/?cbid=1574488&csid=1&mode=cate&start=25 HTTP/1.1" 200 45038 "-" "Mozilla/5.0 (compatible; MJ12bot/v1.4.8; http://mj12bot.com/)"
141.94.101.142 - - [25/Aug/2026:19:51:45 +0500] "GET /ru/?cbid=1756024 HTTP/1.1" 200 49295 "-" "Mozilla/5.0 (compatible; MJ12bot/v1.4.8; http://mj12bot.com/)"
141.94.101.142 - - [25/Aug/2026:19:51:51 +0500] "GET /ru/?cbid=1898469&csid=0&mode=cate&start=10 HTTP/1.1" 200 52956 "-" "Mozilla/5.0 (compatible; MJ12bot/v1.4.8; http://mj12bot.com/)"
114.119.148.1 - - [25/Aug/2026:19:51:54 +0500] "GET /ru/component/mailto?tmpl=component&template=uml&link=a44cfe565ef6adbe179bc4648cca5f66fbef9dc6 HTTP/1.1" 200 4529 "https://www.uml.uz/ru/2-uncategorised/389-31005636" "Mozilla/5.0 (Linux; Android 7.0;) AppleWebKit/537.36 (HTML, like Gecko) Mobile Safari/537.36 (compatible; PetalBot;+https://webmaster.petalsearch.com/site/petalbot)"
57.141.10.55 - - [25/Aug/2026:19:51:56 +0500] "GET / HTTP/1.1" 301 - "-" "facebookexternalhit/1.1 (+http://www.facebook.com/externalhit_uatext.php)"
141.94.101.142 - - [25/Aug/2026:19:51:55 +0500] "GET /ru/?cbid=2043179&csid=0&mode=cate&start=15 HTTP/1.1" 200 48568 "-" "Mozilla/5.0 (compatible; MJ12bot/v1.4.8; http://mj12bot.com/)"
141.94.101.142 - - [25/Aug/2026:19:52:01 +0500] "GET /ru/?cbid=2058622&csid=0&mode=cate HTTP/1.1" 200 49295 "-" "Mozilla/5.0 (compatible; MJ12bot/v1.4.8; http://mj12bot.com/)"
47.128.22.133 - - [25/Aug/2026:19:52:09 +0500] "GET /robots.txt HTTP/1.1" 508 288 "-" "Mozilla/5.0 (iPhone; CPU iPhone OS 7_1_2 like Mac OS X) AppleWebKit/537.36 (KHTML, like Gecko) Version/7.0 Mobile Safari/537.36 (compatible; Bytespider; https://bytedance.sg.larkoffice.com/docx/K5bxdypulop3IIxrJb0lOjLVgFe)"
141.94.101.142 - - [25/Aug/2026:19:52:07 +0500] "GET /ru/?cbid=2058622&csid=0&mode=cate&start=20 HTTP/1.1" 200 50658 "-" "Mozilla/5.0 (compatible; MJ12bot/v1.4.8; http://mj12bot.com/)"
144.124.192.219 - - [25/Aug/2026:19:52:26 +0500] "GET /robots.txt HTTP/1.1" 301 - "-" "Mozilla/5.0 (Windows NT 10.0; Win64; x64) AppleWebKit/537.36 (KHTML, like Gecko) Chrome/151.0.0.0 Safari/537.36"
141.94.101.142 - - [25/Aug/2026:19:52:25 +0500] "GET /ru/?cbid=2058622&csid=0&mode=cate&start=5 HTTP/1.1" 200 50979 "-" "Mozilla/5.0 (compatible; MJ12bot/v1.4.8; http://mj12bot.com/)"
141.94.101.142 - - [25/Aug/2026:19:52:31 +0500] "GET /ru/?cbid=2082897&csid=0&mode=cate&start=10 HTTP/1.1" 508 288 "-" "Mozilla/5.0 (compatible; MJ12bot/v1.4.8; http://mj12bot.com/)"
144.124.192.219 - - [25/Aug/2026:19:52:29 +0500] "GET /ru/robots.txt HTTP/1.1" 404 1892 "https://uml.uz.uzbekgidroenergoqurilish.uz/robots.txt" "Mozilla/5.0 (Windows NT 10.0; Win64; x64) AppleWebKit/537.36 (KHTML, like Gecko) Chrome/151.0.0.0 Safari/537.36"
141.94.101.142 - - [25/Aug/2026:19:52:44 +0500] "GET /ru/?character=P_LUCARIO&main_page=product_list HTTP/1.1" 200 49295 "-" "Mozilla/5.0 (compatible; MJ12bot/v1.4.8; http://mj12bot.com/)"
141.94.101.142 - - [25/Aug/2026:19:52:51 +0500] "GET /ru/?gid=1752928&mode=grp&sort=n&start=20 HTTP/1.1" 508 288 "-" "Mozilla/5.0 (compatible; MJ12bot/v1.4.8; http://mj12bot.com/)"
141.94.101.142 - - [25/Aug/2026:19:52:59 +0500] "GET /ru/?gid=2472470&mode=grp HTTP/1.1" 200 49295 "-" "Mozilla/5.0 (compatible; MJ12bot/v1.4.8; http://mj12bot.com/)"
34.123.149.87 - - [25/Aug/2026:19:53:01 +0500] "GET /uz/?mode=f2&start=10 HTTP/1.1" 200 47275 "-" "Mozilla/5.0 (Macintosh; Intel Mac OS X 10_15_7) AppleWebKit/537.36 (KHTML, like Gecko) Chrome/120.0.0.0 Safari/537.36"
141.94.101.142 - - [25/Aug/2026:19:53:05 +0500] "GET /ru/?gid=2472470&mode=grp&start=10 HTTP/1.1" 200 52956 "-" "Mozilla/5.0 (compatible; MJ12bot/v1.4.8; http://mj12bot.com/)"
141.94.101.142 - - [25/Aug/2026:19:53:11 +0500] "GET /ru/?gid=2472470&mode=grp&start=15 HTTP/1.1" 200 48568 "-" "Mozilla/5.0 (compatible; MJ12bot/v1.4.8; http://mj12bot.com/)"
141.94.101.142 - - [25/Aug/2026:19:53:16 +0500] "GET /ru/?gid=397725&mode=grp&start=25 HTTP/1.1" 200 45038 "-" "Mozilla/5.0 (compatible; MJ12bot/v1.4.8; http://mj12bot.com/)"
114.119.139.19 - - [25/Aug/2026:19:53:18 +0500] "GET /ru/component/mailto?tmpl=component&template=uml&link=a34786d0bec934b92b74c9cf8529878d6f5e03e2 HTTP/1.1" 200 4529 "https://www.uml.uz/ru/officially-rus/tenders-rus/2-uncategorised?start=85" "Mozilla/5.0 (Linux; Android 7.0;) AppleWebKit/537.36 (HTML, like Gecko) Mobile Safari/537.36 (compatible; PetalBot;+https://webmaster.petalsearch.com/site/petalbot)"
34.56.53.225 - - [25/Aug/2026:19:53:28 +0500] "GET /ru/news-rus?start=5 HTTP/1.1" 200 46475 "-" "Mozilla/5.0 (Macintosh; Intel Mac OS X 10_15_7) AppleWebKit/537.36 (KHTML, like Gecko) Chrome/120.0.0.0 Safari/537.36"
141.94.101.142 - - [25/Aug/2026:19:53:41 +0500] "GET /ru/?gid=485758&mode=grp&sort=n&start=5 HTTP/1.1" 200 50979 "-" "Mozilla/5.0 (compatible; MJ12bot/v1.4.8; http://mj12bot.com/)"
141.94.101.142 - - [25/Aug/2026:19:53:46 +0500] "GET /ru/?gid=556269&mode=grp&sort=n HTTP/1.1" 508 288 "-" "Mozilla/5.0 (compatible; MJ12bot/v1.4.8; http://mj12bot.com/)"
141.94.101.142 - - [25/Aug/2026:19:53:48 +0500] "GET /ru/?gid=556269&mode=grp&sort=n&start=20 HTTP/1.1" 200 50658 "-" "Mozilla/5.0 (compatible; MJ12bot/v1.4.8; http://mj12bot.com/)"
141.94.101.142 - - [25/Aug/2026:19:54:21 +0500] "GET /ru/?gid=887761&mode=grp&sort=n&start=5 HTTP/1.1" 200 50979 "-" "Mozilla/5.0 (compatible; MJ12bot/v1.4.8; http://mj12bot.com/)"
141.94.101.142 - - [25/Aug/2026:19:54:24 +0500] "GET /ru/?gid=939027&mode=grp&sort=n&start=15 HTTP/1.1" 200 48568 "-" "Mozilla/5.0 (compatible; MJ12bot/v1.4.8; http://mj12bot.com/)"
141.94.101.142 - - [25/Aug/2026:19:54:27 +0500] "GET /ru/?gid=939027&mode=grp&sort=n&start=25 HTTP/1.1" 508 288 "-" "Mozilla/5.0 (compatible; MJ12bot/v1.4.8; http://mj12bot.com/)"
141.94.101.142 - - [25/Aug/2026:19:54:28 +0500] "GET /ru/?gid=954405&mode=grp&start=10 HTTP/1.1" 508 288 "-" "Mozilla/5.0 (compatible; MJ12bot/v1.4.8; http://mj12bot.com/)"
141.94.101.142 - - [25/Aug/2026:19:54:30 +0500] "GET /ru/?mode=cate HTTP/1.1" 200 49295 "-" "Mozilla/5.0 (compatible; MJ12bot/v1.4.8; http://mj12bot.com/)"
141.94.101.142 - - [25/Aug/2026:19:54:35 +0500] "GET /ru/?mode=cate&cbid=2169601&csid=0 HTTP/1.1" 200 49295 "-" "Mozilla/5.0 (compatible; MJ12bot/v1.4.8; http://mj12bot.com/)"
141.94.101.142 - - [25/Aug/2026:19:54:40 +0500] "GET /ru/?mode=cate&cbid=2169601&csid=0&start=10 HTTP/1.1" 200 52956 "-" "Mozilla/5.0 (compatible; MJ12bot/v1.4.8; http://mj12bot.com/)"
141.94.101.142 - - [25/Aug/2026:19:54:46 +0500] "GET /ru/?mode=cate&cbid=2169601&csid=0&start=20 HTTP/1.1" 508 288 "-" "Mozilla/5.0 (compatible; MJ12bot/v1.4.8; http://mj12bot.com/)"
141.94.101.142 - - [25/Aug/2026:19:54:47 +0500] "GET /ru/?mode=cate&cbid=2169601&csid=0&start=25 HTTP/1.1" 508 288 "-" "Mozilla/5.0 (compatible; MJ12bot/v1.4.8; http://mj12bot.com/)"
114.119.157.157 - - [25/Aug/2026:19:54:44 +0500] "GET /ru/component/mailto?tmpl=component&template=uml&link=cfa246e6b9c1a33af31f9fc97e42e9a70fc44e6e HTTP/1.1" 200 4525 "https://uml.uz/ru/officially-rus/tenders-rus/2-uncategorised?start=95" "Mozilla/5.0 (Linux; Android 7.0;) AppleWebKit/537.36 (HTML, like Gecko) Mobile Safari/537.36 (compatible; PetalBot;+https://webmaster.petalsearch.com/site/petalbot)"
141.94.101.142 - - [25/Aug/2026:19:54:49 +0500] "GET /robots.txt HTTP/1.1" 508 288 "-" "Mozilla/5.0 (compatible; MJ12bot/v1.4.8; http://mj12bot.com/)"
141.94.101.142 - - [25/Aug/2026:19:54:49 +0500] "GET /ru/?mode=cate&cbid=2169601&csid=0&start=5 HTTP/1.1" 200 50979 "-" "Mozilla/5.0 (compatible; MJ12bot/v1.4.8; http://mj12bot.com/)"
141.94.101.142 - - [25/Aug/2026:19:54:55 +0500] "GET /ru/?mode=cate&cbid=2395544&csid=0&start=15 HTTP/1.1" 508 288 "-" "Mozilla/5.0 (compatible; MJ12bot/v1.4.8; http://mj12bot.com/)"
141.94.101.142 - - [25/Aug/2026:19:54:57 +0500] "GET /ru/?mode=cate&cbid=2395544&csid=0&start=25 HTTP/1.1" 508 288 "-" "Mozilla/5.0 (compatible; MJ12bot/v1.4.8; http://mj12bot.com/)"
141.94.101.142 - - [25/Aug/2026:19:54:59 +0500] "GET /ru/?mode=cate&cbid=2395544&csid=0&start=5 HTTP/1.1" 508 288 "-" "Mozilla/5.0 (compatible; MJ12bot/v1.4.8; http://mj12bot.com/)"
34.56.53.225 - - [25/Aug/2026:19:54:59 +0500] "GET /ru/component/mailto/?link=81ca905eedbb7fb2a458d5c4fff36583c416cc1c&template=uml&tmpl=component HTTP/1.1" 508 288 "-" "Mozilla/5.0 (Macintosh; Intel Mac OS X 10_15_7) AppleWebKit/537.36 (KHTML, like Gecko) Chrome/120.0.0.0 Safari/537.36"
141.94.101.142 - - [25/Aug/2026:19:55:00 +0500] "GET /ru/?mode=cate&start=10 HTTP/1.1" 508 288 "-" "Mozilla/5.0 (compatible; MJ12bot/v1.4.8; http://mj12bot.com/)"
141.94.101.142 - - [25/Aug/2026:19:55:02 +0500] "GET /ru/?mode=cate&start=15 HTTP/1.1" 200 48568 "-" "Mozilla/5.0 (compatible; MJ12bot/v1.4.8; http://mj12bot.com/)"
57.141.22.109 - - [25/Aug/2026:19:55:07 +0500] "GET / HTTP/1.1" 508 288 "-" "facebookexternalhit/1.1 (+http://www.facebook.com/externalhit_uatext.php)"
85.208.96.199 - - [25/Aug/2026:19:55:10 +0500] "GET /ru/?cbid=1425873&csid=0AND%202321%3DCAST%28%27~%27%20%28SELECT%20%28CASE%07WHEN%20%282321%3D2321%29%20THEN%0F%271%27%06ELSE%0F%270%27%0EEND%29%29%20%27~%27%0FAS%20INT%29&start=25 HTTP/1.1" 508 288 "-" "Mozilla/5.0 (compatible; SemrushBot/7~bl; +http://www.semrush.com/bot.html)"
141.94.101.142 - - [25/Aug/2026:19:55:06 +0500] "GET /ru/?mode=cate&start=20 HTTP/1.1" 200 50658 "-" "Mozilla/5.0 (compatible; MJ12bot/v1.4.8; http://mj12bot.com/)"
141.94.101.142 - - [25/Aug/2026:19:55:13 +0500] "GET /ru/?mode=cate&start=5 HTTP/1.1" 200 50979 "-" "Mozilla/5.0 (compatible; MJ12bot/v1.4.8; http://mj12bot.com/)"
141.94.101.142 - - [25/Aug/2026:19:55:18 +0500] "GET /ru/?p=12329&start=10 HTTP/1.1" 200 52956 "-" "Mozilla/5.0 (compatible; MJ12bot/v1.4.8; http://mj12bot.com/)"
85.208.96.202 - - [25/Aug/2026:19:55:19 +0500] "GET /ru/?mode=f4&start=20 HTTP/1.1" 200 50658 "-" "Mozilla/5.0 (compatible; SemrushBot/7~bl; +http://www.semrush.com/bot.html)"
141.94.101.142 - - [25/Aug/2026:19:55:23 +0500] "GET /ru/?p=12329&start=15 HTTP/1.1" 200 48568 "-" "Mozilla/5.0 (compatible; MJ12bot/v1.4.8; http://mj12bot.com/)"
34.42.229.145 - - [25/Aug/2026:19:55:27 +0500] "GET /images/content/2019-dop/balans-1-2-2016.pdf HTTP/1.1" 301 - "-" "Mozilla/5.0 (Macintosh; Intel Mac OS X 10_15_7) AppleWebKit/537.36 (KHTML, like Gecko) Chrome/120.0.0.0 Safari/537.36"
141.94.101.142 - - [25/Aug/2026:19:55:29 +0500] "GET /ru/?p=12329&start=20 HTTP/1.1" 200 50658 "-" "Mozilla/5.0 (compatible; MJ12bot/v1.4.8; http://mj12bot.com/)"
141.94.101.142 - - [25/Aug/2026:19:55:32 +0500] "GET /robots.txt HTTP/1.1" 301 - "-" "Mozilla/5.0 (compatible; MJ12bot/v1.4.8; http://mj12bot.com/)"
141.94.101.142 - - [25/Aug/2026:19:55:35 +0500] "GET /ru/?p=12329&start=25 HTTP/1.1" 200 45038 "-" "Mozilla/5.0 (compatible; MJ12bot/v1.4.8; http://mj12bot.com/)"
141.94.101.142 - - [25/Aug/2026:19:55:36 +0500] "GET /ru/robots.txt HTTP/1.1" 404 1892 "-" "Mozilla/5.0 (compatible; MJ12bot/v1.4.8; http://mj12bot.com/)"
141.94.101.142 - - [25/Aug/2026:19:55:39 +0500] "GET /ru/?p=12329&start=5 HTTP/1.1" 508 288 "-" "Mozilla/5.0 (compatible; MJ12bot/v1.4.8; http://mj12bot.com/)"
141.94.101.142 - - [25/Aug/2026:19:55:41 +0500] "GET /ru/?p=3775&start=10 HTTP/1.1" 508 288 "-" "Mozilla/5.0 (compatible; MJ12bot/v1.4.8; http://mj12bot.com/)"
141.94.101.142 - - [25/Aug/2026:19:55:41 +0500] "GET /ru/?cbid=1398843&csid=0&mode=cate HTTP/1.1" 200 49311 "-" "Mozilla/5.0 (compatible; MJ12bot/v1.4.8; http://mj12bot.com/)"
141.94.101.142 - - [25/Aug/2026:19:55:43 +0500] "GET /ru/?p=3775&start=15 HTTP/1.1" 200 48568 "-" "Mozilla/5.0 (compatible; MJ12bot/v1.4.8; http://mj12bot.com/)"
141.94.101.142 - - [25/Aug/2026:19:55:49 +0500] "GET /ru/?cbid=1758675&csid=0&mode=cate HTTP/1.1" 200 49311 "-" "Mozilla/5.0 (compatible; MJ12bot/v1.4.8; http://mj12bot.com/)"
141.94.101.142 - - [25/Aug/2026:19:55:49 +0500] "GET /ru/?p=3775&start=20 HTTP/1.1" 200 50658 "-" "Mozilla/5.0 (compatible; MJ12bot/v1.4.8; http://mj12bot.com/)"
141.94.101.142 - - [25/Aug/2026:19:55:54 +0500] "GET /ru/?cbid=1758675&csid=0&mode=cate&start=15 HTTP/1.1" 200 48584 "-" "Mozilla/5.0 (compatible; MJ12bot/v1.4.8; http://mj12bot.com/)"
141.94.101.142 - - [25/Aug/2026:19:55:54 +0500] "GET /ru/?p=3775&start=5 HTTP/1.1" 200 50979 "-" "Mozilla/5.0 (compatible; MJ12bot/v1.4.8; http://mj12bot.com/)"
141.94.101.142 - - [25/Aug/2026:19:56:00 +0500] "GET /ru/?p=4106 HTTP/1.1" 200 49295 "-" "Mozilla/5.0 (compatible; MJ12bot/v1.4.8; http://mj12bot.com/)"
141.94.101.142 - - [25/Aug/2026:19:56:00 +0500] "GET /ru/?cbid=1758675&csid=0&mode=cate&start=20 HTTP/1.1" 200 50674 "-" "Mozilla/5.0 (compatible; MJ12bot/v1.4.8; http://mj12bot.com/)"
185.191.171.1 - - [25/Aug/2026:19:56:00 +0500] "GET /ru/?gid=284822&mode=grp&start=25 HTTP/1.1" 200 45058 "-" "Mozilla/5.0 (compatible; SemrushBot/7~bl; +http://www.semrush.com/bot.html)"
141.94.101.142 - - [25/Aug/2026:19:56:05 +0500] "GET /ru/?p=4106&start=15 HTTP/1.1" 200 48568 "-" "Mozilla/5.0 (compatible; MJ12bot/v1.4.8; http://mj12bot.com/)"
141.94.101.142 - - [25/Aug/2026:19:56:05 +0500] "GET /ru/?cbid=1758675&csid=0&mode=cate&start=5 HTTP/1.1" 200 50995 "-" "Mozilla/5.0 (compatible; MJ12bot/v1.4.8; http://mj12bot.com/)"
114.119.150.252 - - [25/Aug/2026:19:56:05 +0500] "GET /ru/?gid=393358&mode=grp&start=5 HTTP/1.1" 200 50995 "https://www.uml.uz/ru/?p=996&start=15" "Mozilla/5.0 (Linux; Android 7.0;) AppleWebKit/537.36 (HTML, like Gecko) Mobile Safari/537.36 (compatible; PetalBot;+https://webmaster.petalsearch.com/site/petalbot)"
141.94.101.142 - - [25/Aug/2026:19:56:10 +0500] "GET /ru/?p=4106&start=20 HTTP/1.1" 200 50658 "-" "Mozilla/5.0 (compatible; MJ12bot/v1.4.8; http://mj12bot.com/)"
141.94.101.142 - - [25/Aug/2026:19:56:11 +0500] "GET /ru/?cbid=1898469&csid=0&mode=cate&start=5 HTTP/1.1" 200 50995 "-" "Mozilla/5.0 (compatible; MJ12bot/v1.4.8; http://mj12bot.com/)"
141.94.101.142 - - [25/Aug/2026:19:56:15 +0500] "GET /ru/?cbid=2058622&csid=0&mode=cate&start=10 HTTP/1.1" 200 52972 "-" "Mozilla/5.0 (compatible; MJ12bot/v1.4.8; http://mj12bot.com/)"
141.94.101.142 - - [25/Aug/2026:19:56:15 +0500] "GET /ru/?p=4106&start=25 HTTP/1.1" 200 45038 "-" "Mozilla/5.0 (compatible; MJ12bot/v1.4.8; http://mj12bot.com/)"
141.94.101.142 - - [25/Aug/2026:19:56:21 +0500] "GET /ru/?p=4106&start=5 HTTP/1.1" 508 288 "-" "Mozilla/5.0 (compatible; MJ12bot/v1.4.8; http://mj12bot.com/)"
141.94.101.142 - - [25/Aug/2026:19:56:21 +0500] "GET /ru/?cbid=2058622&csid=0&mode=cate&start=20 HTTP/1.1" 200 50674 "-" "Mozilla/5.0 (compatible; MJ12bot/v1.4.8; http://mj12bot.com/)"
141.94.101.142 - - [25/Aug/2026:19:56:27 +0500] "GET /ru/?cbid=2058622&csid=0&mode=cate&start=25 HTTP/1.1" 200 45054 "-" "Mozilla/5.0 (compatible; MJ12bot/v1.4.8; http://mj12bot.com/)"
141.94.101.142 - - [25/Aug/2026:19:56:34 +0500] "GET /ru/?cbid=2091061&csid=0&mode=cate HTTP/1.1" 508 288 "-" "Mozilla/5.0 (compatible; MJ12bot/v1.4.8; http://mj12bot.com/)"
57.141.20.1 - - [25/Aug/2026:19:56:30 +0500] "GET /ru/?p=29054&format=feed&type=rss HTTP/1.1" 200 11172 "-" "Mozilla/5.0 (Windows NT 10.0; Win64; x64) AppleWebKit/537.36 (KHTML, like Gecko) Chrome/145.0.0.0 Safari/537.36 (compatible; meta-externalagent/1.1 (+https://developers.facebook.com/docs/sharing/webmasters/crawler))"
141.94.101.142 - - [25/Aug/2026:19:56:35 +0500] "GET /ru/?cbid=2091061&csid=0&mode=cate&start=15 HTTP/1.1" 508 288 "-" "Mozilla/5.0 (compatible; MJ12bot/v1.4.8; http://mj12bot.com/)"
141.94.101.142 - - [25/Aug/2026:19:56:37 +0500] "GET /ru/?cbid=2091061&csid=0&mode=cate&start=20 HTTP/1.1" 200 50674 "-" "Mozilla/5.0 (compatible; MJ12bot/v1.4.8; http://mj12bot.com/)"
141.94.101.142 - - [25/Aug/2026:19:56:43 +0500] "GET /ru/?cbid=2091061&csid=0&mode=cate&start=5 HTTP/1.1" 200 50995 "-" "Mozilla/5.0 (compatible; MJ12bot/v1.4.8; http://mj12bot.com/)"
141.94.101.142 - - [25/Aug/2026:19:56:44 +0500] "GET /ru/?p=4476&start=5 HTTP/1.1" 200 50979 "-" "Mozilla/5.0 (compatible; MJ12bot/v1.4.8; http://mj12bot.com/)"
34.10.180.98 - - [25/Aug/2026:19:56:48 +0500] "GET /ru/component/mailto/?link=47c26a871925e1e6c17574c9c67261233f06004a&template=uml&tmpl=component HTTP/1.1" 508 288 "-" "Mozilla/5.0 (Macintosh; Intel Mac OS X 10_15_7) AppleWebKit/537.36 (KHTML, like Gecko) Chrome/120.0.0.0 Safari/537.36"
141.94.101.142 - - [25/Aug/2026:19:56:49 +0500] "GET /ru/?p=4881&start=10 HTTP/1.1" 200 52956 "-" "Mozilla/5.0 (compatible; MJ12bot/v1.4.8; http://mj12bot.com/)"
141.94.101.142 - - [25/Aug/2026:19:56:50 +0500] "GET /ru/?eid=2546&start=15 HTTP/1.1" 200 48584 "-" "Mozilla/5.0 (compatible; MJ12bot/v1.4.8; http://mj12bot.com/)"
141.94.101.142 - - [25/Aug/2026:19:56:56 +0500] "GET /ru/?eid=2546&start=20 HTTP/1.1" 508 288 "-" "Mozilla/5.0 (compatible; MJ12bot/v1.4.8; http://mj12bot.com/)"
141.94.101.142 - - [25/Aug/2026:19:56:54 +0500] "GET /ru/?p=4881&start=25 HTTP/1.1" 200 45038 "-" "Mozilla/5.0 (compatible; MJ12bot/v1.4.8; http://mj12bot.com/)"
141.94.101.142 - - [25/Aug/2026:19:56:59 +0500] "GET /ru/?p=49 HTTP/1.1" 508 288 "-" "Mozilla/5.0 (compatible; MJ12bot/v1.4.8; http://mj12bot.com/)"
141.94.101.142 - - [25/Aug/2026:19:56:58 +0500] "GET /ru/?eid=2546&start=25 HTTP/1.1" 200 45054 "-" "Mozilla/5.0 (compatible; MJ12bot/v1.4.8; http://mj12bot.com/)"
141.94.101.142 - - [25/Aug/2026:19:57:00 +0500] "GET /ru/?p=49&start=10 HTTP/1.1" 200 52956 "-" "Mozilla/5.0 (compatible; MJ12bot/v1.4.8; http://mj12bot.com/)"
141.94.101.142 - - [25/Aug/2026:19:57:05 +0500] "GET /ru/?p=49&start=15 HTTP/1.1" 508 288 "-" "Mozilla/5.0 (compatible; MJ12bot/v1.4.8; http://mj12bot.com/)"
141.94.101.142 - - [25/Aug/2026:19:57:04 +0500] "GET /ru/?f=1&uid=a016F00001RgKYmQAN'&start=5 HTTP/1.1" 200 50995 "-" "Mozilla/5.0 (compatible; MJ12bot/v1.4.8; http://mj12bot.com/)"
141.94.101.142 - - [25/Aug/2026:19:57:06 +0500] "GET /ru/?p=49&start=20 HTTP/1.1" 200 50658 "-" "Mozilla/5.0 (compatible; MJ12bot/v1.4.8; http://mj12bot.com/)"
141.94.101.142 - - [25/Aug/2026:19:57:11 +0500] "GET /ru/?p=4932&start=20 HTTP/1.1" 200 50658 "-" "Mozilla/5.0 (compatible; MJ12bot/v1.4.8; http://mj12bot.com/)"
141.94.101.142 - - [25/Aug/2026:19:57:11 +0500] "GET /ru/?gid=2472488&mode=grp&sort=n&start=10 HTTP/1.1" 200 52972 "-" "Mozilla/5.0 (compatible; MJ12bot/v1.4.8; http://mj12bot.com/)"
141.94.101.142 - - [25/Aug/2026:19:57:17 +0500] "GET /ru/?gid=2472488&mode=grp&sort=n&start=15 HTTP/1.1" 508 288 "-" "Mozilla/5.0 (compatible; MJ12bot/v1.4.8; http://mj12bot.com/)"
141.94.101.142 - - [25/Aug/2026:19:57:16 +0500] "GET /ru/?p=8&start=5 HTTP/1.1" 200 50979 "-" "Mozilla/5.0 (compatible; MJ12bot/v1.4.8; http://mj12bot.com/)"
141.94.101.142 - - [25/Aug/2026:19:57:18 +0500] "GET /ru/?gid=2472488&mode=grp&sort=n&start=25 HTTP/1.1" 200 45188 "-" "Mozilla/5.0 (compatible; MJ12bot/v1.4.8; http://mj12bot.com/)"
57.141.20.16 - - [25/Aug/2026:19:57:24 +0500] "GET /ru/?gid=2472498&mode=grp&sort=n&start=5 HTTP/1.1" 200 50999 "-" "Mozilla/5.0 (Windows NT 10.0; Win64; x64) AppleWebKit/537.36 (KHTML, like Gecko) Chrome/145.0.0.0 Safari/537.36 (compatible; meta-externalagent/1.1 (+https://developers.facebook.com/docs/sharing/webmasters/crawler))"
141.94.101.142 - - [25/Aug/2026:19:57:24 +0500] "GET /ru/?gid=2472488&mode=grp&sort=n&start=5 HTTP/1.1" 200 50995 "-" "Mozilla/5.0 (compatible; MJ12bot/v1.4.8; http://mj12bot.com/)"
114.119.136.51 - - [25/Aug/2026:19:57:29 +0500] "GET /ru/2-uncategorised/411-46138754 HTTP/1.1" 508 288 "https://uml.uz/ru/2-uncategorised/411-46138754" "Mozilla/5.0 (Linux; Android 7.0;) AppleWebKit/537.36 (HTML, like Gecko) Mobile Safari/537.36 (compatible; PetalBot;+https://webmaster.petalsearch.com/site/petalbot)"
207.46.13.54 - - [25/Aug/2026:19:57:28 +0500] "GET /ru/?gid=2472496&start=25 HTTP/1.1" 200 45284 "-" "Mozilla/5.0 AppleWebKit/537.36 (KHTML, like Gecko; compatible; bingbot/2.0; +http://www.bing.com/bingbot.htm) Chrome/116.0.1938.76 Safari/537.36"
141.94.101.142 - - [25/Aug/2026:19:57:33 +0500] "GET /robots.txt HTTP/1.1" 301 - "-" "Mozilla/5.0 (compatible; MJ12bot/v1.4.8; http://mj12bot.com/)"
141.94.101.142 - - [25/Aug/2026:19:57:33 +0500] "GET /ru/?gid=284830&mode=grp HTTP/1.1" 200 49311 "-" "Mozilla/5.0 (compatible; MJ12bot/v1.4.8; http://mj12bot.com/)"
141.94.101.142 - - [25/Aug/2026:19:57:36 +0500] "GET /ru/robots.txt HTTP/1.1" 404 1892 "-" "Mozilla/5.0 (compatible; MJ12bot/v1.4.8; http://mj12bot.com/)"
57.141.20.20 - - [25/Aug/2026:19:57:38 +0500] "GET /ru/?p=29054&start=20 HTTP/1.1" 200 50678 "-" "Mozilla/5.0 (Windows NT 10.0; Win64; x64) AppleWebKit/537.36 (KHTML, like Gecko) Chrome/145.0.0.0 Safari/537.36 (compatible; meta-externalagent/1.1 (+https://developers.facebook.com/docs/sharing/webmasters/crawler))"
141.94.101.142 - - [25/Aug/2026:19:57:38 +0500] "GET /ru/?gid=284830&mode=grp&start=10 HTTP/1.1" 200 52972 "-" "Mozilla/5.0 (compatible; MJ12bot/v1.4.8; http://mj12bot.com/)"
57.141.20.52 - - [25/Aug/2026:19:57:43 +0500] "GET /media/system/js/core.js?2ae9adac6d34fadc2db8af99c74f11ba HTTP/1.1" 200 8735 "https://mail.uml.uz/ru/?p=29054&start=20" "Mozilla/5.0 (Windows NT 10.0; Win64; x64) AppleWebKit/537.36 (KHTML, like Gecko) Chrome/145.0.0.0 Safari/537.36 (compatible; meta-externalagent/1.1 (+https://developers.facebook.com/docs/sharing/webmasters/crawler))"
57.141.20.4 - - [25/Aug/2026:19:57:44 +0500] "GET /templates/uml/images/blockbullets.png HTTP/1.1" 200 109 "https://mail.uml.uz/templates/uml/css/template.css" "Mozilla/5.0 (Windows NT 10.0; Win64; x64) AppleWebKit/537.36 (KHTML, like Gecko) Chrome/145.0.0.0 Safari/537.36 (compatible; meta-externalagent/1.1 (+https://developers.facebook.com/docs/sharing/webmasters/crawler))"
141.94.101.142 - - [25/Aug/2026:19:57:41 +0500] "GET /ru/?cbid=1398843&csid=0&mode=cate HTTP/1.1" 200 49311 "-" "Mozilla/5.0 (compatible; MJ12bot/v1.4.8; http://mj12bot.com/)"
141.94.101.142 - - [25/Aug/2026:19:57:44 +0500] "GET /ru/?gid=284830&mode=grp&start=20 HTTP/1.1" 200 50674 "-" "Mozilla/5.0 (compatible; MJ12bot/v1.4.8; http://mj12bot.com/)"
141.94.101.142 - - [25/Aug/2026:19:57:47 +0500] "GET /ru/?cbid=1758675&csid=0&mode=cate HTTP/1.1" 200 49311 "-" "Mozilla/5.0 (compatible; MJ12bot/v1.4.8; http://mj12bot.com/)"
141.94.101.142 - - [25/Aug/2026:19:57:48 +0500] "GET /ru/?gid=284830&mode=grp&start=5 HTTP/1.1" 200 50995 "-" "Mozilla/5.0 (compatible; MJ12bot/v1.4.8; http://mj12bot.com/)"
141.94.101.142 - - [25/Aug/2026:19:57:52 +0500] "GET /ru/?gid=485758&mode=grp&start=25 HTTP/1.1" 508 288 "-" "Mozilla/5.0 (compatible; MJ12bot/v1.4.8; http://mj12bot.com/)"
34.123.149.87 - - [25/Aug/2026:19:57:49 +0500] "GET /ru/officially-rus/tenders-rus/1162-tender-audit-2020?layout=default&print=1&tmpl=component HTTP/1.1" 200 5831 "-" "Mozilla/5.0 (Macintosh; Intel Mac OS X 10_15_7) AppleWebKit/537.36 (KHTML, like Gecko) Chrome/120.0.0.0 Safari/537.36"
141.94.101.142 - - [25/Aug/2026:19:57:50 +0500] "GET /ru/?cbid=1758675&csid=0&mode=cate&start=15 HTTP/1.1" 200 48584 "-" "Mozilla/5.0 (compatible; MJ12bot/v1.4.8; http://mj12bot.com/)"
141.94.101.142 - - [25/Aug/2026:19:57:54 +0500] "GET /ru/?gid=887809&mode=grp&sort=n HTTP/1.1" 200 49311 "-" "Mozilla/5.0 (compatible; MJ12bot/v1.4.8; http://mj12bot.com/)"
141.94.101.142 - - [25/Aug/2026:19:57:55 +0500] "GET /ru/?cbid=1758675&csid=0&mode=cate&start=20 HTTP/1.1" 200 50674 "-" "Mozilla/5.0 (compatible; MJ12bot/v1.4.8; http://mj12bot.com/)"
141.94.101.142 - - [25/Aug/2026:19:57:57 +0500] "GET /ru/?mode=cate&cbid=1398855&csid=0&start=25 HTTP/1.1" 200 45188 "-" "Mozilla/5.0 (compatible; MJ12bot/v1.4.8; http://mj12bot.com/)"
34.123.149.87 - - [25/Aug/2026:19:58:01 +0500] "GET /ru/shareholders-rus/audit-rus/2-uncategorised/20-faq-uzb?print=1&tmpl=component HTTP/1.1" 508 288 "-" "Mozilla/5.0 (Macintosh; Intel Mac OS X 10_15_7) AppleWebKit/537.36 (KHTML, like Gecko) Chrome/120.0.0.0 Safari/537.36"
141.94.101.142 - - [25/Aug/2026:19:57:59 +0500] "GET /ru/?cbid=1758675&csid=0&mode=cate&start=5 HTTP/1.1" 200 50995 "-" "Mozilla/5.0 (compatible; MJ12bot/v1.4.8; http://mj12bot.com/)"
141.94.101.142 - - [25/Aug/2026:19:58:02 +0500] "GET /ru/?mode=f10&start=5 HTTP/1.1" 200 50995 "-" "Mozilla/5.0 (compatible; MJ12bot/v1.4.8; http://mj12bot.com/)"
141.94.101.142 - - [25/Aug/2026:19:58:04 +0500] "GET /ru/?cbid=1898469&csid=0&mode=cate&start=5 HTTP/1.1" 200 50995 "-" "Mozilla/5.0 (compatible; MJ12bot/v1.4.8; http://mj12bot.com/)"
141.94.101.142 - - [25/Aug/2026:19:58:07 +0500] "GET /ru/?p=262&start=15 HTTP/1.1" 200 48584 "-" "Mozilla/5.0 (compatible; MJ12bot/v1.4.8; http://mj12bot.com/)"
141.94.101.142 - - [25/Aug/2026:19:58:09 +0500] "GET /ru/?cbid=2058622&csid=0&mode=cate&start=10 HTTP/1.1" 200 52972 "-" "Mozilla/5.0 (compatible; MJ12bot/v1.4.8; http://mj12bot.com/)"
141.94.101.142 - - [25/Aug/2026:19:58:12 +0500] "GET /ru/?p=4253&start=15 HTTP/1.1" 200 48584 "-" "Mozilla/5.0 (compatible; MJ12bot/v1.4.8; http://mj12bot.com/)"
141.94.101.142 - - [25/Aug/2026:19:58:12 +0500] "GET /ru/?cbid=2058622&csid=0&mode=cate&start=20 HTTP/1.1" 200 50634 "-" "Mozilla/5.0 (compatible; MJ12bot/v1.4.8; http://mj12bot.com/)"
141.94.101.142 - - [25/Aug/2026:19:58:19 +0500] "GET /ru/?cbid=2058622&csid=0&mode=cate&start=25 HTTP/1.1" 508 288 "-" "Mozilla/5.0 (compatible; MJ12bot/v1.4.8; http://mj12bot.com/)"
57.141.4.34 - - [25/Aug/2026:19:58:19 +0500] "GET / HTTP/1.1" 301 - "-" "facebookexternalhit/1.1 (+http://www.facebook.com/externalhit_uatext.php)"
141.94.101.142 - - [25/Aug/2026:19:58:18 +0500] "GET /ru/?p=43850 HTTP/1.1" 200 49311 "-" "Mozilla/5.0 (compatible; MJ12bot/v1.4.8; http://mj12bot.com/)"
141.94.101.142 - - [25/Aug/2026:19:58:20 +0500] "GET /ru/?cbid=2091061&csid=0&mode=cate HTTP/1.1" 200 49311 "-" "Mozilla/5.0 (compatible; MJ12bot/v1.4.8; http://mj12bot.com/)"
141.94.101.142 - - [25/Aug/2026:19:58:23 +0500] "GET /ru/?p=43850&start=10 HTTP/1.1" 200 52972 "-" "Mozilla/5.0 (compatible; MJ12bot/v1.4.8; http://mj12bot.com/)"
141.94.101.142 - - [25/Aug/2026:19:58:29 +0500] "GET /ru/?p=43850&start=15 HTTP/1.1" 508 288 "-" "Mozilla/5.0 (compatible; MJ12bot/v1.4.8; http://mj12bot.com/)"
141.94.101.142 - - [25/Aug/2026:19:58:30 +0500] "GET /ru/?p=43850&start=20 HTTP/1.1" 508 288 "-" "Mozilla/5.0 (compatible; MJ12bot/v1.4.8; http://mj12bot.com/)"
