35.209.28.230 - - [25/Aug/2026:18:58:26 +0500] "GET /ru/ HTTP/1.1" 200 49371 "-" "Buck/2.6.0; (+https://app.hypefactors.com/media-monitoring/about.html)"
35.209.28.230 - - [25/Aug/2026:18:58:34 +0500] "GET /robots.txt HTTP/1.1" 301 - "-" "Buck/2.6.0; (+https://app.hypefactors.com/media-monitoring/about.html)"
35.209.28.230 - - [25/Aug/2026:18:58:36 +0500] "GET /ru/robots.txt HTTP/1.1" 404 1892 "-" "Buck/2.6.0; (+https://app.hypefactors.com/media-monitoring/about.html)"
114.119.157.157 - - [25/Aug/2026:18:58:52 +0500] "GET /ru/component/mailto?tmpl=component&template=uml&link=59babe04a8f1759f1065012e7a006affe0fea7ef HTTP/1.1" 200 4529 "https://www.uml.uz/ru/officially-rus/vacancies-rus/2-uncategorised?start=25" "Mozilla/5.0 (Linux; Android 7.0;) AppleWebKit/537.36 (HTML, like Gecko) Mobile Safari/537.36 (compatible; PetalBot;+https://webmaster.petalsearch.com/site/petalbot)"
57.141.4.70 - - [25/Aug/2026:18:58:57 +0500] "GET / HTTP/1.1" 301 - "-" "facebookexternalhit/1.1 (+http://www.facebook.com/externalhit_uatext.php)"
35.209.28.230 - - [25/Aug/2026:18:59:11 +0500] "GET /ru/?format=feed&type=rss HTTP/1.1" 200 11005 "-" "Buck/2.6.0; (+https://app.hypefactors.com/media-monitoring/about.html)"
34.10.180.98 - - [25/Aug/2026:18:59:16 +0500] "GET /uz/component/mailto/?link=f142d7a04dc7767e3e94fbf2a1d896520bbd8b55&template=uml&tmpl=component HTTP/1.1" 200 4563 "-" "Mozilla/5.0 (Macintosh; Intel Mac OS X 10_15_7) AppleWebKit/537.36 (KHTML, like Gecko) Chrome/120.0.0.0 Safari/537.36"
35.254.159.230 - - [25/Aug/2026:18:59:31 +0500] "GET /ru/component/mailto/?link=f97b25a0177f87074a338abec947466f0b1c88db&template=uml&tmpl=component HTTP/1.1" 508 288 "-" "Mozilla/5.0 (Macintosh; Intel Mac OS X 10_15_7) AppleWebKit/537.36 (KHTML, like Gecko) Chrome/120.0.0.0 Safari/537.36"
35.209.28.230 - - [25/Aug/2026:18:59:39 +0500] "GET /ru/?format=feed&type=atom HTTP/1.1" 200 18413 "-" "Buck/2.6.0; (+https://app.hypefactors.com/media-monitoring/about.html)"
216.73.216.87 - - [25/Aug/2026:18:59:39 +0500] "GET /ru/?gid=2472479&mode=grp&start=15 HTTP/1.1" 200 48620 "-" "Mozilla/5.0 AppleWebKit/537.36 (KHTML, like Gecko; compatible; ClaudeBot/1.0; +claudebot@anthropic.com)"
216.73.216.87 - - [25/Aug/2026:18:59:39 +0500] "GET /ru/?owa_do=base.loginForm&start=20 HTTP/1.1" 200 52010 "-" "Mozilla/5.0 AppleWebKit/537.36 (KHTML, like Gecko; compatible; ClaudeBot/1.0; +claudebot@anthropic.com)"
216.73.216.87 - - [25/Aug/2026:18:59:44 +0500] "GET /ru/?owa_do=base.loginForm HTTP/1.1" 200 49160 "-" "Mozilla/5.0 AppleWebKit/537.36 (KHTML, like Gecko; compatible; ClaudeBot/1.0; +claudebot@anthropic.com)"
185.191.171.15 - - [25/Aug/2026:18:59:52 +0500] "GET /ru/?cbid=1398925%27%29EXTRACTVALUE%282375%2C%2F%2A%2150000CONCAT%2A%2F%280x7e%2C%28%2F%2A%2150000SELECT%2A%2F%28ELT%282375%3D2375%2C1%29%29%29%2C0x7e%29%29%20AND%20%271%27%3D%271&csid=0&start=15 HTTP/1.1" 200 48748 "-" "Mozilla/5.0 (compatible; SemrushBot/7~bl; +http://www.semrush.com/bot.html)"
216.73.216.87 - - [25/Aug/2026:19:00:03 +0500] "GET /ru/?owa_do=base.loginForm&start=10 HTTP/1.1" 200 49791 "-" "Mozilla/5.0 AppleWebKit/537.36 (KHTML, like Gecko; compatible; ClaudeBot/1.0; +claudebot@anthropic.com)"
57.141.20.31 - - [25/Aug/2026:19:00:07 +0500] "GET /ru/?category_name=new%27+(SELECT%20%27Gmv3l9b4%27%20WHERE%2010534=10534,(/*!50000SELECT*/2340/*!50000FROM*/(/*!50000SELECT*/JSON_KEYS((/*!50000SELECT*//*!50000CONVERT*/((/*!50000SELECT*//*!50000CONCAT*/(%27~%27,(/*!50000SELECT*/(ELT(2340=2340,1))),%27~%27))/**/USING/**/utf8))))x))+%27&start=20 HTTP/1.1" 508 288 "-" "Mozilla/5.0 (Windows NT 10.0; Win64; x64) AppleWebKit/537.36 (KHTML, like Gecko) Chrome/145.0.0.0 Safari/537.36 (compatible; meta-externalagent/1.1 (+https://developers.facebook.com/docs/sharing/webmasters/crawler))"
114.119.157.157 - - [25/Aug/2026:19:00:14 +0500] "GET /ru?s=U%3A HTTP/1.1" 508 288 "https://uml.uz/ru?s=U%3A" "Mozilla/5.0 (Linux; Android 7.0;) AppleWebKit/537.36 (HTML, like Gecko) Mobile Safari/537.36 (compatible; PetalBot;+https://webmaster.petalsearch.com/site/petalbot)"
35.209.28.230 - - [25/Aug/2026:19:00:20 +0500] "GET /ru/ HTTP/1.1" 200 49371 "-" "Buck/2.6.0; (+https://app.hypefactors.com/media-monitoring/about.html)"
34.56.53.225 - - [25/Aug/2026:19:00:36 +0500] "GET /ru/shareholders-rus/facts-rus/1192-sush-fakts-30-06-2022?print=1&tmpl=component HTTP/1.1" 200 4145 "-" "Mozilla/5.0 (Macintosh; Intel Mac OS X 10_15_7) AppleWebKit/537.36 (KHTML, like Gecko) Chrome/120.0.0.0 Safari/537.36"
185.191.171.7 - - [25/Aug/2026:19:00:37 +0500] "GET /ru/?cbid=1425873%22%29%29%29AND7858%3DCAST%28%27~%27%20%28SELECT%28CASEWHEN%20%287858%3D7858%29THEN%271%27ELSE%270%27%20END%29%29%20%27~%27ASINT%29%20AND%20%28%28%28%22xuNUj55D%22%3D%22xuNUj55D%22&csid=0&start=15 HTTP/1.1" 200 48636 "-" "Mozilla/5.0 (compatible; SemrushBot/7~bl; +http://www.semrush.com/bot.html)"
35.209.28.230 - - [25/Aug/2026:19:00:54 +0500] "GET /ru/news-rus HTTP/1.1" 200 47180 "-" "Buck/2.6.0; (+https://app.hypefactors.com/media-monitoring/about.html)"
57.141.20.37 - - [25/Aug/2026:19:00:57 +0500] "GET /ru/?cbid=1398925&csid=0%20AND%20AND/**/6684=ANY(ARRAY(SELECT/**/CAST(%27~%27||(SELECT/**/(CASE/**/WHEN/**/(6684=6684)/**/THEN/**/1/**/ELSE/**/0/**/END))::text||%27~%27/**/AS/**/INTEGER)))--%20-&start=5 HTTP/1.1" 200 52639 "-" "Mozilla/5.0 (X11; Linux x86_64) AppleWebKit/537.36 (KHTML, like Gecko) Chrome/145.0.0.0 Safari/537.36 (compatible; meta-externalagent/1.1 (+https://developers.facebook.com/docs/sharing/webmasters/crawler))"
216.73.216.87 - - [25/Aug/2026:19:00:59 +0500] "GET /ru/?format=feed&owa_do=base.loginForm&type=rss HTTP/1.1" 200 11031 "-" "Mozilla/5.0 AppleWebKit/537.36 (KHTML, like Gecko; compatible; ClaudeBot/1.0; +claudebot@anthropic.com)"
57.141.20.57 - - [25/Aug/2026:19:01:02 +0500] "GET /templates/uml/js/slider/jquery.slider.min.js HTTP/1.1" 200 23665 "https://mail.uml.uz/ru/?cbid=1398925&csid=0%20AND%20AND/**/6684=ANY(ARRAY(SELECT/**/CAST(%27~%27||(SELECT/**/(CASE/**/WHEN/**/(6684=6684)/**/THEN/**/1/**/ELSE/**/0/**/END))::text||%27~%27/**/AS/**/INTEGER)))--%20-&start=5" "Mozilla/5.0 (X11; Linux x86_64) AppleWebKit/537.36 (KHTML, like Gecko) Chrome/145.0.0.0 Safari/537.36 (compatible; meta-externalagent/1.1 (+https://developers.facebook.com/docs/sharing/webmasters/crawler))"
57.141.20.7 - - [25/Aug/2026:19:01:02 +0500] "GET /templates/uml/css/animate.css HTTP/1.1" 200 19951 "https://mail.uml.uz/ru/?cbid=1398925&csid=0%20AND%20AND/**/6684=ANY(ARRAY(SELECT/**/CAST(%27~%27||(SELECT/**/(CASE/**/WHEN/**/(6684=6684)/**/THEN/**/1/**/ELSE/**/0/**/END))::text||%27~%27/**/AS/**/INTEGER)))--%20-&start=5" "Mozilla/5.0 (X11; Linux x86_64) AppleWebKit/537.36 (KHTML, like Gecko) Chrome/145.0.0.0 Safari/537.36 (compatible; meta-externalagent/1.1 (+https://developers.facebook.com/docs/sharing/webmasters/crawler))"
216.73.216.87 - - [25/Aug/2026:19:01:10 +0500] "GET /ru/shareholders-rus/votes-rus/1173-voting-meeting-24-09-2021?layout=default&print=1&tmpl=component HTTP/1.1" 200 4109 "-" "Mozilla/5.0 AppleWebKit/537.36 (KHTML, like Gecko; compatible; ClaudeBot/1.0; +claudebot@anthropic.com)"
216.73.216.87 - - [25/Aug/2026:19:01:17 +0500] "GET /ru/?gid=2472479&mode=grp&start=5 HTTP/1.1" 508 288 "-" "Mozilla/5.0 AppleWebKit/537.36 (KHTML, like Gecko; compatible; ClaudeBot/1.0; +claudebot@anthropic.com)"
216.73.216.87 - - [25/Aug/2026:19:01:15 +0500] "GET /ru/?gid=2472479&mode=grp&start=20 HTTP/1.1" 200 52010 "-" "Mozilla/5.0 AppleWebKit/537.36 (KHTML, like Gecko; compatible; ClaudeBot/1.0; +claudebot@anthropic.com)"
34.123.149.87 - - [25/Aug/2026:19:01:20 +0500] "GET /ru/shareholders-rus/reports-rus/126-2-kv-2019-g HTTP/1.1" 200 29209 "-" "Mozilla/5.0 (Macintosh; Intel Mac OS X 10_15_7) AppleWebKit/537.36 (KHTML, like Gecko) Chrome/120.0.0.0 Safari/537.36"
216.73.216.87 - - [25/Aug/2026:19:01:27 +0500] "GET /ru/?format=feed&owa_do=base.loginForm&type=atom HTTP/1.1" 200 18439 "-" "Mozilla/5.0 AppleWebKit/537.36 (KHTML, like Gecko; compatible; ClaudeBot/1.0; +claudebot@anthropic.com)"
216.73.216.87 - - [25/Aug/2026:19:01:27 +0500] "GET /ru/?gid=381471&mode=grp&start=15 HTTP/1.1" 200 48620 "-" "Mozilla/5.0 AppleWebKit/537.36 (KHTML, like Gecko; compatible; ClaudeBot/1.0; +claudebot@anthropic.com)"
35.209.28.230 - - [25/Aug/2026:19:01:35 +0500] "GET /ru/contacts-rus HTTP/1.1" 508 288 "-" "Buck/2.6.0; (+https://app.hypefactors.com/media-monitoring/about.html)"
114.119.141.52 - - [25/Aug/2026:19:01:39 +0500] "GET /ru/component/mijopolls/?template=uml HTTP/1.1" 200 31296 "https://www.uml.uz/ru/component/mijopolls?template=accessibility" "Mozilla/5.0 (Linux; Android 7.0;) AppleWebKit/537.36 (HTML, like Gecko) Mobile Safari/537.36 (compatible; PetalBot;+https://webmaster.petalsearch.com/site/petalbot)"
57.141.20.29 - - [25/Aug/2026:19:01:41 +0500] "GET /ru/?cbid=1398925&csid=0%20AND%20AND/**/6684=ANY(ARRAY(SELECT/**/CAST('~'||(SELECT/**/(CASE/**/WHEN/**/(6684=6684)/**/THEN/**/1/**/ELSE/**/0/**/END))::text||'~'/**/AS/**/INTEGER)))--%20-&start=25 HTTP/1.1" 200 44922 "-" "Mozilla/5.0 (Windows NT 10.0; Win64; x64) AppleWebKit/537.36 (KHTML, like Gecko) Chrome/145.0.0.0 Safari/537.36 (compatible; meta-externalagent/1.1 (+https://developers.facebook.com/docs/sharing/webmasters/crawler))"
52.141.58.175 - - [25/Aug/2026:19:01:49 +0500] "GET / HTTP/1.1" 301 - "-" "Mozilla/5.0 (Windows NT 10.0; Win64; x64) AppleWebKit/537.36 (KHTML, like Gecko) Chrome/120.0.0.0 Safari/537.36"
216.73.216.87 - - [25/Aug/2026:19:01:53 +0500] "GET /ru/?owa_do=base.loginForm&start=15 HTTP/1.1" 200 48620 "-" "Mozilla/5.0 AppleWebKit/537.36 (KHTML, like Gecko; compatible; ClaudeBot/1.0; +claudebot@anthropic.com)"
57.141.16.109 - - [25/Aug/2026:19:02:10 +0500] "GET / HTTP/1.1" 301 - "-" "facebookexternalhit/1.1 (+http://www.facebook.com/externalhit_uatext.php)"
85.208.96.195 - - [25/Aug/2026:19:02:11 +0500] "GET /robots.txt HTTP/1.1" 301 - "-" "Mozilla/5.0 (compatible; SemrushBot/7~bl; +http://www.semrush.com/bot.html)"
85.208.96.209 - - [25/Aug/2026:19:02:14 +0500] "GET /ru/robots.txt HTTP/1.1" 404 1892 "-" "Mozilla/5.0 (compatible; SemrushBot/7~bl; +http://www.semrush.com/bot.html)"
34.10.180.98 - - [25/Aug/2026:19:02:15 +0500] "GET /ru/component/mailto/?link=6a5bbb5b3d532d43018e6a93f1ed788caf5a9afc&template=uml&tmpl=component HTTP/1.1" 200 4554 "-" "Mozilla/5.0 (Macintosh; Intel Mac OS X 10_15_7) AppleWebKit/537.36 (KHTML, like Gecko) Chrome/120.0.0.0 Safari/537.36"
35.209.28.230 - - [25/Aug/2026:19:02:16 +0500] "GET /ru/about-org-rus/general-info-rus HTTP/1.1" 200 30497 "-" "Buck/2.6.0; (+https://app.hypefactors.com/media-monitoring/about.html)"
85.208.96.205 - - [25/Aug/2026:19:02:19 +0500] "GET /ru/news-rus/2-uncategorised/56-testovaya-novost HTTP/1.1" 200 38481 "-" "Mozilla/5.0 (compatible; SemrushBot/7~bl; +http://www.semrush.com/bot.html)"
85.208.96.197 - - [25/Aug/2026:19:02:19 +0500] "GET /uz/?kwd=YBZQ&search=V%3E%20%EF%BF%BD%1A%EF%BF%BD%EF%BF%BD%EF%BF%BD%EF%BF%BD95%40W%EF%BF%BDmail%3A2366892162%40qq.comX%EF%BF%BD%EF%BF%BD%29%EF%BF%BD%22%EF%BF%BD%25%EF%BF%BD%EF%BF%BD%3CF%EF%BF%BD%EF%BF%BD%25%EF%BF%BD%EF%BF%BD%EF%BF%BD%EF%BF%BD%EF%BF%BDn%EF%BF%BD%28%EF%BF%BD%EF%BF%BD%20%EF%BF%BDDK%20%EF%BF%BD%25%EF%BF%BD%EF%BF%BD%EF%BF%BD%05%EF%BF%BDPx%EF%BF%BDX%D1%83U%EF%BF%BD%EF%BF%BD%25%EF%BF%BDww.8.hi.cn%EF%BF%BD%21Z-%20%EF%BF%BDaMf%EF%BF%BD%EF%BF%BD%EF%BF%BDn%40W%EF%BF%BD&start=20 HTTP/1.1" 200 47897 "-" "Mozilla/5.0 (compatible; SemrushBot/7~bl; +http://www.semrush.com/bot.html)"
34.123.149.87 - - [25/Aug/2026:19:02:37 +0500] "GET /docs/2025/balans-2-9-2025-uml.xlsx HTTP/1.1" 200 22164 "-" "Mozilla/5.0 (Macintosh; Intel Mac OS X 10_15_7) AppleWebKit/537.36 (KHTML, like Gecko) Chrome/120.0.0.0 Safari/537.36"
52.167.144.141 - - [25/Aug/2026:19:02:39 +0500] "GET /uz/?gf_page=upload&start=5 HTTP/1.1" 200 48257 "-" "Mozilla/5.0 AppleWebKit/537.36 (KHTML, like Gecko; compatible; bingbot/2.0; +http://www.bing.com/bingbot.htm) Chrome/116.0.1938.76 Safari/537.36"
216.73.216.87 - - [25/Aug/2026:19:02:45 +0500] "GET /ru/?gid=2472479&mode=grp&start=10 HTTP/1.1" 200 49791 "-" "Mozilla/5.0 AppleWebKit/537.36 (KHTML, like Gecko; compatible; ClaudeBot/1.0; +claudebot@anthropic.com)"
216.73.216.87 - - [25/Aug/2026:19:02:54 +0500] "GET /ru/?owa_do=base.loginForm&start=5 HTTP/1.1" 200 52619 "-" "Mozilla/5.0 AppleWebKit/537.36 (KHTML, like Gecko; compatible; ClaudeBot/1.0; +claudebot@anthropic.com)"
114.119.136.51 - - [25/Aug/2026:19:03:02 +0500] "GET /ru/shareholders-rus/audit-rus/2-uncategorised?start=140 HTTP/1.1" 508 288 "https://www.uml.uz/ru/shareholders-rus/audit-rus/2-uncategorised?start=110" "Mozilla/5.0 (Linux; Android 7.0;) AppleWebKit/537.36 (HTML, like Gecko) Mobile Safari/537.36 (compatible; PetalBot;+https://webmaster.petalsearch.com/site/petalbot)"
35.209.28.230 - - [25/Aug/2026:19:02:59 +0500] "GET /ru/about-org-rus/history-rus HTTP/1.1" 200 31835 "-" "Buck/2.6.0; (+https://app.hypefactors.com/media-monitoring/about.html)"
216.73.216.227 - - [25/Aug/2026:19:03:33 +0500] "GET /ru/?gid=2472479&mode=grp&start=25 HTTP/1.1" 200 44902 "-" "Mozilla/5.0 AppleWebKit/537.36 (KHTML, like Gecko; compatible; ClaudeBot/1.0; +claudebot@anthropic.com)"
35.209.28.230 - - [25/Aug/2026:19:03:36 +0500] "GET /ru/about-org-rus/activity-rus HTTP/1.1" 200 32238 "-" "Buck/2.6.0; (+https://app.hypefactors.com/media-monitoring/about.html)"
57.141.20.16 - - [25/Aug/2026:19:03:46 +0500] "GET /ru/?mode=members_regi&shop_id=PA01191223&format=feed&type=atom HTTP/1.1" 200 18673 "-" "Mozilla/5.0 (Windows NT 10.0; Win64; x64) AppleWebKit/537.36 (KHTML, like Gecko) Chrome/145.0.0.0 Safari/537.36 (compatible; meta-externalagent/1.1 (+https://developers.facebook.com/docs/sharing/webmasters/crawler))"
34.123.149.87 - - [25/Aug/2026:19:03:50 +0500] "GET /uz/shareholders-uzb/reports-uzb/88-balans-2016 HTTP/1.1" 200 26513 "-" "Mozilla/5.0 (Macintosh; Intel Mac OS X 10_15_7) AppleWebKit/537.36 (KHTML, like Gecko) Chrome/120.0.0.0 Safari/537.36"
85.208.96.208 - - [25/Aug/2026:19:04:02 +0500] "GET /ru/?paged=2&start=25 HTTP/1.1" 200 45030 "-" "Mozilla/5.0 (compatible; SemrushBot/7~bl; +http://www.semrush.com/bot.html)"
35.209.28.230 - - [25/Aug/2026:19:04:23 +0500] "GET /ru/about-org-rus/direction-rus HTTP/1.1" 200 31752 "-" "Buck/2.6.0; (+https://app.hypefactors.com/media-monitoring/about.html)"
114.119.158.112 - - [25/Aug/2026:19:04:30 +0500] "GET /ru?gid=2472497&mode=grp&start=20 HTTP/1.1" 200 52009 "https://uml.uz/ru?gid=2472497&mode=grp&start=20" "Mozilla/5.0 (Linux; Android 7.0;) AppleWebKit/537.36 (HTML, like Gecko) Mobile Safari/537.36 (compatible; PetalBot;+https://webmaster.petalsearch.com/site/petalbot)"
35.209.28.230 - - [25/Aug/2026:19:04:52 +0500] "GET /ru/about-org-rus/structure-rus HTTP/1.1" 508 288 "-" "Buck/2.6.0; (+https://app.hypefactors.com/media-monitoring/about.html)"
34.171.68.95 - - [25/Aug/2026:19:04:52 +0500] "GET /ru/shareholders-rus/reports-rus/2-uncategorised/55-prospectus-add HTTP/1.1" 500 1900 "-" "Mozilla/5.0 (Macintosh; Intel Mac OS X 10_15_7) AppleWebKit/537.36 (KHTML, like Gecko) Chrome/120.0.0.0 Safari/537.36"
34.123.149.87 - - [25/Aug/2026:19:04:55 +0500] "GET /uz/news-uzb/1236-meeting-30-06-2026 HTTP/1.1" 200 32683 "-" "Mozilla/5.0 (Macintosh; Intel Mac OS X 10_15_7) AppleWebKit/537.36 (KHTML, like Gecko) Chrome/120.0.0.0 Safari/537.36"
35.209.28.230 - - [25/Aug/2026:19:05:19 +0500] "GET /ru/about-org-rus/indexes-rus HTTP/1.1" 200 29813 "-" "Buck/2.6.0; (+https://app.hypefactors.com/media-monitoring/about.html)"
85.208.96.212 - - [25/Aug/2026:19:05:23 +0500] "GET /ru/?category_name=new%5D-%28SELECT%200%20WHERE%201929%3D1929%2C%28SELECT%2F%2A%2A%2F10294%2F%2A%2A%2FFROM%2F%2A%2A%2F%28SELECT%2F%2A%2A%2FJSON_KEYS%28%28SELECT%2F%2A%2A%2FCONVERT%28%28SELECT%2F%2A%2A%2FCONCAT%28%27~%27%2C%28SELECT%2F%2A%2A%2F%28ELT%2810294%3D10294%2C1%29%29%29%2C%27~%27%29%29%2F%2A%2A%2FUSING%2F%2A%2A%2Futf8%29%29%29%29x%29%29%7C%5Bnew&start=25 HTTP/1.1" 200 45030 "-" "Mozilla/5.0 (compatible; SemrushBot/7~bl; +http://www.semrush.com/bot.html)"
207.46.13.6 - - [25/Aug/2026:19:05:44 +0500] "GET /ru/?gid=2472482&mode=grp&sort=n&start=15 HTTP/1.1" 508 288 "-" "Mozilla/5.0 AppleWebKit/537.36 (KHTML, like Gecko; compatible; bingbot/2.0; +http://www.bing.com/bingbot.htm) Chrome/116.0.1938.76 Safari/537.36"
114.119.139.19 - - [25/Aug/2026:19:05:48 +0500] "GET /ru/component/mailto?tmpl=component&template=uml&link=d93228b6e356655181706ec430f3b1d3002b1c4d HTTP/1.1" 508 288 "https://www.uml.uz/ru/officially-rus/tenders-rus/2-uncategorised/552-skilled-termpaper-writers" "Mozilla/5.0 (Linux; Android 7.0;) AppleWebKit/537.36 (HTML, like Gecko) Mobile Safari/537.36 (compatible; PetalBot;+https://webmaster.petalsearch.com/site/petalbot)"
85.208.96.200 - - [25/Aug/2026:19:05:57 +0500] "GET /uz/?kwd=YBZQ&search=V%3E%20%EF%BF%BD%EF%BF%BD%EF%BF%BD%EF%BF%BD%EF%BF%BD%EF%BF%BD95%40W%EF%BF%BDmail%3A2366892162%40qq.comX%EF%BF%BD%EF%BF%BD%29%EF%BF%BD%22%EF%BF%BD%25%EF%BF%BD%EF%BF%BD%3CF%EF%BF%BD%EF%BF%BD%25%EF%BF%BD%EF%BF%BD%EF%BF%BD%EF%BF%BD%EF%BF%BDn%EF%BF%BD%28%EF%BF%BD%EF%BF%BD%20%EF%BF%BDDK%20%EF%BF%BD%25%EF%BF%BD%EF%BF%BD%EF%BF%BD%EF%BF%BD%EF%BF%BDPx%EF%BF%BDXCU%EF%BF%BD%EF%BF%BD%25%EF%BF%BDww.8.hi.cn%EF%BF%BD%21Z-%20%EF%BF%BDaMf%EF%BF%BD%EF%BF%BD%EF%BF%BDn%40W%EF%BF%BD&start=10 HTTP/1.1" 508 288 "-" "Mozilla/5.0 (compatible; SemrushBot/7~bl; +http://www.semrush.com/bot.html)"
35.209.28.230 - - [25/Aug/2026:19:06:00 +0500] "GET /ru/about-org-rus/plans-rus HTTP/1.1" 200 36911 "-" "Buck/2.6.0; (+https://app.hypefactors.com/media-monitoring/about.html)"
207.46.13.54 - - [25/Aug/2026:19:06:21 +0500] "GET /ru/?cbid=1398925&csid=0%22)AND/**/7444=CONVERT(INT,(SELECT/**/'~'+(SELECT/**/(CASE/**/WHEN/**/(7444=7444)/**/THEN/**/'1'/**/ELSE/**/'0'/**/END))+'~'))%20AND%20(%2258f05OKG%22=%2258f05OKG%22 HTTP/1.1" 200 49272 "-" "Mozilla/5.0 AppleWebKit/537.36 (KHTML, like Gecko; compatible; bingbot/2.0; +http://www.bing.com/bingbot.htm) Chrome/116.0.1938.76 Safari/537.36"
35.209.28.230 - - [25/Aug/2026:19:06:54 +0500] "GET /ru/component/mailto/ HTTP/1.1" 403 1895 "-" "Buck/2.6.0; (+https://app.hypefactors.com/media-monitoring/about.html)"
34.56.53.225 - - [25/Aug/2026:19:07:02 +0500] "GET /uz/shareholders-uzb/votes-uzb/109-voting-meeting-06-06-2018?layout=default&print=1&tmpl=component HTTP/1.1" 200 28789 "-" "Mozilla/5.0 (Macintosh; Intel Mac OS X 10_15_7) AppleWebKit/537.36 (KHTML, like Gecko) Chrome/120.0.0.0 Safari/537.36"
185.191.171.12 - - [25/Aug/2026:19:07:06 +0500] "GET /ru/?gid=449744&mode=grp&sort=n&start=5 HTTP/1.1" 200 52639 "-" "Mozilla/5.0 (compatible; SemrushBot/7~bl; +http://www.semrush.com/bot.html)"
185.191.171.7 - - [25/Aug/2026:19:07:14 +0500] "GET /ru/?page_id=15&start=15 HTTP/1.1" 200 48512 "-" "Mozilla/5.0 (compatible; SemrushBot/7~bl; +http://www.semrush.com/bot.html)"
114.119.131.182 - - [25/Aug/2026:19:07:14 +0500] "GET /ru?f=1&uid=a016F00001RgKYmQAN&start=20 HTTP/1.1" 200 50641 "https://uml.uz/ru?f=1&uid=a016F00001RgKYmQAN&start=20" "Mozilla/5.0 (Linux; Android 7.0;) AppleWebKit/537.36 (HTML, like Gecko) Mobile Safari/537.36 (compatible; PetalBot;+https://webmaster.petalsearch.com/site/petalbot)"
66.249.72.204 - - [25/Aug/2026:19:07:26 +0500] "GET /robots.txt HTTP/1.1" 301 - "-" "Mozilla/5.0 (compatible; Googlebot/2.1; +http://www.google.com/bot.html)"
66.249.72.206 - - [25/Aug/2026:19:07:28 +0500] "GET /ru/robots.txt HTTP/1.1" 404 1892 "-" "Mozilla/5.0 (compatible; Googlebot/2.1; +http://www.google.com/bot.html)"
44.223.115.10 - - [25/Aug/2026:19:07:34 +0500] "GET /ru/?pageID=2&site=nli&start=5 HTTP/1.1" 200 52619 "-" "Mozilla/5.0 AppleWebKit/537.36 (KHTML, like Gecko; compatible; Amazonbot/0.1; +https://developer.amazon.com/support/amazonbot) Chrome/119.0.6045.214 Safari/537.36"
34.10.180.98 - - [25/Aug/2026:19:08:11 +0500] "GET /uz/shareholders-uzb/reports-uzb/126-2-kv-2019-g HTTP/1.1" 200 26733 "-" "Mozilla/5.0 (Macintosh; Intel Mac OS X 10_15_7) AppleWebKit/537.36 (KHTML, like Gecko) Chrome/120.0.0.0 Safari/537.36"
34.30.223.149 - - [25/Aug/2026:19:08:13 +0500] "GET /uz/component/mailto/?link=6026eb3fc979afa3f088edf858ce85b27d9ec200&template=uml&tmpl=component HTTP/1.1" 200 4536 "-" "Mozilla/5.0 (Macintosh; Intel Mac OS X 10_15_7) AppleWebKit/537.36 (KHTML, like Gecko) Chrome/120.0.0.0 Safari/537.36"
66.249.72.204 - - [25/Aug/2026:19:08:35 +0500] "GET /docs/2023/sush_fakt-06-27.06.2023.docx HTTP/1.1" 200 23527 "-" "Mozilla/5.0 (Linux; Android 6.0.1; Nexus 5X Build/MMB29P) AppleWebKit/537.36 (KHTML, like Gecko) Chrome/151.0.7922.137 Mobile Safari/537.36 (compatible; Googlebot/2.1; +http://www.google.com/bot.html)"
114.119.148.1 - - [25/Aug/2026:19:08:38 +0500] "GET /ru/?cbid=1425873AND/%2A%2A/5360%3DDBMS_UTILITY.SQLID_TO_SQLHASH(CHR(126)%7C%7C&start=20 HTTP/1.1" 200 50658 "https://www.uml.uz/ru/?cbid=1425873AND/%2A%2A/5360%3DDBMS_UTILITY.SQLID_TO_SQLHASH(CHR(126)%7C%7C&start=10" "Mozilla/5.0 (Linux; Android 7.0;) AppleWebKit/537.36 (HTML, like Gecko) Mobile Safari/537.36 (compatible; PetalBot;+https://webmaster.petalsearch.com/site/petalbot)"
34.42.229.145 - - [25/Aug/2026:19:08:45 +0500] "GET /docs/2021/balans-2-4-2021.xlsx HTTP/1.1" 200 22398 "-" "Mozilla/5.0 (Macintosh; Intel Mac OS X 10_15_7) AppleWebKit/537.36 (KHTML, like Gecko) Chrome/120.0.0.0 Safari/537.36"
57.141.12.8 - - [25/Aug/2026:19:08:46 +0500] "GET / HTTP/1.1" 508 288 "-" "facebookexternalhit/1.1 (+http://www.facebook.com/externalhit_uatext.php)"
85.208.96.210 - - [25/Aug/2026:19:08:50 +0500] "GET /ru/?s=%EF%BF%BDs&start=25 HTTP/1.1" 508 288 "-" "Mozilla/5.0 (compatible; SemrushBot/7~bl; +http://www.semrush.com/bot.html)"
185.191.171.7 - - [25/Aug/2026:19:09:07 +0500] "GET /ru/?cbid=1425873&csid=0%22%29%29%2C%28SELECT%EF%BF%BD8784%EF%BF%BDWHERE%EF%BF%BD8784%3DCONVERT%28INT%2C%28SELECT%EF%BF%BD%27~%27%20%28SELECT%EF%BF%BD%28CASE%EF%BF%BDWHEN%20%288784%3D8784%29%EF%BF%BDTHEN%EF%BF%BD%271%27%20ELSE%20%270%27%20END%29%29%20%27~%27%29%29%29%20AND%20%28%28%22W2p0zURb%22%3D%22W2p0zURb%22&start=10 HTTP/1.1" 200 49791 "-" "Mozilla/5.0 (compatible; SemrushBot/7~bl; +http://www.semrush.com/bot.html)"
57.141.2.35 - - [25/Aug/2026:19:09:46 +0500] "GET / HTTP/1.1" 301 - "-" "facebookexternalhit/1.1 (+http://www.facebook.com/externalhit_uatext.php)"
173.252.95.14 - - [25/Aug/2026:19:09:53 +0500] "GET /robots.txt HTTP/1.1" 301 - "-" "facebookexternalhit/1.1 (+http://www.facebook.com/externalhit_uatext.php)"
69.63.189.15 - - [25/Aug/2026:19:09:53 +0500] "GET /robots.txt HTTP/1.1" 301 - "-" "facebookexternalhit/1.1 (+http://www.facebook.com/externalhit_uatext.php)"
69.63.189.14 - - [25/Aug/2026:19:09:56 +0500] "GET /ru/robots.txt HTTP/1.1" 508 288 "-" "facebookexternalhit/1.1 (+http://www.facebook.com/externalhit_uatext.php)"
173.252.70.31 - - [25/Aug/2026:19:09:56 +0500] "GET /robots.txt HTTP/1.1" 508 288 "-" "facebookexternalhit/1.1 (+http://www.facebook.com/externalhit_uatext.php)"
69.63.184.40 - - [25/Aug/2026:19:09:57 +0500] "GET /robots.txt HTTP/1.1" 508 288 "-" "facebookexternalhit/1.1 (+http://www.facebook.com/externalhit_uatext.php)"
69.63.184.19 - - [25/Aug/2026:19:09:55 +0500] "GET /robots.txt HTTP/1.1" 301 - "-" "facebookexternalhit/1.1 (+http://www.facebook.com/externalhit_uatext.php)"
173.252.95.40 - - [25/Aug/2026:19:09:55 +0500] "GET /ru/robots.txt HTTP/1.1" 404 1892 "-" "facebookexternalhit/1.1 (+http://www.facebook.com/externalhit_uatext.php)"
114.119.158.112 - - [25/Aug/2026:19:10:00 +0500] "GET /ru/shareholders-rus/reports-rus/2-uncategorised/42-contacts-uzb HTTP/1.1" 200 30693 "https://uml.uz/ru/shareholders-rus/reports-rus/2-uncategorised?start=10" "Mozilla/5.0 (Linux; Android 7.0;) AppleWebKit/537.36 (HTML, like Gecko) Mobile Safari/537.36 (compatible; PetalBot;+https://webmaster.petalsearch.com/site/petalbot)"
185.191.171.12 - - [25/Aug/2026:19:10:22 +0500] "GET /uz/?cbid=2435509&csid=0&mode=cate&start=5 HTTP/1.1" 508 288 "-" "Mozilla/5.0 (compatible; SemrushBot/7~bl; +http://www.semrush.com/bot.html)"
194.67.207.94 - - [25/Aug/2026:19:10:55 +0500] "GET / HTTP/1.1" 301 - "https://vavilon-ritual.com.ua/ru/uslugi/krematorij-krematsiya-tela.html" "Mozilla/5.0 (Windows NT 10.0; Win64; x64) AppleWebKit/537.36 (KHTML, like Gecko) Chrome/109.0.0.0 Safari/537.36"
34.10.180.98 - - [25/Aug/2026:19:11:13 +0500] "GET /uz/about-org-uzb/indexes-uzb HTTP/1.1" 200 27435 "-" "Mozilla/5.0 (Macintosh; Intel Mac OS X 10_15_7) AppleWebKit/537.36 (KHTML, like Gecko) Chrome/120.0.0.0 Safari/537.36"
114.119.148.1 - - [25/Aug/2026:19:11:24 +0500] "GET /ru/shareholders-rus/facts-rus/2-uncategorised?start=760 HTTP/1.1" 200 29294 "https://uml.uz/ru/shareholders-rus/facts-rus/2-uncategorised?start=800" "Mozilla/5.0 (Linux; Android 7.0;) AppleWebKit/537.36 (HTML, like Gecko) Mobile Safari/537.36 (compatible; PetalBot;+https://webmaster.petalsearch.com/site/petalbot)"
85.208.96.208 - - [25/Aug/2026:19:12:07 +0500] "GET /ru/?gid=485758&mode=grp&sort=n&start=25 HTTP/1.1" 200 45043 "-" "Mozilla/5.0 (compatible; SemrushBot/7~bl; +http://www.semrush.com/bot.html)"
114.119.131.182 - - [25/Aug/2026:19:12:47 +0500] "GET /ru/officially-rus/vacancies-rus/2-uncategorised/365-life-after-modern-science?tmpl=component&print=1&layout=default HTTP/1.1" 404 1892 "https://uml.uz/ru/officially-rus/vacancies-rus/2-uncategorised?start=135" "Mozilla/5.0 (Linux; Android 7.0;) AppleWebKit/537.36 (HTML, like Gecko) Mobile Safari/537.36 (compatible; PetalBot;+https://webmaster.petalsearch.com/site/petalbot)"
66.249.75.66 - - [25/Aug/2026:19:13:03 +0500] "GET /ru/docs/propectus-add.pdf HTTP/1.1" 404 1904 "-" "Googlebot/2.1 (+http://www.google.com/bot.html)"
85.208.96.207 - - [25/Aug/2026:19:13:13 +0500] "GET /ru/?gid=2472505&start=20 HTTP/1.1" 200 50642 "-" "Mozilla/5.0 (compatible; SemrushBot/7~bl; +http://www.semrush.com/bot.html)"
185.191.171.7 - - [25/Aug/2026:19:13:45 +0500] "GET /uz/shareholders-uzb/conissions-uzb/2-uncategorised HTTP/1.1" 200 37956 "-" "Mozilla/5.0 (compatible; SemrushBot/7~bl; +http://www.semrush.com/bot.html)"
114.119.136.51 - - [25/Aug/2026:19:14:44 +0500] "GET /ru/officially-rus/tenders-rus/2-uncategorised?start=495 HTTP/1.1" 200 29380 "https://uml.uz/ru/officially-rus/tenders-rus/2-uncategorised?start=490" "Mozilla/5.0 (Linux; Android 7.0;) AppleWebKit/537.36 (HTML, like Gecko) Mobile Safari/537.36 (compatible; PetalBot;+https://webmaster.petalsearch.com/site/petalbot)"
157.55.39.193 - - [25/Aug/2026:19:15:03 +0500] "GET /ru/?pid=157991484 HTTP/1.1" 200 49558 "-" "Mozilla/5.0 AppleWebKit/537.36 (KHTML, like Gecko; compatible; bingbot/2.0; +http://www.bing.com/bingbot.htm) Chrome/116.0.1938.76 Safari/537.36"
62.234.223.65 - - [25/Aug/2026:19:15:04 +0500] "GET /media/ext_tss/assets/css/style.css HTTP/1.1" 200 2396 "http://www.uml.uzbekgidroenergoqurilish.uz/" "Mozilla/5.0 (Macintosh; Intel Mac OS X 10_15_7) AppleWebKit/537.36 (KHTML, like Gecko) Chrome/149.0.0.0 Safari/537.36"
62.234.223.65 - - [25/Aug/2026:19:15:05 +0500] "GET /media/ext_tss/assets/js/script.js HTTP/1.1" 200 1117 "http://www.uml.uzbekgidroenergoqurilish.uz/" "Mozilla/5.0 (Macintosh; Intel Mac OS X 10_15_7) AppleWebKit/537.36 (KHTML, like Gecko) Chrome/149.0.0.0 Safari/537.36"
157.55.39.48 - - [25/Aug/2026:19:15:26 +0500] "GET /ru/?keyword=my%20loads%20are%20light&mode=srh&sort=n&x=0&y=0&start=15 HTTP/1.1" 200 48604 "-" "Mozilla/5.0 AppleWebKit/537.36 (KHTML, like Gecko; compatible; bingbot/2.0; +http://www.bing.com/bingbot.htm) Chrome/116.0.1938.76 Safari/537.36"
157.55.39.48 - - [25/Aug/2026:19:15:35 +0500] "GET /ru/news-rus?template=accessibility HTTP/1.1" 200 33563 "-" "Mozilla/5.0 AppleWebKit/537.36 (KHTML, like Gecko; compatible; bingbot/2.0; +http://www.bing.com/bingbot.htm) Chrome/116.0.1938.76 Safari/537.36"
114.119.139.19 - - [25/Aug/2026:19:16:09 +0500] "GET /ru/component/mailto?tmpl=component&template=uml&link=a3362ca5b311bfdaca680abcec1289c3b07ba96a HTTP/1.1" 200 4525 "https://uml.uz/ru/shareholders-rus/facts-rus/2-uncategorised?start=150" "Mozilla/5.0 (Linux; Android 7.0;) AppleWebKit/537.36 (HTML, like Gecko) Mobile Safari/537.36 (compatible; PetalBot;+https://webmaster.petalsearch.com/site/petalbot)"
40.77.167.45 - - [25/Aug/2026:19:16:09 +0500] "GET /uz/?page=2&start=25 HTTP/1.1" 200 42344 "-" "Mozilla/5.0 AppleWebKit/537.36 (KHTML, like Gecko; compatible; bingbot/2.0; +http://www.bing.com/bingbot.htm) Chrome/116.0.1938.76 Safari/537.36"
157.55.39.193 - - [25/Aug/2026:19:16:33 +0500] "GET /uz/?site=nli&start=15 HTTP/1.1" 508 288 "-" "Mozilla/5.0 AppleWebKit/537.36 (KHTML, like Gecko; compatible; bingbot/2.0; +http://www.bing.com/bingbot.htm) Chrome/116.0.1938.76 Safari/537.36"
136.119.35.120 - - [25/Aug/2026:19:16:50 +0500] "GET /ru/component/mailto/?link=bd0dfb525749c2108f905d691a8d4f473762dd9f&template=uml&tmpl=component HTTP/1.1" 200 4531 "-" "Mozilla/5.0 (Macintosh; Intel Mac OS X 10_15_7) AppleWebKit/537.36 (KHTML, like Gecko) Chrome/120.0.0.0 Safari/537.36"
34.10.180.98 - - [25/Aug/2026:19:16:58 +0500] "GET /ru/officially-rus/vacancies-rus?format=feed&type=rss HTTP/1.1" 508 288 "-" "Mozilla/5.0 (Macintosh; Intel Mac OS X 10_15_7) AppleWebKit/537.36 (KHTML, like Gecko) Chrome/120.0.0.0 Safari/537.36"
114.119.139.19 - - [25/Aug/2026:19:17:04 +0500] "GET /ru/officially-rus/vacancies-rus/9-russian?start=40 HTTP/1.1" 508 288 "https://uml.uz/ru/officially-rus/vacancies-rus/9-russian?start=15" "Mozilla/5.0 (Linux; Android 7.0;) AppleWebKit/537.36 (HTML, like Gecko) Mobile Safari/537.36 (compatible; PetalBot;+https://webmaster.petalsearch.com/site/petalbot)"
185.125.219.13 - - [25/Aug/2026:19:17:24 +0500] "GET / HTTP/1.1" 301 - "https://pamjatnik.com.ua/ua/poslugy/mistse-baykove-kolumbariy" "Mozilla/5.0 (Windows NT 10.0; Win64; x64) AppleWebKit/537.36 (KHTML, like Gecko) Chrome/138.0.7204.96 Safari/537.36"
57.141.20.20 - - [25/Aug/2026:19:17:29 +0500] "GET /ru/?cbid=1425873%27||(SELECT%20%27pfDZwa5m%27%20FROM%20DUAL%20WHERE%209319=9319,(SELECT/**/3391/**/FROM/**/(SELECT/**/JSON_KEYS((SELECT/**/CONVERT((SELECT/**/CONCAT(%27~%27,(SELECT/**/(ELT(3391=3391,1))),%27~%27))/**/USING/**/utf8))))x))||%27&csid=0&start=10 HTTP/1.1" 508 288 "-" "Mozilla/5.0 (X11; Linux x86_64) AppleWebKit/537.36 (KHTML, like Gecko) Chrome/145.0.0.0 Safari/537.36 (compatible; meta-externalagent/1.1 (+https://developers.facebook.com/docs/sharing/webmasters/crawler))"
66.249.72.205 - - [25/Aug/2026:19:17:29 +0500] "GET /docs/2021/sush_fakt-06-24.09.2021.docx HTTP/1.1" 200 26227 "-" "Mozilla/5.0 (Linux; Android 6.0.1; Nexus 5X Build/MMB29P) AppleWebKit/537.36 (KHTML, like Gecko) Chrome/151.0.7922.137 Mobile Safari/537.36 (compatible; Googlebot/2.1; +http://www.google.com/bot.html)"
34.10.180.98 - - [25/Aug/2026:19:17:29 +0500] "GET /uz/component/mailto/?link=58a42b6fedd3be18559185abe116cb23d58dbe72&template=uml&tmpl=component HTTP/1.1" 200 4563 "-" "Mozilla/5.0 (Macintosh; Intel Mac OS X 10_15_7) AppleWebKit/537.36 (KHTML, like Gecko) Chrome/120.0.0.0 Safari/537.36"
85.208.96.210 - - [25/Aug/2026:19:17:32 +0500] "GET /ru/?gid=1723606 HTTP/1.1" 200 49466 "-" "Mozilla/5.0 (compatible; SemrushBot/7~bl; +http://www.semrush.com/bot.html)"
157.55.39.193 - - [25/Aug/2026:19:17:43 +0500] "GET /ru/?gid=284822&mode=grp&start=25 HTTP/1.1" 200 45135 "-" "Mozilla/5.0 AppleWebKit/537.36 (KHTML, like Gecko; compatible; bingbot/2.0; +http://www.bing.com/bingbot.htm) Chrome/116.0.1938.76 Safari/537.36"
85.208.96.207 - - [25/Aug/2026:19:17:43 +0500] "GET /uz/?cbid=1398855&csid=0&mode=cate&start=20 HTTP/1.1" 200 47759 "-" "Mozilla/5.0 (compatible; SemrushBot/7~bl; +http://www.semrush.com/bot.html)"
85.208.96.208 - - [25/Aug/2026:19:17:50 +0500] "GET /ru/?cbid=1398925&csid=0&mode=cate%22%20AND%20EXTRACTVALUE%289577%2CCONCAT%280x7e%2C%28%28SELECT%20%28ELT%289577%3D9577%2C1%29%29%29%29%2C0x7e%29%29--%20-&start=15 HTTP/1.1" 200 48508 "-" "Mozilla/5.0 (compatible; SemrushBot/7~bl; +http://www.semrush.com/bot.html)"
34.56.53.225 - - [25/Aug/2026:19:18:06 +0500] "GET /ru/2-uncategorised?start=5 HTTP/1.1" 200 58309 "-" "Mozilla/5.0 (Macintosh; Intel Mac OS X 10_15_7) AppleWebKit/537.36 (KHTML, like Gecko) Chrome/120.0.0.0 Safari/537.36"
114.119.131.182 - - [25/Aug/2026:19:18:22 +0500] "GET /ru/?tmpl=component&print=1&start=5 HTTP/1.1" 200 20684 "https://uml.uz/ru/?tmpl=component&print=1&start=10" "Mozilla/5.0 (Linux; Android 7.0;) AppleWebKit/537.36 (HTML, like Gecko) Mobile Safari/537.36 (compatible; PetalBot;+https://webmaster.petalsearch.com/site/petalbot)"
34.56.53.225 - - [25/Aug/2026:19:18:27 +0500] "GET /ru/?p=1&start=20 HTTP/1.1" 200 50754 "-" "Mozilla/5.0 (Macintosh; Intel Mac OS X 10_15_7) AppleWebKit/537.36 (KHTML, like Gecko) Chrome/120.0.0.0 Safari/537.36"
34.123.149.87 - - [25/Aug/2026:19:19:21 +0500] "GET /uz/about-org-uzb/structure-uzb/2-uncategorised?format=feed&type=rss HTTP/1.1" 200 22315 "-" "Mozilla/5.0 (Macintosh; Intel Mac OS X 10_15_7) AppleWebKit/537.36 (KHTML, like Gecko) Chrome/120.0.0.0 Safari/537.36"
34.61.96.6 - - [25/Aug/2026:19:19:32 +0500] "GET /ru/shareholders-rus/facts-rus/1155-2020-yil-uchun-muhim-faktlar-sushchestvennye-fakty-za-2020-god-25-09-2020?print=1&tmpl=component HTTP/1.1" 200 4439 "-" "Mozilla/5.0 (Macintosh; Intel Mac OS X 10_15_7) AppleWebKit/537.36 (KHTML, like Gecko) Chrome/120.0.0.0 Safari/537.36"
34.30.223.149 - - [25/Aug/2026:19:19:34 +0500] "GET /ru/officially-rus/certificates-rus/2-uncategorised?format=feed&type=atom HTTP/1.1" 200 46371 "-" "Mozilla/5.0 (Macintosh; Intel Mac OS X 10_15_7) AppleWebKit/537.36 (KHTML, like Gecko) Chrome/120.0.0.0 Safari/537.36"
114.119.131.182 - - [25/Aug/2026:19:19:46 +0500] "GET /y1z/3-point-snowblower-for-compact-tractor.html HTTP/1.1" 301 - "https://uml.uz/y1z/3-point-snowblower-for-compact-tractor.html" "Mozilla/5.0 (Linux; Android 7.0;) AppleWebKit/537.36 (HTML, like Gecko) Mobile Safari/537.36 (compatible; PetalBot;+https://webmaster.petalsearch.com/site/petalbot)"
114.119.131.182 - - [25/Aug/2026:19:19:48 +0500] "GET /ru/y1z/3-point-snowblower-for-compact-tractor.html HTTP/1.1" 200 34325 "https://uml.uz/y1z/3-point-snowblower-for-compact-tractor.html" "Mozilla/5.0 (Linux; Android 7.0;) AppleWebKit/537.36 (HTML, like Gecko) Mobile Safari/537.36 (compatible; PetalBot;+https://webmaster.petalsearch.com/site/petalbot)"
34.123.149.87 - - [25/Aug/2026:19:20:32 +0500] "GET /ru/officially-rus/norm-baza-rus?print=1&tmpl=component HTTP/1.1" 200 7811 "-" "Mozilla/5.0 (Macintosh; Intel Mac OS X 10_15_7) AppleWebKit/537.36 (KHTML, like Gecko) Chrome/120.0.0.0 Safari/537.36"
34.61.96.6 - - [25/Aug/2026:19:20:49 +0500] "GET /ru/shareholders-rus/votes-rus/2-uncategorised?start=10 HTTP/1.1" 200 45238 "-" "Mozilla/5.0 (Macintosh; Intel Mac OS X 10_15_7) AppleWebKit/537.36 (KHTML, like Gecko) Chrome/120.0.0.0 Safari/537.36"
114.119.136.51 - - [25/Aug/2026:19:21:09 +0500] "GET /ru/?print=1&tmpl=component&start=10 HTTP/1.1" 508 288 "https://uml.uz/ru/?print=1&tmpl=component&start=5" "Mozilla/5.0 (Linux; Android 7.0;) AppleWebKit/537.36 (HTML, like Gecko) Mobile Safari/537.36 (compatible; PetalBot;+https://webmaster.petalsearch.com/site/petalbot)"
20.100.175.163 - - [25/Aug/2026:19:21:08 +0500] "GET / HTTP/1.1" 301 - "-" "Mozilla/5.0 (Windows NT 10.0; Win64; x64) AppleWebKit/537.36 (KHTML, like Gecko) Chrome/120.0.0.0 Safari/537.36"
85.208.96.207 - - [25/Aug/2026:19:21:26 +0500] "GET /ru/shareholders-rus/audit-rus?template=accessibility HTTP/1.1" 200 23546 "-" "Mozilla/5.0 (compatible; SemrushBot/7~bl; +http://www.semrush.com/bot.html)"
34.56.53.225 - - [25/Aug/2026:19:21:31 +0500] "GET /ru/news-rus/1178-news-26-05-2022 HTTP/1.1" 508 288 "-" "Mozilla/5.0 (Macintosh; Intel Mac OS X 10_15_7) AppleWebKit/537.36 (KHTML, like Gecko) Chrome/120.0.0.0 Safari/537.36"
34.192.125.239 - - [25/Aug/2026:19:21:42 +0500] "GET /ru/?p=5&start=10 HTTP/1.1" 200 49748 "-" "Mozilla/5.0 AppleWebKit/537.36 (KHTML, like Gecko; compatible; Amazonbot/0.1; +https://developer.amazon.com/support/amazonbot) Chrome/119.0.6045.214 Safari/537.36"
85.208.96.212 - - [25/Aug/2026:19:21:51 +0500] "GET /ru/?mode=grp&start=20 HTTP/1.1" 200 50315 "-" "Mozilla/5.0 (compatible; SemrushBot/7~bl; +http://www.semrush.com/bot.html)"
57.141.20.30 - - [25/Aug/2026:19:21:53 +0500] "GET /uz/?cbid=1904499&csid=0&mode=cate&start=10 HTTP/1.1" 200 47171 "-" "Mozilla/5.0 (Macintosh; Intel Mac OS X 10_15_7) AppleWebKit/537.36 (KHTML, like Gecko) Chrome/145.0.0.0 Safari/537.36 (compatible; meta-externalagent/1.1 (+https://developers.facebook.com/docs/sharing/webmasters/crawler))"
20.48.163.91 - - [25/Aug/2026:19:22:03 +0500] "GET /wp-content/plugins/hellopress/wp_filemanager.php HTTP/1.1" 401 36 "-" "-"
20.48.163.91 - - [25/Aug/2026:19:22:03 +0500] "GET /this_is_a_new_hello_world.php HTTP/1.1" 401 36 "-" "-"
20.48.163.91 - - [25/Aug/2026:19:22:03 +0500] "GET /doti.php HTTP/1.1" 401 36 "-" "-"
20.48.163.91 - - [25/Aug/2026:19:22:04 +0500] "GET /cs3ihem.php HTTP/1.1" 401 36 "-" "-"
20.48.163.91 - - [25/Aug/2026:19:22:04 +0500] "GET /wp-eix5uf.php HTTP/1.1" 401 36 "-" "-"
20.48.163.91 - - [25/Aug/2026:19:22:05 +0500] "GET /naxc.php HTTP/1.1" 401 36 "-" "-"
20.48.163.91 - - [25/Aug/2026:19:22:05 +0500] "GET /lib.php HTTP/1.1" 401 36 "-" "-"
20.48.163.91 - - [25/Aug/2026:19:22:06 +0500] "GET /LegioN_LeakeRs.php HTTP/1.1" 401 36 "-" "-"
20.48.163.91 - - [25/Aug/2026:19:22:06 +0500] "GET /LOGO/lib.php HTTP/1.1" 401 36 "-" "-"
20.48.163.91 - - [25/Aug/2026:19:22:06 +0500] "GET /LegioN_LeakeRs.php HTTP/1.1" 401 36 "-" "-"
20.48.163.91 - - [25/Aug/2026:19:22:07 +0500] "GET /naxc.php HTTP/1.1" 401 36 "-" "-"
20.48.163.91 - - [25/Aug/2026:19:22:07 +0500] "GET /db.php/new.php HTTP/1.1" 401 36 "-" "-"
20.48.163.91 - - [25/Aug/2026:19:22:08 +0500] "GET /info.php/new.php HTTP/1.1" 401 36 "-" "-"
20.48.163.91 - - [25/Aug/2026:19:22:08 +0500] "GET /lib.php/new.php HTTP/1.1" 401 36 "-" "-"
20.48.163.91 - - [25/Aug/2026:19:22:09 +0500] "GET /log.php/new.php HTTP/1.1" 401 36 "-" "-"
20.48.163.91 - - [25/Aug/2026:19:22:09 +0500] "GET /wp-content/plugins/seoplugins/index.php/new.php HTTP/1.1" 401 36 "-" "-"
20.48.163.91 - - [25/Aug/2026:19:22:10 +0500] "GET /admin.php/nope.php HTTP/1.1" 401 36 "-" "-"
20.48.163.91 - - [25/Aug/2026:19:22:10 +0500] "GET /wp-admin/css/mghnhykio.php/new.php HTTP/1.1" 401 36 "-" "-"
20.48.163.91 - - [25/Aug/2026:19:22:10 +0500] "GET /files.php/new.php HTTP/1.1" 401 36 "-" "-"
20.48.163.91 - - [25/Aug/2026:19:22:11 +0500] "GET /ty.php HTTP/1.1" 401 36 "-" "-"
20.48.163.91 - - [25/Aug/2026:19:22:11 +0500] "GET /ton.php HTTP/1.1" 401 36 "-" "-"
20.48.163.91 - - [25/Aug/2026:19:22:12 +0500] "GET /nfile.php HTTP/1.1" 401 36 "-" "-"
57.141.20.62 - - [25/Aug/2026:19:22:09 +0500] "GET /uz/media/system/images/mootree_loader.gif HTTP/1.1" 404 1334 "https://mail.uml.uz/uz/?cbid=1904499&csid=0&mode=cate&start=10" "Mozilla/5.0 (Macintosh; Intel Mac OS X 10_15_7) AppleWebKit/537.36 (KHTML, like Gecko) Chrome/145.0.0.0 Safari/537.36 (compatible; meta-externalagent/1.1 (+https://developers.facebook.com/docs/sharing/webmasters/crawler))"
20.48.163.91 - - [25/Aug/2026:19:22:12 +0500] "GET /wfile.php HTTP/1.1" 401 36 "-" "-"
20.48.163.91 - - [25/Aug/2026:19:22:13 +0500] "GET /acp.php HTTP/1.1" 401 36 "-" "-"
57.141.20.37 - - [25/Aug/2026:19:22:13 +0500] "GET /images/design/links/oi.jpg HTTP/1.1" 200 3022 "https://mail.uml.uz/uz/?cbid=1904499&csid=0&mode=cate&start=10" "Mozilla/5.0 (Macintosh; Intel Mac OS X 10_15_7) AppleWebKit/537.36 (KHTML, like Gecko) Chrome/145.0.0.0 Safari/537.36 (compatible; meta-externalagent/1.1 (+https://developers.facebook.com/docs/sharing/webmasters/crawler))"
20.48.163.91 - - [25/Aug/2026:19:22:13 +0500] "GET /asas.php HTTP/1.1" 401 36 "-" "-"
20.48.163.91 - - [25/Aug/2026:19:22:13 +0500] "GET /222.php HTTP/1.1" 401 36 "-" "-"
20.48.163.91 - - [25/Aug/2026:19:22:14 +0500] "GET /wp-configs.php HTTP/1.1" 401 36 "-" "-"
20.48.163.91 - - [25/Aug/2026:19:22:14 +0500] "GET /33.php HTTP/1.1" 401 36 "-" "-"
20.48.163.91 - - [25/Aug/2026:19:22:15 +0500] "GET /555.php HTTP/1.1" 401 36 "-" "-"
20.48.163.91 - - [25/Aug/2026:19:22:15 +0500] "GET /ppp.php HTTP/1.1" 401 36 "-" "-"
20.48.163.91 - - [25/Aug/2026:19:22:16 +0500] "GET /file88.php HTTP/1.1" 401 36 "-" "-"
20.48.163.91 - - [25/Aug/2026:19:22:16 +0500] "GET /file5.php HTTP/1.1" 401 36 "-" "-"
20.48.163.91 - - [25/Aug/2026:19:22:16 +0500] "GET /ava.php HTTP/1.1" 401 36 "-" "-"
20.48.163.91 - - [25/Aug/2026:19:22:17 +0500] "GET /403.php HTTP/1.1" 401 36 "-" "-"
20.48.163.91 - - [25/Aug/2026:19:22:17 +0500] "GET /geck.php HTTP/1.1" 401 36 "-" "-"
20.48.163.91 - - [25/Aug/2026:19:22:18 +0500] "GET /build.php HTTP/1.1" 401 36 "-" "-"
20.48.163.91 - - [25/Aug/2026:19:22:18 +0500] "GET /p.php HTTP/1.1" 401 36 "-" "-"
20.48.163.91 - - [25/Aug/2026:19:22:19 +0500] "GET /cc.php HTTP/1.1" 401 36 "-" "-"
20.48.163.91 - - [25/Aug/2026:19:22:19 +0500] "GET /v1.php HTTP/1.1" 401 36 "-" "-"
20.48.163.91 - - [25/Aug/2026:19:22:19 +0500] "GET /0x.php HTTP/1.1" 401 36 "-" "-"
20.48.163.91 - - [25/Aug/2026:19:22:20 +0500] "GET /class629.php HTTP/1.1" 401 36 "-" "-"
20.48.163.91 - - [25/Aug/2026:19:22:20 +0500] "GET /file21.php HTTP/1.1" 401 36 "-" "-"
20.48.163.91 - - [25/Aug/2026:19:22:21 +0500] "GET /yellow.php HTTP/1.1" 401 36 "-" "-"
185.191.171.4 - - [25/Aug/2026:19:22:20 +0500] "GET /ru/?gid=471763&mode=grp&sort=n HTTP/1.1" 200 49446 "-" "Mozilla/5.0 (compatible; SemrushBot/7~bl; +http://www.semrush.com/bot.html)"
20.48.163.91 - - [25/Aug/2026:19:22:21 +0500] "GET /777.php HTTP/1.1" 401 36 "-" "-"
20.48.163.91 - - [25/Aug/2026:19:22:22 +0500] "GET /030.php HTTP/1.1" 401 36 "-" "-"
20.48.163.91 - - [25/Aug/2026:19:22:22 +0500] "GET /cfile.php HTTP/1.1" 401 36 "-" "-"
20.48.163.91 - - [25/Aug/2026:19:22:22 +0500] "GET /aaa.php HTTP/1.1" 401 36 "-" "-"
20.48.163.91 - - [25/Aug/2026:19:22:23 +0500] "GET /class.php HTTP/1.1" 401 36 "-" "-"
20.48.163.91 - - [25/Aug/2026:19:22:23 +0500] "GET /vee.php HTTP/1.1" 401 36 "-" "-"
20.48.163.91 - - [25/Aug/2026:19:22:24 +0500] "GET /ws33.php HTTP/1.1" 401 36 "-" "-"
20.48.163.91 - - [25/Aug/2026:19:22:24 +0500] "GET /menu.php HTTP/1.1" 401 36 "-" "-"
20.48.163.91 - - [25/Aug/2026:19:22:25 +0500] "GET /1.php HTTP/1.1" 401 36 "-" "-"
20.48.163.91 - - [25/Aug/2026:19:22:25 +0500] "GET /aa.php HTTP/1.1" 401 36 "-" "-"
20.48.163.91 - - [25/Aug/2026:19:22:26 +0500] "GET /bolt.php HTTP/1.1" 401 36 "-" "-"
20.48.163.91 - - [25/Aug/2026:19:22:26 +0500] "GET /v2.php HTTP/1.1" 401 36 "-" "-"
20.48.163.91 - - [25/Aug/2026:19:22:26 +0500] "GET /class9.php HTTP/1.1" 401 36 "-" "-"
20.48.163.91 - - [25/Aug/2026:19:22:27 +0500] "GET /abc.php HTTP/1.1" 401 36 "-" "-"
20.48.163.91 - - [25/Aug/2026:19:22:27 +0500] "GET /f6.php HTTP/1.1" 401 36 "-" "-"
20.48.163.91 - - [25/Aug/2026:19:22:28 +0500] "GET /new4.php HTTP/1.1" 401 36 "-" "-"
34.236.41.241 - - [25/Aug/2026:19:22:26 +0500] "GET /ru/?format=feed&p=5&type=rss HTTP/1.1" 200 11013 "-" "Mozilla/5.0 AppleWebKit/537.36 (KHTML, like Gecko; compatible; Amazonbot/0.1; +https://developer.amazon.com/support/amazonbot) Chrome/119.0.6045.214 Safari/537.36"
20.48.163.91 - - [25/Aug/2026:19:22:28 +0500] "GET /xxx.php HTTP/1.1" 401 36 "-" "-"
20.48.163.91 - - [25/Aug/2026:19:22:28 +0500] "GET /moon3.php HTTP/1.1" 401 36 "-" "-"
20.48.163.91 - - [25/Aug/2026:19:22:29 +0500] "GET /wb.php HTTP/1.1" 401 36 "-" "-"
20.48.163.91 - - [25/Aug/2026:19:22:29 +0500] "GET /mlex.php HTTP/1.1" 401 36 "-" "-"
20.48.163.91 - - [25/Aug/2026:19:22:30 +0500] "GET /tox.php HTTP/1.1" 401 36 "-" "-"
20.48.163.91 - - [25/Aug/2026:19:22:30 +0500] "GET /v3.php HTTP/1.1" 401 36 "-" "-"
20.48.163.91 - - [25/Aug/2026:19:22:31 +0500] "GET /wp-is.php HTTP/1.1" 401 36 "-" "-"
20.48.163.91 - - [25/Aug/2026:19:22:31 +0500] "GET /lala.php HTTP/1.1" 401 36 "-" "-"
20.48.163.91 - - [25/Aug/2026:19:22:31 +0500] "GET /fileas.php HTTP/1.1" 401 36 "-" "-"
20.48.163.91 - - [25/Aug/2026:19:22:32 +0500] "GET /file8.php HTTP/1.1" 401 36 "-" "-"
20.48.163.91 - - [25/Aug/2026:19:22:32 +0500] "GET /x7.php HTTP/1.1" 401 36 "-" "-"
20.48.163.91 - - [25/Aug/2026:19:22:33 +0500] "GET /moon.php HTTP/1.1" 401 36 "-" "-"
20.48.163.91 - - [25/Aug/2026:19:22:33 +0500] "GET /fs.php HTTP/1.1" 401 36 "-" "-"
20.48.163.91 - - [25/Aug/2026:19:22:34 +0500] "GET /v4.php HTTP/1.1" 401 36 "-" "-"
20.48.163.91 - - [25/Aug/2026:19:22:34 +0500] "GET /wto.php HTTP/1.1" 401 36 "-" "-"
20.48.163.91 - - [25/Aug/2026:19:22:34 +0500] "GET /CLA.php HTTP/1.1" 401 36 "-" "-"
20.48.163.91 - - [25/Aug/2026:19:22:35 +0500] "GET /file1.php HTTP/1.1" 401 36 "-" "-"
20.48.163.91 - - [25/Aug/2026:19:22:35 +0500] "GET /pp.php HTTP/1.1" 401 36 "-" "-"
20.48.163.91 - - [25/Aug/2026:19:22:36 +0500] "GET /mds.php HTTP/1.1" 401 36 "-" "-"
114.119.141.52 - - [25/Aug/2026:19:22:33 +0500] "GET /ru/?p=22094.com/&start=20 HTTP/1.1" 200 50299 "https://uml.uz/ru/?cbid=1425873%22)))/%2A%2A/PROCEDURE/%2A%2A/ANALYSE(UPDATEXML(2775%2CCONCAT(%27.%27%2C%27~%27%2C(SELECT/%2A%2A/(ELT(2775%3D2775%2C1)))%2C%27~%27)%2C2255)%2C1)%20AND%20(((%22aoMUnyRb%22%3D%22aoMUnyRb%22&csid=0&start=15" "Mozilla/5.0 (Linux; Android 7.0;) AppleWebKit/537.36 (HTML, like Gecko) Mobile Safari/537.36 (compatible; PetalBot;+https://webmaster.petalsearch.com/site/petalbot)"
20.48.163.91 - - [25/Aug/2026:19:22:36 +0500] "GET /0x0x.php HTTP/1.1" 401 36 "-" "-"
20.48.163.91 - - [25/Aug/2026:19:22:37 +0500] "GET /file17.php HTTP/1.1" 401 36 "-" "-"
20.48.163.91 - - [25/Aug/2026:19:22:37 +0500] "GET /flower.php HTTP/1.1" 401 36 "-" "-"
20.48.163.91 - - [25/Aug/2026:19:22:38 +0500] "GET /444.php HTTP/1.1" 401 36 "-" "-"
20.48.163.91 - - [25/Aug/2026:19:22:38 +0500] "GET /finny.php HTTP/1.1" 401 36 "-" "-"
20.48.163.91 - - [25/Aug/2026:19:22:38 +0500] "GET /x.php HTTP/1.1" 401 36 "-" "-"
20.48.163.91 - - [25/Aug/2026:19:22:39 +0500] "GET /1aa.php HTTP/1.1" 401 36 "-" "-"
20.48.163.91 - - [25/Aug/2026:19:22:39 +0500] "GET /2.php HTTP/1.1" 401 36 "-" "-"
20.48.163.91 - - [25/Aug/2026:19:22:40 +0500] "GET /class19.php HTTP/1.1" 401 36 "-" "-"
20.48.163.91 - - [25/Aug/2026:19:22:40 +0500] "GET /he.php HTTP/1.1" 401 36 "-" "-"
20.48.163.91 - - [25/Aug/2026:19:22:41 +0500] "GET /bless11.php HTTP/1.1" 401 36 "-" "-"
20.48.163.91 - - [25/Aug/2026:19:22:41 +0500] "GET /sko.php HTTP/1.1" 401 36 "-" "-"
20.48.163.91 - - [25/Aug/2026:19:22:41 +0500] "GET /o.php HTTP/1.1" 401 36 "-" "-"
20.48.163.91 - - [25/Aug/2026:19:22:42 +0500] "GET /ws34.php HTTP/1.1" 401 36 "-" "-"
66.249.75.66 - - [25/Aug/2026:19:22:40 +0500] "GET /images/content/2019-dop/sush_fakt-36-24.06.2019.pdf HTTP/1.1" 301 - "-" "Googlebot/2.1 (+http://www.google.com/bot.html)"
20.48.163.91 - - [25/Aug/2026:19:22:42 +0500] "GET /mini.php HTTP/1.1" 401 36 "-" "-"
20.48.163.91 - - [25/Aug/2026:19:22:43 +0500] "GET /inde.php HTTP/1.1" 401 36 "-" "-"
20.48.163.91 - - [25/Aug/2026:19:22:43 +0500] "GET /111.php HTTP/1.1" 401 36 "-" "-"
20.48.163.91 - - [25/Aug/2026:19:22:44 +0500] "GET /xxxx.php HTTP/1.1" 401 36 "-" "-"
20.48.163.91 - - [25/Aug/2026:19:22:44 +0500] "GET /an7.php HTTP/1.1" 401 36 "-" "-"
20.48.163.91 - - [25/Aug/2026:19:22:44 +0500] "GET /666.php HTTP/1.1" 401 36 "-" "-"
66.249.75.66 - - [25/Aug/2026:19:22:45 +0500] "GET /images/content/2019-dop/sush_fakt-06-24.06.2019.pdf HTTP/1.1" 508 288 "-" "Googlebot/2.1 (+http://www.google.com/bot.html)"
20.48.163.91 - - [25/Aug/2026:19:22:45 +0500] "GET /a.php HTTP/1.1" 401 36 "-" "-"
20.48.163.91 - - [25/Aug/2026:19:22:45 +0500] "GET /bless.php HTTP/1.1" 401 36 "-" "-"
20.48.163.91 - - [25/Aug/2026:19:22:46 +0500] "GET /file9.php HTTP/1.1" 401 36 "-" "-"
20.48.163.91 - - [25/Aug/2026:19:22:49 +0500] "GET /a2.php HTTP/1.1" 401 36 "-" "-"
20.48.163.91 - - [25/Aug/2026:19:22:50 +0500] "GET /file4.php HTTP/1.1" 401 36 "-" "-"
20.48.163.91 - - [25/Aug/2026:19:22:50 +0500] "GET /plss3.php HTTP/1.1" 401 36 "-" "-"
20.48.163.91 - - [25/Aug/2026:19:22:51 +0500] "GET /file15.php HTTP/1.1" 401 36 "-" "-"
20.48.163.91 - - [25/Aug/2026:19:22:51 +0500] "GET /wsd.php HTTP/1.1" 401 36 "-" "-"
20.48.163.91 - - [25/Aug/2026:19:22:51 +0500] "GET /shell.php HTTP/1.1" 401 36 "-" "-"
20.48.163.91 - - [25/Aug/2026:19:22:52 +0500] "GET /akk.php HTTP/1.1" 401 36 "-" "-"
20.48.163.91 - - [25/Aug/2026:19:22:52 +0500] "GET /n.php HTTP/1.1" 401 36 "-" "-"
20.48.163.91 - - [25/Aug/2026:19:22:53 +0500] "GET /ws36.php HTTP/1.1" 401 36 "-" "-"
57.141.20.38 - - [25/Aug/2026:19:22:49 +0500] "GET /ru/?gid=284830&mode=grp&sort=n&start=20 HTTP/1.1" 200 50319 "-" "Mozilla/5.0 (Macintosh; Intel Mac OS X 10_15_7) AppleWebKit/537.36 (KHTML, like Gecko) Chrome/145.0.0.0 Safari/537.36 (compatible; meta-externalagent/1.1 (+https://developers.facebook.com/docs/sharing/webmasters/crawler))"
20.48.163.91 - - [25/Aug/2026:19:22:53 +0500] "GET /ws45.php HTTP/1.1" 401 36 "-" "-"
20.48.163.91 - - [25/Aug/2026:19:22:54 +0500] "GET /file30.php HTTP/1.1" 401 36 "-" "-"
20.48.163.91 - - [25/Aug/2026:19:22:54 +0500] "GET /racs3.php HTTP/1.1" 401 36 "-" "-"
20.48.163.91 - - [25/Aug/2026:19:22:54 +0500] "GET /cccc.php HTTP/1.1" 401 36 "-" "-"
20.48.163.91 - - [25/Aug/2026:19:22:55 +0500] "GET /file3.php HTTP/1.1" 401 36 "-" "-"
20.48.163.91 - - [25/Aug/2026:19:22:55 +0500] "GET /mail.php HTTP/1.1" 401 36 "-" "-"
85.208.96.200 - - [25/Aug/2026:19:22:51 +0500] "GET /ru/shareholders-rus/votes-rus/109-voting-meeting-06-06-2018 HTTP/1.1" 200 55526 "-" "Mozilla/5.0 (compatible; SemrushBot/7~bl; +http://www.semrush.com/bot.html)"
20.104.104.62 - - [25/Aug/2026:19:22:56 +0500] "GET / HTTP/1.1" 508 288 "-" "Mozilla/5.0 (Windows NT 10.0; Win64; x64) AppleWebKit/537.36 (KHTML, like Gecko) Chrome/120.0.0.0 Safari/537.36"
20.48.163.91 - - [25/Aug/2026:19:22:56 +0500] "GET /lm13.php HTTP/1.1" 401 36 "-" "-"
20.48.163.91 - - [25/Aug/2026:19:22:57 +0500] "GET /xeqdlun.php HTTP/1.1" 401 36 "-" "-"
20.48.163.91 - - [25/Aug/2026:19:22:57 +0500] "GET /file18.php HTTP/1.1" 401 36 "-" "-"
20.48.163.91 - - [25/Aug/2026:19:22:58 +0500] "GET /hook.php HTTP/1.1" 401 36 "-" "-"
20.48.163.91 - - [25/Aug/2026:19:22:58 +0500] "GET /ffile.php HTTP/1.1" 401 36 "-" "-"
20.48.163.91 - - [25/Aug/2026:19:22:59 +0500] "GET /file2.php HTTP/1.1" 401 36 "-" "-"
20.48.163.91 - - [25/Aug/2026:19:22:59 +0500] "GET /xxw.php HTTP/1.1" 401 36 "-" "-"
20.48.163.91 - - [25/Aug/2026:19:22:59 +0500] "GET /wcas.php HTTP/1.1" 401 36 "-" "-"
