34.30.223.149 - - [25/Aug/2026:17:41:06 +0500] "GET /ru/component/mailto/?link=7bd6107acdbe89b767167f78c670ce0373797ef7&template=accessibility&tmpl=component HTTP/1.1" 200 4103 "-" "Mozilla/5.0 (Macintosh; Intel Mac OS X 10_15_7) AppleWebKit/537.36 (KHTML, like Gecko) Chrome/120.0.0.0 Safari/537.36"
40.77.167.6 - - [25/Aug/2026:17:41:08 +0500] "GET /ru/conditions-rus/17-russian/officially-rus HTTP/1.1" 200 42454 "-" "Mozilla/5.0 AppleWebKit/537.36 (KHTML, like Gecko; compatible; bingbot/2.0; +http://www.bing.com/bingbot.htm) Chrome/116.0.1938.76 Safari/537.36"
34.56.53.225 - - [25/Aug/2026:17:41:32 +0500] "GET /ru/component/mailto/?link=7760a31e8da203296c17a72e64a9cba6358d26ab&template=uml&tmpl=component HTTP/1.1" 200 4558 "-" "Mozilla/5.0 (Macintosh; Intel Mac OS X 10_15_7) AppleWebKit/537.36 (KHTML, like Gecko) Chrome/120.0.0.0 Safari/537.36"
34.171.68.95 - - [25/Aug/2026:17:41:34 +0500] "GET /ru/about-org-rus/structure-rus/2-uncategorised/47-direction-uzb HTTP/1.1" 200 30492 "-" "Mozilla/5.0 (Macintosh; Intel Mac OS X 10_15_7) AppleWebKit/537.36 (KHTML, like Gecko) Chrome/120.0.0.0 Safari/537.36"
207.46.13.127 - - [25/Aug/2026:17:41:43 +0500] "GET /ru/?cbid=1398852&csid=0&start=25 HTTP/1.1" 200 45390 "-" "Mozilla/5.0 AppleWebKit/537.36 (KHTML, like Gecko; compatible; bingbot/2.0; +http://www.bing.com/bingbot.htm) Chrome/116.0.1938.76 Safari/537.36"
34.123.149.87 - - [25/Aug/2026:17:42:03 +0500] "GET /ru/images/content/sush_fakti_ves_2017/%D0%A1%D1%83%D1%88_%D1%84%D0%B0%D0%BA%D1%82_82.doc HTTP/1.1" 508 288 "-" "Mozilla/5.0 (Macintosh; Intel Mac OS X 10_15_7) AppleWebKit/537.36 (KHTML, like Gecko) Chrome/120.0.0.0 Safari/537.36"
34.30.223.149 - - [25/Aug/2026:17:42:02 +0500] "GET /ru/officially-rus/tenders-rus?start=5&template=accessibility HTTP/1.1" 200 18159 "-" "Mozilla/5.0 (Macintosh; Intel Mac OS X 10_15_7) AppleWebKit/537.36 (KHTML, like Gecko) Chrome/120.0.0.0 Safari/537.36"
114.119.139.19 - - [25/Aug/2026:17:42:02 +0500] "GET /ru/2-uncategorised/25-03-resheniya-prinyatye-vysshim-organom-upravleniya-emitenta-27-06-2014?tmpl=component&print=1 HTTP/1.1" 200 20935 "https://www.uml.uz/ru/2-uncategorised/25-03-resheniya-prinyatye-vysshim-organom-upravleniya-emitenta-27-06-2014" "Mozilla/5.0 (Linux; Android 7.0;) AppleWebKit/537.36 (HTML, like Gecko) Mobile Safari/537.36 (compatible; PetalBot;+https://webmaster.petalsearch.com/site/petalbot)"
34.205.170.13 - - [25/Aug/2026:17:42:46 +0500] "GET /ru/?cbid=1398858&csid=0&format=feed&type=rss HTTP/1.1" 200 11157 "-" "Mozilla/5.0 AppleWebKit/537.36 (KHTML, like Gecko; compatible; Amazonbot/0.1; +https://developer.amazon.com/support/amazonbot) Chrome/119.0.6045.214 Safari/537.36"
57.141.0.29 - - [25/Aug/2026:17:42:52 +0500] "GET / HTTP/1.1" 301 - "-" "facebookexternalhit/1.1 (+http://www.facebook.com/externalhit_uatext.php)"
114.119.141.52 - - [25/Aug/2026:17:43:24 +0500] "GET /ru/?mode=cate&cbid=1398836&csid=0 HTTP/1.1" 200 49564 "https://www.uml.uz/ru/?mode=cate&cbid=1398836&csid=0&start=25" "Mozilla/5.0 (Linux; Android 7.0;) AppleWebKit/537.36 (HTML, like Gecko) Mobile Safari/537.36 (compatible; PetalBot;+https://webmaster.petalsearch.com/site/petalbot)"
34.10.180.98 - - [25/Aug/2026:17:43:46 +0500] "GET /uz/shareholders-uzb/reports-uzb/121-kpe-2018 HTTP/1.1" 200 26582 "-" "Mozilla/5.0 (Macintosh; Intel Mac OS X 10_15_7) AppleWebKit/537.36 (KHTML, like Gecko) Chrome/120.0.0.0 Safari/537.36"
207.46.13.83 - - [25/Aug/2026:17:43:56 +0500] "GET /uz/?cbid=1398864&csid=0&mode=cate&start=25 HTTP/1.1" 200 42565 "-" "Mozilla/5.0 AppleWebKit/537.36 (KHTML, like Gecko; compatible; bingbot/2.0; +http://www.bing.com/bingbot.htm) Chrome/116.0.1938.76 Safari/537.36"
34.56.53.225 - - [25/Aug/2026:17:44:00 +0500] "GET /uz/oficially-uzb/tenders-uzb/1215-tender-audit-2024 HTTP/1.1" 200 30297 "-" "Mozilla/5.0 (Macintosh; Intel Mac OS X 10_15_7) AppleWebKit/537.36 (KHTML, like Gecko) Chrome/120.0.0.0 Safari/537.36"
185.191.171.3 - - [25/Aug/2026:17:44:16 +0500] "GET /uz/?cbid=1398933&csid=0&mode=cate&start=25 HTTP/1.1" 200 42581 "-" "Mozilla/5.0 (compatible; SemrushBot/7~bl; +http://www.semrush.com/bot.html)"
34.61.96.6 - - [25/Aug/2026:17:44:20 +0500] "GET /ru/component/mailto/?link=25da1af512c7cd05f64dba2038f95aaf8405429a&template=uml&tmpl=component HTTP/1.1" 200 4530 "-" "Mozilla/5.0 (Macintosh; Intel Mac OS X 10_15_7) AppleWebKit/537.36 (KHTML, like Gecko) Chrome/120.0.0.0 Safari/537.36"
114.119.158.112 - - [25/Aug/2026:17:44:47 +0500] "GET /ru/news-rus/9-russian?start=15 HTTP/1.1" 200 46482 "https://uml.uz/ru/news-rus/9-russian?start=20" "Mozilla/5.0 (Linux; Android 7.0;) AppleWebKit/537.36 (HTML, like Gecko) Mobile Safari/537.36 (compatible; PetalBot;+https://webmaster.petalsearch.com/site/petalbot)"
57.141.14.33 - - [25/Aug/2026:17:44:51 +0500] "GET / HTTP/1.1" 301 - "-" "facebookexternalhit/1.1 (+http://www.facebook.com/externalhit_uatext.php)"
44.205.180.155 - - [25/Aug/2026:17:44:54 +0500] "GET /ru/?cbid=1398887&csid=0&mode=cate&start=15 HTTP/1.1" 200 48734 "-" "Mozilla/5.0 AppleWebKit/537.36 (KHTML, like Gecko; compatible; Amazonbot/0.1; +https://developer.amazon.com/support/amazonbot) Chrome/119.0.6045.214 Safari/537.36"
34.10.180.98 - - [25/Aug/2026:17:45:34 +0500] "GET /ru/images/content/2018/%D0%90%D1%83%D0%B4%D0%B8%D1%82%D0%BE%D1%80%D1%81%D0%BA%D0%BE%D0%B5_%D0%B7%D0%B0%D0%BA%D0%BB%D1%8E%D1%87%D0%B5%D0%BD%D0%B8%D0%B5_%D0%9C%D0%A1%D0%A4%D0%9E_2017.pdf HTTP/1.1" 404 1904 "-" "Mozilla/5.0 (Macintosh; Intel Mac OS X 10_15_7) AppleWebKit/537.36 (KHTML, like Gecko) Chrome/120.0.0.0 Safari/537.36"
34.61.96.6 - - [25/Aug/2026:17:45:34 +0500] "GET /ru/component/mailto/?link=ae7b4e59c0b0267c37ea45d565a97a4bc78ba0e5&template=uml&tmpl=component HTTP/1.1" 200 4558 "-" "Mozilla/5.0 (Macintosh; Intel Mac OS X 10_15_7) AppleWebKit/537.36 (KHTML, like Gecko) Chrome/120.0.0.0 Safari/537.36"
40.77.167.73 - - [25/Aug/2026:17:45:40 +0500] "GET /uz/shareholders-uzb/reports-uzb/2-uncategorised/28-16-nachislenie-dokhodov-po-tsennym-bumagam-nachalo-i-okonchanie-vyplaty-dokhodov-po-tsennym-bumagam-emitenta-27-06-2014 HTTP/1.1" 200 31175 "-" "Mozilla/5.0 AppleWebKit/537.36 (KHTML, like Gecko; compatible; bingbot/2.0; +http://www.bing.com/bingbot.htm) Chrome/116.0.1938.76 Safari/537.36"
34.123.149.87 - - [25/Aug/2026:17:45:56 +0500] "GET /ru/component/mailto/?link=434792be3c31bcb42fbfe3802975964353b21304&template=accessibility&tmpl=component HTTP/1.1" 200 4075 "-" "Mozilla/5.0 (Macintosh; Intel Mac OS X 10_15_7) AppleWebKit/537.36 (KHTML, like Gecko) Chrome/120.0.0.0 Safari/537.36"
34.10.180.98 - - [25/Aug/2026:17:46:02 +0500] "GET /uz/shareholders-uzb/events-uzb/2-uncategorised/14-conditions-rus HTTP/1.1" 200 29917 "-" "Mozilla/5.0 (Macintosh; Intel Mac OS X 10_15_7) AppleWebKit/537.36 (KHTML, like Gecko) Chrome/120.0.0.0 Safari/537.36"
114.119.150.252 - - [25/Aug/2026:17:46:11 +0500] "GET /ru/component/mailto?tmpl=component&template=uml&link=ec61504bdfc9adb9901082df4cf7de8092c2df7b HTTP/1.1" 200 4525 "https://uml.uz/ru/interactive-rus/faq-rus/2-uncategorised" "Mozilla/5.0 (Linux; Android 7.0;) AppleWebKit/537.36 (HTML, like Gecko) Mobile Safari/537.36 (compatible; PetalBot;+https://webmaster.petalsearch.com/site/petalbot)"
136.119.35.120 - - [25/Aug/2026:17:46:15 +0500] "GET /uz/component/mailto/?link=f5a3c8e90b41af3a60d5740b719ce65aaf852861&template=uml&tmpl=component HTTP/1.1" 200 4536 "-" "Mozilla/5.0 (Macintosh; Intel Mac OS X 10_15_7) AppleWebKit/537.36 (KHTML, like Gecko) Chrome/120.0.0.0 Safari/537.36"
114.119.141.52 - - [25/Aug/2026:17:47:35 +0500] "GET /ru/officially-rus/vacancies-rus/2-uncategorised/408-patricia-benner-inexperienced-to-be-able-to-pro-nursing-theory HTTP/1.1" 200 32668 "https://www.uml.uz/ru/officially-rus/vacancies-rus/2-uncategorised/408-patricia-benner-inexperienced-to-be-able-to-pro-nursing-theory" "Mozilla/5.0 (Linux; Android 7.0;) AppleWebKit/537.36 (HTML, like Gecko) Mobile Safari/537.36 (compatible; PetalBot;+https://webmaster.petalsearch.com/site/petalbot)"
57.141.20.45 - - [25/Aug/2026:17:47:55 +0500] "GET / HTTP/1.1" 301 - "-" "facebookexternalhit/1.1 (+http://www.facebook.com/externalhit_uatext.php)"
114.119.158.112 - - [25/Aug/2026:17:48:59 +0500] "GET /ru?gid=738534&mode=grp&sort=n&start=25 HTTP/1.1" 200 45178 "https://www.uml.uz/ru?cbid=2543649&csid=0&mode=cate&start=10" "Mozilla/5.0 (Linux; Android 7.0;) AppleWebKit/537.36 (HTML, like Gecko) Mobile Safari/537.36 (compatible; PetalBot;+https://webmaster.petalsearch.com/site/petalbot)"
192.178.7.166 - - [25/Aug/2026:17:49:37 +0500] "GET /media/ext_tss/assets/js/script.js HTTP/1.1" 200 1117 "http://www.uml.uzbekgidroenergoqurilish.uz/" "Mozilla/5.0 (Linux; Android 6.0.1; Nexus 5X Build/MMB29P) AppleWebKit/537.36 (KHTML, like Gecko) Chrome/151.0.7922.137 Mobile Safari/537.36 (compatible; Googlebot/2.1; +http://www.google.com/bot.html)"
34.10.180.98 - - [25/Aug/2026:17:49:36 +0500] "GET /uz/shareholders-uzb/jsc-docs-uzb/117-pol-rk HTTP/1.1" 200 26656 "-" "Mozilla/5.0 (Macintosh; Intel Mac OS X 10_15_7) AppleWebKit/537.36 (KHTML, like Gecko) Chrome/120.0.0.0 Safari/537.36"
207.46.13.51 - - [25/Aug/2026:17:49:55 +0500] "GET /ru/?category_name=extra HTTP/1.1" 508 288 "-" "Mozilla/5.0 AppleWebKit/537.36 (KHTML, like Gecko; compatible; bingbot/2.0; +http://www.bing.com/bingbot.htm) Chrome/116.0.1938.76 Safari/537.36"
185.191.171.11 - - [25/Aug/2026:17:49:59 +0500] "GET /ru/?category_name=new%22%20WHERE%206103%3D6103%2F%2A%2150000AND%2A%2FEXP%28~%28%2F%2A%2150000SELECT%2A%2F%2A%2F%2A%2150000FROM%2A%2F%28%2F%2A%2150000SELECT%2A%2F%2F%2A%2150000CONCAT%2A%2F%28%27~%27%2C%28%2F%2A%2150000SELECT%2A%2F%28ELT%283411%3D3411%2C1%29%29%29%2C%27~%27%2C%27x%27%29%29x%29%29--%20- HTTP/1.1" 200 49676 "-" "Mozilla/5.0 (compatible; SemrushBot/7~bl; +http://www.semrush.com/bot.html)"
54.159.98.248 - - [25/Aug/2026:17:50:14 +0500] "GET /ru/?author=1&format=feed&type=rss HTTP/1.1" 508 288 "-" "Mozilla/5.0 AppleWebKit/537.36 (KHTML, like Gecko; compatible; Amazonbot/0.1; +https://developer.amazon.com/support/amazonbot) Chrome/119.0.6045.214 Safari/537.36"
185.191.171.9 - - [25/Aug/2026:17:50:24 +0500] "GET /ru/?gid=413542&start=5 HTTP/1.1" 508 288 "-" "Mozilla/5.0 (compatible; SemrushBot/7~bl; +http://www.semrush.com/bot.html)"
114.119.136.51 - - [25/Aug/2026:17:50:23 +0500] "GET /ru/?cbid=2245843&csid=0&mode=cate HTTP/1.1" 200 49564 "https://www.uml.uz/ru/?page_id=13&start=20" "Mozilla/5.0 (Linux; Android 7.0;) AppleWebKit/537.36 (HTML, like Gecko) Mobile Safari/537.36 (compatible; PetalBot;+https://webmaster.petalsearch.com/site/petalbot)"
116.179.32.175 - - [25/Aug/2026:17:50:31 +0500] "GET /uz/?cbid=1630383&csid=0&mode=cate&start=10 HTTP/1.1" 508 288 "-" "Mozilla/5.0 (compatible; Baiduspider/2.0; +http://www.baidu.com/search/spider.html)"
111.225.214.143 - - [25/Aug/2026:17:50:32 +0500] "GET /uz/?cbid=1630383&csid=0&mode=cate&start=10 HTTP/1.1" 508 288 "-" "Mozilla/5.0 (Windows NT 10.0; WOW64) AppleWebKit/537.36 (KHTML, like Gecko) Chrome/48.0.2564.116 Safari/537.36"
34.30.223.149 - - [25/Aug/2026:17:50:32 +0500] "GET /uz/component/acym/frontusers?tmpl=component HTTP/1.1" 508 288 "-" "Mozilla/5.0 (Macintosh; Intel Mac OS X 10_15_7) AppleWebKit/537.36 (KHTML, like Gecko) Chrome/120.0.0.0 Safari/537.36"
119.249.100.111 - - [25/Aug/2026:17:50:33 +0500] "GET /uz/?cbid=1630383&csid=0&mode=cate&start=10 HTTP/1.1" 508 288 "-" "Mozilla/5.0 (Windows NT 10.0; WOW64) AppleWebKit/537.36 (KHTML, like Gecko) Chrome/48.0.2564.116 Safari/537.36"
207.46.13.51 - - [25/Aug/2026:17:50:35 +0500] "GET /ru/?newbook=29214&start=5 HTTP/1.1" 200 52268 "-" "Mozilla/5.0 AppleWebKit/537.36 (KHTML, like Gecko; compatible; bingbot/2.0; +http://www.bing.com/bingbot.htm) Chrome/116.0.1938.76 Safari/537.36"
82.156.226.27 - - [25/Aug/2026:17:50:49 +0500] "GET /media/ext_tss/assets/css/style.css HTTP/1.1" 200 2396 "http://www.uml.uzbekgidroenergoqurilish.uz/" "Mozilla/5.0 (Windows NT 10.0; Win64; x64) AppleWebKit/537.36 (KHTML, like Gecko) Chrome/150.0.0.0 Safari/537.36"
82.156.226.27 - - [25/Aug/2026:17:50:50 +0500] "GET /media/ext_tss/assets/js/script.js HTTP/1.1" 200 1117 "http://www.uml.uzbekgidroenergoqurilish.uz/" "Mozilla/5.0 (Windows NT 10.0; Win64; x64) AppleWebKit/537.36 (KHTML, like Gecko) Chrome/150.0.0.0 Safari/537.36"
57.141.10.22 - - [25/Aug/2026:17:50:53 +0500] "GET / HTTP/1.1" 301 - "-" "facebookexternalhit/1.1 (+http://www.facebook.com/externalhit_uatext.php)"
136.119.35.120 - - [25/Aug/2026:17:51:35 +0500] "GET /uz/about-org-uzb/indexes-uzb/2-uncategorised HTTP/1.1" 200 37714 "-" "Mozilla/5.0 (Macintosh; Intel Mac OS X 10_15_7) AppleWebKit/537.36 (KHTML, like Gecko) Chrome/120.0.0.0 Safari/537.36"
114.119.136.51 - - [25/Aug/2026:17:51:47 +0500] "GET /ru/shareholders-rus/dividends-rus/2-uncategorised/28-16-nachislenie-dokhodov-po-tsennym-bumagam-nachalo-i-okonchanie-vyplaty-dokhodov-po-tsennym-bumagam-emitenta-27-06-2014 HTTP/1.1" 200 33773 "https://www.uml.uz/ru/shareholders-rus/dividends-rus/2-uncategorised?start=30" "Mozilla/5.0 (Linux; Android 7.0;) AppleWebKit/537.36 (HTML, like Gecko) Mobile Safari/537.36 (compatible; PetalBot;+https://webmaster.petalsearch.com/site/petalbot)"
34.56.53.225 - - [25/Aug/2026:17:52:36 +0500] "GET /uz/news-uzb/107-konkurs-audit-2019?layout=default&print=1&tmpl=component HTTP/1.1" 200 5991 "-" "Mozilla/5.0 (Macintosh; Intel Mac OS X 10_15_7) AppleWebKit/537.36 (KHTML, like Gecko) Chrome/120.0.0.0 Safari/537.36"
114.119.157.157 - - [25/Aug/2026:17:53:10 +0500] "GET /ru/officially-rus/tenders-rus/2-uncategorised?start=380 HTTP/1.1" 200 29380 "https://uml.uz/ru/officially-rus/tenders-rus/2-uncategorised?start=370" "Mozilla/5.0 (Linux; Android 7.0;) AppleWebKit/537.36 (HTML, like Gecko) Mobile Safari/537.36 (compatible; PetalBot;+https://webmaster.petalsearch.com/site/petalbot)"
34.10.180.98 - - [25/Aug/2026:17:53:12 +0500] "GET /uz/officially-rus/ustav-rus?print=1&tmpl=component HTTP/1.1" 200 3004 "-" "Mozilla/5.0 (Macintosh; Intel Mac OS X 10_15_7) AppleWebKit/537.36 (KHTML, like Gecko) Chrome/120.0.0.0 Safari/537.36"
57.141.22.36 - - [25/Aug/2026:17:53:52 +0500] "GET / HTTP/1.1" 301 - "-" "facebookexternalhit/1.1 (+http://www.facebook.com/externalhit_uatext.php)"
34.171.68.95 - - [25/Aug/2026:17:54:02 +0500] "GET /uz/shareholders-uzb/dividends-uzb?template=uml HTTP/1.1" 200 30267 "-" "Mozilla/5.0 (Macintosh; Intel Mac OS X 10_15_7) AppleWebKit/537.36 (KHTML, like Gecko) Chrome/120.0.0.0 Safari/537.36"
114.119.157.157 - - [25/Aug/2026:17:54:33 +0500] "GET /ru/?mode=cate&cbid=1398891&csid=0&start=20 HTTP/1.1" 200 50354 "https://www.uml.uz/ru/?gid=645223&mode=grp&sort=n&start=25" "Mozilla/5.0 (Linux; Android 7.0;) AppleWebKit/537.36 (HTML, like Gecko) Mobile Safari/537.36 (compatible; PetalBot;+https://webmaster.petalsearch.com/site/petalbot)"
34.123.149.87 - - [25/Aug/2026:17:55:21 +0500] "GET /ru/officially-rus/vacancies-rus/2-uncategorised/2-about-us HTTP/1.1" 200 30200 "-" "Mozilla/5.0 (Macintosh; Intel Mac OS X 10_15_7) AppleWebKit/537.36 (KHTML, like Gecko) Chrome/120.0.0.0 Safari/537.36"
34.30.223.149 - - [25/Aug/2026:17:55:37 +0500] "GET /ru/images/content/2019-dop/sush_fakt-08-24.06.2019-ns.pdf HTTP/1.1" 404 1904 "-" "Mozilla/5.0 (Macintosh; Intel Mac OS X 10_15_7) AppleWebKit/537.36 (KHTML, like Gecko) Chrome/120.0.0.0 Safari/537.36"
114.119.157.157 - - [25/Aug/2026:17:55:56 +0500] "GET /ru/component/mailto/?tmpl=component&template=uml&link=939ec0dec1cc321b94a3b06e027f7bde6f1689db HTTP/1.1" 508 288 "https://www.uml.uz/ru/?cbid=1425873&csid=0%27%20AND%20AND%2010110%3DCONVERT(INT%2C(SELECT%27~%27%20(SELECT(CASEWHEN(10110%3D10110)%20THEN%271%27%20ELSE%20%270%27END))%20%27~%27))--%20-&start=5" "Mozilla/5.0 (Linux; Android 7.0;) AppleWebKit/537.36 (HTML, like Gecko) Mobile Safari/537.36 (compatible; PetalBot;+https://webmaster.petalsearch.com/site/petalbot)"
185.191.171.7 - - [25/Aug/2026:17:56:23 +0500] "GET /ru/?s=U%3A%1A&start=20 HTTP/1.1" 200 50358 "-" "Mozilla/5.0 (compatible; SemrushBot/7~bl; +http://www.semrush.com/bot.html)"
57.141.4.59 - - [25/Aug/2026:17:56:55 +0500] "GET / HTTP/1.1" 301 - "-" "facebookexternalhit/1.1 (+http://www.facebook.com/externalhit_uatext.php)"
114.119.141.52 - - [25/Aug/2026:17:57:22 +0500] "GET /ru/?p=3669&start=15 HTTP/1.1" 508 288 "https://www.uml.uz/ru/?mode=myaccount&start=10" "Mozilla/5.0 (Linux; Android 7.0;) AppleWebKit/537.36 (HTML, like Gecko) Mobile Safari/537.36 (compatible; PetalBot;+https://webmaster.petalsearch.com/site/petalbot)"
114.119.148.1 - - [25/Aug/2026:17:58:45 +0500] "GET /ru/?gid=2472511&start=5 HTTP/1.1" 200 50897 "https://www.uml.uz/ru/?cbid=1398856&csid=0&mode=cate&start=15" "Mozilla/5.0 (Linux; Android 7.0;) AppleWebKit/537.36 (HTML, like Gecko) Mobile Safari/537.36 (compatible; PetalBot;+https://webmaster.petalsearch.com/site/petalbot)"
66.249.72.204 - - [25/Aug/2026:17:59:03 +0500] "GET /robots.txt HTTP/1.1" 301 - "-" "Mozilla/5.0 (compatible; Googlebot/2.1; +http://www.google.com/bot.html)"
66.249.72.206 - - [25/Aug/2026:17:59:06 +0500] "GET /ru/robots.txt HTTP/1.1" 508 288 "-" "Mozilla/5.0 (compatible; Googlebot/2.1; +http://www.google.com/bot.html)"
34.56.53.225 - - [25/Aug/2026:17:59:19 +0500] "GET /uz/?cbid=2022649&csid=0&format=feed&mode=cate&type=atom HTTP/1.1" 200 19765 "-" "Mozilla/5.0 (Macintosh; Intel Mac OS X 10_15_7) AppleWebKit/537.36 (KHTML, like Gecko) Chrome/120.0.0.0 Safari/537.36"
57.141.16.51 - - [25/Aug/2026:17:59:53 +0500] "GET / HTTP/1.1" 301 - "-" "facebookexternalhit/1.1 (+http://www.facebook.com/externalhit_uatext.php)"
34.56.53.225 - - [25/Aug/2026:17:59:55 +0500] "GET /ru/shareholders-rus/facts-rus?format=feed&type=rss HTTP/1.1" 200 13167 "-" "Mozilla/5.0 (Macintosh; Intel Mac OS X 10_15_7) AppleWebKit/537.36 (KHTML, like Gecko) Chrome/120.0.0.0 Safari/537.36"
114.119.158.112 - - [25/Aug/2026:18:00:09 +0500] "GET /ru?p=4842&start=20 HTTP/1.1" 508 288 "https://www.uml.uz/ru?p=4842&start=20" "Mozilla/5.0 (Linux; Android 7.0;) AppleWebKit/537.36 (HTML, like Gecko) Mobile Safari/537.36 (compatible; PetalBot;+https://webmaster.petalsearch.com/site/petalbot)"
144.124.199.136 - - [25/Aug/2026:18:00:27 +0500] "GET /images/design/map.jpg HTTP/1.1" 200 82859 "https://yandex.uz/" "Mozilla/5.0 (Linux; arm_64; Android 13; M2103K19Y) AppleWebKit/537.36 (KHTML, like Gecko) Chrome/148.0.7778.39 YaSearchBrowser/26.67.1 BroPP/1.0 YaSearchApp/26.67.1 webOmni Mobile Safari/537.36"
34.123.149.87 - - [25/Aug/2026:18:00:26 +0500] "GET /ru/shareholders-rus/invest-rus?template=accessibility HTTP/1.1" 200 14461 "-" "Mozilla/5.0 (Macintosh; Intel Mac OS X 10_15_7) AppleWebKit/537.36 (KHTML, like Gecko) Chrome/120.0.0.0 Safari/537.36"
34.123.149.87 - - [25/Aug/2026:18:01:04 +0500] "GET /ru/news-rus/1009-aksiadorlar-diqqatiga-vnimaniyu-aktsionerov?layout=default&print=1&tmpl=component HTTP/1.1" 200 8980 "-" "Mozilla/5.0 (Macintosh; Intel Mac OS X 10_15_7) AppleWebKit/537.36 (KHTML, like Gecko) Chrome/120.0.0.0 Safari/537.36"
34.10.180.98 - - [25/Aug/2026:18:01:08 +0500] "GET /ru/shareholders-rus/audit-rus?template=accessibility HTTP/1.1" 508 288 "-" "Mozilla/5.0 (Macintosh; Intel Mac OS X 10_15_7) AppleWebKit/537.36 (KHTML, like Gecko) Chrome/120.0.0.0 Safari/537.36"
85.208.96.206 - - [25/Aug/2026:18:01:10 +0500] "GET /robots.txt HTTP/1.1" 508 288 "-" "Mozilla/5.0 (compatible; SemrushBot/7~bl; +http://www.semrush.com/bot.html)"
185.191.171.9 - - [25/Aug/2026:18:01:09 +0500] "GET /robots.txt HTTP/1.1" 301 - "-" "Mozilla/5.0 (compatible; SemrushBot/7~bl; +http://www.semrush.com/bot.html)"
185.191.171.19 - - [25/Aug/2026:18:01:12 +0500] "GET /ru/robots.txt HTTP/1.1" 404 1892 "-" "Mozilla/5.0 (compatible; SemrushBot/7~bl; +http://www.semrush.com/bot.html)"
85.208.96.204 - - [25/Aug/2026:18:01:14 +0500] "GET /ru/?gid=413542&mode=grp&start=20 HTTP/1.1" 200 50454 "-" "Mozilla/5.0 (compatible; SemrushBot/7~bl; +http://www.semrush.com/bot.html)"
114.119.157.157 - - [25/Aug/2026:18:01:32 +0500] "GET /ru/shareholders-rus/reports-rus/2-uncategorised/555-410480958 HTTP/1.1" 404 1892 "https://uml.uz/ru/shareholders-rus/reports-rus/2-uncategorised?start=320" "Mozilla/5.0 (Linux; Android 7.0;) AppleWebKit/537.36 (HTML, like Gecko) Mobile Safari/537.36 (compatible; PetalBot;+https://webmaster.petalsearch.com/site/petalbot)"
85.208.96.200 - - [25/Aug/2026:18:01:59 +0500] "GET /uz/?cbid=2022649&csid=0&mode=cate HTTP/1.1" 508 288 "-" "Mozilla/5.0 (compatible; SemrushBot/7~bl; +http://www.semrush.com/bot.html)"
185.191.171.4 - - [25/Aug/2026:18:02:06 +0500] "GET /ru/shareholders-rus/facts-rus/9-russian?start=10 HTTP/1.1" 200 44486 "-" "Mozilla/5.0 (compatible; SemrushBot/7~bl; +http://www.semrush.com/bot.html)"
192.178.7.168 - - [25/Aug/2026:18:02:15 +0500] "GET /docs/2026/sush_fakt-36-02.07.2026.docx HTTP/1.1" 200 20315 "-" "Mozilla/5.0 (Linux; Android 6.0.1; Nexus 5X Build/MMB29P) AppleWebKit/537.36 (KHTML, like Gecko) Chrome/151.0.7922.137 Mobile Safari/537.36 (compatible; Googlebot/2.1; +http://www.google.com/bot.html)"
100.30.224.240 - - [25/Aug/2026:18:02:13 +0500] "GET /ru/shareholders-rus/jsc-docs-rus?format=feed&type=rss HTTP/1.1" 200 3949 "https://www.google.com/" "Mozilla/5.0 (X11; Linux x86_64) AppleWebKit/537.36 (KHTML, like Gecko) Chrome/80.0.3987.122 Safari/537.36"
114.119.136.51 - - [25/Aug/2026:18:02:56 +0500] "GET /ru/component/mijopolls HTTP/1.1" 200 31267 "https://www.uml.uz/ru/component/mijopolls" "Mozilla/5.0 (Linux; Android 7.0;) AppleWebKit/537.36 (HTML, like Gecko) Mobile Safari/537.36 (compatible; PetalBot;+https://webmaster.petalsearch.com/site/petalbot)"
34.10.180.98 - - [25/Aug/2026:18:02:55 +0500] "GET /ru/shareholders-rus/reports-rus/89-balans-2-2017 HTTP/1.1" 200 29342 "-" "Mozilla/5.0 (Macintosh; Intel Mac OS X 10_15_7) AppleWebKit/537.36 (KHTML, like Gecko) Chrome/120.0.0.0 Safari/537.36"
198.235.24.15 - - [25/Aug/2026:18:04:03 +0500] "GET / HTTP/1.1" 200 40068 "-" "Hello from Palo Alto Networks, find out more about our scans in https://docs-cortex.paloaltonetworks.com/r/1/Cortex-Xpanse/Scanning-activity"
34.56.53.225 - - [25/Aug/2026:18:04:04 +0500] "GET /uz/component/mailto/?link=070bdd33b2e49efeb268a4325e11372c602eefe2&template=uml&tmpl=component HTTP/1.1" 200 4531 "-" "Mozilla/5.0 (Macintosh; Intel Mac OS X 10_15_7) AppleWebKit/537.36 (KHTML, like Gecko) Chrome/120.0.0.0 Safari/537.36"
114.119.157.157 - - [25/Aug/2026:18:04:19 +0500] "GET /ru/shareholders-rus/prospectus-rus/2-uncategorised?start=550 HTTP/1.1" 200 29375 "https://uml.uz/ru/shareholders-rus/prospectus-rus/2-uncategorised?start=530" "Mozilla/5.0 (Linux; Android 7.0;) AppleWebKit/537.36 (HTML, like Gecko) Mobile Safari/537.36 (compatible; PetalBot;+https://webmaster.petalsearch.com/site/petalbot)"
185.191.171.4 - - [25/Aug/2026:18:04:51 +0500] "GET /uz/?cbid=2106423&csid=0&mode=cate&start=10 HTTP/1.1" 200 47043 "-" "Mozilla/5.0 (compatible; SemrushBot/7~bl; +http://www.semrush.com/bot.html)"
85.208.96.194 - - [25/Aug/2026:18:04:56 +0500] "GET /ru/?cbid=1398855&csid=0&start=20 HTTP/1.1" 200 50582 "-" "Mozilla/5.0 (compatible; SemrushBot/7~bl; +http://www.semrush.com/bot.html)"
34.61.96.6 - - [25/Aug/2026:18:05:13 +0500] "GET /ru/shareholders-rus/audit-rus/9-russian HTTP/1.1" 508 288 "-" "Mozilla/5.0 (Macintosh; Intel Mac OS X 10_15_7) AppleWebKit/537.36 (KHTML, like Gecko) Chrome/120.0.0.0 Safari/537.36"
34.123.149.87 - - [25/Aug/2026:18:05:19 +0500] "GET /uz/shareholders-uzb/reports-uzb/2-uncategorised/25-03-resheniya-prinyatye-vysshim-organom-upravleniya-emitenta-27-06-2014 HTTP/1.1" 508 288 "-" "Mozilla/5.0 (Macintosh; Intel Mac OS X 10_15_7) AppleWebKit/537.36 (KHTML, like Gecko) Chrome/120.0.0.0 Safari/537.36"
157.55.39.12 - - [25/Aug/2026:18:05:30 +0500] "GET /uz/?mode=f7 HTTP/1.1" 200 46602 "-" "Mozilla/5.0 AppleWebKit/537.36 (KHTML, like Gecko; compatible; bingbot/2.0; +http://www.bing.com/bingbot.htm) Chrome/116.0.1938.76 Safari/537.36"
104.209.144.33 - - [25/Aug/2026:18:05:44 +0500] "GET /wp-content/plugins/hellopress/wp_filemanager.php HTTP/1.1" 404 5752 "-" "-"
104.209.144.33 - - [25/Aug/2026:18:05:44 +0500] "GET /this_is_a_new_hello_world.php HTTP/1.1" 404 5752 "-" "-"
104.209.144.33 - - [25/Aug/2026:18:05:45 +0500] "GET /wp-includes/theme-compat/index.php HTTP/1.1" 404 5752 "-" "-"
104.209.144.33 - - [25/Aug/2026:18:05:45 +0500] "GET /wp-includes/ID3/index.php HTTP/1.1" 404 5752 "-" "-"
104.209.144.33 - - [25/Aug/2026:18:05:45 +0500] "GET /wp-includes/blocks/comment-template/index.php HTTP/1.1" 404 5752 "-" "-"
104.209.144.33 - - [25/Aug/2026:18:05:46 +0500] "GET /wordpress/wp-includes/Requests/index.php HTTP/1.1" 404 5752 "-" "-"
104.209.144.33 - - [25/Aug/2026:18:05:46 +0500] "GET /wp-login.php HTTP/1.1" 404 5752 "-" "-"
54.166.126.132 - - [25/Aug/2026:18:05:47 +0500] "GET /uz/?pageID=4&site=nli HTTP/1.1" 508 288 "-" "Mozilla/5.0 AppleWebKit/537.36 (KHTML, like Gecko; compatible; Amazonbot/0.1; +https://developer.amazon.com/support/amazonbot) Chrome/119.0.6045.214 Safari/537.36"
104.209.144.33 - - [25/Aug/2026:18:05:47 +0500] "GET /test/index.php HTTP/1.1" 404 5752 "-" "-"
104.209.144.33 - - [25/Aug/2026:18:05:47 +0500] "GET /wp-includes/blocks/read-more/index.php HTTP/1.1" 404 5752 "-" "-"
104.209.144.33 - - [25/Aug/2026:18:05:47 +0500] "GET /.well-known/index.php HTTP/1.1" 404 5752 "-" "-"
104.209.144.33 - - [25/Aug/2026:18:05:48 +0500] "GET /css/index.php HTTP/1.1" 404 5752 "-" "-"
104.209.144.33 - - [25/Aug/2026:18:05:48 +0500] "GET /wp-content/uploads/gravity_forms/b/d/e/g/dfylbgoahqt.php HTTP/1.1" 404 5752 "-" "-"
104.209.144.33 - - [25/Aug/2026:18:05:49 +0500] "GET /wp-includes/js/thickbox/index.php HTTP/1.1" 404 5752 "-" "-"
114.119.158.112 - - [25/Aug/2026:18:05:44 +0500] "GET /ru/shareholders-rus/prospectus-rus/2-uncategorised?start=510 HTTP/1.1" 200 29375 "https://uml.uz/ru/shareholders-rus/prospectus-rus/2-uncategorised?start=530" "Mozilla/5.0 (Linux; Android 7.0;) AppleWebKit/537.36 (HTML, like Gecko) Mobile Safari/537.36 (compatible; PetalBot;+https://webmaster.petalsearch.com/site/petalbot)"
104.209.144.33 - - [25/Aug/2026:18:05:49 +0500] "GET /modules/mod_simplefileuploadv1.3/elements/Cyb3r.php HTTP/1.1" 404 5752 "-" "-"
104.209.144.33 - - [25/Aug/2026:18:05:49 +0500] "GET /wp-includes/php-compat/index.php HTTP/1.1" 404 5752 "-" "-"
104.209.144.33 - - [25/Aug/2026:18:05:50 +0500] "GET /echkm.php HTTP/1.1" 404 5752 "-" "-"
104.209.144.33 - - [25/Aug/2026:18:05:51 +0500] "GET /wordpress/first.php HTTP/1.1" 404 5752 "-" "-"
104.209.144.33 - - [25/Aug/2026:18:05:51 +0500] "GET /wp-includes/Text/about.php7 HTTP/1.1" 404 5752 "-" "-"
104.209.144.33 - - [25/Aug/2026:18:05:51 +0500] "GET /wp-content/index.php HTTP/1.1" 404 5752 "-" "-"
104.209.144.33 - - [25/Aug/2026:18:05:52 +0500] "GET /wp/wp-includes/index.php HTTP/1.1" 404 5752 "-" "-"
104.209.144.33 - - [25/Aug/2026:18:05:52 +0500] "GET /upload.php HTTP/1.1" 404 5752 "-" "-"
104.209.144.33 - - [25/Aug/2026:18:05:53 +0500] "GET /images/gmapfp/xsamxadoo.php HTTP/1.1" 404 5752 "-" "-"
104.209.144.33 - - [25/Aug/2026:18:05:53 +0500] "GET /wp-includes/pomo/index.php HTTP/1.1" 404 5752 "-" "-"
104.209.144.33 - - [25/Aug/2026:18:05:53 +0500] "GET /wp-content/themes/home/index.php HTTP/1.1" 404 5752 "-" "-"
104.209.144.33 - - [25/Aug/2026:18:05:54 +0500] "GET /wp-includes/theme-compat/index.php HTTP/1.1" 404 5752 "-" "-"
104.209.144.33 - - [25/Aug/2026:18:05:54 +0500] "GET /403.php HTTP/1.1" 404 5752 "-" "-"
104.209.144.33 - - [25/Aug/2026:18:05:54 +0500] "GET /cgi-bin/mt/byp.php HTTP/1.1" 404 5752 "-" "-"
104.209.144.33 - - [25/Aug/2026:18:05:55 +0500] "GET /wp-includes/Text/Diff/index.php HTTP/1.1" 404 5752 "-" "-"
104.209.144.33 - - [25/Aug/2026:18:05:55 +0500] "GET /update/wpup.php HTTP/1.1" 404 5752 "-" "-"
104.209.144.33 - - [25/Aug/2026:18:05:56 +0500] "GET /wp-includes/Requests/index.php HTTP/1.1" 404 5752 "-" "-"
104.209.144.33 - - [25/Aug/2026:18:05:56 +0500] "GET /file.php HTTP/1.1" 404 5752 "-" "-"
104.209.144.33 - - [25/Aug/2026:18:05:56 +0500] "GET /wp-includes/js/jcrop/Jcrop.php HTTP/1.1" 404 5752 "-" "-"
104.209.144.33 - - [25/Aug/2026:18:05:57 +0500] "GET /wp-includes/js/plupload/index.php HTTP/1.1" 404 5752 "-" "-"
104.209.144.33 - - [25/Aug/2026:18:05:57 +0500] "GET /security.php HTTP/1.1" 404 5752 "-" "-"
104.209.144.33 - - [25/Aug/2026:18:05:57 +0500] "GET /wp-admin/css/colors/index.php HTTP/1.1" 404 5752 "-" "-"
104.209.144.33 - - [25/Aug/2026:18:05:58 +0500] "GET /wp-content/plugins/hello-dolly/hello.php HTTP/1.1" 404 5752 "-" "-"
104.209.144.33 - - [25/Aug/2026:18:05:58 +0500] "GET /wp-includes/js/tinymce/index.php HTTP/1.1" 404 5752 "-" "-"
104.209.144.33 - - [25/Aug/2026:18:05:59 +0500] "GET /wp-includes/fonts/about.php HTTP/1.1" 404 5752 "-" "-"
104.209.144.33 - - [25/Aug/2026:18:05:59 +0500] "GET /byp.php HTTP/1.1" 404 5752 "-" "-"
104.209.144.33 - - [25/Aug/2026:18:05:59 +0500] "GET /wp-includes/wp-conflg.php HTTP/1.1" 404 5752 "-" "-"
104.209.144.33 - - [25/Aug/2026:18:06:00 +0500] "GET /wp-admin/user/802277/index.php HTTP/1.1" 404 5752 "-" "-"
104.209.144.33 - - [25/Aug/2026:18:06:00 +0500] "GET /wp-content/themes/index.php HTTP/1.1" 404 5752 "-" "-"
104.209.144.33 - - [25/Aug/2026:18:06:01 +0500] "GET /wp-includes/Text/about.php HTTP/1.1" 404 5752 "-" "-"
104.209.144.33 - - [25/Aug/2026:18:06:01 +0500] "GET /wp-content/ai1wm-backups/about.php HTTP/1.1" 404 5752 "-" "-"
104.209.144.33 - - [25/Aug/2026:18:06:02 +0500] "GET /wp-includes/images/media/index.php HTTP/1.1" 404 5752 "-" "-"
104.209.144.33 - - [25/Aug/2026:18:06:02 +0500] "GET /2.php HTTP/1.1" 404 5752 "-" "-"
104.209.144.33 - - [25/Aug/2026:18:06:02 +0500] "GET /wp-admin/install.php HTTP/1.1" 404 5752 "-" "-"
104.209.144.33 - - [25/Aug/2026:18:06:03 +0500] "GET /wp-includes/widgets/index.php HTTP/1.1" 404 5752 "-" "-"
104.209.144.33 - - [25/Aug/2026:18:06:03 +0500] "GET /system.php HTTP/1.1" 404 5752 "-" "-"
104.209.144.33 - - [25/Aug/2026:18:06:04 +0500] "GET /images/security.php HTTP/1.1" 404 5752 "-" "-"
104.209.144.33 - - [25/Aug/2026:18:06:04 +0500] "GET /wp-includes/blocks/search/index.php HTTP/1.1" 404 5752 "-" "-"
104.209.144.33 - - [25/Aug/2026:18:06:04 +0500] "GET /wp-includes/blocks/nextpage/index.php HTTP/1.1" 404 5752 "-" "-"
104.209.144.33 - - [25/Aug/2026:18:06:05 +0500] "GET /wp-content/themes/twentytwentyfour/index.php HTTP/1.1" 404 5752 "-" "-"
104.209.144.33 - - [25/Aug/2026:18:06:05 +0500] "GET /wp-content/themes/twentytwentyfour/assets/css/geido.php HTTP/1.1" 404 5752 "-" "-"
104.209.144.33 - - [25/Aug/2026:18:06:06 +0500] "GET /wp-admin/maint/wp-login.php HTTP/1.1" 404 5752 "-" "-"
104.209.144.33 - - [25/Aug/2026:18:06:06 +0500] "GET /wp-includes/blocks/shortcode/index.php HTTP/1.1" 404 5752 "-" "-"
104.209.144.33 - - [25/Aug/2026:18:06:06 +0500] "GET /wp-includes/blocks/comments-pagination-numbers/index.php HTTP/1.1" 404 5752 "-" "-"
104.209.144.33 - - [25/Aug/2026:18:06:07 +0500] "GET /ws.php HTTP/1.1" 404 5752 "-" "-"
104.209.144.33 - - [25/Aug/2026:18:06:07 +0500] "GET /wp-includes/IXR/class-IXR-client-merge.php HTTP/1.1" 404 5752 "-" "-"
104.209.144.33 - - [25/Aug/2026:18:06:08 +0500] "GET /wp-content/plugins/admin.php HTTP/1.1" 404 5752 "-" "-"
104.209.144.33 - - [25/Aug/2026:18:06:08 +0500] "GET /wp-admin/network/index.php HTTP/1.1" 404 5752 "-" "-"
104.209.144.33 - - [25/Aug/2026:18:06:08 +0500] "GET /museu/yhweq.php HTTP/1.1" 404 5752 "-" "-"
104.209.144.33 - - [25/Aug/2026:18:06:09 +0500] "GET /first.php HTTP/1.1" 404 5752 "-" "-"
104.209.144.33 - - [25/Aug/2026:18:06:09 +0500] "GET /wp-includes/interactivity-api/index.php HTTP/1.1" 404 5752 "-" "-"
104.209.144.33 - - [25/Aug/2026:18:06:09 +0500] "GET /autoload_classmap.php HTTP/1.1" 404 5752 "-" "-"
104.209.144.33 - - [25/Aug/2026:18:06:10 +0500] "GET /Qdkv4tOtNdefault.php HTTP/1.1" 404 5752 "-" "-"
104.209.144.33 - - [25/Aug/2026:18:06:10 +0500] "GET /wp-content/index.php HTTP/1.1" 404 5752 "-" "-"
57.141.12.2 - - [25/Aug/2026:18:06:09 +0500] "GET / HTTP/1.1" 301 - "-" "facebookexternalhit/1.1 (+http://www.facebook.com/externalhit_uatext.php)"
104.209.144.33 - - [25/Aug/2026:18:06:11 +0500] "GET /images/class-config.php HTTP/1.1" 404 5752 "-" "-"
104.209.144.33 - - [25/Aug/2026:18:06:11 +0500] "GET /wp-includes/blocks/post-date/index.php HTTP/1.1" 404 5752 "-" "-"
66.249.75.66 - - [25/Aug/2026:18:06:12 +0500] "GET /docs/2022/balans-1-4-2022.xlsx HTTP/1.1" 200 33729 "-" "Mozilla/5.0 (Linux; Android 6.0.1; Nexus 5X Build/MMB29P) AppleWebKit/537.36 (KHTML, like Gecko) Chrome/151.0.7922.137 Mobile Safari/537.36 (compatible; Googlebot/2.1; +http://www.google.com/bot.html)"
104.209.144.33 - - [25/Aug/2026:18:06:12 +0500] "GET /wp-includes/blocks/social-link/index.php HTTP/1.1" 404 5752 "-" "-"
104.209.144.33 - - [25/Aug/2026:18:06:13 +0500] "GET /wp-includes/IXR/index.php HTTP/1.1" 404 5752 "-" "-"
104.209.144.33 - - [25/Aug/2026:18:06:13 +0500] "GET /.well-known/autoconfig/atomlib.php HTTP/1.1" 404 5752 "-" "-"
104.209.144.33 - - [25/Aug/2026:18:06:13 +0500] "GET /wp-includes/blocks/text-columns/index.php HTTP/1.1" 404 5752 "-" "-"
104.209.144.33 - - [25/Aug/2026:18:06:14 +0500] "GET /wp-includes/blocks/file/index.php HTTP/1.1" 404 5752 "-" "-"
104.209.144.33 - - [25/Aug/2026:18:06:14 +0500] "GET /UuAFIYGYKdefault.php HTTP/1.1" 404 5752 "-" "-"
104.209.144.33 - - [25/Aug/2026:18:06:15 +0500] "GET /wp-admin/css/colors/about.php HTTP/1.1" 404 5752 "-" "-"
104.209.144.33 - - [25/Aug/2026:18:06:15 +0500] "GET /wp-includes/Text/Diff/Engine/upload.php HTTP/1.1" 404 5752 "-" "-"
104.209.144.33 - - [25/Aug/2026:18:06:15 +0500] "GET /wp-admin/js/index.php HTTP/1.1" 404 5752 "-" "-"
104.209.144.33 - - [25/Aug/2026:18:06:16 +0500] "GET /wp-admin/images/about.php HTTP/1.1" 404 5752 "-" "-"
104.209.144.33 - - [25/Aug/2026:18:06:16 +0500] "GET /wp-includes/Text/Diff/index.php HTTP/1.1" 404 5752 "-" "-"
104.209.144.33 - - [25/Aug/2026:18:06:17 +0500] "GET /index/function.php HTTP/1.1" 404 5752 "-" "-"
104.209.144.33 - - [25/Aug/2026:18:06:17 +0500] "GET /wp-includes/js/thickbox/alfa-rex.php8 HTTP/1.1" 404 5752 "-" "-"
104.209.144.33 - - [25/Aug/2026:18:06:17 +0500] "GET /wp-includes/block-patterns/index.php HTTP/1.1" 404 5752 "-" "-"
104.209.144.33 - - [25/Aug/2026:18:06:18 +0500] "GET /wp-head.php HTTP/1.1" 404 5752 "-" "-"
104.209.144.33 - - [25/Aug/2026:18:06:18 +0500] "GET /function/function.php HTTP/1.1" 404 5752 "-" "-"
104.209.144.33 - - [25/Aug/2026:18:06:18 +0500] "GET /wp-includes/blocks/post-comments-form/index.php HTTP/1.1" 404 5752 "-" "-"
104.209.144.33 - - [25/Aug/2026:18:06:19 +0500] "GET /wp-includes/blocks/navigation-submenu/index.php HTTP/1.1" 404 5752 "-" "-"
104.209.144.33 - - [25/Aug/2026:18:06:19 +0500] "GET /wp-includes/Requests/library/index.php HTTP/1.1" 404 5752 "-" "-"
104.209.144.33 - - [25/Aug/2026:18:06:20 +0500] "GET /wp-includes/Ipv6.php HTTP/1.1" 404 5752 "-" "-"
104.209.144.33 - - [25/Aug/2026:18:06:20 +0500] "GET /info.php HTTP/1.1" 404 5752 "-" "-"
104.209.144.33 - - [25/Aug/2026:18:06:20 +0500] "GET /wp-includes/SimplePie/index.php HTTP/1.1" 404 5752 "-" "-"
104.209.144.33 - - [25/Aug/2026:18:06:21 +0500] "GET /assets/admin/login/info.php HTTP/1.1" 404 5752 "-" "-"
104.209.144.33 - - [25/Aug/2026:18:06:21 +0500] "GET /cgi-bin/index.php HTTP/1.1" 404 5752 "-" "-"
104.209.144.33 - - [25/Aug/2026:18:06:22 +0500] "GET /dropdown.php HTTP/1.1" 404 5752 "-" "-"
104.209.144.33 - - [25/Aug/2026:18:06:22 +0500] "GET /wp-content/uploads/Ipv6.php HTTP/1.1" 404 5752 "-" "-"
104.209.144.33 - - [25/Aug/2026:18:06:22 +0500] "GET /1index.php HTTP/1.1" 404 5752 "-" "-"
104.209.144.33 - - [25/Aug/2026:18:06:23 +0500] "GET /.well-known/acme-challenge/local-access.php HTTP/1.1" 404 5752 "-" "-"
104.209.144.33 - - [25/Aug/2026:18:06:23 +0500] "GET /wp-includes/blocks/missing/index.php HTTP/1.1" 404 5752 "-" "-"
104.209.144.33 - - [25/Aug/2026:18:06:24 +0500] "GET /wp-content/upgrade/index.php HTTP/1.1" 404 5752 "-" "-"
104.209.144.33 - - [25/Aug/2026:18:06:24 +0500] "GET /images/security.php HTTP/1.1" 404 5752 "-" "-"
104.209.144.33 - - [25/Aug/2026:18:06:24 +0500] "GET /uploadx.php HTTP/1.1" 404 5752 "-" "-"
104.209.144.33 - - [25/Aug/2026:18:06:25 +0500] "GET /browse.php HTTP/1.1" 404 5752 "-" "-"
104.209.144.33 - - [25/Aug/2026:18:06:26 +0500] "GET /wp-includes/js/crop/index.php HTTP/1.1" 404 5752 "-" "-"
104.209.144.33 - - [25/Aug/2026:18:06:26 +0500] "GET /wp-content/upgrade-temp-backup/index.php HTTP/1.1" 404 5752 "-" "-"
104.209.144.33 - - [25/Aug/2026:18:06:26 +0500] "GET /x.php HTTP/1.1" 404 5752 "-" "-"
104.209.144.33 - - [25/Aug/2026:18:06:27 +0500] "GET /wp-content/plugins/index.php HTTP/1.1" 404 5752 "-" "-"
104.209.144.33 - - [25/Aug/2026:18:06:27 +0500] "GET /wp-includes/ID3/colour.php HTTP/1.1" 404 5752 "-" "-"
104.209.144.33 - - [25/Aug/2026:18:06:28 +0500] "GET /.well-known/file.php HTTP/1.1" 404 5752 "-" "-"
104.209.144.33 - - [25/Aug/2026:18:06:28 +0500] "GET /wpupex.php HTTP/1.1" 404 5752 "-" "-"
104.209.144.33 - - [25/Aug/2026:18:06:28 +0500] "GET /wp-includes/blocks/buttons/index.php HTTP/1.1" 404 5752 "-" "-"
104.209.144.33 - - [25/Aug/2026:18:06:29 +0500] "GET /wp-content/uploads/index.php HTTP/1.1" 404 5752 "-" "-"
104.209.144.33 - - [25/Aug/2026:18:06:29 +0500] "GET /.cache/x.php HTTP/1.1" 404 5752 "-" "-"
104.209.144.33 - - [25/Aug/2026:18:06:30 +0500] "GET /wp-includes/assets/index.php HTTP/1.1" 404 5752 "-" "-"
104.209.144.33 - - [25/Aug/2026:18:06:30 +0500] "GET /layout/438884/index.php HTTP/1.1" 404 5752 "-" "-"
104.209.144.33 - - [25/Aug/2026:18:06:30 +0500] "GET /wp-includes/blocks/paragraph/index.php HTTP/1.1" 404 5752 "-" "-"
104.209.144.33 - - [25/Aug/2026:18:06:31 +0500] "GET /wp-content/plugins/hellopress/wp_filemanager.php HTTP/1.1" 404 5752 "-" "-"
104.209.144.33 - - [25/Aug/2026:18:06:31 +0500] "GET /wp-includes/SimplePie/Content/Type/index.php HTTP/1.1" 404 5752 "-" "-"
104.209.144.33 - - [25/Aug/2026:18:06:32 +0500] "GET /wp-includes/blocks/freeform/index.php HTTP/1.1" 404 5752 "-" "-"
104.209.144.33 - - [25/Aug/2026:18:06:32 +0500] "GET /index/function.php HTTP/1.1" 404 5752 "-" "-"
104.209.144.33 - - [25/Aug/2026:18:06:32 +0500] "GET /wp-includes/blocks/post-author-biography/824476/index.php HTTP/1.1" 404 5752 "-" "-"
104.209.144.33 - - [25/Aug/2026:18:06:33 +0500] "GET /wp-includes/PHPMailer/index.php HTTP/1.1" 404 5752 "-" "-"
104.209.144.33 - - [25/Aug/2026:18:06:33 +0500] "GET /wp-includes/index.php HTTP/1.1" 404 5752 "-" "-"
104.209.144.33 - - [25/Aug/2026:18:06:33 +0500] "GET /2.php HTTP/1.1" 404 5752 "-" "-"
104.209.144.33 - - [25/Aug/2026:18:06:34 +0500] "GET /wp-content/themes/xss/about.php7 HTTP/1.1" 404 5752 "-" "-"
104.209.144.33 - - [25/Aug/2026:18:06:34 +0500] "GET /first/function.php HTTP/1.1" 404 5752 "-" "-"
104.209.144.33 - - [25/Aug/2026:18:06:35 +0500] "GET /x/index.php HTTP/1.1" 404 5752 "-" "-"
104.209.144.33 - - [25/Aug/2026:18:06:35 +0500] "GET /wp-includes/blocks/post-terms/index.php HTTP/1.1" 404 5752 "-" "-"
104.209.144.33 - - [25/Aug/2026:18:06:36 +0500] "GET /fonts/index.php HTTP/1.1" 404 5752 "-" "-"
104.209.144.33 - - [25/Aug/2026:18:06:36 +0500] "GET /wp-includes/sitemaps/about.php HTTP/1.1" 404 5752 "-" "-"
104.209.144.33 - - [25/Aug/2026:18:06:36 +0500] "GET /wp-content/uploads/2023/index.php HTTP/1.1" 404 5752 "-" "-"
104.209.144.33 - - [25/Aug/2026:18:06:37 +0500] "GET /wp-includes/rest-api/fields/index.php HTTP/1.1" 404 5752 "-" "-"
104.209.144.33 - - [25/Aug/2026:18:06:37 +0500] "GET /wp-includes/blocks/details/index.php HTTP/1.1" 404 5752 "-" "-"
104.209.144.33 - - [25/Aug/2026:18:06:38 +0500] "GET /well-known/index.php HTTP/1.1" 404 5752 "-" "-"
104.209.144.33 - - [25/Aug/2026:18:06:38 +0500] "GET /help/crnpwfiu.php HTTP/1.1" 404 5752 "-" "-"
104.209.144.33 - - [25/Aug/2026:18:06:38 +0500] "GET /wp-admin/css/colors/blue/admin.php HTTP/1.1" 404 5752 "-" "-"
104.209.144.33 - - [25/Aug/2026:18:06:39 +0500] "GET /admin/680449/index.php HTTP/1.1" 404 5752 "-" "-"
104.209.144.33 - - [25/Aug/2026:18:06:39 +0500] "GET /update/bibil.php HTTP/1.1" 404 5752 "-" "-"
104.209.144.33 - - [25/Aug/2026:18:06:40 +0500] "GET /wordpress/wp-content/plugins/cvqvgfk/index.php HTTP/1.1" 404 5752 "-" "-"
104.209.144.33 - - [25/Aug/2026:18:06:40 +0500] "GET /wp-includes/blocks/media-text/index.php HTTP/1.1" 404 5752 "-" "-"
104.209.144.33 - - [25/Aug/2026:18:06:40 +0500] "GET /worksec.php HTTP/1.1" 404 5752 "-" "-"
104.209.144.33 - - [25/Aug/2026:18:06:41 +0500] "GET /wp-includes/IXR/Ipv6.php HTTP/1.1" 404 5752 "-" "-"
104.209.144.33 - - [25/Aug/2026:18:06:42 +0500] "GET /wp-admin/upgrade.php HTTP/1.1" 404 5752 "-" "-"
104.209.144.33 - - [25/Aug/2026:18:06:42 +0500] "GET /wp-content/plugins/cp-pro/js.php HTTP/1.1" 404 5752 "-" "-"
104.209.144.33 - - [25/Aug/2026:18:06:42 +0500] "GET /shell20211028.php HTTP/1.1" 404 5752 "-" "-"
104.209.144.33 - - [25/Aug/2026:18:06:43 +0500] "GET /wp-content/wp-plugins/aspose-pdf-importer/vendor/phpunit/phpunit/src/Util/PHP/eval-stdin.php HTTP/1.1" 404 5752 "-" "-"
104.209.144.33 - - [25/Aug/2026:18:06:43 +0500] "GET /wp-includes/certificates/index.php HTTP/1.1" 404 5752 "-" "-"
104.209.144.33 - - [25/Aug/2026:18:06:44 +0500] "GET /wp-admin/css/colors/coffee/index.php HTTP/1.1" 404 5752 "-" "-"
104.209.144.33 - - [25/Aug/2026:18:06:44 +0500] "GET /info.php HTTP/1.1" 404 5752 "-" "-"
104.209.144.33 - - [25/Aug/2026:18:06:44 +0500] "GET /modules/ets_whatsapp/security.php HTTP/1.1" 404 5752 "-" "-"
104.209.144.33 - - [25/Aug/2026:18:06:45 +0500] "GET /wp-includes/blocks/gallery/index.php HTTP/1.1" 404 5752 "-" "-"
104.209.144.33 - - [25/Aug/2026:18:06:45 +0500] "GET /SzATuRit63g.php HTTP/1.1" 404 5752 "-" "-"
104.209.144.33 - - [25/Aug/2026:18:06:45 +0500] "GET /wp-includes/js/tinymce/index.php HTTP/1.1" 404 5752 "-" "-"
104.209.144.33 - - [25/Aug/2026:18:06:46 +0500] "GET /wp-admin/gQ2zxmHJ3RF.php HTTP/1.1" 404 5752 "-" "-"
104.209.144.33 - - [25/Aug/2026:18:06:47 +0500] "GET /wp-includes/blocks/query-pagination-numbers/index.php HTTP/1.1" 404 5752 "-" "-"
104.209.144.33 - - [25/Aug/2026:18:06:47 +0500] "GET /kgoc6awap3napxxxdCdefault.php HTTP/1.1" 404 5752 "-" "-"
104.209.144.33 - - [25/Aug/2026:18:06:47 +0500] "GET /wp-content/themes/twentytwentytwo/index.php HTTP/1.1" 404 5752 "-" "-"
104.209.144.33 - - [25/Aug/2026:18:06:48 +0500] "GET /test.php HTTP/1.1" 404 5752 "-" "-"
104.209.144.33 - - [25/Aug/2026:18:06:48 +0500] "GET /wp-load.php HTTP/1.1" 404 5752 "-" "-"
104.209.144.33 - - [25/Aug/2026:18:06:49 +0500] "GET /inputs.php HTTP/1.1" 404 5752 "-" "-"
104.209.144.33 - - [25/Aug/2026:18:06:49 +0500] "GET /wp-admin/css/wp-login.php HTTP/1.1" 404 5752 "-" "-"
104.209.144.33 - - [25/Aug/2026:18:06:49 +0500] "GET /wp-includes/Requests/about.php HTTP/1.1" 404 5752 "-" "-"
104.209.144.33 - - [25/Aug/2026:18:06:50 +0500] "GET /wp-includes/blocks/query-pagination-next/index.php HTTP/1.1" 404 5752 "-" "-"
104.209.144.33 - - [25/Aug/2026:18:06:50 +0500] "GET /wp-includes/Text/index.php HTTP/1.1" 404 5752 "-" "-"
104.209.144.33 - - [25/Aug/2026:18:06:51 +0500] "GET /wp-admin/index.php HTTP/1.1" 404 5752 "-" "-"
104.209.144.33 - - [25/Aug/2026:18:06:51 +0500] "GET /wp-content/plugins/index.php HTTP/1.1" 404 5752 "-" "-"
104.209.144.33 - - [25/Aug/2026:18:06:51 +0500] "GET /wp-includes/blocks/list-item/index.php HTTP/1.1" 404 5752 "-" "-"
104.209.144.33 - - [25/Aug/2026:18:06:52 +0500] "GET /wp-admin/network/index.php HTTP/1.1" 404 5752 "-" "-"
104.209.144.33 - - [25/Aug/2026:18:06:52 +0500] "GET /dropdown.php HTTP/1.1" 404 5752 "-" "-"
157.55.39.12 - - [25/Aug/2026:18:07:00 +0500] "GET /ru/?cbid=2043179&csid=0&mode=cate&start=20 HTTP/1.1" 508 288 "-" "Mozilla/5.0 AppleWebKit/537.36 (KHTML, like Gecko; compatible; bingbot/2.0; +http://www.bing.com/bingbot.htm) Chrome/116.0.1938.76 Safari/537.36"
57.141.2.5 - - [25/Aug/2026:18:07:09 +0500] "GET / HTTP/1.1" 301 - "-" "facebookexternalhit/1.1 (+http://www.facebook.com/externalhit_uatext.php)"
114.119.131.182 - - [25/Aug/2026:18:07:21 +0500] "GET /ru/shareholders-rus/audit-rus/106-audit-2018 HTTP/1.1" 508 288 "https://uml.uz/ru/19-russian/shareholders-rus" "Mozilla/5.0 (Linux; Android 7.0;) AppleWebKit/537.36 (HTML, like Gecko) Mobile Safari/537.36 (compatible; PetalBot;+https://webmaster.petalsearch.com/site/petalbot)"
135.181.213.219 - - [25/Aug/2026:18:07:41 +0500] "GET /robots.txt HTTP/1.1" 301 - "-" "Mozilla/5.0 (compatible; MJ12bot/v1.4.8; http://mj12bot.com/)"
135.181.213.219 - - [25/Aug/2026:18:07:44 +0500] "GET /ru/robots.txt HTTP/1.1" 508 288 "-" "Mozilla/5.0 (compatible; MJ12bot/v1.4.8; http://mj12bot.com/)"
185.191.171.6 - - [25/Aug/2026:18:07:46 +0500] "GET /ru/?cbid=1398829&csid=0&mode=cate&start=5 HTTP/1.1" 508 288 "-" "Mozilla/5.0 (compatible; SemrushBot/7~bl; +http://www.semrush.com/bot.html)"
44.212.131.50 - - [25/Aug/2026:18:08:02 +0500] "GET /ru/?cat=34&format=feed&type=rss HTTP/1.1" 200 11016 "-" "Mozilla/5.0 AppleWebKit/537.36 (KHTML, like Gecko; compatible; Amazonbot/0.1; +https://developer.amazon.com/support/amazonbot) Chrome/119.0.6045.214 Safari/537.36"
34.10.180.98 - - [25/Aug/2026:18:08:12 +0500] "GET /uz/about-org-uzb/leasing-terms-uz/2-uncategorised/46-direction-rus?print=1&tmpl=component HTTP/1.1" 200 5283 "-" "Mozilla/5.0 (Macintosh; Intel Mac OS X 10_15_7) AppleWebKit/537.36 (KHTML, like Gecko) Chrome/120.0.0.0 Safari/537.36"
114.119.157.157 - - [25/Aug/2026:18:08:41 +0500] "GET /ru/news-rus/2-uncategorised/389-31005636?tmpl=component&print=1&layout=default HTTP/1.1" 508 288 "https://uml.uz/ru/news-rus/2-uncategorised?start=85" "Mozilla/5.0 (Linux; Android 7.0;) AppleWebKit/537.36 (HTML, like Gecko) Mobile Safari/537.36 (compatible; PetalBot;+https://webmaster.petalsearch.com/site/petalbot)"
44.213.36.21 - - [25/Aug/2026:18:09:01 +0500] "GET /ru/?gid=2472511&mode=grp&start=15 HTTP/1.1" 200 48581 "-" "Mozilla/5.0 AppleWebKit/537.36 (KHTML, like Gecko; compatible; Amazonbot/0.1; +https://developer.amazon.com/support/amazonbot) Chrome/119.0.6045.214 Safari/537.36"
34.10.180.98 - - [25/Aug/2026:18:09:10 +0500] "GET /ru/component/search/?Itemid=135&format=opensearch&template=accessibility HTTP/1.1" 200 805 "-" "Mozilla/5.0 (Macintosh; Intel Mac OS X 10_15_7) AppleWebKit/537.36 (KHTML, like Gecko) Chrome/120.0.0.0 Safari/537.36"
34.10.180.98 - - [25/Aug/2026:18:09:33 +0500] "GET /ru/docs-list-rus?template=accessibility HTTP/1.1" 200 18325 "-" "Mozilla/5.0 (Macintosh; Intel Mac OS X 10_15_7) AppleWebKit/537.36 (KHTML, like Gecko) Chrome/120.0.0.0 Safari/537.36"
34.10.180.98 - - [25/Aug/2026:18:09:38 +0500] "GET /ru/images/%D0%A4%D0%B8%D0%BD_%D1%80%D0%B5%D0%B7_2019-2%D0%BA%D0%B2.xlsx HTTP/1.1" 404 1904 "-" "Mozilla/5.0 (Macintosh; Intel Mac OS X 10_15_7) AppleWebKit/537.36 (KHTML, like Gecko) Chrome/120.0.0.0 Safari/537.36"
185.191.171.1 - - [25/Aug/2026:18:09:51 +0500] "GET /ru/about-org-rus/plans-rus/11-russian/about-org-rus HTTP/1.1" 200 32282 "-" "Mozilla/5.0 (compatible; SemrushBot/7~bl; +http://www.semrush.com/bot.html)"
114.119.141.52 - - [25/Aug/2026:18:09:54 +0500] "GET /ru/shareholders-rus/audit-rus/2-uncategorised?start=80 HTTP/1.1" 200 29076 "https://uml.uz/ru/shareholders-rus/audit-rus/2-uncategorised?start=30" "Mozilla/5.0 (Linux; Android 7.0;) AppleWebKit/537.36 (HTML, like Gecko) Mobile Safari/537.36 (compatible; PetalBot;+https://webmaster.petalsearch.com/site/petalbot)"
34.171.68.95 - - [25/Aug/2026:18:10:11 +0500] "GET /ru/2-uncategorised?start=30 HTTP/1.1" 200 75562 "-" "Mozilla/5.0 (Macintosh; Intel Mac OS X 10_15_7) AppleWebKit/537.36 (KHTML, like Gecko) Chrome/120.0.0.0 Safari/537.36"
49.232.198.35 - - [25/Aug/2026:18:11:08 +0500] "GET /media/ext_tss/assets/css/style.css HTTP/1.1" 200 2396 "http://www.uml.uzbekgidroenergoqurilish.uz/" "Mozilla/5.0 (Macintosh; Intel Mac OS X 10_15_7) AppleWebKit/537.36 (KHTML, like Gecko) Chrome/149.0.0.0 Safari/537.36"
49.232.198.35 - - [25/Aug/2026:18:11:09 +0500] "GET /media/ext_tss/assets/js/script.js HTTP/1.1" 200 1117 "http://www.uml.uzbekgidroenergoqurilish.uz/" "Mozilla/5.0 (Macintosh; Intel Mac OS X 10_15_7) AppleWebKit/537.36 (KHTML, like Gecko) Chrome/149.0.0.0 Safari/537.36"
114.119.131.182 - - [25/Aug/2026:18:11:18 +0500] "GET /ru/officially-rus/tenders-rus/2-uncategorised?start=415 HTTP/1.1" 200 29380 "https://uml.uz/ru/officially-rus/tenders-rus/2-uncategorised?start=425" "Mozilla/5.0 (Linux; Android 7.0;) AppleWebKit/537.36 (HTML, like Gecko) Mobile Safari/537.36 (compatible; PetalBot;+https://webmaster.petalsearch.com/site/petalbot)"
35.254.159.230 - - [25/Aug/2026:18:11:57 +0500] "GET /ru/component/mailto/?link=0076db77a12f67fb1024e703ffd15cabb9b6d848&template=uml&tmpl=component HTTP/1.1" 200 4558 "-" "Mozilla/5.0 (Macintosh; Intel Mac OS X 10_15_7) AppleWebKit/537.36 (KHTML, like Gecko) Chrome/120.0.0.0 Safari/537.36"
34.30.223.149 - - [25/Aug/2026:18:12:38 +0500] "GET /ru/images/content/2019-dop/prot_osa-24.06.2019.pdf HTTP/1.1" 404 1904 "-" "Mozilla/5.0 (Macintosh; Intel Mac OS X 10_15_7) AppleWebKit/537.36 (KHTML, like Gecko) Chrome/120.0.0.0 Safari/537.36"
114.119.139.19 - - [25/Aug/2026:18:12:42 +0500] "GET /ru/component/mailto?tmpl=component&template=uml&link=b7747bbde23078bdbf1284348b11e2c064014584 HTTP/1.1" 200 4525 "https://uml.uz/ru/about-org-rus/structure-rus/2-uncategorised/478-what-s-the-crucial-efficiency-indicator-to-your-business" "Mozilla/5.0 (Linux; Android 7.0;) AppleWebKit/537.36 (HTML, like Gecko) Mobile Safari/537.36 (compatible; PetalBot;+https://webmaster.petalsearch.com/site/petalbot)"
185.191.171.11 - - [25/Aug/2026:18:12:42 +0500] "GET /ru/?gid=381471&mode=grp&start=10 HTTP/1.1" 200 49813 "-" "Mozilla/5.0 (compatible; SemrushBot/7~bl; +http://www.semrush.com/bot.html)"
34.56.124.53 - - [25/Aug/2026:18:12:46 +0500] "GET /uz/component/mailto/?link=f5a3c8e90b41af3a60d5740b719ce65aaf852861&template=uml&tmpl=component HTTP/1.1" 200 4563 "-" "Mozilla/5.0 (Macintosh; Intel Mac OS X 10_15_7) AppleWebKit/537.36 (KHTML, like Gecko) Chrome/120.0.0.0 Safari/537.36"
34.30.223.149 - - [25/Aug/2026:18:13:09 +0500] "GET /uz/shareholders-uzb/facts-uzb/19-russian/shareholders-rus?format=feed&type=atom HTTP/1.1" 200 19741 "-" "Mozilla/5.0 (Macintosh; Intel Mac OS X 10_15_7) AppleWebKit/537.36 (KHTML, like Gecko) Chrome/120.0.0.0 Safari/537.36"
