185.191.171.2 - - [25/Aug/2026:20:12:07 +0500] "GET /uz/?cbid=1655506&csid=0&mode=cate&start=25 HTTP/1.1" 508 288 "-" "Mozilla/5.0 (compatible; SemrushBot/7~bl; +http://www.semrush.com/bot.html)"
85.208.96.209 - - [25/Aug/2026:20:12:50 +0500] "GET /ru/?cbid=2358240&csid=0&mode=cate&start=10 HTTP/1.1" 200 49656 "-" "Mozilla/5.0 (compatible; SemrushBot/7~bl; +http://www.semrush.com/bot.html)"
57.141.20.64 - - [25/Aug/2026:20:12:52 +0500] "GET /ru/?mode=members_regi&shop_id=PA01191223&start=15 HTTP/1.1" 200 48467 "-" "Mozilla/5.0 (Macintosh; Intel Mac OS X 10_15_7) AppleWebKit/537.36 (KHTML, like Gecko) Chrome/145.0.0.0 Safari/537.36 (compatible; meta-externalagent/1.1 (+https://developers.facebook.com/docs/sharing/webmasters/crawler))"
57.141.20.54 - - [25/Aug/2026:20:13:15 +0500] "GET /ru/?cbid=1425873&csid=0%22),EXTRACTVALUE(8488,/*!50000CONCAT*/(0x5c,%27~%27,(/*!50000SELECT*/(ELT(8488=8488,1))),%27~%27))%20AND%20(%22Bu7EJQgQ%22%20LIKE%20%22Bu7EJQgQ%22&start=25 HTTP/1.1" 508 288 "-" "Mozilla/5.0 (Windows NT 10.0; Win64; x64) AppleWebKit/537.36 (KHTML, like Gecko) Chrome/145.0.0.0 Safari/537.36 (compatible; meta-externalagent/1.1 (+https://developers.facebook.com/docs/sharing/webmasters/crawler))"
114.119.141.52 - - [25/Aug/2026:20:13:12 +0500] "GET /ru/officially-rus/vacancies-rus/2-uncategorised/415-science-fiction-conventions-help?tmpl=component&print=1&layout=default HTTP/1.1" 404 1892 "https://uml.uz/ru/officially-rus/vacancies-rus/2-uncategorised/415-science-fiction-conventions-help" "Mozilla/5.0 (Linux; Android 7.0;) AppleWebKit/537.36 (HTML, like Gecko) Mobile Safari/537.36 (compatible; PetalBot;+https://webmaster.petalsearch.com/site/petalbot)"
185.191.171.16 - - [25/Aug/2026:20:13:18 +0500] "GET /uz/?cbid=1398864&csid=0&mode=cate&start=10 HTTP/1.1" 508 288 "-" "Mozilla/5.0 (compatible; SemrushBot/7~bl; +http://www.semrush.com/bot.html)"
34.171.68.95 - - [25/Aug/2026:20:13:37 +0500] "GET /uz/component/mailto/?link=41d1d02eece77686d270f15387927b31acba84a9&template=uml&tmpl=component HTTP/1.1" 508 288 "-" "Mozilla/5.0 (Macintosh; Intel Mac OS X 10_15_7) AppleWebKit/537.36 (KHTML, like Gecko) Chrome/120.0.0.0 Safari/537.36"
57.141.20.53 - - [25/Aug/2026:20:14:00 +0500] "GET /ru/?cbid=2100676&csid=0&mode=cate&start=20 HTTP/1.1" 200 50640 "-" "Mozilla/5.0 (Windows NT 10.0; Win64; x64) AppleWebKit/537.36 (KHTML, like Gecko) Chrome/145.0.0.0 Safari/537.36 (compatible; meta-externalagent/1.1 (+https://developers.facebook.com/docs/sharing/webmasters/crawler))"
66.249.72.206 - - [25/Aug/2026:20:14:06 +0500] "GET /docs/2021/sush_fakt-36-24.09.2021.docx HTTP/1.1" 200 23689 "-" "Mozilla/5.0 (Linux; Android 6.0.1; Nexus 5X Build/MMB29P) AppleWebKit/537.36 (KHTML, like Gecko) Chrome/151.0.7922.137 Mobile Safari/537.36 (compatible; Googlebot/2.1; +http://www.google.com/bot.html)"
57.141.20.47 - - [25/Aug/2026:20:14:08 +0500] "GET /ru/?cbid=1426590&csid=0&mode=cate&start=5 HTTP/1.1" 200 50681 "-" "Mozilla/5.0 (Macintosh; Intel Mac OS X 10_15_7) AppleWebKit/537.36 (KHTML, like Gecko) Chrome/145.0.0.0 Safari/537.36 (compatible; meta-externalagent/1.1 (+https://developers.facebook.com/docs/sharing/webmasters/crawler))"
34.56.53.225 - - [25/Aug/2026:20:14:08 +0500] "GET /uz/component/mailto/?link=4945c7b13264952962aa6c86cf8a8ddbab86fba4&template=uml&tmpl=component HTTP/1.1" 200 4563 "-" "Mozilla/5.0 (Macintosh; Intel Mac OS X 10_15_7) AppleWebKit/537.36 (KHTML, like Gecko) Chrome/120.0.0.0 Safari/537.36"
57.141.20.28 - - [25/Aug/2026:20:14:14 +0500] "GET /ru/?mode=f8&start=25 HTTP/1.1" 200 45351 "-" "Mozilla/5.0 (X11; Linux x86_64) AppleWebKit/537.36 (KHTML, like Gecko) Chrome/145.0.0.0 Safari/537.36 (compatible; meta-externalagent/1.1 (+https://developers.facebook.com/docs/sharing/webmasters/crawler))"
57.141.20.29 - - [25/Aug/2026:20:14:21 +0500] "GET /ru/?/?month=201802&start=25 HTTP/1.1" 200 45351 "-" "Mozilla/5.0 (Windows NT 10.0; Win64; x64) AppleWebKit/537.36 (KHTML, like Gecko) Chrome/145.0.0.0 Safari/537.36 (compatible; meta-externalagent/1.1 (+https://developers.facebook.com/docs/sharing/webmasters/crawler))"
57.141.20.60 - - [25/Aug/2026:20:14:26 +0500] "GET /uz/?cbid=1398883&csid=0&mode=cate&start=25 HTTP/1.1" 200 42485 "-" "Mozilla/5.0 (Windows NT 10.0; Win64; x64) AppleWebKit/537.36 (KHTML, like Gecko) Chrome/145.0.0.0 Safari/537.36 (compatible; meta-externalagent/1.1 (+https://developers.facebook.com/docs/sharing/webmasters/crawler))"
114.119.141.52 - - [25/Aug/2026:20:14:30 +0500] "GET /ru?gid=361863&mode=grp&start=15 HTTP/1.1" 200 48446 "https://uml.uz/ru?gid=2472512&mode=grp&start=5" "Mozilla/5.0 (Linux; Android 7.0;) AppleWebKit/537.36 (HTML, like Gecko) Mobile Safari/537.36 (compatible; PetalBot;+https://webmaster.petalsearch.com/site/petalbot)"
57.141.20.58 - - [25/Aug/2026:20:14:32 +0500] "GET /uz/?cbid=1398883&csid=0&mode=cate HTTP/1.1" 200 46734 "-" "Mozilla/5.0 (Windows NT 10.0; Win64; x64) AppleWebKit/537.36 (KHTML, like Gecko) Chrome/145.0.0.0 Safari/537.36 (compatible; meta-externalagent/1.1 (+https://developers.facebook.com/docs/sharing/webmasters/crawler))"
57.141.20.71 - - [25/Aug/2026:20:14:38 +0500] "GET /uz/?cbid=1398883&csid=0&mode=cate&start=10 HTTP/1.1" 200 47171 "-" "Mozilla/5.0 (Windows NT 10.0; Win64; x64) AppleWebKit/537.36 (KHTML, like Gecko) Chrome/145.0.0.0 Safari/537.36 (compatible; meta-externalagent/1.1 (+https://developers.facebook.com/docs/sharing/webmasters/crawler))"
57.141.20.43 - - [25/Aug/2026:20:14:43 +0500] "GET /uz/?cbid=1398883&csid=0&mode=cate&start=5 HTTP/1.1" 200 48165 "-" "Mozilla/5.0 (Macintosh; Intel Mac OS X 10_15_7) AppleWebKit/537.36 (KHTML, like Gecko) Chrome/145.0.0.0 Safari/537.36 (compatible; meta-externalagent/1.1 (+https://developers.facebook.com/docs/sharing/webmasters/crawler))"
57.141.20.17 - - [25/Aug/2026:20:14:49 +0500] "GET /ru/?gid=2472488&mode=grp&sort=n&start=10 HTTP/1.1" 200 49656 "-" "Mozilla/5.0 (Windows NT 10.0; Win64; x64) AppleWebKit/537.36 (KHTML, like Gecko) Chrome/145.0.0.0 Safari/537.36 (compatible; meta-externalagent/1.1 (+https://developers.facebook.com/docs/sharing/webmasters/crawler))"
57.141.20.30 - - [25/Aug/2026:20:14:58 +0500] "GET /uz/?cbid=2214400&csid=0&mode=cate&start=5 HTTP/1.1" 508 288 "-" "Mozilla/5.0 (Macintosh; Intel Mac OS X 10_15_7) AppleWebKit/537.36 (KHTML, like Gecko) Chrome/145.0.0.0 Safari/537.36 (compatible; meta-externalagent/1.1 (+https://developers.facebook.com/docs/sharing/webmasters/crawler))"
57.141.20.34 - - [25/Aug/2026:20:14:53 +0500] "GET /uz/?cbid=2214400&csid=0&mode=cate&start=25 HTTP/1.1" 200 42485 "-" "Mozilla/5.0 (X11; Linux x86_64) AppleWebKit/537.36 (KHTML, like Gecko) Chrome/145.0.0.0 Safari/537.36 (compatible; meta-externalagent/1.1 (+https://developers.facebook.com/docs/sharing/webmasters/crawler))"
57.141.20.38 - - [25/Aug/2026:20:15:02 +0500] "GET /uz/?cbid=2214400&csid=0&mode=cate&format=feed&type=rss HTTP/1.1" 508 288 "-" "Mozilla/5.0 (Windows NT 10.0; Win64; x64) AppleWebKit/537.36 (KHTML, like Gecko) Chrome/145.0.0.0 Safari/537.36 (compatible; meta-externalagent/1.1 (+https://developers.facebook.com/docs/sharing/webmasters/crawler))"
57.141.20.62 - - [25/Aug/2026:20:15:03 +0500] "GET /uz/?cbid=2214400&csid=0&mode=cate&start=20 HTTP/1.1" 200 47789 "-" "Mozilla/5.0 (Macintosh; Intel Mac OS X 10_15_7) AppleWebKit/537.36 (KHTML, like Gecko) Chrome/145.0.0.0 Safari/537.36 (compatible; meta-externalagent/1.1 (+https://developers.facebook.com/docs/sharing/webmasters/crawler))"
57.141.20.66 - - [25/Aug/2026:20:15:08 +0500] "GET /ru/?cbid=1707124&start=25 HTTP/1.1" 200 45351 "-" "Mozilla/5.0 (Windows NT 10.0; Win64; x64) AppleWebKit/537.36 (KHTML, like Gecko) Chrome/145.0.0.0 Safari/537.36 (compatible; meta-externalagent/1.1 (+https://developers.facebook.com/docs/sharing/webmasters/crawler))"
57.141.20.72 - - [25/Aug/2026:20:15:07 +0500] "GET /ru/?mode=f7 HTTP/1.1" 200 49300 "-" "Mozilla/5.0 (Windows NT 10.0; Win64; x64) AppleWebKit/537.36 (KHTML, like Gecko) Chrome/145.0.0.0 Safari/537.36 (compatible; meta-externalagent/1.1 (+https://developers.facebook.com/docs/sharing/webmasters/crawler))"
57.141.20.57 - - [25/Aug/2026:20:15:13 +0500] "GET /ru/?mode=f7&format=feed&type=rss HTTP/1.1" 200 11172 "-" "Mozilla/5.0 (Macintosh; Intel Mac OS X 10_15_7) AppleWebKit/537.36 (KHTML, like Gecko) Chrome/145.0.0.0 Safari/537.36 (compatible; meta-externalagent/1.1 (+https://developers.facebook.com/docs/sharing/webmasters/crawler))"
57.141.20.73 - - [25/Aug/2026:20:15:17 +0500] "GET /ru/?mode=f7&start=15 HTTP/1.1" 200 48467 "-" "Mozilla/5.0 (Windows NT 10.0; Win64; x64) AppleWebKit/537.36 (KHTML, like Gecko) Chrome/145.0.0.0 Safari/537.36 (compatible; meta-externalagent/1.1 (+https://developers.facebook.com/docs/sharing/webmasters/crawler))"
57.141.20.8 - - [25/Aug/2026:20:15:22 +0500] "GET /ru/?mode=f7&start=25 HTTP/1.1" 200 45351 "-" "Mozilla/5.0 (Windows NT 10.0; Win64; x64) AppleWebKit/537.36 (KHTML, like Gecko) Chrome/145.0.0.0 Safari/537.36 (compatible; meta-externalagent/1.1 (+https://developers.facebook.com/docs/sharing/webmasters/crawler))"
57.141.20.47 - - [25/Aug/2026:20:15:26 +0500] "GET /ru/?mode=f7&start=10 HTTP/1.1" 508 288 "-" "Mozilla/5.0 (Macintosh; Intel Mac OS X 10_15_7) AppleWebKit/537.36 (KHTML, like Gecko) Chrome/145.0.0.0 Safari/537.36 (compatible; meta-externalagent/1.1 (+https://developers.facebook.com/docs/sharing/webmasters/crawler))"
57.141.20.17 - - [25/Aug/2026:20:15:31 +0500] "GET /ru/?mode=f7&start=20 HTTP/1.1" 200 50640 "-" "Mozilla/5.0 (Macintosh; Intel Mac OS X 10_15_7) AppleWebKit/537.36 (KHTML, like Gecko) Chrome/145.0.0.0 Safari/537.36 (compatible; meta-externalagent/1.1 (+https://developers.facebook.com/docs/sharing/webmasters/crawler))"
57.141.20.72 - - [25/Aug/2026:20:15:32 +0500] "GET /ru/?mode=f7&format=feed&type=atom HTTP/1.1" 200 18640 "-" "Mozilla/5.0 (Windows NT 10.0; Win64; x64) AppleWebKit/537.36 (KHTML, like Gecko) Chrome/145.0.0.0 Safari/537.36 (compatible; meta-externalagent/1.1 (+https://developers.facebook.com/docs/sharing/webmasters/crawler))"
57.141.20.0 - - [25/Aug/2026:20:15:35 +0500] "GET /uz/?cbid=2214400&csid=0&mode=cate&start=5 HTTP/1.1" 200 48165 "-" "Mozilla/5.0 (Windows NT 10.0; Win64; x64) AppleWebKit/537.36 (KHTML, like Gecko) Chrome/145.0.0.0 Safari/537.36 (compatible; meta-externalagent/1.1 (+https://developers.facebook.com/docs/sharing/webmasters/crawler))"
114.119.157.157 - - [25/Aug/2026:20:15:36 +0500] "GET /ru/partners-rus/17-russian/officially-rus HTTP/1.1" 200 42484 "https://www.uml.uz/ru/partners-rus/17-russian/officially-rus" "Mozilla/5.0 (Linux; Android 7.0;) AppleWebKit/537.36 (HTML, like Gecko) Mobile Safari/537.36 (compatible; PetalBot;+https://webmaster.petalsearch.com/site/petalbot)"
57.141.20.18 - - [25/Aug/2026:20:15:40 +0500] "GET /uz/?cbid=2214400&csid=0&mode=cate&start=15 HTTP/1.1" 200 45925 "-" "Mozilla/5.0 (Macintosh; Intel Mac OS X 10_15_7) AppleWebKit/537.36 (KHTML, like Gecko) Chrome/145.0.0.0 Safari/537.36 (compatible; meta-externalagent/1.1 (+https://developers.facebook.com/docs/sharing/webmasters/crawler))"
57.141.20.73 - - [25/Aug/2026:20:15:43 +0500] "GET /uz/?cbid=2214400&csid=0&mode=cate&format=feed&type=atom HTTP/1.1" 200 18604 "-" "Mozilla/5.0 (Macintosh; Intel Mac OS X 10_15_7) AppleWebKit/537.36 (KHTML, like Gecko) Chrome/145.0.0.0 Safari/537.36 (compatible; meta-externalagent/1.1 (+https://developers.facebook.com/docs/sharing/webmasters/crawler))"
57.141.20.0 - - [25/Aug/2026:20:15:47 +0500] "GET /ru/?mode=f7&start=5 HTTP/1.1" 508 288 "-" "Mozilla/5.0 (Macintosh; Intel Mac OS X 10_15_7) AppleWebKit/537.36 (KHTML, like Gecko) Chrome/145.0.0.0 Safari/537.36 (compatible; meta-externalagent/1.1 (+https://developers.facebook.com/docs/sharing/webmasters/crawler))"
54.81.241.39 - - [25/Aug/2026:20:15:47 +0500] "GET /uz/shareholders-uzb/audit-uzb?format=feed&type=rss HTTP/1.1" 200 9447 "https://www.google.com/" "Mozilla/5.0 (Windows NT 10.0; WOW64) AppleWebKit/537.36 (KHTML, like Gecko) Chrome/79.0.3945.136 YaBrowser/20.2.4.143 Yowser/2.5 Safari/537.36"
34.30.223.149 - - [25/Aug/2026:20:16:10 +0500] "GET /ru/news-rus/1009-aksiadorlar-diqqatiga-vnimaniyu-aktsionerov?layout=default&print=1&tmpl=component HTTP/1.1" 200 9064 "-" "Mozilla/5.0 (Macintosh; Intel Mac OS X 10_15_7) AppleWebKit/537.36 (KHTML, like Gecko) Chrome/120.0.0.0 Safari/537.36"
185.191.171.4 - - [25/Aug/2026:20:16:17 +0500] "GET /ru/?cbid=1398925%22aND%2F%2A%2A%2F5998%3DcTxSYS.dritHsx.SN%286545%2CCHr%28126%29%7C%7C%27~%27%7C%7C%28selEct%2F%2A%2A%2F%28cAsE%2F%2A%2A%2FwHeN%2F%2A%2A%2F%285998%3D5998%29%2F%2A%2A%2FtHen%2F%2A%2A%2F1%2F%2A%2A%2FElSE%2F%2A%2A%2F0%2F%2A%2A%2FEnD%29%2F%2A%2A%2FfrOm%2F%2A%2A%2FduaL%29%7C%7C%27~%27%7C%7CCHR%28126%29%29%20AND%20%22NB5Qmttr%22%3D%22NB5Qmttr%22&csid=0&start=10 HTTP/1.1" 200 49636 "-" "Mozilla/5.0 (compatible; SemrushBot/7~bl; +http://www.semrush.com/bot.html)"
18.213.70.100 - - [25/Aug/2026:20:16:49 +0500] "GET /ru/?f=1&start=20 HTTP/1.1" 200 50620 "-" "Mozilla/5.0 AppleWebKit/537.36 (KHTML, like Gecko; compatible; Amazonbot/0.1; +https://developer.amazon.com/support/amazonbot) Chrome/119.0.6045.214 Safari/537.36"
114.119.158.112 - - [25/Aug/2026:20:16:59 +0500] "GET /uz/2-uncategorised/429-275500557?tmpl=component&print=1 HTTP/1.1" 508 288 "https://uml.uz/uz/2-uncategorised/429-275500557" "Mozilla/5.0 (Linux; Android 7.0;) AppleWebKit/537.36 (HTML, like Gecko) Mobile Safari/537.36 (compatible; PetalBot;+https://webmaster.petalsearch.com/site/petalbot)"
34.123.149.87 - - [25/Aug/2026:20:16:59 +0500] "GET /docs/2025/balans-2-6-2025.xlsx HTTP/1.1" 200 22208 "-" "Mozilla/5.0 (Macintosh; Intel Mac OS X 10_15_7) AppleWebKit/537.36 (KHTML, like Gecko) Chrome/120.0.0.0 Safari/537.36"
20.197.61.180 - - [25/Aug/2026:20:17:46 +0500] "GET / HTTP/1.1" 301 - "-" "Mozilla/5.0 (Windows NT 10.0; Win64; x64) AppleWebKit/537.36 (KHTML, like Gecko) Chrome/120.0.0.0 Safari/537.36"
114.119.141.52 - - [25/Aug/2026:20:18:23 +0500] "GET /ru?page=1588731135&start=20 HTTP/1.1" 200 50619 "https://uml.uz/ru?page=1588731135&start=20" "Mozilla/5.0 (Linux; Android 7.0;) AppleWebKit/537.36 (HTML, like Gecko) Mobile Safari/537.36 (compatible; PetalBot;+https://webmaster.petalsearch.com/site/petalbot)"
185.191.171.12 - - [25/Aug/2026:20:18:28 +0500] "GET /ru/?cbid=1425873&csid=0%27%2C%28SELECT%2F%2A%2A%2F9505%2F%2A%2A%2FWHERE%2F%2A%2A%2F9505%3DCONVERT%28INT%2C%28SELECT%2F%2A%2A%2F%27~%27%20%28SELECT%2F%2A%2A%2F%28CASE%2F%2A%2A%2FWHEN%2F%2A%2A%2F%289505%3D9505%29%2F%2A%2A%2FTHEN%2F%2A%2A%2F%271%27%2F%2A%2A%2FELSE%2F%2A%2A%2F%270%27%2F%2A%2A%2FEND%29%29%20%27~%27%29%29%29%20AND%20%27BqBA2qSk%27%20LIKE%20%27BqBA2qSk&start=20 HTTP/1.1" 200 50640 "-" "Mozilla/5.0 (compatible; SemrushBot/7~bl; +http://www.semrush.com/bot.html)"
34.61.96.6 - - [25/Aug/2026:20:18:30 +0500] "GET /uz/news-uzb/65-meeting-22-04-2016?layout=default&print=1&tmpl=component HTTP/1.1" 200 6349 "-" "Mozilla/5.0 (Macintosh; Intel Mac OS X 10_15_7) AppleWebKit/537.36 (KHTML, like Gecko) Chrome/120.0.0.0 Safari/537.36"
34.123.149.87 - - [25/Aug/2026:20:19:08 +0500] "GET /uz/component/search/?Itemid=162&format=opensearch&template=accessibility HTTP/1.1" 200 675 "-" "Mozilla/5.0 (Macintosh; Intel Mac OS X 10_15_7) AppleWebKit/537.36 (KHTML, like Gecko) Chrome/120.0.0.0 Safari/537.36"
34.30.223.149 - - [25/Aug/2026:20:19:16 +0500] "GET /uz/about-org-uzb/structure-uzb/2-uncategorised/14-conditions-rus HTTP/1.1" 200 30072 "-" "Mozilla/5.0 (Macintosh; Intel Mac OS X 10_15_7) AppleWebKit/537.36 (KHTML, like Gecko) Chrome/120.0.0.0 Safari/537.36"
57.141.20.27 - - [25/Aug/2026:20:19:26 +0500] "GET /ru/?exhibition=29266&start=15 HTTP/1.1" 200 48467 "-" "Mozilla/5.0 (Macintosh; Intel Mac OS X 10_15_7) AppleWebKit/537.36 (KHTML, like Gecko) Chrome/145.0.0.0 Safari/537.36 (compatible; meta-externalagent/1.1 (+https://developers.facebook.com/docs/sharing/webmasters/crawler))"
114.119.131.182 - - [25/Aug/2026:20:19:48 +0500] "GET /ru/?p=88&start=15 HTTP/1.1" 200 48447 "https://uml.uz/ru/?mode=myaccount&start=5" "Mozilla/5.0 (Linux; Android 7.0;) AppleWebKit/537.36 (HTML, like Gecko) Mobile Safari/537.36 (compatible; PetalBot;+https://webmaster.petalsearch.com/site/petalbot)"
185.191.171.17 - - [25/Aug/2026:20:20:43 +0500] "GET /uz/?cbid=1398918&csid=0&mode=cate&start=15 HTTP/1.1" 200 45895 "-" "Mozilla/5.0 (compatible; SemrushBot/7~bl; +http://www.semrush.com/bot.html)"
57.141.20.28 - - [25/Aug/2026:20:21:21 +0500] "GET /ru/?p=8&start=20 HTTP/1.1" 200 50640 "-" "Mozilla/5.0 (Windows NT 10.0; Win64; x64) AppleWebKit/537.36 (KHTML, like Gecko) Chrome/145.0.0.0 Safari/537.36 (compatible; meta-externalagent/1.1 (+https://developers.facebook.com/docs/sharing/webmasters/crawler))"
57.141.20.29 - - [25/Aug/2026:20:21:24 +0500] "GET /plugins/system/jcemediabox/css/jcemediabox.css?a3b640def3ef13678e19cfeeb7397c85 HTTP/1.1" 200 5791 "https://mail.uml.uz/ru/?p=8&start=20" "Mozilla/5.0 (Windows NT 10.0; Win64; x64) AppleWebKit/537.36 (KHTML, like Gecko) Chrome/145.0.0.0 Safari/537.36 (compatible; meta-externalagent/1.1 (+https://developers.facebook.com/docs/sharing/webmasters/crawler))"
34.123.149.87 - - [25/Aug/2026:20:21:41 +0500] "GET /ru/images/content/2019-dop/balans-1-4-2018.pdf HTTP/1.1" 404 1904 "-" "Mozilla/5.0 (Macintosh; Intel Mac OS X 10_15_7) AppleWebKit/537.36 (KHTML, like Gecko) Chrome/120.0.0.0 Safari/537.36"
114.119.139.19 - - [25/Aug/2026:20:21:50 +0500] "GET /ru/docs-list-rus?template=accessibility HTTP/1.1" 200 18305 "https://uml.uz/ru/docs-list-rus/19-russian/shareholders-rus/1158-ovoz-berish-golosovaniya-2" "Mozilla/5.0 (Linux; Android 7.0;) AppleWebKit/537.36 (HTML, like Gecko) Mobile Safari/537.36 (compatible; PetalBot;+https://webmaster.petalsearch.com/site/petalbot)"
34.10.180.98 - - [25/Aug/2026:20:22:13 +0500] "GET /ru/component/mailto/?link=d8c7f76a7d9d8b4bb4a92cfb9b04d2a91bd78f15&template=uml&tmpl=component HTTP/1.1" 508 288 "-" "Mozilla/5.0 (Macintosh; Intel Mac OS X 10_15_7) AppleWebKit/537.36 (KHTML, like Gecko) Chrome/120.0.0.0 Safari/537.36"
34.61.96.6 - - [25/Aug/2026:20:22:34 +0500] "GET /ru/shareholders-rus/audit-rus/2-uncategorised/40-tenders-uzb?print=1&tmpl=component HTTP/1.1" 200 3624 "-" "Mozilla/5.0 (Macintosh; Intel Mac OS X 10_15_7) AppleWebKit/537.36 (KHTML, like Gecko) Chrome/120.0.0.0 Safari/537.36"
54.156.124.2 - - [25/Aug/2026:20:22:51 +0500] "GET /ru/?format=feed&gid=397725&mode=grp&type=rss HTTP/1.1" 200 11157 "-" "Mozilla/5.0 AppleWebKit/537.36 (KHTML, like Gecko; compatible; Amazonbot/0.1; +https://developer.amazon.com/support/amazonbot) Chrome/119.0.6045.214 Safari/537.36"
114.119.148.1 - - [25/Aug/2026:20:22:51 +0500] "GET /ru/?character=P_HIBANNY&main_page=product_list&start=20 HTTP/1.1" 200 50620 "https://uml.uz/ru/?cbid=1425873&csid=0%27%20AND%20AND%2010110%3DCONVERT(INT%2C(SELECT%EF%BF%BD%27~%27%20(SELECT%EF%BF%BD(CASE%EF%BF%BDWHEN%EF%BF%BD(10110%3D10110)%20THEN%EF%BF%BD%271%27%20ELSE%20%270%27%EF%BF%BDEND))%20%27~%27))--%20-&start=25" "Mozilla/5.0 (Linux; Android 7.0;) AppleWebKit/537.36 (HTML, like Gecko) Mobile Safari/537.36 (compatible; PetalBot;+https://webmaster.petalsearch.com/site/petalbot)"
57.141.20.1 - - [25/Aug/2026:20:23:14 +0500] "GET /ru/?p=4476&format=feed&type=atom HTTP/1.1" 200 18639 "-" "Mozilla/5.0 (Macintosh; Intel Mac OS X 10_15_7) AppleWebKit/537.36 (KHTML, like Gecko) Chrome/145.0.0.0 Safari/537.36 (compatible; meta-externalagent/1.1 (+https://developers.facebook.com/docs/sharing/webmasters/crawler))"
85.208.96.205 - - [25/Aug/2026:20:23:21 +0500] "GET /ru/officially-rus/tenders-rus/2-uncategorised/25-03-resheniya-prinyatye-vysshim-organom-upravleniya-emitenta-27-06-2014 HTTP/1.1" 200 47137 "-" "Mozilla/5.0 (compatible; SemrushBot/7~bl; +http://www.semrush.com/bot.html)"
57.141.20.4 - - [25/Aug/2026:20:23:22 +0500] "GET /ru/?gid=738534&mode=grp&sort=n&format=feed&type=atom HTTP/1.1" 200 18667 "-" "Mozilla/5.0 (X11; Linux x86_64) AppleWebKit/537.36 (KHTML, like Gecko) Chrome/145.0.0.0 Safari/537.36 (compatible; meta-externalagent/1.1 (+https://developers.facebook.com/docs/sharing/webmasters/crawler))"
54.198.33.233 - - [25/Aug/2026:20:23:23 +0500] "GET /ru/?bscd_list=46,59,33,49,177,41,66,109&format=feed&gps_srch=1&type=rss HTTP/1.1" 200 11184 "-" "Mozilla/5.0 AppleWebKit/537.36 (KHTML, like Gecko; compatible; Amazonbot/0.1; +https://developer.amazon.com/support/amazonbot) Chrome/119.0.6045.214 Safari/537.36"
114.119.139.19 - - [25/Aug/2026:20:23:58 +0500] "GET /ru/officially-rus/vacancies-rus/2-uncategorised?start=220 HTTP/1.1" 200 29578 "https://www.uml.uz/ru/officially-rus/vacancies-rus/2-uncategorised?start=205" "Mozilla/5.0 (Linux; Android 7.0;) AppleWebKit/537.36 (HTML, like Gecko) Mobile Safari/537.36 (compatible; PetalBot;+https://webmaster.petalsearch.com/site/petalbot)"
185.191.171.4 - - [25/Aug/2026:20:23:58 +0500] "GET /ru/?category_name=new%22%20WHERE%206103%3D6103%2F%2A%2150000AND%2A%2FEXP%28~%28%2F%2A%2150000SELECT%2A%2F%2A%2F%2A%2150000FROM%2A%2F%28%2F%2A%2150000SELECT%2A%2F%2F%2A%2150000CONCAT%2A%2F%28%27~%27%2C%28%2F%2A%2150000SELECT%2A%2F%28ELT%283411%3D3411%2C1%29%29%29%2C%27~%27%2C%27x%27%29%29x%29%29--%20-&start=15 HTTP/1.1" 200 50393 "-" "Mozilla/5.0 (compatible; SemrushBot/7~bl; +http://www.semrush.com/bot.html)"
185.191.171.14 - - [25/Aug/2026:20:23:59 +0500] "GET /ru/?gid=2472509&mode=grp HTTP/1.1" 200 49392 "-" "Mozilla/5.0 (compatible; SemrushBot/7~bl; +http://www.semrush.com/bot.html)"
52.202.52.82 - - [25/Aug/2026:20:24:14 +0500] "GET /uz/oficially-uzb/tenders-uzb/2-uncategorised/51-advantages-4 HTTP/1.1" 200 34649 "-" "Mozilla/5.0 AppleWebKit/537.36 (KHTML, like Gecko; compatible; Amazonbot/0.1; +https://developer.amazon.com/support/amazonbot) Chrome/119.0.6045.214 Safari/537.36"
34.30.223.149 - - [25/Aug/2026:20:24:31 +0500] "GET /ru/?gid=2472496&start=20 HTTP/1.1" 200 50732 "-" "Mozilla/5.0 (Macintosh; Intel Mac OS X 10_15_7) AppleWebKit/537.36 (KHTML, like Gecko) Chrome/120.0.0.0 Safari/537.36"
34.10.180.98 - - [25/Aug/2026:20:25:04 +0500] "GET /ru/component/mailto/?link=27216165cc4ff0c8def56a820d2a05f7d59bbf16&template=uml&tmpl=component HTTP/1.1" 200 4531 "-" "Mozilla/5.0 (Macintosh; Intel Mac OS X 10_15_7) AppleWebKit/537.36 (KHTML, like Gecko) Chrome/120.0.0.0 Safari/537.36"
114.119.136.51 - - [25/Aug/2026:20:25:20 +0500] "GET /ru/partners-rus/2-uncategorised HTTP/1.1" 200 40507 "https://uml.uz/ru/partners-rus/2-uncategorised/42-contacts-uzb" "Mozilla/5.0 (Linux; Android 7.0;) AppleWebKit/537.36 (HTML, like Gecko) Mobile Safari/537.36 (compatible; PetalBot;+https://webmaster.petalsearch.com/site/petalbot)"
57.141.20.7 - - [25/Aug/2026:20:25:28 +0500] "GET /ru/?feature=youtu.be%27&v=sulkamsg30y HTTP/1.1" 200 49300 "-" "Mozilla/5.0 (Windows NT 10.0; Win64; x64) AppleWebKit/537.36 (KHTML, like Gecko) Chrome/145.0.0.0 Safari/537.36 (compatible; meta-externalagent/1.1 (+https://developers.facebook.com/docs/sharing/webmasters/crawler))"
57.141.20.20 - - [25/Aug/2026:20:25:31 +0500] "GET /templates/uml/images/searchicon.png HTTP/1.1" 200 518 "https://mail.uml.uz/templates/uml/css/template.css" "Mozilla/5.0 (Windows NT 10.0; Win64; x64) AppleWebKit/537.36 (KHTML, like Gecko) Chrome/145.0.0.0 Safari/537.36 (compatible; meta-externalagent/1.1 (+https://developers.facebook.com/docs/sharing/webmasters/crawler))"
34.30.223.149 - - [25/Aug/2026:20:25:31 +0500] "GET /images/content/polojeniya/poloj_osa-2014-uz.pdf HTTP/1.1" 200 9097484 "-" "Mozilla/5.0 (Macintosh; Intel Mac OS X 10_15_7) AppleWebKit/537.36 (KHTML, like Gecko) Chrome/120.0.0.0 Safari/537.36"
114.119.157.157 - - [25/Aug/2026:20:26:44 +0500] "GET /ru/component/mailto?tmpl=component&template=uml&link=cfe8d4c542368ef7024ca998b6f1321d43530567 HTTP/1.1" 200 4525 "https://uml.uz/ru/news-rus/2-uncategorised/422-531604576" "Mozilla/5.0 (Linux; Android 7.0;) AppleWebKit/537.36 (HTML, like Gecko) Mobile Safari/537.36 (compatible; PetalBot;+https://webmaster.petalsearch.com/site/petalbot)"
205.188.109.61 - - [25/Aug/2026:20:26:46 +0500] "GET /robots.txt HTTP/1.1" 301 - "-" "Mozilla/5.0 (compatible; ExaSearchBot/1.0; +https://crawler.exa.ai/)"
205.188.109.61 - - [25/Aug/2026:20:26:52 +0500] "GET /robots.txt HTTP/1.1" 508 288 "-" "Mozilla/5.0 (compatible; ExaSearchBot/1.0; +https://crawler.exa.ai/)"
34.30.223.149 - - [25/Aug/2026:20:26:53 +0500] "GET /uz/component/mailto/?link=2af27032b17d2919991f17cab01e32aa6eec6990&template=accessibility&tmpl=component HTTP/1.1" 508 288 "-" "Mozilla/5.0 (Macintosh; Intel Mac OS X 10_15_7) AppleWebKit/537.36 (KHTML, like Gecko) Chrome/120.0.0.0 Safari/537.36"
205.188.109.61 - - [25/Aug/2026:20:26:49 +0500] "GET /ru/robots.txt HTTP/1.1" 404 1892 "https://uml.uz/robots.txt" "Mozilla/5.0 (compatible; ExaSearchBot/1.0; +https://crawler.exa.ai/)"
54.92.162.59 - - [25/Aug/2026:20:27:01 +0500] "GET /ru/shareholders-rus/events-rus/2-uncategorised?format=feed&type=atom HTTP/1.1" 200 46360 "https://www.google.com/" "Mozilla/5.0 (X11; Linux x86_64) AppleWebKit/537.36 (KHTML, like Gecko) Ubuntu Chromium/80.0.3987.87 Chrome/80.0.3987.87 Safari/537.36"
57.141.20.30 - - [25/Aug/2026:20:27:08 +0500] "GET /ru/?p=29054&start=25 HTTP/1.1" 200 45351 "-" "Mozilla/5.0 (Windows NT 10.0; Win64; x64) AppleWebKit/537.36 (KHTML, like Gecko) Chrome/145.0.0.0 Safari/537.36 (compatible; meta-externalagent/1.1 (+https://developers.facebook.com/docs/sharing/webmasters/crawler))"
23.21.175.228 - - [25/Aug/2026:20:27:39 +0500] "GET /uz/?format=feed&mode=sk&type=atom HTTP/1.1" 200 18531 "-" "Mozilla/5.0 AppleWebKit/537.36 (KHTML, like Gecko; compatible; Amazonbot/0.1; +https://developer.amazon.com/support/amazonbot) Chrome/119.0.6045.214 Safari/537.36"
34.56.53.225 - - [25/Aug/2026:20:27:39 +0500] "GET /ru/?cbid=1398835&csid=0&mode=cate&start=10 HTTP/1.1" 200 50137 "-" "Mozilla/5.0 (Macintosh; Intel Mac OS X 10_15_7) AppleWebKit/537.36 (KHTML, like Gecko) Chrome/120.0.0.0 Safari/537.36"
34.30.223.149 - - [25/Aug/2026:20:28:04 +0500] "GET /ru/officially-rus/tenders-rus?start=5&template=uml HTTP/1.1" 200 31609 "-" "Mozilla/5.0 (Macintosh; Intel Mac OS X 10_15_7) AppleWebKit/537.36 (KHTML, like Gecko) Chrome/120.0.0.0 Safari/537.36"
114.119.157.157 - - [25/Aug/2026:20:28:07 +0500] "GET /39/ HTTP/1.1" 301 - "https://www.uml.uz/ru/component/mailto?tmpl=component&template=uml&link=9f6024ce32ca8554f6494c355c07701e7ae3856a" "Mozilla/5.0 (Linux; Android 7.0;) AppleWebKit/537.36 (HTML, like Gecko) Mobile Safari/537.36 (compatible; PetalBot;+https://webmaster.petalsearch.com/site/petalbot)"
114.119.157.157 - - [25/Aug/2026:20:28:11 +0500] "GET /ru/39 HTTP/1.1" 200 34793 "https://www.uml.uz/ru/component/mailto?tmpl=component&template=uml&link=9f6024ce32ca8554f6494c355c07701e7ae3856a" "Mozilla/5.0 (Linux; Android 7.0;) AppleWebKit/537.36 (HTML, like Gecko) Mobile Safari/537.36 (compatible; PetalBot;+https://webmaster.petalsearch.com/site/petalbot)"
57.141.20.61 - - [25/Aug/2026:20:28:20 +0500] "GET /ru/?cbid=1521494&csid=0&start=25 HTTP/1.1" 508 288 "-" "Mozilla/5.0 (Windows NT 10.0; Win64; x64) AppleWebKit/537.36 (KHTML, like Gecko) Chrome/145.0.0.0 Safari/537.36 (compatible; meta-externalagent/1.1 (+https://developers.facebook.com/docs/sharing/webmasters/crawler))"
185.191.171.3 - - [25/Aug/2026:20:28:29 +0500] "GET /ru/shareholders-rus/reports-rus/402-2019-yilning-4-choragi-uchun-moliyaviy-hisobot-finansovye-otchety-za-4-kvartal-2019-goda HTTP/1.1" 508 288 "-" "Mozilla/5.0 (compatible; SemrushBot/7~bl; +http://www.semrush.com/bot.html)"
34.10.180.98 - - [25/Aug/2026:20:28:42 +0500] "GET /ru/component/mailto/?link=86105a68684c80b4c536d57cb417e32f079b3791&template=uml&tmpl=component HTTP/1.1" 200 4530 "-" "Mozilla/5.0 (Macintosh; Intel Mac OS X 10_15_7) AppleWebKit/537.36 (KHTML, like Gecko) Chrome/120.0.0.0 Safari/537.36"
54.227.13.202 - - [25/Aug/2026:20:28:56 +0500] "GET /ru/news-rus?format=feed&type=rss HTTP/1.1" 508 288 "https://www.google.com/" "Mozilla/5.0 (Windows NT 10.0; Win64; x64) AppleWebKit/537.36 (KHTML, like Gecko) Chrome/70.0.3538.102 Safari/537.36 Edge/18.18362"
114.119.131.182 - - [25/Aug/2026:20:29:31 +0500] "GET /ru?mode=cate&cbid=2387428&csid=0&start=10 HTTP/1.1" 200 50024 "https://uml.uz/ru?mode=cate&cbid=2387428&csid=0&start=10" "Mozilla/5.0 (Linux; Android 7.0;) AppleWebKit/537.36 (HTML, like Gecko) Mobile Safari/537.36 (compatible; PetalBot;+https://webmaster.petalsearch.com/site/petalbot)"
34.61.96.6 - - [25/Aug/2026:20:29:36 +0500] "GET /ru/component/mailto/?link=c80e1fe16be129a9f05a07edf2a6b564ff24c3f1&template=uml&tmpl=component HTTP/1.1" 200 4526 "-" "Mozilla/5.0 (Macintosh; Intel Mac OS X 10_15_7) AppleWebKit/537.36 (KHTML, like Gecko) Chrome/120.0.0.0 Safari/537.36"
57.141.20.28 - - [25/Aug/2026:20:29:45 +0500] "GET /ru/?cat=8&start=10 HTTP/1.1" 508 288 "-" "Mozilla/5.0 (Windows NT 10.0; Win64; x64) AppleWebKit/537.36 (KHTML, like Gecko) Chrome/145.0.0.0 Safari/537.36 (compatible; meta-externalagent/1.1 (+https://developers.facebook.com/docs/sharing/webmasters/crawler))"
20.151.129.194 - - [25/Aug/2026:20:30:50 +0500] "GET /wp-content/plugins/hellopress/wp_filemanager.php HTTP/1.1" 401 36 "-" "-"
20.151.129.194 - - [25/Aug/2026:20:30:51 +0500] "GET /this_is_a_new_hello_world.php HTTP/1.1" 401 36 "-" "-"
20.151.129.194 - - [25/Aug/2026:20:30:51 +0500] "GET /domvf.php HTTP/1.1" 401 36 "-" "-"
20.151.129.194 - - [25/Aug/2026:20:30:52 +0500] "GET /wp-0.php HTTP/1.1" 401 36 "-" "-"
20.151.129.194 - - [25/Aug/2026:20:30:52 +0500] "GET /dyt8mjxc3yofbkoriukvgjaCdefault.php HTTP/1.1" 401 36 "-" "-"
20.151.129.194 - - [25/Aug/2026:20:30:53 +0500] "GET /gec.php HTTP/1.1" 401 36 "-" "-"
20.151.129.194 - - [25/Aug/2026:20:30:53 +0500] "GET /robots.php HTTP/1.1" 401 36 "-" "-"
20.151.129.194 - - [25/Aug/2026:20:30:54 +0500] "GET /sky.php HTTP/1.1" 401 36 "-" "-"
20.151.129.194 - - [25/Aug/2026:20:30:54 +0500] "GET /sixxis.php HTTP/1.1" 401 36 "-" "-"
20.151.129.194 - - [25/Aug/2026:20:30:55 +0500] "GET /yj09.php HTTP/1.1" 401 36 "-" "-"
20.151.129.194 - - [25/Aug/2026:20:30:56 +0500] "GET /k.php HTTP/1.1" 401 36 "-" "-"
20.151.129.194 - - [25/Aug/2026:20:30:56 +0500] "GET /w.php HTTP/1.1" 401 36 "-" "-"
20.151.129.194 - - [25/Aug/2026:20:30:57 +0500] "GET /fpwch.php HTTP/1.1" 401 36 "-" "-"
20.151.129.194 - - [25/Aug/2026:20:30:57 +0500] "GET /FWAZ.php HTTP/1.1" 401 36 "-" "-"
20.151.129.194 - - [25/Aug/2026:20:30:57 +0500] "GET /blurbs.php HTTP/1.1" 401 36 "-" "-"
20.151.129.194 - - [25/Aug/2026:20:30:58 +0500] "GET /100.php HTTP/1.1" 401 36 "-" "-"
20.151.129.194 - - [25/Aug/2026:20:30:58 +0500] "GET /ccc.php HTTP/1.1" 401 36 "-" "-"
20.151.129.194 - - [25/Aug/2026:20:30:59 +0500] "GET /get.php HTTP/1.1" 401 36 "-" "-"
20.151.129.194 - - [25/Aug/2026:20:30:59 +0500] "GET /images.php HTTP/1.1" 401 36 "-" "-"
114.119.148.1 - - [25/Aug/2026:20:30:56 +0500] "GET /ru/component/mailto?tmpl=component&template=uml&link=9cac057e69a9215b81c74899ee017c7793368eeb HTTP/1.1" 200 4525 "https://uml.uz/ru/shareholders-rus/votes-rus/2-uncategorised/369-top-computer-science-definition-guide" "Mozilla/5.0 (Linux; Android 7.0;) AppleWebKit/537.36 (HTML, like Gecko) Mobile Safari/537.36 (compatible; PetalBot;+https://webmaster.petalsearch.com/site/petalbot)"
20.151.129.194 - - [25/Aug/2026:20:31:00 +0500] "GET /alls.php HTTP/1.1" 401 36 "-" "-"
20.151.129.194 - - [25/Aug/2026:20:31:00 +0500] "GET /coffexium.php HTTP/1.1" 401 36 "-" "-"
20.151.129.194 - - [25/Aug/2026:20:31:00 +0500] "GET /red.php HTTP/1.1" 401 36 "-" "-"
20.151.129.194 - - [25/Aug/2026:20:31:01 +0500] "GET /admin.php HTTP/1.1" 401 36 "-" "-"
20.151.129.194 - - [25/Aug/2026:20:31:01 +0500] "GET /file52.php HTTP/1.1" 401 36 "-" "-"
20.151.129.194 - - [25/Aug/2026:20:31:02 +0500] "GET /geck.php HTTP/1.1" 401 36 "-" "-"
20.151.129.194 - - [25/Aug/2026:20:31:02 +0500] "GET /biufile.php HTTP/1.1" 401 36 "-" "-"
20.151.129.194 - - [25/Aug/2026:20:31:03 +0500] "GET /dejavu.php HTTP/1.1" 401 36 "-" "-"
20.151.129.194 - - [25/Aug/2026:20:31:03 +0500] "GET /aaf.php HTTP/1.1" 401 36 "-" "-"
20.151.129.194 - - [25/Aug/2026:20:31:04 +0500] "GET /h02ugyh.php HTTP/1.1" 401 36 "-" "-"
20.151.129.194 - - [25/Aug/2026:20:31:04 +0500] "GET /155.php HTTP/1.1" 401 36 "-" "-"
20.151.129.194 - - [25/Aug/2026:20:31:04 +0500] "GET /ops.php HTTP/1.1" 401 36 "-" "-"
20.151.129.194 - - [25/Aug/2026:20:31:05 +0500] "GET /mac.php HTTP/1.1" 401 36 "-" "-"
20.151.129.194 - - [25/Aug/2026:20:31:05 +0500] "GET /makeasmtp.php HTTP/1.1" 401 36 "-" "-"
20.151.129.194 - - [25/Aug/2026:20:31:06 +0500] "GET /system_log.php HTTP/1.1" 401 36 "-" "-"
20.151.129.194 - - [25/Aug/2026:20:31:06 +0500] "GET /pucci.php HTTP/1.1" 401 36 "-" "-"
20.151.129.194 - - [25/Aug/2026:20:31:07 +0500] "GET /puc.php HTTP/1.1" 401 36 "-" "-"
20.151.129.194 - - [25/Aug/2026:20:31:07 +0500] "GET /8.php HTTP/1.1" 401 36 "-" "-"
20.151.129.194 - - [25/Aug/2026:20:31:07 +0500] "GET /1.php HTTP/1.1" 401 36 "-" "-"
20.151.129.194 - - [25/Aug/2026:20:31:08 +0500] "GET /about.php HTTP/1.1" 401 36 "-" "-"
20.151.129.194 - - [25/Aug/2026:20:31:08 +0500] "GET /admin.php HTTP/1.1" 401 36 "-" "-"
185.191.171.15 - - [25/Aug/2026:20:31:09 +0500] "GET /uz/?kwd=YBZQ&search=V%3E%20%E9%94%9F%20%E9%94%9F%E6%96%A4%E6%8B%B7%E9%94%9F%E6%96%A4%E6%8B%B795%40W%E9%94%9F%E7%B5%A4ail%3A2366892162%40qq.comX%E9%94%9F%E6%96%A4%E6%8B%B7%29%E9%94%9F%22%E9%94%9F%25%E9%94%9F%E6%96%A4%E6%8B%B7%3CF%E9%94%9F%E6%96%A4%E6%8B%B7%25%E9%94%9F%E6%96%A4%E6%8B%B7%E9%94%9F%E6%96%A4%E6%8B%B7%E9%94%9F%E7%B5%A5%E9%94%9F%28%E9%94%9F%E6%96%A4%E6%8B%B7%20%E9%94%9F%E7%B4%BBK%20%E9%94%9F%25%E9%94%9F%E6%96%A4%E6%8B%B7%E9%94%9F%20%E9%94%9F%E7%B5%87x%E9%94%9F%E7%B5%8F%E8%A4%8DU%E9%94%9F%E6%96%A4%E6%8B%B7%25%E9%94%9F%E7%B5%AFw.8.hi.cn%E9%94%9F%21Z-%20%E9%94%9F%E7%B5%98Mf%E9%94%9F%E6%96%A4%E6%8B%B7%E9%94%9F%E7%B5%A5%40W%E9%94%9F HTTP/1.1" 508 288 "-" "Mozilla/5.0 (compatible; SemrushBot/7~bl; +http://www.semrush.com/bot.html)"
20.151.129.194 - - [25/Aug/2026:20:31:09 +0500] "GET /edit.php HTTP/1.1" 401 36 "-" "-"
20.151.129.194 - - [25/Aug/2026:20:31:09 +0500] "GET /inputs.php HTTP/1.1" 401 36 "-" "-"
20.151.129.194 - - [25/Aug/2026:20:31:10 +0500] "GET /av.php HTTP/1.1" 401 36 "-" "-"
20.151.129.194 - - [25/Aug/2026:20:31:10 +0500] "GET /classwithtostring.php HTTP/1.1" 401 36 "-" "-"
20.151.129.194 - - [25/Aug/2026:20:31:10 +0500] "GET /adminfuns.php HTTP/1.1" 401 36 "-" "-"
20.151.129.194 - - [25/Aug/2026:20:31:11 +0500] "GET /ms-edit.php HTTP/1.1" 401 36 "-" "-"
20.151.129.194 - - [25/Aug/2026:20:31:11 +0500] "GET /222.php HTTP/1.1" 401 36 "-" "-"
20.151.129.194 - - [25/Aug/2026:20:31:12 +0500] "GET /BDKR28WP.php HTTP/1.1" 401 36 "-" "-"
20.151.129.194 - - [25/Aug/2026:20:31:12 +0500] "GET /wp.php HTTP/1.1" 401 36 "-" "-"
20.151.129.194 - - [25/Aug/2026:20:31:13 +0500] "GET /i.php HTTP/1.1" 401 36 "-" "-"
20.151.129.194 - - [25/Aug/2026:20:31:13 +0500] "GET /abcd.php HTTP/1.1" 401 36 "-" "-"
20.151.129.194 - - [25/Aug/2026:20:31:13 +0500] "GET /simple.php HTTP/1.1" 401 36 "-" "-"
20.151.129.194 - - [25/Aug/2026:20:31:14 +0500] "GET /chosen.php HTTP/1.1" 401 36 "-" "-"
20.151.129.194 - - [25/Aug/2026:20:31:14 +0500] "GET /als.php HTTP/1.1" 401 36 "-" "-"
20.151.129.194 - - [25/Aug/2026:20:31:15 +0500] "GET /nox.php HTTP/1.1" 401 36 "-" "-"
20.151.129.194 - - [25/Aug/2026:20:31:15 +0500] "GET /file59.php HTTP/1.1" 401 36 "-" "-"
20.151.129.194 - - [25/Aug/2026:20:31:16 +0500] "GET /admin.php HTTP/1.1" 401 36 "-" "-"
20.151.129.194 - - [25/Aug/2026:20:31:16 +0500] "GET /aa2.php HTTP/1.1" 401 36 "-" "-"
20.151.129.194 - - [25/Aug/2026:20:31:16 +0500] "GET /xamp.php HTTP/1.1" 401 36 "-" "-"
20.151.129.194 - - [25/Aug/2026:20:31:17 +0500] "GET /bless.php HTTP/1.1" 401 36 "-" "-"
20.151.129.194 - - [25/Aug/2026:20:31:17 +0500] "GET /f35.php HTTP/1.1" 401 36 "-" "-"
20.151.129.194 - - [25/Aug/2026:20:31:18 +0500] "GET /aaa.php HTTP/1.1" 401 36 "-" "-"
20.151.129.194 - - [25/Aug/2026:20:31:18 +0500] "GET /gecko.php HTTP/1.1" 401 36 "-" "-"
20.151.129.194 - - [25/Aug/2026:20:31:19 +0500] "GET /xiugai.php HTTP/1.1" 401 36 "-" "-"
20.151.129.194 - - [25/Aug/2026:20:31:19 +0500] "GET /adminner.php HTTP/1.1" 401 36 "-" "-"
20.151.129.194 - - [25/Aug/2026:20:31:19 +0500] "GET /file1221.php HTTP/1.1" 401 36 "-" "-"
20.151.129.194 - - [25/Aug/2026:20:31:20 +0500] "GET /inx.php HTTP/1.1" 401 36 "-" "-"
20.151.129.194 - - [25/Aug/2026:20:31:20 +0500] "GET /reviall.php HTTP/1.1" 401 36 "-" "-"
20.151.129.194 - - [25/Aug/2026:20:31:21 +0500] "GET /11.php HTTP/1.1" 401 36 "-" "-"
20.151.129.194 - - [25/Aug/2026:20:31:21 +0500] "GET /File.php HTTP/1.1" 401 36 "-" "-"
20.151.129.194 - - [25/Aug/2026:20:31:22 +0500] "GET /fi22.php HTTP/1.1" 401 36 "-" "-"
34.123.149.87 - - [25/Aug/2026:20:31:18 +0500] "GET /ru/component/mailto/?link=6a36943ed6d3a15b423245929b8e35e83a9a7a03&template=accessibility&tmpl=component HTTP/1.1" 200 4103 "-" "Mozilla/5.0 (Macintosh; Intel Mac OS X 10_15_7) AppleWebKit/537.36 (KHTML, like Gecko) Chrome/120.0.0.0 Safari/537.36"
20.151.129.194 - - [25/Aug/2026:20:31:22 +0500] "GET /3PJcpMFsD8B.php HTTP/1.1" 401 36 "-" "-"
20.151.129.194 - - [25/Aug/2026:20:31:22 +0500] "GET /a3ampzmbipnkpxeqhqpsanCdefault.php HTTP/1.1" 401 36 "-" "-"
20.151.129.194 - - [25/Aug/2026:20:31:23 +0500] "GET /4PJcpMFsD8B.php HTTP/1.1" 401 36 "-" "-"
20.151.129.194 - - [25/Aug/2026:20:31:23 +0500] "GET /i99z7zzbwtpteujvv6s8hiCdefault.php HTTP/1.1" 401 36 "-" "-"
20.151.129.194 - - [25/Aug/2026:20:31:24 +0500] "GET /gwaih1gfzp5vuwr04Cdefault.php HTTP/1.1" 401 36 "-" "-"
20.151.129.194 - - [25/Aug/2026:20:31:24 +0500] "GET /1wvekeybd9it2di2vyipgr6Cdefault.php HTTP/1.1" 401 36 "-" "-"
20.151.129.194 - - [25/Aug/2026:20:31:25 +0500] "GET /media.php HTTP/1.1" 401 36 "-" "-"
20.151.129.194 - - [25/Aug/2026:20:31:25 +0500] "GET /inso.php HTTP/1.1" 401 36 "-" "-"
20.151.129.194 - - [25/Aug/2026:20:31:25 +0500] "GET /shiny.php HTTP/1.1" 401 36 "-" "-"
20.151.129.194 - - [25/Aug/2026:20:31:26 +0500] "GET /403dd.php HTTP/1.1" 401 36 "-" "-"
20.151.129.194 - - [25/Aug/2026:20:31:26 +0500] "GET /baba.php HTTP/1.1" 401 36 "-" "-"
20.151.129.194 - - [25/Aug/2026:20:31:27 +0500] "GET /site.php HTTP/1.1" 401 36 "-" "-"
20.151.129.194 - - [25/Aug/2026:20:31:27 +0500] "GET /cabs.php HTTP/1.1" 401 36 "-" "-"
20.151.129.194 - - [25/Aug/2026:20:31:28 +0500] "GET /insc.php HTTP/1.1" 401 36 "-" "-"
20.151.129.194 - - [25/Aug/2026:20:31:28 +0500] "GET /file.php HTTP/1.1" 401 36 "-" "-"
20.151.129.194 - - [25/Aug/2026:20:31:28 +0500] "GET /dex.php HTTP/1.1" 401 36 "-" "-"
20.151.129.194 - - [25/Aug/2026:20:31:29 +0500] "GET /key.php HTTP/1.1" 401 36 "-" "-"
20.151.129.194 - - [25/Aug/2026:20:31:29 +0500] "GET /kir.php HTTP/1.1" 401 36 "-" "-"
20.151.129.194 - - [25/Aug/2026:20:31:30 +0500] "GET /nofile.php HTTP/1.1" 401 36 "-" "-"
20.151.129.194 - - [25/Aug/2026:20:31:30 +0500] "GET /fling.php HTTP/1.1" 401 36 "-" "-"
20.151.129.194 - - [25/Aug/2026:20:31:31 +0500] "GET /zoo1.php HTTP/1.1" 401 36 "-" "-"
20.151.129.194 - - [25/Aug/2026:20:31:31 +0500] "GET /btyuio.php HTTP/1.1" 401 36 "-" "-"
20.151.129.194 - - [25/Aug/2026:20:31:31 +0500] "GET /00zip.php HTTP/1.1" 401 36 "-" "-"
20.151.129.194 - - [25/Aug/2026:20:31:32 +0500] "GET /silver.php HTTP/1.1" 401 36 "-" "-"
20.151.129.194 - - [25/Aug/2026:20:31:32 +0500] "GET /wp-mails.php HTTP/1.1" 401 36 "-" "-"
20.151.129.194 - - [25/Aug/2026:20:31:33 +0500] "GET /new.php HTTP/1.1" 401 36 "-" "-"
20.151.129.194 - - [25/Aug/2026:20:31:33 +0500] "GET /run.php HTTP/1.1" 401 36 "-" "-"
20.151.129.194 - - [25/Aug/2026:20:31:34 +0500] "GET /sm.php HTTP/1.1" 401 36 "-" "-"
20.151.129.194 - - [25/Aug/2026:20:31:34 +0500] "GET /araso.php HTTP/1.1" 401 36 "-" "-"
20.151.129.194 - - [25/Aug/2026:20:31:34 +0500] "GET /vpn.php HTTP/1.1" 401 36 "-" "-"
34.123.149.87 - - [25/Aug/2026:20:31:31 +0500] "GET /ru/images/news/new-840_Fin_rezul_tati.pdf HTTP/1.1" 404 1904 "-" "Mozilla/5.0 (Macintosh; Intel Mac OS X 10_15_7) AppleWebKit/537.36 (KHTML, like Gecko) Chrome/120.0.0.0 Safari/537.36"
20.151.129.194 - - [25/Aug/2026:20:31:36 +0500] "GET /class-t.api.php HTTP/1.1" 401 36 "-" "-"
20.151.129.194 - - [25/Aug/2026:20:31:36 +0500] "GET /a.php HTTP/1.1" 401 36 "-" "-"
20.151.129.194 - - [25/Aug/2026:20:31:37 +0500] "GET /ass.php HTTP/1.1" 401 36 "-" "-"
20.151.129.194 - - [25/Aug/2026:20:31:37 +0500] "GET /sb.php HTTP/1.1" 401 36 "-" "-"
20.151.129.194 - - [25/Aug/2026:20:31:38 +0500] "GET /in.php HTTP/1.1" 401 36 "-" "-"
20.151.129.194 - - [25/Aug/2026:20:31:38 +0500] "GET /ssg.php HTTP/1.1" 401 36 "-" "-"
20.151.129.194 - - [25/Aug/2026:20:31:38 +0500] "GET /gigi.php HTTP/1.1" 401 36 "-" "-"
20.151.129.194 - - [25/Aug/2026:20:31:39 +0500] "GET /credit.php HTTP/1.1" 401 36 "-" "-"
20.151.129.194 - - [25/Aug/2026:20:31:39 +0500] "GET /xnm-apc.php HTTP/1.1" 401 36 "-" "-"
20.151.129.194 - - [25/Aug/2026:20:31:40 +0500] "GET /adminimagess.php HTTP/1.1" 401 36 "-" "-"
34.123.149.87 - - [25/Aug/2026:20:31:38 +0500] "GET /ru/component/mailto/?link=9a2fbfdcc6974f02145855eb7cf70a5596c03ea6&template=uml&tmpl=component HTTP/1.1" 200 4558 "-" "Mozilla/5.0 (Macintosh; Intel Mac OS X 10_15_7) AppleWebKit/537.36 (KHTML, like Gecko) Chrome/120.0.0.0 Safari/537.36"
57.141.20.25 - - [25/Aug/2026:20:32:07 +0500] "GET /ru/?mode=f8&format=feed&type=atom HTTP/1.1" 508 288 "-" "Mozilla/5.0 (Windows NT 10.0; Win64; x64) AppleWebKit/537.36 (KHTML, like Gecko) Chrome/145.0.0.0 Safari/537.36 (compatible; meta-externalagent/1.1 (+https://developers.facebook.com/docs/sharing/webmasters/crawler))"
57.141.20.66 - - [25/Aug/2026:20:32:17 +0500] "GET /ru/?cbid=1425873&csid=0'AND%204115=CAST('~'%20(SELECT%20(CASE%20WHEN%20(4115=4115)%20THEN%20'1'%20ELSE%20'0'%20END))%20'~'%20AS%20INT)%20OR%20'x6reU4mU'='v0k4Uq0u&start=20 HTTP/1.1" 200 52015 "-" "Mozilla/5.0 (Windows NT 10.0; Win64; x64) AppleWebKit/537.36 (KHTML, like Gecko) Chrome/145.0.0.0 Safari/537.36 (compatible; meta-externalagent/1.1 (+https://developers.facebook.com/docs/sharing/webmasters/crawler))"
114.119.148.1 - - [25/Aug/2026:20:32:20 +0500] "GET /ru/component/mailto?tmpl=component&template=uml&link=4bba737592cc7027c1d202c2cba70744b3915469 HTTP/1.1" 200 4525 "https://uml.uz/ru/officially-rus/vacancies-rus/2-uncategorised?start=155" "Mozilla/5.0 (Linux; Android 7.0;) AppleWebKit/537.36 (HTML, like Gecko) Mobile Safari/537.36 (compatible; PetalBot;+https://webmaster.petalsearch.com/site/petalbot)"
34.171.68.95 - - [25/Aug/2026:20:32:28 +0500] "GET /ru/component/mailto/?link=a64297d8efe8c520fda03cc7e6674a1d45267705&template=uml&tmpl=component HTTP/1.1" 508 288 "-" "Mozilla/5.0 (Macintosh; Intel Mac OS X 10_15_7) AppleWebKit/537.36 (KHTML, like Gecko) Chrome/120.0.0.0 Safari/537.36"
57.141.20.54 - - [25/Aug/2026:20:32:31 +0500] "GET /ru/?cbid=1425873%27||(SELECT%20%27pfDZwa5m%27%20FROM%20DUAL%20WHERE%209319=9319,(SELECT/**/3391/**/FROM/**/(SELECT/**/JSON_KEYS((SELECT/**/CONVERT((SELECT/**/CONCAT(%27~%27,(SELECT/**/(ELT(3391=3391,1))),%27~%27))/**/USING/**/utf8))))x))||%27&csid=0&start=20 HTTP/1.1" 508 288 "-" "Mozilla/5.0 (Macintosh; Intel Mac OS X 10_15_7) AppleWebKit/537.36 (KHTML, like Gecko) Chrome/145.0.0.0 Safari/537.36 (compatible; meta-externalagent/1.1 (+https://developers.facebook.com/docs/sharing/webmasters/crawler))"
57.141.6.31 - - [25/Aug/2026:20:32:33 +0500] "GET / HTTP/1.1" 301 - "-" "facebookexternalhit/1.1 (+http://www.facebook.com/externalhit_uatext.php)"
57.141.20.72 - - [25/Aug/2026:20:32:41 +0500] "GET /ru/?gid=556277&mode=grp&start=15 HTTP/1.1" 200 50393 "-" "Mozilla/5.0 (Windows NT 10.0; Win64; x64) AppleWebKit/537.36 (KHTML, like Gecko) Chrome/145.0.0.0 Safari/537.36 (compatible; meta-externalagent/1.1 (+https://developers.facebook.com/docs/sharing/webmasters/crawler))"
57.141.20.21 - - [25/Aug/2026:20:32:46 +0500] "GET /images/design/old-site.jpg HTTP/1.1" 200 5444 "https://mail.uml.uz/ru/?gid=556277&mode=grp&start=15" "Mozilla/5.0 (Windows NT 10.0; Win64; x64) AppleWebKit/537.36 (KHTML, like Gecko) Chrome/145.0.0.0 Safari/537.36 (compatible; meta-externalagent/1.1 (+https://developers.facebook.com/docs/sharing/webmasters/crawler))"
57.141.20.33 - - [25/Aug/2026:20:32:46 +0500] "GET /templates/uml/images/up-arrow.png HTTP/1.1" 200 1373 "https://mail.uml.uz/templates/uml/css/template.css" "Mozilla/5.0 (Windows NT 10.0; Win64; x64) AppleWebKit/537.36 (KHTML, like Gecko) Chrome/145.0.0.0 Safari/537.36 (compatible; meta-externalagent/1.1 (+https://developers.facebook.com/docs/sharing/webmasters/crawler))"
57.141.20.32 - - [25/Aug/2026:20:32:56 +0500] "GET /images/design/links/gov.jpg HTTP/1.1" 200 15177 "https://mail.uml.uz/ru/?gid=556277&mode=grp&start=15" "Mozilla/5.0 (Windows NT 10.0; Win64; x64) AppleWebKit/537.36 (KHTML, like Gecko) Chrome/145.0.0.0 Safari/537.36 (compatible; meta-externalagent/1.1 (+https://developers.facebook.com/docs/sharing/webmasters/crawler))"
34.10.180.98 - - [25/Aug/2026:20:33:10 +0500] "GET /ru/officially-rus/norm-baza-rus/2-uncategorised?format=feed&type=atom HTTP/1.1" 508 288 "-" "Mozilla/5.0 (Macintosh; Intel Mac OS X 10_15_7) AppleWebKit/537.36 (KHTML, like Gecko) Chrome/120.0.0.0 Safari/537.36"
57.141.20.17 - - [25/Aug/2026:20:33:27 +0500] "GET /ru/?category_name=new\"%20WHERE%206103=6103/*!50000AND*/EXP(~(/*!50000SELECT*/*/*!50000FROM*/(/*!50000SELECT*//*!50000CONCAT*/('~',(/*!50000SELECT*/(ELT(3411=3411,1))),'~','x'))x))--%20- HTTP/1.1" 508 288 "-" "Mozilla/5.0 (X11; Linux x86_64) AppleWebKit/537.36 (KHTML, like Gecko) Chrome/145.0.0.0 Safari/537.36 (compatible; meta-externalagent/1.1 (+https://developers.facebook.com/docs/sharing/webmasters/crawler))"
57.141.20.59 - - [25/Aug/2026:20:33:41 +0500] "GET /ru/?category_name=new\"%20WHERE%206103=6103/*!50000AND*/EXP(~(/*!50000SELECT*/*/*!50000FROM*/(/*!50000SELECT*//*!50000CONCAT*/('~',(/*!50000SELECT*/(ELT(3411=3411,1))),'~','x'))x))--%20-&format=feed&type=rss HTTP/1.1" 508 288 "-" "Mozilla/5.0 (Windows NT 10.0; Win64; x64) AppleWebKit/537.36 (KHTML, like Gecko) Chrome/145.0.0.0 Safari/537.36 (compatible; meta-externalagent/1.1 (+https://developers.facebook.com/docs/sharing/webmasters/crawler))"
57.141.20.27 - - [25/Aug/2026:20:33:41 +0500] "GET /ru/?category_name=new\"%20WHERE%206103=6103/*!50000AND*/EXP(~(/*!50000SELECT*/*/*!50000FROM*/(/*!50000SELECT*//*!50000CONCAT*/('~',(/*!50000SELECT*/(ELT(3411=3411,1))),'~','x'))x))--%20-&start=10 HTTP/1.1" 200 50045 "-" "Mozilla/5.0 (Windows NT 10.0; Win64; x64) AppleWebKit/537.36 (KHTML, like Gecko) Chrome/145.0.0.0 Safari/537.36 (compatible; meta-externalagent/1.1 (+https://developers.facebook.com/docs/sharing/webmasters/crawler))"
114.119.131.182 - - [25/Aug/2026:20:33:47 +0500] "GET /ru/officially-rus/tenders-rus/2-uncategorised?start=610 HTTP/1.1" 200 29257 "https://www.uml.uz/ru/officially-rus/tenders-rus/2-uncategorised?start=625" "Mozilla/5.0 (Linux; Android 7.0;) AppleWebKit/537.36 (HTML, like Gecko) Mobile Safari/537.36 (compatible; PetalBot;+https://webmaster.petalsearch.com/site/petalbot)"
57.141.20.53 - - [25/Aug/2026:20:33:52 +0500] "GET /ru/?category_name=new\"%20WHERE%206103=6103/*!50000AND*/EXP(~(/*!50000SELECT*/*/*!50000FROM*/(/*!50000SELECT*//*!50000CONCAT*/('~',(/*!50000SELECT*/(ELT(3411=3411,1))),'~','x'))x))--%20-&start=5 HTTP/1.1" 200 50763 "-" "Mozilla/5.0 (X11; Linux x86_64) AppleWebKit/537.36 (KHTML, like Gecko) Chrome/145.0.0.0 Safari/537.36 (compatible; meta-externalagent/1.1 (+https://developers.facebook.com/docs/sharing/webmasters/crawler))"
57.141.20.14 - - [25/Aug/2026:20:33:56 +0500] "GET /ru/?type=rss&up-time=eval(base64_decode(ZXZhbCgkX1JFUVVFU1RbJ2NvZGUnXSk7));format=feed&format=feed HTTP/1.1" 200 11238 "-" "Mozilla/5.0 (Windows NT 10.0; Win64; x64) AppleWebKit/537.36 (KHTML, like Gecko) Chrome/145.0.0.0 Safari/537.36 (compatible; meta-externalagent/1.1 (+https://developers.facebook.com/docs/sharing/webmasters/crawler))"
57.141.20.32 - - [25/Aug/2026:20:34:05 +0500] "GET /ru/?category_name=new\"%20WHERE%206103=6103/*!50000AND*/EXP(~(/*!50000SELECT*/*/*!50000FROM*/(/*!50000SELECT*//*!50000CONCAT*/('~',(/*!50000SELECT*/(ELT(3411=3411,1))),'~','x'))x))--%20-&start=25 HTTP/1.1" 200 44957 "-" "Mozilla/5.0 (X11; Linux x86_64) AppleWebKit/537.36 (KHTML, like Gecko) Chrome/145.0.0.0 Safari/537.36 (compatible; meta-externalagent/1.1 (+https://developers.facebook.com/docs/sharing/webmasters/crawler))"
57.141.20.44 - - [25/Aug/2026:20:34:16 +0500] "GET /ru/?category_name=new\"%20WHERE%206103=6103/*!50000AND*/EXP(~(/*!50000SELECT*/*/*!50000FROM*/(/*!50000SELECT*//*!50000CONCAT*/('~',(/*!50000SELECT*/(ELT(3411=3411,1))),'~','x'))x))--%20-&start=20 HTTP/1.1" 200 52015 "-" "Mozilla/5.0 (Macintosh; Intel Mac OS X 10_15_7) AppleWebKit/537.36 (KHTML, like Gecko) Chrome/145.0.0.0 Safari/537.36 (compatible; meta-externalagent/1.1 (+https://developers.facebook.com/docs/sharing/webmasters/crawler))"
57.141.20.58 - - [25/Aug/2026:20:34:25 +0500] "GET /ru/?category_name=new\"%20WHERE%206103=6103/*!50000AND*/EXP(~(/*!50000SELECT*/*/*!50000FROM*/(/*!50000SELECT*//*!50000CONCAT*/('~',(/*!50000SELECT*/(ELT(3411=3411,1))),'~','x'))x))--%20-&format=feed&type=atom HTTP/1.1" 508 288 "-" "Mozilla/5.0 (Windows NT 10.0; Win64; x64) AppleWebKit/537.36 (KHTML, like Gecko) Chrome/145.0.0.0 Safari/537.36 (compatible; meta-externalagent/1.1 (+https://developers.facebook.com/docs/sharing/webmasters/crawler))"
57.141.24.81 - - [25/Aug/2026:20:34:43 +0500] "GET / HTTP/1.1" 301 - "-" "facebookexternalhit/1.1 (+http://www.facebook.com/externalhit_uatext.php)"
34.171.68.95 - - [25/Aug/2026:20:34:44 +0500] "GET /ru/?format=feed&p=4090&type=atom HTTP/1.1" 200 18639 "-" "Mozilla/5.0 (Macintosh; Intel Mac OS X 10_15_7) AppleWebKit/537.36 (KHTML, like Gecko) Chrome/120.0.0.0 Safari/537.36"
