104.209.144.33 - - [25/Aug/2026:18:28:45 +0500] "GET /worksec.php HTTP/1.1" 404 5752 "-" "-"
104.209.144.33 - - [25/Aug/2026:18:28:46 +0500] "GET /wp-includes/IXR/Ipv6.php HTTP/1.1" 404 5752 "-" "-"
104.209.144.33 - - [25/Aug/2026:18:28:46 +0500] "GET /wp-admin/upgrade.php HTTP/1.1" 404 5752 "-" "-"
104.209.144.33 - - [25/Aug/2026:18:28:46 +0500] "GET /wp-content/plugins/cp-pro/js.php HTTP/1.1" 404 5752 "-" "-"
104.209.144.33 - - [25/Aug/2026:18:28:47 +0500] "GET /shell20211028.php HTTP/1.1" 404 5752 "-" "-"
104.209.144.33 - - [25/Aug/2026:18:28:47 +0500] "GET /wp-content/wp-plugins/aspose-pdf-importer/vendor/phpunit/phpunit/src/Util/PHP/eval-stdin.php HTTP/1.1" 404 5752 "-" "-"
85.208.96.201 - - [25/Aug/2026:18:28:42 +0500] "GET /ru/?cbid=2153442&csid=0&start=5 HTTP/1.1" 200 50720 "-" "Mozilla/5.0 (compatible; SemrushBot/7~bl; +http://www.semrush.com/bot.html)"
104.209.144.33 - - [25/Aug/2026:18:28:48 +0500] "GET /wp-includes/certificates/index.php HTTP/1.1" 404 5752 "-" "-"
104.209.144.33 - - [25/Aug/2026:18:28:48 +0500] "GET /wp-admin/css/colors/coffee/index.php HTTP/1.1" 404 5752 "-" "-"
104.209.144.33 - - [25/Aug/2026:18:28:48 +0500] "GET /info.php HTTP/1.1" 404 5752 "-" "-"
104.209.144.33 - - [25/Aug/2026:18:28:49 +0500] "GET /modules/ets_whatsapp/security.php HTTP/1.1" 404 5752 "-" "-"
104.209.144.33 - - [25/Aug/2026:18:28:49 +0500] "GET /wp-includes/blocks/gallery/index.php HTTP/1.1" 404 5752 "-" "-"
104.209.144.33 - - [25/Aug/2026:18:28:50 +0500] "GET /SzATuRit63g.php HTTP/1.1" 404 5752 "-" "-"
104.209.144.33 - - [25/Aug/2026:18:28:50 +0500] "GET /wp-includes/js/tinymce/index.php HTTP/1.1" 404 5752 "-" "-"
52.54.248.68 - - [25/Aug/2026:18:28:48 +0500] "GET /robots.txt HTTP/1.1" 301 - "-" "Mozilla/5.0 (Macintosh; Intel Mac OS X 10_10_1) AppleWebKit/600.2.5 (KHTML, like Gecko) Version/8.0.2 Safari/600.2.5 (TestUserAgent)"
104.209.144.33 - - [25/Aug/2026:18:28:50 +0500] "GET /wp-admin/gQ2zxmHJ3RF.php HTTP/1.1" 404 5752 "-" "-"
104.209.144.33 - - [25/Aug/2026:18:28:51 +0500] "GET /wp-includes/blocks/query-pagination-numbers/index.php HTTP/1.1" 404 5752 "-" "-"
104.209.144.33 - - [25/Aug/2026:18:28:51 +0500] "GET /kgoc6awap3napxxxdCdefault.php HTTP/1.1" 404 5752 "-" "-"
104.209.144.33 - - [25/Aug/2026:18:28:52 +0500] "GET /wp-content/themes/twentytwentytwo/index.php HTTP/1.1" 404 5752 "-" "-"
104.209.144.33 - - [25/Aug/2026:18:28:52 +0500] "GET /test.php HTTP/1.1" 404 5752 "-" "-"
104.209.144.33 - - [25/Aug/2026:18:28:52 +0500] "GET /wp-load.php HTTP/1.1" 404 5752 "-" "-"
104.209.144.33 - - [25/Aug/2026:18:28:53 +0500] "GET /inputs.php HTTP/1.1" 404 5752 "-" "-"
3.233.31.184 - - [25/Aug/2026:18:28:51 +0500] "GET /ru/robots.txt HTTP/1.1" 404 1892 "-" "Mozilla/5.0 (Macintosh; Intel Mac OS X 10_10_1) AppleWebKit/600.2.5 (KHTML, like Gecko) Version/8.0.2 Safari/600.2.5 (TestUserAgent)"
104.209.144.33 - - [25/Aug/2026:18:28:53 +0500] "GET /wp-admin/css/wp-login.php HTTP/1.1" 404 5752 "-" "-"
104.209.144.33 - - [25/Aug/2026:18:28:54 +0500] "GET /wp-includes/Requests/about.php HTTP/1.1" 404 5752 "-" "-"
104.209.144.33 - - [25/Aug/2026:18:28:54 +0500] "GET /wp-includes/blocks/query-pagination-next/index.php HTTP/1.1" 404 5752 "-" "-"
104.209.144.33 - - [25/Aug/2026:18:28:54 +0500] "GET /wp-includes/Text/index.php HTTP/1.1" 404 5752 "-" "-"
104.209.144.33 - - [25/Aug/2026:18:28:55 +0500] "GET /wp-admin/index.php HTTP/1.1" 404 5752 "-" "-"
104.209.144.33 - - [25/Aug/2026:18:28:55 +0500] "GET /wp-content/plugins/index.php HTTP/1.1" 404 5752 "-" "-"
104.209.144.33 - - [25/Aug/2026:18:28:56 +0500] "GET /wp-includes/blocks/list-item/index.php HTTP/1.1" 404 5752 "-" "-"
104.209.144.33 - - [25/Aug/2026:18:28:56 +0500] "GET /wp-admin/network/index.php HTTP/1.1" 404 5752 "-" "-"
104.209.144.33 - - [25/Aug/2026:18:28:57 +0500] "GET /dropdown.php HTTP/1.1" 404 5752 "-" "-"
52.54.248.68 - - [25/Aug/2026:18:28:54 +0500] "GET /ru/?cbid=1515674&csid=0&mode=cate&start=20 HTTP/1.1" 200 50658 "-" "TestUserAgent"
114.119.148.1 - - [25/Aug/2026:18:29:26 +0500] "GET /ru/component/mailto/?tmpl=component&template=uml&link=5ebc027c5cac8da0ab2888eecd17ac740f38b3f5 HTTP/1.1" 200 4526 "https://uml.uz/ru/equipment-rus/2-uncategorised" "Mozilla/5.0 (Linux; Android 7.0;) AppleWebKit/537.36 (HTML, like Gecko) Mobile Safari/537.36 (compatible; PetalBot;+https://webmaster.petalsearch.com/site/petalbot)"
34.10.180.98 - - [25/Aug/2026:18:30:01 +0500] "GET /ru/news-rus/11-russian/about-org-rus HTTP/1.1" 200 33165 "-" "Mozilla/5.0 (Macintosh; Intel Mac OS X 10_15_7) AppleWebKit/537.36 (KHTML, like Gecko) Chrome/120.0.0.0 Safari/537.36"
82.206.72.249 - - [25/Aug/2026:18:30:10 +0500] "GET /?rest_route=/ HTTP/1.1" 301 - "-" "curl/8.14.1"
82.206.72.249 - - [25/Aug/2026:18:30:12 +0500] "GET /ru/?rest_route=/ HTTP/1.1" 403 1054 "-" "curl/8.14.1"
82.206.72.59 - - [25/Aug/2026:18:30:13 +0500] "GET /wp-json/ HTTP/1.1" 301 - "-" "curl/8.14.1"
82.206.72.59 - - [25/Aug/2026:18:30:14 +0500] "GET /ru/wp-json HTTP/1.1" 403 1054 "-" "curl/8.14.1"
114.119.148.1 - - [25/Aug/2026:18:30:48 +0500] "GET /ru/leasing-steps-rus/2-uncategorised/509-506105195 HTTP/1.1" 404 1892 "https://uml.uz/ru/leasing-steps-rus/2-uncategorised" "Mozilla/5.0 (Linux; Android 7.0;) AppleWebKit/537.36 (HTML, like Gecko) Mobile Safari/537.36 (compatible; PetalBot;+https://webmaster.petalsearch.com/site/petalbot)"
34.56.124.53 - - [25/Aug/2026:18:31:12 +0500] "GET /uz/?format=feed&mode=rss&type=atom HTTP/1.1" 200 19736 "-" "Mozilla/5.0 (Macintosh; Intel Mac OS X 10_15_7) AppleWebKit/537.36 (KHTML, like Gecko) Chrome/120.0.0.0 Safari/537.36"
185.191.171.2 - - [25/Aug/2026:18:31:28 +0500] "GET /ru/?gid=954405&mode=grp&sort=n&start=15 HTTP/1.1" 508 288 "-" "Mozilla/5.0 (compatible; SemrushBot/7~bl; +http://www.semrush.com/bot.html)"
85.208.96.208 - - [25/Aug/2026:18:31:28 +0500] "GET /uz/?cbid=1530785&csid=0&mode=cate&start=20 HTTP/1.1" 200 47783 "-" "Mozilla/5.0 (compatible; SemrushBot/7~bl; +http://www.semrush.com/bot.html)"
185.191.171.2 - - [25/Aug/2026:18:31:35 +0500] "GET /uz/?pageID=2&site=nli&start=15 HTTP/1.1" 200 45743 "-" "Mozilla/5.0 (compatible; SemrushBot/7~bl; +http://www.semrush.com/bot.html)"
34.30.223.149 - - [25/Aug/2026:18:31:49 +0500] "GET /uz/shareholders-uzb/votes-uzb?format=feed&type=atom HTTP/1.1" 200 9832 "-" "Mozilla/5.0 (Macintosh; Intel Mac OS X 10_15_7) AppleWebKit/537.36 (KHTML, like Gecko) Chrome/120.0.0.0 Safari/537.36"
85.208.96.196 - - [25/Aug/2026:18:31:53 +0500] "GET /ru/?gid=1723614&mode=grp&start=10 HTTP/1.1" 200 51342 "-" "Mozilla/5.0 (compatible; SemrushBot/7~bl; +http://www.semrush.com/bot.html)"
114.119.139.19 - - [25/Aug/2026:18:32:11 +0500] "GET /ru/?g=obj_app_upfile&start=25 HTTP/1.1" 508 288 "https://uml.uz/ru/?g=obj_app_upfile&start=5" "Mozilla/5.0 (Linux; Android 7.0;) AppleWebKit/537.36 (HTML, like Gecko) Mobile Safari/537.36 (compatible; PetalBot;+https://webmaster.petalsearch.com/site/petalbot)"
34.10.180.98 - - [25/Aug/2026:18:32:07 +0500] "GET /uz/shareholders-uzb/prospectus-uzb?format=feed&template=uml&type=atom HTTP/1.1" 200 1682 "-" "Mozilla/5.0 (Macintosh; Intel Mac OS X 10_15_7) AppleWebKit/537.36 (KHTML, like Gecko) Chrome/120.0.0.0 Safari/537.36"
57.141.6.49 - - [25/Aug/2026:18:32:16 +0500] "GET / HTTP/1.1" 301 - "-" "facebookexternalhit/1.1 (+http://www.facebook.com/externalhit_uatext.php)"
34.10.180.98 - - [25/Aug/2026:18:32:28 +0500] "GET /uz/news-uzb/408-auditorlik-tashkilotlari-diqqatiga-vnimaniyu-auditorskikh-organizatsij HTTP/1.1" 508 288 "-" "Mozilla/5.0 (Macintosh; Intel Mac OS X 10_15_7) AppleWebKit/537.36 (KHTML, like Gecko) Chrome/120.0.0.0 Safari/537.36"
35.254.159.230 - - [25/Aug/2026:18:32:26 +0500] "GET /ru/component/mailto/?link=dee034f970099f5826976838c5b651a29fc393a2&template=uml&tmpl=component HTTP/1.1" 200 4554 "-" "Mozilla/5.0 (Macintosh; Intel Mac OS X 10_15_7) AppleWebKit/537.36 (KHTML, like Gecko) Chrome/120.0.0.0 Safari/537.36"
34.56.53.225 - - [25/Aug/2026:18:32:38 +0500] "GET /uz/shareholders-uzb/audit-uzb/1232-audit-2025?print=1&tmpl=component HTTP/1.1" 508 288 "-" "Mozilla/5.0 (Macintosh; Intel Mac OS X 10_15_7) AppleWebKit/537.36 (KHTML, like Gecko) Chrome/120.0.0.0 Safari/537.36"
34.123.149.87 - - [25/Aug/2026:18:32:49 +0500] "GET /ru/?s=%EF%BF%BD%EF%BF%BD%EF%BF%BD&start=5 HTTP/1.1" 200 50832 "-" "Mozilla/5.0 (Macintosh; Intel Mac OS X 10_15_7) AppleWebKit/537.36 (KHTML, like Gecko) Chrome/120.0.0.0 Safari/537.36"
34.10.180.98 - - [25/Aug/2026:18:33:00 +0500] "GET /ru/about-org-rus/history-rus?template=accessibility HTTP/1.1" 508 288 "-" "Mozilla/5.0 (Macintosh; Intel Mac OS X 10_15_7) AppleWebKit/537.36 (KHTML, like Gecko) Chrome/120.0.0.0 Safari/537.36"
34.10.180.98 - - [25/Aug/2026:18:33:25 +0500] "GET /ru/shareholders-rus/dividends-rus/2-uncategorised/2-about-us HTTP/1.1" 508 288 "-" "Mozilla/5.0 (Macintosh; Intel Mac OS X 10_15_7) AppleWebKit/537.36 (KHTML, like Gecko) Chrome/120.0.0.0 Safari/537.36"
34.10.180.98 - - [25/Aug/2026:18:33:31 +0500] "GET /ru/component/mailto/?link=e99ba52af505c2c19e0ac9f0e32b2fafb1a0d6fa&template=uml&tmpl=component HTTP/1.1" 200 4558 "-" "Mozilla/5.0 (Macintosh; Intel Mac OS X 10_15_7) AppleWebKit/537.36 (KHTML, like Gecko) Chrome/120.0.0.0 Safari/537.36"
43.140.246.253 - - [25/Aug/2026:18:33:36 +0500] "GET /media/ext_tss/assets/css/style.css HTTP/1.1" 200 2396 "http://www.uml.uzbekgidroenergoqurilish.uz/" "Mozilla/5.0 (Macintosh; Intel Mac OS X 10_15_7) AppleWebKit/537.36 (KHTML, like Gecko) Chrome/150.0.0.0 Safari/537.36"
114.119.148.1 - - [25/Aug/2026:18:33:36 +0500] "GET /ru/?cbid=2395544&csid=0&mode=cate&start=20 HTTP/1.1" 508 288 "https://www.uml.uz/ru/?p=3669&start=25" "Mozilla/5.0 (Linux; Android 7.0;) AppleWebKit/537.36 (HTML, like Gecko) Mobile Safari/537.36 (compatible; PetalBot;+https://webmaster.petalsearch.com/site/petalbot)"
43.140.246.253 - - [25/Aug/2026:18:33:37 +0500] "GET /media/ext_tss/assets/js/script.js HTTP/1.1" 200 1117 "http://www.uml.uzbekgidroenergoqurilish.uz/" "Mozilla/5.0 (Macintosh; Intel Mac OS X 10_15_7) AppleWebKit/537.36 (KHTML, like Gecko) Chrome/150.0.0.0 Safari/537.36"
34.56.124.53 - - [25/Aug/2026:18:33:49 +0500] "GET /ru/shareholders-rus/audit-rus/68-audit-msfo-za-2015?print=1&tmpl=component HTTP/1.1" 200 3704 "-" "Mozilla/5.0 (Macintosh; Intel Mac OS X 10_15_7) AppleWebKit/537.36 (KHTML, like Gecko) Chrome/120.0.0.0 Safari/537.36"
57.141.24.44 - - [25/Aug/2026:18:34:37 +0500] "GET / HTTP/1.1" 301 - "-" "facebookexternalhit/1.1 (+http://www.facebook.com/externalhit_uatext.php)"
114.119.150.252 - - [25/Aug/2026:18:34:58 +0500] "GET /title/155764/vol/52/ HTTP/1.1" 301 - "https://uml.uz/uz/shareholders-uzb/reports-uzb/2-uncategorised?start=310" "Mozilla/5.0 (Linux; Android 7.0;) AppleWebKit/537.36 (HTML, like Gecko) Mobile Safari/537.36 (compatible; PetalBot;+https://webmaster.petalsearch.com/site/petalbot)"
114.119.150.252 - - [25/Aug/2026:18:35:01 +0500] "GET /ru/title/155764/vol/52 HTTP/1.1" 200 34573 "https://uml.uz/uz/shareholders-uzb/reports-uzb/2-uncategorised?start=310" "Mozilla/5.0 (Linux; Android 7.0;) AppleWebKit/537.36 (HTML, like Gecko) Mobile Safari/537.36 (compatible; PetalBot;+https://webmaster.petalsearch.com/site/petalbot)"
85.208.96.208 - - [25/Aug/2026:18:35:47 +0500] "GET /ru/?category_name=new%22%20WHERE%206103%3D6103%2F%2A%2150000AND%2A%2FEXP%28~%28%2F%2A%2150000SELECT%2A%2F%2A%2F%2A%2150000FROM%2A%2F%28%2F%2A%2150000SELECT%2A%2F%2F%2A%2150000CONCAT%2A%2F%28%27~%27%2C%28%2F%2A%2150000SELECT%2A%2F%28ELT%283411%3D3411%2C1%29%29%29%2C%27~%27%2C%27x%27%29%29x%29%29--%20- HTTP/1.1" 200 50905 "-" "Mozilla/5.0 (compatible; SemrushBot/7~bl; +http://www.semrush.com/bot.html)"
52.167.144.180 - - [25/Aug/2026:18:35:59 +0500] "GET /ru/?from=xiaodiaomao.com&start=10 HTTP/1.1" 200 51438 "-" "Mozilla/5.0 AppleWebKit/537.36 (KHTML, like Gecko; compatible; bingbot/2.0; +http://www.bing.com/bingbot.htm) Chrome/116.0.1938.76 Safari/537.36"
207.46.13.155 - - [25/Aug/2026:18:36:04 +0500] "GET /ru/?gid=738534&mode=grp HTTP/1.1" 200 51001 "-" "Mozilla/5.0 AppleWebKit/537.36 (KHTML, like Gecko; compatible; bingbot/2.0; +http://www.bing.com/bingbot.htm) Chrome/116.0.1938.76 Safari/537.36"
185.191.171.14 - - [25/Aug/2026:18:36:15 +0500] "GET /uz/?mode=privacy&start=10 HTTP/1.1" 200 47058 "-" "Mozilla/5.0 (compatible; SemrushBot/7~bl; +http://www.semrush.com/bot.html)"
34.57.162.91 - - [25/Aug/2026:18:36:17 +0500] "GET /uz/shareholders-uzb/jsc-docs-uzb/2-uncategorised/23-omonat-sertifikatlar HTTP/1.1" 200 28527 "-" "Mozilla/5.0 (Macintosh; Intel Mac OS X 10_15_7) AppleWebKit/537.36 (KHTML, like Gecko) Chrome/120.0.0.0 Safari/537.36"
52.70.209.13 - - [25/Aug/2026:18:36:22 +0500] "GET /ru/?p=5&start=20 HTTP/1.1" 200 52059 "-" "Mozilla/5.0 AppleWebKit/537.36 (KHTML, like Gecko; compatible; Amazonbot/0.1; +https://developer.amazon.com/support/amazonbot) Chrome/119.0.6045.214 Safari/537.36"
114.119.157.157 - - [25/Aug/2026:18:36:23 +0500] "GET /ru/component/mailto?tmpl=component&template=uml&link=2d4135e020bcdcca091c53b2e3dba927ac52a8ff HTTP/1.1" 200 4529 "https://www.uml.uz/ru/about-org-rus/strategy-rus/2-uncategorised/566-852634095" "Mozilla/5.0 (Linux; Android 7.0;) AppleWebKit/537.36 (HTML, like Gecko) Mobile Safari/537.36 (compatible; PetalBot;+https://webmaster.petalsearch.com/site/petalbot)"
57.141.18.65 - - [25/Aug/2026:18:36:52 +0500] "GET / HTTP/1.1" 301 - "-" "facebookexternalhit/1.1 (+http://www.facebook.com/externalhit_uatext.php)"
34.171.68.95 - - [25/Aug/2026:18:37:18 +0500] "GET /ru/?cbid=2034259&csid=0&start=20 HTTP/1.1" 200 52059 "-" "Mozilla/5.0 (Macintosh; Intel Mac OS X 10_15_7) AppleWebKit/537.36 (KHTML, like Gecko) Chrome/120.0.0.0 Safari/537.36"
114.119.148.1 - - [25/Aug/2026:18:37:45 +0500] "GET /ru/component/mailto/?tmpl=component&template=uml&link=5449e1946212fbecea232de685b2ab18c91b538e HTTP/1.1" 508 288 "https://www.uml.uz/ru/2-uncategorised?start=40" "Mozilla/5.0 (Linux; Android 7.0;) AppleWebKit/537.36 (HTML, like Gecko) Mobile Safari/537.36 (compatible; PetalBot;+https://webmaster.petalsearch.com/site/petalbot)"
34.61.96.6 - - [25/Aug/2026:18:38:28 +0500] "GET /ru/?gid=2472487&start=10 HTTP/1.1" 200 51438 "-" "Mozilla/5.0 (Macintosh; Intel Mac OS X 10_15_7) AppleWebKit/537.36 (KHTML, like Gecko) Chrome/120.0.0.0 Safari/537.36"
44.220.2.97 - - [25/Aug/2026:18:38:31 +0500] "GET /ru/?format=feed&gid=354910&mode=grp&type=rss HTTP/1.1" 200 11157 "-" "Mozilla/5.0 AppleWebKit/537.36 (KHTML, like Gecko; compatible; Amazonbot/0.1; +https://developer.amazon.com/support/amazonbot) Chrome/119.0.6045.214 Safari/537.36"
34.42.229.145 - - [25/Aug/2026:18:38:39 +0500] "GET /ru/component/mailto/?link=082c23e7652d9df7ba357392cd0e5935573f00ab&template=uml&tmpl=component HTTP/1.1" 200 4558 "-" "Mozilla/5.0 (Macintosh; Intel Mac OS X 10_15_7) AppleWebKit/537.36 (KHTML, like Gecko) Chrome/120.0.0.0 Safari/537.36"
185.191.171.14 - - [25/Aug/2026:18:38:59 +0500] "GET /ru/?gid=471772&start=20 HTTP/1.1" 508 288 "-" "Mozilla/5.0 (compatible; SemrushBot/7~bl; +http://www.semrush.com/bot.html)"
114.119.158.112 - - [25/Aug/2026:18:39:09 +0500] "GET /ru/component/mailto?tmpl=component&template=uml&link=d53dd2530cdeec2307e443c696c2d63f4d262d06 HTTP/1.1" 508 288 "https://www.uml.uz/ru/shareholders-rus/prospectus-rus/2-uncategorised/366-the-hidden-secret-of-solute-chemistry-definition" "Mozilla/5.0 (Linux; Android 7.0;) AppleWebKit/537.36 (HTML, like Gecko) Mobile Safari/537.36 (compatible; PetalBot;+https://webmaster.petalsearch.com/site/petalbot)"
57.141.8.55 - - [25/Aug/2026:18:39:25 +0500] "GET / HTTP/1.1" 301 - "-" "facebookexternalhit/1.1 (+http://www.facebook.com/externalhit_uatext.php)"
34.57.162.91 - - [25/Aug/2026:18:39:48 +0500] "GET /uz/component/search/?Itemid=317&format=opensearch&template=accessibility HTTP/1.1" 508 288 "-" "Mozilla/5.0 (Macintosh; Intel Mac OS X 10_15_7) AppleWebKit/537.36 (KHTML, like Gecko) Chrome/120.0.0.0 Safari/537.36"
34.30.223.149 - - [25/Aug/2026:18:39:53 +0500] "GET /ru/component/mailto/?link=ad8bb571c41e1da75f1e2e39c78321b01da78a4c&template=uml&tmpl=component HTTP/1.1" 200 4530 "-" "Mozilla/5.0 (Macintosh; Intel Mac OS X 10_15_7) AppleWebKit/537.36 (KHTML, like Gecko) Chrome/120.0.0.0 Safari/537.36"
185.191.171.8 - - [25/Aug/2026:18:41:02 +0500] "GET /ru/?cbid=1425873&csid=0%27%20AND%20AND%2010110%3DCONVERT%28INT%2C%28SELECT%E9%94%9F%27~%27%20%28SELECT%E9%94%9F%28CASE%E9%94%9F%E7%B5%8EHEN%E9%94%9F%2810110%3D10110%29%20THEN%E9%94%9F%271%27%20ELSE%20%270%27%E9%94%9F%E7%B4%BCND%29%29%20%27~%27%29%29--%20-&start=20 HTTP/1.1" 200 52059 "-" "Mozilla/5.0 (compatible; SemrushBot/7~bl; +http://www.semrush.com/bot.html)"
100.30.224.240 - - [25/Aug/2026:18:41:07 +0500] "GET /uz/shareholders-uzb/reports-uzb?format=feed&type=atom HTTP/1.1" 200 13049 "https://www.google.com/" "Mozilla/5.0 (Windows NT 10.0; Win64; x64) AppleWebKit/537.36 (KHTML, like Gecko) Chrome/80.0.3987.122 Safari/537.36 Edg/80.0.361.62"
85.208.96.202 - - [25/Aug/2026:18:41:32 +0500] "GET /ru/?cbid=1425873&csid=0AND%2F%2A%2A%2F3035%3DCONVERT%28INT%2C%28SELECT%2F%2A%2A%2F%27~%27%20%28SELECT%2F%2A%2A%2F%28CASE%2F%2A%2A%2FWHEN%2F%2A%2A%2F%283035%3D3035%29%2F%2A%2A%2FTHEN%2F%2A%2A%2F%271%27%2F%2A%2A%2FELSE%2F%2A%2A%2F%270%27%2F%2A%2A%2FEND%29%29%20%27~%27%29%29--%20-&start=25 HTTP/1.1" 200 45038 "-" "Mozilla/5.0 (compatible; SemrushBot/7~bl; +http://www.semrush.com/bot.html)"
35.254.159.230 - - [25/Aug/2026:18:41:40 +0500] "GET /uz/shareholders-uzb/facts-uzb/77-such-fakt-2016 HTTP/1.1" 200 28054 "-" "Mozilla/5.0 (Macintosh; Intel Mac OS X 10_15_7) AppleWebKit/537.36 (KHTML, like Gecko) Chrome/120.0.0.0 Safari/537.36"
185.191.171.8 - - [25/Aug/2026:18:42:56 +0500] "GET /ru/?cbid=1398925AND%2F%2A%2A%2F5945%3DCAST%28%27~%27%7C%7C%28SELECT%2F%2A%2A%2F%28CASE%2F%2A%2A%2FWHEN%2F%2A%2A%2F%285945%3D5945%29%2F%2A%2A%2FTHEN%2F%2A%2A%2F1%2F%2A%2A%2FELSE%2F%2A%2A%2F0%2F%2A%2A%2FEND%29%29%3A%3Atext%7C%7C%27~%27%2F%2A%2A%2FAS%2F%2A%2A%2FNUMERIC%29--%20-&csid=0 HTTP/1.1" 200 50909 "-" "Mozilla/5.0 (compatible; SemrushBot/7~bl; +http://www.semrush.com/bot.html)"
57.141.0.21 - - [25/Aug/2026:18:43:19 +0500] "GET / HTTP/1.1" 301 - "-" "facebookexternalhit/1.1 (+http://www.facebook.com/externalhit_uatext.php)"
34.56.124.53 - - [25/Aug/2026:18:44:48 +0500] "GET /uz/shareholders-uzb/reports-uzb?start=20 HTTP/1.1" 200 35455 "-" "Mozilla/5.0 (Macintosh; Intel Mac OS X 10_15_7) AppleWebKit/537.36 (KHTML, like Gecko) Chrome/120.0.0.0 Safari/537.36"
34.61.96.6 - - [25/Aug/2026:18:44:58 +0500] "GET /ru/component/mailto/?link=f4d1d92827d11de276a42a114e3b464a82551f33&template=uml&tmpl=component HTTP/1.1" 200 4554 "-" "Mozilla/5.0 (Macintosh; Intel Mac OS X 10_15_7) AppleWebKit/537.36 (KHTML, like Gecko) Chrome/120.0.0.0 Safari/537.36"
85.208.96.207 - - [25/Aug/2026:18:45:04 +0500] "GET /ru/?cbid=2287469&csid=0&mode=cate&start=5 HTTP/1.1" 200 50981 "-" "Mozilla/5.0 (compatible; SemrushBot/7~bl; +http://www.semrush.com/bot.html)"
185.191.171.3 - - [25/Aug/2026:18:45:58 +0500] "GET /ru/?gid=2472477&mode=grp&sort=n HTTP/1.1" 508 288 "-" "Mozilla/5.0 (compatible; SemrushBot/7~bl; +http://www.semrush.com/bot.html)"
185.191.171.5 - - [25/Aug/2026:18:45:58 +0500] "GET /uz/?kwd=YBZQ&search=V%3E%20%EF%BF%BD%20%EF%BF%BD%EF%BF%BD%EF%BF%BD%EF%BF%BD95%40W%EF%BF%BDmail%3A2366892162%40qq.comX%EF%BF%BD%EF%BF%BD%29%EF%BF%BD%22%EF%BF%BD%25%EF%BF%BD%EF%BF%BD%3CF%EF%BF%BD%EF%BF%BD%25%EF%BF%BD%EF%BF%BD%EF%BF%BD%EF%BF%BD%EF%BF%BDn%EF%BF%BD%28%EF%BF%BD%EF%BF%BD%20%EF%BF%BDDK%20%EF%BF%BD%25%EF%BF%BD%EF%BF%BD%EF%BF%BD%20%EF%BF%BDPx%EF%BF%BDX%D1%83U%EF%BF%BD%EF%BF%BD%25%EF%BF%BDww.8.hi.cn%EF%BF%BD%21Z-%20%EF%BF%BDaMf%EF%BF%BD%EF%BF%BD%EF%BF%BDn%40W%EF%BF%BD&start=25 HTTP/1.1" 508 288 "-" "Mozilla/5.0 (compatible; SemrushBot/7~bl; +http://www.semrush.com/bot.html)"
57.141.14.34 - - [25/Aug/2026:18:45:56 +0500] "GET / HTTP/1.1" 301 - "-" "facebookexternalhit/1.1 (+http://www.facebook.com/externalhit_uatext.php)"
85.208.96.210 - - [25/Aug/2026:18:46:03 +0500] "GET /uz/shareholders-uzb/votes-uzb/2-uncategorised?start=45 HTTP/1.1" 200 56906 "-" "Mozilla/5.0 (compatible; SemrushBot/7~bl; +http://www.semrush.com/bot.html)"
34.10.180.98 - - [25/Aug/2026:18:46:12 +0500] "GET /ru/?format=feed&p=1&type=atom HTTP/1.1" 200 19625 "-" "Mozilla/5.0 (Macintosh; Intel Mac OS X 10_15_7) AppleWebKit/537.36 (KHTML, like Gecko) Chrome/120.0.0.0 Safari/537.36"
34.10.180.98 - - [25/Aug/2026:18:46:28 +0500] "GET /ru/?/blogs/blog_entries/year_month/112/year_month:2020-02?frame_id=91 HTTP/1.1" 200 51001 "-" "Mozilla/5.0 (Macintosh; Intel Mac OS X 10_15_7) AppleWebKit/537.36 (KHTML, like Gecko) Chrome/120.0.0.0 Safari/537.36"
114.119.131.182 - - [25/Aug/2026:18:46:42 +0500] "GET /uz/shareholders-uzb/facts-uzb/2-uncategorised/355-973950869?tmpl=component&print=1 HTTP/1.1" 404 1337 "https://www.uml.uz/uz/shareholders-uzb/facts-uzb/2-uncategorised/355-973950869" "Mozilla/5.0 (Linux; Android 7.0;) AppleWebKit/537.36 (HTML, like Gecko) Mobile Safari/537.36 (compatible; PetalBot;+https://webmaster.petalsearch.com/site/petalbot)"
185.191.171.7 - - [25/Aug/2026:18:47:23 +0500] "GET /ru/?cat=21&start=5 HTTP/1.1" 200 51001 "-" "Mozilla/5.0 (compatible; SemrushBot/7~bl; +http://www.semrush.com/bot.html)"
207.46.13.102 - - [25/Aug/2026:18:47:33 +0500] "GET /uz/?s=SEO&start=5 HTTP/1.1" 200 47912 "-" "Mozilla/5.0 AppleWebKit/537.36 (KHTML, like Gecko; compatible; bingbot/2.0; +http://www.bing.com/bingbot.htm) Chrome/116.0.1938.76 Safari/537.36"
114.119.141.52 - - [25/Aug/2026:18:47:40 +0500] "GET /ru/component/mailto?tmpl=component&template=uml&link=2be5a34912c2385a6870483e4d0c07df85c0e95c HTTP/1.1" 200 4529 "https://www.uml.uz/ru/shareholders-rus/facts-rus/2-uncategorised/400-851628391" "Mozilla/5.0 (Linux; Android 7.0;) AppleWebKit/537.36 (HTML, like Gecko) Mobile Safari/537.36 (compatible; PetalBot;+https://webmaster.petalsearch.com/site/petalbot)"
34.10.180.98 - - [25/Aug/2026:18:47:47 +0500] "GET /uz/component/mailto/?link=377e563ff0cca2c6dfb73f9fc63eea4939acd1c2&template=uml&tmpl=component HTTP/1.1" 200 4563 "-" "Mozilla/5.0 (Macintosh; Intel Mac OS X 10_15_7) AppleWebKit/537.36 (KHTML, like Gecko) Chrome/120.0.0.0 Safari/537.36"
34.61.96.6 - - [25/Aug/2026:18:48:30 +0500] "GET /uz/news-uzb/90-vnimaniyu-lizingopoluchatelej?layout=default&print=1&tmpl=component HTTP/1.1" 200 4476 "-" "Mozilla/5.0 (Macintosh; Intel Mac OS X 10_15_7) AppleWebKit/537.36 (KHTML, like Gecko) Chrome/120.0.0.0 Safari/537.36"
157.55.39.60 - - [25/Aug/2026:18:49:01 +0500] "GET /ru/?p=150&start=10 HTTP/1.1" 200 50208 "-" "Mozilla/5.0 AppleWebKit/537.36 (KHTML, like Gecko; compatible; bingbot/2.0; +http://www.bing.com/bingbot.htm) Chrome/116.0.1938.76 Safari/537.36"
114.119.158.112 - - [25/Aug/2026:18:49:02 +0500] "GET /ru/shareholders-rus/reports-rus/120-kpe-2019-prognoz HTTP/1.1" 200 29390 "https://www.uml.uz/ru/shareholders-rus/reports-rus?template=uml&start=30" "Mozilla/5.0 (Linux; Android 7.0;) AppleWebKit/537.36 (HTML, like Gecko) Mobile Safari/537.36 (compatible; PetalBot;+https://webmaster.petalsearch.com/site/petalbot)"
66.249.75.66 - - [25/Aug/2026:18:49:05 +0500] "GET /uz/images/content/%C3%90%C5%BE%C3%91%E2%80%9A%C3%91%E2%80%A1%C3%90%C2%B5%C3%91%E2%80%9A_%C3%90%C2%BD%C3%90%C2%B5%C3%90%C2%B7%C3%90%C2%B0%C3%90%C2%B2%C3%90%C2%B8%C3%91%20%C3%90%C2%B8%C3%90%C2%BC%C3%90%C2%BE%C3%90%C2%B3%C3%90%C2%BE_%C3%90%C2%B0%C3%91%C6%92%C3%90%C2%B4%C3%90%C2%B8%C3%91%E2%80%9A%C3%90%C2%B0.pdf HTTP/1.1" 404 1334 "-" "Googlebot/2.1 (+http://www.google.com/bot.html)"
57.141.20.60 - - [25/Aug/2026:18:49:09 +0500] "GET / HTTP/1.1" 301 - "-" "facebookexternalhit/1.1 (+http://www.facebook.com/externalhit_uatext.php)"
185.191.171.18 - - [25/Aug/2026:18:49:56 +0500] "GET /ru/?cbid=2091061&csid=0&mode=cate&start=25 HTTP/1.1" 200 45038 "-" "Mozilla/5.0 (compatible; SemrushBot/7~bl; +http://www.semrush.com/bot.html)"
34.10.180.98 - - [25/Aug/2026:18:50:13 +0500] "GET /ru/shareholders-rus/reports-rus/9-russian HTTP/1.1" 200 40346 "-" "Mozilla/5.0 (Macintosh; Intel Mac OS X 10_15_7) AppleWebKit/537.36 (KHTML, like Gecko) Chrome/120.0.0.0 Safari/537.36"
34.30.223.149 - - [25/Aug/2026:18:50:19 +0500] "GET /ru/shareholders-rus/facts-rus/57-such-fakt-06-07-2015 HTTP/1.1" 200 191774 "-" "Mozilla/5.0 (Macintosh; Intel Mac OS X 10_15_7) AppleWebKit/537.36 (KHTML, like Gecko) Chrome/120.0.0.0 Safari/537.36"
114.119.150.252 - - [25/Aug/2026:18:50:27 +0500] "GET /ru/news-rus/2-uncategorised/16-history-uzb?tmpl=component&print=1&layout=default HTTP/1.1" 508 288 "https://www.uml.uz/ru/news-rus/2-uncategorised?start=40" "Mozilla/5.0 (Linux; Android 7.0;) AppleWebKit/537.36 (HTML, like Gecko) Mobile Safari/537.36 (compatible; PetalBot;+https://webmaster.petalsearch.com/site/petalbot)"
34.123.149.87 - - [25/Aug/2026:18:50:46 +0500] "GET /ru/?cbid=1398891&csid=0&mode=cate&start=5 HTTP/1.1" 508 288 "-" "Mozilla/5.0 (Macintosh; Intel Mac OS X 10_15_7) AppleWebKit/537.36 (KHTML, like Gecko) Chrome/120.0.0.0 Safari/537.36"
185.191.171.16 - - [25/Aug/2026:18:51:13 +0500] "GET /ru/news/2021/04/83.php HTTP/1.1" 200 34888 "-" "Mozilla/5.0 (compatible; SemrushBot/7~bl; +http://www.semrush.com/bot.html)"
185.191.171.2 - - [25/Aug/2026:18:51:30 +0500] "GET /uz/?cbid=1398933&csid=0&mode=cate&start=5 HTTP/1.1" 200 47928 "-" "Mozilla/5.0 (compatible; SemrushBot/7~bl; +http://www.semrush.com/bot.html)"
44.206.65.8 - - [25/Aug/2026:18:51:39 +0500] "GET /ru/?s=SNS&start=25 HTTP/1.1" 200 44918 "-" "Mozilla/5.0 AppleWebKit/537.36 (KHTML, like Gecko; compatible; Amazonbot/0.1; +https://developer.amazon.com/support/amazonbot) Chrome/119.0.6045.214 Safari/537.36"
185.191.171.7 - - [25/Aug/2026:18:51:39 +0500] "GET /uz/oficially-uzb/vacancies-uzb/2-uncategorised/13-norm-baza-rus HTTP/1.1" 200 31609 "-" "Mozilla/5.0 (compatible; SemrushBot/7~bl; +http://www.semrush.com/bot.html)"
114.119.158.112 - - [25/Aug/2026:18:51:51 +0500] "GET /ru/shareholders-rus/votes-rus/2-uncategorised/30-report-2014 HTTP/1.1" 200 81960 "https://www.uml.uz/ru/shareholders-rus/votes-rus/2-uncategorised?start=20" "Mozilla/5.0 (Linux; Android 7.0;) AppleWebKit/537.36 (HTML, like Gecko) Mobile Safari/537.36 (compatible; PetalBot;+https://webmaster.petalsearch.com/site/petalbot)"
34.171.68.95 - - [25/Aug/2026:18:52:02 +0500] "GET /uz/news-uzb/408-auditorlik-tashkilotlari-diqqatiga-vnimaniyu-auditorskikh-organizatsij?layout=default&print=1&tmpl=component HTTP/1.1" 200 6222 "-" "Mozilla/5.0 (Macintosh; Intel Mac OS X 10_15_7) AppleWebKit/537.36 (KHTML, like Gecko) Chrome/120.0.0.0 Safari/537.36"
20.48.147.90 - - [25/Aug/2026:18:52:24 +0500] "GET /wp-content/plugins/hellopress/wp_filemanager.php HTTP/1.1" 404 5750 "-" "-"
20.48.147.90 - - [25/Aug/2026:18:52:25 +0500] "GET /this_is_a_new_hello_world.php HTTP/1.1" 404 5750 "-" "-"
20.48.147.90 - - [25/Aug/2026:18:52:25 +0500] "GET /doti.php HTTP/1.1" 404 5750 "-" "-"
20.48.147.90 - - [25/Aug/2026:18:52:26 +0500] "GET /cs3ihem.php HTTP/1.1" 404 5750 "-" "-"
57.141.10.35 - - [25/Aug/2026:18:52:26 +0500] "GET / HTTP/1.1" 508 288 "-" "facebookexternalhit/1.1 (+http://www.facebook.com/externalhit_uatext.php)"
34.123.149.87 - - [25/Aug/2026:18:52:22 +0500] "GET /ru/shareholders-rus/votes-rus/2-uncategorised?format=feed&type=rss HTTP/1.1" 200 21511 "-" "Mozilla/5.0 (Macintosh; Intel Mac OS X 10_15_7) AppleWebKit/537.36 (KHTML, like Gecko) Chrome/120.0.0.0 Safari/537.36"
20.48.147.90 - - [25/Aug/2026:18:52:26 +0500] "GET /wp-eix5uf.php HTTP/1.1" 404 5750 "-" "-"
20.48.147.90 - - [25/Aug/2026:18:52:26 +0500] "GET /naxc.php HTTP/1.1" 404 5750 "-" "-"
20.48.147.90 - - [25/Aug/2026:18:52:27 +0500] "GET /lib.php HTTP/1.1" 404 5750 "-" "-"
20.48.147.90 - - [25/Aug/2026:18:52:27 +0500] "GET /LegioN_LeakeRs.php HTTP/1.1" 404 5750 "-" "-"
20.48.147.90 - - [25/Aug/2026:18:52:28 +0500] "GET /LOGO/lib.php HTTP/1.1" 404 5750 "-" "-"
20.48.147.90 - - [25/Aug/2026:18:52:28 +0500] "GET /LegioN_LeakeRs.php HTTP/1.1" 404 5750 "-" "-"
20.48.147.90 - - [25/Aug/2026:18:52:28 +0500] "GET /naxc.php HTTP/1.1" 404 5750 "-" "-"
20.48.147.90 - - [25/Aug/2026:18:52:29 +0500] "GET /db.php/new.php HTTP/1.1" 404 5750 "-" "-"
20.48.147.90 - - [25/Aug/2026:18:52:29 +0500] "GET /info.php/new.php HTTP/1.1" 404 5750 "-" "-"
20.48.147.90 - - [25/Aug/2026:18:52:30 +0500] "GET /lib.php/new.php HTTP/1.1" 404 5750 "-" "-"
20.48.147.90 - - [25/Aug/2026:18:52:30 +0500] "GET /log.php/new.php HTTP/1.1" 404 5750 "-" "-"
20.48.147.90 - - [25/Aug/2026:18:52:30 +0500] "GET /wp-content/plugins/seoplugins/index.php/new.php HTTP/1.1" 404 5750 "-" "-"
20.48.147.90 - - [25/Aug/2026:18:52:31 +0500] "GET /admin.php/nope.php HTTP/1.1" 404 5750 "-" "-"
20.48.147.90 - - [25/Aug/2026:18:52:31 +0500] "GET /wp-admin/css/mghnhykio.php/new.php HTTP/1.1" 404 5750 "-" "-"
20.48.147.90 - - [25/Aug/2026:18:52:32 +0500] "GET /files.php/new.php HTTP/1.1" 404 5750 "-" "-"
20.48.147.90 - - [25/Aug/2026:18:52:32 +0500] "GET /ty.php HTTP/1.1" 404 5750 "-" "-"
20.48.147.90 - - [25/Aug/2026:18:52:32 +0500] "GET /ton.php HTTP/1.1" 404 5750 "-" "-"
20.48.147.90 - - [25/Aug/2026:18:52:33 +0500] "GET /nfile.php HTTP/1.1" 404 5750 "-" "-"
20.48.147.90 - - [25/Aug/2026:18:52:33 +0500] "GET /wfile.php HTTP/1.1" 404 5750 "-" "-"
20.48.147.90 - - [25/Aug/2026:18:52:34 +0500] "GET /acp.php HTTP/1.1" 404 5750 "-" "-"
20.48.147.90 - - [25/Aug/2026:18:52:34 +0500] "GET /asas.php HTTP/1.1" 404 5750 "-" "-"
20.48.147.90 - - [25/Aug/2026:18:52:34 +0500] "GET /222.php HTTP/1.1" 404 5750 "-" "-"
20.48.147.90 - - [25/Aug/2026:18:52:35 +0500] "GET /wp-configs.php HTTP/1.1" 404 5750 "-" "-"
20.48.147.90 - - [25/Aug/2026:18:52:35 +0500] "GET /33.php HTTP/1.1" 404 5750 "-" "-"
20.48.147.90 - - [25/Aug/2026:18:52:36 +0500] "GET /555.php HTTP/1.1" 404 5750 "-" "-"
20.48.147.90 - - [25/Aug/2026:18:52:36 +0500] "GET /ppp.php HTTP/1.1" 404 5750 "-" "-"
20.48.147.90 - - [25/Aug/2026:18:52:36 +0500] "GET /file88.php HTTP/1.1" 404 5750 "-" "-"
20.48.147.90 - - [25/Aug/2026:18:52:37 +0500] "GET /file5.php HTTP/1.1" 404 5750 "-" "-"
20.48.147.90 - - [25/Aug/2026:18:52:37 +0500] "GET /ava.php HTTP/1.1" 404 5750 "-" "-"
20.48.147.90 - - [25/Aug/2026:18:52:38 +0500] "GET /403.php HTTP/1.1" 404 5750 "-" "-"
20.48.147.90 - - [25/Aug/2026:18:52:38 +0500] "GET /geck.php HTTP/1.1" 404 5750 "-" "-"
20.48.147.90 - - [25/Aug/2026:18:52:38 +0500] "GET /build.php HTTP/1.1" 404 5750 "-" "-"
20.48.147.90 - - [25/Aug/2026:18:52:39 +0500] "GET /p.php HTTP/1.1" 404 5750 "-" "-"
20.48.147.90 - - [25/Aug/2026:18:52:39 +0500] "GET /cc.php HTTP/1.1" 404 5750 "-" "-"
20.48.147.90 - - [25/Aug/2026:18:52:40 +0500] "GET /v1.php HTTP/1.1" 404 5750 "-" "-"
20.48.147.90 - - [25/Aug/2026:18:52:40 +0500] "GET /0x.php HTTP/1.1" 404 5750 "-" "-"
20.48.147.90 - - [25/Aug/2026:18:52:40 +0500] "GET /class629.php HTTP/1.1" 404 5750 "-" "-"
20.48.147.90 - - [25/Aug/2026:18:52:41 +0500] "GET /file21.php HTTP/1.1" 404 5750 "-" "-"
20.48.147.90 - - [25/Aug/2026:18:52:41 +0500] "GET /yellow.php HTTP/1.1" 404 5750 "-" "-"
20.48.147.90 - - [25/Aug/2026:18:52:42 +0500] "GET /777.php HTTP/1.1" 404 5750 "-" "-"
20.48.147.90 - - [25/Aug/2026:18:52:42 +0500] "GET /030.php HTTP/1.1" 404 5750 "-" "-"
20.48.147.90 - - [25/Aug/2026:18:52:42 +0500] "GET /cfile.php HTTP/1.1" 404 5750 "-" "-"
20.48.147.90 - - [25/Aug/2026:18:52:43 +0500] "GET /aaa.php HTTP/1.1" 404 5750 "-" "-"
20.48.147.90 - - [25/Aug/2026:18:52:43 +0500] "GET /class.php HTTP/1.1" 404 5750 "-" "-"
20.48.147.90 - - [25/Aug/2026:18:52:44 +0500] "GET /vee.php HTTP/1.1" 404 5750 "-" "-"
20.48.147.90 - - [25/Aug/2026:18:52:44 +0500] "GET /ws33.php HTTP/1.1" 404 5750 "-" "-"
185.191.171.16 - - [25/Aug/2026:18:52:41 +0500] "GET /ru/?%2F%3Fid=3&start=25 HTTP/1.1" 200 44922 "-" "Mozilla/5.0 (compatible; SemrushBot/7~bl; +http://www.semrush.com/bot.html)"
20.48.147.90 - - [25/Aug/2026:18:52:44 +0500] "GET /menu.php HTTP/1.1" 404 5750 "-" "-"
20.48.147.90 - - [25/Aug/2026:18:52:45 +0500] "GET /1.php HTTP/1.1" 404 5750 "-" "-"
20.48.147.90 - - [25/Aug/2026:18:52:45 +0500] "GET /aa.php HTTP/1.1" 404 5750 "-" "-"
20.48.147.90 - - [25/Aug/2026:18:52:46 +0500] "GET /bolt.php HTTP/1.1" 404 5750 "-" "-"
20.48.147.90 - - [25/Aug/2026:18:52:46 +0500] "GET /v2.php HTTP/1.1" 404 5750 "-" "-"
20.48.147.90 - - [25/Aug/2026:18:52:46 +0500] "GET /class9.php HTTP/1.1" 404 5750 "-" "-"
20.48.147.90 - - [25/Aug/2026:18:52:47 +0500] "GET /abc.php HTTP/1.1" 404 5750 "-" "-"
20.48.147.90 - - [25/Aug/2026:18:52:47 +0500] "GET /f6.php HTTP/1.1" 404 5750 "-" "-"
20.48.147.90 - - [25/Aug/2026:18:52:48 +0500] "GET /new4.php HTTP/1.1" 404 5750 "-" "-"
20.48.147.90 - - [25/Aug/2026:18:52:48 +0500] "GET /xxx.php HTTP/1.1" 404 5750 "-" "-"
20.48.147.90 - - [25/Aug/2026:18:52:48 +0500] "GET /moon3.php HTTP/1.1" 404 5750 "-" "-"
20.48.147.90 - - [25/Aug/2026:18:52:49 +0500] "GET /wb.php HTTP/1.1" 404 5750 "-" "-"
20.48.147.90 - - [25/Aug/2026:18:52:49 +0500] "GET /mlex.php HTTP/1.1" 404 5750 "-" "-"
20.48.147.90 - - [25/Aug/2026:18:52:50 +0500] "GET /tox.php HTTP/1.1" 404 5750 "-" "-"
20.48.147.90 - - [25/Aug/2026:18:52:50 +0500] "GET /v3.php HTTP/1.1" 404 5750 "-" "-"
20.48.147.90 - - [25/Aug/2026:18:52:50 +0500] "GET /wp-is.php HTTP/1.1" 404 5750 "-" "-"
20.48.147.90 - - [25/Aug/2026:18:52:51 +0500] "GET /lala.php HTTP/1.1" 404 5750 "-" "-"
20.48.147.90 - - [25/Aug/2026:18:52:52 +0500] "GET /fileas.php HTTP/1.1" 404 5750 "-" "-"
85.208.96.198 - - [25/Aug/2026:18:52:48 +0500] "GET /uz/shareholders-uzb/reports-uzb?template=accessibility HTTP/1.1" 200 22535 "-" "Mozilla/5.0 (compatible; SemrushBot/7~bl; +http://www.semrush.com/bot.html)"
20.48.147.90 - - [25/Aug/2026:18:52:53 +0500] "GET /file8.php HTTP/1.1" 404 5750 "-" "-"
20.48.147.90 - - [25/Aug/2026:18:52:54 +0500] "GET /x7.php HTTP/1.1" 404 5750 "-" "-"
20.48.147.90 - - [25/Aug/2026:18:52:54 +0500] "GET /moon.php HTTP/1.1" 404 5750 "-" "-"
20.48.147.90 - - [25/Aug/2026:18:52:55 +0500] "GET /fs.php HTTP/1.1" 404 5750 "-" "-"
20.48.147.90 - - [25/Aug/2026:18:52:55 +0500] "GET /v4.php HTTP/1.1" 404 5750 "-" "-"
20.48.147.90 - - [25/Aug/2026:18:52:55 +0500] "GET /wto.php HTTP/1.1" 404 5750 "-" "-"
20.48.147.90 - - [25/Aug/2026:18:52:56 +0500] "GET /CLA.php HTTP/1.1" 404 5750 "-" "-"
20.48.147.90 - - [25/Aug/2026:18:52:56 +0500] "GET /file1.php HTTP/1.1" 404 5750 "-" "-"
20.48.147.90 - - [25/Aug/2026:18:52:57 +0500] "GET /pp.php HTTP/1.1" 404 5750 "-" "-"
20.48.147.90 - - [25/Aug/2026:18:52:57 +0500] "GET /mds.php HTTP/1.1" 404 5750 "-" "-"
20.48.147.90 - - [25/Aug/2026:18:52:57 +0500] "GET /0x0x.php HTTP/1.1" 404 5750 "-" "-"
20.48.147.90 - - [25/Aug/2026:18:52:58 +0500] "GET /file17.php HTTP/1.1" 404 5750 "-" "-"
20.48.147.90 - - [25/Aug/2026:18:52:58 +0500] "GET /flower.php HTTP/1.1" 404 5750 "-" "-"
20.48.147.90 - - [25/Aug/2026:18:52:59 +0500] "GET /444.php HTTP/1.1" 404 5750 "-" "-"
20.48.147.90 - - [25/Aug/2026:18:52:59 +0500] "GET /finny.php HTTP/1.1" 404 5750 "-" "-"
20.48.147.90 - - [25/Aug/2026:18:52:59 +0500] "GET /x.php HTTP/1.1" 404 5750 "-" "-"
20.48.147.90 - - [25/Aug/2026:18:53:00 +0500] "GET /1aa.php HTTP/1.1" 404 5750 "-" "-"
20.48.147.90 - - [25/Aug/2026:18:53:00 +0500] "GET /2.php HTTP/1.1" 404 5750 "-" "-"
20.48.147.90 - - [25/Aug/2026:18:53:01 +0500] "GET /class19.php HTTP/1.1" 404 5750 "-" "-"
20.48.147.90 - - [25/Aug/2026:18:53:01 +0500] "GET /he.php HTTP/1.1" 404 5750 "-" "-"
20.48.147.90 - - [25/Aug/2026:18:53:01 +0500] "GET /bless11.php HTTP/1.1" 404 5750 "-" "-"
20.48.147.90 - - [25/Aug/2026:18:53:02 +0500] "GET /sko.php HTTP/1.1" 404 5750 "-" "-"
20.48.147.90 - - [25/Aug/2026:18:53:02 +0500] "GET /o.php HTTP/1.1" 404 5750 "-" "-"
20.48.147.90 - - [25/Aug/2026:18:53:03 +0500] "GET /ws34.php HTTP/1.1" 404 5750 "-" "-"
20.48.147.90 - - [25/Aug/2026:18:53:03 +0500] "GET /mini.php HTTP/1.1" 404 5750 "-" "-"
20.48.147.90 - - [25/Aug/2026:18:53:03 +0500] "GET /inde.php HTTP/1.1" 404 5750 "-" "-"
20.48.147.90 - - [25/Aug/2026:18:53:04 +0500] "GET /111.php HTTP/1.1" 404 5750 "-" "-"
20.48.147.90 - - [25/Aug/2026:18:53:04 +0500] "GET /xxxx.php HTTP/1.1" 404 5750 "-" "-"
20.48.147.90 - - [25/Aug/2026:18:53:05 +0500] "GET /an7.php HTTP/1.1" 404 5750 "-" "-"
20.48.147.90 - - [25/Aug/2026:18:53:05 +0500] "GET /666.php HTTP/1.1" 404 5750 "-" "-"
20.48.147.90 - - [25/Aug/2026:18:53:06 +0500] "GET /a.php HTTP/1.1" 404 5750 "-" "-"
20.48.147.90 - - [25/Aug/2026:18:53:06 +0500] "GET /bless.php HTTP/1.1" 404 5750 "-" "-"
20.48.147.90 - - [25/Aug/2026:18:53:06 +0500] "GET /file9.php HTTP/1.1" 404 5750 "-" "-"
20.48.147.90 - - [25/Aug/2026:18:53:07 +0500] "GET /a2.php HTTP/1.1" 404 5750 "-" "-"
20.48.147.90 - - [25/Aug/2026:18:53:08 +0500] "GET /file4.php HTTP/1.1" 404 5750 "-" "-"
20.48.147.90 - - [25/Aug/2026:18:53:08 +0500] "GET /plss3.php HTTP/1.1" 404 5750 "-" "-"
20.48.147.90 - - [25/Aug/2026:18:53:09 +0500] "GET /file15.php HTTP/1.1" 404 5750 "-" "-"
20.48.147.90 - - [25/Aug/2026:18:53:09 +0500] "GET /wsd.php HTTP/1.1" 404 5750 "-" "-"
20.48.147.90 - - [25/Aug/2026:18:53:09 +0500] "GET /shell.php HTTP/1.1" 404 5750 "-" "-"
20.48.147.90 - - [25/Aug/2026:18:53:10 +0500] "GET /akk.php HTTP/1.1" 404 5750 "-" "-"
20.48.147.90 - - [25/Aug/2026:18:53:10 +0500] "GET /n.php HTTP/1.1" 404 5750 "-" "-"
20.48.147.90 - - [25/Aug/2026:18:53:11 +0500] "GET /ws36.php HTTP/1.1" 404 5750 "-" "-"
20.48.147.90 - - [25/Aug/2026:18:53:11 +0500] "GET /ws45.php HTTP/1.1" 404 5750 "-" "-"
34.42.229.145 - - [25/Aug/2026:18:53:08 +0500] "GET /ru/news-rus/1224-meeting-30-06-2025 HTTP/1.1" 200 36194 "-" "Mozilla/5.0 (Macintosh; Intel Mac OS X 10_15_7) AppleWebKit/537.36 (KHTML, like Gecko) Chrome/120.0.0.0 Safari/537.36"
20.48.147.90 - - [25/Aug/2026:18:53:11 +0500] "GET /file30.php HTTP/1.1" 404 5750 "-" "-"
20.48.147.90 - - [25/Aug/2026:18:53:12 +0500] "GET /racs3.php HTTP/1.1" 404 5750 "-" "-"
20.48.147.90 - - [25/Aug/2026:18:53:12 +0500] "GET /cccc.php HTTP/1.1" 404 5750 "-" "-"
20.48.147.90 - - [25/Aug/2026:18:53:13 +0500] "GET /file3.php HTTP/1.1" 404 5750 "-" "-"
20.48.147.90 - - [25/Aug/2026:18:53:13 +0500] "GET /mail.php HTTP/1.1" 404 5750 "-" "-"
20.48.147.90 - - [25/Aug/2026:18:53:13 +0500] "GET /lm13.php HTTP/1.1" 404 5750 "-" "-"
20.48.147.90 - - [25/Aug/2026:18:53:14 +0500] "GET /xeqdlun.php HTTP/1.1" 404 5750 "-" "-"
20.48.147.90 - - [25/Aug/2026:18:53:14 +0500] "GET /file18.php HTTP/1.1" 404 5750 "-" "-"
52.3.155.146 - - [25/Aug/2026:18:53:11 +0500] "GET /ru/?gid=2472494&mode=grp&start=25 HTTP/1.1" 200 44918 "-" "Mozilla/5.0 AppleWebKit/537.36 (KHTML, like Gecko; compatible; Amazonbot/0.1; +https://developer.amazon.com/support/amazonbot) Chrome/119.0.6045.214 Safari/537.36"
20.48.147.90 - - [25/Aug/2026:18:53:15 +0500] "GET /hook.php HTTP/1.1" 404 5750 "-" "-"
20.48.147.90 - - [25/Aug/2026:18:53:15 +0500] "GET /ffile.php HTTP/1.1" 404 5750 "-" "-"
20.48.147.90 - - [25/Aug/2026:18:53:16 +0500] "GET /file2.php HTTP/1.1" 404 5750 "-" "-"
20.48.147.90 - - [25/Aug/2026:18:53:16 +0500] "GET /xxw.php HTTP/1.1" 404 5750 "-" "-"
20.48.147.90 - - [25/Aug/2026:18:53:16 +0500] "GET /wcas.php HTTP/1.1" 404 5750 "-" "-"
20.48.147.90 - - [25/Aug/2026:18:53:17 +0500] "GET /000.php HTTP/1.1" 404 5750 "-" "-"
20.48.147.90 - - [25/Aug/2026:18:53:17 +0500] "GET /tor.php HTTP/1.1" 404 5750 "-" "-"
20.48.147.90 - - [25/Aug/2026:18:53:18 +0500] "GET /ws37.php HTTP/1.1" 404 5750 "-" "-"
20.48.147.90 - - [25/Aug/2026:18:53:18 +0500] "GET /class20.php HTTP/1.1" 404 5750 "-" "-"
20.48.147.90 - - [25/Aug/2026:18:53:18 +0500] "GET /card.php HTTP/1.1" 404 5750 "-" "-"
114.119.136.51 - - [25/Aug/2026:18:53:15 +0500] "GET /ru/component/mailto?tmpl=component&template=uml&link=21fa3ac3a74e311756a743ac9de90eefe08f11c5 HTTP/1.1" 200 4529 "https://www.uml.uz/ru/about-org-rus/strategy-rus/2-uncategorised/454-a-history-of-variation-definition-biology-refuted" "Mozilla/5.0 (Linux; Android 7.0;) AppleWebKit/537.36 (HTML, like Gecko) Mobile Safari/537.36 (compatible; PetalBot;+https://webmaster.petalsearch.com/site/petalbot)"
20.48.147.90 - - [25/Aug/2026:18:53:19 +0500] "GET /031.php HTTP/1.1" 404 5750 "-" "-"
20.48.147.90 - - [25/Aug/2026:18:53:19 +0500] "GET /size.php HTTP/1.1" 404 5750 "-" "-"
20.48.147.90 - - [25/Aug/2026:18:53:20 +0500] "GET /error.php HTTP/1.1" 404 5750 "-" "-"
20.48.147.90 - - [25/Aug/2026:18:53:20 +0500] "GET /404.php HTTP/1.1" 404 5750 "-" "-"
20.48.147.90 - - [25/Aug/2026:18:53:20 +0500] "GET /file32.php HTTP/1.1" 404 5750 "-" "-"
20.48.147.90 - - [25/Aug/2026:18:53:21 +0500] "GET /lol.php HTTP/1.1" 404 5750 "-" "-"
20.48.147.90 - - [25/Aug/2026:18:53:21 +0500] "GET /haa.php HTTP/1.1" 404 5750 "-" "-"
20.48.147.90 - - [25/Aug/2026:18:53:22 +0500] "GET /333.php HTTP/1.1" 404 5750 "-" "-"
20.48.147.90 - - [25/Aug/2026:18:53:22 +0500] "GET /ws38.php HTTP/1.1" 404 5750 "-" "-"
20.48.147.90 - - [25/Aug/2026:18:53:22 +0500] "GET /xx.php HTTP/1.1" 404 5750 "-" "-"
20.48.147.90 - - [25/Aug/2026:18:53:23 +0500] "GET /klex.php HTTP/1.1" 404 5750 "-" "-"
20.48.147.90 - - [25/Aug/2026:18:53:23 +0500] "GET /tx38.php HTTP/1.1" 404 5750 "-" "-"
20.48.147.90 - - [25/Aug/2026:18:53:24 +0500] "GET /ilex.php HTTP/1.1" 404 5750 "-" "-"
34.56.124.53 - - [25/Aug/2026:18:53:21 +0500] "GET /uz/shareholders-uzb/votes-uzb?format=feed&template=accessibility&type=rss HTTP/1.1" 200 7257 "-" "Mozilla/5.0 (Macintosh; Intel Mac OS X 10_15_7) AppleWebKit/537.36 (KHTML, like Gecko) Chrome/120.0.0.0 Safari/537.36"
20.48.147.90 - - [25/Aug/2026:18:53:24 +0500] "GET /file.php HTTP/1.1" 404 5750 "-" "-"
20.48.147.90 - - [25/Aug/2026:18:53:25 +0500] "GET /k.php HTTP/1.1" 404 5750 "-" "-"
20.48.147.90 - - [25/Aug/2026:18:53:25 +0500] "GET /alpa.php HTTP/1.1" 404 5750 "-" "-"
20.48.147.90 - - [25/Aug/2026:18:53:25 +0500] "GET /bless5.php HTTP/1.1" 404 5750 "-" "-"
20.48.147.90 - - [25/Aug/2026:18:53:26 +0500] "GET /bless3.php HTTP/1.1" 404 5750 "-" "-"
20.48.147.90 - - [25/Aug/2026:18:53:26 +0500] "GET /gmo.php HTTP/1.1" 404 5750 "-" "-"
20.48.147.90 - - [25/Aug/2026:18:53:27 +0500] "GET /12.php HTTP/1.1" 404 5750 "-" "-"
20.48.147.90 - - [25/Aug/2026:18:53:27 +0500] "GET /100.kb.php HTTP/1.1" 404 5750 "-" "-"
34.56.53.225 - - [25/Aug/2026:18:53:28 +0500] "GET /ru/?format=feed&rest_route=/notificationx/v1/analytics&type=atom HTTP/1.1" 508 288 "-" "Mozilla/5.0 (Macintosh; Intel Mac OS X 10_15_7) AppleWebKit/537.36 (KHTML, like Gecko) Chrome/120.0.0.0 Safari/537.36"
34.61.96.6 - - [25/Aug/2026:18:53:26 +0500] "GET /ru/component/mailto/?link=60989d4995a011a1ec9e94939d47b1a479aac161&template=uml&tmpl=component HTTP/1.1" 200 4531 "-" "Mozilla/5.0 (Macintosh; Intel Mac OS X 10_15_7) AppleWebKit/537.36 (KHTML, like Gecko) Chrome/120.0.0.0 Safari/537.36"
34.56.124.53 - - [25/Aug/2026:18:53:26 +0500] "GET /uz/shareholders-uzb/prospectus-uzb?format=feed&template=uml&type=rss HTTP/1.1" 200 1355 "-" "Mozilla/5.0 (Macintosh; Intel Mac OS X 10_15_7) AppleWebKit/537.36 (KHTML, like Gecko) Chrome/120.0.0.0 Safari/537.36"
54.197.178.107 - - [25/Aug/2026:18:53:31 +0500] "GET /uz/oficially-uzb/tenders-uzb/2-uncategorised/7-under-construction HTTP/1.1" 200 27100 "-" "Mozilla/5.0 AppleWebKit/537.36 (KHTML, like Gecko; compatible; Amazonbot/0.1; +https://developer.amazon.com/support/amazonbot) Chrome/119.0.6045.214 Safari/537.36"
34.123.149.87 - - [25/Aug/2026:18:53:42 +0500] "GET /ru/2-uncategorised?start=45 HTTP/1.1" 200 66341 "-" "Mozilla/5.0 (Macintosh; Intel Mac OS X 10_15_7) AppleWebKit/537.36 (KHTML, like Gecko) Chrome/120.0.0.0 Safari/537.36"
136.119.35.120 - - [25/Aug/2026:18:53:56 +0500] "GET /docs/2026/balans-1-3-2026.xlsx HTTP/1.1" 200 33489 "-" "Mozilla/5.0 (Macintosh; Intel Mac OS X 10_15_7) AppleWebKit/537.36 (KHTML, like Gecko) Chrome/120.0.0.0 Safari/537.36"
114.119.131.182 - - [25/Aug/2026:18:54:37 +0500] "GET /ru/component/mailto?tmpl=component&template=uml&link=63eafb8aee889427476d433d4d2c7342c04ea58d HTTP/1.1" 200 4529 "https://www.uml.uz/ru/2-uncategorised?start=170" "Mozilla/5.0 (Linux; Android 7.0;) AppleWebKit/537.36 (HTML, like Gecko) Mobile Safari/537.36 (compatible; PetalBot;+https://webmaster.petalsearch.com/site/petalbot)"
85.208.96.212 - - [25/Aug/2026:18:55:20 +0500] "GET /uz/?cbid=1752514&csid=0&mode=cate&start=25 HTTP/1.1" 200 42479 "-" "Mozilla/5.0 (compatible; SemrushBot/7~bl; +http://www.semrush.com/bot.html)"
57.141.22.102 - - [25/Aug/2026:18:55:42 +0500] "GET / HTTP/1.1" 301 - "-" "facebookexternalhit/1.1 (+http://www.facebook.com/externalhit_uatext.php)"
85.208.96.208 - - [25/Aug/2026:18:55:46 +0500] "GET /ru/?mode=f10&start=10 HTTP/1.1" 200 50112 "-" "Mozilla/5.0 (compatible; SemrushBot/7~bl; +http://www.semrush.com/bot.html)"
114.119.141.52 - - [25/Aug/2026:18:56:01 +0500] "GET /ru/?cbid=2118248&csid=0&mode=cate HTTP/1.1" 200 49176 "https://www.uml.uz/ru/?cbid=2118248&csid=0&mode=cate&start=25" "Mozilla/5.0 (Linux; Android 7.0;) AppleWebKit/537.36 (HTML, like Gecko) Mobile Safari/537.36 (compatible; PetalBot;+https://webmaster.petalsearch.com/site/petalbot)"
57.141.20.60 - - [25/Aug/2026:18:56:20 +0500] "GET /uz/?cbid=1754112&csid=0&mode=cate&start=25 HTTP/1.1" 200 42483 "-" "Mozilla/5.0 (Windows NT 10.0; Win64; x64) AppleWebKit/537.36 (KHTML, like Gecko) Chrome/145.0.0.0 Safari/537.36 (compatible; meta-externalagent/1.1 (+https://developers.facebook.com/docs/sharing/webmasters/crawler))"
34.56.53.225 - - [25/Aug/2026:18:56:36 +0500] "GET /ru/images/content/%D0%A4%D0%BE%D1%80%D0%BC%D0%B0_4d.pdf HTTP/1.1" 508 288 "-" "Mozilla/5.0 (Macintosh; Intel Mac OS X 10_15_7) AppleWebKit/537.36 (KHTML, like Gecko) Chrome/120.0.0.0 Safari/537.36"
47.98.96.52 - - [25/Aug/2026:18:57:26 +0500] "GET /images/design/logo-rus.png HTTP/1.1" 200 14705 "-" "-"
114.119.150.252 - - [25/Aug/2026:18:57:28 +0500] "GET /ru/?cbid=1770151&csid=0&mode=cate&start=5 HTTP/1.1" 200 50997 "https://www.uml.uz/ru/?p=4090&start=10" "Mozilla/5.0 (Linux; Android 7.0;) AppleWebKit/537.36 (HTML, like Gecko) Mobile Safari/537.36 (compatible; PetalBot;+https://webmaster.petalsearch.com/site/petalbot)"
57.141.20.51 - - [25/Aug/2026:18:57:31 +0500] "GET /uz/?cbid=1752514&csid=0&mode=cate&format=feed&type=rss HTTP/1.1" 200 11136 "-" "Mozilla/5.0 (Windows NT 10.0; Win64; x64) AppleWebKit/537.36 (KHTML, like Gecko) Chrome/145.0.0.0 Safari/537.36 (compatible; meta-externalagent/1.1 (+https://developers.facebook.com/docs/sharing/webmasters/crawler))"
57.141.20.66 - - [25/Aug/2026:18:57:31 +0500] "GET /uz/?cbid=1752514&csid=0&mode=cate&start=20 HTTP/1.1" 200 47789 "-" "Mozilla/5.0 (Windows NT 10.0; Win64; x64) AppleWebKit/537.36 (KHTML, like Gecko) Chrome/145.0.0.0 Safari/537.36 (compatible; meta-externalagent/1.1 (+https://developers.facebook.com/docs/sharing/webmasters/crawler))"
57.141.20.4 - - [25/Aug/2026:18:57:33 +0500] "GET /uz/?cbid=1752514&csid=0&mode=cate&format=feed&type=atom HTTP/1.1" 200 18604 "-" "Mozilla/5.0 (Macintosh; Intel Mac OS X 10_15_7) AppleWebKit/537.36 (KHTML, like Gecko) Chrome/145.0.0.0 Safari/537.36 Edg/145.0.0.0 (compatible; meta-externalagent/1.1 (+https://developers.facebook.com/docs/sharing/webmasters/crawler))"
57.141.20.27 - - [25/Aug/2026:18:57:34 +0500] "GET /uz/?cbid=1752514&csid=0&mode=cate HTTP/1.1" 200 46451 "-" "Mozilla/5.0 (Windows NT 10.0; Win64; x64) AppleWebKit/537.36 (KHTML, like Gecko) Chrome/145.0.0.0 Safari/537.36 (compatible; meta-externalagent/1.1 (+https://developers.facebook.com/docs/sharing/webmasters/crawler))"
57.141.20.14 - - [25/Aug/2026:18:57:38 +0500] "GET /uz/?cbid=1752514&csid=0&mode=cate&start=15 HTTP/1.1" 200 45969 "-" "Mozilla/5.0 (X11; Linux x86_64) AppleWebKit/537.36 (KHTML, like Gecko) Chrome/145.0.0.0 Safari/537.36 (compatible; meta-externalagent/1.1 (+https://developers.facebook.com/docs/sharing/webmasters/crawler))"
57.141.20.58 - - [25/Aug/2026:18:57:38 +0500] "GET /uz/?cbid=1752514&csid=0&mode=cate&start=10 HTTP/1.1" 200 47171 "-" "Mozilla/5.0 (Windows NT 10.0; Win64; x64) AppleWebKit/537.36 (KHTML, like Gecko) Chrome/145.0.0.0 Safari/537.36 (compatible; meta-externalagent/1.1 (+https://developers.facebook.com/docs/sharing/webmasters/crawler))"
57.141.20.65 - - [25/Aug/2026:18:57:40 +0500] "GET /uz/?cbid=1752514&csid=0&mode=cate&start=5 HTTP/1.1" 200 48165 "-" "Mozilla/5.0 (Windows NT 10.0; Win64; x64) AppleWebKit/537.36 (KHTML, like Gecko) Chrome/145.0.0.0 Safari/537.36 (compatible; meta-externalagent/1.1 (+https://developers.facebook.com/docs/sharing/webmasters/crawler))"
57.141.20.5 - - [25/Aug/2026:18:57:41 +0500] "GET /uz/?cbid=1752514&csid=0&mode=cate&start=20 HTTP/1.1" 200 47789 "-" "Mozilla/5.0 (Macintosh; Intel Mac OS X 10_15_7) AppleWebKit/537.36 (KHTML, like Gecko) Chrome/145.0.0.0 Safari/537.36 (compatible; meta-externalagent/1.1 (+https://developers.facebook.com/docs/sharing/webmasters/crawler))"
47.128.26.108 - - [25/Aug/2026:18:57:47 +0500] "GET /robots.txt HTTP/1.1" 301 - "-" "Mozilla/5.0 (Linux; Android 5.0) AppleWebKit/537.36 (KHTML, like Gecko) Mobile Safari/537.36 (compatible; Bytespider; spider-feedback@bytedance.com)"
47.128.26.108 - - [25/Aug/2026:18:57:49 +0500] "GET /ru/robots.txt HTTP/1.1" 404 1892 "-" "Mozilla/5.0 (Linux; Android 5.0) AppleWebKit/537.36 (KHTML, like Gecko) Mobile Safari/537.36 (compatible; Bytespider; spider-feedback@bytedance.com)"
34.10.180.98 - - [25/Aug/2026:18:57:56 +0500] "GET /uz/news-uzb/111-meeting-24-06-2019?layout=default&print=1&tmpl=component HTTP/1.1" 200 9352 "-" "Mozilla/5.0 (Macintosh; Intel Mac OS X 10_15_7) AppleWebKit/537.36 (KHTML, like Gecko) Chrome/120.0.0.0 Safari/537.36"
34.123.149.87 - - [25/Aug/2026:18:57:59 +0500] "GET /ru/shareholders-rus/votes-rus?start=5 HTTP/1.1" 200 34986 "-" "Mozilla/5.0 (Macintosh; Intel Mac OS X 10_15_7) AppleWebKit/537.36 (KHTML, like Gecko) Chrome/120.0.0.0 Safari/537.36"
57.141.20.28 - - [25/Aug/2026:18:58:04 +0500] "GET /uz/?cbid=1752514&csid=0&mode=cate&start=25 HTTP/1.1" 200 42483 "-" "Mozilla/5.0 (Macintosh; Intel Mac OS X 10_15_7) AppleWebKit/537.36 (KHTML, like Gecko) Chrome/145.0.0.0 Safari/537.36 (compatible; meta-externalagent/1.1 (+https://developers.facebook.com/docs/sharing/webmasters/crawler))"
35.209.28.230 - - [25/Aug/2026:18:58:22 +0500] "HEAD / HTTP/1.1" 301 - "-" "scalaj-http/2.4.2"
35.209.28.230 - - [25/Aug/2026:18:58:24 +0500] "GET / HTTP/1.1" 301 - "-" "Buck/2.6.0; (+https://app.hypefactors.com/media-monitoring/about.html)"
