20.48.163.91 - - [25/Aug/2026:19:23:00 +0500] "GET /000.php HTTP/1.1" 401 36 "-" "-"
20.48.163.91 - - [25/Aug/2026:19:23:00 +0500] "GET /tor.php HTTP/1.1" 401 36 "-" "-"
20.48.163.91 - - [25/Aug/2026:19:23:01 +0500] "GET /ws37.php HTTP/1.1" 401 36 "-" "-"
20.48.163.91 - - [25/Aug/2026:19:23:02 +0500] "GET /class20.php HTTP/1.1" 401 36 "-" "-"
20.48.163.91 - - [25/Aug/2026:19:23:02 +0500] "GET /card.php HTTP/1.1" 401 36 "-" "-"
20.48.163.91 - - [25/Aug/2026:19:23:02 +0500] "GET /031.php HTTP/1.1" 401 36 "-" "-"
20.48.163.91 - - [25/Aug/2026:19:23:03 +0500] "GET /size.php HTTP/1.1" 401 36 "-" "-"
20.48.163.91 - - [25/Aug/2026:19:23:04 +0500] "GET /error.php HTTP/1.1" 401 36 "-" "-"
20.48.163.91 - - [25/Aug/2026:19:23:04 +0500] "GET /404.php HTTP/1.1" 401 36 "-" "-"
20.48.163.91 - - [25/Aug/2026:19:23:04 +0500] "GET /file32.php HTTP/1.1" 401 36 "-" "-"
20.48.163.91 - - [25/Aug/2026:19:23:05 +0500] "GET /lol.php HTTP/1.1" 401 36 "-" "-"
20.48.163.91 - - [25/Aug/2026:19:23:05 +0500] "GET /haa.php HTTP/1.1" 401 36 "-" "-"
20.48.163.91 - - [25/Aug/2026:19:23:06 +0500] "GET /333.php HTTP/1.1" 401 36 "-" "-"
20.48.163.91 - - [25/Aug/2026:19:23:06 +0500] "GET /ws38.php HTTP/1.1" 401 36 "-" "-"
20.48.163.91 - - [25/Aug/2026:19:23:07 +0500] "GET /xx.php HTTP/1.1" 401 36 "-" "-"
20.48.163.91 - - [25/Aug/2026:19:23:07 +0500] "GET /klex.php HTTP/1.1" 401 36 "-" "-"
20.48.163.91 - - [25/Aug/2026:19:23:07 +0500] "GET /tx38.php HTTP/1.1" 401 36 "-" "-"
20.48.163.91 - - [25/Aug/2026:19:23:08 +0500] "GET /ilex.php HTTP/1.1" 401 36 "-" "-"
20.48.163.91 - - [25/Aug/2026:19:23:08 +0500] "GET /file.php HTTP/1.1" 401 36 "-" "-"
20.48.163.91 - - [25/Aug/2026:19:23:09 +0500] "GET /k.php HTTP/1.1" 401 36 "-" "-"
20.48.163.91 - - [25/Aug/2026:19:23:09 +0500] "GET /alpa.php HTTP/1.1" 401 36 "-" "-"
20.48.163.91 - - [25/Aug/2026:19:23:10 +0500] "GET /bless5.php HTTP/1.1" 401 36 "-" "-"
20.48.163.91 - - [25/Aug/2026:19:23:10 +0500] "GET /bless3.php HTTP/1.1" 401 36 "-" "-"
20.48.163.91 - - [25/Aug/2026:19:23:11 +0500] "GET /gmo.php HTTP/1.1" 401 36 "-" "-"
20.48.163.91 - - [25/Aug/2026:19:23:11 +0500] "GET /12.php HTTP/1.1" 401 36 "-" "-"
20.48.163.91 - - [25/Aug/2026:19:23:11 +0500] "GET /100.kb.php HTTP/1.1" 401 36 "-" "-"
57.141.20.27 - - [25/Aug/2026:19:23:35 +0500] "GET /ru/?mode=grp&start=10 HTTP/1.1" 200 49768 "-" "Mozilla/5.0 (Macintosh; Intel Mac OS X 10_15_7) AppleWebKit/537.36 (KHTML, like Gecko) Chrome/145.0.0.0 Safari/537.36 (compatible; meta-externalagent/1.1 (+https://developers.facebook.com/docs/sharing/webmasters/crawler))"
44.206.59.4 - - [25/Aug/2026:19:23:42 +0500] "GET /ru/officially-rus/old-acts-rus/11-russian/about-org-rus HTTP/1.1" 200 33546 "-" "Mozilla/5.0 (Macintosh; Intel Mac OS X 10_15_7) AppleWebKit/605.1.15 (KHTML, like Gecko) Chrome/139.0.0.0 Safari/605.1.15"
185.191.171.5 - - [25/Aug/2026:19:23:45 +0500] "GET /ru/?character=P_MESSON&main_page=product_list&start=5 HTTP/1.1" 200 50953 "-" "Mozilla/5.0 (compatible; SemrushBot/7~bl; +http://www.semrush.com/bot.html)"
57.141.20.8 - - [25/Aug/2026:19:24:00 +0500] "GET /ru/?s=1011350556&format=feed&type=atom HTTP/1.1" 200 18645 "-" "Mozilla/5.0 (Windows NT 10.0; Win64; x64) AppleWebKit/537.36 (KHTML, like Gecko) Chrome/145.0.0.0 Safari/537.36 (compatible; meta-externalagent/1.1 (+https://developers.facebook.com/docs/sharing/webmasters/crawler))"
57.141.20.10 - - [25/Aug/2026:19:24:05 +0500] "GET /ru/?s=1011350556&start=20 HTTP/1.1" 508 288 "-" "Mozilla/5.0 (Windows NT 10.0; Win64; x64) AppleWebKit/537.36 (KHTML, like Gecko) Chrome/145.0.0.0 Safari/537.36 (compatible; meta-externalagent/1.1 (+https://developers.facebook.com/docs/sharing/webmasters/crawler))"
114.119.158.112 - - [25/Aug/2026:19:24:03 +0500] "GET /ru/?cbid=2189631&csid=0&start=5 HTTP/1.1" 200 50825 "https://uml.uz/ru/?cbid=2036760&csid=0&mode=cate&start=10" "Mozilla/5.0 (Linux; Android 7.0;) AppleWebKit/537.36 (HTML, like Gecko) Mobile Safari/537.36 (compatible; PetalBot;+https://webmaster.petalsearch.com/site/petalbot)"
57.141.20.21 - - [25/Aug/2026:19:24:08 +0500] "GET /ru/?s=1011350556&start=5 HTTP/1.1" 200 50845 "-" "Mozilla/5.0 (Macintosh; Intel Mac OS X 10_15_7) AppleWebKit/537.36 (KHTML, like Gecko) Chrome/145.0.0.0 Safari/537.36 (compatible; meta-externalagent/1.1 (+https://developers.facebook.com/docs/sharing/webmasters/crawler))"
57.141.20.69 - - [25/Aug/2026:19:24:10 +0500] "GET /ru/?s=1011350556&start=25 HTTP/1.1" 200 44987 "-" "Mozilla/5.0 (Windows NT 10.0; Win64; x64) AppleWebKit/537.36 (KHTML, like Gecko) Chrome/145.0.0.0 Safari/537.36 (compatible; meta-externalagent/1.1 (+https://developers.facebook.com/docs/sharing/webmasters/crawler))"
57.141.20.45 - - [25/Aug/2026:19:24:12 +0500] "GET /ru/?s=1011350556 HTTP/1.1" 200 49466 "-" "Mozilla/5.0 (Windows NT 10.0; Win64; x64) AppleWebKit/537.36 (KHTML, like Gecko) Chrome/145.0.0.0 Safari/537.36 (compatible; meta-externalagent/1.1 (+https://developers.facebook.com/docs/sharing/webmasters/crawler))"
57.141.20.9 - - [25/Aug/2026:19:24:14 +0500] "GET /ru/?s=1011350556&format=feed&type=rss HTTP/1.1" 200 11177 "-" "Mozilla/5.0 (X11; Linux x86_64) AppleWebKit/537.36 (KHTML, like Gecko) Chrome/145.0.0.0 Safari/537.36 (compatible; meta-externalagent/1.1 (+https://developers.facebook.com/docs/sharing/webmasters/crawler))"
57.141.20.54 - - [25/Aug/2026:19:24:19 +0500] "GET /ru/?s=1011350556&start=15 HTTP/1.1" 200 50392 "-" "Mozilla/5.0 (Windows NT 10.0; Win64; x64) AppleWebKit/537.36 (KHTML, like Gecko) Chrome/145.0.0.0 Safari/537.36 (compatible; meta-externalagent/1.1 (+https://developers.facebook.com/docs/sharing/webmasters/crawler))"
34.57.162.91 - - [25/Aug/2026:19:24:25 +0500] "GET /ru/component/mailto/?link=76cae8cd9dfa56583ca620ffbc5045f1f4a9ba2e&template=uml&tmpl=component HTTP/1.1" 200 4554 "-" "Mozilla/5.0 (Macintosh; Intel Mac OS X 10_15_7) AppleWebKit/537.36 (KHTML, like Gecko) Chrome/120.0.0.0 Safari/537.36"
220.181.108.110 - - [25/Aug/2026:19:24:34 +0500] "GET /ru/?gid=738534&start=10 HTTP/1.1" 200 49748 "-" "Mozilla/5.0 (compatible; Baiduspider/2.0; +http://www.baidu.com/search/spider.html)"
57.141.20.31 - - [25/Aug/2026:19:24:34 +0500] "GET /ru/?s=1011350556&start=10 HTTP/1.1" 200 49768 "-" "Mozilla/5.0 (Macintosh; Intel Mac OS X 10_15_7) AppleWebKit/537.36 (KHTML, like Gecko) Chrome/145.0.0.0 Safari/537.36 (compatible; meta-externalagent/1.1 (+https://developers.facebook.com/docs/sharing/webmasters/crawler))"
98.92.245.123 - - [25/Aug/2026:19:24:44 +0500] "GET /ru/shareholders-rus/reports-rus?template=accessibility&format=feed&type=atom HTTP/1.1" 200 13078 "https://www.google.com/" "Mozilla/5.0 (Windows NT 10.0; Win64; x64) AppleWebKit/537.36 (KHTML, like Gecko) Chrome/79.0.3945.88 Safari/537.36"
57.141.20.53 - - [25/Aug/2026:19:24:46 +0500] "GET /ru/?owa_do=base.loginForm&start=25 HTTP/1.1" 200 44987 "-" "Mozilla/5.0 (Windows NT 10.0; Win64; x64) AppleWebKit/537.36 (KHTML, like Gecko) Chrome/145.0.0.0 Safari/537.36 (compatible; meta-externalagent/1.1 (+https://developers.facebook.com/docs/sharing/webmasters/crawler))"
57.141.20.73 - - [25/Aug/2026:19:25:00 +0500] "GET /uz/?cbid=1398903&csid=0&mode=cate&start=20 HTTP/1.1" 200 47779 "-" "Mozilla/5.0 (Windows NT 10.0; Win64; x64) AppleWebKit/537.36 (KHTML, like Gecko) Chrome/145.0.7632.6 Safari/537.36 (compatible; meta-externalagent/1.1 (+https://developers.facebook.com/docs/sharing/webmasters/crawler))"
114.119.150.252 - - [25/Aug/2026:19:25:27 +0500] "GET /ru?gid=2472505&mode=grp&start=5 HTTP/1.1" 508 288 "https://www.uml.uz/ru?mode=f4&start=10" "Mozilla/5.0 (Linux; Android 7.0;) AppleWebKit/537.36 (HTML, like Gecko) Mobile Safari/537.36 (compatible; PetalBot;+https://webmaster.petalsearch.com/site/petalbot)"
136.119.35.120 - - [25/Aug/2026:19:25:47 +0500] "GET /uz/component/mailto/?link=42883e7ee3d63210663bda8f2fb2a5d019b8c903&template=uml&tmpl=component HTTP/1.1" 200 4563 "-" "Mozilla/5.0 (Macintosh; Intel Mac OS X 10_15_7) AppleWebKit/537.36 (KHTML, like Gecko) Chrome/120.0.0.0 Safari/537.36"
34.10.180.98 - - [25/Aug/2026:19:25:49 +0500] "GET /uz/component/mailto/?link=cfeb0ea04dfd6cdf468c032f046f6bddafc1249b&template=uml&tmpl=component HTTP/1.1" 200 4536 "-" "Mozilla/5.0 (Macintosh; Intel Mac OS X 10_15_7) AppleWebKit/537.36 (KHTML, like Gecko) Chrome/120.0.0.0 Safari/537.36"
185.191.171.12 - - [25/Aug/2026:19:25:52 +0500] "GET /ru/officially-rus/vacancies-rus/2-uncategorised?start=40 HTTP/1.1" 200 46284 "-" "Mozilla/5.0 (compatible; SemrushBot/7~bl; +http://www.semrush.com/bot.html)"
185.191.171.16 - - [25/Aug/2026:19:26:12 +0500] "GET /ru/oficially-uzb/ustav-uzb/19-russian/shareholders-rus HTTP/1.1" 508 288 "-" "Mozilla/5.0 (compatible; SemrushBot/7~bl; +http://www.semrush.com/bot.html)"
44.220.2.97 - - [25/Aug/2026:19:26:19 +0500] "GET /ru/?gid=551683&mode=grp&sort=n&start=25 HTTP/1.1" 508 288 "-" "Mozilla/5.0 AppleWebKit/537.36 (KHTML, like Gecko; compatible; Amazonbot/0.1; +https://developer.amazon.com/support/amazonbot) Chrome/119.0.6045.214 Safari/537.36"
52.200.22.31 - - [25/Aug/2026:19:26:28 +0500] "GET /ru/about-org-rus/history-rus/2-uncategorised?format=feed&type=rss HTTP/1.1" 508 288 "https://www.google.com/" "Mozilla/5.0 (Macintosh; Intel Mac OS X 10_15_2) AppleWebKit/537.36 (KHTML, like Gecko) Chrome/79.0.3945.130 Safari/537.36"
114.119.131.182 - - [25/Aug/2026:19:26:47 +0500] "GET /ru/?cbid=1707124&start=20 HTTP/1.1" 508 288 "https://uml.uz/ru/?gid=2472493&start=5" "Mozilla/5.0 (Linux; Android 7.0;) AppleWebKit/537.36 (HTML, like Gecko) Mobile Safari/537.36 (compatible; PetalBot;+https://webmaster.petalsearch.com/site/petalbot)"
34.42.229.145 - - [25/Aug/2026:19:27:29 +0500] "GET /ru/component/mailto/?link=1abe012c9a4b6429f7bbe9e74d7de8a884fb79f2&template=uml&tmpl=component HTTP/1.1" 200 4554 "-" "Mozilla/5.0 (Macintosh; Intel Mac OS X 10_15_7) AppleWebKit/537.36 (KHTML, like Gecko) Chrome/120.0.0.0 Safari/537.36"
185.191.171.12 - - [25/Aug/2026:19:27:30 +0500] "GET /ru/?cbid=2390732&csid=0&start=25 HTTP/1.1" 200 44967 "-" "Mozilla/5.0 (compatible; SemrushBot/7~bl; +http://www.semrush.com/bot.html)"
185.191.171.7 - - [25/Aug/2026:19:27:35 +0500] "GET /uz/?cbid=1398933&csid=0&mode=cate HTTP/1.1" 200 48608 "-" "Mozilla/5.0 (compatible; SemrushBot/7~bl; +http://www.semrush.com/bot.html)"
185.191.171.3 - - [25/Aug/2026:19:27:58 +0500] "GET /ru/?cbid=1425873%2C%28SELECT%2F%2A%2A%2F10072%2F%2A%2A%2FWHERE%2F%2A%2A%2F10072%3DCONVERT%28INT%2C%28SELECT%2F%2A%2A%2F%27~%27%2B%28SELECT%2F%2A%2A%2F%28CASE%2F%2A%2A%2FWHEN%2F%2A%2A%2F%2810072%3D10072%29%2F%2A%2A%2FTHEN%2F%2A%2A%2F%271%27%2F%2A%2A%2FELSE%2F%2A%2A%2F%270%27%2F%2A%2A%2FEND%29%29%2B%27~%27%29%29%29--%20-&csid=0&start=15 HTTP/1.1" 200 50372 "-" "Mozilla/5.0 (compatible; SemrushBot/7~bl; +http://www.semrush.com/bot.html)"
116.179.37.106 - - [25/Aug/2026:19:28:10 +0500] "GET /plugins/system/jcemediabox/themes/standard/tooltip.html HTTP/1.1" 200 958 "https://uml.uz/ru/?gid=738534&start=10" "Mozilla/5.0 (compatible; Baiduspider-render/2.0; +http://www.baidu.com/search/spider.html)"
116.179.37.41 - - [25/Aug/2026:19:28:10 +0500] "GET /plugins/system/jcemediabox/themes/standard/popup.html HTTP/1.1" 200 1802 "https://uml.uz/ru/?gid=738534&start=10" "Mozilla/5.0 (compatible; Baiduspider-render/2.0; +http://www.baidu.com/search/spider.html)"
114.119.157.157 - - [25/Aug/2026:19:28:11 +0500] "GET /ru/component/mailto?tmpl=component&template=uml&link=13568f98462194ca66ffaae8f45616d0d3e7ec1d HTTP/1.1" 200 4529 "https://www.uml.uz/ru/shareholders-rus/audit-rus/2-uncategorised?start=70" "Mozilla/5.0 (Linux; Android 7.0;) AppleWebKit/537.36 (HTML, like Gecko) Mobile Safari/537.36 (compatible; PetalBot;+https://webmaster.petalsearch.com/site/petalbot)"
185.191.171.19 - - [25/Aug/2026:19:28:16 +0500] "GET /ru/shop/magazines/latest/11.html HTTP/1.1" 200 38341 "-" "Mozilla/5.0 (compatible; SemrushBot/7~bl; +http://www.semrush.com/bot.html)"
34.56.53.225 - - [25/Aug/2026:19:28:20 +0500] "GET /uz/component/mailto/?link=48ebb123d28fb1d8147294c792d90212c0a6bbcc&template=uml&tmpl=component HTTP/1.1" 200 4536 "-" "Mozilla/5.0 (Macintosh; Intel Mac OS X 10_15_7) AppleWebKit/537.36 (KHTML, like Gecko) Chrome/120.0.0.0 Safari/537.36"
34.10.180.98 - - [25/Aug/2026:19:28:23 +0500] "GET /ru/component/mailto/?link=0114bfd437cbeca767f190ea3eab6d02d0779cbe&template=uml&tmpl=component HTTP/1.1" 200 4554 "-" "Mozilla/5.0 (Macintosh; Intel Mac OS X 10_15_7) AppleWebKit/537.36 (KHTML, like Gecko) Chrome/120.0.0.0 Safari/537.36"
69.191.211.207 - - [25/Aug/2026:19:28:58 +0500] "GET /ru/shareholders-rus/reports-rus HTTP/1.1" 200 37905 "-" "Mozilla/5.0 (Windows NT 10.0; Win64; x64) AppleWebKit/537.36 (KHTML, like Gecko) Chrome/131.0.0.0 Safari/537.36"
69.191.211.219 - - [25/Aug/2026:19:29:02 +0500] "GET /ru/shareholders-rus/reports-rus/1239-balans-6-2026 HTTP/1.1" 508 288 "-" "Mozilla/5.0 (Windows NT 10.0; Win64; x64) AppleWebKit/537.36 (KHTML, like Gecko) Chrome/131.0.0.0 Safari/537.36"
69.191.249.210 - - [25/Aug/2026:19:29:03 +0500] "GET /ru/shareholders-rus/reports-rus/1228-balans-6-2025 HTTP/1.1" 508 288 "-" "Mozilla/5.0 (Windows NT 10.0; Win64; x64) AppleWebKit/537.36 (KHTML, like Gecko) Chrome/131.0.0.0 Safari/537.36"
69.191.249.219 - - [25/Aug/2026:19:29:03 +0500] "GET /ru/shareholders-rus/reports-rus/1238-balans-2025 HTTP/1.1" 508 288 "-" "Mozilla/5.0 (Windows NT 10.0; Win64; x64) AppleWebKit/537.36 (KHTML, like Gecko) Chrome/131.0.0.0 Safari/537.36"
69.191.211.216 - - [25/Aug/2026:19:29:03 +0500] "GET /ru/shareholders-rus/reports-rus/1234-balans-12-2026 HTTP/1.1" 508 288 "-" "Mozilla/5.0 (Windows NT 10.0; Win64; x64) AppleWebKit/537.36 (KHTML, like Gecko) Chrome/131.0.0.0 Safari/537.36"
69.191.211.217 - - [25/Aug/2026:19:29:03 +0500] "GET /ru/shareholders-rus/reports-rus/1233-balans-12-2025 HTTP/1.1" 508 288 "-" "Mozilla/5.0 (Windows NT 10.0; Win64; x64) AppleWebKit/537.36 (KHTML, like Gecko) Chrome/131.0.0.0 Safari/537.36"
69.191.249.214 - - [25/Aug/2026:19:29:04 +0500] "GET /ru/shareholders-rus/reports-rus/1220-balans-2-2024 HTTP/1.1" 508 288 "-" "Mozilla/5.0 (Windows NT 10.0; Win64; x64) AppleWebKit/537.36 (KHTML, like Gecko) Chrome/131.0.0.0 Safari/537.36"
69.191.211.201 - - [25/Aug/2026:19:29:02 +0500] "GET /ru/shareholders-rus/reports-rus/1226-balans-2024-ru HTTP/1.1" 200 28951 "-" "Mozilla/5.0 (Windows NT 10.0; Win64; x64) AppleWebKit/537.36 (KHTML, like Gecko) Chrome/131.0.0.0 Safari/537.36"
69.191.249.201 - - [25/Aug/2026:19:29:03 +0500] "GET /ru/shareholders-rus/reports-rus/1229-balans-3-2025 HTTP/1.1" 200 28939 "-" "Mozilla/5.0 (Windows NT 10.0; Win64; x64) AppleWebKit/537.36 (KHTML, like Gecko) Chrome/131.0.0.0 Safari/537.36"
69.191.211.214 - - [25/Aug/2026:19:29:03 +0500] "GET /ru/shareholders-rus/reports-rus/1230-balans-9-2025 HTTP/1.1" 200 28979 "-" "Mozilla/5.0 (Windows NT 10.0; Win64; x64) AppleWebKit/537.36 (KHTML, like Gecko) Chrome/131.0.0.0 Safari/537.36"
69.191.249.220 - - [25/Aug/2026:19:29:03 +0500] "GET /ru/shareholders-rus/reports-rus/1221-balans-3-2024 HTTP/1.1" 200 28973 "-" "Mozilla/5.0 (Windows NT 10.0; Win64; x64) AppleWebKit/537.36 (KHTML, like Gecko) Chrome/131.0.0.0 Safari/537.36"
50.19.221.48 - - [25/Aug/2026:19:29:26 +0500] "GET /ru/?gid=284823 HTTP/1.1" 200 49340 "-" "Mozilla/5.0 AppleWebKit/537.36 (KHTML, like Gecko; compatible; Amazonbot/0.1; +https://developer.amazon.com/support/amazonbot) Chrome/119.0.6045.214 Safari/537.36"
114.119.157.157 - - [25/Aug/2026:19:29:35 +0500] "GET /ru/?gid=397764&start=10 HTTP/1.1" 200 49764 "https://www.uml.uz/ru/?gid=397764&start=20" "Mozilla/5.0 (Linux; Android 7.0;) AppleWebKit/537.36 (HTML, like Gecko) Mobile Safari/537.36 (compatible; PetalBot;+https://webmaster.petalsearch.com/site/petalbot)"
85.208.96.208 - - [25/Aug/2026:19:30:34 +0500] "GET /ru/?gid=471772&start=10 HTTP/1.1" 508 288 "-" "Mozilla/5.0 (compatible; SemrushBot/7~bl; +http://www.semrush.com/bot.html)"
34.42.229.145 - - [25/Aug/2026:19:30:43 +0500] "GET /ru/shareholders-uzb/jsc-docs-uzb HTTP/1.1" 200 33025 "-" "Mozilla/5.0 (Macintosh; Intel Mac OS X 10_15_7) AppleWebKit/537.36 (KHTML, like Gecko) Chrome/120.0.0.0 Safari/537.36"
114.119.158.112 - - [25/Aug/2026:19:31:04 +0500] "GET /ru/conditions-rus/2-uncategorised/468-what-you-should-do-to-find-out-about-what-is-insulator-in-physics-before-you-re-left-behind?tmpl=component&print=1 HTTP/1.1" 404 1892 "https://uml.uz/ru/conditions-rus/2-uncategorised/468-what-you-should-do-to-find-out-about-what-is-insulator-in-physics-before-you-re-left-behind" "Mozilla/5.0 (Linux; Android 7.0;) AppleWebKit/537.36 (HTML, like Gecko) Mobile Safari/537.36 (compatible; PetalBot;+https://webmaster.petalsearch.com/site/petalbot)"
34.171.68.95 - - [25/Aug/2026:19:31:06 +0500] "GET /ru/shareholders-rus/dividends-rus?format=feed&template=uml&type=rss HTTP/1.1" 200 9307 "-" "Mozilla/5.0 (Macintosh; Intel Mac OS X 10_15_7) AppleWebKit/537.36 (KHTML, like Gecko) Chrome/120.0.0.0 Safari/537.36"
52.167.144.199 - - [25/Aug/2026:19:31:47 +0500] "GET /ru/officially-rus/norm-baza-rus/2-uncategorised HTTP/1.1" 508 288 "-" "Mozilla/5.0 AppleWebKit/537.36 (KHTML, like Gecko; compatible; bingbot/2.0; +http://www.bing.com/bingbot.htm) Chrome/116.0.1938.76 Safari/537.36"
3.212.86.97 - - [25/Aug/2026:19:31:43 +0500] "GET /ru/?format=feed&s=SNS&type=rss HTTP/1.1" 200 11139 "-" "Mozilla/5.0 AppleWebKit/537.36 (KHTML, like Gecko; compatible; Amazonbot/0.1; +https://developer.amazon.com/support/amazonbot) Chrome/119.0.6045.214 Safari/537.36"
34.61.96.6 - - [25/Aug/2026:19:31:56 +0500] "GET /ru/component/search/?Itemid=305&format=opensearch&template=accessibility HTTP/1.1" 508 288 "-" "Mozilla/5.0 (Macintosh; Intel Mac OS X 10_15_7) AppleWebKit/537.36 (KHTML, like Gecko) Chrome/120.0.0.0 Safari/537.36"
85.208.96.211 - - [25/Aug/2026:19:31:57 +0500] "GET /robots.txt HTTP/1.1" 508 288 "-" "Mozilla/5.0 (compatible; SemrushBot/7~bl; +http://www.semrush.com/bot.html)"
34.10.180.98 - - [25/Aug/2026:19:32:10 +0500] "GET /images/content/2018/%D1%81%D1%83%D1%89_%D1%84%D0%B0%D0%BA%D1%82%D1%8B_%D0%BC%D0%B0%D0%B9_2018/%D0%A1%D1%83%D1%88_%D1%84%D0%B0%D0%BA%D1%82_82.doc HTTP/1.1" 301 - "-" "Mozilla/5.0 (Macintosh; Intel Mac OS X 10_15_7) AppleWebKit/537.36 (KHTML, like Gecko) Chrome/120.0.0.0 Safari/537.36"
114.119.148.1 - - [25/Aug/2026:19:32:27 +0500] "GET /ru/?cbid=1487101&csid=0&mode=cate&start=20 HTTP/1.1" 200 50299 "https://uml.uz/ru/?mode=cate&cbid=2250008&csid=0&start=25" "Mozilla/5.0 (Linux; Android 7.0;) AppleWebKit/537.36 (HTML, like Gecko) Mobile Safari/537.36 (compatible; PetalBot;+https://webmaster.petalsearch.com/site/petalbot)"
18.214.251.19 - - [25/Aug/2026:19:32:30 +0500] "GET /ru/?gid=677335&mode=grp&start=10 HTTP/1.1" 200 49813 "-" "Mozilla/5.0 AppleWebKit/537.36 (KHTML, like Gecko; compatible; Amazonbot/0.1; +https://developer.amazon.com/support/amazonbot) Chrome/119.0.6045.214 Safari/537.36"
57.141.6.6 - - [25/Aug/2026:19:32:43 +0500] "GET / HTTP/1.1" 508 288 "-" "facebookexternalhit/1.1 (+http://www.facebook.com/externalhit_uatext.php)"
181.99.9.147 - - [25/Aug/2026:19:32:41 +0500] "GET /images/content/%D0%9D%D0%A1%D0%91%D0%A3_%D0%BD%D0%B0_%D0%9C%D0%A1%D0%A4%D0%9E_%D1%82%D1%80%D0%B0%D0%BD%D1%81%D1%84%D0%BE%D1%80%D0%BC%D0%B0%D1%86%D0%B8%D1%8F.pdf HTTP/1.1" 301 - "-" "msh-pdfmin/1"
181.99.9.147 - - [25/Aug/2026:19:32:46 +0500] "GET /ru/images/content/%D0%9D%D0%A1%D0%91%D0%A3_%D0%BD%D0%B0_%D0%9C%D0%A1%D0%A4%D0%9E_%D1%82%D1%80%D0%B0%D0%BD%D1%81%D1%84%D0%BE%D1%80%D0%BC%D0%B0%D1%86%D0%B8%D1%8F.pdf HTTP/1.1" 404 1904 "-" "msh-pdfmin/1"
213.55.185.205 - - [25/Aug/2026:19:32:59 +0500] "GET /administrator/abierto_22337803723_7FsFKyYFLnvEjeyE/close_warehouse/963596_tKBqBJZ/ HTTP/1.1" 508 288 "-" "Mozilla/4.0 (compatible; MSIE 7.0; Windows NT 6.1; Win64; x64; Trident/7.0; .NET CLR 2.0.50727; SLCC2; .NET CLR 3.5.30729; .NET CLR 3.0.30729; Media Center PC 6.0; .NET4.0C; .NET4.0E)"
185.191.171.5 - - [25/Aug/2026:19:33:00 +0500] "GET /ru/?cbid=1425873&csid=0%27AND%206347%3DCONCAT%28%27~%27%2C%28SELECT%EF%BF%BD%28CASE%EF%BF%BDWHEN%20%286347%3D6347%29%EF%BF%BDTHEN%20%271%27%EF%BF%BDELSE%20%270%27%EF%BF%BDEND%29%29%2C%27~%27%29%20AND%20%279UE9XiFr%27%20LIKE%20%279UE9XiFr&start=10 HTTP/1.1" 508 288 "-" "Mozilla/5.0 (compatible; SemrushBot/7~bl; +http://www.semrush.com/bot.html)"
43.173.181.125 - - [25/Aug/2026:19:33:27 +0500] "GET /uz/component/mailto?link=4fe0d603d3ec0d7cfd042e10d49f9c32a911dc4d&template=uml&tmpl=component HTTP/1.1" 200 4534 "-" "Mozilla/5.0 (Windows NT 10.0; Win64; x64) AppleWebKit/537.36 (KHTML, like Gecko) Chrome/116.0.0.0 Safari/537.36"
114.119.136.51 - - [25/Aug/2026:19:33:45 +0500] "GET /ru/news-rus?template=accessibility&start=15 HTTP/1.1" 508 288 "https://www.uml.uz/ru/news-rus?template=accessibility" "Mozilla/5.0 (Linux; Android 7.0;) AppleWebKit/537.36 (HTML, like Gecko) Mobile Safari/537.36 (compatible; PetalBot;+https://webmaster.petalsearch.com/site/petalbot)"
34.30.223.149 - - [25/Aug/2026:19:34:02 +0500] "GET /ru/?format=feed&gid=2472487&type=atom HTTP/1.1" 200 19633 "-" "Mozilla/5.0 (Macintosh; Intel Mac OS X 10_15_7) AppleWebKit/537.36 (KHTML, like Gecko) Chrome/120.0.0.0 Safari/537.36"
34.123.149.87 - - [25/Aug/2026:19:34:20 +0500] "GET /ru/component/mailto/?link=d403339a8178dc66aca6c7c5237a021813747aa7&template=uml&tmpl=component HTTP/1.1" 200 4558 "-" "Mozilla/5.0 (Macintosh; Intel Mac OS X 10_15_7) AppleWebKit/537.36 (KHTML, like Gecko) Chrome/120.0.0.0 Safari/537.36"
20.104.18.15 - - [25/Aug/2026:19:34:36 +0500] "GET /wp-content/plugins/hellopress/wp_filemanager.php HTTP/1.1" 401 36 "-" "-"
20.104.18.15 - - [25/Aug/2026:19:34:36 +0500] "GET /this_is_a_new_hello_world.php HTTP/1.1" 401 36 "-" "-"
20.104.18.15 - - [25/Aug/2026:19:34:37 +0500] "GET /ap.php HTTP/1.1" 401 36 "-" "-"
20.104.18.15 - - [25/Aug/2026:19:34:37 +0500] "GET /media.php HTTP/1.1" 401 36 "-" "-"
20.104.18.15 - - [25/Aug/2026:19:34:38 +0500] "GET /adminfuns.php HTTP/1.1" 401 36 "-" "-"
20.104.18.15 - - [25/Aug/2026:19:34:38 +0500] "GET /classwithtostring.php HTTP/1.1" 401 36 "-" "-"
20.104.18.15 - - [25/Aug/2026:19:34:39 +0500] "GET /3PJcpMFsD8B.php HTTP/1.1" 401 36 "-" "-"
20.104.18.15 - - [25/Aug/2026:19:34:39 +0500] "GET /5PJcpMFsD8B.php HTTP/1.1" 401 36 "-" "-"
20.104.18.15 - - [25/Aug/2026:19:34:40 +0500] "GET /4PJcpMFsD8B.php HTTP/1.1" 401 36 "-" "-"
20.104.18.15 - - [25/Aug/2026:19:34:40 +0500] "GET /wsd.php HTTP/1.1" 401 36 "-" "-"
20.104.18.15 - - [25/Aug/2026:19:34:42 +0500] "GET /pk.php HTTP/1.1" 401 36 "-" "-"
20.104.18.15 - - [25/Aug/2026:19:34:42 +0500] "GET /bulet.php HTTP/1.1" 401 36 "-" "-"
20.104.18.15 - - [25/Aug/2026:19:34:43 +0500] "GET /av.php HTTP/1.1" 401 36 "-" "-"
20.104.18.15 - - [25/Aug/2026:19:34:44 +0500] "GET /images.php HTTP/1.1" 401 36 "-" "-"
20.104.18.15 - - [25/Aug/2026:19:34:44 +0500] "GET /ops.php HTTP/1.1" 401 36 "-" "-"
20.104.18.15 - - [25/Aug/2026:19:34:44 +0500] "GET /coffexium.php HTTP/1.1" 401 36 "-" "-"
20.104.18.15 - - [25/Aug/2026:19:34:45 +0500] "GET /BDKR28WP.php HTTP/1.1" 401 36 "-" "-"
20.104.18.15 - - [25/Aug/2026:19:34:45 +0500] "GET /k.php HTTP/1.1" 401 36 "-" "-"
20.104.18.15 - - [25/Aug/2026:19:34:46 +0500] "GET /82.php HTTP/1.1" 401 36 "-" "-"
20.104.18.15 - - [25/Aug/2026:19:34:47 +0500] "GET /dex.php HTTP/1.1" 401 36 "-" "-"
20.104.18.15 - - [25/Aug/2026:19:34:47 +0500] "GET /aa.php HTTP/1.1" 401 36 "-" "-"
20.104.18.15 - - [25/Aug/2026:19:34:47 +0500] "GET /img.php HTTP/1.1" 401 36 "-" "-"
20.104.18.15 - - [25/Aug/2026:19:34:48 +0500] "GET /222.php HTTP/1.1" 401 36 "-" "-"
20.104.18.15 - - [25/Aug/2026:19:34:48 +0500] "GET /chosen.php HTTP/1.1" 401 36 "-" "-"
20.104.18.15 - - [25/Aug/2026:19:34:49 +0500] "GET /admin.php HTTP/1.1" 401 36 "-" "-"
20.104.18.15 - - [25/Aug/2026:19:34:49 +0500] "GET /ajax.php HTTP/1.1" 401 36 "-" "-"
20.104.18.15 - - [25/Aug/2026:19:34:50 +0500] "GET /1.php HTTP/1.1" 401 36 "-" "-"
20.104.18.15 - - [25/Aug/2026:19:34:50 +0500] "GET /samll.php HTTP/1.1" 401 36 "-" "-"
20.104.18.15 - - [25/Aug/2026:19:34:51 +0500] "GET /kerang.php HTTP/1.1" 401 36 "-" "-"
20.104.18.15 - - [25/Aug/2026:19:34:51 +0500] "GET /m.php HTTP/1.1" 401 36 "-" "-"
20.104.18.15 - - [25/Aug/2026:19:34:52 +0500] "GET /fling.php HTTP/1.1" 401 36 "-" "-"
20.104.18.15 - - [25/Aug/2026:19:34:53 +0500] "GET /btyuio.php HTTP/1.1" 401 36 "-" "-"
20.104.18.15 - - [25/Aug/2026:19:34:53 +0500] "GET /zoo2.php HTTP/1.1" 401 36 "-" "-"
20.104.18.15 - - [25/Aug/2026:19:34:54 +0500] "GET /zoo1.php HTTP/1.1" 401 36 "-" "-"
20.104.18.15 - - [25/Aug/2026:19:34:54 +0500] "GET /radio.php HTTP/1.1" 401 36 "-" "-"
20.104.18.15 - - [25/Aug/2026:19:34:55 +0500] "GET /hoket.php HTTP/1.1" 401 36 "-" "-"
20.104.18.15 - - [25/Aug/2026:19:34:55 +0500] "GET /one.php HTTP/1.1" 401 36 "-" "-"
20.104.18.15 - - [25/Aug/2026:19:34:56 +0500] "GET /503.php HTTP/1.1" 401 36 "-" "-"
20.104.18.15 - - [25/Aug/2026:19:34:56 +0500] "GET /504.php HTTP/1.1" 401 36 "-" "-"
20.104.18.15 - - [25/Aug/2026:19:34:57 +0500] "GET /admin.php HTTP/1.1" 401 36 "-" "-"
20.104.18.15 - - [25/Aug/2026:19:34:57 +0500] "GET /ws85.php HTTP/1.1" 401 36 "-" "-"
20.104.18.15 - - [25/Aug/2026:19:34:58 +0500] "GET /ffs.php HTTP/1.1" 401 36 "-" "-"
20.104.18.15 - - [25/Aug/2026:19:34:58 +0500] "GET /nano.php HTTP/1.1" 401 36 "-" "-"
20.104.18.15 - - [25/Aug/2026:19:34:59 +0500] "GET /ano.php HTTP/1.1" 401 36 "-" "-"
20.104.18.15 - - [25/Aug/2026:19:34:59 +0500] "GET /mgrr.php HTTP/1.1" 401 36 "-" "-"
20.104.18.15 - - [25/Aug/2026:19:35:00 +0500] "GET /mac.php HTTP/1.1" 401 36 "-" "-"
20.104.18.15 - - [25/Aug/2026:19:35:00 +0500] "GET /simple.php HTTP/1.1" 401 36 "-" "-"
20.104.18.15 - - [25/Aug/2026:19:35:01 +0500] "GET /xty.php HTTP/1.1" 401 36 "-" "-"
20.104.18.15 - - [25/Aug/2026:19:35:01 +0500] "GET /sallu.php HTTP/1.1" 401 36 "-" "-"
85.208.96.198 - - [25/Aug/2026:19:34:56 +0500] "GET /ru/?p=29072&start=20 HTTP/1.1" 200 50319 "-" "Mozilla/5.0 (compatible; SemrushBot/7~bl; +http://www.semrush.com/bot.html)"
20.104.18.15 - - [25/Aug/2026:19:35:02 +0500] "GET /w3lls.php HTTP/1.1" 401 36 "-" "-"
20.104.18.15 - - [25/Aug/2026:19:35:02 +0500] "GET /fpwch.php HTTP/1.1" 401 36 "-" "-"
20.104.18.15 - - [25/Aug/2026:19:35:03 +0500] "GET /domvf.php HTTP/1.1" 401 36 "-" "-"
20.104.18.15 - - [25/Aug/2026:19:35:03 +0500] "GET /biufile.php HTTP/1.1" 401 36 "-" "-"
20.104.18.15 - - [25/Aug/2026:19:35:04 +0500] "GET /blacks.php HTTP/1.1" 401 36 "-" "-"
20.104.18.15 - - [25/Aug/2026:19:35:04 +0500] "GET /czq.php HTTP/1.1" 401 36 "-" "-"
20.104.18.15 - - [25/Aug/2026:19:35:05 +0500] "GET /wp.php HTTP/1.1" 401 36 "-" "-"
20.104.18.15 - - [25/Aug/2026:19:35:05 +0500] "GET /abcd.php HTTP/1.1" 401 36 "-" "-"
20.104.18.15 - - [25/Aug/2026:19:35:06 +0500] "GET /run.php HTTP/1.1" 401 36 "-" "-"
20.104.18.15 - - [25/Aug/2026:19:35:06 +0500] "GET /new.php HTTP/1.1" 401 36 "-" "-"
20.104.18.15 - - [25/Aug/2026:19:35:06 +0500] "GET /inx.php HTTP/1.1" 401 36 "-" "-"
57.141.24.52 - - [25/Aug/2026:19:35:05 +0500] "GET / HTTP/1.1" 301 - "-" "facebookexternalhit/1.1 (+http://www.facebook.com/externalhit_uatext.php)"
20.104.18.15 - - [25/Aug/2026:19:35:07 +0500] "GET /vpn.php HTTP/1.1" 401 36 "-" "-"
20.104.18.15 - - [25/Aug/2026:19:35:07 +0500] "GET /waff.php HTTP/1.1" 401 36 "-" "-"
20.104.18.15 - - [25/Aug/2026:19:35:08 +0500] "GET /33.php HTTP/1.1" 401 36 "-" "-"
20.104.18.15 - - [25/Aug/2026:19:35:08 +0500] "GET /133.php HTTP/1.1" 401 36 "-" "-"
20.104.18.15 - - [25/Aug/2026:19:35:09 +0500] "GET /sym.php HTTP/1.1" 401 36 "-" "-"
20.104.18.15 - - [25/Aug/2026:19:35:09 +0500] "GET /8.php HTTP/1.1" 401 36 "-" "-"
114.119.148.1 - - [25/Aug/2026:19:35:09 +0500] "GET /ru/?cbid=1425873&csid=0%27%20AND%20AND%2010110%3DCONVERT(INT%2C(SELECT%EF%BF%BD%27~%27%20(SELECT%EF%BF%BD(CASE%EF%BF%BDWHEN%EF%BF%BD(10110%3D10110)%20THEN%EF%BF%BD%271%27%20ELSE%20%270%27%EF%BF%BDEND))%20%27~%27))--%20-&start=5 HTTP/1.1" 508 288 "https://www.uml.uz/ru/?gid=397725&mode=grp&sort=n&start=15" "Mozilla/5.0 (Linux; Android 7.0;) AppleWebKit/537.36 (HTML, like Gecko) Mobile Safari/537.36 (compatible; PetalBot;+https://webmaster.petalsearch.com/site/petalbot)"
20.104.18.15 - - [25/Aug/2026:19:35:10 +0500] "GET /goods.php HTTP/1.1" 401 36 "-" "-"
20.104.18.15 - - [25/Aug/2026:19:35:10 +0500] "GET /ah.php HTTP/1.1" 401 36 "-" "-"
34.171.68.95 - - [25/Aug/2026:19:35:14 +0500] "GET /ru/?/blogs/blog_entries/year_month/112/year_month:2020-02?frame_id=91&start=25 HTTP/1.1" 508 288 "-" "Mozilla/5.0 (Macintosh; Intel Mac OS X 10_15_7) AppleWebKit/537.36 (KHTML, like Gecko) Chrome/120.0.0.0 Safari/537.36"
34.196.114.170 - - [25/Aug/2026:19:35:15 +0500] "GET /uz/?format=feed&pageID=4&site=nli&type=atom HTTP/1.1" 508 288 "-" "Mozilla/5.0 AppleWebKit/537.36 (KHTML, like Gecko; compatible; Amazonbot/0.1; +https://developer.amazon.com/support/amazonbot) Chrome/119.0.6045.214 Safari/537.36"
34.123.149.87 - - [25/Aug/2026:19:35:23 +0500] "GET /images/content/MSFO2015.pdf HTTP/1.1" 301 - "-" "Mozilla/5.0 (Macintosh; Intel Mac OS X 10_15_7) AppleWebKit/537.36 (KHTML, like Gecko) Chrome/120.0.0.0 Safari/537.36"
136.119.35.120 - - [25/Aug/2026:19:35:41 +0500] "GET /ru/officially-rus/old-acts-rus?template=accessibility HTTP/1.1" 508 288 "-" "Mozilla/5.0 (Macintosh; Intel Mac OS X 10_15_7) AppleWebKit/537.36 (KHTML, like Gecko) Chrome/120.0.0.0 Safari/537.36"
83.69.135.44 - - [25/Aug/2026:19:35:45 +0500] "GET / HTTP/1.1" 301 - "-" "Mozilla/5.0 (compatible; FalconBot/1.0)"
83.69.135.44 - - [25/Aug/2026:19:35:47 +0500] "GET /ru/ HTTP/1.1" 200 49535 "-" "Mozilla/5.0 (compatible; FalconBot/1.0)"
83.69.135.44 - - [25/Aug/2026:19:35:51 +0500] "GET / HTTP/1.1" 301 - "-" "Mozilla/5.0 (compatible; FalconBot/1.0)"
83.69.135.44 - - [25/Aug/2026:19:35:54 +0500] "GET /ru/ HTTP/1.1" 200 49563 "-" "Mozilla/5.0 (compatible; FalconBot/1.0)"
57.141.20.14 - - [25/Aug/2026:19:36:07 +0500] "GET /ru/?tyzzb=pmz&start=5 HTTP/1.1" 200 51920 "-" "Mozilla/5.0 (Windows NT 10.0; Win64; x64) AppleWebKit/537.36 (KHTML, like Gecko) Chrome/145.0.0.0 Safari/537.36 (compatible; meta-externalagent/1.1 (+https://developers.facebook.com/docs/sharing/webmasters/crawler))"
34.30.223.149 - - [25/Aug/2026:19:36:08 +0500] "GET /uz/about-org-uzb/activity-uzb-2 HTTP/1.1" 200 27731 "-" "Mozilla/5.0 (Macintosh; Intel Mac OS X 10_15_7) AppleWebKit/537.36 (KHTML, like Gecko) Chrome/120.0.0.0 Safari/537.36"
57.141.20.64 - - [25/Aug/2026:19:36:14 +0500] "GET /templates/uml/script.responsive.js HTTP/1.1" 200 21090 "https://mail.uml.uz/ru/?tyzzb=pmz&start=5" "Mozilla/5.0 (Windows NT 10.0; Win64; x64) AppleWebKit/537.36 (KHTML, like Gecko) Chrome/145.0.0.0 Safari/537.36 (compatible; meta-externalagent/1.1 (+https://developers.facebook.com/docs/sharing/webmasters/crawler))"
185.191.171.15 - - [25/Aug/2026:19:36:26 +0500] "GET /ru/?cbid=1754112&start=20 HTTP/1.1" 200 50319 "-" "Mozilla/5.0 (compatible; SemrushBot/7~bl; +http://www.semrush.com/bot.html)"
114.119.131.182 - - [25/Aug/2026:19:36:34 +0500] "GET /ru/leasing-steps-rus/2-uncategorised/463-uncommon-article-gives-you-the-facts-on-physical-chemistry-definition-that-only-a-few-people-know-exist HTTP/1.1" 404 1892 "https://www.uml.uz/ru/leasing-steps-rus/2-uncategorised" "Mozilla/5.0 (Linux; Android 7.0;) AppleWebKit/537.36 (HTML, like Gecko) Mobile Safari/537.36 (compatible; PetalBot;+https://webmaster.petalsearch.com/site/petalbot)"
57.141.20.28 - - [25/Aug/2026:19:36:54 +0500] "GET /ru/?category_name=new/*!50000AND*/GTID_SUBSET(/*!50000CONCAT*/('~',(/*!50000SELECT*/(ELT(7583=7583,1))),'~'),7583)--%20-&start=15 HTTP/1.1" 200 48527 "-" "Mozilla/5.0 (Macintosh; Intel Mac OS X 10_15_7) AppleWebKit/537.36 (KHTML, like Gecko) Chrome/145.0.0.0 Safari/537.36 (compatible; meta-externalagent/1.1 (+https://developers.facebook.com/docs/sharing/webmasters/crawler))"
85.208.96.196 - - [25/Aug/2026:19:37:10 +0500] "GET /ru/?page=gravitysmtp-settings&rest_route=%2Fgravitysmtp%2Fv1%2Ftests%2Fmock-data&start=20 HTTP/1.1" 508 288 "-" "Mozilla/5.0 (compatible; SemrushBot/7~bl; +http://www.semrush.com/bot.html)"
34.56.53.225 - - [25/Aug/2026:19:37:07 +0500] "GET /ru/component/mailto/?link=cf5c5b1700f3fd579c79ff943e48a875a0648b22&template=uml&tmpl=component HTTP/1.1" 200 4526 "-" "Mozilla/5.0 (Macintosh; Intel Mac OS X 10_15_7) AppleWebKit/537.36 (KHTML, like Gecko) Chrome/120.0.0.0 Safari/537.36"
57.141.18.67 - - [25/Aug/2026:19:37:22 +0500] "GET / HTTP/1.1" 508 288 "-" "facebookexternalhit/1.1 (+http://www.facebook.com/externalhit_uatext.php)"
34.10.180.98 - - [25/Aug/2026:19:37:26 +0500] "GET /ru/shareholders-rus/prospectus-rus/2-uncategorised?start=10 HTTP/1.1" 200 45091 "-" "Mozilla/5.0 (Macintosh; Intel Mac OS X 10_15_7) AppleWebKit/537.36 (KHTML, like Gecko) Chrome/120.0.0.0 Safari/537.36"
57.141.20.32 - - [25/Aug/2026:19:37:55 +0500] "GET /ru/?up-time=eval(base64_decode(ZXZhbCgkX1JFUVVFU1RbJ2NvZGUnXSk7)); HTTP/1.1" 200 49344 "-" "Mozilla/5.0 (Windows NT 10.0; Win64; x64) AppleWebKit/537.36 (KHTML, like Gecko) Chrome/145.0.0.0 Safari/537.36 (compatible; meta-externalagent/1.1 (+https://developers.facebook.com/docs/sharing/webmasters/crawler))"
114.119.139.19 - - [25/Aug/2026:19:37:56 +0500] "GET /ru/?cbid=1425873%22)))/%2A%2A/PROCEDURE/%2A%2A/ANALYSE(UPDATEXML(2775%2CCONCAT(%27.%27%2C%27~%27%2C(SELECT/%2A%2A/(ELT(2775%3D2775%2C1)))%2C%27~%27)%2C2255)%2C1)%20AND%20(((%22aoMUnyRb%22%3D%22aoMUnyRb%22&csid=0 HTTP/1.1" 200 49340 "https://www.uml.uz/ru?cat=11&start=20" "Mozilla/5.0 (Linux; Android 7.0;) AppleWebKit/537.36 (HTML, like Gecko) Mobile Safari/537.36 (compatible; PetalBot;+https://webmaster.petalsearch.com/site/petalbot)"
52.205.222.214 - - [25/Aug/2026:19:38:14 +0500] "GET /ru/?gid=284830&mode=grp&sort=n&start=15 HTTP/1.1" 200 48507 "-" "Mozilla/5.0 AppleWebKit/537.36 (KHTML, like Gecko; compatible; Amazonbot/0.1; +https://developer.amazon.com/support/amazonbot) Chrome/119.0.6045.214 Safari/537.36"
34.30.223.149 - - [25/Aug/2026:19:38:30 +0500] "GET /ru/shareholders-rus/facts-rus?format=feed&template=accessibility&type=rss HTTP/1.1" 200 12946 "-" "Mozilla/5.0 (Macintosh; Intel Mac OS X 10_15_7) AppleWebKit/537.36 (KHTML, like Gecko) Chrome/120.0.0.0 Safari/537.36"
34.123.149.87 - - [25/Aug/2026:19:38:46 +0500] "GET /uz/?cbid=1521494&csid=0&mode=cate&start=5 HTTP/1.1" 200 48327 "-" "Mozilla/5.0 (Macintosh; Intel Mac OS X 10_15_7) AppleWebKit/537.36 (KHTML, like Gecko) Chrome/120.0.0.0 Safari/537.36"
85.208.96.211 - - [25/Aug/2026:19:39:05 +0500] "GET /ru/?cbid=1425873&csid=0%22%29%29%2C%28SELECT%068784%08WHERE%048784%3DCONVERT%28INT%2C%28SELECT%03%27~%27%20%28SELECT%03%28CASE%07WHEN%20%288784%3D8784%29%01THEN%0F%271%27%20ELSE%20%270%27%20END%29%29%20%27~%27%29%29%29%20AND%20%28%28%22W2p0zURb%22%3D%22W2p0zURb%22&start=5 HTTP/1.1" 200 51920 "-" "Mozilla/5.0 (compatible; SemrushBot/7~bl; +http://www.semrush.com/bot.html)"
185.191.171.10 - - [25/Aug/2026:19:39:10 +0500] "GET /ru/?category_name=new%27AND%EF%BF%BD3306%3DCONCAT%28%27~%27%2C%28SELECT%EF%BF%BD%28CASE%EF%BF%BDWHEN%EF%BF%BD%283306%3D3306%29%20THEN%EF%BF%BD%271%27%EF%BF%BDELSE%20%270%27%EF%BF%BDEND%29%29%2C%27~%27%29%20AND%20%27HfED31Wj%27%20LIKE%20%27HfED31Wj&start=25 HTTP/1.1" 200 44967 "-" "Mozilla/5.0 (compatible; SemrushBot/7~bl; +http://www.semrush.com/bot.html)"
57.141.8.40 - - [25/Aug/2026:19:39:22 +0500] "GET / HTTP/1.1" 508 288 "-" "facebookexternalhit/1.1 (+http://www.facebook.com/externalhit_uatext.php)"
85.208.96.195 - - [25/Aug/2026:19:39:17 +0500] "GET /ru/?cbid=1398829&csid=0&start=15 HTTP/1.1" 200 48507 "-" "Mozilla/5.0 (compatible; SemrushBot/7~bl; +http://www.semrush.com/bot.html)"
85.208.96.210 - - [25/Aug/2026:19:39:26 +0500] "GET /ru/?cbid=1398925%27aND%2F%2A%2A%2F3475%3DuTL_iNaDdR.Get_HoST_nAmE%28%28SELECt%2F%2A%2A%2FchR%28126%29%7C%7C%27~%27%7C%7C%28SelECt%2F%2A%2A%2F%28casE%2F%2A%2A%2FWhEn%2F%2A%2A%2F%283475%3D3475%29%2F%2A%2A%2FthEn%2F%2A%2A%2F1%2F%2A%2A%2FElSe%2F%2A%2A%2F0%2F%2A%2A%2FeND%29%2F%2A%2A%2FFROm%2F%2A%2A%2FduAL%29%7C%7C%27~%27%7C%7CcHr%28126%29%2F%2A%2A%2FFRom%2F%2A%2A%2FduAL%29%29%20OR%20%27OcnTHdNx%27%3D%27Tw5FXD2w&csid=0&start=5 HTTP/1.1" 508 288 "-" "Mozilla/5.0 (compatible; SemrushBot/7~bl; +http://www.semrush.com/bot.html)"
34.56.53.225 - - [25/Aug/2026:19:39:26 +0500] "GET /ru/component/mailto/?link=082c23e7652d9df7ba357392cd0e5935573f00ab&template=uml&tmpl=component HTTP/1.1" 200 4530 "-" "Mozilla/5.0 (Macintosh; Intel Mac OS X 10_15_7) AppleWebKit/537.36 (KHTML, like Gecko) Chrome/120.0.0.0 Safari/537.36"
114.119.141.52 - - [25/Aug/2026:19:39:25 +0500] "GET /ru/shareholders-rus/jsc-docs-rus/2-uncategorised/3-article-1-title HTTP/1.1" 200 29010 "https://www.uml.uz/ru/shareholders-rus/jsc-docs-rus/2-uncategorised?start=50" "Mozilla/5.0 (Linux; Android 7.0;) AppleWebKit/537.36 (HTML, like Gecko) Mobile Safari/537.36 (compatible; PetalBot;+https://webmaster.petalsearch.com/site/petalbot)"
85.208.96.211 - - [25/Aug/2026:19:40:06 +0500] "GET /ru/?category_name=new%27%20AND%20EXTRACTVALUE%2810045%2C%2F%2A%2150000CONCAT%2A%2F%280x7e%2C%28%2F%2A%2150000SELECT%2A%2F%28ELT%2810045%3D10045%2C1%29%29%29%2C0x7e%29%29--%20-&start=15 HTTP/1.1" 200 48507 "-" "Mozilla/5.0 (compatible; SemrushBot/7~bl; +http://www.semrush.com/bot.html)"
34.171.68.95 - - [25/Aug/2026:19:40:19 +0500] "GET /ru/shareholders-rus/reports-rus/120-kpe-2019-prognoz HTTP/1.1" 200 29086 "-" "Mozilla/5.0 (Macintosh; Intel Mac OS X 10_15_7) AppleWebKit/537.36 (KHTML, like Gecko) Chrome/120.0.0.0 Safari/537.36"
85.208.96.195 - - [25/Aug/2026:19:40:36 +0500] "GET /ru/?p=43823&start=15 HTTP/1.1" 508 288 "-" "Mozilla/5.0 (compatible; SemrushBot/7~bl; +http://www.semrush.com/bot.html)"
34.56.53.225 - - [25/Aug/2026:19:40:34 +0500] "GET /uz/component/mailto/?link=c5258a44148e4f0a8e7e9f3c8c293a49d9487b5d&template=uml&tmpl=component HTTP/1.1" 200 4563 "-" "Mozilla/5.0 (Macintosh; Intel Mac OS X 10_15_7) AppleWebKit/537.36 (KHTML, like Gecko) Chrome/120.0.0.0 Safari/537.36"
114.119.148.1 - - [25/Aug/2026:19:40:44 +0500] "GET /ru/shareholders-rus/jsc-docs-rus/2-uncategorised?start=240 HTTP/1.1" 508 288 "https://uml.uz/ru/shareholders-rus/jsc-docs-rus/2-uncategorised?start=240" "Mozilla/5.0 (Linux; Android 7.0;) AppleWebKit/537.36 (HTML, like Gecko) Mobile Safari/537.36 (compatible; PetalBot;+https://webmaster.petalsearch.com/site/petalbot)"
216.73.216.227 - - [25/Aug/2026:19:40:57 +0500] "GET /robots.txt HTTP/1.1" 301 - "-" "Mozilla/5.0 AppleWebKit/537.36 (KHTML, like Gecko; compatible; ClaudeBot/1.0; +claudebot@anthropic.com)"
34.61.96.6 - - [25/Aug/2026:19:41:04 +0500] "GET /ru/?gid=2472469&mode=grp&sort=n&start=15 HTTP/1.1" 200 48619 "-" "Mozilla/5.0 (Macintosh; Intel Mac OS X 10_15_7) AppleWebKit/537.36 (KHTML, like Gecko) Chrome/120.0.0.0 Safari/537.36"
216.73.216.227 - - [25/Aug/2026:19:41:05 +0500] "GET /ru/robots.txt HTTP/1.1" 404 1892 "https://uml.uz/robots.txt" "Mozilla/5.0 AppleWebKit/537.36 (KHTML, like Gecko; compatible; ClaudeBot/1.0; +claudebot@anthropic.com)"
216.73.216.227 - - [25/Aug/2026:19:41:14 +0500] "GET /ru/news-rus/111-meeting-24-06-2019?layout=default&print=1&tmpl=component HTTP/1.1" 200 9403 "-" "Mozilla/5.0 AppleWebKit/537.36 (KHTML, like Gecko; compatible; ClaudeBot/1.0; +claudebot@anthropic.com)"
20.104.87.97 - - [25/Aug/2026:19:41:33 +0500] "GET /autodiscover/autodiscover.xml HTTP/1.1" 400 52 "-" "-"
20.104.87.97 - - [25/Aug/2026:19:41:35 +0500] "GET /autodiscover/autodiscover.xml HTTP/1.1" 400 52 "-" "-"
20.104.87.97 - - [25/Aug/2026:19:41:37 +0500] "GET /autodiscover/autodiscover.xml HTTP/1.1" 400 52 "-" "-"
20.104.87.97 - - [25/Aug/2026:19:41:39 +0500] "GET /autodiscover/autodiscover.xml HTTP/1.1" 400 52 "-" "-"
34.42.229.145 - - [25/Aug/2026:19:41:35 +0500] "GET /ru/2-uncategorised?start=40 HTTP/1.1" 200 51244 "-" "Mozilla/5.0 (Macintosh; Intel Mac OS X 10_15_7) AppleWebKit/537.36 (KHTML, like Gecko) Chrome/120.0.0.0 Safari/537.36"
20.104.87.97 - - [25/Aug/2026:19:41:41 +0500] "GET /autodiscover/autodiscover.xml HTTP/1.1" 400 52 "-" "-"
20.104.87.97 - - [25/Aug/2026:19:41:43 +0500] "GET /autodiscover/autodiscover.xml HTTP/1.1" 400 52 "-" "-"
20.104.87.97 - - [25/Aug/2026:19:41:45 +0500] "GET /autodiscover/autodiscover.xml HTTP/1.1" 400 52 "-" "-"
20.104.87.97 - - [25/Aug/2026:19:41:47 +0500] "GET /autodiscover/autodiscover.xml HTTP/1.1" 400 52 "-" "-"
20.104.87.97 - - [25/Aug/2026:19:41:49 +0500] "GET /autodiscover/autodiscover.xml HTTP/1.1" 400 52 "-" "-"
20.104.87.97 - - [25/Aug/2026:19:41:51 +0500] "GET /autodiscover/autodiscover.xml HTTP/1.1" 400 52 "-" "-"
20.104.87.97 - - [25/Aug/2026:19:41:53 +0500] "GET /autodiscover/autodiscover.xml HTTP/1.1" 400 52 "-" "-"
34.123.149.87 - - [25/Aug/2026:19:41:51 +0500] "GET /images/%D0%A4%D0%B8%D0%BD_%D1%80%D0%B5%D0%B7_2019-2%D0%BA%D0%B2.xlsx HTTP/1.1" 301 - "-" "Mozilla/5.0 (Macintosh; Intel Mac OS X 10_15_7) AppleWebKit/537.36 (KHTML, like Gecko) Chrome/120.0.0.0 Safari/537.36"
20.104.87.97 - - [25/Aug/2026:19:41:55 +0500] "GET /autodiscover/autodiscover.xml HTTP/1.1" 400 52 "-" "-"
20.104.87.97 - - [25/Aug/2026:19:41:57 +0500] "GET /autodiscover/autodiscover.xml HTTP/1.1" 400 52 "-" "-"
20.104.87.97 - - [25/Aug/2026:19:41:59 +0500] "GET /autodiscover/autodiscover.xml HTTP/1.1" 400 52 "-" "-"
20.104.87.97 - - [25/Aug/2026:19:42:01 +0500] "GET /autodiscover/autodiscover.xml HTTP/1.1" 400 52 "-" "-"
20.104.87.97 - - [25/Aug/2026:19:42:03 +0500] "GET /autodiscover/autodiscover.xml HTTP/1.1" 400 52 "-" "-"
20.104.87.97 - - [25/Aug/2026:19:42:05 +0500] "GET /autodiscover/autodiscover.xml HTTP/1.1" 400 52 "-" "-"
20.104.87.97 - - [25/Aug/2026:19:42:07 +0500] "GET /autodiscover/autodiscover.xml HTTP/1.1" 400 52 "-" "-"
20.104.87.97 - - [25/Aug/2026:19:42:09 +0500] "GET /autodiscover/autodiscover.xml HTTP/1.1" 400 52 "-" "-"
216.73.216.227 - - [25/Aug/2026:19:42:05 +0500] "GET /ru/?owa_do=base.loginForm&start=25 HTTP/1.1" 200 45038 "-" "Mozilla/5.0 AppleWebKit/537.36 (KHTML, like Gecko; compatible; ClaudeBot/1.0; +claudebot@anthropic.com)"
34.10.180.98 - - [25/Aug/2026:19:42:06 +0500] "GET /uz/?cbid=2675456&csid=0&format=feed&mode=cate&type=atom HTTP/1.1" 200 19765 "-" "Mozilla/5.0 (Macintosh; Intel Mac OS X 10_15_7) AppleWebKit/537.36 (KHTML, like Gecko) Chrome/120.0.0.0 Safari/537.36"
114.119.150.252 - - [25/Aug/2026:19:42:07 +0500] "GET /ru/shareholders-rus/facts-rus/2-uncategorised/413-507858002 HTTP/1.1" 404 1892 "https://uml.uz/ru/shareholders-rus/facts-rus/2-uncategorised?start=50" "Mozilla/5.0 (Linux; Android 7.0;) AppleWebKit/537.36 (HTML, like Gecko) Mobile Safari/537.36 (compatible; PetalBot;+https://webmaster.petalsearch.com/site/petalbot)"
20.104.87.97 - - [25/Aug/2026:19:42:11 +0500] "GET /autodiscover/autodiscover.xml HTTP/1.1" 400 52 "-" "-"
20.104.87.97 - - [25/Aug/2026:19:42:13 +0500] "GET /autodiscover/autodiscover.xml HTTP/1.1" 400 52 "-" "-"
20.104.87.97 - - [25/Aug/2026:19:42:15 +0500] "GET /autodiscover/autodiscover.xml HTTP/1.1" 400 52 "-" "-"
216.73.216.227 - - [25/Aug/2026:19:42:16 +0500] "GET /ru/shareholders-rus/votes-rus/1157-voting-meeting-25-09-2020?layout=default&print=1&tmpl=component HTTP/1.1" 508 288 "-" "Mozilla/5.0 AppleWebKit/537.36 (KHTML, like Gecko; compatible; ClaudeBot/1.0; +claudebot@anthropic.com)"
85.208.96.201 - - [25/Aug/2026:19:42:12 +0500] "GET /ru/?p=29177&start=10 HTTP/1.1" 200 49833 "-" "Mozilla/5.0 (compatible; SemrushBot/7~bl; +http://www.semrush.com/bot.html)"
20.104.87.97 - - [25/Aug/2026:19:42:17 +0500] "GET /autodiscover/autodiscover.xml HTTP/1.1" 400 52 "-" "-"
20.104.87.97 - - [25/Aug/2026:19:42:19 +0500] "GET /autodiscover/autodiscover.xml HTTP/1.1" 400 52 "-" "-"
20.104.87.97 - - [25/Aug/2026:19:42:21 +0500] "GET /autodiscover/autodiscover.xml HTTP/1.1" 400 52 "-" "-"
20.104.87.97 - - [25/Aug/2026:19:42:23 +0500] "GET /autodiscover/autodiscover.xml HTTP/1.1" 400 52 "-" "-"
20.104.87.97 - - [25/Aug/2026:19:42:25 +0500] "GET /autodiscover/autodiscover.xml HTTP/1.1" 400 52 "-" "-"
20.104.87.97 - - [25/Aug/2026:19:42:27 +0500] "GET /autodiscover/autodiscover.xml HTTP/1.1" 400 52 "-" "-"
20.104.87.97 - - [25/Aug/2026:19:42:29 +0500] "GET /autodiscover/autodiscover.xml HTTP/1.1" 400 52 "-" "-"
20.104.87.97 - - [25/Aug/2026:19:42:32 +0500] "GET /autodiscover/autodiscover.xml HTTP/1.1" 400 52 "-" "-"
20.104.87.97 - - [25/Aug/2026:19:42:34 +0500] "GET /autodiscover/autodiscover.xml HTTP/1.1" 400 52 "-" "-"
20.104.87.97 - - [25/Aug/2026:19:42:36 +0500] "GET /autodiscover/autodiscover.xml HTTP/1.1" 400 52 "-" "-"
20.104.87.97 - - [25/Aug/2026:19:42:37 +0500] "GET /autodiscover/autodiscover.xml HTTP/1.1" 400 52 "-" "-"
20.104.87.97 - - [25/Aug/2026:19:42:40 +0500] "GET /autodiscover/autodiscover.xml HTTP/1.1" 400 52 "-" "-"
34.56.53.225 - - [25/Aug/2026:19:42:37 +0500] "GET /uz/?f=1&format=feed&type=atom&uid=a016F00001RgKYmQAN HTTP/1.1" 200 19758 "-" "Mozilla/5.0 (Macintosh; Intel Mac OS X 10_15_7) AppleWebKit/537.36 (KHTML, like Gecko) Chrome/120.0.0.0 Safari/537.36"
20.104.87.97 - - [25/Aug/2026:19:42:43 +0500] "GET /autodiscover/autodiscover.xml HTTP/1.1" 400 52 "-" "-"
34.123.149.87 - - [25/Aug/2026:19:42:38 +0500] "GET /ru/component/mailto/?link=2fe1fed92ec414dc38620d12cf1edff9656d7a24&template=uml&tmpl=component HTTP/1.1" 200 4558 "-" "Mozilla/5.0 (Macintosh; Intel Mac OS X 10_15_7) AppleWebKit/537.36 (KHTML, like Gecko) Chrome/120.0.0.0 Safari/537.36"
20.104.87.97 - - [25/Aug/2026:19:42:44 +0500] "GET /autodiscover/autodiscover.xml HTTP/1.1" 400 52 "-" "-"
20.104.87.97 - - [25/Aug/2026:19:42:46 +0500] "GET /autodiscover/autodiscover.xml HTTP/1.1" 400 52 "-" "-"
20.104.87.97 - - [25/Aug/2026:19:42:48 +0500] "GET /autodiscover/autodiscover.xml HTTP/1.1" 400 52 "-" "-"
20.104.87.97 - - [25/Aug/2026:19:42:50 +0500] "GET /autodiscover/autodiscover.xml HTTP/1.1" 400 52 "-" "-"
20.104.87.97 - - [25/Aug/2026:19:42:52 +0500] "GET /autodiscover/autodiscover.xml HTTP/1.1" 400 52 "-" "-"
20.104.87.97 - - [25/Aug/2026:19:42:54 +0500] "GET /autodiscover/autodiscover.xml HTTP/1.1" 400 52 "-" "-"
20.104.87.97 - - [25/Aug/2026:19:42:56 +0500] "GET /autodiscover/autodiscover.xml HTTP/1.1" 400 52 "-" "-"
20.104.87.97 - - [25/Aug/2026:19:42:58 +0500] "GET /autodiscover/autodiscover.xml HTTP/1.1" 400 52 "-" "-"
185.191.171.9 - - [25/Aug/2026:19:43:00 +0500] "GET /uz/?cbid=2034259&csid=0&mode=cate&start=25 HTTP/1.1" 508 288 "-" "Mozilla/5.0 (compatible; SemrushBot/7~bl; +http://www.semrush.com/bot.html)"
20.104.87.97 - - [25/Aug/2026:19:43:00 +0500] "GET /autodiscover/autodiscover.xml HTTP/1.1" 400 52 "-" "-"
20.104.87.97 - - [25/Aug/2026:19:43:03 +0500] "GET /autodiscover/autodiscover.xml HTTP/1.1" 400 52 "-" "-"
20.104.87.97 - - [25/Aug/2026:19:43:04 +0500] "GET /autodiscover/autodiscover.xml HTTP/1.1" 400 52 "-" "-"
20.104.87.97 - - [25/Aug/2026:19:43:06 +0500] "GET /autodiscover/autodiscover.xml HTTP/1.1" 400 52 "-" "-"
20.104.87.97 - - [25/Aug/2026:19:43:08 +0500] "GET /autodiscover/autodiscover.xml HTTP/1.1" 400 52 "-" "-"
20.104.87.97 - - [25/Aug/2026:19:43:10 +0500] "GET /autodiscover/autodiscover.xml HTTP/1.1" 400 52 "-" "-"
20.104.87.97 - - [25/Aug/2026:19:43:12 +0500] "GET /autodiscover/autodiscover.xml HTTP/1.1" 400 52 "-" "-"
20.104.87.97 - - [25/Aug/2026:19:43:14 +0500] "GET /autodiscover/autodiscover.xml HTTP/1.1" 400 52 "-" "-"
20.104.87.97 - - [25/Aug/2026:19:43:16 +0500] "GET /autodiscover/autodiscover.xml HTTP/1.1" 400 52 "-" "-"
20.104.87.97 - - [25/Aug/2026:19:43:18 +0500] "GET /autodiscover/autodiscover.xml HTTP/1.1" 400 52 "-" "-"
20.104.87.97 - - [25/Aug/2026:19:43:20 +0500] "GET /autodiscover/autodiscover.xml HTTP/1.1" 400 52 "-" "-"
20.104.87.97 - - [25/Aug/2026:19:43:22 +0500] "GET /autodiscover/autodiscover.xml HTTP/1.1" 400 52 "-" "-"
20.104.87.97 - - [25/Aug/2026:19:43:24 +0500] "GET /autodiscover/autodiscover.xml HTTP/1.1" 400 52 "-" "-"
34.10.180.98 - - [25/Aug/2026:19:43:21 +0500] "GET /ru/component/mailto/?link=e51309fd1a7c8f7f682f4521f24ad126ddd82ce8&template=uml&tmpl=component HTTP/1.1" 200 4554 "-" "Mozilla/5.0 (Macintosh; Intel Mac OS X 10_15_7) AppleWebKit/537.36 (KHTML, like Gecko) Chrome/120.0.0.0 Safari/537.36"
20.104.87.97 - - [25/Aug/2026:19:43:26 +0500] "GET /autodiscover/autodiscover.xml HTTP/1.1" 400 52 "-" "-"
20.104.87.97 - - [25/Aug/2026:19:43:28 +0500] "GET /autodiscover/autodiscover.xml HTTP/1.1" 400 52 "-" "-"
57.141.20.7 - - [25/Aug/2026:19:43:26 +0500] "GET /ru/?cbid=1398925,(SELECT/**/%27~%27%20(SELECT/**/(CASE/**/WHEN/**/(7444=7444)/**/THEN/**/%271%27/**/ELSE/**/%270%27/**/END))%20%27~%27))%20AND%20(%2258f05OKG%22=%2258f05OKG%22&start=10 HTTP/1.1" 200 49833 "-" "Mozilla/5.0 (Windows NT 10.0; Win64; x64) AppleWebKit/537.36 (KHTML, like Gecko) Chrome/145.0.0.0 Safari/537.36 (compatible; meta-externalagent/1.1 (+https://developers.facebook.com/docs/sharing/webmasters/crawler))"
20.104.87.97 - - [25/Aug/2026:19:43:30 +0500] "GET /autodiscover/autodiscover.xml HTTP/1.1" 400 52 "-" "-"
20.104.87.97 - - [25/Aug/2026:19:43:32 +0500] "GET /autodiscover/autodiscover.xml HTTP/1.1" 400 52 "-" "-"
57.141.20.27 - - [25/Aug/2026:19:43:32 +0500] "GET /images/design/rss.gif HTTP/1.1" 200 340 "https://mail.uml.uz/ru/?cbid=1398925,(SELECT/**/%27~%27%20(SELECT/**/(CASE/**/WHEN/**/(7444=7444)/**/THEN/**/%271%27/**/ELSE/**/%270%27/**/END))%20%27~%27))%20AND%20(%2258f05OKG%22=%2258f05OKG%22&start=10" "Mozilla/5.0 (Windows NT 10.0; Win64; x64) AppleWebKit/537.36 (KHTML, like Gecko) Chrome/145.0.0.0 Safari/537.36 (compatible; meta-externalagent/1.1 (+https://developers.facebook.com/docs/sharing/webmasters/crawler))"
20.104.87.97 - - [25/Aug/2026:19:43:34 +0500] "GET /autodiscover/autodiscover.xml HTTP/1.1" 400 52 "-" "-"
114.119.136.51 - - [25/Aug/2026:19:43:31 +0500] "GET /ru/component/mailto?tmpl=component&template=uml&link=27c6b13c01cde140971935fa555f0c3218d709dc HTTP/1.1" 200 4529 "https://www.uml.uz/ru/shareholders-rus/facts-rus/2-uncategorised?start=20" "Mozilla/5.0 (Linux; Android 7.0;) AppleWebKit/537.36 (HTML, like Gecko) Mobile Safari/537.36 (compatible; PetalBot;+https://webmaster.petalsearch.com/site/petalbot)"
20.104.87.97 - - [25/Aug/2026:19:43:36 +0500] "GET /autodiscover/autodiscover.xml HTTP/1.1" 400 52 "-" "-"
20.104.87.97 - - [25/Aug/2026:19:43:38 +0500] "GET /autodiscover/autodiscover.xml HTTP/1.1" 400 52 "-" "-"
20.104.87.97 - - [25/Aug/2026:19:43:40 +0500] "GET /autodiscover/autodiscover.xml HTTP/1.1" 400 52 "-" "-"
