123.25.63.130 - - [25/Aug/2026:23:28:54 +0500] "GET //for.php HTTP/1.1" 508 288 "-" "Mozilla/5.0 (Windows NT 10.0; Win64; x64) Chrome/120.0 Safari/537.36"
123.25.63.130 - - [25/Aug/2026:23:28:58 +0500] "GET //php8.php HTTP/1.1" 301 - "-" "Mozilla/5.0 (Windows NT 10.0; Win64; x64) Chrome/120.0 Safari/537.36"
69.191.249.217 - - [25/Aug/2026:23:28:57 +0500] "GET /ru/shareholders-rus/reports-rus HTTP/1.1" 200 38139 "-" "Mozilla/5.0 (Windows NT 10.0; Win64; x64) AppleWebKit/537.36 (KHTML, like Gecko) Chrome/131.0.0.0 Safari/537.36"
69.191.211.210 - - [25/Aug/2026:23:29:04 +0500] "GET /ru/shareholders-rus/reports-rus/1230-balans-9-2025 HTTP/1.1" 508 288 "-" "Mozilla/5.0 (Windows NT 10.0; Win64; x64) AppleWebKit/537.36 (KHTML, like Gecko) Chrome/131.0.0.0 Safari/537.36"
69.191.249.210 - - [25/Aug/2026:23:29:04 +0500] "GET /ru/shareholders-rus/reports-rus/1238-balans-2025 HTTP/1.1" 508 288 "-" "Mozilla/5.0 (Windows NT 10.0; Win64; x64) AppleWebKit/537.36 (KHTML, like Gecko) Chrome/131.0.0.0 Safari/537.36"
69.191.211.219 - - [25/Aug/2026:23:29:04 +0500] "GET /ru/shareholders-rus/reports-rus/1234-balans-12-2026 HTTP/1.1" 508 288 "-" "Mozilla/5.0 (Windows NT 10.0; Win64; x64) AppleWebKit/537.36 (KHTML, like Gecko) Chrome/131.0.0.0 Safari/537.36"
69.191.211.207 - - [25/Aug/2026:23:29:04 +0500] "GET /ru/shareholders-rus/reports-rus/1228-balans-6-2025 HTTP/1.1" 508 288 "-" "Mozilla/5.0 (Windows NT 10.0; Win64; x64) AppleWebKit/537.36 (KHTML, like Gecko) Chrome/131.0.0.0 Safari/537.36"
69.191.211.207 - - [25/Aug/2026:23:29:04 +0500] "GET /ru/shareholders-rus/reports-rus/1239-balans-6-2026 HTTP/1.1" 508 288 "-" "Mozilla/5.0 (Windows NT 10.0; Win64; x64) AppleWebKit/537.36 (KHTML, like Gecko) Chrome/131.0.0.0 Safari/537.36"
69.191.249.212 - - [25/Aug/2026:23:29:04 +0500] "GET /ru/shareholders-rus/reports-rus/1221-balans-3-2024 HTTP/1.1" 508 288 "-" "Mozilla/5.0 (Windows NT 10.0; Win64; x64) AppleWebKit/537.36 (KHTML, like Gecko) Chrome/131.0.0.0 Safari/537.36"
69.191.249.213 - - [25/Aug/2026:23:29:04 +0500] "GET /ru/shareholders-rus/reports-rus/1220-balans-2-2024 HTTP/1.1" 508 288 "-" "Mozilla/5.0 (Windows NT 10.0; Win64; x64) AppleWebKit/537.36 (KHTML, like Gecko) Chrome/131.0.0.0 Safari/537.36"
123.25.63.130 - - [25/Aug/2026:23:29:05 +0500] "GET /ru/php8.php HTTP/1.1" 404 1892 "-" "Mozilla/5.0 (Windows NT 10.0; Win64; x64) Chrome/120.0 Safari/537.36"
69.191.249.210 - - [25/Aug/2026:23:29:04 +0500] "GET /ru/shareholders-rus/reports-rus/1233-balans-12-2025 HTTP/1.1" 200 29171 "-" "Mozilla/5.0 (Windows NT 10.0; Win64; x64) AppleWebKit/537.36 (KHTML, like Gecko) Chrome/131.0.0.0 Safari/537.36"
69.191.211.202 - - [25/Aug/2026:23:29:04 +0500] "GET /ru/shareholders-rus/reports-rus/1229-balans-3-2025 HTTP/1.1" 200 29173 "-" "Mozilla/5.0 (Windows NT 10.0; Win64; x64) AppleWebKit/537.36 (KHTML, like Gecko) Chrome/131.0.0.0 Safari/537.36"
69.191.211.212 - - [25/Aug/2026:23:29:04 +0500] "GET /ru/shareholders-rus/reports-rus/1226-balans-2024-ru HTTP/1.1" 200 29185 "-" "Mozilla/5.0 (Windows NT 10.0; Win64; x64) AppleWebKit/537.36 (KHTML, like Gecko) Chrome/131.0.0.0 Safari/537.36"
123.25.63.130 - - [25/Aug/2026:23:29:13 +0500] "GET //plugins/webservices/privacy/index.php HTTP/1.1" 301 - "-" "Mozilla/5.0 (Windows NT 10.0; Win64; x64) Chrome/120.0 Safari/537.36"
123.25.63.130 - - [25/Aug/2026:23:29:17 +0500] "GET /ru/plugins/webservices/privacy/index.php HTTP/1.1" 404 1904 "-" "Mozilla/5.0 (Windows NT 10.0; Win64; x64) Chrome/120.0 Safari/537.36"
123.25.63.130 - - [25/Aug/2026:23:29:23 +0500] "GET //wp-content/OMrMKfSU.php HTTP/1.1" 301 - "-" "Mozilla/5.0 (Windows NT 10.0; Win64; x64) Chrome/120.0 Safari/537.36"
123.25.63.130 - - [25/Aug/2026:23:29:27 +0500] "GET /ru/wp-content/OMrMKfSU.php HTTP/1.1" 404 1904 "-" "Mozilla/5.0 (Windows NT 10.0; Win64; x64) Chrome/120.0 Safari/537.36"
157.55.39.59 - - [25/Aug/2026:23:29:26 +0500] "GET /ru/?car=top_rs_h&start=15 HTTP/1.1" 200 48890 "-" "Mozilla/5.0 AppleWebKit/537.36 (KHTML, like Gecko; compatible; bingbot/2.0; +http://www.bing.com/bingbot.htm) Chrome/116.0.1938.76 Safari/537.36"
123.25.63.130 - - [25/Aug/2026:23:29:36 +0500] "GET //wp-admin/images/sim1.php HTTP/1.1" 301 - "-" "Mozilla/5.0 (Windows NT 10.0; Win64; x64) Chrome/120.0 Safari/537.36"
123.25.63.130 - - [25/Aug/2026:23:29:40 +0500] "GET /ru/wp-admin/images/sim1.php HTTP/1.1" 508 288 "-" "Mozilla/5.0 (Windows NT 10.0; Win64; x64) Chrome/120.0 Safari/537.36"
123.25.63.130 - - [25/Aug/2026:23:29:45 +0500] "GET //wp-includes/blocks/post-author/wp-atom.php HTTP/1.1" 301 - "-" "Mozilla/5.0 (Windows NT 10.0; Win64; x64) Chrome/120.0 Safari/537.36"
64.227.28.174 - - [25/Aug/2026:23:29:50 +0500] "GET /images/news/audit-2.jpg HTTP/1.1" 200 2700 "https://uml.uz/" "Mozilla/5.0 (Windows NT 10.0; Win64; x64) AppleWebKit/537.36 (KHTML, like Gecko) Chrome/106.0.5249.119 Safari/537.36"
165.227.82.129 - - [25/Aug/2026:23:29:52 +0500] "GET /images/news/meeting.png HTTP/1.1" 200 5148 "https://uml.uz/" "Mozilla/5.0 (Windows NT 10.0; Win64; x64) AppleWebKit/537.36 (KHTML, like Gecko) Chrome/106.0.5249.119 Safari/537.36"
85.208.96.195 - - [25/Aug/2026:23:29:46 +0500] "GET /ru/?cbid=1894413&csid=0&start=10 HTTP/1.1" 200 49837 "-" "Mozilla/5.0 (compatible; SemrushBot/7~bl; +http://www.semrush.com/bot.html)"
213.230.79.87 - - [25/Aug/2026:23:29:52 +0500] "GET /images/design/map.jpg HTTP/1.1" 200 82859 "https://yandex.uz/" "Mozilla/5.0 (Linux; arm_64; Android 13; 2201117SG) AppleWebKit/537.36 (KHTML, like Gecko) Chrome/148.0.7778.39 YaSearchBrowser/26.67.1 BroPP/1.0 YaSearchApp/26.67.1 webOmni Mobile Safari/537.36"
123.25.63.130 - - [25/Aug/2026:23:29:50 +0500] "GET /ru/wp-includes/blocks/post-author/wp-atom.php HTTP/1.1" 404 1904 "-" "Mozilla/5.0 (Windows NT 10.0; Win64; x64) Chrome/120.0 Safari/537.36"
123.25.63.130 - - [25/Aug/2026:23:29:57 +0500] "GET //wp-admin/jTweH3qMp7D.php HTTP/1.1" 508 288 "-" "Mozilla/5.0 (Windows NT 10.0; Win64; x64) Chrome/120.0 Safari/537.36"
185.191.171.8 - - [25/Aug/2026:23:29:55 +0500] "GET /uz/?mode=f1 HTTP/1.1" 200 46712 "-" "Mozilla/5.0 (compatible; SemrushBot/7~bl; +http://www.semrush.com/bot.html)"
123.25.63.130 - - [25/Aug/2026:23:30:03 +0500] "GET //vendor/perfect-scrollbar/chosen.php HTTP/1.1" 508 288 "-" "Mozilla/5.0 (Windows NT 10.0; Win64; x64) Chrome/120.0 Safari/537.36"
123.25.63.130 - - [25/Aug/2026:23:30:06 +0500] "GET //wp-includes/block-bindings/MNtFcp6ykG.php HTTP/1.1" 508 288 "-" "Mozilla/5.0 (Windows NT 10.0; Win64; x64) Chrome/120.0 Safari/537.36"
123.25.63.130 - - [25/Aug/2026:23:30:09 +0500] "GET //admin/settings.php HTTP/1.1" 301 - "-" "Mozilla/5.0 (Windows NT 10.0; Win64; x64) Chrome/120.0 Safari/537.36"
123.25.63.130 - - [25/Aug/2026:23:30:14 +0500] "GET /ru/admin/settings.php HTTP/1.1" 508 288 "-" "Mozilla/5.0 (Windows NT 10.0; Win64; x64) Chrome/120.0 Safari/537.36"
123.25.63.130 - - [25/Aug/2026:23:30:17 +0500] "GET //images/vvebmail/chosen.php HTTP/1.1" 508 288 "-" "Mozilla/5.0 (Windows NT 10.0; Win64; x64) Chrome/120.0 Safari/537.36"
123.25.63.130 - - [25/Aug/2026:23:30:23 +0500] "GET //akcc.php HTTP/1.1" 508 288 "-" "Mozilla/5.0 (Windows NT 10.0; Win64; x64) Chrome/120.0 Safari/537.36"
123.25.63.130 - - [25/Aug/2026:23:30:26 +0500] "GET //setup.php HTTP/1.1" 508 288 "-" "Mozilla/5.0 (Windows NT 10.0; Win64; x64) Chrome/120.0 Safari/537.36"
123.25.63.130 - - [25/Aug/2026:23:30:32 +0500] "GET //wp-includes/sitemaps/DAuZExTm6R.php HTTP/1.1" 508 288 "-" "Mozilla/5.0 (Windows NT 10.0; Win64; x64) Chrome/120.0 Safari/537.36"
34.30.223.149 - - [25/Aug/2026:23:30:29 +0500] "GET /images/content/UML_%D0%9F%D1%80%D0%B5%D0%B7%D0%B5%D0%BD%D1%82%D0%B0%D1%86%D0%B8%D1%8F_English.pptx HTTP/1.1" 301 - "-" "Mozilla/5.0 (Macintosh; Intel Mac OS X 10_15_7) AppleWebKit/537.36 (KHTML, like Gecko) Chrome/120.0.0.0 Safari/537.36"
123.25.63.130 - - [25/Aug/2026:23:30:38 +0500] "GET //wp-includes/html-api/alfa-rex.php HTTP/1.1" 508 288 "-" "Mozilla/5.0 (Windows NT 10.0; Win64; x64) Chrome/120.0 Safari/537.36"
185.191.171.19 - - [25/Aug/2026:23:30:35 +0500] "GET /uz/shareholders-uzb/reports-uzb/2-uncategorised/56-testovaya-novost HTTP/1.1" 200 35014 "-" "Mozilla/5.0 (compatible; SemrushBot/7~bl; +http://www.semrush.com/bot.html)"
123.25.63.130 - - [25/Aug/2026:23:30:44 +0500] "GET //laravel/info.php HTTP/1.1" 508 288 "-" "Mozilla/5.0 (Windows NT 10.0; Win64; x64) Chrome/120.0 Safari/537.36"
123.25.63.130 - - [25/Aug/2026:23:30:47 +0500] "GET //wp-admin/txets.php HTTP/1.1" 301 - "-" "Mozilla/5.0 (Windows NT 10.0; Win64; x64) Chrome/120.0 Safari/537.36"
123.25.63.130 - - [25/Aug/2026:23:30:52 +0500] "GET /ru/wp-admin/txets.php HTTP/1.1" 404 1904 "-" "Mozilla/5.0 (Windows NT 10.0; Win64; x64) Chrome/120.0 Safari/537.36"
123.25.63.130 - - [25/Aug/2026:23:31:00 +0500] "GET //wp-content/themes/shapely/assets/css/fontawesome/wp-atom.php HTTP/1.1" 508 288 "-" "Mozilla/5.0 (Windows NT 10.0; Win64; x64) Chrome/120.0 Safari/537.36"
34.30.223.149 - - [25/Aug/2026:23:31:05 +0500] "GET /ru/images/content/%D0%A4%D0%BE%D1%80%D0%BC%D0%B01_2017-2%D0%BA%D0%B2.xlsx HTTP/1.1" 508 288 "-" "Mozilla/5.0 (Macintosh; Intel Mac OS X 10_15_7) AppleWebKit/537.36 (KHTML, like Gecko) Chrome/120.0.0.0 Safari/537.36"
123.25.63.130 - - [25/Aug/2026:23:31:04 +0500] "GET //images/12/rnomd.php HTTP/1.1" 301 - "-" "Mozilla/5.0 (Windows NT 10.0; Win64; x64) Chrome/120.0 Safari/537.36"
123.25.63.130 - - [25/Aug/2026:23:31:09 +0500] "GET /ru/images/12/rnomd.php HTTP/1.1" 508 288 "-" "Mozilla/5.0 (Windows NT 10.0; Win64; x64) Chrome/120.0 Safari/537.36"
123.25.63.130 - - [25/Aug/2026:23:31:11 +0500] "GET //wp-content/upgrade-temp-backup-old/chosen.php HTTP/1.1" 508 288 "-" "Mozilla/5.0 (Windows NT 10.0; Win64; x64) Chrome/120.0 Safari/537.36"
57.141.20.44 - - [25/Aug/2026:23:31:08 +0500] "GET /ru/?author=1&start=25 HTTP/1.1" 200 46003 "-" "Mozilla/5.0 (Windows NT 10.0; Win64; x64) AppleWebKit/537.36 (KHTML, like Gecko) Chrome/145.0.0.0 Safari/537.36 (compatible; meta-externalagent/1.1 (+https://developers.facebook.com/docs/sharing/webmasters/crawler))"
34.171.68.95 - - [25/Aug/2026:23:31:12 +0500] "GET /uz/shareholders-uzb/audit-uzb/1213-audit-2023?print=1&tmpl=component HTTP/1.1" 200 3906 "-" "Mozilla/5.0 (Macintosh; Intel Mac OS X 10_15_7) AppleWebKit/537.36 (KHTML, like Gecko) Chrome/120.0.0.0 Safari/537.36"
123.25.63.130 - - [25/Aug/2026:23:31:14 +0500] "GET ///wp-content/uploads/chosen.php HTTP/1.1" 301 - "-" "Mozilla/5.0 (Windows NT 10.0; Win64; x64) Chrome/120.0 Safari/537.36"
123.25.63.130 - - [25/Aug/2026:23:31:18 +0500] "GET /ru/wp-content/uploads/chosen.php HTTP/1.1" 404 1904 "-" "Mozilla/5.0 (Windows NT 10.0; Win64; x64) Chrome/120.0 Safari/537.36"
123.25.63.130 - - [25/Aug/2026:23:31:29 +0500] "GET //wp-content/bridge-child.bak/chosen.php HTTP/1.1" 508 288 "-" "Mozilla/5.0 (Windows NT 10.0; Win64; x64) Chrome/120.0 Safari/537.36"
123.25.63.130 - - [25/Aug/2026:23:31:31 +0500] "GET //wp-includes/css/dist/edit-site/index.php HTTP/1.1" 508 288 "-" "Mozilla/5.0 (Windows NT 10.0; Win64; x64) Chrome/120.0 Safari/537.36"
34.56.53.225 - - [25/Aug/2026:23:31:41 +0500] "GET /ru/shareholders-rus/votes-rus/2-uncategorised/40-tenders-uzb HTTP/1.1" 508 288 "-" "Mozilla/5.0 (Macintosh; Intel Mac OS X 10_15_7) AppleWebKit/537.36 (KHTML, like Gecko) Chrome/120.0.0.0 Safari/537.36"
123.25.63.130 - - [25/Aug/2026:23:31:37 +0500] "GET //wp-includes/blocks/rezHgDHWA0.php HTTP/1.1" 301 - "-" "Mozilla/5.0 (Windows NT 10.0; Win64; x64) Chrome/120.0 Safari/537.36"
34.123.149.87 - - [25/Aug/2026:23:31:42 +0500] "GET /uz/component/search/?Itemid=163&format=opensearch&template=accessibility HTTP/1.1" 508 288 "-" "Mozilla/5.0 (Macintosh; Intel Mac OS X 10_15_7) AppleWebKit/537.36 (KHTML, like Gecko) Chrome/120.0.0.0 Safari/537.36"
123.25.63.130 - - [25/Aug/2026:23:31:42 +0500] "GET /ru/wp-includes/blocks/rezHgDHWA0.php HTTP/1.1" 508 288 "-" "Mozilla/5.0 (Windows NT 10.0; Win64; x64) Chrome/120.0 Safari/537.36"
123.25.63.130 - - [25/Aug/2026:23:31:44 +0500] "GET //nf/admin.php HTTP/1.1" 301 - "-" "Mozilla/5.0 (Windows NT 10.0; Win64; x64) Chrome/120.0 Safari/537.36"
123.25.63.130 - - [25/Aug/2026:23:31:48 +0500] "GET /ru/nf/admin.php HTTP/1.1" 508 288 "-" "Mozilla/5.0 (Windows NT 10.0; Win64; x64) Chrome/120.0 Safari/537.36"
34.30.223.149 - - [25/Aug/2026:23:31:53 +0500] "GET /uz/component/mailto/?link=ddb76b3ca4c7ebd8c3f04c398a725b67c69bc824&template=uml&tmpl=component HTTP/1.1" 508 288 "-" "Mozilla/5.0 (Macintosh; Intel Mac OS X 10_15_7) AppleWebKit/537.36 (KHTML, like Gecko) Chrome/120.0.0.0 Safari/537.36"
123.25.63.130 - - [25/Aug/2026:23:31:54 +0500] "GET //site1/wp-content/chosen.php HTTP/1.1" 508 288 "-" "Mozilla/5.0 (Windows NT 10.0; Win64; x64) Chrome/120.0 Safari/537.36"
123.25.63.130 - - [25/Aug/2026:23:31:57 +0500] "GET //content/admin.php HTTP/1.1" 508 288 "-" "Mozilla/5.0 (Windows NT 10.0; Win64; x64) Chrome/120.0 Safari/537.36"
123.25.63.130 - - [25/Aug/2026:23:32:03 +0500] "GET //core.php HTTP/1.1" 508 288 "-" "Mozilla/5.0 (Windows NT 10.0; Win64; x64) Chrome/120.0 Safari/537.36"
123.25.63.130 - - [25/Aug/2026:23:32:06 +0500] "GET //yellow.php HTTP/1.1" 508 288 "-" "Mozilla/5.0 (Windows NT 10.0; Win64; x64) Chrome/120.0 Safari/537.36"
123.25.63.130 - - [25/Aug/2026:23:32:09 +0500] "GET ///wp-admin/user/chosen.php HTTP/1.1" 508 288 "-" "Mozilla/5.0 (Windows NT 10.0; Win64; x64) Chrome/120.0 Safari/537.36"
123.25.63.130 - - [25/Aug/2026:23:32:13 +0500] "GET //Jcrop.php HTTP/1.1" 301 - "-" "Mozilla/5.0 (Windows NT 10.0; Win64; x64) Chrome/120.0 Safari/537.36"
123.25.63.130 - - [25/Aug/2026:23:32:17 +0500] "GET /ru/Jcrop.php HTTP/1.1" 404 1892 "-" "Mozilla/5.0 (Windows NT 10.0; Win64; x64) Chrome/120.0 Safari/537.36"
57.141.6.14 - - [25/Aug/2026:23:32:20 +0500] "GET / HTTP/1.1" 301 - "-" "facebookexternalhit/1.1 (+http://www.facebook.com/externalhit_uatext.php)"
123.25.63.130 - - [25/Aug/2026:23:32:24 +0500] "GET //wp-includes/blocks/pattern/index.php HTTP/1.1" 301 - "-" "Mozilla/5.0 (Windows NT 10.0; Win64; x64) Chrome/120.0 Safari/537.36"
123.25.63.130 - - [25/Aug/2026:23:32:29 +0500] "GET /ru/wp-includes/blocks/pattern/index.php HTTP/1.1" 508 288 "-" "Mozilla/5.0 (Windows NT 10.0; Win64; x64) Chrome/120.0 Safari/537.36"
123.25.63.130 - - [25/Aug/2026:23:32:31 +0500] "GET //scripts/admin.php HTTP/1.1" 301 - "-" "Mozilla/5.0 (Windows NT 10.0; Win64; x64) Chrome/120.0 Safari/537.36"
123.25.63.130 - - [25/Aug/2026:23:32:35 +0500] "GET /ru/scripts/admin.php HTTP/1.1" 508 288 "-" "Mozilla/5.0 (Windows NT 10.0; Win64; x64) Chrome/120.0 Safari/537.36"
185.191.171.1 - - [25/Aug/2026:23:32:36 +0500] "GET /ru/?gid=2472504&start=15 HTTP/1.1" 200 48794 "-" "Mozilla/5.0 (compatible; SemrushBot/7~bl; +http://www.semrush.com/bot.html)"
123.25.63.130 - - [25/Aug/2026:23:32:41 +0500] "GET //save-tt/chosen.php HTTP/1.1" 301 - "-" "Mozilla/5.0 (Windows NT 10.0; Win64; x64) Chrome/120.0 Safari/537.36"
34.10.180.98 - - [25/Aug/2026:23:32:45 +0500] "GET /ru/component/mailto/?link=edc3c4fbb5301d2dfd548b93fd3d185b8d1af986&template=uml&tmpl=component HTTP/1.1" 200 4554 "-" "Mozilla/5.0 (Macintosh; Intel Mac OS X 10_15_7) AppleWebKit/537.36 (KHTML, like Gecko) Chrome/120.0.0.0 Safari/537.36"
123.25.63.130 - - [25/Aug/2026:23:32:46 +0500] "GET /ru/save-tt/chosen.php HTTP/1.1" 404 1904 "-" "Mozilla/5.0 (Windows NT 10.0; Win64; x64) Chrome/120.0 Safari/537.36"
123.25.63.130 - - [25/Aug/2026:23:32:54 +0500] "GET //GXV7dGsWgW.php HTTP/1.1" 301 - "-" "Mozilla/5.0 (Windows NT 10.0; Win64; x64) Chrome/120.0 Safari/537.36"
123.25.63.130 - - [25/Aug/2026:23:33:01 +0500] "GET /ru/GXV7dGsWgW.php HTTP/1.1" 508 288 "-" "Mozilla/5.0 (Windows NT 10.0; Win64; x64) Chrome/120.0 Safari/537.36"
123.25.63.130 - - [25/Aug/2026:23:33:06 +0500] "GET //wp-content/uploads/2022/09/qIwdeHaw.php HTTP/1.1" 508 288 "-" "Mozilla/5.0 (Windows NT 10.0; Win64; x64) Chrome/120.0 Safari/537.36"
123.25.63.130 - - [25/Aug/2026:23:33:09 +0500] "GET //work/wp-admin/js/chosen.php HTTP/1.1" 508 288 "-" "Mozilla/5.0 (Windows NT 10.0; Win64; x64) Chrome/120.0 Safari/537.36"
85.208.96.212 - - [25/Aug/2026:23:33:18 +0500] "GET /uz/shareholders-uzb/reports-uzb?template=uml HTTP/1.1" 508 288 "-" "Mozilla/5.0 (compatible; SemrushBot/7~bl; +http://www.semrush.com/bot.html)"
123.25.63.130 - - [25/Aug/2026:23:33:15 +0500] "GET //wp-includes/blocks/post-comments-form/index.php HTTP/1.1" 301 - "-" "Mozilla/5.0 (Windows NT 10.0; Win64; x64) Chrome/120.0 Safari/537.36"
123.25.63.130 - - [25/Aug/2026:23:33:20 +0500] "GET /ru/wp-includes/blocks/post-comments-form/index.php HTTP/1.1" 508 288 "-" "Mozilla/5.0 (Windows NT 10.0; Win64; x64) Chrome/120.0 Safari/537.36"
123.25.63.130 - - [25/Aug/2026:23:33:22 +0500] "GET //wp-includes/block-patterns/about.php HTTP/1.1" 508 288 "-" "Mozilla/5.0 (Windows NT 10.0; Win64; x64) Chrome/120.0 Safari/537.36"
123.25.63.130 - - [25/Aug/2026:23:33:24 +0500] "GET //wp-admin/maint/shell.php HTTP/1.1" 508 288 "-" "Mozilla/5.0 (Windows NT 10.0; Win64; x64) Chrome/120.0 Safari/537.36"
123.25.63.130 - - [25/Aug/2026:23:33:28 +0500] "GET //wp-admin/includes/simpel.php HTTP/1.1" 301 - "-" "Mozilla/5.0 (Windows NT 10.0; Win64; x64) Chrome/120.0 Safari/537.36"
123.25.63.130 - - [25/Aug/2026:23:33:32 +0500] "GET /ru/wp-admin/includes/simpel.php HTTP/1.1" 508 288 "-" "Mozilla/5.0 (Windows NT 10.0; Win64; x64) Chrome/120.0 Safari/537.36"
123.25.63.130 - - [25/Aug/2026:23:33:39 +0500] "GET //wp-content/leafmailer.php HTTP/1.1" 508 288 "-" "Mozilla/5.0 (Windows NT 10.0; Win64; x64) Chrome/120.0 Safari/537.36"
85.208.96.195 - - [25/Aug/2026:23:33:42 +0500] "GET /ru/?cbid=2716527&csid=0&mode=cate&start=10 HTTP/1.1" 508 288 "-" "Mozilla/5.0 (compatible; SemrushBot/7~bl; +http://www.semrush.com/bot.html)"
123.25.63.130 - - [25/Aug/2026:23:33:43 +0500] "GET //IF2C/chosen.php HTTP/1.1" 301 - "-" "Mozilla/5.0 (Windows NT 10.0; Win64; x64) Chrome/120.0 Safari/537.36"
85.208.96.207 - - [25/Aug/2026:23:33:42 +0500] "GET /ru/?gid=2472515&mode=grp&sort=n HTTP/1.1" 200 49464 "-" "Mozilla/5.0 (compatible; SemrushBot/7~bl; +http://www.semrush.com/bot.html)"
123.25.63.130 - - [25/Aug/2026:23:33:48 +0500] "GET /ru/IF2C/chosen.php HTTP/1.1" 404 1904 "-" "Mozilla/5.0 (Windows NT 10.0; Win64; x64) Chrome/120.0 Safari/537.36"
185.191.171.11 - - [25/Aug/2026:23:33:53 +0500] "GET /ru/?cbid=2390732&csid=0&start=15 HTTP/1.1" 508 288 "-" "Mozilla/5.0 (compatible; SemrushBot/7~bl; +http://www.semrush.com/bot.html)"
123.25.63.130 - - [25/Aug/2026:23:33:55 +0500] "GET //wpx.php HTTP/1.1" 508 288 "-" "Mozilla/5.0 (Windows NT 10.0; Win64; x64) Chrome/120.0 Safari/537.36"
123.25.63.130 - - [25/Aug/2026:23:33:58 +0500] "GET //wp-content/et-cache/115682/wp-atom.php HTTP/1.1" 508 288 "-" "Mozilla/5.0 (Windows NT 10.0; Win64; x64) Chrome/120.0 Safari/537.36"
123.25.63.130 - - [25/Aug/2026:23:34:00 +0500] "GET //past1.php HTTP/1.1" 301 - "-" "Mozilla/5.0 (Windows NT 10.0; Win64; x64) Chrome/120.0 Safari/537.36"
123.25.63.130 - - [25/Aug/2026:23:34:04 +0500] "GET /ru/past1.php HTTP/1.1" 508 288 "-" "Mozilla/5.0 (Windows NT 10.0; Win64; x64) Chrome/120.0 Safari/537.36"
123.25.63.130 - - [25/Aug/2026:23:34:10 +0500] "GET //cache/_db/52/index.php HTTP/1.1" 508 288 "-" "Mozilla/5.0 (Windows NT 10.0; Win64; x64) Chrome/120.0 Safari/537.36"
123.25.63.130 - - [25/Aug/2026:23:34:12 +0500] "GET //modules/chosen.php HTTP/1.1" 508 288 "-" "Mozilla/5.0 (Windows NT 10.0; Win64; x64) Chrome/120.0 Safari/537.36"
123.25.63.130 - - [25/Aug/2026:23:34:16 +0500] "GET //cpresources/2d472098/chosen.php HTTP/1.1" 508 288 "-" "Mozilla/5.0 (Windows NT 10.0; Win64; x64) Chrome/120.0 Safari/537.36"
123.25.63.130 - - [25/Aug/2026:23:34:22 +0500] "GET //cricketnew/wp-content/plugins/sportspress-for-cricket/css/index.php HTTP/1.1" 508 288 "-" "Mozilla/5.0 (Windows NT 10.0; Win64; x64) Chrome/120.0 Safari/537.36"
57.141.24.114 - - [25/Aug/2026:23:34:22 +0500] "GET / HTTP/1.1" 508 288 "-" "facebookexternalhit/1.1 (+http://www.facebook.com/externalhit_uatext.php)"
57.141.20.41 - - [25/Aug/2026:23:34:28 +0500] "GET /ru/?gid=2472504&mode=grp&sort=n HTTP/1.1" 508 288 "-" "Mozilla/5.0 (Windows NT 10.0; Win64; x64) AppleWebKit/537.36 (KHTML, like Gecko) Chrome/145.0.0.0 Safari/537.36 (compatible; meta-externalagent/1.1 (+https://developers.facebook.com/docs/sharing/webmasters/crawler))"
123.25.63.130 - - [25/Aug/2026:23:34:26 +0500] "GET //assets/22c645a3/js/index.php HTTP/1.1" 301 - "-" "Mozilla/5.0 (Windows NT 10.0; Win64; x64) Chrome/120.0 Safari/537.36"
123.25.63.130 - - [25/Aug/2026:23:34:30 +0500] "GET /ru/assets/22c645a3/js/index.php HTTP/1.1" 508 288 "-" "Mozilla/5.0 (Windows NT 10.0; Win64; x64) Chrome/120.0 Safari/537.36"
123.25.63.130 - - [25/Aug/2026:23:34:35 +0500] "GET //ftp/files/Beta%20Design/index.php HTTP/1.1" 301 - "-" "Mozilla/5.0 (Windows NT 10.0; Win64; x64) Chrome/120.0 Safari/537.36"
123.25.63.130 - - [25/Aug/2026:23:34:40 +0500] "GET /ru/ftp/files/Beta%20Design/index.php HTTP/1.1" 508 288 "-" "Mozilla/5.0 (Windows NT 10.0; Win64; x64) Chrome/120.0 Safari/537.36"
123.25.63.130 - - [25/Aug/2026:23:34:43 +0500] "GET //assets/witsec-search/chosen.php HTTP/1.1" 508 288 "-" "Mozilla/5.0 (Windows NT 10.0; Win64; x64) Chrome/120.0 Safari/537.36"
123.25.63.130 - - [25/Aug/2026:23:34:47 +0500] "GET //.backup/phpinfo.php HTTP/1.1" 508 288 "-" "Mozilla/5.0 (Windows NT 10.0; Win64; x64) Chrome/120.0 Safari/537.36"
136.119.35.120 - - [25/Aug/2026:23:34:50 +0500] "GET /uz/news-uzb/107-konkurs-audit-2019?layout=default&print=1&tmpl=component HTTP/1.1" 508 288 "-" "Mozilla/5.0 (Macintosh; Intel Mac OS X 10_15_7) AppleWebKit/537.36 (KHTML, like Gecko) Chrome/120.0.0.0 Safari/537.36"
123.25.63.130 - - [25/Aug/2026:23:34:51 +0500] "GET //featurl/chosen.php HTTP/1.1" 301 - "-" "Mozilla/5.0 (Windows NT 10.0; Win64; x64) Chrome/120.0 Safari/537.36"
123.25.63.130 - - [25/Aug/2026:23:34:56 +0500] "GET /ru/featurl/chosen.php HTTP/1.1" 404 1904 "-" "Mozilla/5.0 (Windows NT 10.0; Win64; x64) Chrome/120.0 Safari/537.36"
123.25.63.130 - - [25/Aug/2026:23:35:05 +0500] "GET //wp-includes/blocks/home-link/wp-atom.php HTTP/1.1" 301 - "-" "Mozilla/5.0 (Windows NT 10.0; Win64; x64) Chrome/120.0 Safari/537.36"
123.25.63.130 - - [25/Aug/2026:23:35:10 +0500] "GET /ru/wp-includes/blocks/home-link/wp-atom.php HTTP/1.1" 404 1904 "-" "Mozilla/5.0 (Windows NT 10.0; Win64; x64) Chrome/120.0 Safari/537.36"
123.25.63.130 - - [25/Aug/2026:23:35:21 +0500] "GET //wp-content/themes-ai1ec/plana/index.php HTTP/1.1" 508 288 "-" "Mozilla/5.0 (Windows NT 10.0; Win64; x64) Chrome/120.0 Safari/537.36"
123.25.63.130 - - [25/Aug/2026:23:35:27 +0500] "GET //wp-includes/fonts/CSqFb6srgF.php HTTP/1.1" 508 288 "-" "Mozilla/5.0 (Windows NT 10.0; Win64; x64) Chrome/120.0 Safari/537.36"
123.25.63.130 - - [25/Aug/2026:23:35:33 +0500] "GET //impact/picture_library/chosen.php HTTP/1.1" 508 288 "-" "Mozilla/5.0 (Windows NT 10.0; Win64; x64) Chrome/120.0 Safari/537.36"
36.163.67.107 - - [25/Aug/2026:23:35:35 +0500] "GET /images/content/%D0%9E%D1%82%D1%87%D0%B5%D1%82_%D0%BE_%D1%84%D0%B8%D0%BD_%D0%BF%D0%BE%D0%BB%D0%BE%D0%B6%D0%B5%D0%BD%D0%B8%D0%B8_%D0%BF%D0%BE_%D0%9C%D0%A1%D0%A4%D0%9E.pdf HTTP/1.1" 508 288 "-" "Mozilla/5.0 (Windows NT 10.0; Win64; x64) AppleWebKit/537.36 (KHTML, like Gecko) Chrome/144.0.0.0 Safari/537.36"
36.163.67.107 - - [25/Aug/2026:23:35:35 +0500] "GET /favicon.ico HTTP/1.1" 508 288 "https://www.uml.uz/images/content/%D0%9E%D1%82%D1%87%D0%B5%D1%82_%D0%BE_%D1%84%D0%B8%D0%BD_%D0%BF%D0%BE%D0%BB%D0%BE%D0%B6%D0%B5%D0%BD%D0%B8%D0%B8_%D0%BF%D0%BE_%D0%9C%D0%A1%D0%A4%D0%9E.pdf" "Mozilla/5.0 (Windows NT 10.0; Win64; x64) AppleWebKit/537.36 (KHTML, like Gecko) Chrome/144.0.0.0 Safari/537.36"
123.25.63.130 - - [25/Aug/2026:23:35:36 +0500] "GET //img/piano/index.php HTTP/1.1" 508 288 "-" "Mozilla/5.0 (Windows NT 10.0; Win64; x64) Chrome/120.0 Safari/537.36"
57.141.20.69 - - [25/Aug/2026:23:35:40 +0500] "GET /ru/?cbid=1398887&csid=0&mode=cate&start=20 HTTP/1.1" 508 288 "-" "Mozilla/5.0 (Windows NT 10.0; Win64; x64) AppleWebKit/537.36 (KHTML, like Gecko) Chrome/145.0.0.0 Safari/537.36 (compatible; meta-externalagent/1.1 (+https://developers.facebook.com/docs/sharing/webmasters/crawler))"
123.25.63.130 - - [25/Aug/2026:23:35:41 +0500] "GET //wp-includes/blocks/footnotes/index.php HTTP/1.1" 301 - "-" "Mozilla/5.0 (Windows NT 10.0; Win64; x64) Chrome/120.0 Safari/537.36"
123.25.63.130 - - [25/Aug/2026:23:35:48 +0500] "GET /ru/wp-includes/blocks/footnotes/index.php HTTP/1.1" 508 288 "-" "Mozilla/5.0 (Windows NT 10.0; Win64; x64) Chrome/120.0 Safari/537.36"
185.191.171.1 - - [25/Aug/2026:23:35:49 +0500] "GET /ru/?start=5&trxe=awgss HTTP/1.1" 508 288 "-" "Mozilla/5.0 (compatible; SemrushBot/7~bl; +http://www.semrush.com/bot.html)"
123.25.63.130 - - [25/Aug/2026:23:35:54 +0500] "GET //wp-content/themes/requirementsnew/wp-atom.php HTTP/1.1" 301 - "-" "Mozilla/5.0 (Windows NT 10.0; Win64; x64) Chrome/120.0 Safari/537.36"
123.25.63.130 - - [25/Aug/2026:23:35:59 +0500] "GET /ru/wp-content/themes/requirementsnew/wp-atom.php HTTP/1.1" 404 1904 "-" "Mozilla/5.0 (Windows NT 10.0; Win64; x64) Chrome/120.0 Safari/537.36"
136.119.35.120 - - [25/Aug/2026:23:36:07 +0500] "GET /ru/shareholders-rus/dividends-rus/9-russian?start=10 HTTP/1.1" 508 288 "-" "Mozilla/5.0 (Macintosh; Intel Mac OS X 10_15_7) AppleWebKit/537.36 (KHTML, like Gecko) Chrome/120.0.0.0 Safari/537.36"
123.25.63.130 - - [25/Aug/2026:23:36:05 +0500] "GET //well-known/acme-challenge/e/d/d/gEEPwyie2j.php HTTP/1.1" 301 - "-" "Mozilla/5.0 (Windows NT 10.0; Win64; x64) Chrome/120.0 Safari/537.36"
123.25.63.130 - - [25/Aug/2026:23:36:09 +0500] "GET /ru/well-known/acme-challenge/e/d/d/gEEPwyie2j.php HTTP/1.1" 404 1904 "-" "Mozilla/5.0 (Windows NT 10.0; Win64; x64) Chrome/120.0 Safari/537.36"
185.191.171.9 - - [25/Aug/2026:23:36:22 +0500] "GET /robots.txt HTTP/1.1" 508 288 "-" "Mozilla/5.0 (compatible; SemrushBot/7~bl; +http://www.semrush.com/bot.html)"
123.25.63.130 - - [25/Aug/2026:23:36:20 +0500] "GET //vopxx.php HTTP/1.1" 301 - "-" "Mozilla/5.0 (Windows NT 10.0; Win64; x64) Chrome/120.0 Safari/537.36"
123.25.63.130 - - [25/Aug/2026:23:36:24 +0500] "GET /ru/vopxx.php HTTP/1.1" 404 1892 "-" "Mozilla/5.0 (Windows NT 10.0; Win64; x64) Chrome/120.0 Safari/537.36"
123.25.63.130 - - [25/Aug/2026:23:36:34 +0500] "GET //wp-admin/8mpo9hri4Un.php HTTP/1.1" 301 - "-" "Mozilla/5.0 (Windows NT 10.0; Win64; x64) Chrome/120.0 Safari/537.36"
57.141.18.121 - - [25/Aug/2026:23:36:36 +0500] "GET / HTTP/1.1" 301 - "-" "facebookexternalhit/1.1 (+http://www.facebook.com/externalhit_uatext.php)"
123.25.63.130 - - [25/Aug/2026:23:36:39 +0500] "GET /ru/wp-admin/8mpo9hri4Un.php HTTP/1.1" 200 41763 "-" "Mozilla/5.0 (Windows NT 10.0; Win64; x64) Chrome/120.0 Safari/537.36"
123.25.63.130 - - [25/Aug/2026:23:36:50 +0500] "GET //cf-veterans-2014/modules/mod_articles_categories/VdYvtZpN.php HTTP/1.1" 301 - "-" "Mozilla/5.0 (Windows NT 10.0; Win64; x64) Chrome/120.0 Safari/537.36"
57.141.20.16 - - [25/Aug/2026:23:36:51 +0500] "GET /uz/?cbid=2283446&csid=0&mode=cate&start=15 HTTP/1.1" 200 45925 "-" "Mozilla/5.0 (Macintosh; Intel Mac OS X 10_15_7) AppleWebKit/537.36 (KHTML, like Gecko) Chrome/145.0.0.0 Safari/537.36 (compatible; meta-externalagent/1.1 (+https://developers.facebook.com/docs/sharing/webmasters/crawler))"
123.25.63.130 - - [25/Aug/2026:23:36:54 +0500] "GET /ru/cf-veterans-2014/modules/mod_articles_categories/VdYvtZpN.php HTTP/1.1" 404 1904 "-" "Mozilla/5.0 (Windows NT 10.0; Win64; x64) Chrome/120.0 Safari/537.36"
123.25.63.130 - - [25/Aug/2026:23:37:03 +0500] "GET //fx.php HTTP/1.1" 508 288 "-" "Mozilla/5.0 (Windows NT 10.0; Win64; x64) Chrome/120.0 Safari/537.36"
57.141.20.47 - - [25/Aug/2026:23:37:02 +0500] "GET /ru/?cbid=2216067&csid=0&mode=cate HTTP/1.1" 200 49731 "-" "Mozilla/5.0 (Macintosh; Intel Mac OS X 10_15_7) AppleWebKit/537.36 (KHTML, like Gecko) Chrome/145.0.0.0 Safari/537.36 (compatible; meta-externalagent/1.1 (+https://developers.facebook.com/docs/sharing/webmasters/crawler))"
123.25.63.130 - - [25/Aug/2026:23:37:09 +0500] "GET //wuyostudio/resources/chosen.php HTTP/1.1" 508 288 "-" "Mozilla/5.0 (Windows NT 10.0; Win64; x64) Chrome/120.0 Safari/537.36"
57.141.20.45 - - [25/Aug/2026:23:37:14 +0500] "GET /ru/?keyword=my+loads+are+light&mode=srh&sort=n&x=0&y=0&start=25 HTTP/1.1" 508 288 "-" "Mozilla/5.0 (Windows NT 10.0; Win64; x64) AppleWebKit/537.36 (KHTML, like Gecko) Chrome/145.0.0.0 Safari/537.36 (compatible; meta-externalagent/1.1 (+https://developers.facebook.com/docs/sharing/webmasters/crawler))"
123.25.63.130 - - [25/Aug/2026:23:37:12 +0500] "GET //wp-content/themes/elevation/script/index.php HTTP/1.1" 301 - "-" "Mozilla/5.0 (Windows NT 10.0; Win64; x64) Chrome/120.0 Safari/537.36"
123.25.63.130 - - [25/Aug/2026:23:37:16 +0500] "GET /ru/wp-content/themes/elevation/script/index.php HTTP/1.1" 508 288 "-" "Mozilla/5.0 (Windows NT 10.0; Win64; x64) Chrome/120.0 Safari/537.36"
123.25.63.130 - - [25/Aug/2026:23:37:19 +0500] "GET //~wwwjoudmisr343/simple.php HTTP/1.1" 301 - "-" "Mozilla/5.0 (Windows NT 10.0; Win64; x64) Chrome/120.0 Safari/537.36"
123.25.63.130 - - [25/Aug/2026:23:37:24 +0500] "GET /ru/~wwwjoudmisr343/simple.php HTTP/1.1" 404 1904 "-" "Mozilla/5.0 (Windows NT 10.0; Win64; x64) Chrome/120.0 Safari/537.36"
123.25.63.130 - - [25/Aug/2026:23:37:31 +0500] "GET //phpMyAdmin/scripts/setup.php HTTP/1.1" 508 288 "-" "Mozilla/5.0 (Windows NT 10.0; Win64; x64) Chrome/120.0 Safari/537.36"
123.25.63.130 - - [25/Aug/2026:23:37:33 +0500] "GET //vendor/laravel-filemanager/css/wp-atom.php HTTP/1.1" 301 - "-" "Mozilla/5.0 (Windows NT 10.0; Win64; x64) Chrome/120.0 Safari/537.36"
57.141.20.3 - - [25/Aug/2026:23:37:33 +0500] "GET /uz/?mode=atom&format=feed&type=rss HTTP/1.1" 200 11108 "-" "Mozilla/5.0 (Macintosh; Intel Mac OS X 10_15_7) AppleWebKit/537.36 (KHTML, like Gecko) Chrome/145.0.0.0 Safari/537.36 (compatible; meta-externalagent/1.1 (+https://developers.facebook.com/docs/sharing/webmasters/crawler))"
123.25.63.130 - - [25/Aug/2026:23:37:38 +0500] "GET /ru/vendor/laravel-filemanager/css/wp-atom.php HTTP/1.1" 404 1904 "-" "Mozilla/5.0 (Windows NT 10.0; Win64; x64) Chrome/120.0 Safari/537.36"
123.25.63.130 - - [25/Aug/2026:23:37:44 +0500] "GET //wp-content/uploads/partner-ads-feed/index.php HTTP/1.1" 301 - "-" "Mozilla/5.0 (Windows NT 10.0; Win64; x64) Chrome/120.0 Safari/537.36"
123.25.63.130 - - [25/Aug/2026:23:37:48 +0500] "GET /ru/wp-content/uploads/partner-ads-feed/index.php HTTP/1.1" 508 288 "-" "Mozilla/5.0 (Windows NT 10.0; Win64; x64) Chrome/120.0 Safari/537.36"
123.25.63.130 - - [25/Aug/2026:23:37:52 +0500] "GET //wp-includes/fonts/chatai.php HTTP/1.1" 508 288 "-" "Mozilla/5.0 (Windows NT 10.0; Win64; x64) Chrome/120.0 Safari/537.36"
123.25.63.130 - - [25/Aug/2026:23:37:55 +0500] "GET //wp-content/plugins/mini2/huisp.php HTTP/1.1" 301 - "-" "Mozilla/5.0 (Windows NT 10.0; Win64; x64) Chrome/120.0 Safari/537.36"
123.25.63.130 - - [25/Aug/2026:23:37:59 +0500] "GET /ru/wp-content/plugins/mini2/huisp.php HTTP/1.1" 404 1904 "-" "Mozilla/5.0 (Windows NT 10.0; Win64; x64) Chrome/120.0 Safari/537.36"
34.30.223.149 - - [25/Aug/2026:23:38:09 +0500] "GET /ru/shareholders-rus/prospectus-rus/17-russian/officially-rus?format=feed&type=rss HTTP/1.1" 508 288 "-" "Mozilla/5.0 (Macintosh; Intel Mac OS X 10_15_7) AppleWebKit/537.36 (KHTML, like Gecko) Chrome/120.0.0.0 Safari/537.36"
123.25.63.130 - - [25/Aug/2026:23:38:07 +0500] "GET //wp-includes/blocks/comment-template/ryOJKDJF.php HTTP/1.1" 301 - "-" "Mozilla/5.0 (Windows NT 10.0; Win64; x64) Chrome/120.0 Safari/537.36"
123.25.63.130 - - [25/Aug/2026:23:38:10 +0500] "GET /ru/wp-includes/blocks/comment-template/ryOJKDJF.php HTTP/1.1" 508 288 "-" "Mozilla/5.0 (Windows NT 10.0; Win64; x64) Chrome/120.0 Safari/537.36"
123.25.63.130 - - [25/Aug/2026:23:38:14 +0500] "GET //ws54.php HTTP/1.1" 508 288 "-" "Mozilla/5.0 (Windows NT 10.0; Win64; x64) Chrome/120.0 Safari/537.36"
123.25.63.130 - - [25/Aug/2026:23:38:19 +0500] "GET ///wp-atom.php HTTP/1.1" 508 288 "-" "Mozilla/5.0 (Windows NT 10.0; Win64; x64) Chrome/120.0 Safari/537.36"
185.191.171.2 - - [25/Aug/2026:23:38:14 +0500] "GET /ru/officially-rus/ustav-rus?template=accessibility HTTP/1.1" 200 14292 "-" "Mozilla/5.0 (compatible; SemrushBot/7~bl; +http://www.semrush.com/bot.html)"
123.25.63.130 - - [25/Aug/2026:23:38:21 +0500] "GET //wp-content/temp/chosen.php HTTP/1.1" 301 - "-" "Mozilla/5.0 (Windows NT 10.0; Win64; x64) Chrome/120.0 Safari/537.36"
57.141.20.53 - - [25/Aug/2026:23:38:26 +0500] "GET /ru/?cbid=1398881&mode=cate&format=feed&type=atom HTTP/1.1" 508 288 "-" "Mozilla/5.0 (Windows NT 10.0; Win64; x64) AppleWebKit/537.36 (KHTML, like Gecko) Chrome/144.0.0.0 Safari/537.36 Edg/144.0.0.0 (compatible; meta-externalagent/1.1 (+https://developers.facebook.com/docs/sharing/webmasters/crawler))"
123.25.63.130 - - [25/Aug/2026:23:38:25 +0500] "GET /ru/wp-content/temp/chosen.php HTTP/1.1" 404 1904 "-" "Mozilla/5.0 (Windows NT 10.0; Win64; x64) Chrome/120.0 Safari/537.36"
123.25.63.130 - - [25/Aug/2026:23:38:32 +0500] "GET //333.php HTTP/1.1" 508 288 "-" "Mozilla/5.0 (Windows NT 10.0; Win64; x64) Chrome/120.0 Safari/537.36"
34.171.68.95 - - [25/Aug/2026:23:38:29 +0500] "GET /uz/component/mailto/?link=f4df7c46d5ec1b4f9fcded64c23b9476120a423a&template=uml&tmpl=component HTTP/1.1" 200 4531 "-" "Mozilla/5.0 (Macintosh; Intel Mac OS X 10_15_7) AppleWebKit/537.36 (KHTML, like Gecko) Chrome/120.0.0.0 Safari/537.36"
123.25.63.130 - - [25/Aug/2026:23:38:38 +0500] "GET //asia/tureg/wp-admin/css/colors/admin.php HTTP/1.1" 508 288 "-" "Mozilla/5.0 (Windows NT 10.0; Win64; x64) Chrome/120.0 Safari/537.36"
123.25.63.130 - - [25/Aug/2026:23:38:41 +0500] "GET //upload/kampanya/5e81f93e5269f/index.php HTTP/1.1" 301 - "-" "Mozilla/5.0 (Windows NT 10.0; Win64; x64) Chrome/120.0 Safari/537.36"
123.25.63.130 - - [25/Aug/2026:23:38:45 +0500] "GET /ru/upload/kampanya/5e81f93e5269f/index.php HTTP/1.1" 508 288 "-" "Mozilla/5.0 (Windows NT 10.0; Win64; x64) Chrome/120.0 Safari/537.36"
57.141.8.12 - - [25/Aug/2026:23:38:46 +0500] "GET / HTTP/1.1" 508 288 "-" "facebookexternalhit/1.1 (+http://www.facebook.com/externalhit_uatext.php)"
123.25.63.130 - - [25/Aug/2026:23:38:48 +0500] "GET //wp-content/upgrade/index.php HTTP/1.1" 508 288 "-" "Mozilla/5.0 (Windows NT 10.0; Win64; x64) Chrome/120.0 Safari/537.36"
123.25.63.130 - - [25/Aug/2026:23:38:51 +0500] "GET //i.php HTTP/1.1" 508 288 "-" "Mozilla/5.0 (Windows NT 10.0; Win64; x64) Chrome/120.0 Safari/537.36"
57.141.20.62 - - [25/Aug/2026:23:38:56 +0500] "GET /ru/?cbid=1425873&csid=0%27,(SELECT/**/9505/**/WHERE/**/9505=CONVERT(INT,(SELECT/**/%27~%27%20(SELECT/**/(CASE/**/WHEN/**/(9505=9505)/**/THEN/**/%271%27/**/ELSE/**/%270%27/**/END))%20%27~%27)))%20AND%20%27BqBA2qSk%27%20LIKE%20%27BqBA2qSk&start=5 HTTP/1.1" 508 288 "-" "Mozilla/5.0 (Windows NT 10.0; Win64; x64) AppleWebKit/537.36 (KHTML, like Gecko) Chrome/145.0.0.0 Safari/537.36 (compatible; meta-externalagent/1.1 (+https://developers.facebook.com/docs/sharing/webmasters/crawler))"
123.25.63.130 - - [25/Aug/2026:23:38:55 +0500] "GET //fluidbook/programme2019/chosen.php HTTP/1.1" 301 - "-" "Mozilla/5.0 (Windows NT 10.0; Win64; x64) Chrome/120.0 Safari/537.36"
123.25.63.130 - - [25/Aug/2026:23:38:59 +0500] "GET /ru/fluidbook/programme2019/chosen.php HTTP/1.1" 508 288 "-" "Mozilla/5.0 (Windows NT 10.0; Win64; x64) Chrome/120.0 Safari/537.36"
123.25.63.130 - - [25/Aug/2026:23:39:05 +0500] "GET //deepseek_d.php HTTP/1.1" 301 - "-" "Mozilla/5.0 (Windows NT 10.0; Win64; x64) Chrome/120.0 Safari/537.36"
123.25.63.130 - - [25/Aug/2026:23:39:09 +0500] "GET /ru/deepseek_d.php HTTP/1.1" 404 1892 "-" "Mozilla/5.0 (Windows NT 10.0; Win64; x64) Chrome/120.0 Safari/537.36"
123.25.63.130 - - [25/Aug/2026:23:39:18 +0500] "GET //wp-content/plugins/photo-gallery-lite/lite.php HTTP/1.1" 508 288 "-" "Mozilla/5.0 (Windows NT 10.0; Win64; x64) Chrome/120.0 Safari/537.36"
123.25.63.130 - - [25/Aug/2026:23:39:23 +0500] "GET //~pescados//simple.php HTTP/1.1" 508 288 "-" "Mozilla/5.0 (Windows NT 10.0; Win64; x64) Chrome/120.0 Safari/537.36"
57.141.20.47 - - [25/Aug/2026:23:39:26 +0500] "GET /ru/?cbid=1425873&csid=0%22),EXTRACTVALUE(8488,/*!50000CONCAT*/(0x5c,%27~%27,(/*!50000SELECT*/(ELT(8488=8488,1))),%27~%27))%20AND%20(%22Bu7EJQgQ%22%20LIKE%20%22Bu7EJQgQ%22&start=15 HTTP/1.1" 508 288 "-" "Mozilla/5.0 (Windows NT 10.0; Win64; x64) AppleWebKit/537.36 (KHTML, like Gecko) Chrome/145.0.0.0 Safari/537.36 Edg/145.0.0.0 (compatible; meta-externalagent/1.1 (+https://developers.facebook.com/docs/sharing/webmasters/crawler))"
123.25.63.130 - - [25/Aug/2026:23:39:28 +0500] "GET //adminNovo/Nova%20pasta/chosen.php HTTP/1.1" 508 288 "-" "Mozilla/5.0 (Windows NT 10.0; Win64; x64) Chrome/120.0 Safari/537.36"
123.25.63.130 - - [25/Aug/2026:23:39:32 +0500] "GET //~insfiresentertai//simple.php HTTP/1.1" 508 288 "-" "Mozilla/5.0 (Windows NT 10.0; Win64; x64) Chrome/120.0 Safari/537.36"
123.25.63.130 - - [25/Aug/2026:23:39:34 +0500] "GET //feeds.php HTTP/1.1" 301 - "-" "Mozilla/5.0 (Windows NT 10.0; Win64; x64) Chrome/120.0 Safari/537.36"
57.141.20.73 - - [25/Aug/2026:23:39:42 +0500] "GET /ru/?cbid=1425873&csid=0%27,(SELECT/**/9505/**/WHERE/**/9505=CONVERT(INT,(SELECT/**/%27~%27%20(SELECT/**/(CASE/**/WHEN/**/(9505=9505)/**/THEN/**/%271%27/**/ELSE/**/%270%27/**/END))%20%27~%27)))%20AND%20%27BqBA2qSk%27%20LIKE%20%27BqBA2qSk&start=25 HTTP/1.1" 508 288 "-" "Mozilla/5.0 (Windows NT 10.0; Win64; x64) AppleWebKit/537.36 (KHTML, like Gecko) Chrome/145.0.0.0 Safari/537.36 (compatible; meta-externalagent/1.1 (+https://developers.facebook.com/docs/sharing/webmasters/crawler))"
123.25.63.130 - - [25/Aug/2026:23:39:37 +0500] "GET /ru/feeds.php HTTP/1.1" 404 1892 "-" "Mozilla/5.0 (Windows NT 10.0; Win64; x64) Chrome/120.0 Safari/537.36"
123.25.63.130 - - [25/Aug/2026:23:39:48 +0500] "GET //atomlib.php HTTP/1.1" 508 288 "-" "Mozilla/5.0 (Windows NT 10.0; Win64; x64) Chrome/120.0 Safari/537.36"
123.25.63.130 - - [25/Aug/2026:23:39:51 +0500] "GET //green-delta/assets/images/index.php HTTP/1.1" 301 - "-" "Mozilla/5.0 (Windows NT 10.0; Win64; x64) Chrome/120.0 Safari/537.36"
123.25.63.130 - - [25/Aug/2026:23:39:55 +0500] "GET /ru/green-delta/assets/images/index.php HTTP/1.1" 508 288 "-" "Mozilla/5.0 (Windows NT 10.0; Win64; x64) Chrome/120.0 Safari/537.36"
123.25.63.130 - - [25/Aug/2026:23:40:01 +0500] "GET //system/database/chosen.php HTTP/1.1" 301 - "-" "Mozilla/5.0 (Windows NT 10.0; Win64; x64) Chrome/120.0 Safari/537.36"
123.25.63.130 - - [25/Aug/2026:23:40:04 +0500] "GET /ru/system/database/chosen.php HTTP/1.1" 404 1904 "-" "Mozilla/5.0 (Windows NT 10.0; Win64; x64) Chrome/120.0 Safari/537.36"
123.25.63.130 - - [25/Aug/2026:23:40:13 +0500] "GET //wsx_resimler/porops/hali-sampuani/AHEuqlql.php HTTP/1.1" 301 - "-" "Mozilla/5.0 (Windows NT 10.0; Win64; x64) Chrome/120.0 Safari/537.36"
123.25.63.130 - - [25/Aug/2026:23:40:17 +0500] "GET /ru/wsx_resimler/porops/hali-sampuani/AHEuqlql.php HTTP/1.1" 508 288 "-" "Mozilla/5.0 (Windows NT 10.0; Win64; x64) Chrome/120.0 Safari/537.36"
123.25.63.130 - - [25/Aug/2026:23:40:20 +0500] "GET //phpmyadmin/chosen.php HTTP/1.1" 301 - "-" "Mozilla/5.0 (Windows NT 10.0; Win64; x64) Chrome/120.0 Safari/537.36"
123.25.63.130 - - [25/Aug/2026:23:40:26 +0500] "GET /ru/phpmyadmin/chosen.php HTTP/1.1" 404 1904 "-" "Mozilla/5.0 (Windows NT 10.0; Win64; x64) Chrome/120.0 Safari/537.36"
123.25.63.130 - - [25/Aug/2026:23:40:34 +0500] "GET //orppspajty/chosen.php HTTP/1.1" 508 288 "-" "Mozilla/5.0 (Windows NT 10.0; Win64; x64) Chrome/120.0 Safari/537.36"
123.25.63.130 - - [25/Aug/2026:23:40:37 +0500] "GET //fim/chosen.php HTTP/1.1" 301 - "-" "Mozilla/5.0 (Windows NT 10.0; Win64; x64) Chrome/120.0 Safari/537.36"
123.25.63.130 - - [25/Aug/2026:23:40:41 +0500] "GET /ru/fim/chosen.php HTTP/1.1" 508 288 "-" "Mozilla/5.0 (Windows NT 10.0; Win64; x64) Chrome/120.0 Safari/537.36"
57.141.20.4 - - [25/Aug/2026:23:40:37 +0500] "GET /ru/?cbid=1425873%22)))/**/PROCEDURE/**/ANALYSE(UPDATEXML(2775,CONCAT(%27.%27,%27~%27,(SELECT/**/(ELT(2775=2775,1))),%27~%27),2255),1)%20AND%20(((%22aoMUnyRb%22=%22aoMUnyRb%22&csid=0&start=20 HTTP/1.1" 200 52504 "-" "Mozilla/5.0 (Windows NT 10.0; Win64; x64) AppleWebKit/537.36 (KHTML, like Gecko) Chrome/145.0.0.0 Safari/537.36 (compatible; meta-externalagent/1.1 (+https://developers.facebook.com/docs/sharing/webmasters/crawler))"
123.25.63.130 - - [25/Aug/2026:23:40:43 +0500] "GET //Stellar-master/js/wp-atom.php HTTP/1.1" 301 - "-" "Mozilla/5.0 (Windows NT 10.0; Win64; x64) Chrome/120.0 Safari/537.36"
123.25.63.130 - - [25/Aug/2026:23:40:48 +0500] "GET /ru/Stellar-master/js/wp-atom.php HTTP/1.1" 508 288 "-" "Mozilla/5.0 (Windows NT 10.0; Win64; x64) Chrome/120.0 Safari/537.36"
123.25.63.130 - - [25/Aug/2026:23:40:52 +0500] "GET //config.php HTTP/1.1" 508 288 "-" "Mozilla/5.0 (Windows NT 10.0; Win64; x64) Chrome/120.0 Safari/537.36"
123.25.63.130 - - [25/Aug/2026:23:40:58 +0500] "GET //assets/errors/chosen.php HTTP/1.1" 301 - "-" "Mozilla/5.0 (Windows NT 10.0; Win64; x64) Chrome/120.0 Safari/537.36"
123.25.63.130 - - [25/Aug/2026:23:41:02 +0500] "GET /ru/assets/errors/chosen.php HTTP/1.1" 508 288 "-" "Mozilla/5.0 (Windows NT 10.0; Win64; x64) Chrome/120.0 Safari/537.36"
34.123.149.87 - - [25/Aug/2026:23:41:04 +0500] "GET /ru/images/content/2018/%D0%A4%D0%BE%D1%80%D0%BC%D0%B01_2018-2%D0%BA%D0%B2.xlsx HTTP/1.1" 508 288 "-" "Mozilla/5.0 (Macintosh; Intel Mac OS X 10_15_7) AppleWebKit/537.36 (KHTML, like Gecko) Chrome/120.0.0.0 Safari/537.36"
123.25.63.130 - - [25/Aug/2026:23:41:06 +0500] "GET //wp-content/wphb-cache/index.php HTTP/1.1" 508 288 "-" "Mozilla/5.0 (Windows NT 10.0; Win64; x64) Chrome/120.0 Safari/537.36"
123.25.63.130 - - [25/Aug/2026:23:41:12 +0500] "GET //wp-content/themes/serval/assets/shell.php HTTP/1.1" 508 288 "-" "Mozilla/5.0 (Windows NT 10.0; Win64; x64) Chrome/120.0 Safari/537.36"
123.25.63.130 - - [25/Aug/2026:23:41:16 +0500] "GET //includes/index.php HTTP/1.1" 301 - "-" "Mozilla/5.0 (Windows NT 10.0; Win64; x64) Chrome/120.0 Safari/537.36"
123.25.63.130 - - [25/Aug/2026:23:41:21 +0500] "GET /ru/includes/index.php HTTP/1.1" 508 288 "-" "Mozilla/5.0 (Windows NT 10.0; Win64; x64) Chrome/120.0 Safari/537.36"
51.195.183.132 - - [25/Aug/2026:23:41:17 +0500] "GET /ru/ HTTP/1.1" 200 49620 "-" "Mozilla/5.0 (compatible; AhrefsBot/7.0; +http://ahrefs.com/robot/)"
123.25.63.130 - - [25/Aug/2026:23:41:24 +0500] "GET //_jscript/jqueryui/themes/index.php HTTP/1.1" 301 - "-" "Mozilla/5.0 (Windows NT 10.0; Win64; x64) Chrome/120.0 Safari/537.36"
123.25.63.130 - - [25/Aug/2026:23:41:29 +0500] "GET /ru/_jscript/jqueryui/themes/index.php HTTP/1.1" 508 288 "-" "Mozilla/5.0 (Windows NT 10.0; Win64; x64) Chrome/120.0 Safari/537.36"
123.25.63.130 - - [25/Aug/2026:23:41:36 +0500] "GET ///admin.php HTTP/1.1" 301 - "-" "Mozilla/5.0 (Windows NT 10.0; Win64; x64) Chrome/120.0 Safari/537.36"
123.25.63.130 - - [25/Aug/2026:23:41:39 +0500] "GET /ru/admin.php HTTP/1.1" 508 288 "-" "Mozilla/5.0 (Windows NT 10.0; Win64; x64) Chrome/120.0 Safari/537.36"
123.25.63.130 - - [25/Aug/2026:23:41:43 +0500] "GET //.well-known/acme-challenge/admin.php HTTP/1.1" 508 288 "-" "Mozilla/5.0 (Windows NT 10.0; Win64; x64) Chrome/120.0 Safari/537.36"
123.25.63.130 - - [25/Aug/2026:23:41:47 +0500] "GET //wp-includes/sodium_compat/admin.php HTTP/1.1" 301 - "-" "Mozilla/5.0 (Windows NT 10.0; Win64; x64) Chrome/120.0 Safari/537.36"
34.123.149.87 - - [25/Aug/2026:23:41:55 +0500] "GET /uz/?start=20&template=uml HTTP/1.1" 508 288 "-" "Mozilla/5.0 (Macintosh; Intel Mac OS X 10_15_7) AppleWebKit/537.36 (KHTML, like Gecko) Chrome/120.0.0.0 Safari/537.36"
123.25.63.130 - - [25/Aug/2026:23:41:51 +0500] "GET /ru/wp-includes/sodium_compat/admin.php HTTP/1.1" 404 1904 "-" "Mozilla/5.0 (Windows NT 10.0; Win64; x64) Chrome/120.0 Safari/537.36"
123.25.63.130 - - [25/Aug/2026:23:42:00 +0500] "GET //site/index.php?rest_route=/ HTTP/1.1" 508 288 "-" "Mozilla/5.0 (Windows NT 10.0; Win64; x64) Chrome/120.0 Safari/537.36"
123.25.63.130 - - [25/Aug/2026:23:42:04 +0500] "GET //administrator/phpinfo.php HTTP/1.1" 508 288 "-" "Mozilla/5.0 (Windows NT 10.0; Win64; x64) Chrome/120.0 Safari/537.36"
123.25.63.130 - - [25/Aug/2026:23:42:07 +0500] "GET //wp-content/plugins/html404/cry.php.pjpeg HTTP/1.1" 508 288 "-" "Mozilla/5.0 (Windows NT 10.0; Win64; x64) Chrome/120.0 Safari/537.36"
57.141.0.30 - - [25/Aug/2026:23:42:09 +0500] "GET / HTTP/1.1" 508 288 "-" "facebookexternalhit/1.1 (+http://www.facebook.com/externalhit_uatext.php)"
123.25.63.130 - - [25/Aug/2026:23:42:10 +0500] "GET //bp_config/js/index.php HTTP/1.1" 508 288 "-" "Mozilla/5.0 (Windows NT 10.0; Win64; x64) Chrome/120.0 Safari/537.36"
123.25.63.130 - - [25/Aug/2026:23:42:13 +0500] "GET //media/ninja.php HTTP/1.1" 301 - "-" "Mozilla/5.0 (Windows NT 10.0; Win64; x64) Chrome/120.0 Safari/537.36"
123.25.63.130 - - [25/Aug/2026:23:42:17 +0500] "GET /ru/media/ninja.php HTTP/1.1" 404 1904 "-" "Mozilla/5.0 (Windows NT 10.0; Win64; x64) Chrome/120.0 Safari/537.36"
123.25.63.130 - - [25/Aug/2026:23:42:24 +0500] "GET //wp-includes/Text/Diff/Renderer/simple.php HTTP/1.1" 508 288 "-" "Mozilla/5.0 (Windows NT 10.0; Win64; x64) Chrome/120.0 Safari/537.36"
123.25.63.130 - - [25/Aug/2026:23:42:28 +0500] "GET //wp-gr.php HTTP/1.1" 508 288 "-" "Mozilla/5.0 (Windows NT 10.0; Win64; x64) Chrome/120.0 Safari/537.36"
123.25.63.130 - - [25/Aug/2026:23:42:32 +0500] "GET //bzjdlofz.php HTTP/1.1" 508 288 "-" "Mozilla/5.0 (Windows NT 10.0; Win64; x64) Chrome/120.0 Safari/537.36"
123.25.63.130 - - [25/Aug/2026:23:42:35 +0500] "GET //_old_wp-includes/js/mediaelement/index.php HTTP/1.1" 508 288 "-" "Mozilla/5.0 (Windows NT 10.0; Win64; x64) Chrome/120.0 Safari/537.36"
123.25.63.130 - - [25/Aug/2026:23:42:39 +0500] "GET //Cbtnews/chosen.php HTTP/1.1" 508 288 "-" "Mozilla/5.0 (Windows NT 10.0; Win64; x64) Chrome/120.0 Safari/537.36"
123.25.63.130 - - [25/Aug/2026:23:42:44 +0500] "GET //wp-includes/wp-includes/about.php HTTP/1.1" 508 288 "-" "Mozilla/5.0 (Windows NT 10.0; Win64; x64) Chrome/120.0 Safari/537.36"
123.25.63.130 - - [25/Aug/2026:23:42:46 +0500] "GET //wp-includes/Requests/src/Cookie/QnHtp6Vhpj.php HTTP/1.1" 508 288 "-" "Mozilla/5.0 (Windows NT 10.0; Win64; x64) Chrome/120.0 Safari/537.36"
123.25.63.130 - - [25/Aug/2026:23:42:52 +0500] "GET //sitepro/tcpdf/wp-atom.php HTTP/1.1" 508 288 "-" "Mozilla/5.0 (Windows NT 10.0; Win64; x64) Chrome/120.0 Safari/537.36"
34.57.162.91 - - [25/Aug/2026:23:42:56 +0500] "GET /uz/component/mailto/?link=98822818526c82424997eb8f95ed950e14b546eb&template=uml&tmpl=component HTTP/1.1" 508 288 "-" "Mozilla/5.0 (Macintosh; Intel Mac OS X 10_15_7) AppleWebKit/537.36 (KHTML, like Gecko) Chrome/120.0.0.0 Safari/537.36"
123.25.63.130 - - [25/Aug/2026:23:42:55 +0500] "GET //ojgup.php HTTP/1.1" 301 - "-" "Mozilla/5.0 (Windows NT 10.0; Win64; x64) Chrome/120.0 Safari/537.36"
123.25.63.130 - - [25/Aug/2026:23:43:03 +0500] "GET /ru/ojgup.php HTTP/1.1" 508 288 "-" "Mozilla/5.0 (Windows NT 10.0; Win64; x64) Chrome/120.0 Safari/537.36"
123.25.63.130 - - [25/Aug/2026:23:43:06 +0500] "GET //last_old/assets/editors/ckeditor/plugins/magicline/images/index.php HTTP/1.1" 301 - "-" "Mozilla/5.0 (Windows NT 10.0; Win64; x64) Chrome/120.0 Safari/537.36"
123.25.63.130 - - [25/Aug/2026:23:43:11 +0500] "GET /ru/last_old/assets/editors/ckeditor/plugins/magicline/images/index.php HTTP/1.1" 404 1904 "-" "Mozilla/5.0 (Windows NT 10.0; Win64; x64) Chrome/120.0 Safari/537.36"
85.208.96.206 - - [25/Aug/2026:23:43:15 +0500] "GET /uz/about-org-uzb/leasing-terms-uz?template=accessibility HTTP/1.1" 200 15257 "-" "Mozilla/5.0 (compatible; SemrushBot/7~bl; +http://www.semrush.com/bot.html)"
123.25.63.130 - - [25/Aug/2026:23:43:21 +0500] "GET //crm/configs/admin.php HTTP/1.1" 301 - "-" "Mozilla/5.0 (Windows NT 10.0; Win64; x64) Chrome/120.0 Safari/537.36"
123.25.63.130 - - [25/Aug/2026:23:43:24 +0500] "GET /ru/crm/configs/admin.php HTTP/1.1" 508 288 "-" "Mozilla/5.0 (Windows NT 10.0; Win64; x64) Chrome/120.0 Safari/537.36"
123.25.63.130 - - [25/Aug/2026:23:43:28 +0500] "GET ///leasing/tradein/chosen.php HTTP/1.1" 301 - "-" "Mozilla/5.0 (Windows NT 10.0; Win64; x64) Chrome/120.0 Safari/537.36"
123.25.63.130 - - [25/Aug/2026:23:43:32 +0500] "GET /ru/leasing/tradein/chosen.php HTTP/1.1" 508 288 "-" "Mozilla/5.0 (Windows NT 10.0; Win64; x64) Chrome/120.0 Safari/537.36"
123.25.63.130 - - [25/Aug/2026:23:43:34 +0500] "GET //.well-known/simple.php HTTP/1.1" 301 - "-" "Mozilla/5.0 (Windows NT 10.0; Win64; x64) Chrome/120.0 Safari/537.36"
123.25.63.130 - - [25/Aug/2026:23:43:38 +0500] "GET /ru/.well-known/simple.php HTTP/1.1" 508 288 "-" "Mozilla/5.0 (Windows NT 10.0; Win64; x64) Chrome/120.0 Safari/537.36"
123.25.63.130 - - [25/Aug/2026:23:43:43 +0500] "GET //FOXYBET77/admin/mfaaaa4.php HTTP/1.1" 508 288 "-" "Mozilla/5.0 (Windows NT 10.0; Win64; x64) Chrome/120.0 Safari/537.36"
123.25.63.130 - - [25/Aug/2026:23:43:48 +0500] "GET //fw.php HTTP/1.1" 508 288 "-" "Mozilla/5.0 (Windows NT 10.0; Win64; x64) Chrome/120.0 Safari/537.36"
123.25.63.130 - - [25/Aug/2026:23:43:53 +0500] "GET //mrjn.php HTTP/1.1" 508 288 "-" "Mozilla/5.0 (Windows NT 10.0; Win64; x64) Chrome/120.0 Safari/537.36"
123.25.63.130 - - [25/Aug/2026:23:43:59 +0500] "GET //new.php HTTP/1.1" 301 - "-" "Mozilla/5.0 (Windows NT 10.0; Win64; x64) Chrome/120.0 Safari/537.36"
123.25.63.130 - - [25/Aug/2026:23:44:04 +0500] "GET /ru/new.php HTTP/1.1" 508 288 "-" "Mozilla/5.0 (Windows NT 10.0; Win64; x64) Chrome/120.0 Safari/537.36"
123.25.63.130 - - [25/Aug/2026:23:44:07 +0500] "GET //wp-includes/js/tinymce/skins/lightgray/fonts/index.php HTTP/1.1" 508 288 "-" "Mozilla/5.0 (Windows NT 10.0; Win64; x64) Chrome/120.0 Safari/537.36"
123.25.63.130 - - [25/Aug/2026:23:44:11 +0500] "GET //_vti_txt/pdbWuesqsK.php HTTP/1.1" 301 - "-" "Mozilla/5.0 (Windows NT 10.0; Win64; x64) Chrome/120.0 Safari/537.36"
123.25.63.130 - - [25/Aug/2026:23:44:15 +0500] "GET /ru/_vti_txt/pdbWuesqsK.php HTTP/1.1" 508 288 "-" "Mozilla/5.0 (Windows NT 10.0; Win64; x64) Chrome/120.0 Safari/537.36"
123.25.63.130 - - [25/Aug/2026:23:44:18 +0500] "GET //wp-includes/Text/Diff/Engine/eagle.php HTTP/1.1" 508 288 "-" "Mozilla/5.0 (Windows NT 10.0; Win64; x64) Chrome/120.0 Safari/537.36"
