114.119.139.19 - - [25/Aug/2026:21:49:02 +0500] "GET /ru/component/mailto?tmpl=component&template=uml&link=14326f0cc0adf5a55f2adf694479a5cc1eca1a1d HTTP/1.1" 508 288 "https://www.uml.uz/ru/news-rus/2-uncategorised?start=95" "Mozilla/5.0 (Linux; Android 7.0;) AppleWebKit/537.36 (HTML, like Gecko) Mobile Safari/537.36 (compatible; PetalBot;+https://webmaster.petalsearch.com/site/petalbot)"
17.241.227.8 - - [25/Aug/2026:21:49:13 +0500] "GET /robots.txt HTTP/1.1" 301 - "-" "Mozilla/5.0 (Macintosh; Intel Mac OS X 10_15_7) AppleWebKit/605.1.15 (KHTML, like Gecko) Version/17.4 Safari/605.1.15 (Applebot/0.1; +http://www.apple.com/go/applebot)"
17.241.227.8 - - [25/Aug/2026:21:49:17 +0500] "GET /ru/robots.txt HTTP/1.1" 404 1892 "-" "Mozilla/5.0 (Macintosh; Intel Mac OS X 10_15_7) AppleWebKit/605.1.15 (KHTML, like Gecko) Version/17.4 Safari/605.1.15 (Applebot/0.1; +http://www.apple.com/go/applebot)"
54.81.241.39 - - [25/Aug/2026:21:49:22 +0500] "GET /ru/about-org-rus/general-info-rus/2-uncategorised?format=feed&type=rss HTTP/1.1" 508 288 "https://www.google.com/" "Mozilla/5.0 (Windows NT 10.0; Win64; x64) AppleWebKit/537.36 (KHTML, like Gecko) Chrome/80.0.3987.122 Safari/537.36 OPR/67.0.3575.53"
17.241.227.8 - - [25/Aug/2026:21:49:22 +0500] "GET /ru/?s=%EF%BF%BD%20s HTTP/1.1" 200 49371 "-" "Mozilla/5.0 (Macintosh; Intel Mac OS X 10_15_7) AppleWebKit/605.1.15 (KHTML, like Gecko) Version/17.4 Safari/605.1.15 (Applebot/0.1; +http://www.apple.com/go/applebot)"
40.77.167.35 - - [25/Aug/2026:21:49:23 +0500] "GET /ru/?cbid=2517367&csid=0&mode=cate HTTP/1.1" 200 49467 "-" "Mozilla/5.0 AppleWebKit/537.36 (KHTML, like Gecko; compatible; bingbot/2.0; +http://www.bing.com/bingbot.htm) Chrome/116.0.1938.76 Safari/537.36"
34.56.53.225 - - [25/Aug/2026:21:49:30 +0500] "GET /ru/shareholders-rus/events-rus?template=uml HTTP/1.1" 200 31455 "-" "Mozilla/5.0 (Macintosh; Intel Mac OS X 10_15_7) AppleWebKit/537.36 (KHTML, like Gecko) Chrome/120.0.0.0 Safari/537.36"
34.123.149.87 - - [25/Aug/2026:21:49:30 +0500] "GET /uz/about-org-uzb/history-uzb HTTP/1.1" 200 27935 "-" "Mozilla/5.0 (Macintosh; Intel Mac OS X 10_15_7) AppleWebKit/537.36 (KHTML, like Gecko) Chrome/120.0.0.0 Safari/537.36"
57.141.20.65 - - [25/Aug/2026:21:49:50 +0500] "GET /ru/?cbid=1425873%27))),GTID_SUBSET(CONCAT(%27~%27,(SELECT/**/(ELT(10558=10558,1))),%27~%27),10558)%20AND%20(((%27G0D34uPQ%27%20LIKE%20%27G0D34uPQ&csid=0&start=15 HTTP/1.1" 200 48475 "-" "Mozilla/5.0 (Macintosh; Intel Mac OS X 10_15_7) AppleWebKit/537.36 (KHTML, like Gecko) Chrome/145.0.0.0 Safari/537.36 (compatible; meta-externalagent/1.1 (+https://developers.facebook.com/docs/sharing/webmasters/crawler))"
57.141.20.26 - - [25/Aug/2026:21:49:56 +0500] "GET /templates/uml/images/header.png HTTP/1.1" 200 2828 "https://mail.uml.uz/templates/uml/css/template.css" "Mozilla/5.0 (Macintosh; Intel Mac OS X 10_15_7) AppleWebKit/537.36 (KHTML, like Gecko) Chrome/145.0.0.0 Safari/537.36 (compatible; meta-externalagent/1.1 (+https://developers.facebook.com/docs/sharing/webmasters/crawler))"
114.119.158.112 - - [25/Aug/2026:21:50:25 +0500] "GET /ru/about-org-rus/structure-rus/2-uncategorised/492-unanswered-questions-about-chemistry-assignment-help?tmpl=component&print=1 HTTP/1.1" 404 1892 "https://www.uml.uz/ru/about-org-rus/structure-rus/2-uncategorised/492-unanswered-questions-about-chemistry-assignment-help" "Mozilla/5.0 (Linux; Android 7.0;) AppleWebKit/537.36 (HTML, like Gecko) Mobile Safari/537.36 (compatible; PetalBot;+https://webmaster.petalsearch.com/site/petalbot)"
34.61.96.6 - - [25/Aug/2026:21:50:42 +0500] "GET /uz/about-org-uzb/plans-uzb?format=feed&type=rss HTTP/1.1" 200 7042 "-" "Mozilla/5.0 (Macintosh; Intel Mac OS X 10_15_7) AppleWebKit/537.36 (KHTML, like Gecko) Chrome/120.0.0.0 Safari/537.36"
34.30.223.149 - - [25/Aug/2026:21:50:42 +0500] "GET /uz/shareholders-uzb/facts-uzb/99-sush-fakt-2017?print=1&tmpl=component HTTP/1.1" 200 4166 "-" "Mozilla/5.0 (Macintosh; Intel Mac OS X 10_15_7) AppleWebKit/537.36 (KHTML, like Gecko) Chrome/120.0.0.0 Safari/537.36"
34.10.180.98 - - [25/Aug/2026:21:50:54 +0500] "GET /uz/component/mailto/?link=2e96053182e314a5337ce5c56729df569142c96e&template=uml&tmpl=component HTTP/1.1" 200 4531 "-" "Mozilla/5.0 (Macintosh; Intel Mac OS X 10_15_7) AppleWebKit/537.36 (KHTML, like Gecko) Chrome/120.0.0.0 Safari/537.36"
57.141.10.68 - - [25/Aug/2026:21:51:28 +0500] "GET / HTTP/1.1" 301 - "-" "facebookexternalhit/1.1 (+http://www.facebook.com/externalhit_uatext.php)"
57.141.20.59 - - [25/Aug/2026:21:51:45 +0500] "GET /ru/?gid=2472485&mode=grp&sort=n&format=feed&type=atom HTTP/1.1" 508 288 "-" "Mozilla/5.0 (Windows NT 10.0; Win64; x64) AppleWebKit/537.36 (KHTML, like Gecko) Chrome/145.0.0.0 Safari/537.36 (compatible; meta-externalagent/1.1 (+https://developers.facebook.com/docs/sharing/webmasters/crawler))"
40.77.167.76 - - [25/Aug/2026:21:51:43 +0500] "GET /ru/?cbid=2034259&csid=0%27&mode=cate&start=5 HTTP/1.1" 200 50974 "-" "Mozilla/5.0 AppleWebKit/537.36 (KHTML, like Gecko; compatible; bingbot/2.0; +http://www.bing.com/bingbot.htm) Chrome/116.0.1938.76 Safari/537.36"
157.55.39.49 - - [25/Aug/2026:21:51:51 +0500] "GET /uz/?cbid=2435509&csid=0&mode=cate&start=10 HTTP/1.1" 200 47032 "-" "Mozilla/5.0 AppleWebKit/537.36 (KHTML, like Gecko; compatible; bingbot/2.0; +http://www.bing.com/bingbot.htm) Chrome/116.0.1938.76 Safari/537.36"
34.123.149.87 - - [25/Aug/2026:21:52:04 +0500] "GET /docs/2026/balans-2-6-2026.xls HTTP/1.1" 200 50176 "-" "Mozilla/5.0 (Macintosh; Intel Mac OS X 10_15_7) AppleWebKit/537.36 (KHTML, like Gecko) Chrome/120.0.0.0 Safari/537.36"
34.61.96.6 - - [25/Aug/2026:21:52:23 +0500] "GET /uz/shareholders-uzb/reports-uzb?format=feed&template=accessibility&type=atom HTTP/1.1" 200 13076 "-" "Mozilla/5.0 (Macintosh; Intel Mac OS X 10_15_7) AppleWebKit/537.36 (KHTML, like Gecko) Chrome/120.0.0.0 Safari/537.36"
34.123.149.87 - - [25/Aug/2026:21:52:29 +0500] "GET /uz/oficially-uzb/tenders-uzb/1235-tender-audit-2025 HTTP/1.1" 200 30464 "-" "Mozilla/5.0 (Macintosh; Intel Mac OS X 10_15_7) AppleWebKit/537.36 (KHTML, like Gecko) Chrome/120.0.0.0 Safari/537.36"
92.222.108.123 - - [25/Aug/2026:21:52:30 +0500] "GET /robots.txt HTTP/1.1" 301 - "-" "Mozilla/5.0 (compatible; AhrefsBot/7.0; +http://ahrefs.com/robot/)"
92.222.108.123 - - [25/Aug/2026:21:52:31 +0500] "GET /ru/robots.txt HTTP/1.1" 404 1892 "-" "Mozilla/5.0 (compatible; AhrefsBot/7.0; +http://ahrefs.com/robot/)"
51.89.129.236 - - [25/Aug/2026:21:52:33 +0500] "GET /uz/news-uzb/1224-meeting-30-06-2025 HTTP/1.1" 200 33486 "-" "Mozilla/5.0 (compatible; AhrefsBot/7.0; +http://ahrefs.com/robot/)"
185.191.171.9 - - [25/Aug/2026:21:52:35 +0500] "GET /uz/?cbid=1398930&csid=0&mode=cate HTTP/1.1" 200 46734 "-" "Mozilla/5.0 (compatible; SemrushBot/7~bl; +http://www.semrush.com/bot.html)"
185.191.171.9 - - [25/Aug/2026:21:52:53 +0500] "GET /ru/?cbid=2058622&csid=0&mode=cate&start=20 HTTP/1.1" 200 53657 "-" "Mozilla/5.0 (compatible; SemrushBot/7~bl; +http://www.semrush.com/bot.html)"
51.83.5.74 - - [25/Aug/2026:21:53:07 +0500] "GET /robots.txt HTTP/1.1" 301 - "-" "Mozilla/5.0 (compatible; MJ12bot/v1.4.8; http://mj12bot.com/)"
51.83.5.74 - - [25/Aug/2026:21:53:08 +0500] "GET /ru/robots.txt HTTP/1.1" 404 1892 "-" "Mozilla/5.0 (compatible; MJ12bot/v1.4.8; http://mj12bot.com/)"
51.83.5.74 - - [25/Aug/2026:21:53:11 +0500] "GET /ru/?month=200912&format=feed&type=atom HTTP/1.1" 200 18430 "-" "Mozilla/5.0 (compatible; MJ12bot/v1.4.8; http://mj12bot.com/)"
51.83.5.74 - - [25/Aug/2026:21:53:14 +0500] "GET /ru/?month=200912&format=feed&type=rss HTTP/1.1" 200 11022 "-" "Mozilla/5.0 (compatible; MJ12bot/v1.4.8; http://mj12bot.com/)"
51.83.5.74 - - [25/Aug/2026:21:53:16 +0500] "GET /ru/?month=200912&start=10 HTTP/1.1" 200 49692 "-" "Mozilla/5.0 (compatible; MJ12bot/v1.4.8; http://mj12bot.com/)"
51.83.5.74 - - [25/Aug/2026:21:53:22 +0500] "GET /ru/?month=200912&start=15 HTTP/1.1" 200 48449 "-" "Mozilla/5.0 (compatible; MJ12bot/v1.4.8; http://mj12bot.com/)"
51.83.5.74 - - [25/Aug/2026:21:53:28 +0500] "GET /ru/?month=200912&start=20 HTTP/1.1" 200 50335 "-" "Mozilla/5.0 (compatible; MJ12bot/v1.4.8; http://mj12bot.com/)"
51.83.5.74 - - [25/Aug/2026:21:53:30 +0500] "GET /ru/?month=200912&start=25 HTTP/1.1" 200 44957 "-" "Mozilla/5.0 (compatible; MJ12bot/v1.4.8; http://mj12bot.com/)"
51.83.5.74 - - [25/Aug/2026:21:53:35 +0500] "GET /ru/?pid=98529004 HTTP/1.1" 200 49355 "-" "Mozilla/5.0 (compatible; MJ12bot/v1.4.8; http://mj12bot.com/)"
34.57.162.91 - - [25/Aug/2026:21:53:45 +0500] "GET /uz/about-org-uzb/activity-uzb/2-uncategorised?format=feed&type=atom HTTP/1.1" 508 288 "-" "Mozilla/5.0 (Macintosh; Intel Mac OS X 10_15_7) AppleWebKit/537.36 (KHTML, like Gecko) Chrome/120.0.0.0 Safari/537.36"
34.171.68.95 - - [25/Aug/2026:21:53:39 +0500] "GET /uz/officially-rus/ustav-rus?template=uml HTTP/1.1" 200 25944 "-" "Mozilla/5.0 (Macintosh; Intel Mac OS X 10_15_7) AppleWebKit/537.36 (KHTML, like Gecko) Chrome/120.0.0.0 Safari/537.36"
51.83.5.74 - - [25/Aug/2026:21:53:46 +0500] "GET /ru/?pid=98529004&format=feed&type=atom HTTP/1.1" 200 18430 "-" "Mozilla/5.0 (compatible; MJ12bot/v1.4.8; http://mj12bot.com/)"
51.83.5.74 - - [25/Aug/2026:21:53:57 +0500] "GET /ru/?pid=98529004&format=feed&type=rss HTTP/1.1" 508 288 "-" "Mozilla/5.0 (compatible; MJ12bot/v1.4.8; http://mj12bot.com/)"
207.46.13.64 - - [25/Aug/2026:21:54:08 +0500] "GET /ru/?cbid=1425873&csid=0)%20WHERE%203168=3168AND/**/JSON_KEYS((SELECT/**/CONVERT((SELECT/**/CONCAT('~',(SELECT/**/(ELT(10189=10189,1))),'~'))/**/USING/**/utf8)))--%20-&start=5 HTTP/1.1" 508 288 "-" "Mozilla/5.0 AppleWebKit/537.36 (KHTML, like Gecko; compatible; bingbot/2.0; +http://www.bing.com/bingbot.htm) Chrome/116.0.1938.76 Safari/537.36"
51.83.5.74 - - [25/Aug/2026:21:54:04 +0500] "GET /ru/?pid=98529004&start=10 HTTP/1.1" 200 49571 "-" "Mozilla/5.0 (compatible; MJ12bot/v1.4.8; http://mj12bot.com/)"
51.83.5.74 - - [25/Aug/2026:21:54:12 +0500] "GET /ru/?pid=98529004&start=15 HTTP/1.1" 508 288 "-" "Mozilla/5.0 (compatible; MJ12bot/v1.4.8; http://mj12bot.com/)"
51.83.5.74 - - [25/Aug/2026:21:54:15 +0500] "GET /ru/?pid=98529004&start=20 HTTP/1.1" 200 53641 "-" "Mozilla/5.0 (compatible; MJ12bot/v1.4.8; http://mj12bot.com/)"
51.83.5.74 - - [25/Aug/2026:21:54:23 +0500] "GET /ru/?pid=98529004&start=25 HTTP/1.1" 200 46128 "-" "Mozilla/5.0 (compatible; MJ12bot/v1.4.8; http://mj12bot.com/)"
57.141.22.35 - - [25/Aug/2026:21:54:38 +0500] "GET / HTTP/1.1" 508 288 "-" "facebookexternalhit/1.1 (+http://www.facebook.com/externalhit_uatext.php)"
51.83.5.74 - - [25/Aug/2026:21:54:35 +0500] "GET /ru/?pid=98529004&start=5 HTTP/1.1" 200 50958 "-" "Mozilla/5.0 (compatible; MJ12bot/v1.4.8; http://mj12bot.com/)"
34.123.149.87 - - [25/Aug/2026:21:54:39 +0500] "GET /ru/shareholders-rus/reports-rus/2-uncategorised/105-auditorskoe-zaklyuchenie-za-2018-god HTTP/1.1" 200 29311 "-" "Mozilla/5.0 (Macintosh; Intel Mac OS X 10_15_7) AppleWebKit/537.36 (KHTML, like Gecko) Chrome/120.0.0.0 Safari/537.36"
51.83.5.74 - - [25/Aug/2026:21:54:42 +0500] "GET /ru/?id=3 HTTP/1.1" 200 49243 "-" "Mozilla/5.0 (compatible; MJ12bot/v1.4.8; http://mj12bot.com/)"
51.83.5.74 - - [25/Aug/2026:21:54:47 +0500] "GET /ru/?id=3&format=feed&type=atom HTTP/1.1" 200 18422 "-" "Mozilla/5.0 (compatible; MJ12bot/v1.4.8; http://mj12bot.com/)"
34.57.162.91 - - [25/Aug/2026:21:54:55 +0500] "GET /ru/shareholders-rus/dividends-rus?template=accessibility HTTP/1.1" 508 288 "-" "Mozilla/5.0 (Macintosh; Intel Mac OS X 10_15_7) AppleWebKit/537.36 (KHTML, like Gecko) Chrome/120.0.0.0 Safari/537.36"
156.59.198.136 - - [25/Aug/2026:21:54:55 +0500] "GET /images/content/sush_fakti_2016/%D0%A1%D1%83%D1%88_%D1%84%D0%B0%D0%BA%D1%82_81.doc HTTP/1.1" 508 288 "-" "Mozilla/5.0 (Linux; Android 5.0) AppleWebKit/537.36 (KHTML, like Gecko) Mobile Safari/537.36 (compatible; Bytespider; spider-feedback@bytedance.com)"
51.83.5.74 - - [25/Aug/2026:21:54:53 +0500] "GET /ru/?c_id=66&start=20 HTTP/1.1" 200 53641 "-" "Mozilla/5.0 (compatible; MJ12bot/v1.4.8; http://mj12bot.com/)"
157.55.39.9 - - [25/Aug/2026:21:55:03 +0500] "GET /c-m-au/car-lights/headlight-bulbs/led HTTP/1.1" 301 - "-" "Mozilla/5.0 AppleWebKit/537.36 (KHTML, like Gecko; compatible; bingbot/2.0; +http://www.bing.com/bingbot.htm) Chrome/116.0.1938.76 Safari/537.36"
51.83.5.74 - - [25/Aug/2026:21:55:04 +0500] "GET /ru/?v=sulkamsg30y&feature=youtu.be HTTP/1.1" 200 49511 "-" "Mozilla/5.0 (compatible; MJ12bot/v1.4.8; http://mj12bot.com/)"
35.153.86.200 - - [25/Aug/2026:21:55:06 +0500] "GET /ru/?/?id=835&start=20 HTTP/1.1" 200 53657 "-" "Mozilla/5.0 AppleWebKit/537.36 (KHTML, like Gecko; compatible; Amazonbot/0.1; +https://developer.amazon.com/support/amazonbot) Chrome/119.0.6045.214 Safari/537.36"
51.83.5.74 - - [25/Aug/2026:21:55:21 +0500] "GET /ru/?v=sulkamsg30y&feature=youtu.be&format=feed&type=rss HTTP/1.1" 200 11044 "-" "Mozilla/5.0 (compatible; MJ12bot/v1.4.8; http://mj12bot.com/)"
51.83.5.74 - - [25/Aug/2026:21:55:32 +0500] "GET /ru/?v=sulkamsg30y&feature=youtu.be&start=10 HTTP/1.1" 200 49571 "-" "Mozilla/5.0 (compatible; MJ12bot/v1.4.8; http://mj12bot.com/)"
51.83.5.74 - - [25/Aug/2026:21:55:43 +0500] "GET /ru/?v=sulkamsg30y&feature=youtu.be&start=20 HTTP/1.1" 508 288 "-" "Mozilla/5.0 (compatible; MJ12bot/v1.4.8; http://mj12bot.com/)"
51.83.5.74 - - [25/Aug/2026:21:55:44 +0500] "GET /ru/?v=sulkamsg30y&feature=youtu.be&start=25 HTTP/1.1" 200 45155 "-" "Mozilla/5.0 (compatible; MJ12bot/v1.4.8; http://mj12bot.com/)"
51.83.5.74 - - [25/Aug/2026:21:55:52 +0500] "GET /ru/?v=sulkamsg30y&feature=youtu.be&start=5 HTTP/1.1" 200 50958 "-" "Mozilla/5.0 (compatible; MJ12bot/v1.4.8; http://mj12bot.com/)"
57.141.20.73 - - [25/Aug/2026:21:55:57 +0500] "GET /ru/?pid=154353358&start=5 HTTP/1.1" 508 288 "-" "Mozilla/5.0 (Windows NT 10.0; Win64; x64) AppleWebKit/537.36 (KHTML, like Gecko) Chrome/145.0.0.0 Safari/537.36 (compatible; meta-externalagent/1.1 (+https://developers.facebook.com/docs/sharing/webmasters/crawler))"
51.83.5.74 - - [25/Aug/2026:21:55:58 +0500] "GET /ru/?AND_1=1%20OR%20(%3C'%22%3EiKO)),&cat='nvOpzp&format=feed&type=atom HTTP/1.1" 508 288 "-" "Mozilla/5.0 (compatible; MJ12bot/v1.4.8; http://mj12bot.com/)"
51.83.5.74 - - [25/Aug/2026:21:56:04 +0500] "GET /ru/?AND_1=1%20OR%20(%3C'%22%3EiKO)),&cat='nvOpzp&format=feed&type=rss HTTP/1.1" 200 11063 "-" "Mozilla/5.0 (compatible; MJ12bot/v1.4.8; http://mj12bot.com/)"
51.83.5.74 - - [25/Aug/2026:21:56:09 +0500] "GET /ru/?category_name=new'%20AND%20,(SELECT/**/6732/**/FROM/**/(SELECT/**/ROW(6732,3257)%3E(SELECT/**/COUNT(*),CONCAT('~',(SELECT/**/(ELT(6732=6732,1))),'~',FLOOR(RAND(0)*2))x/**/FROM/**/(SELECT/**/4612/**/UNION/**/SELECT/**/9632/**/UNION/**/SELECT/**/7756/**/UNION/**/SELECT/**/5305)a/**/GROUP/**/BY/**/x))s)--%20-&start=5 HTTP/1.1" 200 50958 "-" "Mozilla/5.0 (compatible; MJ12bot/v1.4.8; http://mj12bot.com/)"
51.83.5.74 - - [25/Aug/2026:21:56:17 +0500] "GET /ru/?category_name=new'))%20AND%20EXTRACTVALUE(2011,CONCAT(0x7e,((SELECT%20(ELT(2011=2011,1)))),0x7e))--%20-&format=feed&type=atom HTTP/1.1" 200 18521 "-" "Mozilla/5.0 (compatible; MJ12bot/v1.4.8; http://mj12bot.com/)"
51.83.5.74 - - [25/Aug/2026:21:56:21 +0500] "GET /ru/?category_name=new'))%20AND%20EXTRACTVALUE(2011,CONCAT(0x7e,((SELECT%20(ELT(2011=2011,1)))),0x7e))--%20-&format=feed&type=rss HTTP/1.1" 200 11113 "-" "Mozilla/5.0 (compatible; MJ12bot/v1.4.8; http://mj12bot.com/)"
85.208.96.204 - - [25/Aug/2026:21:56:24 +0500] "GET /uz/?cbid=1487101&csid=0&mode=cate&start=5 HTTP/1.1" 200 47944 "-" "Mozilla/5.0 (compatible; SemrushBot/7~bl; +http://www.semrush.com/bot.html)"
198.244.240.58 - - [25/Aug/2026:21:56:35 +0500] "GET /media/ext_tss/assets/js/script.js HTTP/1.1" 200 1117 "-" "Mozilla/5.0 (compatible; AhrefsBot/7.0; +http://ahrefs.com/robot/)"
198.244.242.138 - - [25/Aug/2026:21:56:36 +0500] "GET /media/ext_tss/assets/css/style.css HTTP/1.1" 200 2396 "-" "Mozilla/5.0 (compatible; AhrefsBot/7.0; +http://ahrefs.com/robot/)"
51.83.5.74 - - [25/Aug/2026:21:56:41 +0500] "GET /ru/?category_name=new'AND%203306=CONCAT('~',(SELECT%20(CASE%20WHEN%20(3306=3306)%20THEN%20'1'%20ELSE%20'0'%20END)),'~')%20AND%20'HfED31Wj'%20LIKE%20'HfED31Wj&format=feed&type=atom HTTP/1.1" 200 18571 "-" "Mozilla/5.0 (compatible; MJ12bot/v1.4.8; http://mj12bot.com/)"
51.83.5.74 - - [25/Aug/2026:21:56:49 +0500] "GET /ru/?category_name=new'AND%203306=CONCAT('~',(SELECT%20(CASE%20WHEN%20(3306=3306)%20THEN%20'1'%20ELSE%20'0'%20END)),'~')%20AND%20'HfED31Wj'%20LIKE%20'HfED31Wj&format=feed&type=rss HTTP/1.1" 508 288 "-" "Mozilla/5.0 (compatible; MJ12bot/v1.4.8; http://mj12bot.com/)"
51.83.5.74 - - [25/Aug/2026:21:56:56 +0500] "GET /ru/?cbid=1398925&csid=0&mode=cate%22%20AND%20EXTRACTVALUE(9577,CONCAT(0x7e,((SELECT%20(ELT(9577=9577,1)))),0x7e))--%20-&format=feed&type=atom HTTP/1.1" 200 18544 "-" "Mozilla/5.0 (compatible; MJ12bot/v1.4.8; http://mj12bot.com/)"
51.83.5.74 - - [25/Aug/2026:21:57:06 +0500] "GET /ru/?cbid=1398925&csid=0&mode=cate%22%20AND%20EXTRACTVALUE(9577,CONCAT(0x7e,((SELECT%20(ELT(9577=9577,1)))),0x7e))--%20-&format=feed&type=rss HTTP/1.1" 200 11136 "-" "Mozilla/5.0 (compatible; MJ12bot/v1.4.8; http://mj12bot.com/)"
51.83.5.74 - - [25/Aug/2026:21:57:13 +0500] "GET /ru/?cbid=1398925,(SELECT/**/'~'%20(SELECT/**/(CASE/**/WHEN/**/(7444=7444)/**/THEN/**/'1'/**/ELSE/**/'0'/**/END))%20'~'))%20AND%20(%2258f05OKG%22=%2258f05OKG%22&format=feed&type=atom HTTP/1.1" 200 18585 "-" "Mozilla/5.0 (compatible; MJ12bot/v1.4.8; http://mj12bot.com/)"
51.83.5.74 - - [25/Aug/2026:21:57:24 +0500] "GET /ru/?cbid=1398925,(SELECT/**/'~'%20(SELECT/**/(CASE/**/WHEN/**/(7444=7444)/**/THEN/**/'1'/**/ELSE/**/'0'/**/END))%20'~'))%20AND%20(%2258f05OKG%22=%2258f05OKG%22&format=feed&type=rss HTTP/1.1" 200 11177 "-" "Mozilla/5.0 (compatible; MJ12bot/v1.4.8; http://mj12bot.com/)"
51.83.5.74 - - [25/Aug/2026:21:57:35 +0500] "GET /ru/?cbid=1425873&csid=-0%20UNION%20ALL%20SELECT%20NULL,'rurthpabyxyolxsudomhhimnebprsfpz',NULL--%2065iny5&mode=cate&format=feed&type=atom HTTP/1.1" 200 18537 "-" "Mozilla/5.0 (compatible; MJ12bot/v1.4.8; http://mj12bot.com/)"
51.83.5.74 - - [25/Aug/2026:21:57:43 +0500] "GET /ru/?cbid=1425873&csid=-0%20UNION%20ALL%20SELECT%20NULL,'rurthpabyxyolxsudomhhimnebprsfpz',NULL--%2065iny5&mode=cate&format=feed&type=rss HTTP/1.1" 200 11129 "-" "Mozilla/5.0 (compatible; MJ12bot/v1.4.8; http://mj12bot.com/)"
57.141.4.51 - - [25/Aug/2026:21:57:49 +0500] "GET / HTTP/1.1" 508 288 "-" "facebookexternalhit/1.1 (+http://www.facebook.com/externalhit_uatext.php)"
51.83.5.74 - - [25/Aug/2026:21:57:51 +0500] "GET /ru/?cbid=1425873&csid=0'AND%206347=CONCAT('~',(SELECT%20(CASE%20WHEN%20(6347=6347)%20THEN%20'1'%20ELSE%20'0'%20END)),'~')%20AND%20'9UE9XiFr'%20LIKE%20'9UE9XiFr&format=feed&type=atom HTTP/1.1" 508 288 "-" "Mozilla/5.0 (compatible; MJ12bot/v1.4.8; http://mj12bot.com/)"
51.83.5.74 - - [25/Aug/2026:21:57:57 +0500] "GET /ru/?cbid=1425873&csid=0'AND%206347=CONCAT('~',(SELECT%20(CASE%20WHEN%20(6347=6347)%20THEN%20'1'%20ELSE%20'0'%20END)),'~')%20AND%20'9UE9XiFr'%20LIKE%20'9UE9XiFr&format=feed&type=rss HTTP/1.1" 200 11169 "-" "Mozilla/5.0 (compatible; MJ12bot/v1.4.8; http://mj12bot.com/)"
157.55.39.60 - - [25/Aug/2026:21:58:10 +0500] "GET /ru/?cbid=1425873'%20AND%20AND/**/3453=ANY(ARRAY(SELECT/**/CAST('~'%7C%7C(SELECT/**/(CASE/**/WHEN/**/(3453=3453)/**/THEN/**/1/**/ELSE/**/0/**/END))::text%7C%7C'~'/**/AS/**/INTEGER)))--%20-&csid=0&start=25 HTTP/1.1" 200 45267 "-" "Mozilla/5.0 AppleWebKit/537.36 (KHTML, like Gecko; compatible; bingbot/2.0; +http://www.bing.com/bingbot.htm) Chrome/116.0.1938.76 Safari/537.36"
51.83.5.74 - - [25/Aug/2026:21:58:10 +0500] "GET /ru/?cbid=1425873AND/**/5360=DBMS_UTILITY.SQLID_TO_SQLHASH(CHR(126)%7C%7C&format=feed&type=atom HTTP/1.1" 200 18482 "-" "Mozilla/5.0 (compatible; MJ12bot/v1.4.8; http://mj12bot.com/)"
51.83.5.74 - - [25/Aug/2026:21:58:21 +0500] "GET /ru/?cbid=1425873AND/**/5360=DBMS_UTILITY.SQLID_TO_SQLHASH(CHR(126)%7C%7C&format=feed&type=rss HTTP/1.1" 200 11074 "-" "Mozilla/5.0 (compatible; MJ12bot/v1.4.8; http://mj12bot.com/)"
57.141.20.37 - - [25/Aug/2026:21:58:21 +0500] "GET /ru/?up-time=eval(base64_decode(ZXZhbCgkX1JFUVVFU1RbJ2NvZGUnXSk7));&format=feed&type=rss HTTP/1.1" 200 11227 "-" "Mozilla/5.0 (Macintosh; Intel Mac OS X 10_15_7) AppleWebKit/537.36 (KHTML, like Gecko) Chrome/145.0.0.0 Safari/537.36 (compatible; meta-externalagent/1.1 (+https://developers.facebook.com/docs/sharing/webmasters/crawler))"
57.141.20.0 - - [25/Aug/2026:21:58:28 +0500] "GET /ru/?/?month=201802&format=feed&type=atom HTTP/1.1" 508 288 "-" "Mozilla/5.0 (X11; Linux x86_64) AppleWebKit/537.36 (KHTML, like Gecko) Chrome/145.0.0.0 Safari/537.36 (compatible; meta-externalagent/1.1 (+https://developers.facebook.com/docs/sharing/webmasters/crawler))"
51.83.5.74 - - [25/Aug/2026:21:58:41 +0500] "GET /ru/?s=d%20&format=feed&type=atom HTTP/1.1" 508 288 "-" "Mozilla/5.0 (compatible; MJ12bot/v1.4.8; http://mj12bot.com/)"
57.141.20.58 - - [25/Aug/2026:21:58:41 +0500] "GET /ru/?cbid=1675596&csid=0&start=20 HTTP/1.1" 508 288 "-" "Mozilla/5.0 (Windows NT 10.0; Win64; x64) AppleWebKit/537.36 (KHTML, like Gecko) Chrome/145.0.0.0 Safari/537.36 (compatible; meta-externalagent/1.1 (+https://developers.facebook.com/docs/sharing/webmasters/crawler))"
51.83.5.74 - - [25/Aug/2026:21:58:46 +0500] "GET /ru/?s=d%20&format=feed&type=rss HTTP/1.1" 200 11016 "-" "Mozilla/5.0 (compatible; MJ12bot/v1.4.8; http://mj12bot.com/)"
51.83.5.74 - - [25/Aug/2026:21:58:50 +0500] "GET /robots.txt HTTP/1.1" 301 - "-" "Mozilla/5.0 (compatible; MJ12bot/v1.4.8; http://mj12bot.com/)"
51.83.5.74 - - [25/Aug/2026:21:58:54 +0500] "GET /ru/robots.txt HTTP/1.1" 508 288 "-" "Mozilla/5.0 (compatible; MJ12bot/v1.4.8; http://mj12bot.com/)"
34.30.223.149 - - [25/Aug/2026:21:58:50 +0500] "GET /ru/shareholders-rus/audit-rus/2-uncategorised/48-advantages-1 HTTP/1.1" 200 37584 "-" "Mozilla/5.0 (Macintosh; Intel Mac OS X 10_15_7) AppleWebKit/537.36 (KHTML, like Gecko) Chrome/120.0.0.0 Safari/537.36"
57.141.20.7 - - [25/Aug/2026:21:58:53 +0500] "GET /ru/?cbid=1398852&csid=0 HTTP/1.1" 200 49531 "-" "Mozilla/5.0 (X11; Linux x86_64) AppleWebKit/537.36 (KHTML, like Gecko) Chrome/145.0.0.0 Safari/537.36 (compatible; meta-externalagent/1.1 (+https://developers.facebook.com/docs/sharing/webmasters/crawler))"
57.141.20.16 - - [25/Aug/2026:21:58:55 +0500] "GET /ru/?cbid=1675596&csid=0&format=feed&type=rss HTTP/1.1" 200 11188 "-" "Mozilla/5.0 (X11; Linux x86_64) AppleWebKit/537.36 (KHTML, like Gecko) Chrome/145.0.0.0 Safari/537.36 (compatible; meta-externalagent/1.1 (+https://developers.facebook.com/docs/sharing/webmasters/crawler))"
85.208.96.210 - - [25/Aug/2026:21:59:08 +0500] "GET /ru/?s=%E3%82%B8%E3%83%96%E3%83%B3%E5%B0%82%E7%94%A8%E3%83%91%E3%82%BD%E3%82%B3%E3%83%B3&start=25 HTTP/1.1" 200 45171 "-" "Mozilla/5.0 (compatible; SemrushBot/7~bl; +http://www.semrush.com/bot.html)"
35.254.159.230 - - [25/Aug/2026:22:00:06 +0500] "GET /ru/shareholders-rus/audit-rus/1223-audit-2024?print=1&tmpl=component HTTP/1.1" 200 3933 "-" "Mozilla/5.0 (Macintosh; Intel Mac OS X 10_15_7) AppleWebKit/537.36 (KHTML, like Gecko) Chrome/120.0.0.0 Safari/537.36"
136.119.35.120 - - [25/Aug/2026:22:00:55 +0500] "GET /ru/component/mailto/?link=668fce3c441c6d7ba5f591172eaefbc8357ed548&template=uml&tmpl=component HTTP/1.1" 508 288 "-" "Mozilla/5.0 (Macintosh; Intel Mac OS X 10_15_7) AppleWebKit/537.36 (KHTML, like Gecko) Chrome/120.0.0.0 Safari/537.36"
57.141.16.10 - - [25/Aug/2026:22:00:55 +0500] "GET / HTTP/1.1" 508 288 "-" "facebookexternalhit/1.1 (+http://www.facebook.com/externalhit_uatext.php)"
34.56.53.225 - - [25/Aug/2026:22:01:01 +0500] "GET /uz/component/mailto/?link=e646976cc690be4e87e1dd063bd2646e49bc36ea&template=uml&tmpl=component HTTP/1.1" 508 288 "-" "Mozilla/5.0 (Macintosh; Intel Mac OS X 10_15_7) AppleWebKit/537.36 (KHTML, like Gecko) Chrome/120.0.0.0 Safari/537.36"
185.191.171.18 - - [25/Aug/2026:22:01:00 +0500] "GET /ru/?pid=159836550 HTTP/1.1" 200 49531 "-" "Mozilla/5.0 (compatible; SemrushBot/7~bl; +http://www.semrush.com/bot.html)"
85.208.96.197 - - [25/Aug/2026:22:01:06 +0500] "GET /ru/?cbid=2043179&csid=0&mode=cate HTTP/1.1" 508 288 "-" "Mozilla/5.0 (compatible; SemrushBot/7~bl; +http://www.semrush.com/bot.html)"
57.141.20.21 - - [25/Aug/2026:22:01:11 +0500] "GET /ru/?gid=939027&mode=grp&sort=n&start=10 HTTP/1.1" 508 288 "-" "Mozilla/5.0 (Windows NT 10.0; Win64; x64) AppleWebKit/537.36 (KHTML, like Gecko) Chrome/145.0.0.0 Safari/537.36 (compatible; meta-externalagent/1.1 (+https://developers.facebook.com/docs/sharing/webmasters/crawler))"
20.104.50.220 - - [25/Aug/2026:22:01:19 +0500] "GET /wp-content/plugins/hellopress/wp_filemanager.php HTTP/1.1" 404 5752 "-" "-"
20.104.50.220 - - [25/Aug/2026:22:01:20 +0500] "GET /this_is_a_new_hello_world.php HTTP/1.1" 404 5752 "-" "-"
20.104.50.220 - - [25/Aug/2026:22:01:20 +0500] "GET /doti.php HTTP/1.1" 404 5752 "-" "-"
20.104.50.220 - - [25/Aug/2026:22:01:20 +0500] "GET /cs3ihem.php HTTP/1.1" 404 5752 "-" "-"
185.191.171.12 - - [25/Aug/2026:22:01:20 +0500] "GET /uz/shareholders-uzb/jsc-docs-uzb/2-uncategorised/25-03-resheniya-prinyatye-vysshim-organom-upravleniya-emitenta-27-06-2014 HTTP/1.1" 508 288 "-" "Mozilla/5.0 (compatible; SemrushBot/7~bl; +http://www.semrush.com/bot.html)"
20.104.50.220 - - [25/Aug/2026:22:01:21 +0500] "GET /wp-eix5uf.php HTTP/1.1" 404 5752 "-" "-"
20.104.50.220 - - [25/Aug/2026:22:01:21 +0500] "GET /naxc.php HTTP/1.1" 404 5752 "-" "-"
20.104.50.220 - - [25/Aug/2026:22:01:22 +0500] "GET /lib.php HTTP/1.1" 404 5752 "-" "-"
20.104.50.220 - - [25/Aug/2026:22:01:22 +0500] "GET /LegioN_LeakeRs.php HTTP/1.1" 404 5752 "-" "-"
20.104.50.220 - - [25/Aug/2026:22:01:22 +0500] "GET /LOGO/lib.php HTTP/1.1" 404 5752 "-" "-"
20.104.50.220 - - [25/Aug/2026:22:01:24 +0500] "GET /LegioN_LeakeRs.php HTTP/1.1" 404 5752 "-" "-"
20.104.50.220 - - [25/Aug/2026:22:01:24 +0500] "GET /naxc.php HTTP/1.1" 404 5752 "-" "-"
20.104.50.220 - - [25/Aug/2026:22:01:24 +0500] "GET /db.php/new.php HTTP/1.1" 404 5752 "-" "-"
20.104.50.220 - - [25/Aug/2026:22:01:25 +0500] "GET /info.php/new.php HTTP/1.1" 404 5752 "-" "-"
20.104.50.220 - - [25/Aug/2026:22:01:25 +0500] "GET /lib.php/new.php HTTP/1.1" 404 5752 "-" "-"
20.104.50.220 - - [25/Aug/2026:22:01:26 +0500] "GET /log.php/new.php HTTP/1.1" 404 5752 "-" "-"
20.104.50.220 - - [25/Aug/2026:22:01:26 +0500] "GET /wp-content/plugins/seoplugins/index.php/new.php HTTP/1.1" 404 5752 "-" "-"
20.104.50.220 - - [25/Aug/2026:22:01:27 +0500] "GET /admin.php/nope.php HTTP/1.1" 404 5752 "-" "-"
20.104.50.220 - - [25/Aug/2026:22:01:27 +0500] "GET /wp-admin/css/mghnhykio.php/new.php HTTP/1.1" 404 5752 "-" "-"
20.104.50.220 - - [25/Aug/2026:22:01:28 +0500] "GET /files.php/new.php HTTP/1.1" 404 5752 "-" "-"
20.104.50.220 - - [25/Aug/2026:22:01:28 +0500] "GET /ty.php HTTP/1.1" 404 5752 "-" "-"
20.104.50.220 - - [25/Aug/2026:22:01:28 +0500] "GET /ton.php HTTP/1.1" 404 5752 "-" "-"
20.104.50.220 - - [25/Aug/2026:22:01:29 +0500] "GET /nfile.php HTTP/1.1" 404 5752 "-" "-"
20.104.50.220 - - [25/Aug/2026:22:01:29 +0500] "GET /wfile.php HTTP/1.1" 404 5752 "-" "-"
20.104.50.220 - - [25/Aug/2026:22:01:30 +0500] "GET /acp.php HTTP/1.1" 404 5752 "-" "-"
20.104.50.220 - - [25/Aug/2026:22:01:30 +0500] "GET /asas.php HTTP/1.1" 404 5752 "-" "-"
20.104.50.220 - - [25/Aug/2026:22:01:30 +0500] "GET /222.php HTTP/1.1" 404 5752 "-" "-"
20.104.50.220 - - [25/Aug/2026:22:01:31 +0500] "GET /wp-configs.php HTTP/1.1" 404 5752 "-" "-"
20.104.50.220 - - [25/Aug/2026:22:01:31 +0500] "GET /33.php HTTP/1.1" 404 5752 "-" "-"
20.104.50.220 - - [25/Aug/2026:22:01:32 +0500] "GET /555.php HTTP/1.1" 404 5752 "-" "-"
20.104.50.220 - - [25/Aug/2026:22:01:32 +0500] "GET /ppp.php HTTP/1.1" 404 5752 "-" "-"
20.104.50.220 - - [25/Aug/2026:22:01:32 +0500] "GET /file88.php HTTP/1.1" 404 5752 "-" "-"
20.104.50.220 - - [25/Aug/2026:22:01:33 +0500] "GET /file5.php HTTP/1.1" 404 5752 "-" "-"
20.104.50.220 - - [25/Aug/2026:22:01:33 +0500] "GET /ava.php HTTP/1.1" 404 5752 "-" "-"
20.104.50.220 - - [25/Aug/2026:22:01:34 +0500] "GET /403.php HTTP/1.1" 404 5752 "-" "-"
20.104.50.220 - - [25/Aug/2026:22:01:34 +0500] "GET /geck.php HTTP/1.1" 404 5752 "-" "-"
20.104.50.220 - - [25/Aug/2026:22:01:34 +0500] "GET /build.php HTTP/1.1" 404 5752 "-" "-"
20.104.50.220 - - [25/Aug/2026:22:01:35 +0500] "GET /p.php HTTP/1.1" 404 5752 "-" "-"
20.104.50.220 - - [25/Aug/2026:22:01:35 +0500] "GET /cc.php HTTP/1.1" 404 5752 "-" "-"
20.104.50.220 - - [25/Aug/2026:22:01:36 +0500] "GET /v1.php HTTP/1.1" 404 5752 "-" "-"
20.104.50.220 - - [25/Aug/2026:22:01:36 +0500] "GET /0x.php HTTP/1.1" 404 5752 "-" "-"
20.104.50.220 - - [25/Aug/2026:22:01:36 +0500] "GET /class629.php HTTP/1.1" 404 5752 "-" "-"
20.104.50.220 - - [25/Aug/2026:22:01:37 +0500] "GET /file21.php HTTP/1.1" 404 5752 "-" "-"
20.104.50.220 - - [25/Aug/2026:22:01:37 +0500] "GET /yellow.php HTTP/1.1" 404 5752 "-" "-"
20.104.50.220 - - [25/Aug/2026:22:01:38 +0500] "GET /777.php HTTP/1.1" 404 5752 "-" "-"
20.104.50.220 - - [25/Aug/2026:22:01:38 +0500] "GET /030.php HTTP/1.1" 404 5752 "-" "-"
20.104.50.220 - - [25/Aug/2026:22:01:38 +0500] "GET /cfile.php HTTP/1.1" 404 5752 "-" "-"
20.104.50.220 - - [25/Aug/2026:22:01:39 +0500] "GET /aaa.php HTTP/1.1" 404 5752 "-" "-"
20.104.50.220 - - [25/Aug/2026:22:01:39 +0500] "GET /class.php HTTP/1.1" 404 5752 "-" "-"
20.104.50.220 - - [25/Aug/2026:22:01:40 +0500] "GET /vee.php HTTP/1.1" 404 5752 "-" "-"
20.104.50.220 - - [25/Aug/2026:22:01:40 +0500] "GET /ws33.php HTTP/1.1" 404 5752 "-" "-"
20.104.50.220 - - [25/Aug/2026:22:01:40 +0500] "GET /menu.php HTTP/1.1" 404 5752 "-" "-"
20.104.50.220 - - [25/Aug/2026:22:01:41 +0500] "GET /1.php HTTP/1.1" 404 5752 "-" "-"
20.104.50.220 - - [25/Aug/2026:22:01:41 +0500] "GET /aa.php HTTP/1.1" 404 5752 "-" "-"
20.104.50.220 - - [25/Aug/2026:22:01:42 +0500] "GET /bolt.php HTTP/1.1" 404 5752 "-" "-"
20.104.50.220 - - [25/Aug/2026:22:01:42 +0500] "GET /v2.php HTTP/1.1" 404 5752 "-" "-"
20.104.50.220 - - [25/Aug/2026:22:01:42 +0500] "GET /class9.php HTTP/1.1" 404 5752 "-" "-"
20.104.50.220 - - [25/Aug/2026:22:01:43 +0500] "GET /abc.php HTTP/1.1" 404 5752 "-" "-"
20.104.50.220 - - [25/Aug/2026:22:01:43 +0500] "GET /f6.php HTTP/1.1" 404 5752 "-" "-"
20.104.50.220 - - [25/Aug/2026:22:01:44 +0500] "GET /new4.php HTTP/1.1" 404 5752 "-" "-"
185.191.171.2 - - [25/Aug/2026:22:01:44 +0500] "GET /ru/?category_name=newAND%2F%2A%2A%2FROW%287410%2C2583%29%3E%28SELECT%2F%2A%2A%2FCOUNT%28%2A%29%2CCONCAT%28%27~%27%2C%28SELECT%2F%2A%2A%2F%28ELT%287410%3D7410%2C1%29%29%29%2C%27~%27%2CFLOOR%28RAND%280%29%2A2%29%29x%2F%2A%2A%2FFROM%2F%2A%2A%2F%28SELECT%2F%2A%2A%2F10362%2F%2A%2A%2FUNION%2F%2A%2A%2FSELECT%2F%2A%2A%2F6848%2F%2A%2A%2FUNION%2F%2A%2A%2FSELECT%2F%2A%2A%2F2191%2F%2A%2A%2FUNION%2F%2A%2A%2FSELECT%2F%2A%2A%2F3714%29a%2F%2A%2A%2FGROUP%2F%2A%2A%2FBY%2F%2A%2A%2Fx%29--%20-&start=10 HTTP/1.1" 508 288 "-" "Mozilla/5.0 (compatible; SemrushBot/7~bl; +http://www.semrush.com/bot.html)"
20.104.50.220 - - [25/Aug/2026:22:01:44 +0500] "GET /xxx.php HTTP/1.1" 404 5752 "-" "-"
20.104.50.220 - - [25/Aug/2026:22:01:44 +0500] "GET /moon3.php HTTP/1.1" 404 5752 "-" "-"
20.104.50.220 - - [25/Aug/2026:22:01:45 +0500] "GET /wb.php HTTP/1.1" 404 5752 "-" "-"
20.104.50.220 - - [25/Aug/2026:22:01:45 +0500] "GET /mlex.php HTTP/1.1" 404 5752 "-" "-"
20.104.50.220 - - [25/Aug/2026:22:01:46 +0500] "GET /tox.php HTTP/1.1" 404 5752 "-" "-"
20.104.50.220 - - [25/Aug/2026:22:01:46 +0500] "GET /v3.php HTTP/1.1" 404 5752 "-" "-"
20.104.50.220 - - [25/Aug/2026:22:01:46 +0500] "GET /wp-is.php HTTP/1.1" 404 5752 "-" "-"
20.104.50.220 - - [25/Aug/2026:22:01:47 +0500] "GET /lala.php HTTP/1.1" 404 5752 "-" "-"
20.104.50.220 - - [25/Aug/2026:22:01:47 +0500] "GET /fileas.php HTTP/1.1" 404 5752 "-" "-"
20.104.50.220 - - [25/Aug/2026:22:01:48 +0500] "GET /file8.php HTTP/1.1" 404 5752 "-" "-"
20.104.50.220 - - [25/Aug/2026:22:01:48 +0500] "GET /x7.php HTTP/1.1" 404 5752 "-" "-"
20.104.50.220 - - [25/Aug/2026:22:01:49 +0500] "GET /moon.php HTTP/1.1" 404 5752 "-" "-"
20.104.50.220 - - [25/Aug/2026:22:01:49 +0500] "GET /fs.php HTTP/1.1" 404 5752 "-" "-"
20.104.50.220 - - [25/Aug/2026:22:01:49 +0500] "GET /v4.php HTTP/1.1" 404 5752 "-" "-"
20.104.50.220 - - [25/Aug/2026:22:01:50 +0500] "GET /wto.php HTTP/1.1" 404 5752 "-" "-"
20.104.50.220 - - [25/Aug/2026:22:01:50 +0500] "GET /CLA.php HTTP/1.1" 404 5752 "-" "-"
20.104.50.220 - - [25/Aug/2026:22:01:51 +0500] "GET /file1.php HTTP/1.1" 404 5752 "-" "-"
20.104.50.220 - - [25/Aug/2026:22:01:51 +0500] "GET /pp.php HTTP/1.1" 404 5752 "-" "-"
20.104.50.220 - - [25/Aug/2026:22:01:51 +0500] "GET /mds.php HTTP/1.1" 404 5752 "-" "-"
20.104.50.220 - - [25/Aug/2026:22:01:52 +0500] "GET /0x0x.php HTTP/1.1" 404 5752 "-" "-"
85.208.96.195 - - [25/Aug/2026:22:01:52 +0500] "GET /ru/officially-rus/norm-baza-rus?template=uml HTTP/1.1" 508 288 "-" "Mozilla/5.0 (compatible; SemrushBot/7~bl; +http://www.semrush.com/bot.html)"
20.104.50.220 - - [25/Aug/2026:22:01:52 +0500] "GET /file17.php HTTP/1.1" 404 5752 "-" "-"
20.104.50.220 - - [25/Aug/2026:22:01:53 +0500] "GET /flower.php HTTP/1.1" 404 5752 "-" "-"
20.104.50.220 - - [25/Aug/2026:22:01:53 +0500] "GET /444.php HTTP/1.1" 404 5752 "-" "-"
20.104.50.220 - - [25/Aug/2026:22:01:53 +0500] "GET /finny.php HTTP/1.1" 404 5752 "-" "-"
20.104.50.220 - - [25/Aug/2026:22:01:54 +0500] "GET /x.php HTTP/1.1" 404 5752 "-" "-"
20.104.50.220 - - [25/Aug/2026:22:01:54 +0500] "GET /1aa.php HTTP/1.1" 404 5752 "-" "-"
20.104.50.220 - - [25/Aug/2026:22:01:55 +0500] "GET /2.php HTTP/1.1" 404 5752 "-" "-"
20.104.50.220 - - [25/Aug/2026:22:01:55 +0500] "GET /class19.php HTTP/1.1" 404 5752 "-" "-"
20.104.50.220 - - [25/Aug/2026:22:01:55 +0500] "GET /he.php HTTP/1.1" 404 5752 "-" "-"
20.104.50.220 - - [25/Aug/2026:22:01:56 +0500] "GET /bless11.php HTTP/1.1" 404 5752 "-" "-"
20.104.50.220 - - [25/Aug/2026:22:01:56 +0500] "GET /sko.php HTTP/1.1" 404 5752 "-" "-"
20.104.50.220 - - [25/Aug/2026:22:01:57 +0500] "GET /o.php HTTP/1.1" 404 5752 "-" "-"
20.104.50.220 - - [25/Aug/2026:22:01:57 +0500] "GET /ws34.php HTTP/1.1" 404 5752 "-" "-"
20.104.50.220 - - [25/Aug/2026:22:01:57 +0500] "GET /mini.php HTTP/1.1" 404 5752 "-" "-"
20.104.50.220 - - [25/Aug/2026:22:01:58 +0500] "GET /inde.php HTTP/1.1" 404 5752 "-" "-"
20.104.50.220 - - [25/Aug/2026:22:01:58 +0500] "GET /111.php HTTP/1.1" 404 5752 "-" "-"
20.104.50.220 - - [25/Aug/2026:22:01:59 +0500] "GET /xxxx.php HTTP/1.1" 404 5752 "-" "-"
20.104.50.220 - - [25/Aug/2026:22:01:59 +0500] "GET /an7.php HTTP/1.1" 404 5752 "-" "-"
20.104.50.220 - - [25/Aug/2026:22:01:59 +0500] "GET /666.php HTTP/1.1" 404 5752 "-" "-"
20.104.50.220 - - [25/Aug/2026:22:02:00 +0500] "GET /a.php HTTP/1.1" 404 5752 "-" "-"
20.104.50.220 - - [25/Aug/2026:22:02:00 +0500] "GET /bless.php HTTP/1.1" 404 5752 "-" "-"
20.104.50.220 - - [25/Aug/2026:22:02:01 +0500] "GET /file9.php HTTP/1.1" 404 5752 "-" "-"
20.104.50.220 - - [25/Aug/2026:22:02:02 +0500] "GET /a2.php HTTP/1.1" 404 5752 "-" "-"
20.104.50.220 - - [25/Aug/2026:22:02:02 +0500] "GET /file4.php HTTP/1.1" 404 5752 "-" "-"
20.104.50.220 - - [25/Aug/2026:22:02:03 +0500] "GET /plss3.php HTTP/1.1" 404 5752 "-" "-"
20.104.50.220 - - [25/Aug/2026:22:02:03 +0500] "GET /file15.php HTTP/1.1" 404 5752 "-" "-"
20.104.50.220 - - [25/Aug/2026:22:02:03 +0500] "GET /wsd.php HTTP/1.1" 404 5752 "-" "-"
20.104.50.220 - - [25/Aug/2026:22:02:04 +0500] "GET /shell.php HTTP/1.1" 404 5752 "-" "-"
20.104.50.220 - - [25/Aug/2026:22:02:04 +0500] "GET /akk.php HTTP/1.1" 404 5752 "-" "-"
20.104.50.220 - - [25/Aug/2026:22:02:05 +0500] "GET /n.php HTTP/1.1" 404 5752 "-" "-"
20.104.50.220 - - [25/Aug/2026:22:02:05 +0500] "GET /ws36.php HTTP/1.1" 404 5752 "-" "-"
20.104.50.220 - - [25/Aug/2026:22:02:06 +0500] "GET /ws45.php HTTP/1.1" 404 5752 "-" "-"
20.104.50.220 - - [25/Aug/2026:22:02:06 +0500] "GET /file30.php HTTP/1.1" 404 5752 "-" "-"
20.104.50.220 - - [25/Aug/2026:22:02:06 +0500] "GET /racs3.php HTTP/1.1" 404 5752 "-" "-"
20.104.50.220 - - [25/Aug/2026:22:02:07 +0500] "GET /cccc.php HTTP/1.1" 404 5752 "-" "-"
20.104.50.220 - - [25/Aug/2026:22:02:07 +0500] "GET /file3.php HTTP/1.1" 404 5752 "-" "-"
20.104.50.220 - - [25/Aug/2026:22:02:08 +0500] "GET /mail.php HTTP/1.1" 404 5752 "-" "-"
20.104.50.220 - - [25/Aug/2026:22:02:08 +0500] "GET /lm13.php HTTP/1.1" 404 5752 "-" "-"
20.104.50.220 - - [25/Aug/2026:22:02:08 +0500] "GET /xeqdlun.php HTTP/1.1" 404 5752 "-" "-"
20.104.50.220 - - [25/Aug/2026:22:02:09 +0500] "GET /file18.php HTTP/1.1" 404 5752 "-" "-"
20.104.50.220 - - [25/Aug/2026:22:02:09 +0500] "GET /hook.php HTTP/1.1" 404 5752 "-" "-"
20.104.50.220 - - [25/Aug/2026:22:02:10 +0500] "GET /ffile.php HTTP/1.1" 404 5752 "-" "-"
20.104.50.220 - - [25/Aug/2026:22:02:10 +0500] "GET /file2.php HTTP/1.1" 404 5752 "-" "-"
20.104.50.220 - - [25/Aug/2026:22:02:10 +0500] "GET /xxw.php HTTP/1.1" 404 5752 "-" "-"
20.104.50.220 - - [25/Aug/2026:22:02:11 +0500] "GET /wcas.php HTTP/1.1" 404 5752 "-" "-"
20.104.50.220 - - [25/Aug/2026:22:02:11 +0500] "GET /000.php HTTP/1.1" 404 5752 "-" "-"
20.104.50.220 - - [25/Aug/2026:22:02:12 +0500] "GET /tor.php HTTP/1.1" 404 5752 "-" "-"
20.104.50.220 - - [25/Aug/2026:22:02:12 +0500] "GET /ws37.php HTTP/1.1" 404 5752 "-" "-"
20.104.50.220 - - [25/Aug/2026:22:02:12 +0500] "GET /class20.php HTTP/1.1" 404 5752 "-" "-"
20.104.50.220 - - [25/Aug/2026:22:02:13 +0500] "GET /card.php HTTP/1.1" 404 5752 "-" "-"
20.104.50.220 - - [25/Aug/2026:22:02:13 +0500] "GET /031.php HTTP/1.1" 404 5752 "-" "-"
20.104.50.220 - - [25/Aug/2026:22:02:14 +0500] "GET /size.php HTTP/1.1" 404 5752 "-" "-"
20.104.50.220 - - [25/Aug/2026:22:02:14 +0500] "GET /error.php HTTP/1.1" 404 5752 "-" "-"
20.104.50.220 - - [25/Aug/2026:22:02:14 +0500] "GET /404.php HTTP/1.1" 404 5752 "-" "-"
20.104.50.220 - - [25/Aug/2026:22:02:15 +0500] "GET /file32.php HTTP/1.1" 404 5752 "-" "-"
20.104.50.220 - - [25/Aug/2026:22:02:15 +0500] "GET /lol.php HTTP/1.1" 404 5752 "-" "-"
20.104.50.220 - - [25/Aug/2026:22:02:16 +0500] "GET /haa.php HTTP/1.1" 404 5752 "-" "-"
20.104.50.220 - - [25/Aug/2026:22:02:16 +0500] "GET /333.php HTTP/1.1" 404 5752 "-" "-"
20.104.50.220 - - [25/Aug/2026:22:02:16 +0500] "GET /ws38.php HTTP/1.1" 404 5752 "-" "-"
20.104.50.220 - - [25/Aug/2026:22:02:17 +0500] "GET /xx.php HTTP/1.1" 404 5752 "-" "-"
20.104.50.220 - - [25/Aug/2026:22:02:17 +0500] "GET /klex.php HTTP/1.1" 404 5752 "-" "-"
20.104.50.220 - - [25/Aug/2026:22:02:18 +0500] "GET /tx38.php HTTP/1.1" 404 5752 "-" "-"
20.104.50.220 - - [25/Aug/2026:22:02:18 +0500] "GET /ilex.php HTTP/1.1" 404 5752 "-" "-"
20.104.50.220 - - [25/Aug/2026:22:02:18 +0500] "GET /file.php HTTP/1.1" 404 5752 "-" "-"
20.104.50.220 - - [25/Aug/2026:22:02:19 +0500] "GET /k.php HTTP/1.1" 404 5752 "-" "-"
20.104.50.220 - - [25/Aug/2026:22:02:19 +0500] "GET /alpa.php HTTP/1.1" 404 5752 "-" "-"
20.104.50.220 - - [25/Aug/2026:22:02:20 +0500] "GET /bless5.php HTTP/1.1" 404 5752 "-" "-"
20.104.50.220 - - [25/Aug/2026:22:02:20 +0500] "GET /bless3.php HTTP/1.1" 404 5752 "-" "-"
20.104.50.220 - - [25/Aug/2026:22:02:20 +0500] "GET /gmo.php HTTP/1.1" 404 5752 "-" "-"
20.104.50.220 - - [25/Aug/2026:22:02:21 +0500] "GET /12.php HTTP/1.1" 404 5752 "-" "-"
20.104.50.220 - - [25/Aug/2026:22:02:21 +0500] "GET /100.kb.php HTTP/1.1" 404 5752 "-" "-"
205.210.31.34 - - [25/Aug/2026:22:02:39 +0500] "GET / HTTP/1.1" 400 52 "-" "Hello from Palo Alto Networks, find out more about our scans in https://docs-cortex.paloaltonetworks.com/r/1/Cortex-Xpanse/Scanning-activity"
85.208.96.199 - - [25/Aug/2026:22:02:51 +0500] "GET /ru/?cbid=1398925AND%2F%2A%2A%2FGTID_SUBSET%28CONCAT%28%27~%27%2C%28SELECT%2F%2A%2A%2F%28ELT%284259%3D4259%2C1%29%29%29%2C%27~%27%29%2C4259%29--%20-&csid=0&start=25 HTTP/1.1" 200 45175 "-" "Mozilla/5.0 (compatible; SemrushBot/7~bl; +http://www.semrush.com/bot.html)"
85.208.96.202 - - [25/Aug/2026:22:02:59 +0500] "GET /ru/?cbid=2214400&csid=0&mode=cate&start=20 HTTP/1.1" 200 53661 "-" "Mozilla/5.0 (compatible; SemrushBot/7~bl; +http://www.semrush.com/bot.html)"
34.10.180.98 - - [25/Aug/2026:22:03:27 +0500] "GET /ru/cooperation-rus?print=1&tmpl=component HTTP/1.1" 508 288 "-" "Mozilla/5.0 (Macintosh; Intel Mac OS X 10_15_7) AppleWebKit/537.36 (KHTML, like Gecko) Chrome/120.0.0.0 Safari/537.36"
34.10.180.98 - - [25/Aug/2026:22:03:40 +0500] "GET /uz/oficially-uzb/tenders-uzb/2-uncategorised/14-conditions-rus HTTP/1.1" 200 29799 "-" "Mozilla/5.0 (Macintosh; Intel Mac OS X 10_15_7) AppleWebKit/537.36 (KHTML, like Gecko) Chrome/120.0.0.0 Safari/537.36"
34.56.53.225 - - [25/Aug/2026:22:03:42 +0500] "GET /ru/shareholders-rus/votes-rus/1165-voting-meeting-24-06-2021 HTTP/1.1" 200 30885 "-" "Mozilla/5.0 (Macintosh; Intel Mac OS X 10_15_7) AppleWebKit/537.36 (KHTML, like Gecko) Chrome/120.0.0.0 Safari/537.36"
85.208.96.193 - - [25/Aug/2026:22:03:58 +0500] "GET /ru/?character=P_WOOLUU&main_page=product_list&start=20 HTTP/1.1" 200 53657 "-" "Mozilla/5.0 (compatible; SemrushBot/7~bl; +http://www.semrush.com/bot.html)"
34.42.229.145 - - [25/Aug/2026:22:04:17 +0500] "GET /ru/officially-rus/tenders-rus?start=5&template=accessibility HTTP/1.1" 200 18353 "-" "Mozilla/5.0 (Macintosh; Intel Mac OS X 10_15_7) AppleWebKit/537.36 (KHTML, like Gecko) Chrome/120.0.0.0 Safari/537.36"
185.191.171.17 - - [25/Aug/2026:22:04:56 +0500] "GET /ru/?%2F%3Fmonth=201501 HTTP/1.1" 200 49531 "-" "Mozilla/5.0 (compatible; SemrushBot/7~bl; +http://www.semrush.com/bot.html)"
185.191.171.17 - - [25/Aug/2026:22:04:58 +0500] "GET /ru/?cbid=1425873%27%20AND%20EXTRACTVALUE%2810179%2C%2F%2A%2150000CONCAT%2A%2F%280x7e%2C%28%2F%2A%2150000SELECT%2A%2F%28ELT%2810179%3D10179%2C1%29%29%29%2C0x7e%29%29--%20-&csid=0&start=10 HTTP/1.1" 200 50965 "-" "Mozilla/5.0 (compatible; SemrushBot/7~bl; +http://www.semrush.com/bot.html)"
34.30.223.149 - - [25/Aug/2026:22:05:14 +0500] "GET /ru/component/mailto/?link=88581325e78e5a1fb76295b6d8386749111ddb11&template=accessibility&tmpl=component HTTP/1.1" 200 4080 "-" "Mozilla/5.0 (Macintosh; Intel Mac OS X 10_15_7) AppleWebKit/537.36 (KHTML, like Gecko) Chrome/120.0.0.0 Safari/537.36"
40.77.167.7 - - [25/Aug/2026:22:05:15 +0500] "GET /ru/?cbid=2278749&csid=0&mode=cate&start=5 HTTP/1.1" 200 51149 "-" "Mozilla/5.0 AppleWebKit/537.36 (KHTML, like Gecko; compatible; bingbot/2.0; +http://www.bing.com/bingbot.htm) Chrome/116.0.1938.76 Safari/537.36"
185.191.171.13 - - [25/Aug/2026:22:05:43 +0500] "GET /uz/?cbid=2198981&csid=0&mode=cate&start=15 HTTP/1.1" 508 288 "-" "Mozilla/5.0 (compatible; SemrushBot/7~bl; +http://www.semrush.com/bot.html)"
74.7.241.160 - - [25/Aug/2026:22:05:45 +0500] "GET /robots.txt HTTP/1.1" 301 - "-" "Mozilla/5.0 (Macintosh; Intel Mac OS X 10_15_7) AppleWebKit/537.36 (KHTML, like Gecko) Chrome/131.0.0.0 Safari/537.36; compatible; OAI-SearchBot/1.4; robots.txt; +https://openai.com/searchbot"
74.7.241.160 - - [25/Aug/2026:22:05:49 +0500] "GET /ru/robots.txt HTTP/1.1" 404 1892 "https://www.uml.uz/robots.txt" "Mozilla/5.0 (Macintosh; Intel Mac OS X 10_15_7) AppleWebKit/537.36 (KHTML, like Gecko) Chrome/131.0.0.0 Safari/537.36; compatible; OAI-SearchBot/1.4; robots.txt; +https://openai.com/searchbot"
185.191.171.13 - - [25/Aug/2026:22:06:01 +0500] "GET /robots.txt HTTP/1.1" 508 288 "-" "Mozilla/5.0 (compatible; SemrushBot/7~bl; +http://www.semrush.com/bot.html)"
57.141.20.12 - - [25/Aug/2026:22:06:54 +0500] "GET /ru/?cbid=1675596&csid=0 HTTP/1.1" 200 49531 "-" "Mozilla/5.0 (X11; Linux x86_64) AppleWebKit/537.36 (KHTML, like Gecko) Chrome/145.0.0.0 Safari/537.36 (compatible; meta-externalagent/1.1 (+https://developers.facebook.com/docs/sharing/webmasters/crawler))"
34.123.149.87 - - [25/Aug/2026:22:07:00 +0500] "GET /ru/images/content/2019-dop/sush_fakt-32-24.06.2019.pdf HTTP/1.1" 404 1904 "-" "Mozilla/5.0 (Macintosh; Intel Mac OS X 10_15_7) AppleWebKit/537.36 (KHTML, like Gecko) Chrome/120.0.0.0 Safari/537.36"
34.171.68.95 - - [25/Aug/2026:22:07:01 +0500] "GET /ru/shareholders-rus/reports-rus/9-russian?start=20 HTTP/1.1" 200 39893 "-" "Mozilla/5.0 (Macintosh; Intel Mac OS X 10_15_7) AppleWebKit/537.36 (KHTML, like Gecko) Chrome/120.0.0.0 Safari/537.36"
34.56.53.225 - - [25/Aug/2026:22:07:10 +0500] "GET /ru/component/mailto/?link=3b43f9294f7ee7e30be5d944e5c0809f62a94ef8&template=uml&tmpl=component HTTP/1.1" 508 288 "-" "Mozilla/5.0 (Macintosh; Intel Mac OS X 10_15_7) AppleWebKit/537.36 (KHTML, like Gecko) Chrome/120.0.0.0 Safari/537.36"
57.141.12.61 - - [25/Aug/2026:22:07:22 +0500] "GET / HTTP/1.1" 301 - "-" "facebookexternalhit/1.1 (+http://www.facebook.com/externalhit_uatext.php)"
57.141.2.56 - - [25/Aug/2026:22:08:22 +0500] "GET / HTTP/1.1" 301 - "-" "facebookexternalhit/1.1 (+http://www.facebook.com/externalhit_uatext.php)"
85.208.96.199 - - [25/Aug/2026:22:08:23 +0500] "GET /ru/?cbid=1770151&csid=0&mode=cate&start=25 HTTP/1.1" 200 45171 "-" "Mozilla/5.0 (compatible; SemrushBot/7~bl; +http://www.semrush.com/bot.html)"
185.191.171.15 - - [25/Aug/2026:22:09:08 +0500] "GET /ru/?cbid=2175288&csid=0&mode=cate&start=15 HTTP/1.1" 200 48631 "-" "Mozilla/5.0 (compatible; SemrushBot/7~bl; +http://www.semrush.com/bot.html)"
34.10.180.98 - - [25/Aug/2026:22:09:32 +0500] "GET /ru/component/mailto/?link=d991ef2bd3c274b1be0b415ac4b29a33204cf6c1&template=uml&tmpl=component HTTP/1.1" 200 4558 "-" "Mozilla/5.0 (Macintosh; Intel Mac OS X 10_15_7) AppleWebKit/537.36 (KHTML, like Gecko) Chrome/120.0.0.0 Safari/537.36"
147.185.132.63 - - [25/Aug/2026:22:10:12 +0500] "GET / HTTP/1.1" 400 52 "-" "Hello from Palo Alto Networks, find out more about our scans in https://docs-cortex.paloaltonetworks.com/r/1/Cortex-Xpanse/Scanning-activity"
57.141.20.52 - - [25/Aug/2026:22:10:50 +0500] "GET /ru/?page_id=17&start=15 HTTP/1.1" 508 288 "-" "Mozilla/5.0 (Windows NT 10.0; Win64; x64) AppleWebKit/537.36 (KHTML, like Gecko) Chrome/145.0.0.0 Safari/537.36 (compatible; meta-externalagent/1.1 (+https://developers.facebook.com/docs/sharing/webmasters/crawler))"
57.141.20.10 - - [25/Aug/2026:22:10:53 +0500] "GET /ru/?cbid=1425873,(SELECT/**/10072/**/WHERE/**/10072=CONVERT(INT,(SELECT/**/%27~%27+(SELECT/**/(CASE/**/WHEN/**/(10072=10072)/**/THEN/**/%271%27/**/ELSE/**/%270%27/**/END))+%27~%27)))--%20-&csid=0&start=20 HTTP/1.1" 200 52246 "-" "Mozilla/5.0 (Windows NT 10.0; Win64; x64) AppleWebKit/537.36 (KHTML, like Gecko) Chrome/145.0.0.0 Safari/537.36 (compatible; meta-externalagent/1.1 (+https://developers.facebook.com/docs/sharing/webmasters/crawler))"
34.61.96.6 - - [25/Aug/2026:22:11:15 +0500] "GET /uz/shareholders-uzb/reports-uzb/1228-balans-6-2025 HTTP/1.1" 200 26763 "-" "Mozilla/5.0 (Macintosh; Intel Mac OS X 10_15_7) AppleWebKit/537.36 (KHTML, like Gecko) Chrome/120.0.0.0 Safari/537.36"
34.171.68.95 - - [25/Aug/2026:22:11:31 +0500] "GET /ru/shareholders-rus/reports-rus/122-kpe-2017 HTTP/1.1" 508 288 "-" "Mozilla/5.0 (Macintosh; Intel Mac OS X 10_15_7) AppleWebKit/537.36 (KHTML, like Gecko) Chrome/120.0.0.0 Safari/537.36"
34.10.180.98 - - [25/Aug/2026:22:12:13 +0500] "GET /ru/?gid=2472469&mode=grp&sort=n&start=20 HTTP/1.1" 200 52338 "-" "Mozilla/5.0 (Macintosh; Intel Mac OS X 10_15_7) AppleWebKit/537.36 (KHTML, like Gecko) Chrome/120.0.0.0 Safari/537.36"
34.42.229.145 - - [25/Aug/2026:22:12:32 +0500] "GET /uz/oficially-uzb/tenders-uzb/2-uncategorised?start=55 HTTP/1.1" 200 30701 "-" "Mozilla/5.0 (Macintosh; Intel Mac OS X 10_15_7) AppleWebKit/537.36 (KHTML, like Gecko) Chrome/120.0.0.0 Safari/537.36"
57.141.20.58 - - [25/Aug/2026:22:12:41 +0500] "GET /ru/?cbid=1675596&csid=0&format=feed&type=atom HTTP/1.1" 200 18656 "-" "Mozilla/5.0 (X11; Linux x86_64) AppleWebKit/537.36 (KHTML, like Gecko) Chrome/145.0.0.0 Safari/537.36 (compatible; meta-externalagent/1.1 (+https://developers.facebook.com/docs/sharing/webmasters/crawler))"
34.61.96.6 - - [25/Aug/2026:22:12:48 +0500] "GET /uz/shareholders-uzb/reports-uzb?start=30 HTTP/1.1" 508 288 "-" "Mozilla/5.0 (Macintosh; Intel Mac OS X 10_15_7) AppleWebKit/537.36 (KHTML, like Gecko) Chrome/120.0.0.0 Safari/537.36"
85.208.96.199 - - [25/Aug/2026:22:12:45 +0500] "GET /uz/?cbid=1752514&csid=0&mode=cate&start=10 HTTP/1.1" 200 47165 "-" "Mozilla/5.0 (compatible; SemrushBot/7~bl; +http://www.semrush.com/bot.html)"
185.191.171.2 - - [25/Aug/2026:22:13:09 +0500] "GET /ru/about-org-rus/structure-rus?template=uml HTTP/1.1" 508 288 "-" "Mozilla/5.0 (compatible; SemrushBot/7~bl; +http://www.semrush.com/bot.html)"
47.128.56.91 - - [25/Aug/2026:22:13:34 +0500] "GET /robots.txt HTTP/1.1" 508 288 "-" "Mozilla/5.0 (iPhone; CPU iPhone OS 7_1_2 like Mac OS X) AppleWebKit/537.36 (KHTML, like Gecko) Version/7.0 Mobile Safari/537.36 (compatible; Bytespider; https://bytedance.sg.larkoffice.com/docx/K5bxdypulop3IIxrJb0lOjLVgFe)"
34.57.162.91 - - [25/Aug/2026:22:13:50 +0500] "GET /ru/component/mailto/?link=d6858c8787fd15b004e4ed4fb2964f197c19ad36&template=accessibility&tmpl=component HTTP/1.1" 508 288 "-" "Mozilla/5.0 (Macintosh; Intel Mac OS X 10_15_7) AppleWebKit/537.36 (KHTML, like Gecko) Chrome/120.0.0.0 Safari/537.36"
185.191.171.1 - - [25/Aug/2026:22:13:48 +0500] "GET /ru/?page=gravitysmtp-settings&rest_route=%2Fgravitysmtp%2Fv1%2Ftests%2Fmock-data&start=25 HTTP/1.1" 200 45527 "-" "Mozilla/5.0 (compatible; SemrushBot/7~bl; +http://www.semrush.com/bot.html)"
74.36.221.155 - - [25/Aug/2026:22:13:59 +0500] "GET /robots.txt HTTP/1.1" 301 - "-" "Mozilla/5.0 (Linux; Android 14; Pixel 8) AppleWebKit/537.36 (KHTML, like Gecko) Chrome/125.0.6422.165 Mobile Safari/537.36"
172.125.118.207 - - [25/Aug/2026:22:14:04 +0500] "GET /ru/robots.txt HTTP/1.1" 404 1892 "https://uml.uz/robots.txt" "Mozilla/5.0 (Linux; Android 14; Pixel 8) AppleWebKit/537.36 (KHTML, like Gecko) Chrome/125.0.6422.165 Mobile Safari/537.36"
57.141.20.29 - - [25/Aug/2026:22:14:07 +0500] "GET /ru/?s=\xdd\xb1\xef\xbf\xbd\xef\xbf\xbd&start=5 HTTP/1.1" 200 51057 "-" "Mozilla/5.0 (Macintosh; Intel Mac OS X 10_15_7) AppleWebKit/537.36 (KHTML, like Gecko) Chrome/145.0.0.0 Safari/537.36 (compatible; meta-externalagent/1.1 (+https://developers.facebook.com/docs/sharing/webmasters/crawler))"
