54.37.86.225 - - [24/Aug/2026:19:29:01 +0500] "GET /index.php/about-org/sajt-kharitasi?template=accessibility HTTP/1.1" 200 18160 "-" "Mozilla/5.0 (compatible; MJ12bot/v1.4.8; http://mj12bot.com/)"
54.37.86.225 - - [24/Aug/2026:19:29:21 +0500] "GET /index.php/about-org/strategy-uzb HTTP/1.1" 200 56411 "-" "Mozilla/5.0 (compatible; MJ12bot/v1.4.8; http://mj12bot.com/)"
54.37.86.225 - - [24/Aug/2026:19:29:55 +0500] "GET /index.php/about-org/strategy-uzb/247-ish-reja-2022 HTTP/1.1" 200 53077 "-" "Mozilla/5.0 (compatible; MJ12bot/v1.4.8; http://mj12bot.com/)"
54.37.86.225 - - [24/Aug/2026:19:30:08 +0500] "GET /index.php/about-org/strategy-uzb/280-strategiya HTTP/1.1" 200 56549 "-" "Mozilla/5.0 (compatible; MJ12bot/v1.4.8; http://mj12bot.com/)"
34.56.53.225 - - [24/Aug/2026:19:30:15 +0500] "GET /docs/2023/balans-1-2-2022.xls HTTP/1.1" 200 81408 "-" "Mozilla/5.0 (Macintosh; Intel Mac OS X 10_15_7) AppleWebKit/537.36 (KHTML, like Gecko) Chrome/120.0.0.0 Safari/537.36"
54.37.86.225 - - [24/Aug/2026:19:30:22 +0500] "GET /index.php/about-org/strategy-uzb/282-monitor-bp-2021 HTTP/1.1" 200 54335 "-" "Mozilla/5.0 (compatible; MJ12bot/v1.4.8; http://mj12bot.com/)"
54.37.86.225 - - [24/Aug/2026:19:30:38 +0500] "GET /index.php/about-org/strategy-uzb/285-monitor-bp-3-2022 HTTP/1.1" 200 53849 "-" "Mozilla/5.0 (compatible; MJ12bot/v1.4.8; http://mj12bot.com/)"
54.37.86.225 - - [24/Aug/2026:19:30:51 +0500] "GET /index.php/about-org/strategy-uzb/286-monitor-bp-2020 HTTP/1.1" 200 53811 "-" "Mozilla/5.0 (compatible; MJ12bot/v1.4.8; http://mj12bot.com/)"
34.171.68.95 - - [24/Aug/2026:19:31:01 +0500] "GET /index.php/component/mailto/?link=72fe34cca9eef9464751d4c2758d755bfdbf2c34&template=yunusobod&tmpl=component HTTP/1.1" 200 3434 "-" "Mozilla/5.0 (Macintosh; Intel Mac OS X 10_15_7) AppleWebKit/537.36 (KHTML, like Gecko) Chrome/120.0.0.0 Safari/537.36"
54.37.86.225 - - [24/Aug/2026:19:31:04 +0500] "GET /index.php/about-org/strategy-uzb/287-monitor-bp-2019 HTTP/1.1" 200 53815 "-" "Mozilla/5.0 (compatible; MJ12bot/v1.4.8; http://mj12bot.com/)"
54.37.86.225 - - [24/Aug/2026:19:31:21 +0500] "GET /index.php/about-org/strategy-uzb/288-monitor-bp-2018 HTTP/1.1" 200 53819 "-" "Mozilla/5.0 (compatible; MJ12bot/v1.4.8; http://mj12bot.com/)"
54.37.86.225 - - [24/Aug/2026:19:31:39 +0500] "GET /index.php/about-org/strategy-uzb/290-biznes-plan-2023-pdf HTTP/1.1" 200 53138 "-" "Mozilla/5.0 (compatible; MJ12bot/v1.4.8; http://mj12bot.com/)"
34.171.68.95 - - [24/Aug/2026:19:31:48 +0500] "GET /index.php/component/mailto/?link=809918a35e45e6a8765faedbd8fafb06afaca6f6&template=accessibility&tmpl=component HTTP/1.1" 200 3091 "-" "Mozilla/5.0 (Macintosh; Intel Mac OS X 10_15_7) AppleWebKit/537.36 (KHTML, like Gecko) Chrome/120.0.0.0 Safari/537.36"
54.37.86.225 - - [24/Aug/2026:19:31:54 +0500] "GET /index.php/about-org/strategy-uzb/324-biznes-plan-2024-yb-pdf HTTP/1.1" 200 53158 "-" "Mozilla/5.0 (compatible; MJ12bot/v1.4.8; http://mj12bot.com/)"
54.37.86.225 - - [24/Aug/2026:19:32:08 +0500] "GET /index.php/about-org/strategy-uzb/346-bp-2025-yb-pdf HTTP/1.1" 200 53106 "-" "Mozilla/5.0 (compatible; MJ12bot/v1.4.8; http://mj12bot.com/)"
54.37.86.225 - - [24/Aug/2026:19:32:21 +0500] "GET /index.php/about-org/strategy-uzb?start=10 HTTP/1.1" 200 54833 "-" "Mozilla/5.0 (compatible; MJ12bot/v1.4.8; http://mj12bot.com/)"
54.37.86.225 - - [24/Aug/2026:19:32:34 +0500] "GET /index.php/about-org/strategy-uzb?template=accessibility HTTP/1.1" 200 18467 "-" "Mozilla/5.0 (compatible; MJ12bot/v1.4.8; http://mj12bot.com/)"
54.37.86.225 - - [24/Aug/2026:19:32:43 +0500] "GET /index.php/about-org/structure-uzb HTTP/1.1" 200 52728 "-" "Mozilla/5.0 (compatible; MJ12bot/v1.4.8; http://mj12bot.com/)"
54.37.86.225 - - [24/Aug/2026:19:33:11 +0500] "GET /index.php/component/mijopolls/poll/1-poll-uzb HTTP/1.1" 200 55933 "-" "Mozilla/5.0 (compatible; MJ12bot/v1.4.8; http://mj12bot.com/)"
54.37.86.225 - - [24/Aug/2026:19:33:33 +0500] "GET /index.php/contacts-rus HTTP/1.1" 200 52507 "-" "Mozilla/5.0 (compatible; MJ12bot/v1.4.8; http://mj12bot.com/)"
54.37.86.225 - - [24/Aug/2026:19:33:43 +0500] "GET /index.php/contacts-uzb HTTP/1.1" 200 56615 "-" "Mozilla/5.0 (compatible; MJ12bot/v1.4.8; http://mj12bot.com/)"
54.37.86.225 - - [24/Aug/2026:19:34:02 +0500] "GET /index.php/contacts-uzb/2-uncategorised HTTP/1.1" 200 70677 "-" "Mozilla/5.0 (compatible; MJ12bot/v1.4.8; http://mj12bot.com/)"
54.37.86.225 - - [24/Aug/2026:19:34:31 +0500] "GET /index.php/interactive-uzb/appeal-of-citizens HTTP/1.1" 200 59982 "-" "Mozilla/5.0 (compatible; MJ12bot/v1.4.8; http://mj12bot.com/)"
54.37.86.225 - - [24/Aug/2026:19:34:49 +0500] "GET /index.php/interactive-uzb/faq-uzb HTTP/1.1" 200 52750 "-" "Mozilla/5.0 (compatible; MJ12bot/v1.4.8; http://mj12bot.com/)"
54.37.86.225 - - [24/Aug/2026:19:35:06 +0500] "GET /index.php/news HTTP/1.1" 200 64870 "-" "Mozilla/5.0 (compatible; MJ12bot/v1.4.8; http://mj12bot.com/)"
54.37.86.225 - - [24/Aug/2026:19:35:23 +0500] "GET /index.php/news/297-news-05-04-2023 HTTP/1.1" 200 57408 "-" "Mozilla/5.0 (compatible; MJ12bot/v1.4.8; http://mj12bot.com/)"
54.37.86.225 - - [24/Aug/2026:19:35:32 +0500] "GET /index.php/news/313-news-07-09-2023 HTTP/1.1" 200 55397 "-" "Mozilla/5.0 (compatible; MJ12bot/v1.4.8; http://mj12bot.com/)"
54.37.86.225 - - [24/Aug/2026:19:35:42 +0500] "GET /index.php/news/323-news-20-12-2023 HTTP/1.1" 200 61133 "-" "Mozilla/5.0 (compatible; MJ12bot/v1.4.8; http://mj12bot.com/)"
54.37.86.225 - - [24/Aug/2026:19:35:51 +0500] "GET /index.php/news/325-news-19-03-2024 HTTP/1.1" 200 55451 "-" "Mozilla/5.0 (compatible; MJ12bot/v1.4.8; http://mj12bot.com/)"
54.37.86.225 - - [24/Aug/2026:19:36:00 +0500] "GET /index.php/news/328-news-03-04-2024 HTTP/1.1" 200 58521 "-" "Mozilla/5.0 (compatible; MJ12bot/v1.4.8; http://mj12bot.com/)"
54.37.86.225 - - [24/Aug/2026:19:36:18 +0500] "GET /index.php/news/331-news-25-04-2024?tmpl=component&print=1&layout=default&page= HTTP/1.1" 200 5143 "-" "Mozilla/5.0 (compatible; MJ12bot/v1.4.8; http://mj12bot.com/)"
54.37.86.225 - - [24/Aug/2026:19:36:42 +0500] "GET /index.php/news/342-news-16-07-2024?tmpl=component&print=1&layout=default&page= HTTP/1.1" 200 5079 "-" "Mozilla/5.0 (compatible; MJ12bot/v1.4.8; http://mj12bot.com/)"
54.37.86.225 - - [24/Aug/2026:19:37:01 +0500] "GET /index.php/news/347-korp-2024 HTTP/1.1" 200 57787 "-" "Mozilla/5.0 (compatible; MJ12bot/v1.4.8; http://mj12bot.com/)"
54.37.86.225 - - [24/Aug/2026:19:37:12 +0500] "GET /index.php/news/347-korp-2024?tmpl=component&print=1&layout=default&page= HTTP/1.1" 200 7602 "-" "Mozilla/5.0 (compatible; MJ12bot/v1.4.8; http://mj12bot.com/)"
54.37.86.225 - - [24/Aug/2026:19:37:28 +0500] "GET /index.php/news/348-konkurs-audit-2025 HTTP/1.1" 200 55926 "-" "Mozilla/5.0 (compatible; MJ12bot/v1.4.8; http://mj12bot.com/)"
54.37.86.225 - - [24/Aug/2026:19:37:42 +0500] "GET /index.php/news/348-konkurs-audit-2025?tmpl=component&print=1&layout=default&page= HTTP/1.1" 200 5638 "-" "Mozilla/5.0 (compatible; MJ12bot/v1.4.8; http://mj12bot.com/)"
54.37.86.225 - - [24/Aug/2026:19:37:56 +0500] "GET /index.php/news/349-meeting-osa-03-04-25 HTTP/1.1" 200 59295 "-" "Mozilla/5.0 (compatible; MJ12bot/v1.4.8; http://mj12bot.com/)"
136.119.35.120 - - [24/Aug/2026:19:38:10 +0500] "GET /index.php/component/search/?Itemid=170&catid=21&format=opensearch&id=98 HTTP/1.1" 200 743 "-" "Mozilla/5.0 (Macintosh; Intel Mac OS X 10_15_7) AppleWebKit/537.36 (KHTML, like Gecko) Chrome/120.0.0.0 Safari/537.36"
54.37.86.225 - - [24/Aug/2026:19:38:11 +0500] "GET /index.php/news/349-meeting-osa-03-04-25?tmpl=component&print=1&layout=default&page= HTTP/1.1" 200 9127 "-" "Mozilla/5.0 (compatible; MJ12bot/v1.4.8; http://mj12bot.com/)"
54.37.86.225 - - [24/Aug/2026:19:38:27 +0500] "GET /index.php/news?start=10 HTTP/1.1" 200 65638 "-" "Mozilla/5.0 (compatible; MJ12bot/v1.4.8; http://mj12bot.com/)"
54.37.86.225 - - [24/Aug/2026:19:38:40 +0500] "GET /index.php/news?start=15 HTTP/1.1" 200 64206 "-" "Mozilla/5.0 (compatible; MJ12bot/v1.4.8; http://mj12bot.com/)"
54.37.86.225 - - [24/Aug/2026:19:38:46 +0500] "GET /index.php/news?start=20 HTTP/1.1" 200 64128 "-" "Mozilla/5.0 (compatible; MJ12bot/v1.4.8; http://mj12bot.com/)"
54.37.86.225 - - [24/Aug/2026:19:38:52 +0500] "GET /index.php/news?start=25 HTTP/1.1" 200 63684 "-" "Mozilla/5.0 (compatible; MJ12bot/v1.4.8; http://mj12bot.com/)"
54.37.86.225 - - [24/Aug/2026:19:39:06 +0500] "GET /index.php/news?start=35 HTTP/1.1" 200 65248 "-" "Mozilla/5.0 (compatible; MJ12bot/v1.4.8; http://mj12bot.com/)"
54.37.86.225 - - [24/Aug/2026:19:39:13 +0500] "GET /index.php/news?start=40 HTTP/1.1" 200 65213 "-" "Mozilla/5.0 (compatible; MJ12bot/v1.4.8; http://mj12bot.com/)"
54.37.86.225 - - [24/Aug/2026:19:39:19 +0500] "GET /index.php/news?start=45 HTTP/1.1" 200 65208 "-" "Mozilla/5.0 (compatible; MJ12bot/v1.4.8; http://mj12bot.com/)"
54.37.86.225 - - [24/Aug/2026:19:39:27 +0500] "GET /index.php/news?start=5 HTTP/1.1" 200 66083 "-" "Mozilla/5.0 (compatible; MJ12bot/v1.4.8; http://mj12bot.com/)"
54.37.86.225 - - [24/Aug/2026:19:39:33 +0500] "GET /index.php/news?start=50 HTTP/1.1" 200 55323 "-" "Mozilla/5.0 (compatible; MJ12bot/v1.4.8; http://mj12bot.com/)"
20.169.16.7 - - [24/Aug/2026:19:39:36 +0500] "GET /wp-content/plugins/hellopress/wp_filemanager.php HTTP/1.1" 404 2023 "-" "-"
20.169.16.7 - - [24/Aug/2026:19:39:37 +0500] "GET /this_is_a_new_hello_world.php HTTP/1.1" 404 2002 "-" "-"
20.169.16.7 - - [24/Aug/2026:19:39:37 +0500] "GET /Capte.php HTTP/1.1" 404 2002 "-" "-"
20.169.16.7 - - [24/Aug/2026:19:39:38 +0500] "GET /beetle.php HTTP/1.1" 404 2002 "-" "-"
20.169.16.7 - - [24/Aug/2026:19:39:40 +0500] "GET /fin.php HTTP/1.1" 404 2002 "-" "-"
54.37.86.225 - - [24/Aug/2026:19:39:39 +0500] "GET /index.php/officially-uzb/arkhiv HTTP/1.1" 200 52879 "-" "Mozilla/5.0 (compatible; MJ12bot/v1.4.8; http://mj12bot.com/)"
20.169.16.7 - - [24/Aug/2026:19:39:44 +0500] "GET /kurtlar.php HTTP/1.1" 404 2002 "-" "-"
20.169.16.7 - - [24/Aug/2026:19:39:47 +0500] "GET /m.php HTTP/1.1" 404 2002 "-" "-"
20.169.16.7 - - [24/Aug/2026:19:39:50 +0500] "GET /anon.php HTTP/1.1" 404 2002 "-" "-"
20.169.16.7 - - [24/Aug/2026:19:39:53 +0500] "GET /cmd.php HTTP/1.1" 404 2002 "-" "-"
20.169.16.7 - - [24/Aug/2026:19:39:54 +0500] "GET /4rbvp7.php HTTP/1.1" 404 2002 "-" "-"
20.169.16.7 - - [24/Aug/2026:19:39:55 +0500] "GET /0freg0a6xe.php HTTP/1.1" 404 2002 "-" "-"
20.169.16.7 - - [24/Aug/2026:19:39:56 +0500] "GET /6zl637u8kl.php HTTP/1.1" 404 2002 "-" "-"
20.169.16.7 - - [24/Aug/2026:19:39:59 +0500] "GET /ftde.php HTTP/1.1" 404 2002 "-" "-"
54.37.86.225 - - [24/Aug/2026:19:39:59 +0500] "GET /index.php/officially-uzb/arkhiv/177-ustav-2019 HTTP/1.1" 200 53135 "-" "Mozilla/5.0 (compatible; MJ12bot/v1.4.8; http://mj12bot.com/)"
20.169.16.7 - - [24/Aug/2026:19:40:02 +0500] "GET //special.php HTTP/1.1" 404 2002 "-" "-"
20.169.16.7 - - [24/Aug/2026:19:40:03 +0500] "GET /fz.php HTTP/1.1" 404 2002 "-" "-"
20.169.16.7 - - [24/Aug/2026:19:40:03 +0500] "GET /v2.php HTTP/1.1" 404 2002 "-" "-"
20.169.16.7 - - [24/Aug/2026:19:40:04 +0500] "GET /cnsk.php HTTP/1.1" 404 2002 "-" "-"
20.169.16.7 - - [24/Aug/2026:19:40:05 +0500] "GET /sc.php HTTP/1.1" 404 2002 "-" "-"
54.37.86.225 - - [24/Aug/2026:19:40:05 +0500] "GET /index.php/officially-uzb/arkhiv/224-ustav-2021 HTTP/1.1" 200 52917 "-" "Mozilla/5.0 (compatible; MJ12bot/v1.4.8; http://mj12bot.com/)"
20.169.16.7 - - [24/Aug/2026:19:40:08 +0500] "GET /xstelth.php HTTP/1.1" 404 2002 "-" "-"
20.169.16.7 - - [24/Aug/2026:19:40:10 +0500] "GET /themes.php HTTP/1.1" 404 2002 "-" "-"
20.169.16.7 - - [24/Aug/2026:19:40:12 +0500] "GET /coffe.php HTTP/1.1" 404 2002 "-" "-"
20.169.16.7 - - [24/Aug/2026:19:40:14 +0500] "GET /ans.php HTTP/1.1" 404 2002 "-" "-"
20.169.16.7 - - [24/Aug/2026:19:40:16 +0500] "GET /cns.php HTTP/1.1" 404 2002 "-" "-"
54.37.86.225 - - [24/Aug/2026:19:40:16 +0500] "GET /index.php/officially-uzb/arkhiv/30-protokol-sk-29032012 HTTP/1.1" 200 92911 "-" "Mozilla/5.0 (compatible; MJ12bot/v1.4.8; http://mj12bot.com/)"
20.169.16.7 - - [24/Aug/2026:19:40:19 +0500] "GET /like.php HTTP/1.1" 404 2002 "-" "-"
180.92.153.13 - - [24/Aug/2026:19:40:20 +0500] "GET /index.php/about-org/strategy-uzb/324-biznes-plan-2024-yb-pdf?page=&print=1&tmpl=component HTTP/1.1" 200 2924 "-" "Mozilla/5.0 (Macintosh; Intel Mac OS X 10_15_7) AppleWebKit/537.36 (KHTML, like Gecko) Chrome/150.0.0.0 Safari/537.36"
84.195.226.117 - - [24/Aug/2026:19:40:21 +0500] "GET /index.php/about-org/strategy-uzb/288-monitor-bp-2018?page=&print=1&tmpl=component HTTP/1.1" 200 3257 "-" "Mozilla/5.0 (Macintosh; Intel Mac OS X 10_15_7) AppleWebKit/537.36 (KHTML, like Gecko) Chrome/150.0.0.0 Safari/537.36"
20.169.16.7 - - [24/Aug/2026:19:40:22 +0500] "GET /xiugai.php HTTP/1.1" 404 2002 "-" "-"
54.37.86.225 - - [24/Aug/2026:19:40:28 +0500] "GET /index.php/officially-uzb/arkhiv/79-yunusobod-dehqon-bozori-aksiyadorlik-jamiyati-ustaviga-kiritilgan-zgartirishlar HTTP/1.1" 200 53718 "-" "Mozilla/5.0 (compatible; MJ12bot/v1.4.8; http://mj12bot.com/)"
54.37.86.225 - - [24/Aug/2026:19:40:32 +0500] "GET /index.php/officially-uzb/certificates HTTP/1.1" 200 52903 "-" "Mozilla/5.0 (compatible; MJ12bot/v1.4.8; http://mj12bot.com/)"
54.37.86.225 - - [24/Aug/2026:19:40:51 +0500] "GET /index.php/officially-uzb/investment HTTP/1.1" 200 52817 "-" "Mozilla/5.0 (compatible; MJ12bot/v1.4.8; http://mj12bot.com/)"
54.37.86.225 - - [24/Aug/2026:19:41:05 +0500] "GET /index.php/officially-uzb/norm-baza-uzb HTTP/1.1" 200 56538 "-" "Mozilla/5.0 (compatible; MJ12bot/v1.4.8; http://mj12bot.com/)"
54.37.86.225 - - [24/Aug/2026:19:41:21 +0500] "GET /index.php/officially-uzb/norm-baza-uzb?template=accessibility HTTP/1.1" 200 18692 "-" "Mozilla/5.0 (compatible; MJ12bot/v1.4.8; http://mj12bot.com/)"
54.37.86.225 - - [24/Aug/2026:19:41:31 +0500] "GET /index.php/officially-uzb/not-valid-uzb HTTP/1.1" 200 52022 "-" "Mozilla/5.0 (compatible; MJ12bot/v1.4.8; http://mj12bot.com/)"
54.37.86.225 - - [24/Aug/2026:19:41:52 +0500] "GET /index.php/officially-uzb/not-valid-uzb/9-yunusobod-dehqon-bozori-aksiyadorlik-jamiyatining-ustavi-yangi-ta-riri HTTP/1.1" 200 223395 "-" "Mozilla/5.0 (compatible; MJ12bot/v1.4.8; http://mj12bot.com/)"
54.37.86.225 - - [24/Aug/2026:19:42:00 +0500] "GET /index.php/officially-uzb/tenders-uzb HTTP/1.1" 200 64031 "-" "Mozilla/5.0 (compatible; MJ12bot/v1.4.8; http://mj12bot.com/)"
54.37.86.225 - - [24/Aug/2026:19:42:15 +0500] "GET /index.php/officially-uzb/tenders-uzb/134-konkurs-audit-2019 HTTP/1.1" 200 53395 "-" "Mozilla/5.0 (compatible; MJ12bot/v1.4.8; http://mj12bot.com/)"
54.37.86.225 - - [24/Aug/2026:19:42:23 +0500] "GET /index.php/officially-uzb/tenders-uzb/188-korp-upravlenie-2019 HTTP/1.1" 200 54315 "-" "Mozilla/5.0 (compatible; MJ12bot/v1.4.8; http://mj12bot.com/)"
54.37.86.225 - - [24/Aug/2026:19:42:36 +0500] "GET /index.php/officially-uzb/tenders-uzb/191-konkurs-audit-2020 HTTP/1.1" 200 54486 "-" "Mozilla/5.0 (compatible; MJ12bot/v1.4.8; http://mj12bot.com/)"
54.37.86.225 - - [24/Aug/2026:19:42:51 +0500] "GET /index.php/officially-uzb/tenders-uzb/192-konkurs-management-2020 HTTP/1.1" 200 53469 "-" "Mozilla/5.0 (compatible; MJ12bot/v1.4.8; http://mj12bot.com/)"
54.37.86.225 - - [24/Aug/2026:19:43:05 +0500] "GET /index.php/officially-uzb/tenders-uzb/211-tender-10-03-2021 HTTP/1.1" 200 56117 "-" "Mozilla/5.0 (compatible; MJ12bot/v1.4.8; http://mj12bot.com/)"
54.37.86.225 - - [24/Aug/2026:19:43:18 +0500] "GET /index.php/officially-uzb/tenders-uzb/284-tender-auksion HTTP/1.1" 200 56053 "-" "Mozilla/5.0 (compatible; MJ12bot/v1.4.8; http://mj12bot.com/)"
54.37.86.225 - - [24/Aug/2026:19:43:30 +0500] "GET /index.php/officially-uzb/tenders-uzb/296-tender-korp-2022 HTTP/1.1" 200 56598 "-" "Mozilla/5.0 (compatible; MJ12bot/v1.4.8; http://mj12bot.com/)"
34.10.180.98 - - [24/Aug/2026:19:43:43 +0500] "GET /index.php/component/search/?Itemid=230&catid=23&format=opensearch&id=111 HTTP/1.1" 200 744 "-" "Mozilla/5.0 (Macintosh; Intel Mac OS X 10_15_7) AppleWebKit/537.36 (KHTML, like Gecko) Chrome/120.0.0.0 Safari/537.36"
54.37.86.225 - - [24/Aug/2026:19:43:47 +0500] "GET /index.php/officially-uzb/tenders-uzb/299-tender-audit-2023 HTTP/1.1" 200 56139 "-" "Mozilla/5.0 (compatible; MJ12bot/v1.4.8; http://mj12bot.com/)"
54.37.86.225 - - [24/Aug/2026:19:44:00 +0500] "GET /index.php/officially-uzb/tenders-uzb/326-tender-audit-2024 HTTP/1.1" 508 288 "-" "Mozilla/5.0 (compatible; MJ12bot/v1.4.8; http://mj12bot.com/)"
54.37.86.225 - - [24/Aug/2026:19:44:04 +0500] "GET /index.php/officially-uzb/tenders-uzb/327-tender-korp-2024 HTTP/1.1" 200 57064 "-" "Mozilla/5.0 (compatible; MJ12bot/v1.4.8; http://mj12bot.com/)"
54.37.86.225 - - [24/Aug/2026:19:44:15 +0500] "GET /index.php/officially-uzb/tenders-uzb/329-tender-dir-2024 HTTP/1.1" 200 55195 "-" "Mozilla/5.0 (compatible; MJ12bot/v1.4.8; http://mj12bot.com/)"
54.37.86.225 - - [24/Aug/2026:19:44:21 +0500] "GET /index.php/officially-uzb/tenders-uzb?start=15 HTTP/1.1" 200 53830 "-" "Mozilla/5.0 (compatible; MJ12bot/v1.4.8; http://mj12bot.com/)"
54.37.86.225 - - [24/Aug/2026:19:44:29 +0500] "GET /index.php/officially-uzb/ustav-uzb HTTP/1.1" 200 52095 "-" "Mozilla/5.0 (compatible; MJ12bot/v1.4.8; http://mj12bot.com/)"
54.37.86.225 - - [24/Aug/2026:19:44:52 +0500] "GET /index.php/officially-uzb/ustav-uzb/294-ustav-2022 HTTP/1.1" 200 52931 "-" "Mozilla/5.0 (compatible; MJ12bot/v1.4.8; http://mj12bot.com/)"
34.171.68.95 - - [24/Aug/2026:19:45:01 +0500] "GET /index.php/component/search/?Itemid=230&catid=23&format=opensearch&id=124 HTTP/1.1" 200 732 "-" "Mozilla/5.0 (Macintosh; Intel Mac OS X 10_15_7) AppleWebKit/537.36 (KHTML, like Gecko) Chrome/120.0.0.0 Safari/537.36"
54.37.86.225 - - [24/Aug/2026:19:45:01 +0500] "GET /index.php/officially-uzb/ustav-uzb/301-ustav-2023 HTTP/1.1" 200 52931 "-" "Mozilla/5.0 (compatible; MJ12bot/v1.4.8; http://mj12bot.com/)"
54.37.86.225 - - [24/Aug/2026:19:45:08 +0500] "GET /index.php/officially-uzb/ustav-uzb?template=accessibility HTTP/1.1" 200 13984 "-" "Mozilla/5.0 (compatible; MJ12bot/v1.4.8; http://mj12bot.com/)"
54.37.86.225 - - [24/Aug/2026:19:45:15 +0500] "GET /index.php/officially-uzb/vacancies-uzb HTTP/1.1" 200 57938 "-" "Mozilla/5.0 (compatible; MJ12bot/v1.4.8; http://mj12bot.com/)"
54.37.86.225 - - [24/Aug/2026:19:45:32 +0500] "GET /index.php/officially-uzb/vacancies-uzb/281-jobs HTTP/1.1" 200 56279 "-" "Mozilla/5.0 (compatible; MJ12bot/v1.4.8; http://mj12bot.com/)"
54.37.86.225 - - [24/Aug/2026:19:45:43 +0500] "GET /index.php/officially-uzb/vacancies-uzb?template=accessibility HTTP/1.1" 200 20224 "-" "Mozilla/5.0 (compatible; MJ12bot/v1.4.8; http://mj12bot.com/)"
54.37.86.225 - - [24/Aug/2026:19:45:53 +0500] "GET /index.php/shareholders-uzb/a-tsi-larni-sotib-olinishi HTTP/1.1" 200 56358 "-" "Mozilla/5.0 (compatible; MJ12bot/v1.4.8; http://mj12bot.com/)"
54.37.86.225 - - [24/Aug/2026:19:46:07 +0500] "GET /index.php/shareholders-uzb/a-tsi-larni-sotib-olinishi?template=accessibility HTTP/1.1" 200 18335 "-" "Mozilla/5.0 (compatible; MJ12bot/v1.4.8; http://mj12bot.com/)"
54.37.86.225 - - [24/Aug/2026:19:46:15 +0500] "GET /index.php/shareholders-uzb/affil-uzb HTTP/1.1" 200 52711 "-" "Mozilla/5.0 (compatible; MJ12bot/v1.4.8; http://mj12bot.com/)"
54.37.86.225 - - [24/Aug/2026:19:46:36 +0500] "GET /index.php/shareholders-uzb/affil-uzb?template=accessibility HTTP/1.1" 200 14859 "-" "Mozilla/5.0 (compatible; MJ12bot/v1.4.8; http://mj12bot.com/)"
54.37.86.225 - - [24/Aug/2026:19:46:46 +0500] "GET /index.php/shareholders-uzb/audit-uzb HTTP/1.1" 200 53764 "-" "Mozilla/5.0 (compatible; MJ12bot/v1.4.8; http://mj12bot.com/)"
54.37.86.225 - - [24/Aug/2026:19:47:04 +0500] "GET /index.php/shareholders-uzb/comissions HTTP/1.1" 200 61699 "-" "Mozilla/5.0 (compatible; MJ12bot/v1.4.8; http://mj12bot.com/)"
54.37.86.225 - - [24/Aug/2026:19:47:26 +0500] "GET /index.php/shareholders-uzb/dividends-uzb HTTP/1.1" 200 55947 "-" "Mozilla/5.0 (compatible; MJ12bot/v1.4.8; http://mj12bot.com/)"
54.37.86.225 - - [24/Aug/2026:19:47:41 +0500] "GET /index.php/shareholders-uzb/emission-uzb HTTP/1.1" 200 147054 "-" "Mozilla/5.0 (compatible; MJ12bot/v1.4.8; http://mj12bot.com/)"
54.37.86.225 - - [24/Aug/2026:19:48:04 +0500] "GET /index.php/shareholders-uzb/events HTTP/1.1" 200 62391 "-" "Mozilla/5.0 (compatible; MJ12bot/v1.4.8; http://mj12bot.com/)"
54.37.86.225 - - [24/Aug/2026:19:48:19 +0500] "GET /index.php/shareholders-uzb/events/178-reja-2019 HTTP/1.1" 200 53274 "-" "Mozilla/5.0 (compatible; MJ12bot/v1.4.8; http://mj12bot.com/)"
54.37.86.225 - - [24/Aug/2026:19:48:30 +0500] "GET /index.php/shareholders-uzb/events?start=5 HTTP/1.1" 200 57623 "-" "Mozilla/5.0 (compatible; MJ12bot/v1.4.8; http://mj12bot.com/)"
136.119.35.120 - - [24/Aug/2026:19:48:44 +0500] "GET /images/aksiyadorlarga/xisobotlar/2020/balans-1-2019.doc HTTP/1.1" 200 282624 "-" "Mozilla/5.0 (Macintosh; Intel Mac OS X 10_15_7) AppleWebKit/537.36 (KHTML, like Gecko) Chrome/120.0.0.0 Safari/537.36"
54.37.86.225 - - [24/Aug/2026:19:48:43 +0500] "GET /index.php/shareholders-uzb/facts-uzb HTTP/1.1" 200 57627 "-" "Mozilla/5.0 (compatible; MJ12bot/v1.4.8; http://mj12bot.com/)"
54.37.86.225 - - [24/Aug/2026:19:49:13 +0500] "GET /index.php/shareholders-uzb/facts-uzb/316-08-fact-07-09-2023 HTTP/1.1" 200 106570 "-" "Mozilla/5.0 (compatible; MJ12bot/v1.4.8; http://mj12bot.com/)"
54.37.86.225 - - [24/Aug/2026:19:49:25 +0500] "GET /index.php/shareholders-uzb/facts-uzb/317-36-fact-07-09-2023 HTTP/1.1" 200 178946 "-" "Mozilla/5.0 (compatible; MJ12bot/v1.4.8; http://mj12bot.com/)"
54.37.86.225 - - [24/Aug/2026:19:49:37 +0500] "GET /index.php/shareholders-uzb/facts-uzb/319-08-fact-04-10-20234-ns HTTP/1.1" 200 105764 "-" "Mozilla/5.0 (compatible; MJ12bot/v1.4.8; http://mj12bot.com/)"
54.37.86.225 - - [24/Aug/2026:19:49:48 +0500] "GET /index.php/shareholders-uzb/facts-uzb/320-08-fact-04-10-2023-io HTTP/1.1" 200 84303 "-" "Mozilla/5.0 (compatible; MJ12bot/v1.4.8; http://mj12bot.com/)"
54.37.86.225 - - [24/Aug/2026:19:49:59 +0500] "GET /index.php/shareholders-uzb/facts-uzb/321-36-fact-04-10-2023 HTTP/1.1" 200 170454 "-" "Mozilla/5.0 (compatible; MJ12bot/v1.4.8; http://mj12bot.com/)"
54.37.86.225 - - [24/Aug/2026:19:50:09 +0500] "GET /index.php/shareholders-uzb/facts-uzb/332-06-fact-03-04-2024 HTTP/1.1" 200 183381 "-" "Mozilla/5.0 (compatible; MJ12bot/v1.4.8; http://mj12bot.com/)"
54.37.86.225 - - [24/Aug/2026:19:50:17 +0500] "GET /index.php/shareholders-uzb/facts-uzb/335-32-fact-03-04-2024 HTTP/1.1" 200 61459 "-" "Mozilla/5.0 (compatible; MJ12bot/v1.4.8; http://mj12bot.com/)"
54.37.86.225 - - [24/Aug/2026:19:50:27 +0500] "GET /index.php/shareholders-uzb/facts-uzb/336-36-fact-03-04-2024 HTTP/1.1" 200 124204 "-" "Mozilla/5.0 (compatible; MJ12bot/v1.4.8; http://mj12bot.com/)"
54.37.86.225 - - [24/Aug/2026:19:50:38 +0500] "GET /index.php/shareholders-uzb/facts-uzb/353-06-fact-03-04-2025 HTTP/1.1" 200 190617 "-" "Mozilla/5.0 (compatible; MJ12bot/v1.4.8; http://mj12bot.com/)"
54.37.86.225 - - [24/Aug/2026:19:50:49 +0500] "GET /index.php/shareholders-uzb/facts-uzb/354-08-fact-03-04-2025-io HTTP/1.1" 508 288 "-" "Mozilla/5.0 (compatible; MJ12bot/v1.4.8; http://mj12bot.com/)"
54.37.86.225 - - [24/Aug/2026:19:50:51 +0500] "GET /index.php/shareholders-uzb/facts-uzb/355-08-fact-03-04-2025-nk HTTP/1.1" 200 103415 "-" "Mozilla/5.0 (compatible; MJ12bot/v1.4.8; http://mj12bot.com/)"
54.37.86.225 - - [24/Aug/2026:19:51:03 +0500] "GET /index.php/shareholders-uzb/facts-uzb/356-32-fact-03-04-2025 HTTP/1.1" 508 288 "-" "Mozilla/5.0 (compatible; MJ12bot/v1.4.8; http://mj12bot.com/)"
54.37.86.225 - - [24/Aug/2026:19:51:05 +0500] "GET /index.php/shareholders-uzb/facts-uzb/357-36-fact-03-04-2025 HTTP/1.1" 200 124844 "-" "Mozilla/5.0 (compatible; MJ12bot/v1.4.8; http://mj12bot.com/)"
52.167.144.158 - - [24/Aug/2026:20:02:01 +0500] "GET /index.php/component/mailto/?tmpl=component&template=accessibility&link=f72f79d30f86424788cf2033e7af7a1ade6bb43b HTTP/1.1" 200 3091 "-" "Mozilla/5.0 AppleWebKit/537.36 (KHTML, like Gecko; compatible; bingbot/2.0; +http://www.bing.com/bingbot.htm) Chrome/116.0.1938.76 Safari/537.36"
54.225.81.20 - - [24/Aug/2026:20:03:13 +0500] "GET /index.php/news/349-meeting-osa-03-04-25?layout=default&page=&print=1&tmpl=component HTTP/1.1" 200 9127 "-" "Mozilla/5.0 AppleWebKit/537.36 (KHTML, like Gecko; compatible; Amazonbot/0.1; +https://developer.amazon.com/support/amazonbot) Chrome/119.0.6045.214 Safari/537.36"
34.56.53.225 - - [24/Aug/2026:20:04:07 +0500] "GET /index.php/shareholders-uzb/hisobotlar/87-yunusobod-dekhkon-bozori-azhning-2016-jil-3-chorak-b-jicha-isoboti HTTP/1.1" 200 53778 "-" "Mozilla/5.0 (Macintosh; Intel Mac OS X 10_15_7) AppleWebKit/537.36 (KHTML, like Gecko) Chrome/120.0.0.0 Safari/537.36"
145.239.15.241 - - [24/Aug/2026:20:04:23 +0500] "GET /images/slideshow/02.jpg HTTP/1.1" 200 25425 "-" "python-urllib3/1.26.18"
103.229.255.225 - - [24/Aug/2026:20:06:24 +0500] "GET /media/system/images/arrow.png HTTP/1.1" 200 107 "-" "Mozilla/5.0 (Windows; U; Windows 95) AppleWebKit/531.21.5 (KHTML, like Gecko) Version/5.0.1 Safari/531.21.5"
34.10.180.98 - - [24/Aug/2026:20:09:23 +0500] "GET /index.php/component/mailto/?link=7349f2b4f9085441da8c861021fc23c4f6914f6e&template=yunusobod&tmpl=component HTTP/1.1" 200 3434 "-" "Mozilla/5.0 (Macintosh; Intel Mac OS X 10_15_7) AppleWebKit/537.36 (KHTML, like Gecko) Chrome/120.0.0.0 Safari/537.36"
34.10.180.98 - - [24/Aug/2026:20:11:00 +0500] "GET /index.php/shareholders-uzb/hisobotlar/86-yunusobod-dekhkon-bozori-azhning-2016-jil-3-chorak-b-jicha-isoboti-2-sonli-formasi HTTP/1.1" 200 54001 "-" "Mozilla/5.0 (Macintosh; Intel Mac OS X 10_15_7) AppleWebKit/537.36 (KHTML, like Gecko) Chrome/120.0.0.0 Safari/537.36"
129.153.119.3 - - [24/Aug/2026:20:13:54 +0500] "GET /index.php/component/mailto?link=f45e0eaafb0c6e12c43158684db58a7fff595ec0&template=accessibility&tmpl=component HTTP/1.1" 200 3098 "-" "Mozilla/5.0 (X11; Linux aarch64) AppleWebKit/537.36 (KHTML, like Gecko) Chrome/139.0.0.0 Safari/537.36"
185.191.171.13 - - [24/Aug/2026:20:14:56 +0500] "GET /index.php/shareholders-uzb/jsc-docs?start=20&template=yunusobod HTTP/1.1" 200 58930 "-" "Mozilla/5.0 (compatible; SemrushBot/7~bl; +http://www.semrush.com/bot.html)"
18.210.58.238 - - [24/Aug/2026:20:17:07 +0500] "GET /index.php/officially-uzb/arkhiv/79-yunusobod-dehqon-bozori-aksiyadorlik-jamiyati-ustaviga-kiritilgan-zgartirishlar HTTP/1.1" 200 53678 "-" "Mozilla/5.0 AppleWebKit/537.36 (KHTML, like Gecko; compatible; Amazonbot/0.1; +https://developer.amazon.com/support/amazonbot) Chrome/119.0.6045.214 Safari/537.36"
85.208.96.209 - - [24/Aug/2026:20:20:01 +0500] "GET /index.php/officially-uzb/tenders-uzb/235-tender-dir-10-03-2022 HTTP/1.1" 200 53448 "-" "Mozilla/5.0 (compatible; SemrushBot/7~bl; +http://www.semrush.com/bot.html)"
35.254.159.230 - - [24/Aug/2026:20:23:26 +0500] "GET /index.php/component/mailto/?link=5a793a9ffaa35ee4826296e94cda5b73fe635700&template=yunusobod&tmpl=component HTTP/1.1" 200 3434 "-" "Mozilla/5.0 (Macintosh; Intel Mac OS X 10_15_7) AppleWebKit/537.36 (KHTML, like Gecko) Chrome/120.0.0.0 Safari/537.36"
79.41.50.212 - - [24/Aug/2026:20:23:29 +0500] "GET /index.php/shareholders-uzb/facts-uzb/51-05-mansabdor-shakhslarning-shakhsij-tarkibidagi-zgarishlar HTTP/1.1" 200 57237 "-" "Mozilla/5.0 (Macintosh; Intel Mac OS X 10_15_7) AppleWebKit/537.36 (KHTML, like Gecko) Chrome/150.0.0.0 Safari/537.36"
161.123.124.112 - - [24/Aug/2026:20:23:29 +0500] "GET /index.php/shareholders-uzb/facts-uzb/24-emitentning-nomi-joki-zhojlashgan-eri-pochta-manzili-zgarganligi HTTP/1.1" 200 61688 "-" "Mozilla/5.0 (Macintosh; Intel Mac OS X 10_15_7) AppleWebKit/537.36 (KHTML, like Gecko) Chrome/150.0.0.0 Safari/537.36"
185.51.23.109 - - [24/Aug/2026:20:23:29 +0500] "GET /index.php/shareholders-uzb/facts-uzb/26-facts-05 HTTP/1.1" 200 63447 "-" "Mozilla/5.0 (Macintosh; Intel Mac OS X 10_15_7) AppleWebKit/537.36 (KHTML, like Gecko) Chrome/150.0.0.0 Safari/537.36"
34.61.96.6 - - [24/Aug/2026:20:28:44 +0500] "GET /index.php/component/mailto/?link=c4a7797fff68bf50d8d0dc5407e67ecfe4a36121&template=yunusobod&tmpl=component HTTP/1.1" 200 3434 "-" "Mozilla/5.0 (Macintosh; Intel Mac OS X 10_15_7) AppleWebKit/537.36 (KHTML, like Gecko) Chrome/120.0.0.0 Safari/537.36"
85.208.96.206 - - [24/Aug/2026:20:30:57 +0500] "GET /index.php/shareholders-uzb/facts-uzb/277-08-fact-30-09-2022-ns HTTP/1.1" 200 102515 "-" "Mozilla/5.0 (compatible; SemrushBot/7~bl; +http://www.semrush.com/bot.html)"
34.61.96.6 - - [24/Aug/2026:20:33:08 +0500] "GET /images/aksiyadorlarga/xisobotlar/balans-1-1-2019-yb.pdf HTTP/1.1" 200 871010 "-" "Mozilla/5.0 (Macintosh; Intel Mac OS X 10_15_7) AppleWebKit/537.36 (KHTML, like Gecko) Chrome/120.0.0.0 Safari/537.36"
129.146.114.253 - - [24/Aug/2026:20:33:05 +0500] "GET /index.php/shareholders-uzb/jsc-docs/71-yunusobod-dehqon-bozori-aktsiyadorlik-zhamiyati-tomonidan-korporativ-bosh-aruv-kodeksi-tavsiyalarini-z-faoliyatiga-abul-ilganligi-t-risida-khabar-berish-shakli HTTP/1.1" 200 - "-" "Mozilla/5.0 (X11; Linux aarch64) AppleWebKit/537.36 (KHTML, like Gecko) Chrome/139.0.0.0 Safari/537.36"
129.146.114.253 - - [24/Aug/2026:20:33:09 +0500] "GET /index.php/shareholders-uzb/jsc-docs/71-yunusobod-dehqon-bozori-aktsiyadorlik-zhamiyati-tomonidan-korporativ-bosh-aruv-kodeksi-tavsiyalarini-z-faoliyatiga-abul-ilganligi-t-risida-khabar-berish-shakli HTTP/1.1" 200 58785 "-" "Mozilla/5.0 (X11; Linux aarch64) AppleWebKit/537.36 (KHTML, like Gecko) Chrome/139.0.0.0 Safari/537.36"
144.24.19.182 - - [24/Aug/2026:20:33:34 +0500] "GET /index.php/officially-uzb/vacancies-uzb HTTP/1.1" 200 - "-" "Mozilla/5.0 (X11; Linux aarch64) AppleWebKit/537.36 (KHTML, like Gecko) Chrome/139.0.0.0 Safari/537.36"
144.24.19.182 - - [24/Aug/2026:20:33:37 +0500] "GET /index.php/officially-uzb/vacancies-uzb HTTP/1.1" 200 - "-" "Mozilla/5.0 (X11; Linux aarch64) AppleWebKit/537.36 (KHTML, like Gecko) Chrome/139.0.0.0 Safari/537.36"
185.191.171.19 - - [24/Aug/2026:20:36:47 +0500] "GET /index.php/officially-uzb/tenders-uzb?start=15&template=accessibility HTTP/1.1" 200 16323 "-" "Mozilla/5.0 (compatible; SemrushBot/7~bl; +http://www.semrush.com/bot.html)"
216.73.216.168 - - [24/Aug/2026:20:38:08 +0500] "GET /robots.txt HTTP/1.1" 200 842 "-" "Mozilla/5.0 AppleWebKit/537.36 (KHTML, like Gecko; compatible; ClaudeBot/1.0; +claudebot@anthropic.com)"
216.73.216.168 - - [24/Aug/2026:20:38:09 +0500] "GET /sitemap.xml HTTP/1.1" 404 2002 "-" "Mozilla/5.0 AppleWebKit/537.36 (KHTML, like Gecko; compatible; ClaudeBot/1.0; +claudebot@anthropic.com)"
35.85.46.144 - - [24/Aug/2026:20:41:23 +0500] "GET / HTTP/1.1" 200 65127 "-" "Mozilla/5.0 (Windows NT 10.0; WOW64) AppleWebKit/537.36 (KHTML, like Gecko) Chrome/51.0.2704.103 Safari/537.36"
114.119.153.242 - - [24/Aug/2026:20:41:47 +0500] "GET /index.php/shareholders-uzb/events/18-notification2 HTTP/1.1" 508 288 "http://yunusobod-bozori.uz/index.php?start=70" "Mozilla/5.0 (Linux; Android 7.0;) AppleWebKit/537.36 (HTML, like Gecko) Mobile Safari/537.36 (compatible; PetalBot;+https://webmaster.petalsearch.com/site/petalbot)"
34.56.53.225 - - [24/Aug/2026:20:52:02 +0500] "GET /index.php/shareholders-uzb/facts-uzb/304-06-fact-06-04-2022-2?page=&print=1&tmpl=component HTTP/1.1" 200 3187 "-" "Mozilla/5.0 (Macintosh; Intel Mac OS X 10_15_7) AppleWebKit/537.36 (KHTML, like Gecko) Chrome/120.0.0.0 Safari/537.36"
34.57.162.91 - - [24/Aug/2026:20:54:31 +0500] "GET /index.php/component/mailto/?link=4dd5adf5db6dbefb416ced886cd414f2c9f82212&template=yunusobod&tmpl=component HTTP/1.1" 200 3434 "-" "Mozilla/5.0 (Macintosh; Intel Mac OS X 10_15_7) AppleWebKit/537.36 (KHTML, like Gecko) Chrome/120.0.0.0 Safari/537.36"
114.119.140.178 - - [24/Aug/2026:20:59:03 +0500] "GET /index.php/shareholders-uzb/korp/303-korp-2022 HTTP/1.1" 508 288 "http://yunusobod-bozori.uz/index.php/shareholders-uzb/korp/303-korp-2022?tmpl=component&print=1&page" "Mozilla/5.0 (Linux; Android 7.0;) AppleWebKit/537.36 (HTML, like Gecko) Mobile Safari/537.36 (compatible; PetalBot;+https://webmaster.petalsearch.com/site/petalbot)"
94.139.57.60 - - [24/Aug/2026:21:02:50 +0500] "GET /index.php/shareholders-uzb/votes-uzb/97-yun-sood-dehkon-bozori-a-tsa-dorli-zhami-ti-zat-v-en-ashi-jigilishinin-bajonidan-chirma-30-12-2016?layout=default&page=&print=1&tmpl=component HTTP/1.1" 200 6263 "-" "Mozilla/5.0 (Macintosh; Intel Mac OS X 10_15_7) AppleWebKit/537.36 (KHTML, like Gecko) Chrome/150.0.0.0 Safari/537.36"
217.129.165.54 - - [24/Aug/2026:21:02:51 +0500] "GET /index.php/component/mailto/?link=470f682dfbcc9195a5f285815503792564ea4a1a&template=yunusobod&tmpl=component HTTP/1.1" 200 3426 "-" "Mozilla/5.0 (Macintosh; Intel Mac OS X 10_15_7) AppleWebKit/537.36 (KHTML, like Gecko) Chrome/150.0.0.0 Safari/537.36"
195.225.144.82 - - [24/Aug/2026:21:02:52 +0500] "GET /index.php/component/mailto/?link=e6fc38281088eab5fb62a8b73d7307d8fb9fb4b2&template=yunusobod&tmpl=component HTTP/1.1" 200 3426 "-" "Mozilla/5.0 (Macintosh; Intel Mac OS X 10_15_7) AppleWebKit/537.36 (KHTML, like Gecko) Chrome/150.0.0.0 Safari/537.36"
52.200.251.20 - - [24/Aug/2026:21:03:18 +0500] "GET /index.php/officially-uzb/arkhiv?template=accessibility HTTP/1.1" 508 288 "-" "Mozilla/5.0 AppleWebKit/537.36 (KHTML, like Gecko; compatible; Amazonbot/0.1; +https://developer.amazon.com/support/amazonbot) Chrome/119.0.6045.214 Safari/537.36"
34.61.96.6 - - [24/Aug/2026:21:03:24 +0500] "GET /images/aksiyadorlarga/xisobotlar/balans-1-2018-yunusobod.pdf HTTP/1.1" 200 600094 "-" "Mozilla/5.0 (Macintosh; Intel Mac OS X 10_15_7) AppleWebKit/537.36 (KHTML, like Gecko) Chrome/120.0.0.0 Safari/537.36"
136.119.35.120 - - [24/Aug/2026:21:04:34 +0500] "GET /index.php/component/search/?Itemid=169&format=opensearch&template=yunusobod HTTP/1.1" 200 731 "-" "Mozilla/5.0 (Macintosh; Intel Mac OS X 10_15_7) AppleWebKit/537.36 (KHTML, like Gecko) Chrome/120.0.0.0 Safari/537.36"
85.208.96.209 - - [24/Aug/2026:21:08:36 +0500] "GET /pages/getpage.aspx%3Flact_id=2038449 HTTP/1.1" 508 288 "-" "Mozilla/5.0 (compatible; SemrushBot/7~bl; +http://www.semrush.com/bot.html)"
54.208.198.119 - - [24/Aug/2026:21:09:21 +0500] "GET / HTTP/1.1" 200 65177 "-" "Mozilla/5.0 (Macintosh; Intel Mac OS X 10_15_7) AppleWebKit/537.36 (KHTML, like Gecko) Chrome/136.0.0.0 Safari/537.36"
34.56.53.225 - - [24/Aug/2026:21:19:56 +0500] "GET /index.php/component/mailto/?link=0710f22dedc1952da2c01611aece6000dd775dbb&template=yunusobod&tmpl=component HTTP/1.1" 200 3434 "-" "Mozilla/5.0 (Macintosh; Intel Mac OS X 10_15_7) AppleWebKit/537.36 (KHTML, like Gecko) Chrome/120.0.0.0 Safari/537.36"
34.56.53.225 - - [24/Aug/2026:21:25:49 +0500] "GET /index.php/shareholders-uzb/hisobotlar/52-yunusobod-dekhkon-bozori-azhning-2014-jil-yakunlari-b-jicha-jillik-isoboti?page=&print=1&tmpl=component HTTP/1.1" 200 16150 "-" "Mozilla/5.0 (Macintosh; Intel Mac OS X 10_15_7) AppleWebKit/537.36 (KHTML, like Gecko) Chrome/120.0.0.0 Safari/537.36"
194.107.115.145 - - [24/Aug/2026:21:25:59 +0500] "GET / HTTP/1.1" 200 65127 "-" "Mozilla/5.0 (compatible; FalconBot/1.0)"
194.107.115.145 - - [24/Aug/2026:21:26:07 +0500] "GET / HTTP/1.1" 200 65167 "-" "Mozilla/5.0 (compatible; FalconBot/1.0)"
34.123.149.87 - - [24/Aug/2026:21:29:21 +0500] "GET /index.php/shareholders-uzb/facts-uzb/279-36-fact-30-09-2022?page=&print=1&tmpl=component HTTP/1.1" 200 128181 "-" "Mozilla/5.0 (Macintosh; Intel Mac OS X 10_15_7) AppleWebKit/537.36 (KHTML, like Gecko) Chrome/120.0.0.0 Safari/537.36"
175.27.171.245 - - [24/Aug/2026:21:32:04 +0500] "GET / HTTP/1.1" 200 65167 "-" "Mozilla/5.0 (iPhone; CPU iPhone OS 13_2_3 like Mac OS X) AppleWebKit/605.1.15 (KHTML, like Gecko) Version/13.0.3 Mobile/15E148 Safari/604.1"
34.10.180.98 - - [24/Aug/2026:21:34:47 +0500] "GET /index.php/component/search/?Itemid=166&format=opensearch HTTP/1.1" 200 708 "-" "Mozilla/5.0 (Macintosh; Intel Mac OS X 10_15_7) AppleWebKit/537.36 (KHTML, like Gecko) Chrome/120.0.0.0 Safari/537.36"
34.42.229.145 - - [24/Aug/2026:21:38:22 +0500] "GET /index.php/component/search/?Itemid=169&catid=20&format=opensearch&id=309 HTTP/1.1" 200 732 "-" "Mozilla/5.0 (Macintosh; Intel Mac OS X 10_15_7) AppleWebKit/537.36 (KHTML, like Gecko) Chrome/120.0.0.0 Safari/537.36"
124.156.206.145 - - [24/Aug/2026:21:38:21 +0500] "GET /index.php/about-org/sajt-kharitasi HTTP/1.1" 200 56616 "-" "Mozilla/5.0 (iPhone; CPU iPhone OS 13_2_3 like Mac OS X) AppleWebKit/605.1.15 (KHTML, like Gecko) Version/13.0.3 Mobile/15E148 Safari/604.1"
114.119.153.242 - - [24/Aug/2026:21:42:02 +0500] "GET /robots.txt HTTP/1.1" 200 842 "http://yunusobod-bozori.uz/robots.txt" "Mozilla/5.0 (Linux; Android 7.0;) AppleWebKit/537.36 (HTML, like Gecko) Mobile Safari/537.36 (compatible; PetalBot;+https://webmaster.petalsearch.com/site/petalbot)"
54.37.22.13 - - [24/Aug/2026:21:42:35 +0500] "GET /images/slideshow/02.jpg HTTP/1.1" 200 25425 "-" "python-urllib3/1.26.18"
54.37.22.13 - - [24/Aug/2026:21:43:12 +0500] "GET /images/news/attention.jpg HTTP/1.1" 200 2793 "-" "python-urllib3/1.26.18"
114.119.133.46 - - [24/Aug/2026:21:43:25 +0500] "GET /index.php/shareholders-uzb/events/100-a-tsi-dorlar-b-rcha-i-a-ma-l-mot?tmpl=component&print=1&layout=default&page HTTP/1.1" 200 6022 "http://yunusobod-bozori.uz/index.php?start=55" "Mozilla/5.0 (Linux; Android 7.0;) AppleWebKit/537.36 (HTML, like Gecko) Mobile Safari/537.36 (compatible; PetalBot;+https://webmaster.petalsearch.com/site/petalbot)"
52.167.144.176 - - [24/Aug/2026:21:46:08 +0500] "GET /docs/2022/mavlyanova.docx HTTP/1.1" 200 23699 "-" "Mozilla/5.0 AppleWebKit/537.36 (KHTML, like Gecko; compatible; bingbot/2.0; +http://www.bing.com/bingbot.htm) Chrome/116.0.1938.76 Safari/537.36"
52.167.144.176 - - [24/Aug/2026:21:47:28 +0500] "GET /index.php/component/mailto/?tmpl=component&template=yunusobod&link=9d0182073f329b6a40169b63f605017c51d76d2e HTTP/1.1" 200 3426 "-" "Mozilla/5.0 AppleWebKit/537.36 (KHTML, like Gecko; compatible; bingbot/2.0; +http://www.bing.com/bingbot.htm) Chrome/116.0.1938.76 Safari/537.36"
137.131.24.37 - - [24/Aug/2026:21:48:48 +0500] "GET /index.php/shareholders-uzb/audit-uzb?page=&print=1&tmpl=component HTTP/1.1" 200 - "-" "Mozilla/5.0 (X11; Linux aarch64) AppleWebKit/537.36 (KHTML, like Gecko) Chrome/139.0.0.0 Safari/537.36"
137.131.24.37 - - [24/Aug/2026:21:48:53 +0500] "GET /index.php/shareholders-uzb/audit-uzb?page=&print=1&tmpl=component HTTP/1.1" 200 3954 "-" "Mozilla/5.0 (X11; Linux aarch64) AppleWebKit/537.36 (KHTML, like Gecko) Chrome/139.0.0.0 Safari/537.36"
43.153.113.127 - - [24/Aug/2026:21:49:21 +0500] "GET /index.php/about-org/structure-uzb HTTP/1.1" 200 52728 "-" "Mozilla/5.0 (iPhone; CPU iPhone OS 13_2_3 like Mac OS X) AppleWebKit/605.1.15 (KHTML, like Gecko) Version/13.0.3 Mobile/15E148 Safari/604.1"
34.10.180.98 - - [24/Aug/2026:21:50:00 +0500] "GET /index.php/component/mailto/?link=64fc46d4d21aed998948d109aff298047229f9f1&template=yunusobod&tmpl=component HTTP/1.1" 200 3434 "-" "Mozilla/5.0 (Macintosh; Intel Mac OS X 10_15_7) AppleWebKit/537.36 (KHTML, like Gecko) Chrome/120.0.0.0 Safari/537.36"
136.66.59.46 - - [24/Aug/2026:21:50:53 +0500] "GET / HTTP/1.1" 200 65177 "-" "Mozilla/5.0 (compatible; CMS-Checker/1.0; +https://example.com)"
51.77.217.11 - - [24/Aug/2026:21:54:42 +0500] "GET /robots.txt HTTP/1.1" 200 842 "-" "Mozilla/5.0 (compatible; MJ12bot/v1.4.8; http://mj12bot.com/)"
51.77.217.11 - - [24/Aug/2026:21:54:44 +0500] "GET /index.php/about-org/direction-uzb?template=accessibility HTTP/1.1" 508 288 "-" "Mozilla/5.0 (compatible; MJ12bot/v1.4.8; http://mj12bot.com/)"
51.77.217.11 - - [24/Aug/2026:21:54:53 +0500] "GET /index.php/about-org/financial-and-economic-uzb?template=accessibility HTTP/1.1" 508 288 "-" "Mozilla/5.0 (compatible; MJ12bot/v1.4.8; http://mj12bot.com/)"
51.77.217.11 - - [24/Aug/2026:21:55:08 +0500] "GET /index.php/about-org/production-uzb?template=accessibility HTTP/1.1" 200 23287 "-" "Mozilla/5.0 (compatible; MJ12bot/v1.4.8; http://mj12bot.com/)"
34.10.180.98 - - [24/Aug/2026:21:55:52 +0500] "GET /images/aksiyadorlarga/xisobotlar/balans-2-2-2017.xls HTTP/1.1" 200 68096 "-" "Mozilla/5.0 (Macintosh; Intel Mac OS X 10_15_7) AppleWebKit/537.36 (KHTML, like Gecko) Chrome/120.0.0.0 Safari/537.36"
161.123.125.249 - - [24/Aug/2026:21:56:50 +0500] "GET /index.php/component/mailto/?link=b3a309b128d9294b297bd3a76a233d212880e33b&template=yunusobod&tmpl=component HTTP/1.1" 200 3426 "-" "Mozilla/5.0 (Macintosh; Intel Mac OS X 10_15_7) AppleWebKit/537.36 (KHTML, like Gecko) Chrome/150.0.0.0 Safari/537.36"
43.157.170.13 - - [24/Aug/2026:21:57:14 +0500] "GET /index.php/about-org/production-uzb HTTP/1.1" 200 61112 "-" "Mozilla/5.0 (iPhone; CPU iPhone OS 13_2_3 like Mac OS X) AppleWebKit/605.1.15 (KHTML, like Gecko) Version/13.0.3 Mobile/15E148 Safari/604.1"
51.77.217.11 - - [24/Aug/2026:21:58:05 +0500] "GET /index.php/about-org/strategy-uzb?format=feed&type=atom HTTP/1.1" 200 18396 "-" "Mozilla/5.0 (compatible; MJ12bot/v1.4.8; http://mj12bot.com/)"
51.77.217.11 - - [24/Aug/2026:21:58:13 +0500] "GET /index.php/about-org/strategy-uzb?format=feed&type=rss HTTP/1.1" 200 11869 "-" "Mozilla/5.0 (compatible; MJ12bot/v1.4.8; http://mj12bot.com/)"
51.77.217.11 - - [24/Aug/2026:21:58:38 +0500] "GET /index.php/about-org/structure-uzb?template=accessibility HTTP/1.1" 200 14915 "-" "Mozilla/5.0 (compatible; MJ12bot/v1.4.8; http://mj12bot.com/)"
51.77.217.11 - - [24/Aug/2026:21:58:49 +0500] "GET /index.php/component/mijopolls/?template=accessibility HTTP/1.1" 200 16653 "-" "Mozilla/5.0 (compatible; MJ12bot/v1.4.8; http://mj12bot.com/)"
34.56.53.225 - - [24/Aug/2026:21:59:12 +0500] "GET /index.php/shareholders-uzb/facts-uzb/310-36-fact-05-04-2023 HTTP/1.1" 200 68133 "-" "Mozilla/5.0 (Macintosh; Intel Mac OS X 10_15_7) AppleWebKit/537.36 (KHTML, like Gecko) Chrome/120.0.0.0 Safari/537.36"
144.24.30.217 - - [24/Aug/2026:21:59:15 +0500] "GET /index.php/shareholders-uzb/events/178-reja-2019 HTTP/1.1" 200 53274 "-" "Mozilla/5.0 (X11; Linux aarch64) AppleWebKit/537.36 (KHTML, like Gecko) Chrome/139.0.0.0 Safari/537.36"
51.77.217.11 - - [24/Aug/2026:21:59:32 +0500] "GET /index.php/contacts-uzb?template=accessibility HTTP/1.1" 200 18950 "-" "Mozilla/5.0 (compatible; MJ12bot/v1.4.8; http://mj12bot.com/)"
51.77.217.11 - - [24/Aug/2026:21:59:48 +0500] "GET /index.php/interactive-uzb/appeal-of-citizens?template=accessibility HTTP/1.1" 200 18736 "-" "Mozilla/5.0 (compatible; MJ12bot/v1.4.8; http://mj12bot.com/)"
51.77.217.11 - - [24/Aug/2026:22:00:01 +0500] "GET /index.php/interactive-uzb/faq-uzb?template=accessibility HTTP/1.1" 200 14929 "-" "Mozilla/5.0 (compatible; MJ12bot/v1.4.8; http://mj12bot.com/)"
34.123.149.87 - - [24/Aug/2026:22:00:04 +0500] "GET /index.php/shareholders-uzb/votes-uzb/28-01-07-2014-jildagi-sano-komissiyaning-bajonnomasiga-ilova HTTP/1.1" 200 68566 "-" "Mozilla/5.0 (Macintosh; Intel Mac OS X 10_15_7) AppleWebKit/537.36 (KHTML, like Gecko) Chrome/120.0.0.0 Safari/537.36"
51.77.217.11 - - [24/Aug/2026:22:00:09 +0500] "GET /index.php/news/114-yun-sobod-dehkon-bozori-azh-a-tsi-dorlari-dikkati-a-2 HTTP/1.1" 200 57852 "-" "Mozilla/5.0 (compatible; MJ12bot/v1.4.8; http://mj12bot.com/)"
51.77.217.11 - - [24/Aug/2026:22:00:22 +0500] "GET /index.php/news/182-dididend-2018?tmpl=component&print=1&layout=default&page= HTTP/1.1" 200 2908 "-" "Mozilla/5.0 (compatible; MJ12bot/v1.4.8; http://mj12bot.com/)"
51.77.217.11 - - [24/Aug/2026:22:00:28 +0500] "GET /index.php/news/232-news-28-01-2022?tmpl=component&print=1&layout=default&page= HTTP/1.1" 200 4365 "-" "Mozilla/5.0 (compatible; MJ12bot/v1.4.8; http://mj12bot.com/)"
51.77.217.11 - - [24/Aug/2026:22:00:35 +0500] "GET /index.php/news/233-tanlov-korp-2021?tmpl=component&print=1&layout=default&page= HTTP/1.1" 200 3838 "-" "Mozilla/5.0 (compatible; MJ12bot/v1.4.8; http://mj12bot.com/)"
51.77.217.11 - - [24/Aug/2026:22:00:44 +0500] "GET /index.php/news/234-news-06-04-2022?tmpl=component&print=1&layout=default&page= HTTP/1.1" 200 3412 "-" "Mozilla/5.0 (compatible; MJ12bot/v1.4.8; http://mj12bot.com/)"
51.77.217.11 - - [24/Aug/2026:22:00:52 +0500] "GET /index.php/news/263-news-03-06-2022?tmpl=component&print=1&layout=default&page= HTTP/1.1" 200 3210 "-" "Mozilla/5.0 (compatible; MJ12bot/v1.4.8; http://mj12bot.com/)"
51.77.217.11 - - [24/Aug/2026:22:00:59 +0500] "GET /index.php/news/264-news-063-06-2022?tmpl=component&print=1&layout=default&page= HTTP/1.1" 200 23332 "-" "Mozilla/5.0 (compatible; MJ12bot/v1.4.8; http://mj12bot.com/)"
51.77.217.11 - - [24/Aug/2026:22:01:06 +0500] "GET /index.php/news/265-news-17-06-2022?tmpl=component&print=1&layout=default&page= HTTP/1.1" 200 8378 "-" "Mozilla/5.0 (compatible; MJ12bot/v1.4.8; http://mj12bot.com/)"
51.77.217.11 - - [24/Aug/2026:22:01:25 +0500] "GET /index.php/news/35-qabul-qilingan-qonunlarga-bagishlangan-seminar-bulib-utdi HTTP/1.1" 200 54428 "-" "Mozilla/5.0 (compatible; MJ12bot/v1.4.8; http://mj12bot.com/)"
51.77.217.11 - - [24/Aug/2026:22:03:36 +0500] "GET /index.php/officially-uzb/arkhiv?format=feed&type=atom HTTP/1.1" 200 104970 "-" "Mozilla/5.0 (compatible; MJ12bot/v1.4.8; http://mj12bot.com/)"
51.77.217.11 - - [24/Aug/2026:22:03:44 +0500] "GET /index.php/officially-uzb/arkhiv?template=accessibility HTTP/1.1" 200 14779 "-" "Mozilla/5.0 (compatible; MJ12bot/v1.4.8; http://mj12bot.com/)"
51.77.217.11 - - [24/Aug/2026:22:03:51 +0500] "GET /index.php/officially-uzb/certificates?template=accessibility HTTP/1.1" 200 15051 "-" "Mozilla/5.0 (compatible; MJ12bot/v1.4.8; http://mj12bot.com/)"
51.77.217.11 - - [24/Aug/2026:22:03:56 +0500] "GET /index.php/officially-uzb/investment?template=accessibility HTTP/1.1" 200 14990 "-" "Mozilla/5.0 (compatible; MJ12bot/v1.4.8; http://mj12bot.com/)"
51.77.217.11 - - [24/Aug/2026:22:04:02 +0500] "GET /index.php/officially-uzb/norm-baza-uzb?tmpl=component&print=1&page= HTTP/1.1" 200 6696 "-" "Mozilla/5.0 (compatible; MJ12bot/v1.4.8; http://mj12bot.com/)"
51.77.217.11 - - [24/Aug/2026:22:04:25 +0500] "GET /index.php/officially-uzb/not-valid-uzb?template=accessibility HTTP/1.1" 508 288 "-" "Mozilla/5.0 (compatible; MJ12bot/v1.4.8; http://mj12bot.com/)"
43.157.156.190 - - [24/Aug/2026:22:05:47 +0500] "GET /index.php/about-org/sajt-kharitasi?template=accessibility HTTP/1.1" 200 18160 "-" "Mozilla/5.0 (iPhone; CPU iPhone OS 13_2_3 like Mac OS X) AppleWebKit/605.1.15 (KHTML, like Gecko) Version/13.0.3 Mobile/15E148 Safari/604.1"
51.77.217.11 - - [24/Aug/2026:22:06:17 +0500] "GET /index.php/shareholders-uzb/a-tsi-larni-sotib-olinishi?tmpl=component&print=1&page= HTTP/1.1" 200 6388 "-" "Mozilla/5.0 (compatible; MJ12bot/v1.4.8; http://mj12bot.com/)"
51.77.217.11 - - [24/Aug/2026:22:06:24 +0500] "GET /index.php/shareholders-uzb/affil-uzb?tmpl=component&print=1&page= HTTP/1.1" 200 2830 "-" "Mozilla/5.0 (compatible; MJ12bot/v1.4.8; http://mj12bot.com/)"
51.77.217.11 - - [24/Aug/2026:22:06:34 +0500] "GET /index.php/shareholders-uzb/audit-uzb?template=accessibility HTTP/1.1" 200 15941 "-" "Mozilla/5.0 (compatible; MJ12bot/v1.4.8; http://mj12bot.com/)"
51.77.217.11 - - [24/Aug/2026:22:06:45 +0500] "GET /index.php/shareholders-uzb/audit-uzb?tmpl=component&print=1&page= HTTP/1.1" 508 288 "-" "Mozilla/5.0 (compatible; MJ12bot/v1.4.8; http://mj12bot.com/)"
51.77.217.11 - - [24/Aug/2026:22:06:49 +0500] "GET /index.php/shareholders-uzb/comissions?template=accessibility HTTP/1.1" 200 23764 "-" "Mozilla/5.0 (compatible; MJ12bot/v1.4.8; http://mj12bot.com/)"
51.77.217.11 - - [24/Aug/2026:22:07:00 +0500] "GET /index.php/shareholders-uzb/comissions?tmpl=component&print=1&page= HTTP/1.1" 200 11781 "-" "Mozilla/5.0 (compatible; MJ12bot/v1.4.8; http://mj12bot.com/)"
51.77.217.11 - - [24/Aug/2026:22:07:09 +0500] "GET /index.php/shareholders-uzb/dividends-uzb?template=accessibility HTTP/1.1" 200 18096 "-" "Mozilla/5.0 (compatible; MJ12bot/v1.4.8; http://mj12bot.com/)"
51.77.217.11 - - [24/Aug/2026:22:07:17 +0500] "GET /index.php/shareholders-uzb/dividends-uzb?tmpl=component&print=1&page= HTTP/1.1" 200 6116 "-" "Mozilla/5.0 (compatible; MJ12bot/v1.4.8; http://mj12bot.com/)"
51.77.217.11 - - [24/Aug/2026:22:07:26 +0500] "GET /index.php/shareholders-uzb/emission-uzb?template=accessibility HTTP/1.1" 200 109194 "-" "Mozilla/5.0 (compatible; MJ12bot/v1.4.8; http://mj12bot.com/)"
51.77.217.11 - - [24/Aug/2026:22:07:36 +0500] "GET /index.php/shareholders-uzb/emission-uzb?tmpl=component&print=1&page= HTTP/1.1" 200 97208 "-" "Mozilla/5.0 (compatible; MJ12bot/v1.4.8; http://mj12bot.com/)"
51.77.217.11 - - [24/Aug/2026:22:07:58 +0500] "GET /index.php/shareholders-uzb/events/103-yun-sobod-dehkon-bozori-a-tsi-dorli-zhami-ti-dire-tori-lavozimi-a-tanlov-e-lon-kilinadi HTTP/1.1" 200 56712 "-" "Mozilla/5.0 (compatible; MJ12bot/v1.4.8; http://mj12bot.com/)"
51.77.217.11 - - [24/Aug/2026:22:08:20 +0500] "GET /index.php/shareholders-uzb/events/17-notification1 HTTP/1.1" 508 288 "-" "Mozilla/5.0 (compatible; MJ12bot/v1.4.8; http://mj12bot.com/)"
51.77.217.11 - - [24/Aug/2026:22:08:23 +0500] "GET /index.php/shareholders-uzb/events/99-yun-sobod-dekh-on-bozori-azhda-okhir-i-10-jil-davomida-dividendlar-khisoblanishi-b-jicha-ma-l-mot HTTP/1.1" 200 57734 "-" "Mozilla/5.0 (compatible; MJ12bot/v1.4.8; http://mj12bot.com/)"
146.70.194.236 - - [24/Aug/2026:22:11:28 +0500] "GET / HTTP/1.1" 200 65407 "-" "Mozilla/5.0 (Windows NT 10.0; Win64; x64) AppleWebKit/537.36 (KHTML, like Gecko) Chrome/78.0.3904.108 Safari/537.36"
146.70.194.236 - - [24/Aug/2026:22:11:34 +0500] "GET / HTTP/1.1" 200 65407 "-" "Mozilla/5.0 (Windows NT 10.0; Win64; x64) AppleWebKit/537.36 (KHTML, like Gecko) Chrome/78.0.3904.108 Safari/537.36"
146.70.194.236 - - [24/Aug/2026:22:11:41 +0500] "GET /wp-includes/wlwmanifest.xml HTTP/1.1" 404 2023 "-" "Mozilla/5.0 (Windows NT 10.0; Win64; x64) AppleWebKit/537.36 (KHTML, like Gecko) Chrome/78.0.3904.108 Safari/537.36"
146.70.194.236 - - [24/Aug/2026:22:11:46 +0500] "GET /xmlrpc.php?rsd HTTP/1.1" 404 2002 "-" "Mozilla/5.0 (Windows NT 10.0; Win64; x64) AppleWebKit/537.36 (KHTML, like Gecko) Chrome/78.0.3904.108 Safari/537.36"
146.70.194.236 - - [24/Aug/2026:22:11:53 +0500] "GET / HTTP/1.1" 508 288 "-" "Mozilla/5.0 (Windows NT 10.0; Win64; x64) AppleWebKit/537.36 (KHTML, like Gecko) Chrome/78.0.3904.108 Safari/537.36"
