216.73.216.108 - - [25/Aug/2026:18:55:52 +0500] "GET /uz/shops/croesus/r9i4d2g6e7p8o0l9e210 HTTP/1.1" 404 1216 "https://eskijuva-bozori.uz/shops/croesus/r9i4d2g6e7p8o0l9e210" "Mozilla/5.0 AppleWebKit/537.36 (KHTML, like Gecko; compatible; ClaudeBot/1.0; +claudebot@anthropic.com)"
216.73.216.108 - - [25/Aug/2026:18:55:57 +0500] "GET /?r=u9r1e2t0h3r2a3l6645 HTTP/1.1" 301 - "-" "Mozilla/5.0 AppleWebKit/537.36 (KHTML, like Gecko; compatible; ClaudeBot/1.0; +claudebot@anthropic.com)"
216.73.216.108 - - [25/Aug/2026:18:56:03 +0500] "GET /robots.txt HTTP/1.1" 200 111 "-" "Mozilla/5.0 AppleWebKit/537.36 (KHTML, like Gecko; compatible; ClaudeBot/1.0; +claudebot@anthropic.com)"
216.73.216.108 - - [25/Aug/2026:18:56:00 +0500] "GET /uz/?r=u9r1e2t0h3r2a3l6645 HTTP/1.1" 200 68315 "https://eskijuva-bozori.uz/?r=u9r1e2t0h3r2a3l6645" "Mozilla/5.0 AppleWebKit/537.36 (KHTML, like Gecko; compatible; ClaudeBot/1.0; +claudebot@anthropic.com)"
216.73.216.108 - - [25/Aug/2026:18:56:03 +0500] "GET /?r=d9o3g1b2r8i6e3r8102 HTTP/1.1" 301 - "-" "Mozilla/5.0 AppleWebKit/537.36 (KHTML, like Gecko; compatible; ClaudeBot/1.0; +claudebot@anthropic.com)"
216.73.216.108 - - [25/Aug/2026:18:56:08 +0500] "GET /uz/?r=d9o3g1b2r8i6e3r8102 HTTP/1.1" 200 68315 "https://eskijuva-bozori.uz/?r=d9o3g1b2r8i6e3r8102" "Mozilla/5.0 AppleWebKit/537.36 (KHTML, like Gecko; compatible; ClaudeBot/1.0; +claudebot@anthropic.com)"
216.73.216.108 - - [25/Aug/2026:18:56:15 +0500] "GET /?r=d9i1s8c6o3n1s8o0l1a6t4ely HTTP/1.1" 301 - "-" "Mozilla/5.0 AppleWebKit/537.36 (KHTML, like Gecko; compatible; ClaudeBot/1.0; +claudebot@anthropic.com)"
216.73.216.108 - - [25/Aug/2026:18:56:19 +0500] "GET /uz/?r=d9i1s8c6o3n1s8o0l1a6t4ely HTTP/1.1" 200 68321 "https://eskijuva-bozori.uz/?r=d9i1s8c6o3n1s8o0l1a6t4ely" "Mozilla/5.0 AppleWebKit/537.36 (KHTML, like Gecko; compatible; ClaudeBot/1.0; +claudebot@anthropic.com)"
216.73.216.108 - - [25/Aug/2026:18:56:25 +0500] "GET /?r=e9x3a8c7t7i9o3n5319 HTTP/1.1" 301 - "-" "Mozilla/5.0 AppleWebKit/537.36 (KHTML, like Gecko; compatible; ClaudeBot/1.0; +claudebot@anthropic.com)"
216.73.216.108 - - [25/Aug/2026:18:56:28 +0500] "GET /uz/?r=e9x3a8c7t7i9o3n5319 HTTP/1.1" 200 68315 "https://eskijuva-bozori.uz/?r=e9x3a8c7t7i9o3n5319" "Mozilla/5.0 AppleWebKit/537.36 (KHTML, like Gecko; compatible; ClaudeBot/1.0; +claudebot@anthropic.com)"
216.73.216.108 - - [25/Aug/2026:18:56:33 +0500] "GET /?r=p9y2r5a0m1i7d1o8i8d00 HTTP/1.1" 301 - "-" "Mozilla/5.0 AppleWebKit/537.36 (KHTML, like Gecko; compatible; ClaudeBot/1.0; +claudebot@anthropic.com)"
52.45.77.169 - - [25/Aug/2026:18:56:32 +0500] "GET /ru/korp-upr-rus HTTP/1.1" 200 63138 "-" "Mozilla/5.0 AppleWebKit/537.36 (KHTML, like Gecko; compatible; Amazonbot/0.1; +https://developer.amazon.com/support/amazonbot) Chrome/119.0.6045.214 Safari/537.36"
85.208.96.202 - - [25/Aug/2026:18:56:35 +0500] "GET /uz/?start=44 HTTP/1.1" 200 69936 "-" "Mozilla/5.0 (compatible; SemrushBot/7~bl; +http://www.semrush.com/bot.html)"
216.73.216.108 - - [25/Aug/2026:18:56:38 +0500] "GET /uz/?r=p9y2r5a0m1i7d1o8i8d00 HTTP/1.1" 200 68317 "https://eskijuva-bozori.uz/?r=p9y2r5a0m1i7d1o8i8d00" "Mozilla/5.0 AppleWebKit/537.36 (KHTML, like Gecko; compatible; ClaudeBot/1.0; +claudebot@anthropic.com)"
158.101.36.39 - - [25/Aug/2026:18:57:03 +0500] "GET /ru/comissions-rus?template=yoo_master2 HTTP/1.1" 200 57427 "-" "Mozilla/5.0 (X11; Linux aarch64) AppleWebKit/537.36 (KHTML, like Gecko) Chrome/139.0.0.0 Safari/537.36"
216.73.216.108 - - [25/Aug/2026:18:57:06 +0500] "GET /?r=i9x2o0b9r2y7c9h2u7s47 HTTP/1.1" 301 - "-" "Mozilla/5.0 AppleWebKit/537.36 (KHTML, like Gecko; compatible; ClaudeBot/1.0; +claudebot@anthropic.com)"
216.73.216.108 - - [25/Aug/2026:18:57:11 +0500] "GET /uz/?r=i9x2o0b9r2y7c9h2u7s47 HTTP/1.1" 200 68317 "https://eskijuva-bozori.uz/?r=i9x2o0b9r2y7c9h2u7s47" "Mozilla/5.0 AppleWebKit/537.36 (KHTML, like Gecko; compatible; ClaudeBot/1.0; +claudebot@anthropic.com)"
216.73.216.32 - - [25/Aug/2026:18:57:18 +0500] "GET /shops/alveolate/s3a7n2d3e5l5e8n0d6 HTTP/1.1" 301 - "-" "Mozilla/5.0 AppleWebKit/537.36 (KHTML, like Gecko; compatible; ClaudeBot/1.0; +claudebot@anthropic.com)"
216.73.216.32 - - [25/Aug/2026:18:57:21 +0500] "GET /uz/shops/alveolate/s3a7n2d3e5l5e8n0d6 HTTP/1.1" 404 1248 "https://www.eskijuva-bozori.uz.uzbekgidroenergoqurilish.uz/shops/alveolate/s3a7n2d3e5l5e8n0d6" "Mozilla/5.0 AppleWebKit/537.36 (KHTML, like Gecko; compatible; ClaudeBot/1.0; +claudebot@anthropic.com)"
216.73.216.108 - - [25/Aug/2026:18:57:23 +0500] "GET /?r=n9e3o5c6l4a0s9s4i6c03 HTTP/1.1" 301 - "-" "Mozilla/5.0 AppleWebKit/537.36 (KHTML, like Gecko; compatible; ClaudeBot/1.0; +claudebot@anthropic.com)"
216.73.216.108 - - [25/Aug/2026:18:57:30 +0500] "GET /?r=d9i5s7t7a6n3t0l0y28 HTTP/1.1" 301 - "-" "Mozilla/5.0 AppleWebKit/537.36 (KHTML, like Gecko; compatible; ClaudeBot/1.0; +claudebot@anthropic.com)"
216.73.216.108 - - [25/Aug/2026:18:57:40 +0500] "GET /shops/fortifier/s9a1n5c7t3u1a6r7i7e7s7 HTTP/1.1" 508 288 "-" "Mozilla/5.0 AppleWebKit/537.36 (KHTML, like Gecko; compatible; ClaudeBot/1.0; +claudebot@anthropic.com)"
216.73.216.32 - - [25/Aug/2026:18:57:39 +0500] "GET /shops/idolizer/d3o2g3i8e841148 HTTP/1.1" 301 - "-" "Mozilla/5.0 AppleWebKit/537.36 (KHTML, like Gecko; compatible; ClaudeBot/1.0; +claudebot@anthropic.com)"
216.73.216.32 - - [25/Aug/2026:18:57:44 +0500] "GET /uz/shops/idolizer/d3o2g3i8e841148 HTTP/1.1" 404 1248 "https://www.eskijuva-bozori.uz.uzbekgidroenergoqurilish.uz/shops/idolizer/d3o2g3i8e841148" "Mozilla/5.0 AppleWebKit/537.36 (KHTML, like Gecko; compatible; ClaudeBot/1.0; +claudebot@anthropic.com)"
216.73.216.108 - - [25/Aug/2026:18:58:04 +0500] "GET /shops/ordained/l9y7g5o1d6i5u5m517 HTTP/1.1" 301 - "-" "Mozilla/5.0 AppleWebKit/537.36 (KHTML, like Gecko; compatible; ClaudeBot/1.0; +claudebot@anthropic.com)"
216.73.216.108 - - [25/Aug/2026:18:58:09 +0500] "GET /uz/shops/ordained/l9y7g5o1d6i5u5m517 HTTP/1.1" 404 1216 "https://eskijuva-bozori.uz/shops/ordained/l9y7g5o1d6i5u5m517" "Mozilla/5.0 AppleWebKit/537.36 (KHTML, like Gecko; compatible; ClaudeBot/1.0; +claudebot@anthropic.com)"
216.73.216.108 - - [25/Aug/2026:18:58:14 +0500] "GET /shops/illuminate/s9i8g2n6i1f5i5c0a9t0ory HTTP/1.1" 301 - "-" "Mozilla/5.0 AppleWebKit/537.36 (KHTML, like Gecko; compatible; ClaudeBot/1.0; +claudebot@anthropic.com)"
216.73.216.108 - - [25/Aug/2026:18:58:17 +0500] "GET /?r=i9n8f0r1e0q6u3e9n8c5e HTTP/1.1" 301 - "-" "Mozilla/5.0 AppleWebKit/537.36 (KHTML, like Gecko; compatible; ClaudeBot/1.0; +claudebot@anthropic.com)"
216.73.216.108 - - [25/Aug/2026:18:58:18 +0500] "GET /uz/shops/illuminate/s9i8g2n6i1f5i5c0a9t0ory HTTP/1.1" 404 1216 "https://eskijuva-bozori.uz/shops/illuminate/s9i8g2n6i1f5i5c0a9t0ory" "Mozilla/5.0 AppleWebKit/537.36 (KHTML, like Gecko; compatible; ClaudeBot/1.0; +claudebot@anthropic.com)"
216.73.216.108 - - [25/Aug/2026:18:58:21 +0500] "GET /uz/?r=i9n8f0r1e0q6u3e9n8c5e HTTP/1.1" 200 68317 "https://eskijuva-bozori.uz/?r=i9n8f0r1e0q6u3e9n8c5e" "Mozilla/5.0 AppleWebKit/537.36 (KHTML, like Gecko; compatible; ClaudeBot/1.0; +claudebot@anthropic.com)"
216.73.216.32 - - [25/Aug/2026:18:58:22 +0500] "GET /shops/forwardness/s3t3r7i1p2p7e8d1178 HTTP/1.1" 301 - "-" "Mozilla/5.0 AppleWebKit/537.36 (KHTML, like Gecko; compatible; ClaudeBot/1.0; +claudebot@anthropic.com)"
216.73.216.108 - - [25/Aug/2026:18:58:25 +0500] "GET /?r=n9e4o1l0o3g7i4a8n0i8s2m HTTP/1.1" 301 - "-" "Mozilla/5.0 AppleWebKit/537.36 (KHTML, like Gecko; compatible; ClaudeBot/1.0; +claudebot@anthropic.com)"
216.73.216.32 - - [25/Aug/2026:18:58:26 +0500] "GET /uz/shops/forwardness/s3t3r7i1p2p7e8d1178 HTTP/1.1" 404 1248 "https://www.eskijuva-bozori.uz.uzbekgidroenergoqurilish.uz/shops/forwardness/s3t3r7i1p2p7e8d1178" "Mozilla/5.0 AppleWebKit/537.36 (KHTML, like Gecko; compatible; ClaudeBot/1.0; +claudebot@anthropic.com)"
216.73.216.108 - - [25/Aug/2026:18:58:29 +0500] "GET /uz/?r=n9e4o1l0o3g7i4a8n0i8s2m HTTP/1.1" 200 68319 "https://eskijuva-bozori.uz/?r=n9e4o1l0o3g7i4a8n0i8s2m" "Mozilla/5.0 AppleWebKit/537.36 (KHTML, like Gecko; compatible; ClaudeBot/1.0; +claudebot@anthropic.com)"
216.73.216.108 - - [25/Aug/2026:18:58:33 +0500] "GET /shops/autostrada/s9u3p9p0r9e7s7s9i8o0n2 HTTP/1.1" 301 - "-" "Mozilla/5.0 AppleWebKit/537.36 (KHTML, like Gecko; compatible; ClaudeBot/1.0; +claudebot@anthropic.com)"
216.73.216.108 - - [25/Aug/2026:18:58:40 +0500] "GET /uz/shops/autostrada/s9u3p9p0r9e7s7s9i8o0n2 HTTP/1.1" 404 1216 "https://eskijuva-bozori.uz/shops/autostrada/s9u3p9p0r9e7s7s9i8o0n2" "Mozilla/5.0 AppleWebKit/537.36 (KHTML, like Gecko; compatible; ClaudeBot/1.0; +claudebot@anthropic.com)"
185.191.171.9 - - [25/Aug/2026:18:58:44 +0500] "GET /robots.txt HTTP/1.1" 200 111 "-" "Mozilla/5.0 (compatible; SemrushBot/7~bl; +http://www.semrush.com/bot.html)"
216.73.216.32 - - [25/Aug/2026:18:58:44 +0500] "GET /?%60=s3a3b3e0r8e7d47119 HTTP/1.1" 301 - "-" "Mozilla/5.0 AppleWebKit/537.36 (KHTML, like Gecko; compatible; ClaudeBot/1.0; +claudebot@anthropic.com)"
85.208.96.207 - - [25/Aug/2026:18:58:46 +0500] "GET /uz/facts-uzb?start=75 HTTP/1.1" 200 67778 "-" "Mozilla/5.0 (compatible; SemrushBot/7~bl; +http://www.semrush.com/bot.html)"
216.73.216.32 - - [25/Aug/2026:18:58:48 +0500] "GET /uz/?%60=s3a3b3e0r8e7d47119 HTTP/1.1" 200 68540 "https://www.eskijuva-bozori.uz.uzbekgidroenergoqurilish.uz/?%60=s3a3b3e0r8e7d47119" "Mozilla/5.0 AppleWebKit/537.36 (KHTML, like Gecko; compatible; ClaudeBot/1.0; +claudebot@anthropic.com)"
44.214.19.8 - - [25/Aug/2026:18:58:50 +0500] "GET /uz/?amp&start=20 HTTP/1.1" 200 68183 "-" "Mozilla/5.0 AppleWebKit/537.36 (KHTML, like Gecko; compatible; Amazonbot/0.1; +https://developer.amazon.com/support/amazonbot) Chrome/119.0.6045.214 Safari/537.36"
216.73.216.32 - - [25/Aug/2026:18:58:56 +0500] "GET /shops/clabber/d3i7s7t7i2c8h2u5m28 HTTP/1.1" 301 - "-" "Mozilla/5.0 AppleWebKit/537.36 (KHTML, like Gecko; compatible; ClaudeBot/1.0; +claudebot@anthropic.com)"
216.73.216.32 - - [25/Aug/2026:18:59:01 +0500] "GET /uz/shops/clabber/d3i7s7t7i2c8h2u5m28 HTTP/1.1" 404 1248 "https://www.eskijuva-bozori.uz.uzbekgidroenergoqurilish.uz/shops/clabber/d3i7s7t7i2c8h2u5m28" "Mozilla/5.0 AppleWebKit/537.36 (KHTML, like Gecko; compatible; ClaudeBot/1.0; +claudebot@anthropic.com)"
216.73.216.32 - - [25/Aug/2026:18:59:17 +0500] "GET /?%60=l3a1r0g8e7s4c6a9l4e35 HTTP/1.1" 301 - "-" "Mozilla/5.0 AppleWebKit/537.36 (KHTML, like Gecko; compatible; ClaudeBot/1.0; +claudebot@anthropic.com)"
216.73.216.32 - - [25/Aug/2026:18:59:21 +0500] "GET /uz/?%60=l3a1r0g8e7s4c6a9l4e35 HTTP/1.1" 200 68543 "https://www.eskijuva-bozori.uz.uzbekgidroenergoqurilish.uz/?%60=l3a1r0g8e7s4c6a9l4e35" "Mozilla/5.0 AppleWebKit/537.36 (KHTML, like Gecko; compatible; ClaudeBot/1.0; +claudebot@anthropic.com)"
216.73.216.32 - - [25/Aug/2026:18:59:29 +0500] "GET /shops/symposia/o3x1i5d9i6z4e6d6659 HTTP/1.1" 508 288 "-" "Mozilla/5.0 AppleWebKit/537.36 (KHTML, like Gecko; compatible; ClaudeBot/1.0; +claudebot@anthropic.com)"
216.73.216.32 - - [25/Aug/2026:18:59:46 +0500] "GET /?%60=b3a1t9t5e1d934416 HTTP/1.1" 301 - "-" "Mozilla/5.0 AppleWebKit/537.36 (KHTML, like Gecko; compatible; ClaudeBot/1.0; +claudebot@anthropic.com)"
216.73.216.32 - - [25/Aug/2026:18:59:51 +0500] "GET /uz/?%60=b3a1t9t5e1d934416 HTTP/1.1" 200 68539 "https://www.eskijuva-bozori.uz.uzbekgidroenergoqurilish.uz/?%60=b3a1t9t5e1d934416" "Mozilla/5.0 AppleWebKit/537.36 (KHTML, like Gecko; compatible; ClaudeBot/1.0; +claudebot@anthropic.com)"
216.73.216.32 - - [25/Aug/2026:19:00:08 +0500] "GET /pyritize/i3n3c0r5i6m5i4n2a1t7i7on HTTP/1.1" 301 - "-" "Mozilla/5.0 AppleWebKit/537.36 (KHTML, like Gecko; compatible; ClaudeBot/1.0; +claudebot@anthropic.com)"
216.73.216.32 - - [25/Aug/2026:19:00:14 +0500] "GET /uz/pyritize/i3n3c0r5i6m5i4n2a1t7i7on HTTP/1.1" 404 1248 "https://www.eskijuva-bozori.uz.uzbekgidroenergoqurilish.uz/pyritize/i3n3c0r5i6m5i4n2a1t7i7on" "Mozilla/5.0 AppleWebKit/537.36 (KHTML, like Gecko; compatible; ClaudeBot/1.0; +claudebot@anthropic.com)"
216.73.216.32 - - [25/Aug/2026:19:00:16 +0500] "GET /insphered/piqueerer/31757013661 HTTP/1.1" 301 - "-" "Mozilla/5.0 AppleWebKit/537.36 (KHTML, like Gecko; compatible; ClaudeBot/1.0; +claudebot@anthropic.com)"
216.73.216.32 - - [25/Aug/2026:19:00:21 +0500] "GET /uz/insphered/piqueerer/31757013661 HTTP/1.1" 508 288 "https://www.eskijuva-bozori.uz.uzbekgidroenergoqurilish.uz/insphered/piqueerer/31757013661" "Mozilla/5.0 AppleWebKit/537.36 (KHTML, like Gecko; compatible; ClaudeBot/1.0; +claudebot@anthropic.com)"
216.73.216.32 - - [25/Aug/2026:19:00:38 +0500] "GET /?%60=l3e2a2v2e4t3a8k5i6n9g HTTP/1.1" 301 - "-" "Mozilla/5.0 AppleWebKit/537.36 (KHTML, like Gecko; compatible; ClaudeBot/1.0; +claudebot@anthropic.com)"
216.73.216.32 - - [25/Aug/2026:19:00:44 +0500] "GET /uz/?%60=l3e2a2v2e4t3a8k5i6n9g HTTP/1.1" 200 68431 "https://www.eskijuva-bozori.uz.uzbekgidroenergoqurilish.uz/?%60=l3e2a2v2e4t3a8k5i6n9g" "Mozilla/5.0 AppleWebKit/537.36 (KHTML, like Gecko; compatible; ClaudeBot/1.0; +claudebot@anthropic.com)"
85.208.96.204 - - [25/Aug/2026:19:00:56 +0500] "GET /ru/prospectus-rus/9-russian?start=30 HTTP/1.1" 508 288 "-" "Mozilla/5.0 (compatible; SemrushBot/7~bl; +http://www.semrush.com/bot.html)"
216.73.216.32 - - [25/Aug/2026:19:01:01 +0500] "GET /shops/onerating/m3a3g6n8e6t5i1t0e355 HTTP/1.1" 301 - "-" "Mozilla/5.0 AppleWebKit/537.36 (KHTML, like Gecko; compatible; ClaudeBot/1.0; +claudebot@anthropic.com)"
216.73.216.32 - - [25/Aug/2026:19:01:07 +0500] "GET /uz/shops/onerating/m3a3g6n8e6t5i1t0e355 HTTP/1.1" 404 1248 "https://www.eskijuva-bozori.uz.uzbekgidroenergoqurilish.uz/shops/onerating/m3a3g6n8e6t5i1t0e355" "Mozilla/5.0 AppleWebKit/537.36 (KHTML, like Gecko; compatible; ClaudeBot/1.0; +claudebot@anthropic.com)"
216.73.216.32 - - [25/Aug/2026:19:01:22 +0500] "GET /shops/eneid/s3t4u1m8m2e5d56269 HTTP/1.1" 301 - "-" "Mozilla/5.0 AppleWebKit/537.36 (KHTML, like Gecko; compatible; ClaudeBot/1.0; +claudebot@anthropic.com)"
86.220.73.99 - - [25/Aug/2026:19:01:36 +0500] "GET /ru/votes-rus/461-bayon-osa-16-06-2024-ej-pdf HTTP/1.1" 508 288 "-" "Mozilla/5.0 (Windows NT 10.0; Win64; x64; rv:136.0) Gecko/20100101 Firefox/136.0"
216.73.216.32 - - [25/Aug/2026:19:01:30 +0500] "GET /shops/endogenous/e3n4u1n2c9i3a7t5i0v7e7 HTTP/1.1" 301 - "-" "Mozilla/5.0 AppleWebKit/537.36 (KHTML, like Gecko; compatible; ClaudeBot/1.0; +claudebot@anthropic.com)"
216.73.216.32 - - [25/Aug/2026:19:01:29 +0500] "GET /uz/shops/eneid/s3t4u1m8m2e5d56269 HTTP/1.1" 404 1248 "https://www.eskijuva-bozori.uz.uzbekgidroenergoqurilish.uz/shops/eneid/s3t4u1m8m2e5d56269" "Mozilla/5.0 AppleWebKit/537.36 (KHTML, like Gecko; compatible; ClaudeBot/1.0; +claudebot@anthropic.com)"
216.73.216.32 - - [25/Aug/2026:19:01:36 +0500] "GET /uz/shops/endogenous/e3n4u1n2c9i3a7t5i0v7e7 HTTP/1.1" 404 1248 "https://www.eskijuva-bozori.uz.uzbekgidroenergoqurilish.uz/shops/endogenous/e3n4u1n2c9i3a7t5i0v7e7" "Mozilla/5.0 AppleWebKit/537.36 (KHTML, like Gecko; compatible; ClaudeBot/1.0; +claudebot@anthropic.com)"
216.73.216.32 - - [25/Aug/2026:19:01:53 +0500] "GET /shops/ouphe/h3e2t4e2r7o2s3t1y0l4i2sm HTTP/1.1" 301 - "-" "Mozilla/5.0 AppleWebKit/537.36 (KHTML, like Gecko; compatible; ClaudeBot/1.0; +claudebot@anthropic.com)"
216.73.216.32 - - [25/Aug/2026:19:02:02 +0500] "GET /?%60=d3e3s0m9o3d1i3u8m971 HTTP/1.1" 508 288 "-" "Mozilla/5.0 AppleWebKit/537.36 (KHTML, like Gecko; compatible; ClaudeBot/1.0; +claudebot@anthropic.com)"
216.73.216.32 - - [25/Aug/2026:19:02:00 +0500] "GET /uz/shops/ouphe/h3e2t4e2r7o2s3t1y0l4i2sm HTTP/1.1" 404 1248 "https://www.eskijuva-bozori.uz.uzbekgidroenergoqurilish.uz/shops/ouphe/h3e2t4e2r7o2s3t1y0l4i2sm" "Mozilla/5.0 AppleWebKit/537.36 (KHTML, like Gecko; compatible; ClaudeBot/1.0; +claudebot@anthropic.com)"
66.249.77.71 - - [25/Aug/2026:19:02:11 +0500] "GET /images/content/prospectus-30-03-09/01.jpg HTTP/1.1" 200 91701 "-" "Googlebot-Image/1.0"
34.10.180.98 - - [25/Aug/2026:19:02:03 +0500] "GET /uz/officially-uzb/tenders-uzb/447-tender-korp-2025-uz HTTP/1.1" 200 60038 "-" "Mozilla/5.0 (Macintosh; Intel Mac OS X 10_15_7) AppleWebKit/537.36 (KHTML, like Gecko) Chrome/120.0.0.0 Safari/537.36"
34.56.53.225 - - [25/Aug/2026:19:02:22 +0500] "GET /docs/2022/06-31.03.2022-uz.docx HTTP/1.1" 200 52676 "-" "Mozilla/5.0 (Macintosh; Intel Mac OS X 10_15_7) AppleWebKit/537.36 (KHTML, like Gecko) Chrome/120.0.0.0 Safari/537.36"
216.73.216.32 - - [25/Aug/2026:19:02:24 +0500] "GET /?%60=c3a3l8l4a0271598 HTTP/1.1" 301 - "-" "Mozilla/5.0 AppleWebKit/537.36 (KHTML, like Gecko; compatible; ClaudeBot/1.0; +claudebot@anthropic.com)"
216.73.216.32 - - [25/Aug/2026:19:02:31 +0500] "GET /uz/?%60=c3a3l8l4a0271598 HTTP/1.1" 508 288 "https://www.eskijuva-bozori.uz.uzbekgidroenergoqurilish.uz/?%60=c3a3l8l4a0271598" "Mozilla/5.0 AppleWebKit/537.36 (KHTML, like Gecko; compatible; ClaudeBot/1.0; +claudebot@anthropic.com)"
216.73.216.32 - - [25/Aug/2026:19:02:32 +0500] "GET /orangoutang/rebukefully/33916935761 HTTP/1.1" 508 288 "-" "Mozilla/5.0 AppleWebKit/537.36 (KHTML, like Gecko; compatible; ClaudeBot/1.0; +claudebot@anthropic.com)"
85.208.96.205 - - [25/Aug/2026:19:02:44 +0500] "GET /uz/audit-uzb/12-uzbek/about-org-uzb/52-filials-uzb HTTP/1.1" 200 58037 "-" "Mozilla/5.0 (compatible; SemrushBot/7~bl; +http://www.semrush.com/bot.html)"
216.73.216.32 - - [25/Aug/2026:19:02:54 +0500] "GET /shops/crinitus/h3e3g9e5m4o5n7y8916 HTTP/1.1" 301 - "-" "Mozilla/5.0 AppleWebKit/537.36 (KHTML, like Gecko; compatible; ClaudeBot/1.0; +claudebot@anthropic.com)"
216.73.216.32 - - [25/Aug/2026:19:03:01 +0500] "GET /uz/shops/crinitus/h3e3g9e5m4o5n7y8916 HTTP/1.1" 404 1248 "https://www.eskijuva-bozori.uz.uzbekgidroenergoqurilish.uz/shops/crinitus/h3e3g9e5m4o5n7y8916" "Mozilla/5.0 AppleWebKit/537.36 (KHTML, like Gecko; compatible; ClaudeBot/1.0; +claudebot@anthropic.com)"
216.73.216.32 - - [25/Aug/2026:19:03:03 +0500] "GET /?%60=s3i2g9n6a3l5l0e7d816 HTTP/1.1" 301 - "-" "Mozilla/5.0 AppleWebKit/537.36 (KHTML, like Gecko; compatible; ClaudeBot/1.0; +claudebot@anthropic.com)"
216.73.216.32 - - [25/Aug/2026:19:03:10 +0500] "GET /uz/?%60=s3i2g9n6a3l5l0e7d816 HTTP/1.1" 200 68430 "https://www.eskijuva-bozori.uz.uzbekgidroenergoqurilish.uz/?%60=s3i2g9n6a3l5l0e7d816" "Mozilla/5.0 AppleWebKit/537.36 (KHTML, like Gecko; compatible; ClaudeBot/1.0; +claudebot@anthropic.com)"
216.73.216.32 - - [25/Aug/2026:19:03:27 +0500] "GET /?%60=r3u5n8o3f3t1h4e2m4i8ll HTTP/1.1" 301 - "-" "Mozilla/5.0 AppleWebKit/537.36 (KHTML, like Gecko; compatible; ClaudeBot/1.0; +claudebot@anthropic.com)"
216.73.216.32 - - [25/Aug/2026:19:03:34 +0500] "GET /uz/?%60=r3u5n8o3f3t1h4e2m4i8ll HTTP/1.1" 200 15978 "https://www.eskijuva-bozori.uz.uzbekgidroenergoqurilish.uz/?%60=r3u5n8o3f3t1h4e2m4i8ll" "Mozilla/5.0 AppleWebKit/537.36 (KHTML, like Gecko; compatible; ClaudeBot/1.0; +claudebot@anthropic.com)"
216.73.216.32 - - [25/Aug/2026:19:03:36 +0500] "GET /?%60=f3r1o7n3t1i9n2g2556 HTTP/1.1" 301 - "-" "Mozilla/5.0 AppleWebKit/537.36 (KHTML, like Gecko; compatible; ClaudeBot/1.0; +claudebot@anthropic.com)"
34.61.96.6 - - [25/Aug/2026:19:03:42 +0500] "GET /ru/audit-rus/430-audit-2023-uzb HTTP/1.1" 200 55035 "-" "Mozilla/5.0 (Macintosh; Intel Mac OS X 10_15_7) AppleWebKit/537.36 (KHTML, like Gecko) Chrome/120.0.0.0 Safari/537.36"
216.73.216.32 - - [25/Aug/2026:19:03:44 +0500] "GET /uz/?%60=f3r1o7n3t1i9n2g2556 HTTP/1.1" 200 68429 "https://www.eskijuva-bozori.uz.uzbekgidroenergoqurilish.uz/?%60=f3r1o7n3t1i9n2g2556" "Mozilla/5.0 AppleWebKit/537.36 (KHTML, like Gecko; compatible; ClaudeBot/1.0; +claudebot@anthropic.com)"
216.73.216.32 - - [25/Aug/2026:19:03:58 +0500] "GET /?%60=p3h3y1s3i6o7g4n6o5m3i6cally HTTP/1.1" 301 - "-" "Mozilla/5.0 AppleWebKit/537.36 (KHTML, like Gecko; compatible; ClaudeBot/1.0; +claudebot@anthropic.com)"
216.73.216.32 - - [25/Aug/2026:19:04:10 +0500] "GET /?%60=m3a1n1u8m4i0s4s3i9o7n6 HTTP/1.1" 508 288 "-" "Mozilla/5.0 AppleWebKit/537.36 (KHTML, like Gecko; compatible; ClaudeBot/1.0; +claudebot@anthropic.com)"
216.73.216.32 - - [25/Aug/2026:19:04:04 +0500] "GET /uz/?%60=p3h3y1s3i6o7g4n6o5m3i6cally HTTP/1.1" 200 68437 "https://www.eskijuva-bozori.uz.uzbekgidroenergoqurilish.uz/?%60=p3h3y1s3i6o7g4n6o5m3i6cally" "Mozilla/5.0 AppleWebKit/537.36 (KHTML, like Gecko; compatible; ClaudeBot/1.0; +claudebot@anthropic.com)"
216.73.216.32 - - [25/Aug/2026:19:04:31 +0500] "GET /?%60=w3a2r6e8f3u0l6n8e2s5s HTTP/1.1" 301 - "-" "Mozilla/5.0 AppleWebKit/537.36 (KHTML, like Gecko; compatible; ClaudeBot/1.0; +claudebot@anthropic.com)"
216.73.216.32 - - [25/Aug/2026:19:04:42 +0500] "GET /?%60=e3x3p9e1d2i3t4i6n9g73 HTTP/1.1" 508 288 "-" "Mozilla/5.0 AppleWebKit/537.36 (KHTML, like Gecko; compatible; ClaudeBot/1.0; +claudebot@anthropic.com)"
216.73.216.32 - - [25/Aug/2026:19:04:38 +0500] "GET /uz/?%60=w3a2r6e8f3u0l6n8e2s5s HTTP/1.1" 200 68431 "https://www.eskijuva-bozori.uz.uzbekgidroenergoqurilish.uz/?%60=w3a2r6e8f3u0l6n8e2s5s" "Mozilla/5.0 AppleWebKit/537.36 (KHTML, like Gecko; compatible; ClaudeBot/1.0; +claudebot@anthropic.com)"
216.73.216.32 - - [25/Aug/2026:19:05:04 +0500] "GET /tawdries/m3e3r0c0h3a3n1t5m5e7n7 HTTP/1.1" 301 - "-" "Mozilla/5.0 AppleWebKit/537.36 (KHTML, like Gecko; compatible; ClaudeBot/1.0; +claudebot@anthropic.com)"
216.73.216.32 - - [25/Aug/2026:19:05:10 +0500] "GET /uz/tawdries/m3e3r0c0h3a3n1t5m5e7n7 HTTP/1.1" 404 1248 "https://www.eskijuva-bozori.uz.uzbekgidroenergoqurilish.uz/tawdries/m3e3r0c0h3a3n1t5m5e7n7" "Mozilla/5.0 AppleWebKit/537.36 (KHTML, like Gecko; compatible; ClaudeBot/1.0; +claudebot@anthropic.com)"
216.73.216.32 - - [25/Aug/2026:19:05:13 +0500] "GET /shops/bollocks/t3o4l1e0d3727516 HTTP/1.1" 301 - "-" "Mozilla/5.0 AppleWebKit/537.36 (KHTML, like Gecko; compatible; ClaudeBot/1.0; +claudebot@anthropic.com)"
216.73.216.32 - - [25/Aug/2026:19:05:19 +0500] "GET /uz/shops/bollocks/t3o4l1e0d3727516 HTTP/1.1" 404 1248 "https://www.eskijuva-bozori.uz.uzbekgidroenergoqurilish.uz/shops/bollocks/t3o4l1e0d3727516" "Mozilla/5.0 AppleWebKit/537.36 (KHTML, like Gecko; compatible; ClaudeBot/1.0; +claudebot@anthropic.com)"
185.191.171.15 - - [25/Aug/2026:19:05:26 +0500] "GET /uz/audit-uzb?template=accessibility HTTP/1.1" 200 32640 "-" "Mozilla/5.0 (compatible; SemrushBot/7~bl; +http://www.semrush.com/bot.html)"
216.73.216.32 - - [25/Aug/2026:19:05:35 +0500] "GET /shops/articling/v3a3l7e7r2i5a5n7768 HTTP/1.1" 301 - "-" "Mozilla/5.0 AppleWebKit/537.36 (KHTML, like Gecko; compatible; ClaudeBot/1.0; +claudebot@anthropic.com)"
216.73.216.32 - - [25/Aug/2026:19:05:42 +0500] "GET /uz/shops/articling/v3a3l7e7r2i5a5n7768 HTTP/1.1" 508 288 "https://www.eskijuva-bozori.uz.uzbekgidroenergoqurilish.uz/shops/articling/v3a3l7e7r2i5a5n7768" "Mozilla/5.0 AppleWebKit/537.36 (KHTML, like Gecko; compatible; ClaudeBot/1.0; +claudebot@anthropic.com)"
216.73.216.32 - - [25/Aug/2026:19:05:44 +0500] "GET /shops/stertorious/r3e1g3a8r1d1f6u1l702 HTTP/1.1" 301 - "-" "Mozilla/5.0 AppleWebKit/537.36 (KHTML, like Gecko; compatible; ClaudeBot/1.0; +claudebot@anthropic.com)"
216.73.216.32 - - [25/Aug/2026:19:05:51 +0500] "GET /uz/shops/stertorious/r3e1g3a8r1d1f6u1l702 HTTP/1.1" 404 1248 "https://www.eskijuva-bozori.uz.uzbekgidroenergoqurilish.uz/shops/stertorious/r3e1g3a8r1d1f6u1l702" "Mozilla/5.0 AppleWebKit/537.36 (KHTML, like Gecko; compatible; ClaudeBot/1.0; +claudebot@anthropic.com)"
216.73.216.32 - - [25/Aug/2026:19:06:06 +0500] "GET /caffetannic/reordination/3764516246 HTTP/1.1" 301 - "-" "Mozilla/5.0 AppleWebKit/537.36 (KHTML, like Gecko; compatible; ClaudeBot/1.0; +claudebot@anthropic.com)"
216.73.216.32 - - [25/Aug/2026:19:06:13 +0500] "GET /uz/caffetannic/reordination/3764516246 HTTP/1.1" 404 1248 "https://www.eskijuva-bozori.uz.uzbekgidroenergoqurilish.uz/caffetannic/reordination/3764516246" "Mozilla/5.0 AppleWebKit/537.36 (KHTML, like Gecko; compatible; ClaudeBot/1.0; +claudebot@anthropic.com)"
216.73.216.32 - - [25/Aug/2026:19:06:15 +0500] "GET /shops/bonnes/k3e1r0v3e0r396362 HTTP/1.1" 301 - "-" "Mozilla/5.0 AppleWebKit/537.36 (KHTML, like Gecko; compatible; ClaudeBot/1.0; +claudebot@anthropic.com)"
216.73.216.32 - - [25/Aug/2026:19:06:22 +0500] "GET /uz/shops/bonnes/k3e1r0v3e0r396362 HTTP/1.1" 404 1248 "https://www.eskijuva-bozori.uz.uzbekgidroenergoqurilish.uz/shops/bonnes/k3e1r0v3e0r396362" "Mozilla/5.0 AppleWebKit/537.36 (KHTML, like Gecko; compatible; ClaudeBot/1.0; +claudebot@anthropic.com)"
216.73.216.32 - - [25/Aug/2026:19:06:28 +0500] "GET /?%60=r3e1s6i1p4i0s1c1e2n9c0e HTTP/1.1" 301 - "-" "Mozilla/5.0 AppleWebKit/537.36 (KHTML, like Gecko; compatible; ClaudeBot/1.0; +claudebot@anthropic.com)"
216.73.216.32 - - [25/Aug/2026:19:06:35 +0500] "GET /uz/?%60=r3e1s6i1p4i0s1c1e2n9c0e HTTP/1.1" 200 68433 "https://www.eskijuva-bozori.uz.uzbekgidroenergoqurilish.uz/?%60=r3e1s6i1p4i0s1c1e2n9c0e" "Mozilla/5.0 AppleWebKit/537.36 (KHTML, like Gecko; compatible; ClaudeBot/1.0; +claudebot@anthropic.com)"
18.205.91.101 - - [25/Aug/2026:19:06:39 +0500] "GET /uz/about-org-uzb/structure-uzb?template=yoo_master2 HTTP/1.1" 200 56324 "-" "Mozilla/5.0 AppleWebKit/537.36 (KHTML, like Gecko; compatible; Amazonbot/0.1; +https://developer.amazon.com/support/amazonbot) Chrome/119.0.6045.214 Safari/537.36"
216.73.216.32 - - [25/Aug/2026:19:06:50 +0500] "GET /?%60=f3i7l0l4i9p7e9e9n10 HTTP/1.1" 301 - "-" "Mozilla/5.0 AppleWebKit/537.36 (KHTML, like Gecko; compatible; ClaudeBot/1.0; +claudebot@anthropic.com)"
216.73.216.32 - - [25/Aug/2026:19:06:56 +0500] "GET /uz/?%60=f3i7l0l4i9p7e9e9n10 HTTP/1.1" 200 68429 "https://www.eskijuva-bozori.uz.uzbekgidroenergoqurilish.uz/?%60=f3i7l0l4i9p7e9e9n10" "Mozilla/5.0 AppleWebKit/537.36 (KHTML, like Gecko; compatible; ClaudeBot/1.0; +claudebot@anthropic.com)"
216.73.216.32 - - [25/Aug/2026:19:06:58 +0500] "GET /shops/superableness/v3i4t1r5i0f7i1e1d770 HTTP/1.1" 301 - "-" "Mozilla/5.0 AppleWebKit/537.36 (KHTML, like Gecko; compatible; ClaudeBot/1.0; +claudebot@anthropic.com)"
216.73.216.32 - - [25/Aug/2026:19:07:05 +0500] "GET /uz/shops/superableness/v3i4t1r5i0f7i1e1d770 HTTP/1.1" 404 1248 "https://www.eskijuva-bozori.uz.uzbekgidroenergoqurilish.uz/shops/superableness/v3i4t1r5i0f7i1e1d770" "Mozilla/5.0 AppleWebKit/537.36 (KHTML, like Gecko; compatible; ClaudeBot/1.0; +claudebot@anthropic.com)"
85.208.96.198 - - [25/Aug/2026:19:07:15 +0500] "GET /robots.txt HTTP/1.1" 200 111 "-" "Mozilla/5.0 (compatible; SemrushBot/7~bl; +http://www.semrush.com/bot.html)"
85.208.96.203 - - [25/Aug/2026:19:07:16 +0500] "GET /ru/?start=28&template=yoo_master2 HTTP/1.1" 200 69351 "-" "Mozilla/5.0 (compatible; SemrushBot/7~bl; +http://www.semrush.com/bot.html)"
216.73.216.32 - - [25/Aug/2026:19:07:20 +0500] "GET /?%60=p3h6a0r1i7s6e1e4ism HTTP/1.1" 301 - "-" "Mozilla/5.0 AppleWebKit/537.36 (KHTML, like Gecko; compatible; ClaudeBot/1.0; +claudebot@anthropic.com)"
216.73.216.32 - - [25/Aug/2026:19:07:31 +0500] "GET /shops/milline/s3e1e8m6i8n2g6n6e4s7s HTTP/1.1" 508 288 "-" "Mozilla/5.0 AppleWebKit/537.36 (KHTML, like Gecko; compatible; ClaudeBot/1.0; +claudebot@anthropic.com)"
216.73.216.32 - - [25/Aug/2026:19:07:26 +0500] "GET /uz/?%60=p3h6a0r1i7s6e1e4ism HTTP/1.1" 200 68429 "https://www.eskijuva-bozori.uz.uzbekgidroenergoqurilish.uz/?%60=p3h6a0r1i7s6e1e4ism" "Mozilla/5.0 AppleWebKit/537.36 (KHTML, like Gecko; compatible; ClaudeBot/1.0; +claudebot@anthropic.com)"
114.119.159.87 - - [25/Aug/2026:19:07:35 +0500] "GET /uz/?function=call_user_func_array&vars%5B1%5D%5B0%5D=1&start=12 HTTP/1.1" 200 68543 "https://eskijuva-bozori.uz/uz/?function=call_user_func_array&s=index/thinkapp/invokefunction&vars%5B0%5D=phpinfo&start=8" "Mozilla/5.0 (Linux; Android 7.0;) AppleWebKit/537.36 (HTML, like Gecko) Mobile Safari/537.36 (compatible; PetalBot;+https://webmaster.petalsearch.com/site/petalbot)"
216.73.216.32 - - [25/Aug/2026:19:07:53 +0500] "GET /?%60=p3r3o6t3r2a7c6t3e5d0ly HTTP/1.1" 508 288 "-" "Mozilla/5.0 AppleWebKit/537.36 (KHTML, like Gecko; compatible; ClaudeBot/1.0; +claudebot@anthropic.com)"
93.158.213.25 - - [25/Aug/2026:19:08:00 +0500] "GET /robots.txt HTTP/1.1" 200 111 "-" "Mozilla/5.0 (compatible; MJ12bot/v1.4.8; http://mj12bot.com/)"
85.208.96.202 - - [25/Aug/2026:19:07:58 +0500] "GET /uz/news-uzb?template=yoo_master2 HTTP/1.1" 200 61145 "-" "Mozilla/5.0 (compatible; SemrushBot/7~bl; +http://www.semrush.com/bot.html)"
216.73.216.32 - - [25/Aug/2026:19:08:01 +0500] "GET /?%60=v3i1t4u8p1e9r3a2b1l1e4 HTTP/1.1" 301 - "-" "Mozilla/5.0 AppleWebKit/537.36 (KHTML, like Gecko; compatible; ClaudeBot/1.0; +claudebot@anthropic.com)"
93.158.213.25 - - [25/Aug/2026:19:08:04 +0500] "GET /uz/?%60=l3i1p7o6g2r9a5m1m6a4t0ic HTTP/1.1" 200 68210 "-" "Mozilla/5.0 (compatible; MJ12bot/v1.4.8; http://mj12bot.com/)"
216.73.216.32 - - [25/Aug/2026:19:08:08 +0500] "GET /uz/?%60=v3i1t4u8p1e9r3a2b1l1e4 HTTP/1.1" 200 68432 "https://www.eskijuva-bozori.uz.uzbekgidroenergoqurilish.uz/?%60=v3i1t4u8p1e9r3a2b1l1e4" "Mozilla/5.0 AppleWebKit/537.36 (KHTML, like Gecko; compatible; ClaudeBot/1.0; +claudebot@anthropic.com)"
93.158.213.25 - - [25/Aug/2026:19:08:14 +0500] "GET /uz/?%60=l3i1p7o6g2r9a5m1m6a4t0ic&format=feed&type=atom HTTP/1.1" 200 8863 "-" "Mozilla/5.0 (compatible; MJ12bot/v1.4.8; http://mj12bot.com/)"
93.158.213.25 - - [25/Aug/2026:19:08:23 +0500] "GET /uz/?%60=l3i1p7o6g2r9a5m1m6a4t0ic&format=feed&type=rss HTTP/1.1" 200 5758 "-" "Mozilla/5.0 (compatible; MJ12bot/v1.4.8; http://mj12bot.com/)"
216.73.216.32 - - [25/Aug/2026:19:08:24 +0500] "GET /?%60=t3u4t1o0r2a5g1e5401 HTTP/1.1" 301 - "-" "Mozilla/5.0 AppleWebKit/537.36 (KHTML, like Gecko; compatible; ClaudeBot/1.0; +claudebot@anthropic.com)"
93.158.213.25 - - [25/Aug/2026:19:08:33 +0500] "GET /uz/?%60=l3i1p7o6g2r9a5m1m6a4t0ic&start=12 HTTP/1.1" 508 288 "-" "Mozilla/5.0 (compatible; MJ12bot/v1.4.8; http://mj12bot.com/)"
216.73.216.32 - - [25/Aug/2026:19:08:30 +0500] "GET /uz/?%60=t3u4t1o0r2a5g1e5401 HTTP/1.1" 200 68429 "https://www.eskijuva-bozori.uz.uzbekgidroenergoqurilish.uz/?%60=t3u4t1o0r2a5g1e5401" "Mozilla/5.0 AppleWebKit/537.36 (KHTML, like Gecko; compatible; ClaudeBot/1.0; +claudebot@anthropic.com)"
216.73.216.32 - - [25/Aug/2026:19:08:37 +0500] "GET /shops/brickleness/w3h3i4t6t4u5e1s5d7a4y0 HTTP/1.1" 301 - "-" "Mozilla/5.0 AppleWebKit/537.36 (KHTML, like Gecko; compatible; ClaudeBot/1.0; +claudebot@anthropic.com)"
216.73.216.32 - - [25/Aug/2026:19:08:45 +0500] "GET /uz/shops/brickleness/w3h3i4t6t4u5e1s5d7a4y0 HTTP/1.1" 404 1248 "https://www.eskijuva-bozori.uz.uzbekgidroenergoqurilish.uz/shops/brickleness/w3h3i4t6t4u5e1s5d7a4y0" "Mozilla/5.0 AppleWebKit/537.36 (KHTML, like Gecko; compatible; ClaudeBot/1.0; +claudebot@anthropic.com)"
93.158.213.25 - - [25/Aug/2026:19:08:59 +0500] "GET /uz/?%60=l3i1p7o6g2r9a5m1m6a4t0ic&start=16 HTTP/1.1" 508 288 "-" "Mozilla/5.0 (compatible; MJ12bot/v1.4.8; http://mj12bot.com/)"
216.73.216.32 - - [25/Aug/2026:19:08:59 +0500] "GET /cadging/arles/e3u3x9e8n8i9t7e8739 HTTP/1.1" 301 - "-" "Mozilla/5.0 AppleWebKit/537.36 (KHTML, like Gecko; compatible; ClaudeBot/1.0; +claudebot@anthropic.com)"
114.119.132.114 - - [25/Aug/2026:19:08:58 +0500] "GET /uz/?__kds_flag=post&start=4 HTTP/1.1" 200 67861 "https://eskijuva-bozori.uz/uz/?__kds_flag=post" "Mozilla/5.0 (Linux; Android 7.0;) AppleWebKit/537.36 (HTML, like Gecko) Mobile Safari/537.36 (compatible; PetalBot;+https://webmaster.petalsearch.com/site/petalbot)"
93.158.213.25 - - [25/Aug/2026:19:09:02 +0500] "GET /uz/?%60=l3i1p7o6g2r9a5m1m6a4t0ic&start=20 HTTP/1.1" 200 68173 "-" "Mozilla/5.0 (compatible; MJ12bot/v1.4.8; http://mj12bot.com/)"
185.191.171.15 - - [25/Aug/2026:19:09:03 +0500] "GET /uz/?function=call_user_func_array&s=index%2Fthinkapp%2Finvokefunction&start=36&vars%5B0%5D=phpinfo&vars%5B1%5D%5B0%5D=1 HTTP/1.1" 200 69873 "-" "Mozilla/5.0 (compatible; SemrushBot/7~bl; +http://www.semrush.com/bot.html)"
216.73.216.32 - - [25/Aug/2026:19:09:07 +0500] "GET /uz/cadging/arles/e3u3x9e8n8i9t7e8739 HTTP/1.1" 404 1248 "https://www.eskijuva-bozori.uz.uzbekgidroenergoqurilish.uz/cadging/arles/e3u3x9e8n8i9t7e8739" "Mozilla/5.0 AppleWebKit/537.36 (KHTML, like Gecko; compatible; ClaudeBot/1.0; +claudebot@anthropic.com)"
216.73.216.32 - - [25/Aug/2026:19:09:08 +0500] "GET /shops/englutting/f3o1r5s6l3u5g7g5e799 HTTP/1.1" 301 - "-" "Mozilla/5.0 AppleWebKit/537.36 (KHTML, like Gecko; compatible; ClaudeBot/1.0; +claudebot@anthropic.com)"
93.158.213.25 - - [25/Aug/2026:19:09:14 +0500] "GET /uz/?%60=l3i1p7o6g2r9a5m1m6a4t0ic&start=28 HTTP/1.1" 200 68305 "-" "Mozilla/5.0 (compatible; MJ12bot/v1.4.8; http://mj12bot.com/)"
216.73.216.32 - - [25/Aug/2026:19:09:15 +0500] "GET /uz/shops/englutting/f3o1r5s6l3u5g7g5e799 HTTP/1.1" 404 1248 "https://www.eskijuva-bozori.uz.uzbekgidroenergoqurilish.uz/shops/englutting/f3o1r5s6l3u5g7g5e799" "Mozilla/5.0 AppleWebKit/537.36 (KHTML, like Gecko; compatible; ClaudeBot/1.0; +claudebot@anthropic.com)"
216.73.216.32 - - [25/Aug/2026:19:09:30 +0500] "GET /shops/histographical/p3i1t8h8e2c0a5n6t0h1r2opoid HTTP/1.1" 301 - "-" "Mozilla/5.0 AppleWebKit/537.36 (KHTML, like Gecko; compatible; ClaudeBot/1.0; +claudebot@anthropic.com)"
216.73.216.32 - - [25/Aug/2026:19:09:37 +0500] "GET /uz/shops/histographical/p3i1t8h8e2c0a5n6t0h1r2opoid HTTP/1.1" 404 1248 "https://www.eskijuva-bozori.uz.uzbekgidroenergoqurilish.uz/shops/histographical/p3i1t8h8e2c0a5n6t0h1r2opoid" "Mozilla/5.0 AppleWebKit/537.36 (KHTML, like Gecko; compatible; ClaudeBot/1.0; +claudebot@anthropic.com)"
93.158.213.25 - - [25/Aug/2026:19:09:37 +0500] "GET /uz/?%60=l3i1p7o6g2r9a5m1m6a4t0ic&start=32 HTTP/1.1" 200 69350 "-" "Mozilla/5.0 (compatible; MJ12bot/v1.4.8; http://mj12bot.com/)"
93.158.213.25 - - [25/Aug/2026:19:10:01 +0500] "GET /uz/?%60=l3i1p7o6g2r9a5m1m6a4t0ic&start=36 HTTP/1.1" 200 69721 "-" "Mozilla/5.0 (compatible; MJ12bot/v1.4.8; http://mj12bot.com/)"
185.191.171.5 - - [25/Aug/2026:19:10:10 +0500] "GET /uz/?amp%3Bstart=48&start=16&vars%5B1%5D%5B0%5D=1 HTTP/1.1" 200 68017 "-" "Mozilla/5.0 (compatible; SemrushBot/7~bl; +http://www.semrush.com/bot.html)"
114.119.153.172 - - [25/Aug/2026:19:10:22 +0500] "GET /uz/?Command=NOOP&NewWebClient=1&start=12 HTTP/1.1" 508 288 "https://eskijuva-bozori.uz/uz/?Command=NOOP&NewWebClient=1&start=16" "Mozilla/5.0 (Linux; Android 7.0;) AppleWebKit/537.36 (HTML, like Gecko) Mobile Safari/537.36 (compatible; PetalBot;+https://webmaster.petalsearch.com/site/petalbot)"
216.73.216.32 - - [25/Aug/2026:19:10:17 +0500] "GET /?%60=u3n3d6e9r0c7h7a2r2g1e HTTP/1.1" 301 - "-" "Mozilla/5.0 AppleWebKit/537.36 (KHTML, like Gecko; compatible; ClaudeBot/1.0; +claudebot@anthropic.com)"
216.73.216.32 - - [25/Aug/2026:19:10:23 +0500] "GET /uz/?%60=u3n3d6e9r0c7h7a2r2g1e HTTP/1.1" 200 68431 "https://www.eskijuva-bozori.uz.uzbekgidroenergoqurilish.uz/?%60=u3n3d6e9r0c7h7a2r2g1e" "Mozilla/5.0 AppleWebKit/537.36 (KHTML, like Gecko; compatible; ClaudeBot/1.0; +claudebot@anthropic.com)"
93.158.213.25 - - [25/Aug/2026:19:10:43 +0500] "GET /uz/?%60=l3i1p7o6g2r9a5m1m6a4t0ic&start=52 HTTP/1.1" 508 288 "-" "Mozilla/5.0 (compatible; MJ12bot/v1.4.8; http://mj12bot.com/)"
34.56.53.225 - - [25/Aug/2026:19:10:35 +0500] "GET /uz/jsc-docs-uzb/29-obsh-sobr-14-07-14-uzb HTTP/1.1" 200 123246 "-" "Mozilla/5.0 (Macintosh; Intel Mac OS X 10_15_7) AppleWebKit/537.36 (KHTML, like Gecko) Chrome/120.0.0.0 Safari/537.36"
93.158.213.25 - - [25/Aug/2026:19:10:46 +0500] "GET /uz/?%60=p3r1o8t5o6p1h4y9t5o0l8ogy&start=28 HTTP/1.1" 200 68306 "-" "Mozilla/5.0 (compatible; MJ12bot/v1.4.8; http://mj12bot.com/)"
93.158.213.25 - - [25/Aug/2026:19:10:57 +0500] "GET /uz/?%60=p3r1o8t5o6p1h4y9t5o0l8ogy&start=32 HTTP/1.1" 200 69351 "-" "Mozilla/5.0 (compatible; MJ12bot/v1.4.8; http://mj12bot.com/)"
93.158.213.25 - - [25/Aug/2026:19:11:19 +0500] "GET /uz/?%60=p3r1o8t5o6p1h4y9t5o0l8ogy&start=36 HTTP/1.1" 200 69722 "-" "Mozilla/5.0 (compatible; MJ12bot/v1.4.8; http://mj12bot.com/)"
185.191.171.4 - - [25/Aug/2026:19:11:32 +0500] "GET /ru/officially-rus/tenders-rus/285-konkurs-audit-2020uzb HTTP/1.1" 200 58388 "-" "Mozilla/5.0 (compatible; SemrushBot/7~bl; +http://www.semrush.com/bot.html)"
93.158.213.25 - - [25/Aug/2026:19:11:42 +0500] "GET /uz/?r=a4e3r9o8h3y3d9r5o4d6y2namic&format=feed&type=atom HTTP/1.1" 200 8866 "-" "Mozilla/5.0 (compatible; MJ12bot/v1.4.8; http://mj12bot.com/)"
93.158.213.25 - - [25/Aug/2026:19:11:57 +0500] "GET /uz/?r=a4e3r9o8h3y3d9r5o4d6y2namic&format=feed&type=rss HTTP/1.1" 200 5761 "-" "Mozilla/5.0 (compatible; MJ12bot/v1.4.8; http://mj12bot.com/)"
216.73.216.32 - - [25/Aug/2026:19:12:08 +0500] "GET /uz/?start=52&yandex-source=desktop-maps HTTP/1.1" 508 288 "-" "Mozilla/5.0 AppleWebKit/537.36 (KHTML, like Gecko; compatible; ClaudeBot/1.0; +claudebot@anthropic.com)"
216.73.216.32 - - [25/Aug/2026:19:12:10 +0500] "GET /uz/?start=24&yandex-source=desktop-maps HTTP/1.1" 200 68012 "-" "Mozilla/5.0 AppleWebKit/537.36 (KHTML, like Gecko; compatible; ClaudeBot/1.0; +claudebot@anthropic.com)"
93.158.213.25 - - [25/Aug/2026:19:12:17 +0500] "GET /uz/?r=a4e3r9o8h3y3d9r5o4d6y2namic&start=12 HTTP/1.1" 200 68518 "-" "Mozilla/5.0 (compatible; MJ12bot/v1.4.8; http://mj12bot.com/)"
216.73.216.32 - - [25/Aug/2026:19:12:19 +0500] "GET /uz/?start=8&yandex-source=desktop-maps HTTP/1.1" 200 68189 "-" "Mozilla/5.0 AppleWebKit/537.36 (KHTML, like Gecko; compatible; ClaudeBot/1.0; +claudebot@anthropic.com)"
216.73.216.32 - - [25/Aug/2026:19:12:28 +0500] "GET /ballade/a3s3s7i2s2t4a5n6c9e2 HTTP/1.1" 508 288 "-" "Mozilla/5.0 AppleWebKit/537.36 (KHTML, like Gecko; compatible; ClaudeBot/1.0; +claudebot@anthropic.com)"
216.73.216.32 - - [25/Aug/2026:19:12:31 +0500] "GET /shops/manager/b3r3o8m2l4i5f2e7542 HTTP/1.1" 301 - "-" "Mozilla/5.0 AppleWebKit/537.36 (KHTML, like Gecko; compatible; ClaudeBot/1.0; +claudebot@anthropic.com)"
216.73.216.32 - - [25/Aug/2026:19:12:36 +0500] "GET /uz/shops/manager/b3r3o8m2l4i5f2e7542 HTTP/1.1" 404 1248 "https://www.eskijuva-bozori.uz.uzbekgidroenergoqurilish.uz/shops/manager/b3r3o8m2l4i5f2e7542" "Mozilla/5.0 AppleWebKit/537.36 (KHTML, like Gecko; compatible; ClaudeBot/1.0; +claudebot@anthropic.com)"
93.158.213.25 - - [25/Aug/2026:19:12:38 +0500] "GET /uz/?r=a4e3r9o8h3y3d9r5o4d6y2namic&start=4 HTTP/1.1" 200 67875 "-" "Mozilla/5.0 (compatible; MJ12bot/v1.4.8; http://mj12bot.com/)"
185.191.171.17 - - [25/Aug/2026:19:12:48 +0500] "GET /ru/facts-rus/75-06-fact-18-06-15 HTTP/1.1" 200 63594 "-" "Mozilla/5.0 (compatible; SemrushBot/7~bl; +http://www.semrush.com/bot.html)"
93.158.213.25 - - [25/Aug/2026:19:12:59 +0500] "GET /uz/?r=a4e3r9o8h3y3d9r5o4d6y2namic&start=52 HTTP/1.1" 200 69108 "-" "Mozilla/5.0 (compatible; MJ12bot/v1.4.8; http://mj12bot.com/)"
216.73.216.32 - - [25/Aug/2026:19:13:13 +0500] "GET /?%60=l3o3o6t5i7n9g97169 HTTP/1.1" 301 - "-" "Mozilla/5.0 AppleWebKit/537.36 (KHTML, like Gecko; compatible; ClaudeBot/1.0; +claudebot@anthropic.com)"
216.73.216.32 - - [25/Aug/2026:19:13:18 +0500] "GET /uz/?%60=l3o3o6t5i7n9g97169 HTTP/1.1" 200 68428 "https://www.eskijuva-bozori.uz.uzbekgidroenergoqurilish.uz/?%60=l3o3o6t5i7n9g97169" "Mozilla/5.0 AppleWebKit/537.36 (KHTML, like Gecko; compatible; ClaudeBot/1.0; +claudebot@anthropic.com)"
93.158.213.25 - - [25/Aug/2026:19:13:19 +0500] "GET /uz/?r=a4e3r9o8h3y3d9r5o4d6y2namic&start=8 HTTP/1.1" 200 67968 "-" "Mozilla/5.0 (compatible; MJ12bot/v1.4.8; http://mj12bot.com/)"
216.73.216.32 - - [25/Aug/2026:19:13:25 +0500] "GET /?%60=h3e3r0e3w6i7t6h2925 HTTP/1.1" 301 - "-" "Mozilla/5.0 AppleWebKit/537.36 (KHTML, like Gecko; compatible; ClaudeBot/1.0; +claudebot@anthropic.com)"
216.73.216.32 - - [25/Aug/2026:19:13:30 +0500] "GET /uz/?%60=h3e3r0e3w6i7t6h2925 HTTP/1.1" 200 68429 "https://www.eskijuva-bozori.uz.uzbekgidroenergoqurilish.uz/?%60=h3e3r0e3w6i7t6h2925" "Mozilla/5.0 AppleWebKit/537.36 (KHTML, like Gecko; compatible; ClaudeBot/1.0; +claudebot@anthropic.com)"
216.73.216.32 - - [25/Aug/2026:19:13:37 +0500] "GET /?%60=e3t1e1r8n0i5t0i3e7s64 HTTP/1.1" 301 - "-" "Mozilla/5.0 AppleWebKit/537.36 (KHTML, like Gecko; compatible; ClaudeBot/1.0; +claudebot@anthropic.com)"
216.73.216.32 - - [25/Aug/2026:19:13:44 +0500] "GET /uz/?%60=e3t1e1r8n0i5t0i3e7s64 HTTP/1.1" 200 68431 "https://www.eskijuva-bozori.uz.uzbekgidroenergoqurilish.uz/?%60=e3t1e1r8n0i5t0i3e7s64" "Mozilla/5.0 AppleWebKit/537.36 (KHTML, like Gecko; compatible; ClaudeBot/1.0; +claudebot@anthropic.com)"
52.139.37.240 - - [25/Aug/2026:19:13:48 +0500] "GET /wp-admin/maint/index.php HTTP/1.1" 301 - "-" "Mozilla/5.0 (Windows NT 10.0; Win64; x64) AppleWebKit/537.36 (KHTML, like Gecko) Chrome/120.0.0.0 Safari/537.36"
93.158.213.25 - - [25/Aug/2026:19:13:54 +0500] "GET /robots.txt HTTP/1.1" 200 111 "-" "Mozilla/5.0 (compatible; MJ12bot/v1.4.8; http://mj12bot.com/)"
93.158.213.25 - - [25/Aug/2026:19:13:58 +0500] "GET /uz/?%60=p3r1o8t5o6p1h4y9t5o0l8ogy HTTP/1.1" 508 288 "-" "Mozilla/5.0 (compatible; MJ12bot/v1.4.8; http://mj12bot.com/)"
52.139.37.240 - - [25/Aug/2026:19:13:54 +0500] "GET /wp-content/uploads/min.php HTTP/1.1" 301 - "-" "Mozilla/5.0 (Windows NT 10.0; Win64; x64) AppleWebKit/537.36 (KHTML, like Gecko) Chrome/120.0.0.0 Safari/537.36"
216.73.216.32 - - [25/Aug/2026:19:13:59 +0500] "GET /downmarket/a3p1p0e9t9i9t8i9v7e7 HTTP/1.1" 301 - "-" "Mozilla/5.0 AppleWebKit/537.36 (KHTML, like Gecko; compatible; ClaudeBot/1.0; +claudebot@anthropic.com)"
52.139.37.240 - - [25/Aug/2026:19:14:01 +0500] "GET /zoom1.php HTTP/1.1" 301 - "-" "Mozilla/5.0 (Windows NT 10.0; Win64; x64) AppleWebKit/537.36 (KHTML, like Gecko) Chrome/120.0.0.0 Safari/537.36"
93.158.213.25 - - [25/Aug/2026:19:14:06 +0500] "GET /uz/?%60=p3r1o8t5o6p1h4y9t5o0l8ogy&format=feed&type=atom HTTP/1.1" 200 8940 "-" "Mozilla/5.0 (compatible; MJ12bot/v1.4.8; http://mj12bot.com/)"
52.139.37.240 - - [25/Aug/2026:19:14:07 +0500] "GET /lock360.php HTTP/1.1" 301 - "-" "Mozilla/5.0 (Windows NT 10.0; Win64; x64) AppleWebKit/537.36 (KHTML, like Gecko) Chrome/120.0.0.0 Safari/537.36"
216.73.216.32 - - [25/Aug/2026:19:14:06 +0500] "GET /uz/downmarket/a3p1p0e9t9i9t8i9v7e7 HTTP/1.1" 404 1248 "https://www.eskijuva-bozori.uz.uzbekgidroenergoqurilish.uz/downmarket/a3p1p0e9t9i9t8i9v7e7" "Mozilla/5.0 AppleWebKit/537.36 (KHTML, like Gecko; compatible; ClaudeBot/1.0; +claudebot@anthropic.com)"
216.73.216.32 - - [25/Aug/2026:19:14:11 +0500] "GET /?%60=m3u1s2c9u1l8o2s7p3i7r4al HTTP/1.1" 301 - "-" "Mozilla/5.0 AppleWebKit/537.36 (KHTML, like Gecko; compatible; ClaudeBot/1.0; +claudebot@anthropic.com)"
52.139.37.240 - - [25/Aug/2026:19:14:13 +0500] "GET /r.php HTTP/1.1" 301 - "-" "Mozilla/5.0 (Windows NT 10.0; Win64; x64) AppleWebKit/537.36 (KHTML, like Gecko) Chrome/120.0.0.0 Safari/537.36"
216.73.216.32 - - [25/Aug/2026:19:14:23 +0500] "GET /?%60=l3e3p9i1d2o1p8h3y4l3l4a HTTP/1.1" 508 288 "-" "Mozilla/5.0 AppleWebKit/537.36 (KHTML, like Gecko; compatible; ClaudeBot/1.0; +claudebot@anthropic.com)"
52.139.37.240 - - [25/Aug/2026:19:14:19 +0500] "GET /sf.php HTTP/1.1" 301 - "-" "Mozilla/5.0 (Windows NT 10.0; Win64; x64) AppleWebKit/537.36 (KHTML, like Gecko) Chrome/120.0.0.0 Safari/537.36"
216.73.216.32 - - [25/Aug/2026:19:14:18 +0500] "GET /uz/?%60=m3u1s2c9u1l8o2s7p3i7r4al HTTP/1.1" 200 68434 "https://www.eskijuva-bozori.uz.uzbekgidroenergoqurilish.uz/?%60=m3u1s2c9u1l8o2s7p3i7r4al" "Mozilla/5.0 AppleWebKit/537.36 (KHTML, like Gecko; compatible; ClaudeBot/1.0; +claudebot@anthropic.com)"
52.139.37.240 - - [25/Aug/2026:19:14:25 +0500] "GET /7.php HTTP/1.1" 301 - "-" "Mozilla/5.0 (Windows NT 10.0; Win64; x64) AppleWebKit/537.36 (KHTML, like Gecko) Chrome/120.0.0.0 Safari/537.36"
216.73.216.32 - - [25/Aug/2026:19:14:26 +0500] "GET /shops/enantiopathic/k3i3r7s3o3m6e76460 HTTP/1.1" 301 - "-" "Mozilla/5.0 AppleWebKit/537.36 (KHTML, like Gecko; compatible; ClaudeBot/1.0; +claudebot@anthropic.com)"
93.158.213.25 - - [25/Aug/2026:19:14:27 +0500] "GET /uz/?%60=p3r1o8t5o6p1h4y9t5o0l8ogy&format=feed&type=rss HTTP/1.1" 200 5815 "-" "Mozilla/5.0 (compatible; MJ12bot/v1.4.8; http://mj12bot.com/)"
52.139.37.240 - - [25/Aug/2026:19:14:31 +0500] "GET /b.php HTTP/1.1" 301 - "-" "Mozilla/5.0 (Windows NT 10.0; Win64; x64) AppleWebKit/537.36 (KHTML, like Gecko) Chrome/120.0.0.0 Safari/537.36"
52.139.37.240 - - [25/Aug/2026:19:14:38 +0500] "GET /buy.php HTTP/1.1" 508 288 "-" "Mozilla/5.0 (Windows NT 10.0; Win64; x64) AppleWebKit/537.36 (KHTML, like Gecko) Chrome/120.0.0.0 Safari/537.36"
52.139.37.240 - - [25/Aug/2026:19:14:38 +0500] "GET /config.php HTTP/1.1" 508 288 "-" "Mozilla/5.0 (Windows NT 10.0; Win64; x64) AppleWebKit/537.36 (KHTML, like Gecko) Chrome/120.0.0.0 Safari/537.36"
216.73.216.32 - - [25/Aug/2026:19:14:32 +0500] "GET /uz/shops/enantiopathic/k3i3r7s3o3m6e76460 HTTP/1.1" 404 1248 "https://www.eskijuva-bozori.uz.uzbekgidroenergoqurilish.uz/shops/enantiopathic/k3i3r7s3o3m6e76460" "Mozilla/5.0 AppleWebKit/537.36 (KHTML, like Gecko; compatible; ClaudeBot/1.0; +claudebot@anthropic.com)"
216.73.216.32 - - [25/Aug/2026:19:14:33 +0500] "GET /?%60=t3r2o4p2i8d4o4n3o1t2u5s HTTP/1.1" 301 - "-" "Mozilla/5.0 AppleWebKit/537.36 (KHTML, like Gecko; compatible; ClaudeBot/1.0; +claudebot@anthropic.com)"
216.73.216.32 - - [25/Aug/2026:19:14:41 +0500] "GET /robots.txt HTTP/1.1" 200 111 "-" "Mozilla/5.0 AppleWebKit/537.36 (KHTML, like Gecko; compatible; ClaudeBot/1.0; +claudebot@anthropic.com)"
52.139.37.240 - - [25/Aug/2026:19:14:38 +0500] "GET /num.php HTTP/1.1" 301 - "-" "Mozilla/5.0 (Windows NT 10.0; Win64; x64) AppleWebKit/537.36 (KHTML, like Gecko) Chrome/120.0.0.0 Safari/537.36"
216.73.216.32 - - [25/Aug/2026:19:14:39 +0500] "GET /uz/?%60=t3r2o4p2i8d4o4n3o1t2u5s HTTP/1.1" 200 68433 "https://www.eskijuva-bozori.uz.uzbekgidroenergoqurilish.uz/?%60=t3r2o4p2i8d4o4n3o1t2u5s" "Mozilla/5.0 AppleWebKit/537.36 (KHTML, like Gecko; compatible; ClaudeBot/1.0; +claudebot@anthropic.com)"
52.139.37.240 - - [25/Aug/2026:19:14:44 +0500] "GET /areak1.php HTTP/1.1" 301 - "-" "Mozilla/5.0 (Windows NT 10.0; Win64; x64) AppleWebKit/537.36 (KHTML, like Gecko) Chrome/120.0.0.0 Safari/537.36"
216.73.216.32 - - [25/Aug/2026:19:14:45 +0500] "GET /shops/coveredeyed/a3f3t0e6r5d8i8n3n2e7r6 HTTP/1.1" 301 - "-" "Mozilla/5.0 AppleWebKit/537.36 (KHTML, like Gecko; compatible; ClaudeBot/1.0; +claudebot@anthropic.com)"
93.158.213.25 - - [25/Aug/2026:19:14:47 +0500] "GET /uz/?%60=p3r1o8t5o6p1h4y9t5o0l8ogy&start=28 HTTP/1.1" 200 68334 "-" "Mozilla/5.0 (compatible; MJ12bot/v1.4.8; http://mj12bot.com/)"
52.139.37.240 - - [25/Aug/2026:19:14:49 +0500] "GET /vc.php HTTP/1.1" 301 - "-" "Mozilla/5.0 (Windows NT 10.0; Win64; x64) AppleWebKit/537.36 (KHTML, like Gecko) Chrome/120.0.0.0 Safari/537.36"
216.73.216.32 - - [25/Aug/2026:19:14:51 +0500] "GET /uz/shops/coveredeyed/a3f3t0e6r5d8i8n3n2e7r6 HTTP/1.1" 404 1248 "https://www.eskijuva-bozori.uz.uzbekgidroenergoqurilish.uz/shops/coveredeyed/a3f3t0e6r5d8i8n3n2e7r6" "Mozilla/5.0 AppleWebKit/537.36 (KHTML, like Gecko; compatible; ClaudeBot/1.0; +claudebot@anthropic.com)"
66.249.77.71 - - [25/Aug/2026:19:14:57 +0500] "GET /images/content/hoz-structure.jpg HTTP/1.1" 200 33680 "-" "Googlebot-Image/1.0"
216.73.216.32 - - [25/Aug/2026:19:14:53 +0500] "GET /abolishment/emblossom/c3r1i4t3t2e1r9066 HTTP/1.1" 301 - "-" "Mozilla/5.0 AppleWebKit/537.36 (KHTML, like Gecko; compatible; ClaudeBot/1.0; +claudebot@anthropic.com)"
52.139.37.240 - - [25/Aug/2026:19:14:55 +0500] "GET /wp-content/plugins/admin.php HTTP/1.1" 301 - "-" "Mozilla/5.0 (Windows NT 10.0; Win64; x64) AppleWebKit/537.36 (KHTML, like Gecko) Chrome/120.0.0.0 Safari/537.36"
216.73.216.32 - - [25/Aug/2026:19:14:59 +0500] "GET /uz/abolishment/emblossom/c3r1i4t3t2e1r9066 HTTP/1.1" 404 1248 "https://www.eskijuva-bozori.uz.uzbekgidroenergoqurilish.uz/abolishment/emblossom/c3r1i4t3t2e1r9066" "Mozilla/5.0 AppleWebKit/537.36 (KHTML, like Gecko; compatible; ClaudeBot/1.0; +claudebot@anthropic.com)"
52.139.37.240 - - [25/Aug/2026:19:15:00 +0500] "GET /core.php HTTP/1.1" 301 - "-" "Mozilla/5.0 (Windows NT 10.0; Win64; x64) AppleWebKit/537.36 (KHTML, like Gecko) Chrome/120.0.0.0 Safari/537.36"
20.104.50.220 - - [25/Aug/2026:19:15:09 +0500] "GET /wp-content/plugins/hellopress/wp_filemanager.php HTTP/1.1" 404 5749 "-" "-"
20.104.50.220 - - [25/Aug/2026:19:15:10 +0500] "GET /this_is_a_new_hello_world.php HTTP/1.1" 404 5749 "-" "-"
20.104.50.220 - - [25/Aug/2026:19:15:10 +0500] "GET /doti.php HTTP/1.1" 404 5749 "-" "-"
20.104.50.220 - - [25/Aug/2026:19:15:10 +0500] "GET /cs3ihem.php HTTP/1.1" 404 5749 "-" "-"
20.104.50.220 - - [25/Aug/2026:19:15:11 +0500] "GET /wp-eix5uf.php HTTP/1.1" 404 5749 "-" "-"
20.104.50.220 - - [25/Aug/2026:19:15:11 +0500] "GET /naxc.php HTTP/1.1" 404 5749 "-" "-"
52.139.37.240 - - [25/Aug/2026:19:15:05 +0500] "GET /wp-admin/css/colors/blue/ HTTP/1.1" 301 - "-" "Mozilla/5.0 (Windows NT 10.0; Win64; x64) AppleWebKit/537.36 (KHTML, like Gecko) Chrome/120.0.0.0 Safari/537.36"
20.104.50.220 - - [25/Aug/2026:19:15:12 +0500] "GET /lib.php HTTP/1.1" 404 5749 "-" "-"
216.73.216.32 - - [25/Aug/2026:19:15:05 +0500] "GET /shops/pennsylvanica/o3y3s5t3e1r7l4i2n7g19 HTTP/1.1" 301 - "-" "Mozilla/5.0 AppleWebKit/537.36 (KHTML, like Gecko; compatible; ClaudeBot/1.0; +claudebot@anthropic.com)"
20.104.50.220 - - [25/Aug/2026:19:15:12 +0500] "GET /LegioN_LeakeRs.php HTTP/1.1" 404 5749 "-" "-"
20.104.50.220 - - [25/Aug/2026:19:15:13 +0500] "GET /LOGO/lib.php HTTP/1.1" 404 5749 "-" "-"
20.104.50.220 - - [25/Aug/2026:19:15:13 +0500] "GET /LegioN_LeakeRs.php HTTP/1.1" 404 5749 "-" "-"
93.158.213.25 - - [25/Aug/2026:19:15:06 +0500] "GET /uz/?%60=p3r1o8t5o6p1h4y9t5o0l8ogy&start=32 HTTP/1.1" 200 69379 "-" "Mozilla/5.0 (compatible; MJ12bot/v1.4.8; http://mj12bot.com/)"
20.104.50.220 - - [25/Aug/2026:19:15:13 +0500] "GET /naxc.php HTTP/1.1" 404 5749 "-" "-"
20.104.50.220 - - [25/Aug/2026:19:15:14 +0500] "GET /db.php/new.php HTTP/1.1" 404 5749 "-" "-"
20.104.50.220 - - [25/Aug/2026:19:15:15 +0500] "GET /info.php/new.php HTTP/1.1" 404 5749 "-" "-"
20.104.50.220 - - [25/Aug/2026:19:15:15 +0500] "GET /lib.php/new.php HTTP/1.1" 404 5749 "-" "-"
20.104.50.220 - - [25/Aug/2026:19:15:16 +0500] "GET /log.php/new.php HTTP/1.1" 404 5749 "-" "-"
20.104.50.220 - - [25/Aug/2026:19:15:16 +0500] "GET /wp-content/plugins/seoplugins/index.php/new.php HTTP/1.1" 404 5749 "-" "-"
20.104.50.220 - - [25/Aug/2026:19:15:16 +0500] "GET /admin.php/nope.php HTTP/1.1" 404 5749 "-" "-"
