216.73.216.32 - - [25/Aug/2026:21:01:51 +0500] "GET /shops/lateritious/b3e6s4t7i2r3r1e1d54 HTTP/1.1" 301 - "-" "Mozilla/5.0 AppleWebKit/537.36 (KHTML, like Gecko; compatible; ClaudeBot/1.0; +claudebot@anthropic.com)"
216.73.216.32 - - [25/Aug/2026:21:01:55 +0500] "GET /uz/shops/lateritious/b3e6s4t7i2r3r1e1d54 HTTP/1.1" 404 1248 "https://www.eskijuva-bozori.uz.uzbekgidroenergoqurilish.uz/shops/lateritious/b3e6s4t7i2r3r1e1d54" "Mozilla/5.0 AppleWebKit/537.36 (KHTML, like Gecko; compatible; ClaudeBot/1.0; +claudebot@anthropic.com)"
216.73.216.32 - - [25/Aug/2026:21:02:03 +0500] "GET /?%60=n3e1c8e3s3s8a7r8i6a3n6ism HTTP/1.1" 301 - "-" "Mozilla/5.0 AppleWebKit/537.36 (KHTML, like Gecko; compatible; ClaudeBot/1.0; +claudebot@anthropic.com)"
216.73.216.32 - - [25/Aug/2026:21:02:08 +0500] "GET /uz/?%60=n3e1c8e3s3s8a7r8i6a3n6ism HTTP/1.1" 200 68554 "https://www.eskijuva-bozori.uz.uzbekgidroenergoqurilish.uz/?%60=n3e1c8e3s3s8a7r8i6a3n6ism" "Mozilla/5.0 AppleWebKit/537.36 (KHTML, like Gecko; compatible; ClaudeBot/1.0; +claudebot@anthropic.com)"
136.119.35.120 - - [25/Aug/2026:21:02:21 +0500] "GET /uz/component/search/?Itemid=171&catid=25&format=opensearch&id=338 HTTP/1.1" 200 757 "-" "Mozilla/5.0 (Macintosh; Intel Mac OS X 10_15_7) AppleWebKit/537.36 (KHTML, like Gecko) Chrome/120.0.0.0 Safari/537.36"
216.73.216.32 - - [25/Aug/2026:21:02:23 +0500] "GET /ascribing/irresolvable/c3a8s6h4i4e7r3474 HTTP/1.1" 301 - "-" "Mozilla/5.0 AppleWebKit/537.36 (KHTML, like Gecko; compatible; ClaudeBot/1.0; +claudebot@anthropic.com)"
216.73.216.32 - - [25/Aug/2026:21:02:29 +0500] "GET /uz/ascribing/irresolvable/c3a8s6h4i4e7r3474 HTTP/1.1" 404 1248 "https://www.eskijuva-bozori.uz.uzbekgidroenergoqurilish.uz/ascribing/irresolvable/c3a8s6h4i4e7r3474" "Mozilla/5.0 AppleWebKit/537.36 (KHTML, like Gecko; compatible; ClaudeBot/1.0; +claudebot@anthropic.com)"
216.73.216.108 - - [25/Aug/2026:21:02:36 +0500] "GET /?r=w9e4i1r4d1391237 HTTP/1.1" 301 - "-" "Mozilla/5.0 AppleWebKit/537.36 (KHTML, like Gecko; compatible; ClaudeBot/1.0; +claudebot@anthropic.com)"
216.73.216.32 - - [25/Aug/2026:21:02:37 +0500] "GET /cheerlessly/alkahest/34286540528 HTTP/1.1" 301 - "-" "Mozilla/5.0 AppleWebKit/537.36 (KHTML, like Gecko; compatible; ClaudeBot/1.0; +claudebot@anthropic.com)"
34.10.180.98 - - [25/Aug/2026:21:02:36 +0500] "GET /uz/officially-uzb/vacancies-uzb/355-vakancies-uz HTTP/1.1" 200 57053 "-" "Mozilla/5.0 (Macintosh; Intel Mac OS X 10_15_7) AppleWebKit/537.36 (KHTML, like Gecko) Chrome/120.0.0.0 Safari/537.36"
216.73.216.32 - - [25/Aug/2026:21:02:41 +0500] "GET /uz/cheerlessly/alkahest/34286540528 HTTP/1.1" 404 1248 "https://www.eskijuva-bozori.uz.uzbekgidroenergoqurilish.uz/cheerlessly/alkahest/34286540528" "Mozilla/5.0 AppleWebKit/537.36 (KHTML, like Gecko; compatible; ClaudeBot/1.0; +claudebot@anthropic.com)"
47.128.21.201 - - [25/Aug/2026:21:02:45 +0500] "GET /robots.txt HTTP/1.1" 200 111 "-" "Mozilla/5.0 (iPhone; CPU iPhone OS 7_1_2 like Mac OS X) AppleWebKit/537.36 (KHTML, like Gecko) Version/7.0 Mobile Safari/537.36 (compatible; Bytespider; https://bytedance.sg.larkoffice.com/docx/K5bxdypulop3IIxrJb0lOjLVgFe)"
216.73.216.108 - - [25/Aug/2026:21:02:47 +0500] "GET /museum/stereotypy/91503289373 HTTP/1.1" 301 - "-" "Mozilla/5.0 AppleWebKit/537.36 (KHTML, like Gecko; compatible; ClaudeBot/1.0; +claudebot@anthropic.com)"
216.73.216.32 - - [25/Aug/2026:21:02:58 +0500] "GET /macaronian/c3e3r0t7e6s573582 HTTP/1.1" 508 288 "-" "Mozilla/5.0 AppleWebKit/537.36 (KHTML, like Gecko; compatible; ClaudeBot/1.0; +claudebot@anthropic.com)"
216.73.216.108 - - [25/Aug/2026:21:03:15 +0500] "GET /?r=m9u4r2i2n8e953940 HTTP/1.1" 301 - "-" "Mozilla/5.0 AppleWebKit/537.36 (KHTML, like Gecko; compatible; ClaudeBot/1.0; +claudebot@anthropic.com)"
216.73.216.108 - - [25/Aug/2026:21:03:27 +0500] "GET /?r=e9x2c0e4s5s367034 HTTP/1.1" 301 - "-" "Mozilla/5.0 AppleWebKit/537.36 (KHTML, like Gecko; compatible; ClaudeBot/1.0; +claudebot@anthropic.com)"
57.141.20.35 - - [25/Aug/2026:21:03:42 +0500] "GET /uz/?function=call_user_func_array&s=index/think\\\\\\\\\\\\\\\\\\\\\\\\\\\\\\\\app/invokefunction&vars[0]=phpinfo&vars[1][0]=1&start=4 HTTP/1.1" 508 288 "-" "Mozilla/5.0 (Windows NT 10.0; Win64; x64) AppleWebKit/537.36 (KHTML, like Gecko) Chrome/145.0.0.0 Safari/537.36 (compatible; meta-webindexer/1.1 (+https://developers.facebook.com/docs/sharing/webmasters/crawler))"
216.73.216.108 - - [25/Aug/2026:21:03:39 +0500] "GET /?r=d9e4a2d6w7o6o4d5687 HTTP/1.1" 301 - "-" "Mozilla/5.0 AppleWebKit/537.36 (KHTML, like Gecko; compatible; ClaudeBot/1.0; +claudebot@anthropic.com)"
185.191.171.2 - - [25/Aug/2026:21:04:54 +0500] "GET /ru/korp-upr-rus?start=10 HTTP/1.1" 200 58288 "-" "Mozilla/5.0 (compatible; SemrushBot/7~bl; +http://www.semrush.com/bot.html)"
54.166.126.132 - - [25/Aug/2026:21:05:13 +0500] "GET /uz/info-for-shareholders-uzb?format=feed&template=accessibility&type=atom HTTP/1.1" 200 14600 "-" "Mozilla/5.0 AppleWebKit/537.36 (KHTML, like Gecko; compatible; Amazonbot/0.1; +https://developer.amazon.com/support/amazonbot) Chrome/119.0.6045.214 Safari/537.36"
185.191.171.3 - - [25/Aug/2026:21:05:30 +0500] "GET /uz/?s=%2Fhome%2Fpage%2FuploadImg&start=28 HTTP/1.1" 200 68673 "-" "Mozilla/5.0 (compatible; SemrushBot/7~bl; +http://www.semrush.com/bot.html)"
132.226.155.84 - - [25/Aug/2026:21:06:25 +0500] "GET /uz/about-org-uzb/direction-uzb HTTP/1.1" 200 15601 "-" "Mozilla/5.0 (X11; Linux aarch64) AppleWebKit/537.36 (KHTML, like Gecko) Chrome/139.0.0.0 Safari/537.36"
34.10.180.98 - - [25/Aug/2026:21:07:07 +0500] "GET /ru/component/search/?Itemid=126&format=opensearch HTTP/1.1" 200 734 "-" "Mozilla/5.0 (Macintosh; Intel Mac OS X 10_15_7) AppleWebKit/537.36 (KHTML, like Gecko) Chrome/120.0.0.0 Safari/537.36"
185.191.171.9 - - [25/Aug/2026:21:07:19 +0500] "GET /uz/info-for-shareholders-uzb/145-performance-indicators-1-kvartal-2016 HTTP/1.1" 200 59826 "-" "Mozilla/5.0 (compatible; SemrushBot/7~bl; +http://www.semrush.com/bot.html)"
34.123.149.87 - - [25/Aug/2026:21:08:13 +0500] "GET /uz/officially-uzb/old-acts-uzb/25-ustav-elga-xizmat-2014-uzb HTTP/1.1" 200 83790 "-" "Mozilla/5.0 (Macintosh; Intel Mac OS X 10_15_7) AppleWebKit/537.36 (KHTML, like Gecko) Chrome/120.0.0.0 Safari/537.36"
20.151.129.194 - - [25/Aug/2026:21:08:21 +0500] "GET /wp-content/plugins/hellopress/wp_filemanager.php HTTP/1.1" 404 5752 "-" "-"
20.151.129.194 - - [25/Aug/2026:21:08:22 +0500] "GET /this_is_a_new_hello_world.php HTTP/1.1" 404 5752 "-" "-"
20.151.129.194 - - [25/Aug/2026:21:08:22 +0500] "GET /ap.php HTTP/1.1" 404 5752 "-" "-"
20.151.129.194 - - [25/Aug/2026:21:08:23 +0500] "GET /media.php HTTP/1.1" 404 5752 "-" "-"
20.151.129.194 - - [25/Aug/2026:21:08:23 +0500] "GET /adminfuns.php HTTP/1.1" 404 5752 "-" "-"
20.151.129.194 - - [25/Aug/2026:21:08:24 +0500] "GET /classwithtostring.php?p= HTTP/1.1" 404 5752 "-" "-"
20.151.129.194 - - [25/Aug/2026:21:08:24 +0500] "GET /3PJcpMFsD8B.php HTTP/1.1" 404 5752 "-" "-"
20.151.129.194 - - [25/Aug/2026:21:08:24 +0500] "GET /5PJcpMFsD8B.php HTTP/1.1" 404 5752 "-" "-"
20.151.129.194 - - [25/Aug/2026:21:08:25 +0500] "GET /4PJcpMFsD8B.php HTTP/1.1" 404 5752 "-" "-"
20.151.129.194 - - [25/Aug/2026:21:08:25 +0500] "GET /wsd.php HTTP/1.1" 404 5752 "-" "-"
20.151.129.194 - - [25/Aug/2026:21:08:26 +0500] "GET /pk.php HTTP/1.1" 404 5752 "-" "-"
20.151.129.194 - - [25/Aug/2026:21:08:26 +0500] "GET /bulet.php HTTP/1.1" 404 5752 "-" "-"
20.151.129.194 - - [25/Aug/2026:21:08:26 +0500] "GET /av.php HTTP/1.1" 404 5752 "-" "-"
20.151.129.194 - - [25/Aug/2026:21:08:27 +0500] "GET /images.php HTTP/1.1" 404 5752 "-" "-"
20.151.129.194 - - [25/Aug/2026:21:08:27 +0500] "GET /ops.php HTTP/1.1" 404 5752 "-" "-"
20.151.129.194 - - [25/Aug/2026:21:08:28 +0500] "GET /coffexium.php HTTP/1.1" 404 5752 "-" "-"
20.151.129.194 - - [25/Aug/2026:21:08:28 +0500] "GET /BDKR28WP.php HTTP/1.1" 404 5752 "-" "-"
20.151.129.194 - - [25/Aug/2026:21:08:28 +0500] "GET /k.php?p= HTTP/1.1" 404 5752 "-" "-"
20.151.129.194 - - [25/Aug/2026:21:08:29 +0500] "GET /82.php HTTP/1.1" 404 5752 "-" "-"
20.151.129.194 - - [25/Aug/2026:21:08:29 +0500] "GET /dex.php HTTP/1.1" 404 5752 "-" "-"
20.151.129.194 - - [25/Aug/2026:21:08:30 +0500] "GET /aa.php HTTP/1.1" 404 5752 "-" "-"
20.151.129.194 - - [25/Aug/2026:21:08:30 +0500] "GET /img.php HTTP/1.1" 404 5752 "-" "-"
20.151.129.194 - - [25/Aug/2026:21:08:31 +0500] "GET /222.php HTTP/1.1" 404 5752 "-" "-"
20.151.129.194 - - [25/Aug/2026:21:08:31 +0500] "GET /chosen.php HTTP/1.1" 404 5752 "-" "-"
20.151.129.194 - - [25/Aug/2026:21:08:32 +0500] "GET /admin.php HTTP/1.1" 404 5752 "-" "-"
20.151.129.194 - - [25/Aug/2026:21:08:32 +0500] "GET /ajax.php HTTP/1.1" 404 5752 "-" "-"
20.151.129.194 - - [25/Aug/2026:21:08:32 +0500] "GET /1.php?p= HTTP/1.1" 404 5752 "-" "-"
20.151.129.194 - - [25/Aug/2026:21:08:33 +0500] "GET /samll.php HTTP/1.1" 404 5752 "-" "-"
20.151.129.194 - - [25/Aug/2026:21:08:33 +0500] "GET /kerang.php HTTP/1.1" 404 5752 "-" "-"
20.151.129.194 - - [25/Aug/2026:21:08:34 +0500] "GET /m.php?p= HTTP/1.1" 404 5752 "-" "-"
20.151.129.194 - - [25/Aug/2026:21:08:34 +0500] "GET /fling.php?p= HTTP/1.1" 404 5752 "-" "-"
20.151.129.194 - - [25/Aug/2026:21:08:35 +0500] "GET /btyuio.php HTTP/1.1" 404 5752 "-" "-"
20.151.129.194 - - [25/Aug/2026:21:08:35 +0500] "GET /zoo2.php HTTP/1.1" 404 5752 "-" "-"
20.151.129.194 - - [25/Aug/2026:21:08:35 +0500] "GET /zoo1.php?p= HTTP/1.1" 404 5752 "-" "-"
20.151.129.194 - - [25/Aug/2026:21:08:36 +0500] "GET /radio.php HTTP/1.1" 404 5752 "-" "-"
20.151.129.194 - - [25/Aug/2026:21:08:36 +0500] "GET /hoket.php HTTP/1.1" 404 5752 "-" "-"
20.151.129.194 - - [25/Aug/2026:21:08:37 +0500] "GET /one.php HTTP/1.1" 404 5752 "-" "-"
20.151.129.194 - - [25/Aug/2026:21:08:37 +0500] "GET /503.php HTTP/1.1" 404 5752 "-" "-"
20.151.129.194 - - [25/Aug/2026:21:08:37 +0500] "GET /504.php HTTP/1.1" 404 5752 "-" "-"
20.151.129.194 - - [25/Aug/2026:21:08:38 +0500] "GET /admin.php?p= HTTP/1.1" 404 5752 "-" "-"
20.151.129.194 - - [25/Aug/2026:21:08:38 +0500] "GET /ws85.php?p= HTTP/1.1" 404 5752 "-" "-"
20.151.129.194 - - [25/Aug/2026:21:08:39 +0500] "GET /ffs.php HTTP/1.1" 404 5752 "-" "-"
20.151.129.194 - - [25/Aug/2026:21:08:39 +0500] "GET /nano.php HTTP/1.1" 404 5752 "-" "-"
20.151.129.194 - - [25/Aug/2026:21:08:40 +0500] "GET /ano.php HTTP/1.1" 404 5752 "-" "-"
20.151.129.194 - - [25/Aug/2026:21:08:40 +0500] "GET /mgrr.php HTTP/1.1" 404 5752 "-" "-"
20.151.129.194 - - [25/Aug/2026:21:08:40 +0500] "GET /mac.php HTTP/1.1" 404 5752 "-" "-"
20.151.129.194 - - [25/Aug/2026:21:08:41 +0500] "GET /simple.php HTTP/1.1" 404 5752 "-" "-"
20.151.129.194 - - [25/Aug/2026:21:08:41 +0500] "GET /xty.php?p= HTTP/1.1" 404 5752 "-" "-"
20.151.129.194 - - [25/Aug/2026:21:08:42 +0500] "GET /sallu.php HTTP/1.1" 404 5752 "-" "-"
20.151.129.194 - - [25/Aug/2026:21:08:42 +0500] "GET /w3lls.php HTTP/1.1" 404 5752 "-" "-"
20.151.129.194 - - [25/Aug/2026:21:08:43 +0500] "GET /fpwch.php HTTP/1.1" 404 5752 "-" "-"
20.151.129.194 - - [25/Aug/2026:21:08:43 +0500] "GET /domvf.php HTTP/1.1" 404 5752 "-" "-"
20.151.129.194 - - [25/Aug/2026:21:08:43 +0500] "GET /biufile.php HTTP/1.1" 404 5752 "-" "-"
20.151.129.194 - - [25/Aug/2026:21:08:44 +0500] "GET /blacks.php HTTP/1.1" 404 5752 "-" "-"
20.151.129.194 - - [25/Aug/2026:21:08:44 +0500] "GET /czq.php HTTP/1.1" 404 5752 "-" "-"
20.151.129.194 - - [25/Aug/2026:21:08:45 +0500] "GET /wp.php HTTP/1.1" 404 5752 "-" "-"
20.151.129.194 - - [25/Aug/2026:21:08:45 +0500] "GET /abcd.php HTTP/1.1" 404 5752 "-" "-"
20.151.129.194 - - [25/Aug/2026:21:08:45 +0500] "GET /run.php HTTP/1.1" 404 5752 "-" "-"
20.151.129.194 - - [25/Aug/2026:21:08:46 +0500] "GET /new.php HTTP/1.1" 404 5752 "-" "-"
20.151.129.194 - - [25/Aug/2026:21:08:46 +0500] "GET /inx.php HTTP/1.1" 404 5752 "-" "-"
20.151.129.194 - - [25/Aug/2026:21:08:47 +0500] "GET /vpn.php HTTP/1.1" 404 5752 "-" "-"
20.151.129.194 - - [25/Aug/2026:21:08:47 +0500] "GET /waff.php HTTP/1.1" 404 5752 "-" "-"
20.151.129.194 - - [25/Aug/2026:21:08:47 +0500] "GET /33.php HTTP/1.1" 404 5752 "-" "-"
20.151.129.194 - - [25/Aug/2026:21:08:48 +0500] "GET /133.php HTTP/1.1" 404 5752 "-" "-"
216.73.216.108 - - [25/Aug/2026:21:08:44 +0500] "GET /uz/?r=s9a7c3c3h2a6r2i9f9y3ing&start=24 HTTP/1.1" 200 67998 "-" "Mozilla/5.0 AppleWebKit/537.36 (KHTML, like Gecko; compatible; ClaudeBot/1.0; +claudebot@anthropic.com)"
20.151.129.194 - - [25/Aug/2026:21:08:48 +0500] "GET /sym.php?p= HTTP/1.1" 404 5752 "-" "-"
20.151.129.194 - - [25/Aug/2026:21:08:49 +0500] "GET /8.php HTTP/1.1" 404 5752 "-" "-"
20.151.129.194 - - [25/Aug/2026:21:08:49 +0500] "GET /goods.php?p= HTTP/1.1" 404 5752 "-" "-"
20.151.129.194 - - [25/Aug/2026:21:08:50 +0500] "GET /ah.php HTTP/1.1" 404 5752 "-" "-"
34.171.68.95 - - [25/Aug/2026:21:08:49 +0500] "GET /uz/prospectus-uzb/467-bildirishnoma-01-07-2025-docx HTTP/1.1" 200 56558 "-" "Mozilla/5.0 (Macintosh; Intel Mac OS X 10_15_7) AppleWebKit/537.36 (KHTML, like Gecko) Chrome/120.0.0.0 Safari/537.36"
216.73.216.108 - - [25/Aug/2026:21:08:51 +0500] "GET /uz/?r=s9a7c3c3h2a6r2i9f9y3ing&start=20 HTTP/1.1" 200 68071 "-" "Mozilla/5.0 AppleWebKit/537.36 (KHTML, like Gecko; compatible; ClaudeBot/1.0; +claudebot@anthropic.com)"
216.73.216.32 - - [25/Aug/2026:21:08:55 +0500] "GET /?%60=i3n3l9a9i3d359309 HTTP/1.1" 301 - "-" "Mozilla/5.0 AppleWebKit/537.36 (KHTML, like Gecko; compatible; ClaudeBot/1.0; +claudebot@anthropic.com)"
216.73.216.32 - - [25/Aug/2026:21:08:58 +0500] "GET /?%60=m3a1i3o6i0d45469 HTTP/1.1" 301 - "-" "Mozilla/5.0 AppleWebKit/537.36 (KHTML, like Gecko; compatible; ClaudeBot/1.0; +claudebot@anthropic.com)"
216.73.216.32 - - [25/Aug/2026:21:08:59 +0500] "GET /uz/?%60=i3n3l9a9i3d359309 HTTP/1.1" 200 68506 "https://www.eskijuva-bozori.uz.uzbekgidroenergoqurilish.uz/?%60=i3n3l9a9i3d359309" "Mozilla/5.0 AppleWebKit/537.36 (KHTML, like Gecko; compatible; ClaudeBot/1.0; +claudebot@anthropic.com)"
216.73.216.32 - - [25/Aug/2026:21:09:02 +0500] "GET /uz/?%60=m3a1i3o6i0d45469 HTTP/1.1" 200 68505 "https://www.eskijuva-bozori.uz.uzbekgidroenergoqurilish.uz/?%60=m3a1i3o6i0d45469" "Mozilla/5.0 AppleWebKit/537.36 (KHTML, like Gecko; compatible; ClaudeBot/1.0; +claudebot@anthropic.com)"
216.73.216.32 - - [25/Aug/2026:21:09:05 +0500] "GET /darwinii/g3e2n0t7r6y768517 HTTP/1.1" 301 - "-" "Mozilla/5.0 AppleWebKit/537.36 (KHTML, like Gecko; compatible; ClaudeBot/1.0; +claudebot@anthropic.com)"
216.73.216.108 - - [25/Aug/2026:21:09:03 +0500] "GET /uz/?r=t9h1r3e1a2t69058&start=4 HTTP/1.1" 200 67919 "-" "Mozilla/5.0 AppleWebKit/537.36 (KHTML, like Gecko; compatible; ClaudeBot/1.0; +claudebot@anthropic.com)"
216.73.216.32 - - [25/Aug/2026:21:09:10 +0500] "GET /uz/darwinii/g3e2n0t7r6y768517 HTTP/1.1" 404 1248 "https://www.eskijuva-bozori.uz.uzbekgidroenergoqurilish.uz/darwinii/g3e2n0t7r6y768517" "Mozilla/5.0 AppleWebKit/537.36 (KHTML, like Gecko; compatible; ClaudeBot/1.0; +claudebot@anthropic.com)"
136.119.35.120 - - [25/Aug/2026:21:09:11 +0500] "GET /ru/facts-rus?start=45 HTTP/1.1" 200 67587 "-" "Mozilla/5.0 (Macintosh; Intel Mac OS X 10_15_7) AppleWebKit/537.36 (KHTML, like Gecko) Chrome/120.0.0.0 Safari/537.36"
216.73.216.108 - - [25/Aug/2026:21:09:14 +0500] "GET /uz/?r=f4o1u8l9l2y580498&start=36 HTTP/1.1" 200 69655 "-" "Mozilla/5.0 AppleWebKit/537.36 (KHTML, like Gecko; compatible; ClaudeBot/1.0; +claudebot@anthropic.com)"
216.73.216.108 - - [25/Aug/2026:21:09:26 +0500] "GET /uz/?r=f4o1u8l9l2y580498&start=32 HTTP/1.1" 200 68240 "-" "Mozilla/5.0 AppleWebKit/537.36 (KHTML, like Gecko; compatible; ClaudeBot/1.0; +claudebot@anthropic.com)"
216.73.216.108 - - [25/Aug/2026:21:09:38 +0500] "GET /uz/?r=t9h1r3e1a2t69058&start=20 HTTP/1.1" 200 68064 "-" "Mozilla/5.0 AppleWebKit/537.36 (KHTML, like Gecko; compatible; ClaudeBot/1.0; +claudebot@anthropic.com)"
34.123.149.87 - - [25/Aug/2026:21:09:42 +0500] "GET /ru/component/search/?Itemid=128&catid=34&format=opensearch&id=79 HTTP/1.1" 200 772 "-" "Mozilla/5.0 (Macintosh; Intel Mac OS X 10_15_7) AppleWebKit/537.36 (KHTML, like Gecko) Chrome/120.0.0.0 Safari/537.36"
116.204.45.43 - - [25/Aug/2026:21:10:13 +0500] "GET /robots.txt HTTP/1.1" 200 111 "https://eskijuva-bozori.uz.uzbekgidroenergoqurilish.uz/robots.txt" "Mozilla/5.0 (Macintosh; Intel Mac OS X 10_15_7) AppleWebKit/537.36 (KHTML, like Gecko) Chrome/120.0.0.0 Safari/537.36"
216.73.216.108 - - [25/Aug/2026:21:10:17 +0500] "GET /robots.txt HTTP/1.1" 200 111 "-" "Mozilla/5.0 AppleWebKit/537.36 (KHTML, like Gecko; compatible; ClaudeBot/1.0; +claudebot@anthropic.com)"
141.148.175.136 - - [25/Aug/2026:21:10:17 +0500] "GET /uz/votes-uzb/488-bayon-osa-07-04-2026-pdf HTTP/1.1" 200 55649 "-" "Mozilla/5.0 (X11; Linux aarch64) AppleWebKit/537.36 (KHTML, like Gecko) Chrome/139.0.0.0 Safari/537.36"
216.73.216.108 - - [25/Aug/2026:21:10:17 +0500] "GET /?r=p9u3n2c8t8u8r7e3d388 HTTP/1.1" 301 - "-" "Mozilla/5.0 AppleWebKit/537.36 (KHTML, like Gecko; compatible; ClaudeBot/1.0; +claudebot@anthropic.com)"
141.148.175.136 - - [25/Aug/2026:21:10:21 +0500] "GET /uz/votes-uzb/488-bayon-osa-07-04-2026-pdf HTTP/1.1" 200 55478 "-" "Mozilla/5.0 (X11; Linux aarch64) AppleWebKit/537.36 (KHTML, like Gecko) Chrome/139.0.0.0 Safari/537.36"
216.73.216.108 - - [25/Aug/2026:21:10:25 +0500] "GET /uz/?r=p9u3n2c8t8u8r7e3d388 HTTP/1.1" 200 68283 "https://eskijuva-bozori.uz/?r=p9u3n2c8t8u8r7e3d388" "Mozilla/5.0 AppleWebKit/537.36 (KHTML, like Gecko; compatible; ClaudeBot/1.0; +claudebot@anthropic.com)"
34.10.180.98 - - [25/Aug/2026:21:10:33 +0500] "GET /uz/officially-uzb/norm-baza-uzb HTTP/1.1" 200 60892 "-" "Mozilla/5.0 (Macintosh; Intel Mac OS X 10_15_7) AppleWebKit/537.36 (KHTML, like Gecko) Chrome/120.0.0.0 Safari/537.36"
216.73.216.108 - - [25/Aug/2026:21:10:34 +0500] "GET /shops/childs/u9n2p1r5a9y0a4b3l3e63 HTTP/1.1" 301 - "-" "Mozilla/5.0 AppleWebKit/537.36 (KHTML, like Gecko; compatible; ClaudeBot/1.0; +claudebot@anthropic.com)"
216.73.216.108 - - [25/Aug/2026:21:10:40 +0500] "GET /siennese/sepawn/t9e1n3a8c6u5l0a860 HTTP/1.1" 301 - "-" "Mozilla/5.0 AppleWebKit/537.36 (KHTML, like Gecko; compatible; ClaudeBot/1.0; +claudebot@anthropic.com)"
216.73.216.108 - - [25/Aug/2026:21:10:48 +0500] "GET /?r=s9y2s0t7e7m0i4z5i7n9g5 HTTP/1.1" 301 - "-" "Mozilla/5.0 AppleWebKit/537.36 (KHTML, like Gecko; compatible; ClaudeBot/1.0; +claudebot@anthropic.com)"
216.73.216.108 - - [25/Aug/2026:21:10:52 +0500] "GET /uz/?r=s9y2s0t7e7m0i4z5i7n9g5 HTTP/1.1" 200 68285 "https://eskijuva-bozori.uz/?r=s9y2s0t7e7m0i4z5i7n9g5" "Mozilla/5.0 AppleWebKit/537.36 (KHTML, like Gecko; compatible; ClaudeBot/1.0; +claudebot@anthropic.com)"
85.208.96.198 - - [25/Aug/2026:21:11:06 +0500] "GET /robots.txt HTTP/1.1" 200 111 "-" "Mozilla/5.0 (compatible; SemrushBot/7~bl; +http://www.semrush.com/bot.html)"
216.73.216.108 - - [25/Aug/2026:21:11:04 +0500] "GET /shops/flavorous/f9l2u8o1r5o3s9c5o9p9y3 HTTP/1.1" 301 - "-" "Mozilla/5.0 AppleWebKit/537.36 (KHTML, like Gecko; compatible; ClaudeBot/1.0; +claudebot@anthropic.com)"
185.191.171.4 - - [25/Aug/2026:21:11:06 +0500] "GET /uz/?ismobile=1%27&start=8 HTTP/1.1" 200 67882 "-" "Mozilla/5.0 (compatible; SemrushBot/7~bl; +http://www.semrush.com/bot.html)"
3.213.46.222 - - [25/Aug/2026:21:11:08 +0500] "GET /uz/?template=accessibility HTTP/1.1" 200 31684 "-" "Mozilla/5.0 AppleWebKit/537.36 (KHTML, like Gecko; compatible; Amazonbot/0.1; +https://developer.amazon.com/support/amazonbot) Chrome/119.0.6045.214 Safari/537.36"
216.73.216.108 - - [25/Aug/2026:21:11:09 +0500] "GET /uz/shops/flavorous/f9l2u8o1r5o3s9c5o9p9y3 HTTP/1.1" 404 1216 "https://eskijuva-bozori.uz/shops/flavorous/f9l2u8o1r5o3s9c5o9p9y3" "Mozilla/5.0 AppleWebKit/537.36 (KHTML, like Gecko; compatible; ClaudeBot/1.0; +claudebot@anthropic.com)"
216.73.216.108 - - [25/Aug/2026:21:11:15 +0500] "GET /groundcover/tohubohu/92163795674 HTTP/1.1" 301 - "-" "Mozilla/5.0 AppleWebKit/537.36 (KHTML, like Gecko; compatible; ClaudeBot/1.0; +claudebot@anthropic.com)"
216.73.216.108 - - [25/Aug/2026:21:11:18 +0500] "GET /uz/groundcover/tohubohu/92163795674 HTTP/1.1" 404 1216 "https://eskijuva-bozori.uz/groundcover/tohubohu/92163795674" "Mozilla/5.0 AppleWebKit/537.36 (KHTML, like Gecko; compatible; ClaudeBot/1.0; +claudebot@anthropic.com)"
216.73.216.108 - - [25/Aug/2026:21:11:28 +0500] "GET /?r=s9p1a2t0t6l6i1n3g3p3o4ppy HTTP/1.1" 301 - "-" "Mozilla/5.0 AppleWebKit/537.36 (KHTML, like Gecko; compatible; ClaudeBot/1.0; +claudebot@anthropic.com)"
216.73.216.108 - - [25/Aug/2026:21:11:31 +0500] "GET /uz/?r=s9p1a2t0t6l6i1n3g3p3o4ppy HTTP/1.1" 200 68288 "https://eskijuva-bozori.uz/?r=s9p1a2t0t6l6i1n3g3p3o4ppy" "Mozilla/5.0 AppleWebKit/537.36 (KHTML, like Gecko; compatible; ClaudeBot/1.0; +claudebot@anthropic.com)"
136.119.35.120 - - [25/Aug/2026:21:12:34 +0500] "GET /uz/about-org-uzb/indexes-uzb?template=accessibility HTTP/1.1" 200 31702 "-" "Mozilla/5.0 (Macintosh; Intel Mac OS X 10_15_7) AppleWebKit/537.36 (KHTML, like Gecko) Chrome/120.0.0.0 Safari/537.36"
216.73.216.32 - - [25/Aug/2026:21:13:34 +0500] "GET /shops/bailing/p3a2l4a8t4o1p3t4e9r4y6goid HTTP/1.1" 301 - "-" "Mozilla/5.0 AppleWebKit/537.36 (KHTML, like Gecko; compatible; ClaudeBot/1.0; +claudebot@anthropic.com)"
216.73.216.32 - - [25/Aug/2026:21:13:36 +0500] "GET /uz/shops/bailing/p3a2l4a8t4o1p3t4e9r4y6goid HTTP/1.1" 404 1248 "https://www.eskijuva-bozori.uz.uzbekgidroenergoqurilish.uz/shops/bailing/p3a2l4a8t4o1p3t4e9r4y6goid" "Mozilla/5.0 AppleWebKit/537.36 (KHTML, like Gecko; compatible; ClaudeBot/1.0; +claudebot@anthropic.com)"
51.75.116.156 - - [25/Aug/2026:21:13:49 +0500] "GET /robots.txt HTTP/1.1" 200 111 "-" "Mozilla/5.0 (compatible; MJ12bot/v1.4.8; http://mj12bot.com/)"
51.75.116.156 - - [25/Aug/2026:21:13:53 +0500] "GET /uz/?%60=l3i1p7o6g2r9a5m1m6a4t0ic&start=24 HTTP/1.1" 200 68001 "-" "Mozilla/5.0 (compatible; MJ12bot/v1.4.8; http://mj12bot.com/)"
51.75.116.156 - - [25/Aug/2026:21:13:59 +0500] "GET /uz/?%60=l3i1p7o6g2r9a5m1m6a4t0ic&start=40 HTTP/1.1" 200 68685 "-" "Mozilla/5.0 (compatible; MJ12bot/v1.4.8; http://mj12bot.com/)"
85.208.96.201 - - [25/Aug/2026:21:14:06 +0500] "GET /robots.txt HTTP/1.1" 200 111 "-" "Mozilla/5.0 (compatible; SemrushBot/7~bl; +http://www.semrush.com/bot.html)"
51.75.116.156 - - [25/Aug/2026:21:14:06 +0500] "GET /uz/?%60=l3i1p7o6g2r9a5m1m6a4t0ic&start=44 HTTP/1.1" 200 69572 "-" "Mozilla/5.0 (compatible; MJ12bot/v1.4.8; http://mj12bot.com/)"
185.191.171.15 - - [25/Aug/2026:21:14:08 +0500] "GET /ru/jsc-docs-rus/383-osa-ru-docx HTTP/1.1" 200 54402 "-" "Mozilla/5.0 (compatible; SemrushBot/7~bl; +http://www.semrush.com/bot.html)"
51.75.116.156 - - [25/Aug/2026:21:14:13 +0500] "GET /uz/?%60=l3i1p7o6g2r9a5m1m6a4t0ic&start=48 HTTP/1.1" 200 68747 "-" "Mozilla/5.0 (compatible; MJ12bot/v1.4.8; http://mj12bot.com/)"
51.75.116.156 - - [25/Aug/2026:21:14:23 +0500] "GET /uz/?r=b9e1w6i4g77349&format=feed&type=atom HTTP/1.1" 200 8853 "-" "Mozilla/5.0 (compatible; MJ12bot/v1.4.8; http://mj12bot.com/)"
51.75.116.156 - - [25/Aug/2026:21:14:29 +0500] "GET /uz/?r=b9e1w6i4g77349&format=feed&type=rss HTTP/1.1" 200 5748 "-" "Mozilla/5.0 (compatible; MJ12bot/v1.4.8; http://mj12bot.com/)"
51.75.116.156 - - [25/Aug/2026:21:14:36 +0500] "GET /uz/?r=b9e1w6i4g77349&start=12 HTTP/1.1" 200 68336 "-" "Mozilla/5.0 (compatible; MJ12bot/v1.4.8; http://mj12bot.com/)"
51.75.116.156 - - [25/Aug/2026:21:14:42 +0500] "GET /uz/?r=b9e1w6i4g77349&start=4 HTTP/1.1" 200 67917 "-" "Mozilla/5.0 (compatible; MJ12bot/v1.4.8; http://mj12bot.com/)"
51.75.116.156 - - [25/Aug/2026:21:14:47 +0500] "GET /uz/?r=b9e1w6i4g77349&start=52 HTTP/1.1" 200 68921 "-" "Mozilla/5.0 (compatible; MJ12bot/v1.4.8; http://mj12bot.com/)"
51.75.116.156 - - [25/Aug/2026:21:14:56 +0500] "GET /uz/?r=b9e1w6i4g77349&start=8 HTTP/1.1" 200 67535 "-" "Mozilla/5.0 (compatible; MJ12bot/v1.4.8; http://mj12bot.com/)"
216.73.216.32 - - [25/Aug/2026:21:14:58 +0500] "GET /acidify/w3r1e3a7k4i4n2g9532 HTTP/1.1" 301 - "-" "Mozilla/5.0 AppleWebKit/537.36 (KHTML, like Gecko; compatible; ClaudeBot/1.0; +claudebot@anthropic.com)"
20.104.86.241 - - [25/Aug/2026:21:15:04 +0500] "GET /wp-content/plugins/hellopress/wp_filemanager.php HTTP/1.1" 401 36 "-" "-"
216.73.216.32 - - [25/Aug/2026:21:15:00 +0500] "GET /uz/acidify/w3r1e3a7k4i4n2g9532 HTTP/1.1" 404 1248 "https://www.eskijuva-bozori.uz.uzbekgidroenergoqurilish.uz/acidify/w3r1e3a7k4i4n2g9532" "Mozilla/5.0 AppleWebKit/537.36 (KHTML, like Gecko; compatible; ClaudeBot/1.0; +claudebot@anthropic.com)"
20.104.86.241 - - [25/Aug/2026:21:15:04 +0500] "GET /this_is_a_new_hello_world.php HTTP/1.1" 401 36 "-" "-"
20.104.86.241 - - [25/Aug/2026:21:15:05 +0500] "GET /filefuns.php HTTP/1.1" 401 36 "-" "-"
20.104.86.241 - - [25/Aug/2026:21:15:05 +0500] "GET /wp-cron.php HTTP/1.1" 401 36 "-" "-"
20.104.86.241 - - [25/Aug/2026:21:15:05 +0500] "GET /lock360.php HTTP/1.1" 401 36 "-" "-"
20.104.86.241 - - [25/Aug/2026:21:15:06 +0500] "GET /wp-theme.php HTTP/1.1" 401 36 "-" "-"
20.104.86.241 - - [25/Aug/2026:21:15:06 +0500] "GET /2d7433/index.php HTTP/1.1" 401 36 "-" "-"
20.104.86.241 - - [25/Aug/2026:21:15:07 +0500] "GET /wp-login.php HTTP/1.1" 401 36 "-" "-"
20.104.86.241 - - [25/Aug/2026:21:15:07 +0500] "GET /dd8fc3/admin.php HTTP/1.1" 401 36 "-" "-"
20.104.86.241 - - [25/Aug/2026:21:15:08 +0500] "GET /8950a6/admin.php HTTP/1.1" 401 36 "-" "-"
20.104.86.241 - - [25/Aug/2026:21:15:08 +0500] "GET /ammika.php HTTP/1.1" 401 36 "-" "-"
20.104.86.241 - - [25/Aug/2026:21:15:08 +0500] "GET /6b2b7b/admin.php HTTP/1.1" 401 36 "-" "-"
20.104.86.241 - - [25/Aug/2026:21:15:09 +0500] "GET /1ac325/admin.php HTTP/1.1" 401 36 "-" "-"
20.104.86.241 - - [25/Aug/2026:21:15:09 +0500] "GET /jqhrkutu.php HTTP/1.1" 401 36 "-" "-"
20.104.86.241 - - [25/Aug/2026:21:15:10 +0500] "GET /images.php HTTP/1.1" 401 36 "-" "-"
20.104.86.241 - - [25/Aug/2026:21:15:10 +0500] "GET /ops.php HTTP/1.1" 401 36 "-" "-"
20.104.86.241 - - [25/Aug/2026:21:15:11 +0500] "GET /4PJcpMFsD8B.php HTTP/1.1" 401 36 "-" "-"
20.104.86.241 - - [25/Aug/2026:21:15:11 +0500] "GET /3PJcpMFsD8B.php HTTP/1.1" 401 36 "-" "-"
20.104.86.241 - - [25/Aug/2026:21:15:12 +0500] "GET /9b97ec/index.php HTTP/1.1" 401 36 "-" "-"
20.104.86.241 - - [25/Aug/2026:21:15:12 +0500] "GET /b9007d/index.php HTTP/1.1" 401 36 "-" "-"
20.104.86.241 - - [25/Aug/2026:21:15:12 +0500] "GET /aaa.php HTTP/1.1" 401 36 "-" "-"
20.104.86.241 - - [25/Aug/2026:21:15:13 +0500] "GET /11.php HTTP/1.1" 401 36 "-" "-"
20.104.86.241 - - [25/Aug/2026:21:15:13 +0500] "GET /about.php HTTP/1.1" 401 36 "-" "-"
20.104.86.241 - - [25/Aug/2026:21:15:14 +0500] "GET /admin.php/admin.php HTTP/1.1" 401 36 "-" "-"
20.104.86.241 - - [25/Aug/2026:21:15:14 +0500] "GET /media.php HTTP/1.1" 401 36 "-" "-"
20.104.86.241 - - [25/Aug/2026:21:15:15 +0500] "GET /admin.php HTTP/1.1" 401 36 "-" "-"
20.104.86.241 - - [25/Aug/2026:21:15:15 +0500] "GET /mac.php HTTP/1.1" 401 36 "-" "-"
20.104.86.241 - - [25/Aug/2026:21:15:16 +0500] "GET /1.php HTTP/1.1" 401 36 "-" "-"
20.104.86.241 - - [25/Aug/2026:21:15:16 +0500] "GET /classwithtostring.php HTTP/1.1" 401 36 "-" "-"
20.104.86.241 - - [25/Aug/2026:21:15:16 +0500] "GET /wp-ws68.php HTTP/1.1" 401 36 "-" "-"
20.104.86.241 - - [25/Aug/2026:21:15:17 +0500] "GET /yj09.php HTTP/1.1" 401 36 "-" "-"
85.208.96.210 - - [25/Aug/2026:21:15:11 +0500] "GET /uz/officially-uzb/ustav-uzb/273-ustav25-04-2019-uzb HTTP/1.1" 200 57040 "-" "Mozilla/5.0 (compatible; SemrushBot/7~bl; +http://www.semrush.com/bot.html)"
20.104.86.241 - - [25/Aug/2026:21:15:17 +0500] "GET /scxy.php HTTP/1.1" 401 36 "-" "-"
20.104.86.241 - - [25/Aug/2026:21:15:20 +0500] "GET /blurbs.php HTTP/1.1" 401 36 "-" "-"
20.104.86.241 - - [25/Aug/2026:21:15:20 +0500] "GET /bajah.php HTTP/1.1" 401 36 "-" "-"
20.104.86.241 - - [25/Aug/2026:21:15:21 +0500] "GET /domvf.php HTTP/1.1" 401 36 "-" "-"
20.104.86.241 - - [25/Aug/2026:21:15:21 +0500] "GET /fpwch.php HTTP/1.1" 401 36 "-" "-"
20.104.86.241 - - [25/Aug/2026:21:15:21 +0500] "GET /adminner.php HTTP/1.1" 401 36 "-" "-"
20.104.86.241 - - [25/Aug/2026:21:15:22 +0500] "GET /abcd.php HTTP/1.1" 401 36 "-" "-"
20.104.86.241 - - [25/Aug/2026:21:15:22 +0500] "GET /simple.php HTTP/1.1" 401 36 "-" "-"
20.104.86.241 - - [25/Aug/2026:21:15:23 +0500] "GET /wp-load.php HTTP/1.1" 401 36 "-" "-"
20.104.86.241 - - [25/Aug/2026:21:15:23 +0500] "GET /aaa.php HTTP/1.1" 401 36 "-" "-"
20.104.86.241 - - [25/Aug/2026:21:15:24 +0500] "GET /FWAZ.php HTTP/1.1" 401 36 "-" "-"
20.104.86.241 - - [25/Aug/2026:21:15:24 +0500] "GET /ccc.php HTTP/1.1" 401 36 "-" "-"
20.104.86.241 - - [25/Aug/2026:21:15:25 +0500] "GET /admin.php HTTP/1.1" 401 36 "-" "-"
20.104.86.241 - - [25/Aug/2026:21:15:25 +0500] "GET /reviall.php HTTP/1.1" 401 36 "-" "-"
20.104.86.241 - - [25/Aug/2026:21:15:25 +0500] "GET /hp2.php HTTP/1.1" 401 36 "-" "-"
20.104.86.241 - - [25/Aug/2026:21:15:26 +0500] "GET /too.php HTTP/1.1" 401 36 "-" "-"
20.104.86.241 - - [25/Aug/2026:21:15:26 +0500] "GET /kir.php HTTP/1.1" 401 36 "-" "-"
20.104.86.241 - - [25/Aug/2026:21:15:27 +0500] "GET /wp-includes/Requests/ HTTP/1.1" 401 36 "-" "-"
20.104.86.241 - - [25/Aug/2026:21:15:27 +0500] "GET /wp-admin/css/colors/modern/ HTTP/1.1" 401 36 "-" "-"
20.104.86.241 - - [25/Aug/2026:21:15:28 +0500] "GET /wp-includes/assets/ HTTP/1.1" 401 36 "-" "-"
20.104.86.241 - - [25/Aug/2026:21:15:28 +0500] "GET /wp-admin/css/colors/sunrise/ HTTP/1.1" 401 36 "-" "-"
20.104.86.241 - - [25/Aug/2026:21:15:29 +0500] "GET /wp-includes/l10n/ HTTP/1.1" 401 36 "-" "-"
20.104.86.241 - - [25/Aug/2026:21:15:29 +0500] "GET /wp-content/uploads/ HTTP/1.1" 401 36 "-" "-"
20.104.86.241 - - [25/Aug/2026:21:15:29 +0500] "GET /cgi-bin/index.php HTTP/1.1" 401 36 "-" "-"
20.104.86.241 - - [25/Aug/2026:21:15:30 +0500] "GET /wp-includes/css/dist/ HTTP/1.1" 401 36 "-" "-"
20.104.86.241 - - [25/Aug/2026:21:15:30 +0500] "GET /wp-includes/js/jquery/ HTTP/1.1" 401 36 "-" "-"
20.104.86.241 - - [25/Aug/2026:21:15:31 +0500] "GET /wp-content/admin.php HTTP/1.1" 401 36 "-" "-"
20.104.86.241 - - [25/Aug/2026:21:15:31 +0500] "GET /wp-content/themes/index.php HTTP/1.1" 401 36 "-" "-"
20.104.86.241 - - [25/Aug/2026:21:15:32 +0500] "GET /wp-includes/blocks/details/ HTTP/1.1" 401 36 "-" "-"
20.104.86.241 - - [25/Aug/2026:21:15:32 +0500] "GET /.well-known/about.php HTTP/1.1" 401 36 "-" "-"
20.104.86.241 - - [25/Aug/2026:21:15:33 +0500] "GET /wp-includes/ID3/about.php HTTP/1.1" 401 36 "-" "-"
20.104.86.241 - - [25/Aug/2026:21:15:33 +0500] "GET /wp-includes/Text/ HTTP/1.1" 401 36 "-" "-"
20.104.86.241 - - [25/Aug/2026:21:15:33 +0500] "GET /ts.php HTTP/1.1" 401 36 "-" "-"
20.104.86.241 - - [25/Aug/2026:21:15:34 +0500] "GET /bak.php HTTP/1.1" 401 36 "-" "-"
20.104.86.241 - - [25/Aug/2026:21:15:34 +0500] "GET /olik.php HTTP/1.1" 401 36 "-" "-"
20.104.86.241 - - [25/Aug/2026:21:15:35 +0500] "GET /about.php HTTP/1.1" 401 36 "-" "-"
20.104.86.241 - - [25/Aug/2026:21:15:35 +0500] "GET /3cf97/index.php HTTP/1.1" 401 36 "-" "-"
20.104.86.241 - - [25/Aug/2026:21:15:36 +0500] "GET /term.php HTTP/1.1" 401 36 "-" "-"
216.73.216.32 - - [25/Aug/2026:21:15:59 +0500] "GET /?%60=c3o1l5u1m3b6a13771 HTTP/1.1" 508 288 "-" "Mozilla/5.0 AppleWebKit/537.36 (KHTML, like Gecko; compatible; ClaudeBot/1.0; +claudebot@anthropic.com)"
51.75.116.156 - - [25/Aug/2026:21:16:13 +0500] "GET /robots.txt HTTP/1.1" 200 111 "-" "Mozilla/5.0 (compatible; MJ12bot/v1.4.8; http://mj12bot.com/)"
51.75.116.156 - - [25/Aug/2026:21:16:17 +0500] "GET /uz/?Command=NOOP&InternalFile=../../../../../../../../../../../../../../Windows/win.ini&NewWebClient=1&start=44 HTTP/1.1" 508 288 "-" "Mozilla/5.0 (compatible; MJ12bot/v1.4.8; http://mj12bot.com/)"
216.73.216.32 - - [25/Aug/2026:21:16:20 +0500] "GET /?%60=p3e1l7e3c6a8n8u6s40 HTTP/1.1" 301 - "-" "Mozilla/5.0 AppleWebKit/537.36 (KHTML, like Gecko; compatible; ClaudeBot/1.0; +claudebot@anthropic.com)"
51.75.116.156 - - [25/Aug/2026:21:16:20 +0500] "GET /uz/?%60=k3i2t8t8e1l489288&format=feed&type=atom HTTP/1.1" 200 8932 "-" "Mozilla/5.0 (compatible; MJ12bot/v1.4.8; http://mj12bot.com/)"
216.73.216.32 - - [25/Aug/2026:21:16:24 +0500] "GET /uz/?%60=p3e1l7e3c6a8n8u6s40 HTTP/1.1" 200 68508 "https://www.eskijuva-bozori.uz.uzbekgidroenergoqurilish.uz/?%60=p3e1l7e3c6a8n8u6s40" "Mozilla/5.0 AppleWebKit/537.36 (KHTML, like Gecko; compatible; ClaudeBot/1.0; +claudebot@anthropic.com)"
51.75.116.156 - - [25/Aug/2026:21:16:28 +0500] "GET /uz/?%60=k3i2t8t8e1l489288&format=feed&type=rss HTTP/1.1" 200 5807 "-" "Mozilla/5.0 (compatible; MJ12bot/v1.4.8; http://mj12bot.com/)"
85.208.96.205 - - [25/Aug/2026:21:16:32 +0500] "GET /uz/?function=call_user_func_array&s=index%2Fthink%5C%5C%5C%5C%5C%5C%5C%5C%5C%5C%5C%5C%5C%5C%5C%5C%5C%5C%5C%5C%5C%5C%5C%5C%5C%5C%5C%5C%5C%5C%5C%5C%5C%5C%5C%5C%5C%5C%5C%5C%5C%5C%5C%5C%5C%5C%5C%5C%5C%5C%5C%5C%5C%5C%5C%5C%5C%5C%5C%5C%5C%5C%5C%5C%5C%5C%5C%5C%5C%5C%5C%5C%5C%5C%5C%5C%5C%5C%5C%5C%5C%5C%5C%5C%5C%5C%5C%5C%5C%5C%5C%5C%5C%5C%5C%5C%5C%5C%5C%5C%5C%5C%5C%5C%5C%5C%5C%5C%5C%5C%5C%5C%5C%5C%5C%5C%5C%5C%5C%5C%5C%5C%5C%5C%5C%5C%5C%5C%5C%5C%5C%5C%5C%5C%5C%5C%5C%5C%5C%5C%5C%5C%5C%5C%5C%5C%5C%5C%5C%5C%5C%5C%5C%5C%5C%5C%5C%5C%5C%5C%5C%5C%5C%5C%5C%5C%5C%5C%5C%5C%5C%5C%5C%5C%5C%5C%5C%5C%5C%5C%5C%5C%5C%5C%5C%5C%5C%5C%5C%5C%5C%5C%5C%5C%5C%5C%5C%5C%5C%5C%5C%5C%5C%5C%5C%5C%5C%5C%5C%5C%5C%5C%5C%5C%5C%5C%5C%5C%5C%5C%5C%5C%5C%5C%5C%5C%5C%5C%5C%5C%5C%5C%5C%5C%5C%5C%5C%5C%5C%5C%5C%5C%5C%5C%5C%5C%5C%5C%5C%5C%5C%5C%5C%5C%5C%5C%5C%5C%5C%5C%5C%5C%5C%5C%5C%5C%5C%5C%5C%5C%5C%5C%5C%5C%5C%5C%5C%5C%5C%5C%5C%5C%5C%5C%5C%5C%5C%5C%5C%5C%5C%5C%5C%5C%5C%5C%5C%5C%5C%5C%5C%5C%5C%5C%5C%5C%5C%5C%5C%5C%5C%5C%5C%5C%5C%5C%5C%5C%5C%5C%5C%5C%5C%5C%5C%5C%5C%5C%5C%5C%5C%5C%5C%5C%5C%5C%5C%5C%5C%5C%5C%5C%5C%5C%5C%5C%5C%5C%5C%5C%5C%5C%5C%5C%5C%5C%5C%5C%5C%5C%5C%5C%5C%5C%5C%5C%5C%5C%5C%5C%5C%5C%5C%5C%5C%5C%5C%5C%5C%5C%5C%5C%5C%5C%5C%5C%5C%5C%5C%5C%5C%5C%5C%5C%5C%5C%5C%5C%5C%5C%5C%5C%5C%5C%5C%5C%5C%5C%5C%5C%5C%5C%5C%5C%5C%5C%5C%5C%5C%5C%5C%5C%5C%5C%5C%5C%5C%5C%5C%5C%5C%5C%5C%5C%5C%5C%5C%5C%5C%5C%5C%5C%5C%5C%5C%5C%5C%5C%5C%5C%5C%5C%5C%5C%5C%5C%5C%5C%5C%5C%5C%5C%5C%5C%5C%5C%5C%5C%5C%5C%5C%5C%5C%5C%5C%5C%5C%5C%5C%5C%5C%5C%5C%5C%5C%5C%5C%5C%5C%5C%5C%5C%5C%5C%5C%5C%5C%5C%5C%5C%5C%5C%5C%5C%5C%5C%5C%5C%5C%5C%5C%5Capp%2Finvokefunction&vars%5B0%5D=phpinfo&vars%5B1%5D%5B0%5D=1 HTTP/1.1" 200 69950 "-" "Mozilla/5.0 (compatible; SemrushBot/7~bl; +http://www.semrush.com/bot.html)"
51.75.116.156 - - [25/Aug/2026:21:16:37 +0500] "GET /uz/?%60=k3i2t8t8e1l489288&start=12 HTTP/1.1" 200 68369 "-" "Mozilla/5.0 (compatible; MJ12bot/v1.4.8; http://mj12bot.com/)"
51.75.116.156 - - [25/Aug/2026:21:16:45 +0500] "GET /uz/?%60=k3i2t8t8e1l489288&start=4 HTTP/1.1" 200 67950 "-" "Mozilla/5.0 (compatible; MJ12bot/v1.4.8; http://mj12bot.com/)"
51.75.116.156 - - [25/Aug/2026:21:16:55 +0500] "GET /uz/?%60=k3i2t8t8e1l489288&start=52 HTTP/1.1" 200 68954 "-" "Mozilla/5.0 (compatible; MJ12bot/v1.4.8; http://mj12bot.com/)"
216.73.216.32 - - [25/Aug/2026:21:17:05 +0500] "GET /robots.txt HTTP/1.1" 200 111 "-" "Mozilla/5.0 AppleWebKit/537.36 (KHTML, like Gecko; compatible; ClaudeBot/1.0; +claudebot@anthropic.com)"
216.73.216.32 - - [25/Aug/2026:21:17:05 +0500] "GET /?%60=e3l5o5p1e8r68680 HTTP/1.1" 508 288 "-" "Mozilla/5.0 AppleWebKit/537.36 (KHTML, like Gecko; compatible; ClaudeBot/1.0; +claudebot@anthropic.com)"
51.75.116.156 - - [25/Aug/2026:21:17:05 +0500] "GET /uz/?%60=k3i2t8t8e1l489288&start=8 HTTP/1.1" 508 288 "-" "Mozilla/5.0 (compatible; MJ12bot/v1.4.8; http://mj12bot.com/)"
51.75.116.156 - - [25/Aug/2026:21:17:08 +0500] "GET /uz/?%60=n3e6g5o5t6i1o6u8s66&format=feed&type=atom HTTP/1.1" 200 8934 "-" "Mozilla/5.0 (compatible; MJ12bot/v1.4.8; http://mj12bot.com/)"
51.75.116.156 - - [25/Aug/2026:21:17:18 +0500] "GET /uz/?%60=n3e6g5o5t6i1o6u8s66&format=feed&type=rss HTTP/1.1" 508 288 "-" "Mozilla/5.0 (compatible; MJ12bot/v1.4.8; http://mj12bot.com/)"
34.56.124.53 - - [25/Aug/2026:21:17:17 +0500] "GET /uz/facts-uzb/369-32-fact-31-03-2022 HTTP/1.1" 200 56839 "-" "Mozilla/5.0 (Macintosh; Intel Mac OS X 10_15_7) AppleWebKit/537.36 (KHTML, like Gecko) Chrome/120.0.0.0 Safari/537.36"
216.73.216.32 - - [25/Aug/2026:21:17:24 +0500] "GET /?%60=b3o2u8g2h7t4y92048 HTTP/1.1" 508 288 "-" "Mozilla/5.0 AppleWebKit/537.36 (KHTML, like Gecko; compatible; ClaudeBot/1.0; +claudebot@anthropic.com)"
51.75.116.156 - - [25/Aug/2026:21:17:22 +0500] "GET /uz/?%60=n3e6g5o5t6i1o6u8s66&start=12 HTTP/1.1" 200 68371 "-" "Mozilla/5.0 (compatible; MJ12bot/v1.4.8; http://mj12bot.com/)"
216.73.216.32 - - [25/Aug/2026:21:17:35 +0500] "GET /?%60=b3l1o9w9t7u9b3e9764 HTTP/1.1" 508 288 "-" "Mozilla/5.0 AppleWebKit/537.36 (KHTML, like Gecko; compatible; ClaudeBot/1.0; +claudebot@anthropic.com)"
51.75.116.156 - - [25/Aug/2026:21:17:33 +0500] "GET /uz/?%60=n3e6g5o5t6i1o6u8s66&start=4 HTTP/1.1" 200 67952 "-" "Mozilla/5.0 (compatible; MJ12bot/v1.4.8; http://mj12bot.com/)"
51.75.116.156 - - [25/Aug/2026:21:17:44 +0500] "GET /uz/?%60=n3e6g5o5t6i1o6u8s66&start=52 HTTP/1.1" 508 288 "-" "Mozilla/5.0 (compatible; MJ12bot/v1.4.8; http://mj12bot.com/)"
34.123.149.87 - - [25/Aug/2026:21:17:41 +0500] "GET /uz/audit-uzb/10-uzbek?start=80 HTTP/1.1" 200 66166 "-" "Mozilla/5.0 (Macintosh; Intel Mac OS X 10_15_7) AppleWebKit/537.36 (KHTML, like Gecko) Chrome/120.0.0.0 Safari/537.36"
51.75.116.156 - - [25/Aug/2026:21:17:48 +0500] "GET /uz/?%60=n3e6g5o5t6i1o6u8s66&start=8 HTTP/1.1" 200 67570 "-" "Mozilla/5.0 (compatible; MJ12bot/v1.4.8; http://mj12bot.com/)"
51.75.116.156 - - [25/Aug/2026:21:17:57 +0500] "GET /uz/?author=16 HTTP/1.1" 200 68298 "-" "Mozilla/5.0 (compatible; MJ12bot/v1.4.8; http://mj12bot.com/)"
52.200.251.20 - - [25/Aug/2026:21:18:05 +0500] "GET /ru/invest-rus?template=accessibility HTTP/1.1" 200 25293 "-" "Mozilla/5.0 AppleWebKit/537.36 (KHTML, like Gecko; compatible; Amazonbot/0.1; +https://developer.amazon.com/support/amazonbot) Chrome/119.0.6045.214 Safari/537.36"
51.75.116.156 - - [25/Aug/2026:21:18:05 +0500] "GET /uz/?author=16&format=feed&type=atom HTTP/1.1" 200 8922 "-" "Mozilla/5.0 (compatible; MJ12bot/v1.4.8; http://mj12bot.com/)"
51.75.116.156 - - [25/Aug/2026:21:18:13 +0500] "GET /uz/?author=16&format=feed&type=rss HTTP/1.1" 200 5797 "-" "Mozilla/5.0 (compatible; MJ12bot/v1.4.8; http://mj12bot.com/)"
66.249.77.73 - - [25/Aug/2026:21:18:23 +0500] "GET /images/content/prospectus-30-03-09/04.jpg HTTP/1.1" 200 138271 "-" "Googlebot-Image/1.0"
51.75.116.156 - - [25/Aug/2026:21:18:20 +0500] "GET /uz/?author=16&start=28 HTTP/1.1" 200 68483 "-" "Mozilla/5.0 (compatible; MJ12bot/v1.4.8; http://mj12bot.com/)"
34.10.180.98 - - [25/Aug/2026:21:18:28 +0500] "GET /docs/2024/korp-2020.doc HTTP/1.1" 200 83456 "-" "Mozilla/5.0 (Macintosh; Intel Mac OS X 10_15_7) AppleWebKit/537.36 (KHTML, like Gecko) Chrome/120.0.0.0 Safari/537.36"
51.75.116.156 - - [25/Aug/2026:21:18:29 +0500] "GET /uz/?author=16&start=32 HTTP/1.1" 200 68258 "-" "Mozilla/5.0 (compatible; MJ12bot/v1.4.8; http://mj12bot.com/)"
216.73.216.32 - - [25/Aug/2026:21:18:38 +0500] "GET /uz/?r=m9u8m0p9e1d56468 HTTP/1.1" 200 68503 "-" "Mozilla/5.0 AppleWebKit/537.36 (KHTML, like Gecko; compatible; ClaudeBot/1.0; +claudebot@anthropic.com)"
51.75.116.156 - - [25/Aug/2026:21:18:39 +0500] "GET /uz/?author=16&start=36 HTTP/1.1" 200 69673 "-" "Mozilla/5.0 (compatible; MJ12bot/v1.4.8; http://mj12bot.com/)"
51.75.116.156 - - [25/Aug/2026:21:18:48 +0500] "GET /uz/?author=16&start=44 HTTP/1.1" 508 288 "-" "Mozilla/5.0 (compatible; MJ12bot/v1.4.8; http://mj12bot.com/)"
216.73.216.108 - - [25/Aug/2026:21:18:45 +0500] "GET /uz/?r=t9h1r3e1a2t69058&start=44 HTTP/1.1" 200 69562 "-" "Mozilla/5.0 AppleWebKit/537.36 (KHTML, like Gecko; compatible; ClaudeBot/1.0; +claudebot@anthropic.com)"
51.75.116.156 - - [25/Aug/2026:21:18:52 +0500] "GET /uz/?author=16&start=48 HTTP/1.1" 200 68756 "-" "Mozilla/5.0 (compatible; MJ12bot/v1.4.8; http://mj12bot.com/)"
51.75.116.156 - - [25/Aug/2026:21:19:01 +0500] "GET /uz/?author=16&start=52 HTTP/1.1" 200 68942 "-" "Mozilla/5.0 (compatible; MJ12bot/v1.4.8; http://mj12bot.com/)"
51.75.116.156 - - [25/Aug/2026:21:19:59 +0500] "GET /uz/?r=d9e5m3o0n3i2a0c5i2s5m HTTP/1.1" 200 68377 "-" "Mozilla/5.0 (compatible; MJ12bot/v1.4.8; http://mj12bot.com/)"
216.73.216.108 - - [25/Aug/2026:21:20:14 +0500] "GET /uz/?r=t9h1r3e1a2t69058&start=24 HTTP/1.1" 200 68081 "-" "Mozilla/5.0 AppleWebKit/537.36 (KHTML, like Gecko; compatible; ClaudeBot/1.0; +claudebot@anthropic.com)"
51.75.116.156 - - [25/Aug/2026:21:20:16 +0500] "GET /uz/?r=d9e5m3o0n3i2a0c5i2s5m&format=feed&type=atom HTTP/1.1" 200 8936 "-" "Mozilla/5.0 (compatible; MJ12bot/v1.4.8; http://mj12bot.com/)"
216.73.216.108 - - [25/Aug/2026:21:20:22 +0500] "GET /uz/?r=t9h1r3e1a2t69058&start=40 HTTP/1.1" 200 68675 "-" "Mozilla/5.0 AppleWebKit/537.36 (KHTML, like Gecko; compatible; ClaudeBot/1.0; +claudebot@anthropic.com)"
51.75.116.156 - - [25/Aug/2026:21:20:34 +0500] "GET /uz/?r=d9e5m3o0n3i2a0c5i2s5m&format=feed&type=rss HTTP/1.1" 508 288 "-" "Mozilla/5.0 (compatible; MJ12bot/v1.4.8; http://mj12bot.com/)"
3.90.1.35 - - [25/Aug/2026:21:20:44 +0500] "GET / HTTP/1.1" 200 898 "-" "Mozilla/5.0 (compatible; getdomaindata/1.0; +https://getdomaindata.com/bot)"
51.75.116.156 - - [25/Aug/2026:21:20:48 +0500] "GET /uz/?r=d9e5m3o0n3i2a0c5i2s5m&start=16 HTTP/1.1" 200 68826 "-" "Mozilla/5.0 (compatible; MJ12bot/v1.4.8; http://mj12bot.com/)"
216.73.216.32 - - [25/Aug/2026:21:20:58 +0500] "GET /?%60=d3o3u4c6e9t241620 HTTP/1.1" 508 288 "-" "Mozilla/5.0 AppleWebKit/537.36 (KHTML, like Gecko; compatible; ClaudeBot/1.0; +claudebot@anthropic.com)"
136.119.35.120 - - [25/Aug/2026:21:21:01 +0500] "GET /ru/dividends-rus?template=accessibility HTTP/1.1" 200 31269 "-" "Mozilla/5.0 (Macintosh; Intel Mac OS X 10_15_7) AppleWebKit/537.36 (KHTML, like Gecko) Chrome/120.0.0.0 Safari/537.36"
51.75.116.156 - - [25/Aug/2026:21:21:02 +0500] "GET /uz/?r=d9e5m3o0n3i2a0c5i2s5m&start=20 HTTP/1.1" 200 68289 "-" "Mozilla/5.0 (compatible; MJ12bot/v1.4.8; http://mj12bot.com/)"
51.75.116.156 - - [25/Aug/2026:21:21:22 +0500] "GET /uz/?r=d9e5m3o0n3i2a0c5i2s5m&start=24 HTTP/1.1" 200 68089 "-" "Mozilla/5.0 (compatible; MJ12bot/v1.4.8; http://mj12bot.com/)"
216.73.216.32 - - [25/Aug/2026:21:21:28 +0500] "GET /shops/torsional/a3r8a2c0h0n7o6i9d2e5a HTTP/1.1" 301 - "-" "Mozilla/5.0 AppleWebKit/537.36 (KHTML, like Gecko; compatible; ClaudeBot/1.0; +claudebot@anthropic.com)"
216.73.216.32 - - [25/Aug/2026:21:21:33 +0500] "GET /uz/shops/torsional/a3r8a2c0h0n7o6i9d2e5a HTTP/1.1" 404 1248 "https://www.eskijuva-bozori.uz.uzbekgidroenergoqurilish.uz/shops/torsional/a3r8a2c0h0n7o6i9d2e5a" "Mozilla/5.0 AppleWebKit/537.36 (KHTML, like Gecko; compatible; ClaudeBot/1.0; +claudebot@anthropic.com)"
51.75.116.156 - - [25/Aug/2026:21:21:35 +0500] "GET /uz/?r=d9e5m3o0n3i2a0c5i2s5m&start=4 HTTP/1.1" 200 67927 "-" "Mozilla/5.0 (compatible; MJ12bot/v1.4.8; http://mj12bot.com/)"
216.73.216.32 - - [25/Aug/2026:21:21:48 +0500] "GET /shops/ricinolic/d3i4f9f5u4s6a8t7e95 HTTP/1.1" 301 - "-" "Mozilla/5.0 AppleWebKit/537.36 (KHTML, like Gecko; compatible; ClaudeBot/1.0; +claudebot@anthropic.com)"
216.73.216.32 - - [25/Aug/2026:21:21:52 +0500] "GET /uz/shops/ricinolic/d3i4f9f5u4s6a8t7e95 HTTP/1.1" 508 288 "https://www.eskijuva-bozori.uz.uzbekgidroenergoqurilish.uz/shops/ricinolic/d3i4f9f5u4s6a8t7e95" "Mozilla/5.0 AppleWebKit/537.36 (KHTML, like Gecko; compatible; ClaudeBot/1.0; +claudebot@anthropic.com)"
51.75.116.156 - - [25/Aug/2026:21:21:53 +0500] "GET /uz/?r=d9e5m3o0n3i2a0c5i2s5m&start=52 HTTP/1.1" 508 288 "-" "Mozilla/5.0 (compatible; MJ12bot/v1.4.8; http://mj12bot.com/)"
51.75.116.156 - - [25/Aug/2026:21:22:07 +0500] "GET /uz/?r=d9e5m3o0n3i2a0c5i2s5m&start=8 HTTP/1.1" 200 67545 "-" "Mozilla/5.0 (compatible; MJ12bot/v1.4.8; http://mj12bot.com/)"
51.75.116.156 - - [25/Aug/2026:21:22:27 +0500] "GET /uz/?r=f4o1u8l9l2y580498 HTTP/1.1" 200 68348 "-" "Mozilla/5.0 (compatible; MJ12bot/v1.4.8; http://mj12bot.com/)"
51.75.116.156 - - [25/Aug/2026:21:22:41 +0500] "GET /uz/?r=f4o1u8l9l2y580498&format=feed&type=atom HTTP/1.1" 200 8932 "-" "Mozilla/5.0 (compatible; MJ12bot/v1.4.8; http://mj12bot.com/)"
47.128.27.188 - - [25/Aug/2026:21:23:02 +0500] "GET /uz/?Command=NOOP&start=8 HTTP/1.1" 508 288 "-" "Mozilla/5.0 (Linux; Android 5.0) AppleWebKit/537.36 (KHTML, like Gecko) Mobile Safari/537.36 (compatible; Bytespider; spider-feedback@bytedance.com)"
51.75.116.156 - - [25/Aug/2026:21:22:58 +0500] "GET /uz/?r=f4o1u8l9l2y580498&format=feed&type=rss HTTP/1.1" 200 5807 "-" "Mozilla/5.0 (compatible; MJ12bot/v1.4.8; http://mj12bot.com/)"
51.75.116.156 - - [25/Aug/2026:21:23:16 +0500] "GET /uz/?r=f4o1u8l9l2y580498&start=16 HTTP/1.1" 200 68797 "-" "Mozilla/5.0 (compatible; MJ12bot/v1.4.8; http://mj12bot.com/)"
85.208.96.212 - - [25/Aug/2026:21:23:40 +0500] "GET /uz/?destination=node&q=node&start=20 HTTP/1.1" 508 288 "-" "Mozilla/5.0 (compatible; SemrushBot/7~bl; +http://www.semrush.com/bot.html)"
51.75.116.156 - - [25/Aug/2026:21:23:35 +0500] "GET /uz/?r=f4o1u8l9l2y580498&start=20 HTTP/1.1" 200 68260 "-" "Mozilla/5.0 (compatible; MJ12bot/v1.4.8; http://mj12bot.com/)"
51.75.116.156 - - [25/Aug/2026:21:23:51 +0500] "GET /uz/?r=f4o1u8l9l2y580498&start=24 HTTP/1.1" 200 68085 "-" "Mozilla/5.0 (compatible; MJ12bot/v1.4.8; http://mj12bot.com/)"
216.73.216.32 - - [25/Aug/2026:21:24:06 +0500] "GET /shops/blaming/f3o1u0n0d5i3n1g1223 HTTP/1.1" 301 - "-" "Mozilla/5.0 AppleWebKit/537.36 (KHTML, like Gecko; compatible; ClaudeBot/1.0; +claudebot@anthropic.com)"
216.73.216.32 - - [25/Aug/2026:21:24:09 +0500] "GET /uz/shops/blaming/f3o1u0n0d5i3n1g1223 HTTP/1.1" 404 1248 "https://www.eskijuva-bozori.uz.uzbekgidroenergoqurilish.uz/shops/blaming/f3o1u0n0d5i3n1g1223" "Mozilla/5.0 AppleWebKit/537.36 (KHTML, like Gecko; compatible; ClaudeBot/1.0; +claudebot@anthropic.com)"
51.75.116.156 - - [25/Aug/2026:21:24:09 +0500] "GET /uz/?r=f4o1u8l9l2y580498&start=4 HTTP/1.1" 200 67957 "-" "Mozilla/5.0 (compatible; MJ12bot/v1.4.8; http://mj12bot.com/)"
216.73.216.32 - - [25/Aug/2026:21:24:15 +0500] "GET /?%60=s3o1p5h8i9293046 HTTP/1.1" 301 - "-" "Mozilla/5.0 AppleWebKit/537.36 (KHTML, like Gecko; compatible; ClaudeBot/1.0; +claudebot@anthropic.com)"
216.73.216.108 - - [25/Aug/2026:21:24:19 +0500] "GET /uz/?r=t9h1r3e1a2t69058&start=48 HTTP/1.1" 508 288 "-" "Mozilla/5.0 AppleWebKit/537.36 (KHTML, like Gecko; compatible; ClaudeBot/1.0; +claudebot@anthropic.com)"
216.73.216.32 - - [25/Aug/2026:21:24:17 +0500] "GET /uz/?%60=s3o1p5h8i9293046 HTTP/1.1" 200 68545 "https://www.eskijuva-bozori.uz.uzbekgidroenergoqurilish.uz/?%60=s3o1p5h8i9293046" "Mozilla/5.0 AppleWebKit/537.36 (KHTML, like Gecko; compatible; ClaudeBot/1.0; +claudebot@anthropic.com)"
51.75.116.156 - - [25/Aug/2026:21:24:22 +0500] "GET /uz/?r=f4o1u8l9l2y580498&start=52 HTTP/1.1" 200 68927 "-" "Mozilla/5.0 (compatible; MJ12bot/v1.4.8; http://mj12bot.com/)"
216.73.216.32 - - [25/Aug/2026:21:24:23 +0500] "GET /?%60=l3y1m2p6h4o9m0a154 HTTP/1.1" 301 - "-" "Mozilla/5.0 AppleWebKit/537.36 (KHTML, like Gecko; compatible; ClaudeBot/1.0; +claudebot@anthropic.com)"
216.73.216.32 - - [25/Aug/2026:21:24:27 +0500] "GET /uz/?%60=l3y1m2p6h4o9m0a154 HTTP/1.1" 200 68547 "https://www.eskijuva-bozori.uz.uzbekgidroenergoqurilish.uz/?%60=l3y1m2p6h4o9m0a154" "Mozilla/5.0 AppleWebKit/537.36 (KHTML, like Gecko; compatible; ClaudeBot/1.0; +claudebot@anthropic.com)"
136.119.35.120 - - [25/Aug/2026:21:24:28 +0500] "GET /ru/officially-rus/certificates-rus HTTP/1.1" 200 55041 "-" "Mozilla/5.0 (Macintosh; Intel Mac OS X 10_15_7) AppleWebKit/537.36 (KHTML, like Gecko) Chrome/120.0.0.0 Safari/537.36"
216.73.216.32 - - [25/Aug/2026:21:24:32 +0500] "GET /?%60=h3a1w0k0i2s8h87041 HTTP/1.1" 301 - "-" "Mozilla/5.0 AppleWebKit/537.36 (KHTML, like Gecko; compatible; ClaudeBot/1.0; +claudebot@anthropic.com)"
216.73.216.32 - - [25/Aug/2026:21:24:35 +0500] "GET /uz/?%60=h3a1w0k0i2s8h87041 HTTP/1.1" 200 68547 "https://www.eskijuva-bozori.uz.uzbekgidroenergoqurilish.uz/?%60=h3a1w0k0i2s8h87041" "Mozilla/5.0 AppleWebKit/537.36 (KHTML, like Gecko; compatible; ClaudeBot/1.0; +claudebot@anthropic.com)"
216.73.216.32 - - [25/Aug/2026:21:24:38 +0500] "GET /shops/crotchetiness/m3u2t6u4a1t0i6o7n172 HTTP/1.1" 301 - "-" "Mozilla/5.0 AppleWebKit/537.36 (KHTML, like Gecko; compatible; ClaudeBot/1.0; +claudebot@anthropic.com)"
216.73.216.32 - - [25/Aug/2026:21:24:42 +0500] "GET /uz/shops/crotchetiness/m3u2t6u4a1t0i6o7n172 HTTP/1.1" 508 288 "https://www.eskijuva-bozori.uz.uzbekgidroenergoqurilish.uz/shops/crotchetiness/m3u2t6u4a1t0i6o7n172" "Mozilla/5.0 AppleWebKit/537.36 (KHTML, like Gecko; compatible; ClaudeBot/1.0; +claudebot@anthropic.com)"
51.75.116.156 - - [25/Aug/2026:21:24:38 +0500] "GET /uz/?r=f4o1u8l9l2y580498&start=8 HTTP/1.1" 200 67541 "-" "Mozilla/5.0 (compatible; MJ12bot/v1.4.8; http://mj12bot.com/)"
216.73.216.32 - - [25/Aug/2026:21:24:44 +0500] "GET /shops/peroxidation/m3a3n0d6u7c0a6t8o9r6y0 HTTP/1.1" 301 - "-" "Mozilla/5.0 AppleWebKit/537.36 (KHTML, like Gecko; compatible; ClaudeBot/1.0; +claudebot@anthropic.com)"
51.75.116.156 - - [25/Aug/2026:21:24:47 +0500] "GET /uz/?r=h9a4r0d9w9o1n59294&start=44 HTTP/1.1" 200 69567 "-" "Mozilla/5.0 (compatible; MJ12bot/v1.4.8; http://mj12bot.com/)"
216.73.216.32 - - [25/Aug/2026:21:24:47 +0500] "GET /uz/shops/peroxidation/m3a3n0d6u7c0a6t8o9r6y0 HTTP/1.1" 404 1248 "https://www.eskijuva-bozori.uz.uzbekgidroenergoqurilish.uz/shops/peroxidation/m3a3n0d6u7c0a6t8o9r6y0" "Mozilla/5.0 AppleWebKit/537.36 (KHTML, like Gecko; compatible; ClaudeBot/1.0; +claudebot@anthropic.com)"
216.73.216.32 - - [25/Aug/2026:21:24:53 +0500] "GET /uz/?format=feed&r=p4e1n4u8r4i6o4u0s138&type=rss HTTP/1.1" 200 6202 "-" "Mozilla/5.0 AppleWebKit/537.36 (KHTML, like Gecko; compatible; ClaudeBot/1.0; +claudebot@anthropic.com)"
216.73.216.32 - - [25/Aug/2026:21:24:59 +0500] "GET /shops/probang/h3e2l5l3e5n7i0s7m988 HTTP/1.1" 508 288 "-" "Mozilla/5.0 AppleWebKit/537.36 (KHTML, like Gecko; compatible; ClaudeBot/1.0; +claudebot@anthropic.com)"
185.191.171.12 - - [25/Aug/2026:21:24:53 +0500] "GET /uz/?amp%3Bstart=48&start=48&vars%5B1%5D%5B0%5D=1 HTTP/1.1" 200 68957 "-" "Mozilla/5.0 (compatible; SemrushBot/7~bl; +http://www.semrush.com/bot.html)"
51.75.116.156 - - [25/Aug/2026:21:24:54 +0500] "GET /uz/?r=h9a4r0d9w9o1n59294&start=48 HTTP/1.1" 200 68742 "-" "Mozilla/5.0 (compatible; MJ12bot/v1.4.8; http://mj12bot.com/)"
