51.83.9.92 - - [25/Aug/2026:17:33:14 +0500] "GET /uz/?vars[1][0]=1&start=4 HTTP/1.1" 200 67880 "-" "Mozilla/5.0 (compatible; MJ12bot/v1.4.8; http://mj12bot.com/)"
85.208.96.196 - - [25/Aug/2026:17:34:41 +0500] "GET /robots.txt HTTP/1.1" 200 111 "-" "Mozilla/5.0 (compatible; SemrushBot/7~bl; +http://www.semrush.com/bot.html)"
85.208.96.205 - - [25/Aug/2026:17:34:42 +0500] "GET /uz/?vars%5B0%5D=phpinfo HTTP/1.1" 200 68215 "-" "Mozilla/5.0 (compatible; SemrushBot/7~bl; +http://www.semrush.com/bot.html)"
85.208.96.201 - - [25/Aug/2026:17:34:55 +0500] "GET /ru/facts-rus?ismobile=1&start=90 HTTP/1.1" 200 62217 "-" "Mozilla/5.0 (compatible; SemrushBot/7~bl; +http://www.semrush.com/bot.html)"
216.73.216.32 - - [25/Aug/2026:17:35:11 +0500] "GET /uz/?%60=h3a3z6e2l8n7u1t6191&format=feed&type=rss HTTP/1.1" 508 288 "-" "Mozilla/5.0 AppleWebKit/537.36 (KHTML, like Gecko; compatible; ClaudeBot/1.0; +claudebot@anthropic.com)"
34.171.68.95 - - [25/Aug/2026:17:35:08 +0500] "GET /uz/audit-uzb/10-uzbek?format=feed&type=atom HTTP/1.1" 200 20189 "-" "Mozilla/5.0 (Macintosh; Intel Mac OS X 10_15_7) AppleWebKit/537.36 (KHTML, like Gecko) Chrome/120.0.0.0 Safari/537.36"
216.73.216.32 - - [25/Aug/2026:17:35:49 +0500] "GET /uz/?r=d4o2c7k9y3a0r7d8357&start=4 HTTP/1.1" 508 288 "-" "Mozilla/5.0 AppleWebKit/537.36 (KHTML, like Gecko; compatible; ClaudeBot/1.0; +claudebot@anthropic.com)"
52.167.144.217 - - [25/Aug/2026:17:36:10 +0500] "GET /ru/about-org-rus/strategy-rus HTTP/1.1" 200 59572 "-" "Mozilla/5.0 AppleWebKit/537.36 (KHTML, like Gecko; compatible; bingbot/2.0; +http://www.bing.com/bingbot.htm) Chrome/116.0.1938.76 Safari/537.36"
216.73.216.32 - - [25/Aug/2026:17:36:18 +0500] "GET /?%60=a3n3t5i5m1a8s7o0n2r0y9 HTTP/1.1" 301 - "-" "Mozilla/5.0 AppleWebKit/537.36 (KHTML, like Gecko; compatible; ClaudeBot/1.0; +claudebot@anthropic.com)"
216.73.216.32 - - [25/Aug/2026:17:36:23 +0500] "GET /uz/?%60=a3n3t5i5m1a8s7o0n2r0y9 HTTP/1.1" 200 68446 "https://www.eskijuva-bozori.uz.uzbekgidroenergoqurilish.uz/?%60=a3n3t5i5m1a8s7o0n2r0y9" "Mozilla/5.0 AppleWebKit/537.36 (KHTML, like Gecko; compatible; ClaudeBot/1.0; +claudebot@anthropic.com)"
216.73.216.32 - - [25/Aug/2026:17:37:22 +0500] "GET /uz/shops/unacknowledged/r3u2i3n6i3n6g81367 HTTP/1.1" 508 288 "https://www.eskijuva-bozori.uz.uzbekgidroenergoqurilish.uz/shops/unacknowledged/r3u2i3n6i3n6g81367" "Mozilla/5.0 AppleWebKit/537.36 (KHTML, like Gecko; compatible; ClaudeBot/1.0; +claudebot@anthropic.com)"
216.73.216.32 - - [25/Aug/2026:17:37:17 +0500] "GET /shops/unacknowledged/r3u2i3n6i3n6g81367 HTTP/1.1" 301 - "-" "Mozilla/5.0 AppleWebKit/537.36 (KHTML, like Gecko; compatible; ClaudeBot/1.0; +claudebot@anthropic.com)"
216.73.216.32 - - [25/Aug/2026:17:37:45 +0500] "GET /?%60=k3n1o1w2i3t7a3l9l864 HTTP/1.1" 301 - "-" "Mozilla/5.0 AppleWebKit/537.36 (KHTML, like Gecko; compatible; ClaudeBot/1.0; +claudebot@anthropic.com)"
216.73.216.32 - - [25/Aug/2026:17:37:50 +0500] "GET /uz/?%60=k3n1o1w2i3t7a3l9l864 HTTP/1.1" 200 68444 "https://www.eskijuva-bozori.uz.uzbekgidroenergoqurilish.uz/?%60=k3n1o1w2i3t7a3l9l864" "Mozilla/5.0 AppleWebKit/537.36 (KHTML, like Gecko; compatible; ClaudeBot/1.0; +claudebot@anthropic.com)"
216.73.216.32 - - [25/Aug/2026:17:38:14 +0500] "GET /uz/?r=a9c4c1e0p9t4i0n0g44 HTTP/1.1" 508 288 "-" "Mozilla/5.0 AppleWebKit/537.36 (KHTML, like Gecko; compatible; ClaudeBot/1.0; +claudebot@anthropic.com)"
216.73.216.32 - - [25/Aug/2026:17:38:46 +0500] "GET /uz/?r=e9x3t7r6e3m2i3t7y235&start=36 HTTP/1.1" 200 70085 "-" "Mozilla/5.0 AppleWebKit/537.36 (KHTML, like Gecko; compatible; ClaudeBot/1.0; +claudebot@anthropic.com)"
216.73.216.32 - - [25/Aug/2026:17:39:16 +0500] "GET /uz/?r=e9x3t7r6e3m2i3t7y235&start=48 HTTP/1.1" 200 68912 "-" "Mozilla/5.0 AppleWebKit/537.36 (KHTML, like Gecko; compatible; ClaudeBot/1.0; +claudebot@anthropic.com)"
34.30.223.149 - - [25/Aug/2026:17:39:25 +0500] "GET /uz/component/search/?Itemid=175&format=opensearch&template=accessibility HTTP/1.1" 200 777 "-" "Mozilla/5.0 (Macintosh; Intel Mac OS X 10_15_7) AppleWebKit/537.36 (KHTML, like Gecko) Chrome/120.0.0.0 Safari/537.36"
192.178.6.99 - - [25/Aug/2026:17:39:52 +0500] "GET /docs/reports/2020/kpe-1-2020.doc HTTP/1.1" 200 43520 "-" "Mozilla/5.0 (Linux; Android 6.0.1; Nexus 5X Build/MMB29P) AppleWebKit/537.36 (KHTML, like Gecko) Chrome/151.0.7922.137 Mobile Safari/537.36 (compatible; Googlebot/2.1; +http://www.google.com/bot.html)"
216.73.216.32 - - [25/Aug/2026:17:39:53 +0500] "GET /ru/facts-rus/398-sush-fakt-06-14-09-2022-pdf HTTP/1.1" 200 56458 "-" "Mozilla/5.0 AppleWebKit/537.36 (KHTML, like Gecko; compatible; ClaudeBot/1.0; +claudebot@anthropic.com)"
34.56.53.225 - - [25/Aug/2026:17:39:53 +0500] "GET /uz/korp-upr-uzb/429-corp-upr-rating-2023 HTTP/1.1" 200 56406 "-" "Mozilla/5.0 (Macintosh; Intel Mac OS X 10_15_7) AppleWebKit/537.36 (KHTML, like Gecko) Chrome/120.0.0.0 Safari/537.36"
40.77.167.25 - - [25/Aug/2026:17:40:16 +0500] "GET /docs/2026/balans-6-2026-ej.pdf HTTP/1.1" 200 119319 "-" "Mozilla/5.0 AppleWebKit/537.36 (KHTML, like Gecko; compatible; bingbot/2.0; +http://www.bing.com/bingbot.htm) Chrome/116.0.1938.76 Safari/537.36"
216.73.216.32 - - [25/Aug/2026:17:40:15 +0500] "GET /shops/unpoison/s3p2i6c7i2e9s0t9472 HTTP/1.1" 301 - "-" "Mozilla/5.0 AppleWebKit/537.36 (KHTML, like Gecko; compatible; ClaudeBot/1.0; +claudebot@anthropic.com)"
216.73.216.32 - - [25/Aug/2026:17:40:19 +0500] "GET /uz/shops/unpoison/s3p2i6c7i2e9s0t9472 HTTP/1.1" 404 1248 "https://www.eskijuva-bozori.uz.uzbekgidroenergoqurilish.uz/shops/unpoison/s3p2i6c7i2e9s0t9472" "Mozilla/5.0 AppleWebKit/537.36 (KHTML, like Gecko; compatible; ClaudeBot/1.0; +claudebot@anthropic.com)"
216.73.216.32 - - [25/Aug/2026:17:40:51 +0500] "GET /uz/?format=feed&r=a4s3p6e6r6g4i5l1l5u3s&type=rss HTTP/1.1" 200 6203 "-" "Mozilla/5.0 AppleWebKit/537.36 (KHTML, like Gecko; compatible; ClaudeBot/1.0; +claudebot@anthropic.com)"
216.73.216.32 - - [25/Aug/2026:17:41:30 +0500] "GET /brevet/rebeck/32534495905 HTTP/1.1" 301 - "-" "Mozilla/5.0 AppleWebKit/537.36 (KHTML, like Gecko; compatible; ClaudeBot/1.0; +claudebot@anthropic.com)"
216.73.216.32 - - [25/Aug/2026:17:41:34 +0500] "GET /uz/brevet/rebeck/32534495905 HTTP/1.1" 404 1248 "https://www.eskijuva-bozori.uz.uzbekgidroenergoqurilish.uz/brevet/rebeck/32534495905" "Mozilla/5.0 AppleWebKit/537.36 (KHTML, like Gecko; compatible; ClaudeBot/1.0; +claudebot@anthropic.com)"
216.73.216.32 - - [25/Aug/2026:17:41:42 +0500] "GET /uz/?format=feed&r=a4s3p6e6r6g4i5l1l5u3s&type=atom HTTP/1.1" 200 9468 "-" "Mozilla/5.0 AppleWebKit/537.36 (KHTML, like Gecko; compatible; ClaudeBot/1.0; +claudebot@anthropic.com)"
216.73.216.32 - - [25/Aug/2026:17:41:47 +0500] "GET /uz/?r=j9a1c1k8p1u1d3d2i5n2g7&start=12 HTTP/1.1" 200 68665 "-" "Mozilla/5.0 AppleWebKit/537.36 (KHTML, like Gecko; compatible; ClaudeBot/1.0; +claudebot@anthropic.com)"
216.73.216.32 - - [25/Aug/2026:17:41:53 +0500] "GET /shops/ungenerous/r3i1x6a6t8i8o6n784 HTTP/1.1" 301 - "-" "Mozilla/5.0 AppleWebKit/537.36 (KHTML, like Gecko; compatible; ClaudeBot/1.0; +claudebot@anthropic.com)"
216.73.216.32 - - [25/Aug/2026:17:41:57 +0500] "GET /uz/shops/ungenerous/r3i1x6a6t8i8o6n784 HTTP/1.1" 404 1248 "https://www.eskijuva-bozori.uz.uzbekgidroenergoqurilish.uz/shops/ungenerous/r3i1x6a6t8i8o6n784" "Mozilla/5.0 AppleWebKit/537.36 (KHTML, like Gecko; compatible; ClaudeBot/1.0; +claudebot@anthropic.com)"
185.191.171.3 - - [25/Aug/2026:17:42:02 +0500] "GET /uz/news-uzb?start=28&template=accessibility HTTP/1.1" 200 36428 "-" "Mozilla/5.0 (compatible; SemrushBot/7~bl; +http://www.semrush.com/bot.html)"
216.73.216.32 - - [25/Aug/2026:17:42:06 +0500] "GET /uz/?r=g9r1o8u1t7i5n7g1532&start=12 HTTP/1.1" 200 68662 "-" "Mozilla/5.0 AppleWebKit/537.36 (KHTML, like Gecko; compatible; ClaudeBot/1.0; +claudebot@anthropic.com)"
216.73.216.32 - - [25/Aug/2026:17:42:11 +0500] "GET /uz/?r=g9r1o8u1t7i5n7g1532&start=28 HTTP/1.1" 200 68654 "-" "Mozilla/5.0 AppleWebKit/537.36 (KHTML, like Gecko; compatible; ClaudeBot/1.0; +claudebot@anthropic.com)"
216.73.216.32 - - [25/Aug/2026:17:42:18 +0500] "GET /uz/?%60=l3i1p7o6g2r9a5m1m6a4t0ic&start=16 HTTP/1.1" 200 68164 "-" "Mozilla/5.0 AppleWebKit/537.36 (KHTML, like Gecko; compatible; ClaudeBot/1.0; +claudebot@anthropic.com)"
34.56.53.225 - - [25/Aug/2026:17:42:21 +0500] "GET /ru/news-rus/375-meeting-31-03-2022-en HTTP/1.1" 200 57564 "-" "Mozilla/5.0 (Macintosh; Intel Mac OS X 10_15_7) AppleWebKit/537.36 (KHTML, like Gecko) Chrome/120.0.0.0 Safari/537.36"
192.178.6.100 - - [25/Aug/2026:17:42:34 +0500] "GET /uz/votes-uzb/340-poll-02-04-2021 HTTP/1.1" 200 200370 "-" "Mozilla/5.0 (Linux; Android 6.0.1; Nexus 5X Build/MMB29P) AppleWebKit/537.36 (KHTML, like Gecko) Chrome/151.0.7922.137 Mobile Safari/537.36 (compatible; Googlebot/2.1; +http://www.google.com/bot.html)"
136.119.35.120 - - [25/Aug/2026:17:42:42 +0500] "GET /ru/about-org-rus/indexes-rus/435-reports-2024-ru HTTP/1.1" 200 56789 "-" "Mozilla/5.0 (Macintosh; Intel Mac OS X 10_15_7) AppleWebKit/537.36 (KHTML, like Gecko) Chrome/120.0.0.0 Safari/537.36"
185.191.171.1 - - [25/Aug/2026:17:42:43 +0500] "GET /uz/info-for-shareholders-uzb?start=20&template=yoo_master2 HTTP/1.1" 200 60839 "-" "Mozilla/5.0 (compatible; SemrushBot/7~bl; +http://www.semrush.com/bot.html)"
34.123.149.87 - - [25/Aug/2026:17:44:15 +0500] "GET /uz/korp-upr-uzb/429-corp-upr-rating-2023 HTTP/1.1" 200 55972 "-" "Mozilla/5.0 (Macintosh; Intel Mac OS X 10_15_7) AppleWebKit/537.36 (KHTML, like Gecko) Chrome/120.0.0.0 Safari/537.36"
185.191.171.10 - - [25/Aug/2026:17:44:34 +0500] "GET /robots.txt HTTP/1.1" 200 111 "-" "Mozilla/5.0 (compatible; SemrushBot/7~bl; +http://www.semrush.com/bot.html)"
85.208.96.211 - - [25/Aug/2026:17:44:35 +0500] "GET /uz/facts-uzb/400-sush-fakt-36-14-09-2022-ns-pdf HTTP/1.1" 200 57059 "-" "Mozilla/5.0 (compatible; SemrushBot/7~bl; +http://www.semrush.com/bot.html)"
216.73.216.32 - - [25/Aug/2026:17:44:54 +0500] "GET /ru/votes-rus?format=feed&type=rss HTTP/1.1" 200 8781 "-" "Mozilla/5.0 AppleWebKit/537.36 (KHTML, like Gecko; compatible; ClaudeBot/1.0; +claudebot@anthropic.com)"
44.195.50.71 - - [25/Aug/2026:17:45:37 +0500] "GET /uz/?r=w9e2e9k3w2a4m72867&start=12 HTTP/1.1" 200 68472 "-" "Mozilla/5.0 AppleWebKit/537.36 (KHTML, like Gecko; compatible; Amazonbot/0.1; +https://developer.amazon.com/support/amazonbot) Chrome/119.0.6045.214 Safari/537.36"
216.73.216.32 - - [25/Aug/2026:17:45:41 +0500] "GET /sitemap.xml HTTP/1.1" 200 425826 "-" "Mozilla/5.0 AppleWebKit/537.36 (KHTML, like Gecko; compatible; ClaudeBot/1.0; +claudebot@anthropic.com)"
185.191.171.9 - - [25/Aug/2026:17:45:45 +0500] "GET /uz/dividends-uzb?start=4&template=yoo_master2 HTTP/1.1" 200 59955 "-" "Mozilla/5.0 (compatible; SemrushBot/7~bl; +http://www.semrush.com/bot.html)"
216.73.216.32 - - [25/Aug/2026:17:45:50 +0500] "GET /Windows/win.ini&NewWebClient=1 HTTP/1.1" 301 - "-" "Mozilla/5.0 AppleWebKit/537.36 (KHTML, like Gecko; compatible; ClaudeBot/1.0; +claudebot@anthropic.com)"
216.73.216.32 - - [25/Aug/2026:17:45:54 +0500] "GET /uz/Windows/win.ini&NewWebClient=1 HTTP/1.1" 404 1248 "https://www.eskijuva-bozori.uz.uzbekgidroenergoqurilish.uz/Windows/win.ini&NewWebClient=1" "Mozilla/5.0 AppleWebKit/537.36 (KHTML, like Gecko; compatible; ClaudeBot/1.0; +claudebot@anthropic.com)"
34.123.149.87 - - [25/Aug/2026:17:46:04 +0500] "GET /ru/officially-rus/norm-baza-rus?template=accessibility HTTP/1.1" 200 28900 "-" "Mozilla/5.0 (Macintosh; Intel Mac OS X 10_15_7) AppleWebKit/537.36 (KHTML, like Gecko) Chrome/120.0.0.0 Safari/537.36"
85.208.96.209 - - [25/Aug/2026:17:46:20 +0500] "GET /robots.txt HTTP/1.1" 200 111 "-" "Mozilla/5.0 (compatible; SemrushBot/7~bl; +http://www.semrush.com/bot.html)"
85.208.96.210 - - [25/Aug/2026:17:46:21 +0500] "GET /uz/?function=call_user_func_array&s=index%2Fthink%5C%5C%5C%5C%5C%5C%5C%5C%5C%5C%5C%5C%5C%5C%5C%5C%5C%5C%5C%5C%5C%5C%5C%5C%5C%5C%5C%5C%5C%5C%5C%5Capp%2Finvokefunction&start=28&vars%5B0%5D=phpinfo&vars%5B1%5D%5B0%5D=1 HTTP/1.1" 508 288 "-" "Mozilla/5.0 (compatible; SemrushBot/7~bl; +http://www.semrush.com/bot.html)"
34.171.68.95 - - [25/Aug/2026:17:46:28 +0500] "GET /uz/component/search/?Itemid=175&format=opensearch&template=accessibility HTTP/1.1" 200 762 "-" "Mozilla/5.0 (Macintosh; Intel Mac OS X 10_15_7) AppleWebKit/537.36 (KHTML, like Gecko) Chrome/120.0.0.0 Safari/537.36"
85.208.96.193 - - [25/Aug/2026:17:47:00 +0500] "GET /uz/?author=16&start=12 HTTP/1.1" 200 68650 "-" "Mozilla/5.0 (compatible; SemrushBot/7~bl; +http://www.semrush.com/bot.html)"
216.73.216.32 - - [25/Aug/2026:17:47:15 +0500] "GET /ru/facts-rus?start=10&template=accessibility HTTP/1.1" 200 37772 "-" "Mozilla/5.0 AppleWebKit/537.36 (KHTML, like Gecko; compatible; ClaudeBot/1.0; +claudebot@anthropic.com)"
216.73.216.32 - - [25/Aug/2026:17:47:23 +0500] "GET /uz/?ismobile=1&start=24 HTTP/1.1" 200 35646 "-" "Mozilla/5.0 AppleWebKit/537.36 (KHTML, like Gecko; compatible; ClaudeBot/1.0; +claudebot@anthropic.com)"
216.73.216.32 - - [25/Aug/2026:17:47:30 +0500] "GET /ru/component/search/?Itemid=136&format=opensearch HTTP/1.1" 200 830 "-" "Mozilla/5.0 AppleWebKit/537.36 (KHTML, like Gecko; compatible; ClaudeBot/1.0; +claudebot@anthropic.com)"
216.73.216.32 - - [25/Aug/2026:17:47:38 +0500] "GET /uz/?author=19&start=40 HTTP/1.1" 200 68853 "-" "Mozilla/5.0 AppleWebKit/537.36 (KHTML, like Gecko; compatible; ClaudeBot/1.0; +claudebot@anthropic.com)"
216.73.216.32 - - [25/Aug/2026:17:47:55 +0500] "GET /uz/?author=19&start=32 HTTP/1.1" 200 68325 "-" "Mozilla/5.0 AppleWebKit/537.36 (KHTML, like Gecko; compatible; ClaudeBot/1.0; +claudebot@anthropic.com)"
216.73.216.32 - - [25/Aug/2026:17:48:08 +0500] "GET /uz/?ismobile=1%27&start=12 HTTP/1.1" 200 68654 "-" "Mozilla/5.0 AppleWebKit/537.36 (KHTML, like Gecko; compatible; ClaudeBot/1.0; +claudebot@anthropic.com)"
216.73.216.32 - - [25/Aug/2026:17:48:17 +0500] "GET /uz/?ismobile=1%27&start=8 HTTP/1.1" 200 67846 "-" "Mozilla/5.0 AppleWebKit/537.36 (KHTML, like Gecko; compatible; ClaudeBot/1.0; +claudebot@anthropic.com)"
185.191.171.4 - - [25/Aug/2026:17:48:23 +0500] "GET /ru/korp-upr-rus/314-corp-upr-rating-2019 HTTP/1.1" 200 55259 "-" "Mozilla/5.0 (compatible; SemrushBot/7~bl; +http://www.semrush.com/bot.html)"
34.10.180.98 - - [25/Aug/2026:17:48:42 +0500] "GET /ru/officially-rus/old-acts-rus?template=accessibility HTTP/1.1" 200 28768 "-" "Mozilla/5.0 (Macintosh; Intel Mac OS X 10_15_7) AppleWebKit/537.36 (KHTML, like Gecko) Chrome/120.0.0.0 Safari/537.36"
216.73.216.32 - - [25/Aug/2026:17:48:46 +0500] "GET /ru/facts-rus/141-08-fact-15-11-16 HTTP/1.1" 200 62594 "-" "Mozilla/5.0 AppleWebKit/537.36 (KHTML, like Gecko; compatible; ClaudeBot/1.0; +claudebot@anthropic.com)"
216.73.216.32 - - [25/Aug/2026:17:48:54 +0500] "GET /ru/about-org-rus/strategy-rus/9-russian?start=20 HTTP/1.1" 200 65332 "-" "Mozilla/5.0 AppleWebKit/537.36 (KHTML, like Gecko; compatible; ClaudeBot/1.0; +claudebot@anthropic.com)"
216.73.216.32 - - [25/Aug/2026:17:49:04 +0500] "GET /uz/component/search/?Itemid=175&format=opensearch&id=16 HTTP/1.1" 200 839 "-" "Mozilla/5.0 AppleWebKit/537.36 (KHTML, like Gecko; compatible; ClaudeBot/1.0; +claudebot@anthropic.com)"
216.73.216.32 - - [25/Aug/2026:17:49:10 +0500] "GET /ru/about-org-rus/strategy-rus/9-russian?start=30 HTTP/1.1" 200 65204 "-" "Mozilla/5.0 AppleWebKit/537.36 (KHTML, like Gecko; compatible; ClaudeBot/1.0; +claudebot@anthropic.com)"
34.57.162.91 - - [25/Aug/2026:17:49:44 +0500] "GET /uz/about-org-uzb/strategy-uzb/323-bussiness-plan-2021-uzb-2 HTTP/1.1" 508 288 "-" "Mozilla/5.0 (Macintosh; Intel Mac OS X 10_15_7) AppleWebKit/537.36 (KHTML, like Gecko) Chrome/120.0.0.0 Safari/537.36"
18.214.124.6 - - [25/Aug/2026:17:50:45 +0500] "GET /uz/18-uzbek/shareholders-uzb?format=feed&type=rss HTTP/1.1" 508 288 "-" "Mozilla/5.0 AppleWebKit/537.36 (KHTML, like Gecko; compatible; Amazonbot/0.1; +https://developer.amazon.com/support/amazonbot) Chrome/119.0.6045.214 Safari/537.36"
85.208.96.209 - - [25/Aug/2026:17:51:04 +0500] "GET /ru/info-for-shareholders-rus/322-kpe-3-2020 HTTP/1.1" 200 55711 "-" "Mozilla/5.0 (compatible; SemrushBot/7~bl; +http://www.semrush.com/bot.html)"
35.171.117.160 - - [25/Aug/2026:17:51:12 +0500] "GET /uz/?r=p4o8i5n2t8r3e6l905&start=40 HTTP/1.1" 200 68675 "-" "Mozilla/5.0 AppleWebKit/537.36 (KHTML, like Gecko; compatible; Amazonbot/0.1; +https://developer.amazon.com/support/amazonbot) Chrome/119.0.6045.214 Safari/537.36"
34.30.223.149 - - [25/Aug/2026:17:52:01 +0500] "GET /ru/audit-rus/117-audit-2015-rus HTTP/1.1" 200 54726 "-" "Mozilla/5.0 (Macintosh; Intel Mac OS X 10_15_7) AppleWebKit/537.36 (KHTML, like Gecko) Chrome/120.0.0.0 Safari/537.36"
34.61.96.6 - - [25/Aug/2026:17:53:02 +0500] "GET /uz/officially-uzb/vacancies-uzb?template=accessibility HTTP/1.1" 200 29724 "-" "Mozilla/5.0 (Macintosh; Intel Mac OS X 10_15_7) AppleWebKit/537.36 (KHTML, like Gecko) Chrome/120.0.0.0 Safari/537.36"
85.208.96.207 - - [25/Aug/2026:17:53:37 +0500] "GET /uz/?amp%3Bstart=48&vars%5B1%5D%5B0%5D=1 HTTP/1.1" 200 68298 "-" "Mozilla/5.0 (compatible; SemrushBot/7~bl; +http://www.semrush.com/bot.html)"
66.249.77.73 - - [25/Aug/2026:17:54:06 +0500] "GET /images/content/prospectus-30-03-09/02.jpg HTTP/1.1" 200 123291 "-" "Googlebot-Image/1.0"
34.30.223.149 - - [25/Aug/2026:17:54:37 +0500] "GET /ru/jsc-docs-rus/385-the-conflicts-of-interest HTTP/1.1" 200 54635 "-" "Mozilla/5.0 (Macintosh; Intel Mac OS X 10_15_7) AppleWebKit/537.36 (KHTML, like Gecko) Chrome/120.0.0.0 Safari/537.36"
34.10.180.98 - - [25/Aug/2026:17:54:41 +0500] "GET /uz/about-org-uzb/strategy-uzb?format=feed&type=atom HTTP/1.1" 200 12719 "-" "Mozilla/5.0 (Macintosh; Intel Mac OS X 10_15_7) AppleWebKit/537.36 (KHTML, like Gecko) Chrome/120.0.0.0 Safari/537.36"
34.10.180.98 - - [25/Aug/2026:17:55:07 +0500] "GET /ru/about-org-rus/history-rus?template=accessibility HTTP/1.1" 200 28207 "-" "Mozilla/5.0 (Macintosh; Intel Mac OS X 10_15_7) AppleWebKit/537.36 (KHTML, like Gecko) Chrome/120.0.0.0 Safari/537.36"
34.123.149.87 - - [25/Aug/2026:17:55:11 +0500] "GET /uz/about-org-uzb/strategy-uzb?format=feed&type=rss HTTP/1.1" 200 8869 "-" "Mozilla/5.0 (Macintosh; Intel Mac OS X 10_15_7) AppleWebKit/537.36 (KHTML, like Gecko) Chrome/120.0.0.0 Safari/537.36"
34.56.53.225 - - [25/Aug/2026:17:55:22 +0500] "GET /uz/about-org-uzb/indexes-uzb/362-fin-activity-report-2021-uzb HTTP/1.1" 200 56023 "-" "Mozilla/5.0 (Macintosh; Intel Mac OS X 10_15_7) AppleWebKit/537.36 (KHTML, like Gecko) Chrome/120.0.0.0 Safari/537.36"
216.73.216.108 - - [25/Aug/2026:17:55:51 +0500] "GET /robots.txt HTTP/1.1" 200 111 "-" "Mozilla/5.0 AppleWebKit/537.36 (KHTML, like Gecko; compatible; ClaudeBot/1.0; +claudebot@anthropic.com)"
85.208.96.211 - - [25/Aug/2026:17:55:49 +0500] "GET /ru/9-russian?start=48 HTTP/1.1" 200 69572 "-" "Mozilla/5.0 (compatible; SemrushBot/7~bl; +http://www.semrush.com/bot.html)"
216.73.216.108 - - [25/Aug/2026:17:55:53 +0500] "GET /peptotoxine/c9a1t7h0e1d7r0a6741 HTTP/1.1" 301 - "-" "Mozilla/5.0 AppleWebKit/537.36 (KHTML, like Gecko; compatible; ClaudeBot/1.0; +claudebot@anthropic.com)"
216.73.216.108 - - [25/Aug/2026:17:55:56 +0500] "GET /uz/peptotoxine/c9a1t7h0e1d7r0a6741 HTTP/1.1" 508 288 "https://eskijuva-bozori.uz/peptotoxine/c9a1t7h0e1d7r0a6741" "Mozilla/5.0 AppleWebKit/537.36 (KHTML, like Gecko; compatible; ClaudeBot/1.0; +claudebot@anthropic.com)"
216.73.216.108 - - [25/Aug/2026:17:55:58 +0500] "GET /sublunar/greasier/9727549268 HTTP/1.1" 508 288 "-" "Mozilla/5.0 AppleWebKit/537.36 (KHTML, like Gecko; compatible; ClaudeBot/1.0; +claudebot@anthropic.com)"
216.73.216.108 - - [25/Aug/2026:17:56:01 +0500] "GET /isagon/b9a1t8o2n0948221 HTTP/1.1" 508 288 "-" "Mozilla/5.0 AppleWebKit/537.36 (KHTML, like Gecko; compatible; ClaudeBot/1.0; +claudebot@anthropic.com)"
216.73.216.108 - - [25/Aug/2026:17:56:04 +0500] "GET /?r=t9h1e0r8m8o7g0e2n084 HTTP/1.1" 508 288 "-" "Mozilla/5.0 AppleWebKit/537.36 (KHTML, like Gecko; compatible; ClaudeBot/1.0; +claudebot@anthropic.com)"
135.181.213.219 - - [25/Aug/2026:17:56:13 +0500] "GET /robots.txt HTTP/1.1" 200 111 "-" "Mozilla/5.0 (compatible; MJ12bot/v1.4.8; http://mj12bot.com/)"
216.73.216.108 - - [25/Aug/2026:17:56:12 +0500] "GET /?r=e9l4e2c8t9r1o4s5c9o1p9ic HTTP/1.1" 301 - "-" "Mozilla/5.0 AppleWebKit/537.36 (KHTML, like Gecko; compatible; ClaudeBot/1.0; +claudebot@anthropic.com)"
216.73.216.108 - - [25/Aug/2026:17:56:16 +0500] "GET /uz/?r=e9l4e2c8t9r1o4s5c9o1p9ic HTTP/1.1" 200 68061 "https://eskijuva-bozori.uz/?r=e9l4e2c8t9r1o4s5c9o1p9ic" "Mozilla/5.0 AppleWebKit/537.36 (KHTML, like Gecko; compatible; ClaudeBot/1.0; +claudebot@anthropic.com)"
135.181.213.219 - - [25/Aug/2026:17:56:17 +0500] "GET /uz/?Command=NOOP&NewWebClient=1&start=4 HTTP/1.1" 200 68089 "-" "Mozilla/5.0 (compatible; MJ12bot/v1.4.8; http://mj12bot.com/)"
216.73.216.108 - - [25/Aug/2026:17:56:23 +0500] "GET /shops/unmanned/a9s1c5h5a0m878593 HTTP/1.1" 301 - "-" "Mozilla/5.0 AppleWebKit/537.36 (KHTML, like Gecko; compatible; ClaudeBot/1.0; +claudebot@anthropic.com)"
216.73.216.108 - - [25/Aug/2026:17:56:28 +0500] "GET /uz/shops/unmanned/a9s1c5h5a0m878593 HTTP/1.1" 404 1216 "https://eskijuva-bozori.uz/shops/unmanned/a9s1c5h5a0m878593" "Mozilla/5.0 AppleWebKit/537.36 (KHTML, like Gecko; compatible; ClaudeBot/1.0; +claudebot@anthropic.com)"
135.181.213.219 - - [25/Aug/2026:17:56:26 +0500] "GET /uz/?Command=NOOP&NewWebClient=1&start=8 HTTP/1.1" 200 67668 "-" "Mozilla/5.0 (compatible; MJ12bot/v1.4.8; http://mj12bot.com/)"
216.73.216.108 - - [25/Aug/2026:17:56:32 +0500] "GET /?r=f9o4s2s7o3r6i1a0113 HTTP/1.1" 301 - "-" "Mozilla/5.0 AppleWebKit/537.36 (KHTML, like Gecko; compatible; ClaudeBot/1.0; +claudebot@anthropic.com)"
216.73.216.108 - - [25/Aug/2026:17:56:36 +0500] "GET /uz/?r=f9o4s2s7o3r6i1a0113 HTTP/1.1" 200 68056 "https://eskijuva-bozori.uz/?r=f9o4s2s7o3r6i1a0113" "Mozilla/5.0 AppleWebKit/537.36 (KHTML, like Gecko; compatible; ClaudeBot/1.0; +claudebot@anthropic.com)"
135.181.213.219 - - [25/Aug/2026:17:56:35 +0500] "GET /uz/?amp;start=48&vars[1][0]=1 HTTP/1.1" 200 68092 "-" "Mozilla/5.0 (compatible; MJ12bot/v1.4.8; http://mj12bot.com/)"
216.73.216.108 - - [25/Aug/2026:17:56:41 +0500] "GET /?r=b9r1i4a4r4y143787 HTTP/1.1" 301 - "-" "Mozilla/5.0 AppleWebKit/537.36 (KHTML, like Gecko; compatible; ClaudeBot/1.0; +claudebot@anthropic.com)"
135.181.213.219 - - [25/Aug/2026:17:56:44 +0500] "GET /uz/?amp;start=48&vars[1][0]=1&format=feed&type=atom HTTP/1.1" 200 8942 "-" "Mozilla/5.0 (compatible; MJ12bot/v1.4.8; http://mj12bot.com/)"
216.73.216.108 - - [25/Aug/2026:17:56:47 +0500] "GET /uz/?r=b9r1i4a4r4y143787 HTTP/1.1" 200 68054 "https://eskijuva-bozori.uz/?r=b9r1i4a4r4y143787" "Mozilla/5.0 AppleWebKit/537.36 (KHTML, like Gecko; compatible; ClaudeBot/1.0; +claudebot@anthropic.com)"
136.119.35.120 - - [25/Aug/2026:17:56:51 +0500] "GET /ru/dividends-rus/452-dividend-2024-offer HTTP/1.1" 200 56474 "-" "Mozilla/5.0 (Macintosh; Intel Mac OS X 10_15_7) AppleWebKit/537.36 (KHTML, like Gecko) Chrome/120.0.0.0 Safari/537.36"
135.181.213.219 - - [25/Aug/2026:17:56:52 +0500] "GET /uz/?amp;start=48&vars[1][0]=1&format=feed&type=rss HTTP/1.1" 200 5817 "-" "Mozilla/5.0 (compatible; MJ12bot/v1.4.8; http://mj12bot.com/)"
216.73.216.108 - - [25/Aug/2026:17:56:53 +0500] "GET /shops/oosporangia/w9e3e4t8w2e4e0t0225 HTTP/1.1" 301 - "-" "Mozilla/5.0 AppleWebKit/537.36 (KHTML, like Gecko; compatible; ClaudeBot/1.0; +claudebot@anthropic.com)"
216.73.216.108 - - [25/Aug/2026:17:56:57 +0500] "GET /uz/shops/oosporangia/w9e3e4t8w2e4e0t0225 HTTP/1.1" 404 1216 "https://eskijuva-bozori.uz/shops/oosporangia/w9e3e4t8w2e4e0t0225" "Mozilla/5.0 AppleWebKit/537.36 (KHTML, like Gecko; compatible; ClaudeBot/1.0; +claudebot@anthropic.com)"
135.181.213.219 - - [25/Aug/2026:17:56:59 +0500] "GET /uz/?amp;start=48&vars[1][0]=1&start=28 HTTP/1.1" 200 68466 "-" "Mozilla/5.0 (compatible; MJ12bot/v1.4.8; http://mj12bot.com/)"
216.73.216.108 - - [25/Aug/2026:17:57:06 +0500] "GET /?r=l9e1t6h9a9l282559 HTTP/1.1" 301 - "-" "Mozilla/5.0 AppleWebKit/537.36 (KHTML, like Gecko; compatible; ClaudeBot/1.0; +claudebot@anthropic.com)"
216.73.216.108 - - [25/Aug/2026:17:57:11 +0500] "GET /uz/?r=l9e1t6h9a9l282559 HTTP/1.1" 508 288 "https://eskijuva-bozori.uz/?r=l9e1t6h9a9l282559" "Mozilla/5.0 AppleWebKit/537.36 (KHTML, like Gecko; compatible; ClaudeBot/1.0; +claudebot@anthropic.com)"
216.73.216.108 - - [25/Aug/2026:17:57:12 +0500] "GET /?r=u9n3d1e8r6n9i6c2e3n3e9ss HTTP/1.1" 508 288 "-" "Mozilla/5.0 AppleWebKit/537.36 (KHTML, like Gecko; compatible; ClaudeBot/1.0; +claudebot@anthropic.com)"
135.181.213.219 - - [25/Aug/2026:17:57:07 +0500] "GET /uz/?amp;start=48&vars[1][0]=1&start=32 HTTP/1.1" 200 68149 "-" "Mozilla/5.0 (compatible; MJ12bot/v1.4.8; http://mj12bot.com/)"
216.73.216.108 - - [25/Aug/2026:17:57:17 +0500] "GET /?r=n9e2p9h1r6i3t2i9s912 HTTP/1.1" 301 - "-" "Mozilla/5.0 AppleWebKit/537.36 (KHTML, like Gecko; compatible; ClaudeBot/1.0; +claudebot@anthropic.com)"
135.181.213.219 - - [25/Aug/2026:17:57:16 +0500] "GET /uz/?amp;start=48&vars[1][0]=1&start=36 HTTP/1.1" 200 69812 "-" "Mozilla/5.0 (compatible; MJ12bot/v1.4.8; http://mj12bot.com/)"
216.73.216.108 - - [25/Aug/2026:17:57:23 +0500] "GET /uz/?r=n9e2p9h1r6i3t2i9s912 HTTP/1.1" 508 288 "https://eskijuva-bozori.uz/?r=n9e2p9h1r6i3t2i9s912" "Mozilla/5.0 AppleWebKit/537.36 (KHTML, like Gecko; compatible; ClaudeBot/1.0; +claudebot@anthropic.com)"
216.73.216.108 - - [25/Aug/2026:17:57:25 +0500] "GET /?r=i9m2a6g9i9n9a0t8e957 HTTP/1.1" 508 288 "-" "Mozilla/5.0 AppleWebKit/537.36 (KHTML, like Gecko; compatible; ClaudeBot/1.0; +claudebot@anthropic.com)"
135.181.213.219 - - [25/Aug/2026:17:57:26 +0500] "GET /uz/?amp;start=48&vars[1][0]=1&start=44 HTTP/1.1" 200 69633 "-" "Mozilla/5.0 (compatible; MJ12bot/v1.4.8; http://mj12bot.com/)"
135.181.213.219 - - [25/Aug/2026:17:57:37 +0500] "GET /uz/?amp;start=48&vars[1][0]=1&start=48 HTTP/1.1" 200 68805 "-" "Mozilla/5.0 (compatible; MJ12bot/v1.4.8; http://mj12bot.com/)"
216.73.216.108 - - [25/Aug/2026:17:57:42 +0500] "GET /?r=i9m1p1e3r4d3i1b0i7l4i8ty HTTP/1.1" 301 - "-" "Mozilla/5.0 AppleWebKit/537.36 (KHTML, like Gecko; compatible; ClaudeBot/1.0; +claudebot@anthropic.com)"
135.181.213.219 - - [25/Aug/2026:17:57:47 +0500] "GET /uz/?amp;start=48&vars[1][0]=1&start=52 HTTP/1.1" 508 288 "-" "Mozilla/5.0 (compatible; MJ12bot/v1.4.8; http://mj12bot.com/)"
216.73.216.108 - - [25/Aug/2026:17:58:06 +0500] "GET /shops/orthodontia/i9n1k2h4o8r0n1i0s9m17 HTTP/1.1" 301 - "-" "Mozilla/5.0 AppleWebKit/537.36 (KHTML, like Gecko; compatible; ClaudeBot/1.0; +claudebot@anthropic.com)"
216.73.216.108 - - [25/Aug/2026:17:58:10 +0500] "GET /shops/tetradactyl/s9u3l8p5h5u8r27970 HTTP/1.1" 301 - "-" "Mozilla/5.0 AppleWebKit/537.36 (KHTML, like Gecko; compatible; ClaudeBot/1.0; +claudebot@anthropic.com)"
216.73.216.108 - - [25/Aug/2026:17:58:16 +0500] "GET /barkaumnggostoora/cerasin/t9h3y7m6i4f6o1l2i8a57 HTTP/1.1" 301 - "-" "Mozilla/5.0 AppleWebKit/537.36 (KHTML, like Gecko; compatible; ClaudeBot/1.0; +claudebot@anthropic.com)"
216.73.216.108 - - [25/Aug/2026:17:58:17 +0500] "GET /uz/shops/tetradactyl/s9u3l8p5h5u8r27970 HTTP/1.1" 404 1216 "https://eskijuva-bozori.uz/shops/tetradactyl/s9u3l8p5h5u8r27970" "Mozilla/5.0 AppleWebKit/537.36 (KHTML, like Gecko; compatible; ClaudeBot/1.0; +claudebot@anthropic.com)"
34.10.180.98 - - [25/Aug/2026:17:58:17 +0500] "GET /uz/events-uzb/76-extra-meeting HTTP/1.1" 200 61139 "-" "Mozilla/5.0 (Macintosh; Intel Mac OS X 10_15_7) AppleWebKit/537.36 (KHTML, like Gecko) Chrome/120.0.0.0 Safari/537.36"
135.181.213.219 - - [25/Aug/2026:17:59:28 +0500] "GET /uz/?r=p9o3l1y2s8t5o0m9e78&start=12 HTTP/1.1" 200 68128 "-" "Mozilla/5.0 (compatible; MJ12bot/v1.4.8; http://mj12bot.com/)"
135.181.213.219 - - [25/Aug/2026:17:59:37 +0500] "GET /uz/?r=p9o3l1y2s8t5o0m9e78&start=16 HTTP/1.1" 200 67599 "-" "Mozilla/5.0 (compatible; MJ12bot/v1.4.8; http://mj12bot.com/)"
135.181.213.219 - - [25/Aug/2026:17:59:46 +0500] "GET /uz/?r=p9o3l1y2s8t5o0m9e78&start=20 HTTP/1.1" 200 68104 "-" "Mozilla/5.0 (compatible; MJ12bot/v1.4.8; http://mj12bot.com/)"
34.10.180.98 - - [25/Aug/2026:17:59:54 +0500] "GET /uz/dividends-uzb?format=feed&type=atom HTTP/1.1" 200 3933 "-" "Mozilla/5.0 (Macintosh; Intel Mac OS X 10_15_7) AppleWebKit/537.36 (KHTML, like Gecko) Chrome/120.0.0.0 Safari/537.36"
135.181.213.219 - - [25/Aug/2026:17:59:56 +0500] "GET /uz/?r=p9o3l1y2s8t5o0m9e78&start=4 HTTP/1.1" 200 68079 "-" "Mozilla/5.0 (compatible; MJ12bot/v1.4.8; http://mj12bot.com/)"
135.181.213.219 - - [25/Aug/2026:18:00:04 +0500] "GET /uz/?r=p9o3l1y2s8t5o0m9e78&start=52 HTTP/1.1" 200 69067 "-" "Mozilla/5.0 (compatible; MJ12bot/v1.4.8; http://mj12bot.com/)"
34.123.149.87 - - [25/Aug/2026:18:00:15 +0500] "GET /docs/2026/ustav-2026.pdf HTTP/1.1" 200 1664945 "-" "Mozilla/5.0 (Macintosh; Intel Mac OS X 10_15_7) AppleWebKit/537.36 (KHTML, like Gecko) Chrome/120.0.0.0 Safari/537.36"
135.181.213.219 - - [25/Aug/2026:18:00:13 +0500] "GET /uz/?r=v4a1s5o4i1n9h0i0b9i2t8ory HTTP/1.1" 200 68349 "-" "Mozilla/5.0 (compatible; MJ12bot/v1.4.8; http://mj12bot.com/)"
135.181.213.219 - - [25/Aug/2026:18:00:21 +0500] "GET /uz/?r=v4a1s5o4i1n9h0i0b9i2t8ory&format=feed&type=atom HTTP/1.1" 200 8940 "-" "Mozilla/5.0 (compatible; MJ12bot/v1.4.8; http://mj12bot.com/)"
135.181.213.219 - - [25/Aug/2026:18:00:28 +0500] "GET /uz/?r=v4a1s5o4i1n9h0i0b9i2t8ory&format=feed&type=rss HTTP/1.1" 508 288 "-" "Mozilla/5.0 (compatible; MJ12bot/v1.4.8; http://mj12bot.com/)"
135.181.213.219 - - [25/Aug/2026:18:00:32 +0500] "GET /uz/?r=v4a1s5o4i1n9h0i0b9i2t8ory&start=12 HTTP/1.1" 200 68377 "-" "Mozilla/5.0 (compatible; MJ12bot/v1.4.8; http://mj12bot.com/)"
135.181.213.219 - - [25/Aug/2026:18:00:41 +0500] "GET /uz/?r=v4a1s5o4i1n9h0i0b9i2t8ory&start=16 HTTP/1.1" 200 67605 "-" "Mozilla/5.0 (compatible; MJ12bot/v1.4.8; http://mj12bot.com/)"
135.181.213.219 - - [25/Aug/2026:18:00:51 +0500] "GET /uz/?r=v4a1s5o4i1n9h0i0b9i2t8ory&start=52 HTTP/1.1" 508 288 "-" "Mozilla/5.0 (compatible; MJ12bot/v1.4.8; http://mj12bot.com/)"
135.181.213.219 - - [25/Aug/2026:18:00:55 +0500] "GET /uz/?r=v4a1s5o4i1n9h0i0b9i2t8ory&start=8 HTTP/1.1" 200 67494 "-" "Mozilla/5.0 (compatible; MJ12bot/v1.4.8; http://mj12bot.com/)"
135.181.213.219 - - [25/Aug/2026:18:01:04 +0500] "GET /uz/?start=24 HTTP/1.1" 508 288 "-" "Mozilla/5.0 (compatible; MJ12bot/v1.4.8; http://mj12bot.com/)"
34.123.149.87 - - [25/Aug/2026:18:00:59 +0500] "GET /ru/dividends-rus HTTP/1.1" 200 58020 "-" "Mozilla/5.0 (Macintosh; Intel Mac OS X 10_15_7) AppleWebKit/537.36 (KHTML, like Gecko) Chrome/120.0.0.0 Safari/537.36"
34.123.149.87 - - [25/Aug/2026:18:01:06 +0500] "GET /docs/anketa.doc HTTP/1.1" 200 35328 "-" "Mozilla/5.0 (Macintosh; Intel Mac OS X 10_15_7) AppleWebKit/537.36 (KHTML, like Gecko) Chrome/120.0.0.0 Safari/537.36"
34.171.68.95 - - [25/Aug/2026:18:01:04 +0500] "GET /ru/audit-rus/311-audit-2019-rus HTTP/1.1" 200 55740 "-" "Mozilla/5.0 (Macintosh; Intel Mac OS X 10_15_7) AppleWebKit/537.36 (KHTML, like Gecko) Chrome/120.0.0.0 Safari/537.36"
34.10.180.98 - - [25/Aug/2026:18:03:06 +0500] "GET /uz/info-for-shareholders-uzb/350-kpe-3-2021 HTTP/1.1" 508 288 "-" "Mozilla/5.0 (Macintosh; Intel Mac OS X 10_15_7) AppleWebKit/537.36 (KHTML, like Gecko) Chrome/120.0.0.0 Safari/537.36"
34.171.68.95 - - [25/Aug/2026:18:03:18 +0500] "GET /uz/news-uzb?format=feed&template=accessibility&type=rss HTTP/1.1" 200 5356 "-" "Mozilla/5.0 (Macintosh; Intel Mac OS X 10_15_7) AppleWebKit/537.36 (KHTML, like Gecko) Chrome/120.0.0.0 Safari/537.36"
185.191.171.15 - - [25/Aug/2026:18:04:32 +0500] "GET /ru/audit-rus/9-russian?start=10 HTTP/1.1" 200 66038 "-" "Mozilla/5.0 (compatible; SemrushBot/7~bl; +http://www.semrush.com/bot.html)"
185.191.171.17 - - [25/Aug/2026:18:04:57 +0500] "GET /uz/?_cb=6689739457058942012&start=44 HTTP/1.1" 508 288 "-" "Mozilla/5.0 (compatible; SemrushBot/7~bl; +http://www.semrush.com/bot.html)"
34.123.149.87 - - [25/Aug/2026:18:05:52 +0500] "GET /uz/officially-uzb/tenders-uzb HTTP/1.1" 508 288 "-" "Mozilla/5.0 (Macintosh; Intel Mac OS X 10_15_7) AppleWebKit/537.36 (KHTML, like Gecko) Chrome/120.0.0.0 Safari/537.36"
34.10.180.98 - - [25/Aug/2026:18:05:59 +0500] "GET /uz/info-for-shareholders-uzb HTTP/1.1" 200 64427 "-" "Mozilla/5.0 (Macintosh; Intel Mac OS X 10_15_7) AppleWebKit/537.36 (KHTML, like Gecko) Chrome/120.0.0.0 Safari/537.36"
135.181.213.219 - - [25/Aug/2026:18:06:20 +0500] "GET /uz/news-uzb/351-meeting-31-03-2022 HTTP/1.1" 200 60601 "-" "Mozilla/5.0 (compatible; MJ12bot/v1.4.8; http://mj12bot.com/)"
85.208.96.196 - - [25/Aug/2026:18:06:31 +0500] "GET /ru/audit-rus/117-audit-2015-rus HTTP/1.1" 200 54610 "-" "Mozilla/5.0 (compatible; SemrushBot/7~bl; +http://www.semrush.com/bot.html)"
135.181.213.219 - - [25/Aug/2026:18:06:31 +0500] "GET /uz/news-uzb/396-news-09-06-2022 HTTP/1.1" 200 58559 "-" "Mozilla/5.0 (compatible; MJ12bot/v1.4.8; http://mj12bot.com/)"
135.181.213.219 - - [25/Aug/2026:18:06:42 +0500] "GET /uz/news-uzb/397-meeting-31-03-2023 HTTP/1.1" 508 288 "-" "Mozilla/5.0 (compatible; MJ12bot/v1.4.8; http://mj12bot.com/)"
159.203.178.156 - - [25/Aug/2026:18:06:43 +0500] "GET / HTTP/1.1" 401 53 "-" "Mozilla/5.0 (X11; Linux x86_64) AppleWebKit/537.36 (KHTML, like Gecko) Chrome/142.0.0.0 Safari/537.36"
159.203.178.156 - - [25/Aug/2026:18:06:48 +0500] "GET /favicon.ico HTTP/1.1" 401 53 "https://cpcalendars.eskijuva-bozori.uz/" "Mozilla/5.0 (X11; Linux x86_64) AppleWebKit/537.36 (KHTML, like Gecko) Chrome/142.0.0.0 Safari/537.36"
135.181.213.219 - - [25/Aug/2026:18:06:58 +0500] "GET /uz/news-uzb?start=12 HTTP/1.1" 200 61839 "-" "Mozilla/5.0 (compatible; MJ12bot/v1.4.8; http://mj12bot.com/)"
135.181.213.219 - - [25/Aug/2026:18:07:08 +0500] "GET /uz/news-uzb?start=28 HTTP/1.1" 200 63047 "-" "Mozilla/5.0 (compatible; MJ12bot/v1.4.8; http://mj12bot.com/)"
34.123.149.87 - - [25/Aug/2026:18:07:47 +0500] "GET /uz/audit-uzb?format=feed&template=yoo_master2&type=atom HTTP/1.1" 200 11691 "-" "Mozilla/5.0 (Macintosh; Intel Mac OS X 10_15_7) AppleWebKit/537.36 (KHTML, like Gecko) Chrome/120.0.0.0 Safari/537.36"
47.128.27.185 - - [25/Aug/2026:18:09:18 +0500] "GET /uz/?Command=NOOP&start=52 HTTP/1.1" 200 69057 "-" "Mozilla/5.0 (Linux; Android 5.0) AppleWebKit/537.36 (KHTML, like Gecko) Mobile Safari/537.36 (compatible; Bytespider; spider-feedback@bytedance.com)"
47.128.27.185 - - [25/Aug/2026:18:09:25 +0500] "GET /images/news/01.jpg HTTP/1.1" 206 500 "https://eskijuva-bozori.uz/uz/?Command=NOOP&start=52" "Mozilla/5.0 (Linux; Android 5.0) AppleWebKit/537.36 (KHTML, like Gecko) Mobile Safari/537.36 (compatible; Bytespider; spider-feedback@bytedance.com)"
47.128.27.185 - - [25/Aug/2026:18:09:25 +0500] "GET /images/news/04.jpg HTTP/1.1" 206 500 "https://eskijuva-bozori.uz/uz/?Command=NOOP&start=52" "Mozilla/5.0 (Linux; Android 5.0) AppleWebKit/537.36 (KHTML, like Gecko) Mobile Safari/537.36 (compatible; Bytespider; spider-feedback@bytedance.com)"
47.128.27.185 - - [25/Aug/2026:18:09:25 +0500] "GET /images/news/01.jpg HTTP/1.1" 304 - "https://eskijuva-bozori.uz/uz/?Command=NOOP&start=52" "Mozilla/5.0 (Linux; Android 5.0) AppleWebKit/537.36 (KHTML, like Gecko) Mobile Safari/537.36 (compatible; Bytespider; spider-feedback@bytedance.com)"
47.128.27.185 - - [25/Aug/2026:18:09:25 +0500] "GET /images/news/04.jpg HTTP/1.1" 304 - "https://eskijuva-bozori.uz/uz/?Command=NOOP&start=52" "Mozilla/5.0 (Linux; Android 5.0) AppleWebKit/537.36 (KHTML, like Gecko) Mobile Safari/537.36 (compatible; Bytespider; spider-feedback@bytedance.com)"
47.128.27.185 - - [25/Aug/2026:18:09:25 +0500] "GET /images/news/01.jpg HTTP/1.1" 206 3026 "https://eskijuva-bozori.uz/uz/?Command=NOOP&start=52" "Mozilla/5.0 (Linux; Android 5.0) AppleWebKit/537.36 (KHTML, like Gecko) Mobile Safari/537.36 (compatible; Bytespider; spider-feedback@bytedance.com)"
47.128.27.185 - - [25/Aug/2026:18:09:25 +0500] "GET /images/news/04.jpg HTTP/1.1" 206 19578 "https://eskijuva-bozori.uz/uz/?Command=NOOP&start=52" "Mozilla/5.0 (Linux; Android 5.0) AppleWebKit/537.36 (KHTML, like Gecko) Mobile Safari/537.36 (compatible; Bytespider; spider-feedback@bytedance.com)"
40.77.167.203 - - [25/Aug/2026:18:09:44 +0500] "GET /robots.txt HTTP/1.1" 200 111 "-" "Mozilla/5.0 AppleWebKit/537.36 (KHTML, like Gecko; compatible; bingbot/2.0; +http://www.bing.com/bingbot.htm) Chrome/116.0.1938.76 Safari/537.36"
52.167.144.227 - - [25/Aug/2026:18:09:56 +0500] "GET /uz/officially-uzb/ustav-uzb/495-ustav-2026-pdf HTTP/1.1" 200 209508 "-" "Mozilla/5.0 AppleWebKit/537.36 (KHTML, like Gecko; compatible; bingbot/2.0; +http://www.bing.com/bingbot.htm) Chrome/116.0.1938.76 Safari/537.36"
34.123.149.87 - - [25/Aug/2026:18:10:17 +0500] "GET /uz/audit-uzb?format=feed&template=accessibility&type=atom HTTP/1.1" 200 11458 "-" "Mozilla/5.0 (Macintosh; Intel Mac OS X 10_15_7) AppleWebKit/537.36 (KHTML, like Gecko) Chrome/120.0.0.0 Safari/537.36"
157.55.39.192 - - [25/Aug/2026:18:10:30 +0500] "GET /ctg/apiAllLCate/ HTTP/1.1" 508 288 "https://www.eskijuva-bozori.uz.uzbekgidroenergoqurilish.uz/uz/officially-uzb/ustav-uzb/495-ustav-2026-pdf" "Mozilla/5.0 AppleWebKit/537.36 (KHTML, like Gecko; compatible; bingbot/2.0; +http://www.bing.com/bingbot.htm) Chrome/136.0.0.0 Safari/537.36 AppleWebKit/537.36 (KHTML, like Gecko; compatible; bingbot/2.0; +http://www.bing.com/bingbot.htm) Chrome/116.0.1938.76 Safari/537.36"
207.46.13.150 - - [25/Aug/2026:18:10:26 +0500] "GET /resource/js/json/megadrop_2015new.json HTTP/1.1" 200 225164 "https://www.eskijuva-bozori.uz.uzbekgidroenergoqurilish.uz/uz/officially-uzb/ustav-uzb/495-ustav-2026-pdf" "Mozilla/5.0 AppleWebKit/537.36 (KHTML, like Gecko; compatible; bingbot/2.0; +http://www.bing.com/bingbot.htm) Chrome/136.0.0.0 Safari/537.36 AppleWebKit/537.36 (KHTML, like Gecko; compatible; bingbot/2.0; +http://www.bing.com/bingbot.htm) Chrome/116.0.1938.76 Safari/537.36"
207.46.13.150 - - [25/Aug/2026:18:10:34 +0500] "GET /odr/order/apiGetCartItems/ HTTP/1.1" 301 - "https://www.eskijuva-bozori.uz.uzbekgidroenergoqurilish.uz/uz/officially-uzb/ustav-uzb/495-ustav-2026-pdf" "Mozilla/5.0 AppleWebKit/537.36 (KHTML, like Gecko; compatible; bingbot/2.0; +http://www.bing.com/bingbot.htm) Chrome/136.0.0.0 Safari/537.36 AppleWebKit/537.36 (KHTML, like Gecko; compatible; bingbot/2.0; +http://www.bing.com/bingbot.htm) Chrome/116.0.1938.76 Safari/537.36"
34.10.180.98 - - [25/Aug/2026:18:10:34 +0500] "GET /uz/about-org-uzb/indexes-uzb/10-uzbek?format=feed&type=rss HTTP/1.1" 200 11267 "-" "Mozilla/5.0 (Macintosh; Intel Mac OS X 10_15_7) AppleWebKit/537.36 (KHTML, like Gecko) Chrome/120.0.0.0 Safari/537.36"
85.208.96.209 - - [25/Aug/2026:18:10:37 +0500] "GET /uz/?function=call_user_func_array&start=48&vars%5B1%5D%5B0%5D=1 HTTP/1.1" 200 68857 "-" "Mozilla/5.0 (compatible; SemrushBot/7~bl; +http://www.semrush.com/bot.html)"
207.46.13.150 - - [25/Aug/2026:18:10:45 +0500] "GET /uz/odr/order/apiGetCartItems HTTP/1.1" 404 1248 "https://www.eskijuva-bozori.uz.uzbekgidroenergoqurilish.uz/uz/officially-uzb/ustav-uzb/495-ustav-2026-pdf" "Mozilla/5.0 AppleWebKit/537.36 (KHTML, like Gecko; compatible; bingbot/2.0; +http://www.bing.com/bingbot.htm) Chrome/136.0.0.0 Safari/537.36 AppleWebKit/537.36 (KHTML, like Gecko; compatible; bingbot/2.0; +http://www.bing.com/bingbot.htm) Chrome/116.0.1938.76 Safari/537.36"
34.56.53.225 - - [25/Aug/2026:18:11:02 +0500] "GET /uz/events-uzb/162-meetiing-28-02-17 HTTP/1.1" 200 61211 "-" "Mozilla/5.0 (Macintosh; Intel Mac OS X 10_15_7) AppleWebKit/537.36 (KHTML, like Gecko) Chrome/120.0.0.0 Safari/537.36"
185.191.171.15 - - [25/Aug/2026:18:11:24 +0500] "GET /uz/?author=16&start=28 HTTP/1.1" 508 288 "-" "Mozilla/5.0 (compatible; SemrushBot/7~bl; +http://www.semrush.com/bot.html)"
57.141.20.51 - - [25/Aug/2026:18:12:02 +0500] "GET /uz/?function=call_user_func_array&s=index/think\\\\\\\\\\\\\\\\\\\\\\\\\\\\\\\\app/invokefunction&vars[0]=phpinfo&vars[1][0]=1&start=8 HTTP/1.1" 200 67780 "-" "Mozilla/5.0 (Windows NT 10.0; Win64; x64) AppleWebKit/537.36 (KHTML, like Gecko) Chrome/145.0.0.0 Safari/537.36 (compatible; meta-webindexer/1.1 (+https://developers.facebook.com/docs/sharing/webmasters/crawler))"
34.61.96.6 - - [25/Aug/2026:18:12:08 +0500] "GET /uz/component/proofreader/submit HTTP/1.1" 303 - "-" "Mozilla/5.0 (Macintosh; Intel Mac OS X 10_15_7) AppleWebKit/537.36 (KHTML, like Gecko) Chrome/120.0.0.0 Safari/537.36"
34.231.156.59 - - [25/Aug/2026:18:13:13 +0500] "GET /uz/?r=w9e2e9k3w2a4m72867&start=52 HTTP/1.1" 200 69100 "-" "Mozilla/5.0 AppleWebKit/537.36 (KHTML, like Gecko; compatible; Amazonbot/0.1; +https://developer.amazon.com/support/amazonbot) Chrome/119.0.6045.214 Safari/537.36"
35.254.159.230 - - [25/Aug/2026:18:13:31 +0500] "GET /ru/facts-rus?format=feed&type=rss HTTP/1.1" 200 9910 "-" "Mozilla/5.0 (Macintosh; Intel Mac OS X 10_15_7) AppleWebKit/537.36 (KHTML, like Gecko) Chrome/120.0.0.0 Safari/537.36"
216.73.216.32 - - [25/Aug/2026:18:13:59 +0500] "GET /robots.txt HTTP/1.1" 200 111 "-" "Mozilla/5.0 AppleWebKit/537.36 (KHTML, like Gecko; compatible; ClaudeBot/1.0; +claudebot@anthropic.com)"
216.73.216.32 - - [25/Aug/2026:18:14:54 +0500] "GET /?%60=v3i3c5o8n3t9i4e1l9s19 HTTP/1.1" 301 - "-" "Mozilla/5.0 AppleWebKit/537.36 (KHTML, like Gecko; compatible; ClaudeBot/1.0; +claudebot@anthropic.com)"
216.73.216.32 - - [25/Aug/2026:18:14:56 +0500] "GET /uz/?%60=v3i3c5o8n3t9i4e1l9s19 HTTP/1.1" 200 68591 "https://www.eskijuva-bozori.uz.uzbekgidroenergoqurilish.uz/?%60=v3i3c5o8n3t9i4e1l9s19" "Mozilla/5.0 AppleWebKit/537.36 (KHTML, like Gecko; compatible; ClaudeBot/1.0; +claudebot@anthropic.com)"
216.73.216.32 - - [25/Aug/2026:18:15:04 +0500] "GET /aglais/siluroidei/31079083723 HTTP/1.1" 301 - "-" "Mozilla/5.0 AppleWebKit/537.36 (KHTML, like Gecko; compatible; ClaudeBot/1.0; +claudebot@anthropic.com)"
216.73.216.32 - - [25/Aug/2026:18:15:05 +0500] "GET /uz/aglais/siluroidei/31079083723 HTTP/1.1" 404 1248 "https://www.eskijuva-bozori.uz.uzbekgidroenergoqurilish.uz/aglais/siluroidei/31079083723" "Mozilla/5.0 AppleWebKit/537.36 (KHTML, like Gecko; compatible; ClaudeBot/1.0; +claudebot@anthropic.com)"
216.73.216.32 - - [25/Aug/2026:18:15:15 +0500] "GET /shops/clench/h3a1y6m6o6w770048 HTTP/1.1" 301 - "-" "Mozilla/5.0 AppleWebKit/537.36 (KHTML, like Gecko; compatible; ClaudeBot/1.0; +claudebot@anthropic.com)"
216.73.216.32 - - [25/Aug/2026:18:15:17 +0500] "GET /uz/shops/clench/h3a1y6m6o6w770048 HTTP/1.1" 404 1248 "https://www.eskijuva-bozori.uz.uzbekgidroenergoqurilish.uz/shops/clench/h3a1y6m6o6w770048" "Mozilla/5.0 AppleWebKit/537.36 (KHTML, like Gecko; compatible; ClaudeBot/1.0; +claudebot@anthropic.com)"
216.73.216.32 - - [25/Aug/2026:18:15:26 +0500] "GET /?%60=a3v6o4u4c9h03041 HTTP/1.1" 301 - "-" "Mozilla/5.0 AppleWebKit/537.36 (KHTML, like Gecko; compatible; ClaudeBot/1.0; +claudebot@anthropic.com)"
216.73.216.32 - - [25/Aug/2026:18:15:30 +0500] "GET /uz/?%60=a3v6o4u4c9h03041 HTTP/1.1" 200 68586 "https://www.eskijuva-bozori.uz.uzbekgidroenergoqurilish.uz/?%60=a3v6o4u4c9h03041" "Mozilla/5.0 AppleWebKit/537.36 (KHTML, like Gecko; compatible; ClaudeBot/1.0; +claudebot@anthropic.com)"
216.73.216.32 - - [25/Aug/2026:18:15:37 +0500] "GET /shops/shard/a3m3a3r6i3n0e95667 HTTP/1.1" 301 - "-" "Mozilla/5.0 AppleWebKit/537.36 (KHTML, like Gecko; compatible; ClaudeBot/1.0; +claudebot@anthropic.com)"
216.73.216.32 - - [25/Aug/2026:18:15:40 +0500] "GET /uz/shops/shard/a3m3a3r6i3n0e95667 HTTP/1.1" 404 1248 "https://www.eskijuva-bozori.uz.uzbekgidroenergoqurilish.uz/shops/shard/a3m3a3r6i3n0e95667" "Mozilla/5.0 AppleWebKit/537.36 (KHTML, like Gecko; compatible; ClaudeBot/1.0; +claudebot@anthropic.com)"
216.73.216.32 - - [25/Aug/2026:18:15:41 +0500] "GET /?%60=e3s2p9o2u8s6a5l5393 HTTP/1.1" 301 - "-" "Mozilla/5.0 AppleWebKit/537.36 (KHTML, like Gecko; compatible; ClaudeBot/1.0; +claudebot@anthropic.com)"
216.73.216.32 - - [25/Aug/2026:18:15:45 +0500] "GET /uz/?%60=e3s2p9o2u8s6a5l5393 HTTP/1.1" 200 68854 "https://www.eskijuva-bozori.uz.uzbekgidroenergoqurilish.uz/?%60=e3s2p9o2u8s6a5l5393" "Mozilla/5.0 AppleWebKit/537.36 (KHTML, like Gecko; compatible; ClaudeBot/1.0; +claudebot@anthropic.com)"
216.73.216.32 - - [25/Aug/2026:18:15:52 +0500] "GET /shops/perking/p3a2t4a6c1h2o4n0i8c1a2 HTTP/1.1" 301 - "-" "Mozilla/5.0 AppleWebKit/537.36 (KHTML, like Gecko; compatible; ClaudeBot/1.0; +claudebot@anthropic.com)"
216.73.216.32 - - [25/Aug/2026:18:15:56 +0500] "GET /uz/shops/perking/p3a2t4a6c1h2o4n0i8c1a2 HTTP/1.1" 404 1248 "https://www.eskijuva-bozori.uz.uzbekgidroenergoqurilish.uz/shops/perking/p3a2t4a6c1h2o4n0i8c1a2" "Mozilla/5.0 AppleWebKit/537.36 (KHTML, like Gecko; compatible; ClaudeBot/1.0; +claudebot@anthropic.com)"
216.73.216.32 - - [25/Aug/2026:18:16:41 +0500] "GET /shops/fritinancy/b3l2u7e6t2h5r9o3a1t82 HTTP/1.1" 301 - "-" "Mozilla/5.0 AppleWebKit/537.36 (KHTML, like Gecko; compatible; ClaudeBot/1.0; +claudebot@anthropic.com)"
216.73.216.32 - - [25/Aug/2026:18:16:47 +0500] "GET /uz/shops/fritinancy/b3l2u7e6t2h5r9o3a1t82 HTTP/1.1" 404 1248 "https://www.eskijuva-bozori.uz.uzbekgidroenergoqurilish.uz/shops/fritinancy/b3l2u7e6t2h5r9o3a1t82" "Mozilla/5.0 AppleWebKit/537.36 (KHTML, like Gecko; compatible; ClaudeBot/1.0; +claudebot@anthropic.com)"
216.73.216.32 - - [25/Aug/2026:18:16:52 +0500] "GET /?%60=o3c4t2o8s2t9y0l4e215 HTTP/1.1" 301 - "-" "Mozilla/5.0 AppleWebKit/537.36 (KHTML, like Gecko; compatible; ClaudeBot/1.0; +claudebot@anthropic.com)"
216.73.216.32 - - [25/Aug/2026:18:16:57 +0500] "GET /uz/?%60=o3c4t2o8s2t9y0l4e215 HTTP/1.1" 200 68590 "https://www.eskijuva-bozori.uz.uzbekgidroenergoqurilish.uz/?%60=o3c4t2o8s2t9y0l4e215" "Mozilla/5.0 AppleWebKit/537.36 (KHTML, like Gecko; compatible; ClaudeBot/1.0; +claudebot@anthropic.com)"
136.119.35.120 - - [25/Aug/2026:18:17:01 +0500] "GET /uz/news-uzb?template=accessibility HTTP/1.1" 200 34786 "-" "Mozilla/5.0 (Macintosh; Intel Mac OS X 10_15_7) AppleWebKit/537.36 (KHTML, like Gecko) Chrome/120.0.0.0 Safari/537.36"
216.73.216.32 - - [25/Aug/2026:18:17:03 +0500] "GET /?%60=z3i6b9e7t0h3i5n6u2s5 HTTP/1.1" 301 - "-" "Mozilla/5.0 AppleWebKit/537.36 (KHTML, like Gecko; compatible; ClaudeBot/1.0; +claudebot@anthropic.com)"
34.123.149.87 - - [25/Aug/2026:18:17:05 +0500] "GET /uz/about-org-uzb/strategy-uzb HTTP/1.1" 200 62559 "-" "Mozilla/5.0 (Macintosh; Intel Mac OS X 10_15_7) AppleWebKit/537.36 (KHTML, like Gecko) Chrome/120.0.0.0 Safari/537.36"
216.73.216.32 - - [25/Aug/2026:18:17:07 +0500] "GET /uz/?%60=z3i6b9e7t0h3i5n6u2s5 HTTP/1.1" 200 68590 "https://www.eskijuva-bozori.uz.uzbekgidroenergoqurilish.uz/?%60=z3i6b9e7t0h3i5n6u2s5" "Mozilla/5.0 AppleWebKit/537.36 (KHTML, like Gecko; compatible; ClaudeBot/1.0; +claudebot@anthropic.com)"
34.123.149.87 - - [25/Aug/2026:18:17:43 +0500] "GET /uz/officially-uzb/old-acts-uzb?format=feed&template=yoo_master2&type=rss HTTP/1.1" 200 67028 "-" "Mozilla/5.0 (Macintosh; Intel Mac OS X 10_15_7) AppleWebKit/537.36 (KHTML, like Gecko) Chrome/120.0.0.0 Safari/537.36"
34.42.229.145 - - [25/Aug/2026:18:19:26 +0500] "GET /ru/prospectus-rus/169-prospectus-30-03-09-rus HTTP/1.1" 200 56483 "-" "Mozilla/5.0 (Macintosh; Intel Mac OS X 10_15_7) AppleWebKit/537.36 (KHTML, like Gecko) Chrome/120.0.0.0 Safari/537.36"
185.191.171.7 - - [25/Aug/2026:18:19:28 +0500] "GET /uz/facts-uzb/338-36-fact-02-04-2021 HTTP/1.1" 200 57042 "-" "Mozilla/5.0 (compatible; SemrushBot/7~bl; +http://www.semrush.com/bot.html)"
47.79.15.30 - - [25/Aug/2026:18:22:01 +0500] "GET /uz/facts-uzb/448-sush-fakt-06-21-02-2025-pdf HTTP/1.1" 200 57102 "-" "Mozilla/5.0 (Macintosh; Intel Mac OS X 10_15_7) AppleWebKit/537.36 (KHTML, like Gecko) Chrome/141.0.0.0 Safari/537.36"
216.73.216.32 - - [25/Aug/2026:18:22:04 +0500] "GET /?%60=v3i2c3e6r9o4y82270 HTTP/1.1" 301 - "-" "Mozilla/5.0 AppleWebKit/537.36 (KHTML, like Gecko; compatible; ClaudeBot/1.0; +claudebot@anthropic.com)"
216.73.216.32 - - [25/Aug/2026:18:22:09 +0500] "GET /uz/?%60=v3i2c3e6r9o4y82270 HTTP/1.1" 200 68562 "https://www.eskijuva-bozori.uz.uzbekgidroenergoqurilish.uz/?%60=v3i2c3e6r9o4y82270" "Mozilla/5.0 AppleWebKit/537.36 (KHTML, like Gecko; compatible; ClaudeBot/1.0; +claudebot@anthropic.com)"
216.73.216.32 - - [25/Aug/2026:18:22:16 +0500] "GET /?%60=p3i1k5e2d7e7v7a3n9t39 HTTP/1.1" 301 - "-" "Mozilla/5.0 AppleWebKit/537.36 (KHTML, like Gecko; compatible; ClaudeBot/1.0; +claudebot@anthropic.com)"
216.73.216.32 - - [25/Aug/2026:18:22:22 +0500] "GET /uz/?%60=p3i1k5e2d7e7v7a3n9t39 HTTP/1.1" 200 68565 "https://www.eskijuva-bozori.uz.uzbekgidroenergoqurilish.uz/?%60=p3i1k5e2d7e7v7a3n9t39" "Mozilla/5.0 AppleWebKit/537.36 (KHTML, like Gecko; compatible; ClaudeBot/1.0; +claudebot@anthropic.com)"
35.254.159.230 - - [25/Aug/2026:18:22:42 +0500] "GET /ru/officially-rus/tenders-rus/330-vacancy-director-2021-uzb HTTP/1.1" 200 60327 "-" "Mozilla/5.0 (Macintosh; Intel Mac OS X 10_15_7) AppleWebKit/537.36 (KHTML, like Gecko) Chrome/120.0.0.0 Safari/537.36"
136.119.35.120 - - [25/Aug/2026:18:23:30 +0500] "GET /ru/about-org-rus/indexes-rus/347-reports-2021-rus HTTP/1.1" 200 57198 "-" "Mozilla/5.0 (Macintosh; Intel Mac OS X 10_15_7) AppleWebKit/537.36 (KHTML, like Gecko) Chrome/120.0.0.0 Safari/537.36"
85.208.96.195 - - [25/Aug/2026:18:23:42 +0500] "GET /uz/about-org-uzb/indexes-uzb?template=accessibility HTTP/1.1" 200 31712 "-" "Mozilla/5.0 (compatible; SemrushBot/7~bl; +http://www.semrush.com/bot.html)"
216.73.216.32 - - [25/Aug/2026:18:23:56 +0500] "GET /shops/jurisprudence/t3a4p0o2a9003612 HTTP/1.1" 301 - "-" "Mozilla/5.0 AppleWebKit/537.36 (KHTML, like Gecko; compatible; ClaudeBot/1.0; +claudebot@anthropic.com)"
216.73.216.32 - - [25/Aug/2026:18:24:01 +0500] "GET /uz/shops/jurisprudence/t3a4p0o2a9003612 HTTP/1.1" 404 1248 "https://www.eskijuva-bozori.uz.uzbekgidroenergoqurilish.uz/shops/jurisprudence/t3a4p0o2a9003612" "Mozilla/5.0 AppleWebKit/537.36 (KHTML, like Gecko; compatible; ClaudeBot/1.0; +claudebot@anthropic.com)"
216.73.216.32 - - [25/Aug/2026:18:24:08 +0500] "GET /shops/apert/h3u7d4s4o4n6i1c3a22 HTTP/1.1" 301 - "-" "Mozilla/5.0 AppleWebKit/537.36 (KHTML, like Gecko; compatible; ClaudeBot/1.0; +claudebot@anthropic.com)"
