216.73.216.32 - - [25/Aug/2026:18:24:14 +0500] "GET /uz/shops/apert/h3u7d4s4o4n6i1c3a22 HTTP/1.1" 404 1248 "https://www.eskijuva-bozori.uz.uzbekgidroenergoqurilish.uz/shops/apert/h3u7d4s4o4n6i1c3a22" "Mozilla/5.0 AppleWebKit/537.36 (KHTML, like Gecko; compatible; ClaudeBot/1.0; +claudebot@anthropic.com)"
216.73.216.32 - - [25/Aug/2026:18:24:19 +0500] "GET /shops/zonule/e3p1i7l4o8b6i2u7m949 HTTP/1.1" 301 - "-" "Mozilla/5.0 AppleWebKit/537.36 (KHTML, like Gecko; compatible; ClaudeBot/1.0; +claudebot@anthropic.com)"
85.208.96.207 - - [25/Aug/2026:18:24:21 +0500] "GET /uz/?amp%3Bstart=4&start=52 HTTP/1.1" 200 68938 "-" "Mozilla/5.0 (compatible; SemrushBot/7~bl; +http://www.semrush.com/bot.html)"
216.73.216.32 - - [25/Aug/2026:18:24:26 +0500] "GET /uz/shops/zonule/e3p1i7l4o8b6i2u7m949 HTTP/1.1" 404 1248 "https://www.eskijuva-bozori.uz.uzbekgidroenergoqurilish.uz/shops/zonule/e3p1i7l4o8b6i2u7m949" "Mozilla/5.0 AppleWebKit/537.36 (KHTML, like Gecko; compatible; ClaudeBot/1.0; +claudebot@anthropic.com)"
34.56.53.225 - - [25/Aug/2026:18:24:39 +0500] "GET /ru/officially-rus/ustav-rus?template=accessibility HTTP/1.1" 200 30781 "-" "Mozilla/5.0 (Macintosh; Intel Mac OS X 10_15_7) AppleWebKit/537.36 (KHTML, like Gecko) Chrome/120.0.0.0 Safari/537.36"
34.42.229.145 - - [25/Aug/2026:18:24:48 +0500] "GET /docs/bussiness-plan-2017.pdf HTTP/1.1" 200 321366 "-" "Mozilla/5.0 (Macintosh; Intel Mac OS X 10_15_7) AppleWebKit/537.36 (KHTML, like Gecko) Chrome/120.0.0.0 Safari/537.36"
34.123.149.87 - - [25/Aug/2026:18:25:07 +0500] "GET /ru/news-rus?start=4 HTTP/1.1" 200 62127 "-" "Mozilla/5.0 (Macintosh; Intel Mac OS X 10_15_7) AppleWebKit/537.36 (KHTML, like Gecko) Chrome/120.0.0.0 Safari/537.36"
185.191.171.7 - - [25/Aug/2026:18:25:20 +0500] "GET /ru/korp-upr-rus/487-korp-2025-pdf HTTP/1.1" 200 55275 "-" "Mozilla/5.0 (compatible; SemrushBot/7~bl; +http://www.semrush.com/bot.html)"
216.73.216.32 - - [25/Aug/2026:18:25:23 +0500] "GET /?%60=i3m3b5o2d6y993288 HTTP/1.1" 301 - "-" "Mozilla/5.0 AppleWebKit/537.36 (KHTML, like Gecko; compatible; ClaudeBot/1.0; +claudebot@anthropic.com)"
216.73.216.32 - - [25/Aug/2026:18:25:29 +0500] "GET /uz/?%60=i3m3b5o2d6y993288 HTTP/1.1" 200 68561 "https://www.eskijuva-bozori.uz.uzbekgidroenergoqurilish.uz/?%60=i3m3b5o2d6y993288" "Mozilla/5.0 AppleWebKit/537.36 (KHTML, like Gecko; compatible; ClaudeBot/1.0; +claudebot@anthropic.com)"
216.73.216.32 - - [25/Aug/2026:18:25:36 +0500] "GET /shops/operosely/t3r1a5v8e2l1l1i6n5g37 HTTP/1.1" 301 - "-" "Mozilla/5.0 AppleWebKit/537.36 (KHTML, like Gecko; compatible; ClaudeBot/1.0; +claudebot@anthropic.com)"
216.73.216.32 - - [25/Aug/2026:18:25:42 +0500] "GET /uz/shops/operosely/t3r1a5v8e2l1l1i6n5g37 HTTP/1.1" 404 1248 "https://www.eskijuva-bozori.uz.uzbekgidroenergoqurilish.uz/shops/operosely/t3r1a5v8e2l1l1i6n5g37" "Mozilla/5.0 AppleWebKit/537.36 (KHTML, like Gecko; compatible; ClaudeBot/1.0; +claudebot@anthropic.com)"
185.191.171.16 - - [25/Aug/2026:18:25:56 +0500] "GET /uz/?app=main&inc=core_auth&route=login&start=12 HTTP/1.1" 200 68484 "-" "Mozilla/5.0 (compatible; SemrushBot/7~bl; +http://www.semrush.com/bot.html)"
216.73.216.32 - - [25/Aug/2026:18:26:02 +0500] "GET /uz/?%60=f3u1c5k1e6d9u9p0460&format=feed&type=rss HTTP/1.1" 200 6201 "-" "Mozilla/5.0 AppleWebKit/537.36 (KHTML, like Gecko; compatible; ClaudeBot/1.0; +claudebot@anthropic.com)"
216.73.216.32 - - [25/Aug/2026:18:26:12 +0500] "GET /?%60=l3e1u2c4o2p9l8a1s3t4i4d HTTP/1.1" 301 - "-" "Mozilla/5.0 AppleWebKit/537.36 (KHTML, like Gecko; compatible; ClaudeBot/1.0; +claudebot@anthropic.com)"
216.73.216.32 - - [25/Aug/2026:18:26:17 +0500] "GET /uz/?%60=l3e1u2c4o2p9l8a1s3t4i4d HTTP/1.1" 200 68567 "https://www.eskijuva-bozori.uz.uzbekgidroenergoqurilish.uz/?%60=l3e1u2c4o2p9l8a1s3t4i4d" "Mozilla/5.0 AppleWebKit/537.36 (KHTML, like Gecko; compatible; ClaudeBot/1.0; +claudebot@anthropic.com)"
157.55.39.60 - - [25/Aug/2026:18:26:20 +0500] "GET /ctg/apiAllLCate/ HTTP/1.1" 301 - "https://www.eskijuva-bozori.uz.uzbekgidroenergoqurilish.uz/uz/officially-uzb/ustav-uzb/495-ustav-2026-pdf" "Mozilla/5.0 AppleWebKit/537.36 (KHTML, like Gecko; compatible; bingbot/2.0; +http://www.bing.com/bingbot.htm) Chrome/136.0.0.0 Safari/537.36 AppleWebKit/537.36 (KHTML, like Gecko; compatible; bingbot/2.0; +http://www.bing.com/bingbot.htm) Chrome/116.0.1938.76 Safari/537.36"
216.73.216.32 - - [25/Aug/2026:18:26:23 +0500] "GET /uz/?format=feed&r=r9e3n5d8r2o9c3k904&type=rss HTTP/1.1" 200 6200 "-" "Mozilla/5.0 AppleWebKit/537.36 (KHTML, like Gecko; compatible; ClaudeBot/1.0; +claudebot@anthropic.com)"
157.55.39.60 - - [25/Aug/2026:18:26:24 +0500] "GET /uz/ctg/apiAllLCate HTTP/1.1" 404 1248 "https://www.eskijuva-bozori.uz.uzbekgidroenergoqurilish.uz/uz/officially-uzb/ustav-uzb/495-ustav-2026-pdf" "Mozilla/5.0 AppleWebKit/537.36 (KHTML, like Gecko; compatible; bingbot/2.0; +http://www.bing.com/bingbot.htm) Chrome/136.0.0.0 Safari/537.36 AppleWebKit/537.36 (KHTML, like Gecko; compatible; bingbot/2.0; +http://www.bing.com/bingbot.htm) Chrome/116.0.1938.76 Safari/537.36"
216.73.216.32 - - [25/Aug/2026:18:26:34 +0500] "GET /shops/ruptuary/s3o4n8s1y145088 HTTP/1.1" 301 - "-" "Mozilla/5.0 AppleWebKit/537.36 (KHTML, like Gecko; compatible; ClaudeBot/1.0; +claudebot@anthropic.com)"
216.73.216.32 - - [25/Aug/2026:18:26:40 +0500] "GET /uz/shops/ruptuary/s3o4n8s1y145088 HTTP/1.1" 404 1248 "https://www.eskijuva-bozori.uz.uzbekgidroenergoqurilish.uz/shops/ruptuary/s3o4n8s1y145088" "Mozilla/5.0 AppleWebKit/537.36 (KHTML, like Gecko; compatible; ClaudeBot/1.0; +claudebot@anthropic.com)"
129.153.116.176 - - [25/Aug/2026:18:26:45 +0500] "GET /uz/dividends-uzb?start=4 HTTP/1.1" 200 - "-" "Mozilla/5.0 (X11; Linux aarch64) AppleWebKit/537.36 (KHTML, like Gecko) Chrome/139.0.0.0 Safari/537.36"
216.73.216.32 - - [25/Aug/2026:18:26:46 +0500] "GET /cammass/r3i5s9k8y689427 HTTP/1.1" 301 - "-" "Mozilla/5.0 AppleWebKit/537.36 (KHTML, like Gecko; compatible; ClaudeBot/1.0; +claudebot@anthropic.com)"
216.73.216.32 - - [25/Aug/2026:18:26:53 +0500] "GET /uz/cammass/r3i5s9k8y689427 HTTP/1.1" 404 1248 "https://www.eskijuva-bozori.uz.uzbekgidroenergoqurilish.uz/cammass/r3i5s9k8y689427" "Mozilla/5.0 AppleWebKit/537.36 (KHTML, like Gecko; compatible; ClaudeBot/1.0; +claudebot@anthropic.com)"
216.73.216.32 - - [25/Aug/2026:18:27:16 +0500] "GET /solvency/p3i3n4n3a4t0e22647 HTTP/1.1" 301 - "-" "Mozilla/5.0 AppleWebKit/537.36 (KHTML, like Gecko; compatible; ClaudeBot/1.0; +claudebot@anthropic.com)"
216.73.216.32 - - [25/Aug/2026:18:27:21 +0500] "GET /uz/solvency/p3i3n4n3a4t0e22647 HTTP/1.1" 404 1248 "https://www.eskijuva-bozori.uz.uzbekgidroenergoqurilish.uz/solvency/p3i3n4n3a4t0e22647" "Mozilla/5.0 AppleWebKit/537.36 (KHTML, like Gecko; compatible; ClaudeBot/1.0; +claudebot@anthropic.com)"
216.73.216.32 - - [25/Aug/2026:18:27:28 +0500] "GET /shops/contractible/s3c2e0n4t9727038 HTTP/1.1" 301 - "-" "Mozilla/5.0 AppleWebKit/537.36 (KHTML, like Gecko; compatible; ClaudeBot/1.0; +claudebot@anthropic.com)"
216.73.216.32 - - [25/Aug/2026:18:27:32 +0500] "GET /uz/shops/contractible/s3c2e0n4t9727038 HTTP/1.1" 404 1248 "https://www.eskijuva-bozori.uz.uzbekgidroenergoqurilish.uz/shops/contractible/s3c2e0n4t9727038" "Mozilla/5.0 AppleWebKit/537.36 (KHTML, like Gecko; compatible; ClaudeBot/1.0; +claudebot@anthropic.com)"
129.153.116.176 - - [25/Aug/2026:18:27:33 +0500] "GET /uz/dividends-uzb?start=4 HTTP/1.1" 200 - "-" "Mozilla/5.0 (X11; Linux aarch64) AppleWebKit/537.36 (KHTML, like Gecko) Chrome/139.0.0.0 Safari/537.36"
216.73.216.32 - - [25/Aug/2026:18:27:39 +0500] "GET /?%60=l3y4c2h6e3991720 HTTP/1.1" 301 - "-" "Mozilla/5.0 AppleWebKit/537.36 (KHTML, like Gecko; compatible; ClaudeBot/1.0; +claudebot@anthropic.com)"
216.73.216.32 - - [25/Aug/2026:18:27:44 +0500] "GET /uz/?%60=l3y4c2h6e3991720 HTTP/1.1" 200 68560 "https://www.eskijuva-bozori.uz.uzbekgidroenergoqurilish.uz/?%60=l3y4c2h6e3991720" "Mozilla/5.0 AppleWebKit/537.36 (KHTML, like Gecko; compatible; ClaudeBot/1.0; +claudebot@anthropic.com)"
216.73.216.32 - - [25/Aug/2026:18:27:55 +0500] "GET /?%60=o3u4t2s0t7a2r2e4940 HTTP/1.1" 301 - "-" "Mozilla/5.0 AppleWebKit/537.36 (KHTML, like Gecko; compatible; ClaudeBot/1.0; +claudebot@anthropic.com)"
216.73.216.32 - - [25/Aug/2026:18:28:00 +0500] "GET /uz/?%60=o3u4t2s0t7a2r2e4940 HTTP/1.1" 200 68563 "https://www.eskijuva-bozori.uz.uzbekgidroenergoqurilish.uz/?%60=o3u4t2s0t7a2r2e4940" "Mozilla/5.0 AppleWebKit/537.36 (KHTML, like Gecko; compatible; ClaudeBot/1.0; +claudebot@anthropic.com)"
216.73.216.32 - - [25/Aug/2026:18:28:08 +0500] "GET /?%60=s3u2c5c2e7s5s7f9u0l0l4y HTTP/1.1" 301 - "-" "Mozilla/5.0 AppleWebKit/537.36 (KHTML, like Gecko; compatible; ClaudeBot/1.0; +claudebot@anthropic.com)"
216.73.216.32 - - [25/Aug/2026:18:28:12 +0500] "GET /uz/?%60=s3u2c5c2e7s5s7f9u0l0l4y HTTP/1.1" 200 68567 "https://www.eskijuva-bozori.uz.uzbekgidroenergoqurilish.uz/?%60=s3u2c5c2e7s5s7f9u0l0l4y" "Mozilla/5.0 AppleWebKit/537.36 (KHTML, like Gecko; compatible; ClaudeBot/1.0; +claudebot@anthropic.com)"
34.56.124.53 - - [25/Aug/2026:18:28:35 +0500] "GET /ru/?start=12&template=accessibility HTTP/1.1" 200 34715 "-" "Mozilla/5.0 (Macintosh; Intel Mac OS X 10_15_7) AppleWebKit/537.36 (KHTML, like Gecko) Chrome/120.0.0.0 Safari/537.36"
216.73.216.32 - - [25/Aug/2026:18:28:47 +0500] "GET /shops/debtless/g3o9n0o9r7r3h4e5a6l5 HTTP/1.1" 301 - "-" "Mozilla/5.0 AppleWebKit/537.36 (KHTML, like Gecko; compatible; ClaudeBot/1.0; +claudebot@anthropic.com)"
216.73.216.32 - - [25/Aug/2026:18:28:51 +0500] "GET /uz/shops/debtless/g3o9n0o9r7r3h4e5a6l5 HTTP/1.1" 404 1248 "https://www.eskijuva-bozori.uz.uzbekgidroenergoqurilish.uz/shops/debtless/g3o9n0o9r7r3h4e5a6l5" "Mozilla/5.0 AppleWebKit/537.36 (KHTML, like Gecko; compatible; ClaudeBot/1.0; +claudebot@anthropic.com)"
85.208.96.194 - - [25/Aug/2026:18:29:09 +0500] "GET /uz/?function=call_user_func_array&s=index%2Fthink%5C%5C%5C%5C%5C%5C%5C%5Capp%2Finvokefunction&start=40&vars%5B0%5D=phpinfo&vars%5B1%5D%5B0%5D=1 HTTP/1.1" 200 69209 "-" "Mozilla/5.0 (compatible; SemrushBot/7~bl; +http://www.semrush.com/bot.html)"
216.73.216.32 - - [25/Aug/2026:18:30:29 +0500] "GET /sunshiny/polycystine/b3a2s5t1a4r8d1y2738 HTTP/1.1" 301 - "-" "Mozilla/5.0 AppleWebKit/537.36 (KHTML, like Gecko; compatible; ClaudeBot/1.0; +claudebot@anthropic.com)"
85.208.96.205 - - [25/Aug/2026:18:30:30 +0500] "GET /uz/info-for-shareholders-uzb/186-share-capital-info HTTP/1.1" 200 56752 "-" "Mozilla/5.0 (compatible; SemrushBot/7~bl; +http://www.semrush.com/bot.html)"
216.73.216.32 - - [25/Aug/2026:18:30:35 +0500] "GET /uz/sunshiny/polycystine/b3a2s5t1a4r8d1y2738 HTTP/1.1" 404 1248 "https://www.eskijuva-bozori.uz.uzbekgidroenergoqurilish.uz/sunshiny/polycystine/b3a2s5t1a4r8d1y2738" "Mozilla/5.0 AppleWebKit/537.36 (KHTML, like Gecko; compatible; ClaudeBot/1.0; +claudebot@anthropic.com)"
216.73.216.32 - - [25/Aug/2026:18:30:40 +0500] "GET /shops/misology/b3e2h7o8l2d7i1n7g7n7e6ss HTTP/1.1" 301 - "-" "Mozilla/5.0 AppleWebKit/537.36 (KHTML, like Gecko; compatible; ClaudeBot/1.0; +claudebot@anthropic.com)"
216.73.216.32 - - [25/Aug/2026:18:30:45 +0500] "GET /uz/shops/misology/b3e2h7o8l2d7i1n7g7n7e6ss HTTP/1.1" 404 1248 "https://www.eskijuva-bozori.uz.uzbekgidroenergoqurilish.uz/shops/misology/b3e2h7o8l2d7i1n7g7n7e6ss" "Mozilla/5.0 AppleWebKit/537.36 (KHTML, like Gecko; compatible; ClaudeBot/1.0; +claudebot@anthropic.com)"
216.73.216.32 - - [25/Aug/2026:18:30:54 +0500] "GET /shops/automate/t3e1r4c9i7n3e07293 HTTP/1.1" 301 - "-" "Mozilla/5.0 AppleWebKit/537.36 (KHTML, like Gecko; compatible; ClaudeBot/1.0; +claudebot@anthropic.com)"
216.73.216.32 - - [25/Aug/2026:18:30:58 +0500] "GET /uz/shops/automate/t3e1r4c9i7n3e07293 HTTP/1.1" 404 1248 "https://www.eskijuva-bozori.uz.uzbekgidroenergoqurilish.uz/shops/automate/t3e1r4c9i7n3e07293" "Mozilla/5.0 AppleWebKit/537.36 (KHTML, like Gecko; compatible; ClaudeBot/1.0; +claudebot@anthropic.com)"
216.73.216.32 - - [25/Aug/2026:18:31:05 +0500] "GET /instancing/belam/h3o1w2e4v6e3r58033 HTTP/1.1" 301 - "-" "Mozilla/5.0 AppleWebKit/537.36 (KHTML, like Gecko; compatible; ClaudeBot/1.0; +claudebot@anthropic.com)"
216.73.216.32 - - [25/Aug/2026:18:31:09 +0500] "GET /uz/instancing/belam/h3o1w2e4v6e3r58033 HTTP/1.1" 404 1248 "https://www.eskijuva-bozori.uz.uzbekgidroenergoqurilish.uz/instancing/belam/h3o1w2e4v6e3r58033" "Mozilla/5.0 AppleWebKit/537.36 (KHTML, like Gecko; compatible; ClaudeBot/1.0; +claudebot@anthropic.com)"
216.73.216.108 - - [25/Aug/2026:18:31:40 +0500] "GET /?r=p9o8l0y5p7h7o0n8e72 HTTP/1.1" 508 288 "-" "Mozilla/5.0 AppleWebKit/537.36 (KHTML, like Gecko; compatible; ClaudeBot/1.0; +claudebot@anthropic.com)"
216.73.216.32 - - [25/Aug/2026:18:31:48 +0500] "GET /?%60=d3o2w2e9l8i3n9g1751 HTTP/1.1" 301 - "-" "Mozilla/5.0 AppleWebKit/537.36 (KHTML, like Gecko; compatible; ClaudeBot/1.0; +claudebot@anthropic.com)"
216.73.216.32 - - [25/Aug/2026:18:31:59 +0500] "GET /shops/reforming/c3r3i5n9o5i4d9e6a070 HTTP/1.1" 508 288 "-" "Mozilla/5.0 AppleWebKit/537.36 (KHTML, like Gecko; compatible; ClaudeBot/1.0; +claudebot@anthropic.com)"
216.73.216.32 - - [25/Aug/2026:18:31:52 +0500] "GET /uz/?%60=d3o2w2e9l8i3n9g1751 HTTP/1.1" 200 68535 "https://www.eskijuva-bozori.uz.uzbekgidroenergoqurilish.uz/?%60=d3o2w2e9l8i3n9g1751" "Mozilla/5.0 AppleWebKit/537.36 (KHTML, like Gecko; compatible; ClaudeBot/1.0; +claudebot@anthropic.com)"
161.153.65.43 - - [25/Aug/2026:18:31:59 +0500] "GET /ru/prospectus-rus/209-prospectus-04-02-05-rus HTTP/1.1" 200 15601 "-" "Mozilla/5.0 (X11; Linux aarch64) AppleWebKit/537.36 (KHTML, like Gecko) Chrome/139.0.0.0 Safari/537.36"
216.73.216.32 - - [25/Aug/2026:18:32:10 +0500] "GET /uz/?format=feed&r=f4u1l5l8o1r2b1e4d695&type=rss HTTP/1.1" 508 288 "-" "Mozilla/5.0 AppleWebKit/537.36 (KHTML, like Gecko; compatible; ClaudeBot/1.0; +claudebot@anthropic.com)"
216.73.216.32 - - [25/Aug/2026:18:32:11 +0500] "GET /?%60=p3a2r5a0x5y8l0e0n3e0 HTTP/1.1" 508 288 "-" "Mozilla/5.0 AppleWebKit/537.36 (KHTML, like Gecko; compatible; ClaudeBot/1.0; +claudebot@anthropic.com)"
34.123.149.87 - - [25/Aug/2026:18:32:06 +0500] "GET /ru/prospectus-rus?template=accessibility HTTP/1.1" 200 30876 "-" "Mozilla/5.0 (Macintosh; Intel Mac OS X 10_15_7) AppleWebKit/537.36 (KHTML, like Gecko) Chrome/120.0.0.0 Safari/537.36"
161.153.65.43 - - [25/Aug/2026:18:32:35 +0500] "GET /ru/prospectus-rus/209-prospectus-04-02-05-rus HTTP/1.1" 200 - "-" "Mozilla/5.0 (X11; Linux aarch64) AppleWebKit/537.36 (KHTML, like Gecko) Chrome/139.0.0.0 Safari/537.36"
44.208.223.68 - - [25/Aug/2026:18:32:37 +0500] "GET /uz/13-russian/news-rus?format=feed&type=atom HTTP/1.1" 200 5573 "-" "Mozilla/5.0 AppleWebKit/537.36 (KHTML, like Gecko; compatible; Amazonbot/0.1; +https://developer.amazon.com/support/amazonbot) Chrome/119.0.6045.214 Safari/537.36"
216.73.216.32 - - [25/Aug/2026:18:32:43 +0500] "GET /shops/pustulation/g3a4l1l2i4c8i0z7i4n8g1 HTTP/1.1" 301 - "-" "Mozilla/5.0 AppleWebKit/537.36 (KHTML, like Gecko; compatible; ClaudeBot/1.0; +claudebot@anthropic.com)"
216.73.216.108 - - [25/Aug/2026:18:32:42 +0500] "GET /?r=o9f2f5i6c5i6o2u1s1n0ess HTTP/1.1" 301 - "-" "Mozilla/5.0 AppleWebKit/537.36 (KHTML, like Gecko; compatible; ClaudeBot/1.0; +claudebot@anthropic.com)"
216.73.216.32 - - [25/Aug/2026:18:32:45 +0500] "GET /uz/shops/pustulation/g3a4l1l2i4c8i0z7i4n8g1 HTTP/1.1" 404 1248 "https://www.eskijuva-bozori.uz.uzbekgidroenergoqurilish.uz/shops/pustulation/g3a4l1l2i4c8i0z7i4n8g1" "Mozilla/5.0 AppleWebKit/537.36 (KHTML, like Gecko; compatible; ClaudeBot/1.0; +claudebot@anthropic.com)"
216.73.216.108 - - [25/Aug/2026:18:32:46 +0500] "GET /uz/?r=o9f2f5i6c5i6o2u1s1n0ess HTTP/1.1" 200 68313 "https://eskijuva-bozori.uz/?r=o9f2f5i6c5i6o2u1s1n0ess" "Mozilla/5.0 AppleWebKit/537.36 (KHTML, like Gecko; compatible; ClaudeBot/1.0; +claudebot@anthropic.com)"
85.208.96.199 - - [25/Aug/2026:18:33:22 +0500] "GET /ru/component/mijopolls/?template=accessibility HTTP/1.1" 200 28066 "-" "Mozilla/5.0 (compatible; SemrushBot/7~bl; +http://www.semrush.com/bot.html)"
216.73.216.32 - - [25/Aug/2026:18:33:29 +0500] "GET /shops/trichromatism/p3e1r6s0p3i6c1a6c7i6o9us HTTP/1.1" 301 - "-" "Mozilla/5.0 AppleWebKit/537.36 (KHTML, like Gecko; compatible; ClaudeBot/1.0; +claudebot@anthropic.com)"
185.191.171.3 - - [25/Aug/2026:18:33:32 +0500] "GET /uz/korp-upr-uzb?start=10 HTTP/1.1" 200 59421 "-" "Mozilla/5.0 (compatible; SemrushBot/7~bl; +http://www.semrush.com/bot.html)"
216.73.216.32 - - [25/Aug/2026:18:33:33 +0500] "GET /uz/shops/trichromatism/p3e1r6s0p3i6c1a6c7i6o9us HTTP/1.1" 404 1248 "https://www.eskijuva-bozori.uz.uzbekgidroenergoqurilish.uz/shops/trichromatism/p3e1r6s0p3i6c1a6c7i6o9us" "Mozilla/5.0 AppleWebKit/537.36 (KHTML, like Gecko; compatible; ClaudeBot/1.0; +claudebot@anthropic.com)"
216.73.216.32 - - [25/Aug/2026:18:33:41 +0500] "GET /shops/tetrax/h3o3d1o4m0e3t5e6r434 HTTP/1.1" 508 288 "-" "Mozilla/5.0 AppleWebKit/537.36 (KHTML, like Gecko; compatible; ClaudeBot/1.0; +claudebot@anthropic.com)"
85.208.96.201 - - [25/Aug/2026:18:34:18 +0500] "GET /robots.txt HTTP/1.1" 200 111 "-" "Mozilla/5.0 (compatible; SemrushBot/7~bl; +http://www.semrush.com/bot.html)"
185.191.171.3 - - [25/Aug/2026:18:34:18 +0500] "GET /uz/?phpinfo=1&start=44 HTTP/1.1" 200 71210 "-" "Mozilla/5.0 (compatible; SemrushBot/7~bl; +http://www.semrush.com/bot.html)"
216.73.216.32 - - [25/Aug/2026:18:34:27 +0500] "GET /?%60=r3e1a7t7t9a0c9h4595 HTTP/1.1" 301 - "-" "Mozilla/5.0 AppleWebKit/537.36 (KHTML, like Gecko; compatible; ClaudeBot/1.0; +claudebot@anthropic.com)"
216.73.216.32 - - [25/Aug/2026:18:34:31 +0500] "GET /uz/?%60=r3e1a7t7t9a0c9h4595 HTTP/1.1" 200 68534 "https://www.eskijuva-bozori.uz.uzbekgidroenergoqurilish.uz/?%60=r3e1a7t7t9a0c9h4595" "Mozilla/5.0 AppleWebKit/537.36 (KHTML, like Gecko; compatible; ClaudeBot/1.0; +claudebot@anthropic.com)"
216.73.216.32 - - [25/Aug/2026:18:34:37 +0500] "GET /?%60=q3u5a5d3r9u9l6a51 HTTP/1.1" 301 - "-" "Mozilla/5.0 AppleWebKit/537.36 (KHTML, like Gecko; compatible; ClaudeBot/1.0; +claudebot@anthropic.com)"
216.73.216.32 - - [25/Aug/2026:18:34:40 +0500] "GET /uz/?%60=q3u5a5d3r9u9l6a51 HTTP/1.1" 508 288 "https://www.eskijuva-bozori.uz.uzbekgidroenergoqurilish.uz/?%60=q3u5a5d3r9u9l6a51" "Mozilla/5.0 AppleWebKit/537.36 (KHTML, like Gecko; compatible; ClaudeBot/1.0; +claudebot@anthropic.com)"
216.73.216.32 - - [25/Aug/2026:18:34:49 +0500] "GET /shops/wigwam/c3a1r2y7a7t6i4d0e7s59 HTTP/1.1" 301 - "-" "Mozilla/5.0 AppleWebKit/537.36 (KHTML, like Gecko; compatible; ClaudeBot/1.0; +claudebot@anthropic.com)"
216.73.216.32 - - [25/Aug/2026:18:34:52 +0500] "GET /uz/shops/wigwam/c3a1r2y7a7t6i4d0e7s59 HTTP/1.1" 404 1248 "https://www.eskijuva-bozori.uz.uzbekgidroenergoqurilish.uz/shops/wigwam/c3a1r2y7a7t6i4d0e7s59" "Mozilla/5.0 AppleWebKit/537.36 (KHTML, like Gecko; compatible; ClaudeBot/1.0; +claudebot@anthropic.com)"
216.73.216.32 - - [25/Aug/2026:18:34:57 +0500] "GET /?%60=g3r7e0e0n5i7n5g853 HTTP/1.1" 301 - "-" "Mozilla/5.0 AppleWebKit/537.36 (KHTML, like Gecko; compatible; ClaudeBot/1.0; +claudebot@anthropic.com)"
185.191.171.7 - - [25/Aug/2026:18:34:59 +0500] "GET /ru/?start=20&template=accessibility HTTP/1.1" 200 36236 "-" "Mozilla/5.0 (compatible; SemrushBot/7~bl; +http://www.semrush.com/bot.html)"
216.73.216.32 - - [25/Aug/2026:18:35:00 +0500] "GET /uz/?%60=g3r7e0e0n5i7n5g853 HTTP/1.1" 200 68533 "https://www.eskijuva-bozori.uz.uzbekgidroenergoqurilish.uz/?%60=g3r7e0e0n5i7n5g853" "Mozilla/5.0 AppleWebKit/537.36 (KHTML, like Gecko; compatible; ClaudeBot/1.0; +claudebot@anthropic.com)"
34.171.68.95 - - [25/Aug/2026:18:35:03 +0500] "GET /ru/votes-rus?start=10 HTTP/1.1" 200 61152 "-" "Mozilla/5.0 (Macintosh; Intel Mac OS X 10_15_7) AppleWebKit/537.36 (KHTML, like Gecko) Chrome/120.0.0.0 Safari/537.36"
216.73.216.32 - - [25/Aug/2026:18:35:07 +0500] "GET /?%60=i3s1u3r4e1t3i7n2e934 HTTP/1.1" 301 - "-" "Mozilla/5.0 AppleWebKit/537.36 (KHTML, like Gecko; compatible; ClaudeBot/1.0; +claudebot@anthropic.com)"
216.73.216.32 - - [25/Aug/2026:18:35:10 +0500] "GET /uz/?%60=i3s1u3r4e1t3i7n2e934 HTTP/1.1" 200 68535 "https://www.eskijuva-bozori.uz.uzbekgidroenergoqurilish.uz/?%60=i3s1u3r4e1t3i7n2e934" "Mozilla/5.0 AppleWebKit/537.36 (KHTML, like Gecko; compatible; ClaudeBot/1.0; +claudebot@anthropic.com)"
216.73.216.108 - - [25/Aug/2026:18:35:10 +0500] "GET /shops/anguillidae/a9t2o0n9e5120860 HTTP/1.1" 301 - "-" "Mozilla/5.0 AppleWebKit/537.36 (KHTML, like Gecko; compatible; ClaudeBot/1.0; +claudebot@anthropic.com)"
85.208.96.206 - - [25/Aug/2026:18:35:13 +0500] "GET /ru/votes-rus?template=accessibility HTTP/1.1" 200 32391 "-" "Mozilla/5.0 (compatible; SemrushBot/7~bl; +http://www.semrush.com/bot.html)"
216.73.216.108 - - [25/Aug/2026:18:35:16 +0500] "GET /uz/shops/anguillidae/a9t2o0n9e5120860 HTTP/1.1" 404 1216 "https://eskijuva-bozori.uz/shops/anguillidae/a9t2o0n9e5120860" "Mozilla/5.0 AppleWebKit/537.36 (KHTML, like Gecko; compatible; ClaudeBot/1.0; +claudebot@anthropic.com)"
216.73.216.32 - - [25/Aug/2026:18:35:19 +0500] "GET /shops/mystique/c3a4l2a1r8i9c90237 HTTP/1.1" 301 - "-" "Mozilla/5.0 AppleWebKit/537.36 (KHTML, like Gecko; compatible; ClaudeBot/1.0; +claudebot@anthropic.com)"
216.73.216.32 - - [25/Aug/2026:18:35:24 +0500] "GET /uz/shops/mystique/c3a4l2a1r8i9c90237 HTTP/1.1" 404 1248 "https://www.eskijuva-bozori.uz.uzbekgidroenergoqurilish.uz/shops/mystique/c3a4l2a1r8i9c90237" "Mozilla/5.0 AppleWebKit/537.36 (KHTML, like Gecko; compatible; ClaudeBot/1.0; +claudebot@anthropic.com)"
34.30.223.149 - - [25/Aug/2026:18:35:55 +0500] "GET /ru/jsc-docs-rus?format=feed&type=rss HTTP/1.1" 200 6628 "-" "Mozilla/5.0 (Macintosh; Intel Mac OS X 10_15_7) AppleWebKit/537.36 (KHTML, like Gecko) Chrome/120.0.0.0 Safari/537.36"
185.191.171.6 - - [25/Aug/2026:18:36:39 +0500] "GET /ru/component/contact/category/4-uncategorised?Itemid=116 HTTP/1.1" 200 62098 "-" "Mozilla/5.0 (compatible; SemrushBot/7~bl; +http://www.semrush.com/bot.html)"
216.73.216.108 - - [25/Aug/2026:18:36:52 +0500] "GET /?r=n9i2p7p3e1r751225 HTTP/1.1" 301 - "-" "Mozilla/5.0 AppleWebKit/537.36 (KHTML, like Gecko; compatible; ClaudeBot/1.0; +claudebot@anthropic.com)"
216.73.216.32 - - [25/Aug/2026:18:37:05 +0500] "GET /uz/?%60=f3u1c5k1e6d9u9p0460&format=feed&type=atom HTTP/1.1" 200 9466 "-" "Mozilla/5.0 AppleWebKit/537.36 (KHTML, like Gecko; compatible; ClaudeBot/1.0; +claudebot@anthropic.com)"
216.73.216.32 - - [25/Aug/2026:18:37:16 +0500] "GET /crepe/c3e2n3t0i8n0o0d7y62 HTTP/1.1" 301 - "-" "Mozilla/5.0 AppleWebKit/537.36 (KHTML, like Gecko; compatible; ClaudeBot/1.0; +claudebot@anthropic.com)"
216.73.216.32 - - [25/Aug/2026:18:37:20 +0500] "GET /uz/crepe/c3e2n3t0i8n0o0d7y62 HTTP/1.1" 404 1248 "https://www.eskijuva-bozori.uz.uzbekgidroenergoqurilish.uz/crepe/c3e2n3t0i8n0o0d7y62" "Mozilla/5.0 AppleWebKit/537.36 (KHTML, like Gecko; compatible; ClaudeBot/1.0; +claudebot@anthropic.com)"
216.73.216.32 - - [25/Aug/2026:18:37:27 +0500] "GET /shops/abjured/d3e6f0l1o5r1a9t6e2 HTTP/1.1" 301 - "-" "Mozilla/5.0 AppleWebKit/537.36 (KHTML, like Gecko; compatible; ClaudeBot/1.0; +claudebot@anthropic.com)"
216.73.216.32 - - [25/Aug/2026:18:37:32 +0500] "GET /uz/shops/abjured/d3e6f0l1o5r1a9t6e2 HTTP/1.1" 404 1248 "https://www.eskijuva-bozori.uz.uzbekgidroenergoqurilish.uz/shops/abjured/d3e6f0l1o5r1a9t6e2" "Mozilla/5.0 AppleWebKit/537.36 (KHTML, like Gecko; compatible; ClaudeBot/1.0; +claudebot@anthropic.com)"
216.73.216.108 - - [25/Aug/2026:18:37:49 +0500] "GET /?r=m9a1r9c3h5w2a5r5d539 HTTP/1.1" 301 - "-" "Mozilla/5.0 AppleWebKit/537.36 (KHTML, like Gecko; compatible; ClaudeBot/1.0; +claudebot@anthropic.com)"
216.73.216.108 - - [25/Aug/2026:18:37:55 +0500] "GET /uz/?r=m9a1r9c3h5w2a5r5d539 HTTP/1.1" 200 68309 "https://eskijuva-bozori.uz/?r=m9a1r9c3h5w2a5r5d539" "Mozilla/5.0 AppleWebKit/537.36 (KHTML, like Gecko; compatible; ClaudeBot/1.0; +claudebot@anthropic.com)"
216.73.216.108 - - [25/Aug/2026:18:39:12 +0500] "GET /?r=r9u4n8c1h585889 HTTP/1.1" 301 - "-" "Mozilla/5.0 AppleWebKit/537.36 (KHTML, like Gecko; compatible; ClaudeBot/1.0; +claudebot@anthropic.com)"
216.73.216.108 - - [25/Aug/2026:18:39:20 +0500] "GET /uz/?r=r9u4n8c1h585889 HTTP/1.1" 200 68304 "https://eskijuva-bozori.uz/?r=r9u4n8c1h585889" "Mozilla/5.0 AppleWebKit/537.36 (KHTML, like Gecko; compatible; ClaudeBot/1.0; +claudebot@anthropic.com)"
216.73.216.108 - - [25/Aug/2026:18:39:22 +0500] "GET /whirret/p9r3a9a8m0870321 HTTP/1.1" 301 - "-" "Mozilla/5.0 AppleWebKit/537.36 (KHTML, like Gecko; compatible; ClaudeBot/1.0; +claudebot@anthropic.com)"
216.73.216.108 - - [25/Aug/2026:18:39:28 +0500] "GET /uz/whirret/p9r3a9a8m0870321 HTTP/1.1" 508 288 "https://eskijuva-bozori.uz/whirret/p9r3a9a8m0870321" "Mozilla/5.0 AppleWebKit/537.36 (KHTML, like Gecko; compatible; ClaudeBot/1.0; +claudebot@anthropic.com)"
216.73.216.32 - - [25/Aug/2026:18:40:03 +0500] "GET /tumblerful/arcubalist/33026049100 HTTP/1.1" 508 288 "-" "Mozilla/5.0 AppleWebKit/537.36 (KHTML, like Gecko; compatible; ClaudeBot/1.0; +claudebot@anthropic.com)"
216.73.216.32 - - [25/Aug/2026:18:40:14 +0500] "GET /uz/?%60=u3n9a0c6c0e9p8t2a8b4leness&format=feed&type=atom HTTP/1.1" 200 9473 "-" "Mozilla/5.0 AppleWebKit/537.36 (KHTML, like Gecko; compatible; ClaudeBot/1.0; +claudebot@anthropic.com)"
216.73.216.32 - - [25/Aug/2026:18:40:25 +0500] "GET /uz/?r=f4u1l5l8o1r2b1e4d695 HTTP/1.1" 200 68533 "-" "Mozilla/5.0 AppleWebKit/537.36 (KHTML, like Gecko; compatible; ClaudeBot/1.0; +claudebot@anthropic.com)"
52.204.81.148 - - [25/Aug/2026:18:40:56 +0500] "GET /docs/2025/emissiya-%2001.07.2025.pdf HTTP/1.1" 304 - "-" "Mozilla/5.0 AppleWebKit/537.36 (KHTML, like Gecko; compatible; Amazonbot/0.1; +https://developer.amazon.com/support/amazonbot) Chrome/119.0.6045.214 Safari/537.36"
216.73.216.32 - - [25/Aug/2026:18:42:18 +0500] "GET /uz/?%60=l3e3a7c6h2y007466&start=52 HTTP/1.1" 200 69366 "-" "Mozilla/5.0 AppleWebKit/537.36 (KHTML, like Gecko; compatible; ClaudeBot/1.0; +claudebot@anthropic.com)"
20.219.2.203 - - [25/Aug/2026:18:42:19 +0500] "GET / HTTP/1.1" 301 - "-" "Mozilla/5.0 (Windows NT 10.0; Win64; x64) AppleWebKit/537.36 (KHTML, like Gecko) Chrome/120.0.0.0 Safari/537.36"
216.73.216.32 - - [25/Aug/2026:18:42:41 +0500] "GET /uz/?%60=o3y1s8t1e3r7g5r4e0e2n6&start=4 HTTP/1.1" 200 68132 "-" "Mozilla/5.0 AppleWebKit/537.36 (KHTML, like Gecko; compatible; ClaudeBot/1.0; +claudebot@anthropic.com)"
216.73.216.32 - - [25/Aug/2026:18:42:53 +0500] "GET /?%60=m3e5d3i2c3a5t0e61 HTTP/1.1" 301 - "-" "Mozilla/5.0 AppleWebKit/537.36 (KHTML, like Gecko; compatible; ClaudeBot/1.0; +claudebot@anthropic.com)"
216.73.216.32 - - [25/Aug/2026:18:42:58 +0500] "GET /uz/?%60=m3e5d3i2c3a5t0e61 HTTP/1.1" 200 68532 "https://www.eskijuva-bozori.uz.uzbekgidroenergoqurilish.uz/?%60=m3e5d3i2c3a5t0e61" "Mozilla/5.0 AppleWebKit/537.36 (KHTML, like Gecko; compatible; ClaudeBot/1.0; +claudebot@anthropic.com)"
216.73.216.32 - - [25/Aug/2026:18:43:15 +0500] "GET /?%60=f3a2s5t9h8a2n7d8e7d41 HTTP/1.1" 301 - "-" "Mozilla/5.0 AppleWebKit/537.36 (KHTML, like Gecko; compatible; ClaudeBot/1.0; +claudebot@anthropic.com)"
216.73.216.32 - - [25/Aug/2026:18:43:19 +0500] "GET /uz/?%60=f3a2s5t9h8a2n7d8e7d41 HTTP/1.1" 200 68536 "https://www.eskijuva-bozori.uz.uzbekgidroenergoqurilish.uz/?%60=f3a2s5t9h8a2n7d8e7d41" "Mozilla/5.0 AppleWebKit/537.36 (KHTML, like Gecko; compatible; ClaudeBot/1.0; +claudebot@anthropic.com)"
44.212.232.231 - - [25/Aug/2026:18:44:02 +0500] "GET /uz/?rest_route=/wp/v2/users&start=32 HTTP/1.1" 200 68332 "-" "Mozilla/5.0 AppleWebKit/537.36 (KHTML, like Gecko; compatible; Amazonbot/0.1; +https://developer.amazon.com/support/amazonbot) Chrome/119.0.6045.214 Safari/537.36"
52.2.58.41 - - [25/Aug/2026:18:44:07 +0500] "GET /uz/prospectus-uzb/78-emission-25-05-15-uzb HTTP/1.1" 200 56670 "-" "Mozilla/5.0 AppleWebKit/537.36 (KHTML, like Gecko; compatible; Amazonbot/0.1; +https://developer.amazon.com/support/amazonbot) Chrome/119.0.6045.214 Safari/537.36"
54.88.84.219 - - [25/Aug/2026:18:44:10 +0500] "GET /ru/votes-rus?format=feed&type=rss HTTP/1.1" 200 7917 "-" "Mozilla/5.0 AppleWebKit/537.36 (KHTML, like Gecko; compatible; Amazonbot/0.1; +https://developer.amazon.com/support/amazonbot) Chrome/119.0.6045.214 Safari/537.36"
34.239.197.197 - - [25/Aug/2026:18:44:22 +0500] "GET /uz/?format=feed&phpinfo=16arSsAYV&type=atom HTTP/1.1" 200 8949 "-" "Mozilla/5.0 AppleWebKit/537.36 (KHTML, like Gecko; compatible; Amazonbot/0.1; +https://developer.amazon.com/support/amazonbot) Chrome/119.0.6045.214 Safari/537.36"
20.220.10.235 - - [25/Aug/2026:18:44:32 +0500] "GET /wp-content/plugins/hellopress/wp_filemanager.php HTTP/1.1" 401 36 "-" "-"
20.220.10.235 - - [25/Aug/2026:18:44:32 +0500] "GET /this_is_a_new_hello_world.php HTTP/1.1" 401 36 "-" "-"
20.220.10.235 - - [25/Aug/2026:18:44:33 +0500] "GET /wp-content/admin.php HTTP/1.1" 401 36 "-" "-"
20.220.10.235 - - [25/Aug/2026:18:44:33 +0500] "GET /ajax-controller.php HTTP/1.1" 401 36 "-" "-"
20.220.10.235 - - [25/Aug/2026:18:44:33 +0500] "GET /kerang.php HTTP/1.1" 401 36 "-" "-"
20.220.10.235 - - [25/Aug/2026:18:44:34 +0500] "GET /vendor.php HTTP/1.1" 401 36 "-" "-"
20.220.10.235 - - [25/Aug/2026:18:44:34 +0500] "GET /output.php HTTP/1.1" 401 36 "-" "-"
20.220.10.235 - - [25/Aug/2026:18:44:35 +0500] "GET /wp4.php HTTP/1.1" 401 36 "-" "-"
20.220.10.235 - - [25/Aug/2026:18:44:35 +0500] "GET /d62.php HTTP/1.1" 401 36 "-" "-"
20.220.10.235 - - [25/Aug/2026:18:44:36 +0500] "GET /save.php HTTP/1.1" 401 36 "-" "-"
20.220.10.235 - - [25/Aug/2026:18:44:36 +0500] "GET /wp-admin/js/index.php HTTP/1.1" 401 36 "-" "-"
20.220.10.235 - - [25/Aug/2026:18:44:37 +0500] "GET /df.php HTTP/1.1" 401 36 "-" "-"
20.220.10.235 - - [25/Aug/2026:18:44:37 +0500] "GET /100.php HTTP/1.1" 401 36 "-" "-"
20.220.10.235 - - [25/Aug/2026:18:44:37 +0500] "GET /rt.php HTTP/1.1" 401 36 "-" "-"
114.119.146.195 - - [25/Aug/2026:18:44:33 +0500] "GET /uz/?__kds_flag=post&start=24 HTTP/1.1" 200 67839 "https://eskijuva-bozori.uz/uz/?vars%5B0%5D=phpinfo&vars%5B1%5D%5B0%5D=1&function=call_user_func_array&start=32" "Mozilla/5.0 (Linux; Android 7.0;) AppleWebKit/537.36 (HTML, like Gecko) Mobile Safari/537.36 (compatible; PetalBot;+https://webmaster.petalsearch.com/site/petalbot)"
20.220.10.235 - - [25/Aug/2026:18:44:38 +0500] "GET /red.php HTTP/1.1" 401 36 "-" "-"
20.220.10.235 - - [25/Aug/2026:18:44:38 +0500] "GET /wp9.php HTTP/1.1" 401 36 "-" "-"
20.220.10.235 - - [25/Aug/2026:18:44:39 +0500] "GET /zoo2.php HTTP/1.1" 401 36 "-" "-"
20.220.10.235 - - [25/Aug/2026:18:44:39 +0500] "GET /png.php HTTP/1.1" 401 36 "-" "-"
20.220.10.235 - - [25/Aug/2026:18:44:40 +0500] "GET /wp-content/ms-files.php HTTP/1.1" 401 36 "-" "-"
20.220.10.235 - - [25/Aug/2026:18:44:40 +0500] "GET /z43agz.php HTTP/1.1" 401 36 "-" "-"
20.220.10.235 - - [25/Aug/2026:18:44:41 +0500] "GET /222.php HTTP/1.1" 401 36 "-" "-"
20.220.10.235 - - [25/Aug/2026:18:44:41 +0500] "GET /4PJcpMFsD8B.php HTTP/1.1" 401 36 "-" "-"
20.220.10.235 - - [25/Aug/2026:18:44:41 +0500] "GET /005.php HTTP/1.1" 401 36 "-" "-"
20.220.10.235 - - [25/Aug/2026:18:44:42 +0500] "GET /Zoo.php HTTP/1.1" 401 36 "-" "-"
20.220.10.235 - - [25/Aug/2026:18:44:42 +0500] "GET /wp-content/replace.php HTTP/1.1" 401 36 "-" "-"
20.220.10.235 - - [25/Aug/2026:18:44:43 +0500] "GET /meninbox.php HTTP/1.1" 401 36 "-" "-"
20.220.10.235 - - [25/Aug/2026:18:44:43 +0500] "GET /wp-admin/images/acxx.php HTTP/1.1" 401 36 "-" "-"
20.220.10.235 - - [25/Aug/2026:18:44:44 +0500] "GET /albin.php HTTP/1.1" 401 36 "-" "-"
20.220.10.235 - - [25/Aug/2026:18:44:44 +0500] "GET /static.php HTTP/1.1" 401 36 "-" "-"
20.220.10.235 - - [25/Aug/2026:18:44:45 +0500] "GET /yawa.php HTTP/1.1" 401 36 "-" "-"
20.220.10.235 - - [25/Aug/2026:18:44:45 +0500] "GET /wp-content/index.php HTTP/1.1" 401 36 "-" "-"
20.220.10.235 - - [25/Aug/2026:18:44:45 +0500] "GET /wp-content/uploads/file1.php HTTP/1.1" 401 36 "-" "-"
20.220.10.235 - - [25/Aug/2026:18:44:46 +0500] "GET /dot.php HTTP/1.1" 401 36 "-" "-"
20.220.10.235 - - [25/Aug/2026:18:44:46 +0500] "GET /az.php HTTP/1.1" 401 36 "-" "-"
20.220.10.235 - - [25/Aug/2026:18:44:47 +0500] "GET /7.php HTTP/1.1" 401 36 "-" "-"
20.220.10.235 - - [25/Aug/2026:18:44:47 +0500] "GET /1xmomo.php HTTP/1.1" 401 36 "-" "-"
20.220.10.235 - - [25/Aug/2026:18:44:48 +0500] "GET /3.php HTTP/1.1" 401 36 "-" "-"
20.220.10.235 - - [25/Aug/2026:18:44:48 +0500] "GET /kir.php HTTP/1.1" 401 36 "-" "-"
20.220.10.235 - - [25/Aug/2026:18:44:49 +0500] "GET /adminner.php HTTP/1.1" 401 36 "-" "-"
20.220.10.235 - - [25/Aug/2026:18:44:49 +0500] "GET /bal.php HTTP/1.1" 401 36 "-" "-"
20.220.10.235 - - [25/Aug/2026:18:44:50 +0500] "GET /makeasmtp.php HTTP/1.1" 401 36 "-" "-"
20.220.10.235 - - [25/Aug/2026:18:44:50 +0500] "GET /rucoy.php HTTP/1.1" 401 36 "-" "-"
20.220.10.235 - - [25/Aug/2026:18:44:50 +0500] "GET /accesson.php HTTP/1.1" 401 36 "-" "-"
20.220.10.235 - - [25/Aug/2026:18:44:51 +0500] "GET /memberfuns.php HTTP/1.1" 401 36 "-" "-"
20.220.10.235 - - [25/Aug/2026:18:44:51 +0500] "GET /wp-admin/privacy.php HTTP/1.1" 401 36 "-" "-"
20.220.10.235 - - [25/Aug/2026:18:44:52 +0500] "GET /run.php HTTP/1.1" 401 36 "-" "-"
20.220.10.235 - - [25/Aug/2026:18:44:52 +0500] "GET /x1da.php HTTP/1.1" 401 36 "-" "-"
20.220.10.235 - - [25/Aug/2026:18:44:53 +0500] "GET /bp.php HTTP/1.1" 401 36 "-" "-"
20.220.10.235 - - [25/Aug/2026:18:44:53 +0500] "GET /82.php HTTP/1.1" 401 36 "-" "-"
20.220.10.235 - - [25/Aug/2026:18:44:54 +0500] "GET /wp-content/cong.php HTTP/1.1" 401 36 "-" "-"
20.220.10.235 - - [25/Aug/2026:18:44:54 +0500] "GET /new.php HTTP/1.1" 401 36 "-" "-"
20.220.10.235 - - [25/Aug/2026:18:44:55 +0500] "GET /ot.php HTTP/1.1" 401 36 "-" "-"
20.220.10.235 - - [25/Aug/2026:18:44:55 +0500] "GET /fz.php HTTP/1.1" 401 36 "-" "-"
20.220.10.235 - - [25/Aug/2026:18:44:55 +0500] "GET /txets.php HTTP/1.1" 401 36 "-" "-"
20.220.10.235 - - [25/Aug/2026:18:44:56 +0500] "GET /mifta.php HTTP/1.1" 401 36 "-" "-"
20.220.10.235 - - [25/Aug/2026:18:44:56 +0500] "GET /av.php HTTP/1.1" 401 36 "-" "-"
20.220.10.235 - - [25/Aug/2026:18:44:57 +0500] "GET /wp-includes/Text/Diff/Engine/file_ed27.php HTTP/1.1" 401 36 "-" "-"
20.220.10.235 - - [25/Aug/2026:18:44:57 +0500] "GET /ho.php HTTP/1.1" 401 36 "-" "-"
20.220.10.235 - - [25/Aug/2026:18:44:58 +0500] "GET /wp-fure.php HTTP/1.1" 401 36 "-" "-"
20.220.10.235 - - [25/Aug/2026:18:44:58 +0500] "GET /css/database.php HTTP/1.1" 401 36 "-" "-"
20.220.10.235 - - [25/Aug/2026:18:44:58 +0500] "GET /ab.php HTTP/1.1" 401 36 "-" "-"
20.220.10.235 - - [25/Aug/2026:18:44:59 +0500] "GET /wp-includes/Text/Diff/Engine/file_cdd9.php HTTP/1.1" 401 36 "-" "-"
20.220.10.235 - - [25/Aug/2026:18:44:59 +0500] "GET /dex.php HTTP/1.1" 401 36 "-" "-"
20.220.10.235 - - [25/Aug/2026:18:45:00 +0500] "GET /srontol.php HTTP/1.1" 401 36 "-" "-"
20.220.10.235 - - [25/Aug/2026:18:45:00 +0500] "GET /wp-content/min.php HTTP/1.1" 401 36 "-" "-"
20.220.10.235 - - [25/Aug/2026:18:45:01 +0500] "GET /wp-content/themes/index.php HTTP/1.1" 401 36 "-" "-"
20.220.10.235 - - [25/Aug/2026:18:45:01 +0500] "GET /fine.php HTTP/1.1" 401 36 "-" "-"
3.226.106.93 - - [25/Aug/2026:18:44:53 +0500] "GET /ru/officially-rus/old-acts-rus?template=accessibility HTTP/1.1" 200 28768 "-" "Mozilla/5.0 AppleWebKit/537.36 (KHTML, like Gecko; compatible; Amazonbot/0.1; +https://developer.amazon.com/support/amazonbot) Chrome/119.0.6045.214 Safari/537.36"
20.220.10.235 - - [25/Aug/2026:18:45:02 +0500] "GET /tiny2.php HTTP/1.1" 401 36 "-" "-"
20.220.10.235 - - [25/Aug/2026:18:45:02 +0500] "GET /read.php HTTP/1.1" 401 36 "-" "-"
20.220.10.235 - - [25/Aug/2026:18:45:03 +0500] "GET /epinyins.php HTTP/1.1" 401 36 "-" "-"
20.220.10.235 - - [25/Aug/2026:18:45:03 +0500] "GET /usr.php HTTP/1.1" 401 36 "-" "-"
20.220.10.235 - - [25/Aug/2026:18:45:04 +0500] "GET /wp-css.php HTTP/1.1" 401 36 "-" "-"
20.220.10.235 - - [25/Aug/2026:18:45:04 +0500] "GET /ccou.php HTTP/1.1" 401 36 "-" "-"
20.220.10.235 - - [25/Aug/2026:18:45:04 +0500] "GET /dehnl.php HTTP/1.1" 401 36 "-" "-"
20.220.10.235 - - [25/Aug/2026:18:45:05 +0500] "GET /we.php HTTP/1.1" 401 36 "-" "-"
20.220.10.235 - - [25/Aug/2026:18:45:05 +0500] "GET /php.php HTTP/1.1" 401 36 "-" "-"
20.220.10.235 - - [25/Aug/2026:18:45:06 +0500] "GET /coffe.php HTTP/1.1" 401 36 "-" "-"
20.220.10.235 - - [25/Aug/2026:18:45:06 +0500] "GET /v5.php HTTP/1.1" 401 36 "-" "-"
20.220.10.235 - - [25/Aug/2026:18:45:07 +0500] "GET /ms-files.php HTTP/1.1" 401 36 "-" "-"
20.220.10.235 - - [25/Aug/2026:18:45:07 +0500] "GET /wp-asudo.php HTTP/1.1" 401 36 "-" "-"
20.220.10.235 - - [25/Aug/2026:18:45:08 +0500] "GET /wp-admin/maint/max.php HTTP/1.1" 401 36 "-" "-"
20.220.10.235 - - [25/Aug/2026:18:45:08 +0500] "GET /wp5.php HTTP/1.1" 401 36 "-" "-"
20.220.10.235 - - [25/Aug/2026:18:45:08 +0500] "GET /12.php HTTP/1.1" 401 36 "-" "-"
20.220.10.235 - - [25/Aug/2026:18:45:09 +0500] "GET /dk.php HTTP/1.1" 401 36 "-" "-"
20.220.10.235 - - [25/Aug/2026:18:45:09 +0500] "GET /JawirGenk.php HTTP/1.1" 401 36 "-" "-"
20.220.10.235 - - [25/Aug/2026:18:45:10 +0500] "GET /wp6.php HTTP/1.1" 401 36 "-" "-"
20.220.10.235 - - [25/Aug/2026:18:45:10 +0500] "GET /index2.php HTTP/1.1" 401 36 "-" "-"
20.220.10.235 - - [25/Aug/2026:18:45:11 +0500] "GET /wkl.php HTTP/1.1" 401 36 "-" "-"
20.220.10.235 - - [25/Aug/2026:18:45:11 +0500] "GET /fw/faiyy.php HTTP/1.1" 401 36 "-" "-"
20.220.10.235 - - [25/Aug/2026:18:45:12 +0500] "GET /bdroot.php HTTP/1.1" 401 36 "-" "-"
20.220.10.235 - - [25/Aug/2026:18:45:12 +0500] "GET /wpxml.php HTTP/1.1" 401 36 "-" "-"
20.220.10.235 - - [25/Aug/2026:18:45:12 +0500] "GET /ohct.php HTTP/1.1" 401 36 "-" "-"
20.220.10.235 - - [25/Aug/2026:18:45:13 +0500] "GET /f35.update.php HTTP/1.1" 401 36 "-" "-"
20.220.10.235 - - [25/Aug/2026:18:45:13 +0500] "GET /todo.php HTTP/1.1" 401 36 "-" "-"
20.220.10.235 - - [25/Aug/2026:18:45:14 +0500] "GET /wp-admin/css/index.php HTTP/1.1" 401 36 "-" "-"
20.220.10.235 - - [25/Aug/2026:18:45:14 +0500] "GET /load.php HTTP/1.1" 401 36 "-" "-"
20.220.10.235 - - [25/Aug/2026:18:45:15 +0500] "GET /privdayz.php HTTP/1.1" 401 36 "-" "-"
20.220.10.235 - - [25/Aug/2026:18:45:15 +0500] "GET /js.php HTTP/1.1" 401 36 "-" "-"
20.220.10.235 - - [25/Aug/2026:18:45:16 +0500] "GET /v2.php HTTP/1.1" 401 36 "-" "-"
20.220.10.235 - - [25/Aug/2026:18:45:16 +0500] "GET /wp-wlx.php HTTP/1.1" 401 36 "-" "-"
20.220.10.235 - - [25/Aug/2026:18:45:16 +0500] "GET /xty.php HTTP/1.1" 401 36 "-" "-"
20.220.10.235 - - [25/Aug/2026:18:45:18 +0500] "GET /3PJcpMFsD8B.php HTTP/1.1" 401 36 "-" "-"
20.220.10.235 - - [25/Aug/2026:18:45:18 +0500] "GET /adjig.php HTTP/1.1" 401 36 "-" "-"
20.220.10.235 - - [25/Aug/2026:18:45:18 +0500] "GET /gr.php HTTP/1.1" 401 36 "-" "-"
20.220.10.235 - - [25/Aug/2026:18:45:19 +0500] "GET /berlin.php HTTP/1.1" 401 36 "-" "-"
20.220.10.235 - - [25/Aug/2026:18:45:19 +0500] "GET /a1vx.php HTTP/1.1" 401 36 "-" "-"
20.220.10.235 - - [25/Aug/2026:18:45:20 +0500] "GET /pfm.php HTTP/1.1" 401 36 "-" "-"
20.220.10.235 - - [25/Aug/2026:18:45:20 +0500] "GET /wp-admin/setup-config.php HTTP/1.1" 401 36 "-" "-"
20.220.10.235 - - [25/Aug/2026:18:45:21 +0500] "GET /fw/34.php HTTP/1.1" 401 36 "-" "-"
20.220.10.235 - - [25/Aug/2026:18:45:21 +0500] "GET /ty.php HTTP/1.1" 401 36 "-" "-"
20.220.10.235 - - [25/Aug/2026:18:45:22 +0500] "GET /Jcrop.php HTTP/1.1" 401 36 "-" "-"
20.220.10.235 - - [25/Aug/2026:18:45:22 +0500] "GET /karry.php HTTP/1.1" 401 36 "-" "-"
20.220.10.235 - - [25/Aug/2026:18:45:22 +0500] "GET /reviall.php HTTP/1.1" 401 36 "-" "-"
20.220.10.235 - - [25/Aug/2026:18:45:23 +0500] "GET /xwpg.php HTTP/1.1" 401 36 "-" "-"
20.220.10.235 - - [25/Aug/2026:18:45:23 +0500] "GET /log.php HTTP/1.1" 401 36 "-" "-"
20.220.10.235 - - [25/Aug/2026:18:45:24 +0500] "GET /wpupex.php HTTP/1.1" 401 36 "-" "-"
20.220.10.235 - - [25/Aug/2026:18:45:24 +0500] "GET /000.php HTTP/1.1" 401 36 "-" "-"
20.220.10.235 - - [25/Aug/2026:18:45:25 +0500] "GET /wp-content/options.php HTTP/1.1" 401 36 "-" "-"
20.220.10.235 - - [25/Aug/2026:18:45:25 +0500] "GET /wp-rrtx.php HTTP/1.1" 401 36 "-" "-"
20.220.10.235 - - [25/Aug/2026:18:45:26 +0500] "GET /wp-content/df.php HTTP/1.1" 401 36 "-" "-"
20.220.10.235 - - [25/Aug/2026:18:45:26 +0500] "GET /wp-content/uploads/users.php HTTP/1.1" 401 36 "-" "-"
20.220.10.235 - - [25/Aug/2026:18:45:26 +0500] "GET /nofile.php HTTP/1.1" 401 36 "-" "-"
20.220.10.235 - - [25/Aug/2026:18:45:27 +0500] "GET /cok.php HTTP/1.1" 401 36 "-" "-"
20.220.10.235 - - [25/Aug/2026:18:45:27 +0500] "GET /wg459o.php HTTP/1.1" 401 36 "-" "-"
20.220.10.235 - - [25/Aug/2026:18:45:28 +0500] "GET /wp-content/uploads/panel.php HTTP/1.1" 401 36 "-" "-"
20.220.10.235 - - [25/Aug/2026:18:45:28 +0500] "GET /gecko-new.php HTTP/1.1" 401 36 "-" "-"
20.220.10.235 - - [25/Aug/2026:18:45:29 +0500] "GET /sxxb.php HTTP/1.1" 401 36 "-" "-"
20.220.10.235 - - [25/Aug/2026:18:45:29 +0500] "GET /ws77.php HTTP/1.1" 401 36 "-" "-"
20.220.10.235 - - [25/Aug/2026:18:45:30 +0500] "GET /fling.php HTTP/1.1" 401 36 "-" "-"
20.220.10.235 - - [25/Aug/2026:18:45:30 +0500] "GET /kj.php HTTP/1.1" 401 36 "-" "-"
20.220.10.235 - - [25/Aug/2026:18:45:31 +0500] "GET /crgio.php HTTP/1.1" 401 36 "-" "-"
20.220.10.235 - - [25/Aug/2026:18:45:31 +0500] "GET /css.php HTTP/1.1" 401 36 "-" "-"
20.220.10.235 - - [25/Aug/2026:18:45:32 +0500] "GET /wp-content/xyn.php HTTP/1.1" 401 36 "-" "-"
20.220.10.235 - - [25/Aug/2026:18:45:32 +0500] "GET /talkxkej.php HTTP/1.1" 401 36 "-" "-"
20.220.10.235 - - [25/Aug/2026:18:45:33 +0500] "GET /nwflm.php HTTP/1.1" 401 36 "-" "-"
98.84.70.201 - - [25/Aug/2026:18:46:10 +0500] "GET /uz/?phpinfo=16arSsAYV&start=20 HTTP/1.1" 200 68359 "-" "Mozilla/5.0 AppleWebKit/537.36 (KHTML, like Gecko; compatible; Amazonbot/0.1; +https://developer.amazon.com/support/amazonbot) Chrome/119.0.6045.214 Safari/537.36"
34.10.180.98 - - [25/Aug/2026:18:47:44 +0500] "GET /ru/about-org-rus/indexes-rus/103-reports-2015-rus HTTP/1.1" 200 56861 "-" "Mozilla/5.0 (Macintosh; Intel Mac OS X 10_15_7) AppleWebKit/537.36 (KHTML, like Gecko) Chrome/120.0.0.0 Safari/537.36"
34.10.180.98 - - [25/Aug/2026:18:47:52 +0500] "GET /ru/korp-upr-rus/450-corp-upr-rating-2024 HTTP/1.1" 200 55210 "-" "Mozilla/5.0 (Macintosh; Intel Mac OS X 10_15_7) AppleWebKit/537.36 (KHTML, like Gecko) Chrome/120.0.0.0 Safari/537.36"
85.208.96.198 - - [25/Aug/2026:18:48:24 +0500] "GET /robots.txt HTTP/1.1" 200 111 "-" "Mozilla/5.0 (compatible; SemrushBot/7~bl; +http://www.semrush.com/bot.html)"
216.73.216.32 - - [25/Aug/2026:18:48:17 +0500] "GET /uz/?format=feed&r=d4o2c7k9y3a0r7d8357&type=rss HTTP/1.1" 200 6201 "-" "Mozilla/5.0 AppleWebKit/537.36 (KHTML, like Gecko; compatible; ClaudeBot/1.0; +claudebot@anthropic.com)"
85.208.96.212 - - [25/Aug/2026:18:48:25 +0500] "GET /uz/?author=16 HTTP/1.1" 200 68527 "-" "Mozilla/5.0 (compatible; SemrushBot/7~bl; +http://www.semrush.com/bot.html)"
34.30.223.149 - - [25/Aug/2026:18:48:35 +0500] "GET /uz/about-org-uzb/indexes-uzb/10-uzbek?start=50 HTTP/1.1" 200 66309 "-" "Mozilla/5.0 (Macintosh; Intel Mac OS X 10_15_7) AppleWebKit/537.36 (KHTML, like Gecko) Chrome/120.0.0.0 Safari/537.36"
34.171.68.95 - - [25/Aug/2026:18:48:49 +0500] "GET /ru/about-org-rus/strategy-rus HTTP/1.1" 200 59784 "-" "Mozilla/5.0 (Macintosh; Intel Mac OS X 10_15_7) AppleWebKit/537.36 (KHTML, like Gecko) Chrome/120.0.0.0 Safari/537.36"
85.208.96.199 - - [25/Aug/2026:18:48:49 +0500] "GET /uz/officially-uzb/tenders-uzb/171-vacancy-director-uzb HTTP/1.1" 200 58781 "-" "Mozilla/5.0 (compatible; SemrushBot/7~bl; +http://www.semrush.com/bot.html)"
34.10.180.98 - - [25/Aug/2026:18:49:33 +0500] "GET /ru/info-for-shareholders-rus HTTP/1.1" 200 63066 "-" "Mozilla/5.0 (Macintosh; Intel Mac OS X 10_15_7) AppleWebKit/537.36 (KHTML, like Gecko) Chrome/120.0.0.0 Safari/537.36"
34.56.53.225 - - [25/Aug/2026:18:50:02 +0500] "GET /uz/about-org-uzb/indexes-uzb/220-fin-activity-report-2017-uzb HTTP/1.1" 200 61951 "-" "Mozilla/5.0 (Macintosh; Intel Mac OS X 10_15_7) AppleWebKit/537.36 (KHTML, like Gecko) Chrome/120.0.0.0 Safari/537.36"
34.10.180.98 - - [25/Aug/2026:18:50:33 +0500] "GET /uz/component/search/?Itemid=452&format=opensearch HTTP/1.1" 508 288 "-" "Mozilla/5.0 (Macintosh; Intel Mac OS X 10_15_7) AppleWebKit/537.36 (KHTML, like Gecko) Chrome/120.0.0.0 Safari/537.36"
34.42.229.145 - - [25/Aug/2026:18:51:32 +0500] "GET /ru/korp-upr-rus/440-corp-upr-rating-2021 HTTP/1.1" 200 54974 "-" "Mozilla/5.0 (Macintosh; Intel Mac OS X 10_15_7) AppleWebKit/537.36 (KHTML, like Gecko) Chrome/120.0.0.0 Safari/537.36"
161.153.11.8 - - [25/Aug/2026:18:52:44 +0500] "GET /uz/officially-uzb/tenders-uzb/257-tender-fin-act-2019 HTTP/1.1" 200 15601 "-" "Mozilla/5.0 (X11; Linux aarch64) AppleWebKit/537.36 (KHTML, like Gecko) Chrome/139.0.0.0 Safari/537.36"
34.10.180.98 - - [25/Aug/2026:18:52:50 +0500] "GET /ru/facts-rus/458-sush-fakt-32-15-04-2025-ej-pdf HTTP/1.1" 200 55874 "-" "Mozilla/5.0 (Macintosh; Intel Mac OS X 10_15_7) AppleWebKit/537.36 (KHTML, like Gecko) Chrome/120.0.0.0 Safari/537.36"
161.153.11.8 - - [25/Aug/2026:18:53:43 +0500] "GET /uz/officially-uzb/tenders-uzb/257-tender-fin-act-2019 HTTP/1.1" 508 288 "-" "Mozilla/5.0 (X11; Linux aarch64) AppleWebKit/537.36 (KHTML, like Gecko) Chrome/139.0.0.0 Safari/537.36"
35.254.159.230 - - [25/Aug/2026:18:53:38 +0500] "GET /ru/component/search/?Itemid=119&format=opensearch HTTP/1.1" 200 830 "-" "Mozilla/5.0 (Macintosh; Intel Mac OS X 10_15_7) AppleWebKit/537.36 (KHTML, like Gecko) Chrome/120.0.0.0 Safari/537.36"
34.171.68.95 - - [25/Aug/2026:18:53:49 +0500] "GET /uz/component/search/?Itemid=166&catid=30&format=opensearch&id=452 HTTP/1.1" 200 772 "-" "Mozilla/5.0 (Macintosh; Intel Mac OS X 10_15_7) AppleWebKit/537.36 (KHTML, like Gecko) Chrome/120.0.0.0 Safari/537.36"
216.73.216.108 - - [25/Aug/2026:18:54:10 +0500] "GET /?r=e9s1e8r8i8n2e71269 HTTP/1.1" 301 - "-" "Mozilla/5.0 AppleWebKit/537.36 (KHTML, like Gecko; compatible; ClaudeBot/1.0; +claudebot@anthropic.com)"
216.73.216.32 - - [25/Aug/2026:18:54:18 +0500] "GET /uz/?r=c9h2e3i6r9o1p5t5e6r30&start=20 HTTP/1.1" 200 68554 "-" "Mozilla/5.0 AppleWebKit/537.36 (KHTML, like Gecko; compatible; ClaudeBot/1.0; +claudebot@anthropic.com)"
85.208.96.206 - - [25/Aug/2026:18:54:19 +0500] "GET /uz/facts-uzb?template=accessibility HTTP/1.1" 200 38470 "-" "Mozilla/5.0 (compatible; SemrushBot/7~bl; +http://www.semrush.com/bot.html)"
216.73.216.108 - - [25/Aug/2026:18:54:24 +0500] "GET /?r=d9i1c0e4d6723422 HTTP/1.1" 301 - "-" "Mozilla/5.0 AppleWebKit/537.36 (KHTML, like Gecko; compatible; ClaudeBot/1.0; +claudebot@anthropic.com)"
216.73.216.108 - - [25/Aug/2026:18:54:30 +0500] "GET /?r=c9e3s0t0i9d1a37030 HTTP/1.1" 301 - "-" "Mozilla/5.0 AppleWebKit/537.36 (KHTML, like Gecko; compatible; ClaudeBot/1.0; +claudebot@anthropic.com)"
216.73.216.108 - - [25/Aug/2026:18:54:34 +0500] "GET /uz/?r=c9e3s0t0i9d1a37030 HTTP/1.1" 200 68314 "https://eskijuva-bozori.uz/?r=c9e3s0t0i9d1a37030" "Mozilla/5.0 AppleWebKit/537.36 (KHTML, like Gecko; compatible; ClaudeBot/1.0; +claudebot@anthropic.com)"
216.73.216.32 - - [25/Aug/2026:18:54:40 +0500] "GET /shops/closeting/c3o2l0l3i1g1a5t9i8n8g5 HTTP/1.1" 301 - "-" "Mozilla/5.0 AppleWebKit/537.36 (KHTML, like Gecko; compatible; ClaudeBot/1.0; +claudebot@anthropic.com)"
216.73.216.108 - - [25/Aug/2026:18:54:41 +0500] "GET /?r=m9a2c4r9o2s5c4o1p2i0c8 HTTP/1.1" 301 - "-" "Mozilla/5.0 AppleWebKit/537.36 (KHTML, like Gecko; compatible; ClaudeBot/1.0; +claudebot@anthropic.com)"
216.73.216.32 - - [25/Aug/2026:18:54:46 +0500] "GET /uz/shops/closeting/c3o2l0l3i1g1a5t9i8n8g5 HTTP/1.1" 404 1248 "https://www.eskijuva-bozori.uz.uzbekgidroenergoqurilish.uz/shops/closeting/c3o2l0l3i1g1a5t9i8n8g5" "Mozilla/5.0 AppleWebKit/537.36 (KHTML, like Gecko; compatible; ClaudeBot/1.0; +claudebot@anthropic.com)"
216.73.216.108 - - [25/Aug/2026:18:54:47 +0500] "GET /uz/?r=m9a2c4r9o2s5c4o1p2i0c8 HTTP/1.1" 200 68318 "https://eskijuva-bozori.uz/?r=m9a2c4r9o2s5c4o1p2i0c8" "Mozilla/5.0 AppleWebKit/537.36 (KHTML, like Gecko; compatible; ClaudeBot/1.0; +claudebot@anthropic.com)"
185.191.171.4 - - [25/Aug/2026:18:54:58 +0500] "GET /uz/?function=call_user_func_array&s=index%2Fthinkapp%2Finvokefunction&start=32&vars%5B0%5D=phpinfo&vars%5B1%5D%5B0%5D=1 HTTP/1.1" 200 68427 "-" "Mozilla/5.0 (compatible; SemrushBot/7~bl; +http://www.semrush.com/bot.html)"
216.73.216.108 - - [25/Aug/2026:18:55:09 +0500] "GET /?r=m9u3s7s8e4l737467 HTTP/1.1" 508 288 "-" "Mozilla/5.0 AppleWebKit/537.36 (KHTML, like Gecko; compatible; ClaudeBot/1.0; +claudebot@anthropic.com)"
216.73.216.108 - - [25/Aug/2026:18:55:10 +0500] "GET /shops/epulosity/a9q2u3a7t4i2c5u2m251 HTTP/1.1" 301 - "-" "Mozilla/5.0 AppleWebKit/537.36 (KHTML, like Gecko; compatible; ClaudeBot/1.0; +claudebot@anthropic.com)"
216.73.216.108 - - [25/Aug/2026:18:55:16 +0500] "GET /uz/shops/epulosity/a9q2u3a7t4i2c5u2m251 HTTP/1.1" 404 1216 "https://eskijuva-bozori.uz/shops/epulosity/a9q2u3a7t4i2c5u2m251" "Mozilla/5.0 AppleWebKit/537.36 (KHTML, like Gecko; compatible; ClaudeBot/1.0; +claudebot@anthropic.com)"
216.73.216.108 - - [25/Aug/2026:18:55:23 +0500] "GET /?r=h9u1m5b9i1r8d98437 HTTP/1.1" 301 - "-" "Mozilla/5.0 AppleWebKit/537.36 (KHTML, like Gecko; compatible; ClaudeBot/1.0; +claudebot@anthropic.com)"
216.73.216.108 - - [25/Aug/2026:18:55:26 +0500] "GET /uz/?r=h9u1m5b9i1r8d98437 HTTP/1.1" 200 68314 "https://eskijuva-bozori.uz/?r=h9u1m5b9i1r8d98437" "Mozilla/5.0 AppleWebKit/537.36 (KHTML, like Gecko; compatible; ClaudeBot/1.0; +claudebot@anthropic.com)"
66.249.77.72 - - [25/Aug/2026:18:55:35 +0500] "GET /images/links/csm-ru.png HTTP/1.1" 200 14038 "-" "Googlebot-Image/1.0"
216.73.216.108 - - [25/Aug/2026:18:55:33 +0500] "GET /?r=g9o3l8f8c2l5u2b4123 HTTP/1.1" 301 - "-" "Mozilla/5.0 AppleWebKit/537.36 (KHTML, like Gecko; compatible; ClaudeBot/1.0; +claudebot@anthropic.com)"
216.73.216.108 - - [25/Aug/2026:18:55:37 +0500] "GET /uz/?r=g9o3l8f8c2l5u2b4123 HTTP/1.1" 200 68315 "https://eskijuva-bozori.uz/?r=g9o3l8f8c2l5u2b4123" "Mozilla/5.0 AppleWebKit/537.36 (KHTML, like Gecko; compatible; ClaudeBot/1.0; +claudebot@anthropic.com)"
216.73.216.108 - - [25/Aug/2026:18:55:49 +0500] "GET /shops/croesus/r9i4d2g6e7p8o0l9e210 HTTP/1.1" 301 - "-" "Mozilla/5.0 AppleWebKit/537.36 (KHTML, like Gecko; compatible; ClaudeBot/1.0; +claudebot@anthropic.com)"
