uawdijnntqw1x1x1
IP : 216.73.216.109
Hostname : hosting1.hostmaster.uz
Kernel : Linux hosting1.hostmaster.uz 5.14.0-570.52.1.el9_6.x86_64 #1 SMP PREEMPT_DYNAMIC Wed Oct 15 06:39:08 EDT 2025 x86_64
Disable Function : None :)
OS : Linux
PATH:
/
home
/
uzgidenergo
/
access-logs
/
eskijuva-bozori.uz.uzbekgidroenergoqurilish.uz-ssl_log
/
/
20.63.64.130 - - [25/Aug/2026:17:11:59 +0500] "GET /wp-content/plugins/hellopress/wp_filemanager.php HTTP/1.1" 404 5750 "-" "-"
20.63.64.130 - - [25/Aug/2026:17:11:59 +0500] "GET /this_is_a_new_hello_world.php HTTP/1.1" 404 5750 "-" "-"
20.63.64.130 - - [25/Aug/2026:17:12:10 +0500] "GET /wp-content/admin.php HTTP/1.1" 404 5750 "-" "-"
20.63.64.130 - - [25/Aug/2026:17:12:11 +0500] "GET /ajax-controller.php HTTP/1.1" 404 5750 "-" "-"
20.63.64.130 - - [25/Aug/2026:17:12:11 +0500] "GET /kerang.php HTTP/1.1" 404 5750 "-" "-"
20.63.64.130 - - [25/Aug/2026:17:12:12 +0500] "GET /vendor.php HTTP/1.1" 404 5750 "-" "-"
20.63.64.130 - - [25/Aug/2026:17:12:12 +0500] "GET /output.php HTTP/1.1" 404 5750 "-" "-"
20.63.64.130 - - [25/Aug/2026:17:12:12 +0500] "GET /wp4.php HTTP/1.1" 404 5750 "-" "-"
20.63.64.130 - - [25/Aug/2026:17:12:13 +0500] "GET /d62.php HTTP/1.1" 404 5750 "-" "-"
20.63.64.130 - - [25/Aug/2026:17:12:13 +0500] "GET /save.php HTTP/1.1" 404 5750 "-" "-"
20.63.64.130 - - [25/Aug/2026:17:12:14 +0500] "GET /wp-admin/js/index.php HTTP/1.1" 404 5750 "-" "-"
20.63.64.130 - - [25/Aug/2026:17:12:14 +0500] "GET /df.php HTTP/1.1" 404 5750 "-" "-"
20.63.64.130 - - [25/Aug/2026:17:12:15 +0500] "GET /100.php HTTP/1.1" 404 5750 "-" "-"
20.63.64.130 - - [25/Aug/2026:17:12:15 +0500] "GET /rt.php HTTP/1.1" 404 5750 "-" "-"
20.63.64.130 - - [25/Aug/2026:17:12:16 +0500] "GET /red.php HTTP/1.1" 404 5750 "-" "-"
20.63.64.130 - - [25/Aug/2026:17:12:16 +0500] "GET /wp9.php HTTP/1.1" 404 5750 "-" "-"
20.63.64.130 - - [25/Aug/2026:17:12:16 +0500] "GET /zoo2.php HTTP/1.1" 404 5750 "-" "-"
20.63.64.130 - - [25/Aug/2026:17:12:17 +0500] "GET /png.php HTTP/1.1" 404 5750 "-" "-"
20.63.64.130 - - [25/Aug/2026:17:12:17 +0500] "GET /wp-content/ms-files.php HTTP/1.1" 404 5750 "-" "-"
20.63.64.130 - - [25/Aug/2026:17:12:18 +0500] "GET /z43agz.php HTTP/1.1" 404 5750 "-" "-"
20.63.64.130 - - [25/Aug/2026:17:12:18 +0500] "GET /222.php HTTP/1.1" 404 5750 "-" "-"
20.63.64.130 - - [25/Aug/2026:17:12:19 +0500] "GET /4PJcpMFsD8B.php HTTP/1.1" 404 5750 "-" "-"
20.63.64.130 - - [25/Aug/2026:17:12:19 +0500] "GET /005.php HTTP/1.1" 404 5750 "-" "-"
20.63.64.130 - - [25/Aug/2026:17:12:20 +0500] "GET /Zoo.php HTTP/1.1" 404 5750 "-" "-"
20.63.64.130 - - [25/Aug/2026:17:12:20 +0500] "GET /wp-content/replace.php HTTP/1.1" 404 5750 "-" "-"
20.63.64.130 - - [25/Aug/2026:17:12:20 +0500] "GET /meninbox.php?p= HTTP/1.1" 404 5750 "-" "-"
20.63.64.130 - - [25/Aug/2026:17:12:21 +0500] "GET /wp-admin/images/acxx.php HTTP/1.1" 404 5750 "-" "-"
20.63.64.130 - - [25/Aug/2026:17:12:21 +0500] "GET /albin.php HTTP/1.1" 404 5750 "-" "-"
20.63.64.130 - - [25/Aug/2026:17:12:22 +0500] "GET /static.php HTTP/1.1" 404 5750 "-" "-"
20.63.64.130 - - [25/Aug/2026:17:12:22 +0500] "GET /yawa.php HTTP/1.1" 404 5750 "-" "-"
20.63.64.130 - - [25/Aug/2026:17:12:23 +0500] "GET /wp-content/index.php HTTP/1.1" 404 5750 "-" "-"
20.63.64.130 - - [25/Aug/2026:17:12:23 +0500] "GET /wp-content/uploads/file1.php HTTP/1.1" 404 5750 "-" "-"
20.63.64.130 - - [25/Aug/2026:17:12:24 +0500] "GET /dot.php HTTP/1.1" 404 5750 "-" "-"
20.63.64.130 - - [25/Aug/2026:17:12:24 +0500] "GET /az.php HTTP/1.1" 404 5750 "-" "-"
20.63.64.130 - - [25/Aug/2026:17:12:25 +0500] "GET /7.php HTTP/1.1" 404 5750 "-" "-"
20.63.64.130 - - [25/Aug/2026:17:12:25 +0500] "GET /1xmomo.php HTTP/1.1" 404 5750 "-" "-"
20.63.64.130 - - [25/Aug/2026:17:12:25 +0500] "GET /3.php HTTP/1.1" 404 5750 "-" "-"
20.63.64.130 - - [25/Aug/2026:17:12:26 +0500] "GET /kir.php HTTP/1.1" 404 5750 "-" "-"
20.63.64.130 - - [25/Aug/2026:17:12:26 +0500] "GET /adminner.php HTTP/1.1" 404 5750 "-" "-"
20.63.64.130 - - [25/Aug/2026:17:12:27 +0500] "GET /bal.php HTTP/1.1" 404 5750 "-" "-"
20.63.64.130 - - [25/Aug/2026:17:12:27 +0500] "GET /makeasmtp.php HTTP/1.1" 404 5750 "-" "-"
20.63.64.130 - - [25/Aug/2026:17:12:28 +0500] "GET /rucoy.php HTTP/1.1" 404 5750 "-" "-"
20.63.64.130 - - [25/Aug/2026:17:12:28 +0500] "GET /accesson.php HTTP/1.1" 404 5750 "-" "-"
20.63.64.130 - - [25/Aug/2026:17:12:29 +0500] "GET /memberfuns.php HTTP/1.1" 404 5750 "-" "-"
20.63.64.130 - - [25/Aug/2026:17:12:29 +0500] "GET /wp-admin/privacy.php HTTP/1.1" 404 5750 "-" "-"
20.63.64.130 - - [25/Aug/2026:17:12:29 +0500] "GET /run.php HTTP/1.1" 404 5750 "-" "-"
20.63.64.130 - - [25/Aug/2026:17:12:30 +0500] "GET /x1da.php HTTP/1.1" 404 5750 "-" "-"
20.63.64.130 - - [25/Aug/2026:17:12:30 +0500] "GET /bp.php HTTP/1.1" 404 5750 "-" "-"
20.63.64.130 - - [25/Aug/2026:17:12:31 +0500] "GET /82.php HTTP/1.1" 404 5750 "-" "-"
20.63.64.130 - - [25/Aug/2026:17:12:31 +0500] "GET /wp-content/cong.php HTTP/1.1" 404 5750 "-" "-"
20.63.64.130 - - [25/Aug/2026:17:12:32 +0500] "GET /new.php HTTP/1.1" 404 5750 "-" "-"
20.63.64.130 - - [25/Aug/2026:17:12:32 +0500] "GET /ot.php HTTP/1.1" 404 5750 "-" "-"
20.63.64.130 - - [25/Aug/2026:17:12:33 +0500] "GET /fz.php HTTP/1.1" 404 5750 "-" "-"
20.63.64.130 - - [25/Aug/2026:17:12:33 +0500] "GET /txets.php HTTP/1.1" 404 5750 "-" "-"
20.63.64.130 - - [25/Aug/2026:17:12:34 +0500] "GET /mifta.php HTTP/1.1" 404 5750 "-" "-"
20.63.64.130 - - [25/Aug/2026:17:12:34 +0500] "GET /av.php HTTP/1.1" 404 5750 "-" "-"
20.63.64.130 - - [25/Aug/2026:17:12:34 +0500] "GET /wp-includes/Text/Diff/Engine/file_ed27.php HTTP/1.1" 404 5750 "-" "-"
20.63.64.130 - - [25/Aug/2026:17:12:35 +0500] "GET /ho.php HTTP/1.1" 404 5750 "-" "-"
20.63.64.130 - - [25/Aug/2026:17:12:35 +0500] "GET /wp-fure.php HTTP/1.1" 404 5750 "-" "-"
20.63.64.130 - - [25/Aug/2026:17:12:36 +0500] "GET /css/database.php HTTP/1.1" 404 5750 "-" "-"
20.63.64.130 - - [25/Aug/2026:17:12:36 +0500] "GET /ab.php HTTP/1.1" 404 5750 "-" "-"
20.63.64.130 - - [25/Aug/2026:17:12:37 +0500] "GET /wp-includes/Text/Diff/Engine/file_cdd9.php HTTP/1.1" 404 5750 "-" "-"
20.63.64.130 - - [25/Aug/2026:17:12:37 +0500] "GET /dex.php HTTP/1.1" 404 5750 "-" "-"
20.63.64.130 - - [25/Aug/2026:17:12:38 +0500] "GET /srontol.php HTTP/1.1" 404 5750 "-" "-"
20.63.64.130 - - [25/Aug/2026:17:12:38 +0500] "GET /wp-content/min.php HTTP/1.1" 404 5750 "-" "-"
20.63.64.130 - - [25/Aug/2026:17:12:38 +0500] "GET /wp-content/themes/index.php HTTP/1.1" 404 5750 "-" "-"
20.63.64.130 - - [25/Aug/2026:17:12:39 +0500] "GET /fine.php HTTP/1.1" 404 5750 "-" "-"
20.63.64.130 - - [25/Aug/2026:17:12:39 +0500] "GET /tiny2.php HTTP/1.1" 404 5750 "-" "-"
20.63.64.130 - - [25/Aug/2026:17:12:40 +0500] "GET /read.php HTTP/1.1" 404 5750 "-" "-"
20.63.64.130 - - [25/Aug/2026:17:12:40 +0500] "GET /epinyins.php HTTP/1.1" 404 5750 "-" "-"
20.63.64.130 - - [25/Aug/2026:17:12:41 +0500] "GET /usr.php HTTP/1.1" 404 5750 "-" "-"
20.63.64.130 - - [25/Aug/2026:17:12:41 +0500] "GET /wp-css.php HTTP/1.1" 404 5750 "-" "-"
20.63.64.130 - - [25/Aug/2026:17:12:41 +0500] "GET /ccou.php HTTP/1.1" 404 5750 "-" "-"
20.63.64.130 - - [25/Aug/2026:17:12:42 +0500] "GET /dehnl.php HTTP/1.1" 404 5750 "-" "-"
20.63.64.130 - - [25/Aug/2026:17:12:42 +0500] "GET /we.php HTTP/1.1" 404 5750 "-" "-"
20.63.64.130 - - [25/Aug/2026:17:12:43 +0500] "GET /php.php HTTP/1.1" 404 5750 "-" "-"
20.63.64.130 - - [25/Aug/2026:17:12:44 +0500] "GET /coffe.php HTTP/1.1" 404 5750 "-" "-"
20.63.64.130 - - [25/Aug/2026:17:12:44 +0500] "GET /v5.php HTTP/1.1" 404 5750 "-" "-"
20.63.64.130 - - [25/Aug/2026:17:12:44 +0500] "GET /ms-files.php HTTP/1.1" 404 5750 "-" "-"
20.63.64.130 - - [25/Aug/2026:17:12:45 +0500] "GET /wp-asudo.php HTTP/1.1" 404 5750 "-" "-"
20.63.64.130 - - [25/Aug/2026:17:12:45 +0500] "GET /wp-admin/maint/max.php HTTP/1.1" 404 5750 "-" "-"
20.63.64.130 - - [25/Aug/2026:17:12:46 +0500] "GET /wp5.php HTTP/1.1" 404 5750 "-" "-"
20.63.64.130 - - [25/Aug/2026:17:12:46 +0500] "GET /12.php HTTP/1.1" 404 5750 "-" "-"
20.63.64.130 - - [25/Aug/2026:17:12:46 +0500] "GET /dk.php HTTP/1.1" 404 5750 "-" "-"
20.63.64.130 - - [25/Aug/2026:17:12:47 +0500] "GET /JawirGenk.php HTTP/1.1" 404 5750 "-" "-"
20.63.64.130 - - [25/Aug/2026:17:12:47 +0500] "GET /wp6.php HTTP/1.1" 404 5750 "-" "-"
20.63.64.130 - - [25/Aug/2026:17:12:48 +0500] "GET /index2.php HTTP/1.1" 404 5750 "-" "-"
20.63.64.130 - - [25/Aug/2026:17:12:48 +0500] "GET /wkl.php HTTP/1.1" 404 5750 "-" "-"
20.63.64.130 - - [25/Aug/2026:17:12:49 +0500] "GET /fw/faiyy.php HTTP/1.1" 404 5750 "-" "-"
20.63.64.130 - - [25/Aug/2026:17:12:49 +0500] "GET /bdroot.php HTTP/1.1" 404 5750 "-" "-"
20.63.64.130 - - [25/Aug/2026:17:12:50 +0500] "GET /wpxml.php HTTP/1.1" 404 5750 "-" "-"
20.63.64.130 - - [25/Aug/2026:17:12:50 +0500] "GET /ohct.php HTTP/1.1" 404 5750 "-" "-"
20.63.64.130 - - [25/Aug/2026:17:12:50 +0500] "GET /f35.update.php HTTP/1.1" 404 5750 "-" "-"
20.63.64.130 - - [25/Aug/2026:17:12:51 +0500] "GET /todo.php HTTP/1.1" 404 5750 "-" "-"
20.63.64.130 - - [25/Aug/2026:17:12:51 +0500] "GET /wp-admin/css/index.php HTTP/1.1" 404 5750 "-" "-"
20.63.64.130 - - [25/Aug/2026:17:12:52 +0500] "GET /load.php HTTP/1.1" 404 5750 "-" "-"
20.63.64.130 - - [25/Aug/2026:17:12:52 +0500] "GET /privdayz.php HTTP/1.1" 404 5750 "-" "-"
20.63.64.130 - - [25/Aug/2026:17:12:53 +0500] "GET /js.php HTTP/1.1" 404 5750 "-" "-"
20.63.64.130 - - [25/Aug/2026:17:12:53 +0500] "GET /v2.php HTTP/1.1" 404 5750 "-" "-"
20.63.64.130 - - [25/Aug/2026:17:12:53 +0500] "GET /wp-wlx.php HTTP/1.1" 404 5750 "-" "-"
20.63.64.130 - - [25/Aug/2026:17:12:54 +0500] "GET /xty.php?p= HTTP/1.1" 404 5750 "-" "-"
20.63.64.130 - - [25/Aug/2026:17:12:54 +0500] "GET /3PJcpMFsD8B.php HTTP/1.1" 404 5750 "-" "-"
20.63.64.130 - - [25/Aug/2026:17:12:55 +0500] "GET /adjig.php HTTP/1.1" 404 5750 "-" "-"
20.63.64.130 - - [25/Aug/2026:17:12:57 +0500] "GET /gr.php HTTP/1.1" 404 5750 "-" "-"
20.63.64.130 - - [25/Aug/2026:17:12:58 +0500] "GET /berlin.php HTTP/1.1" 404 5750 "-" "-"
20.63.64.130 - - [25/Aug/2026:17:12:58 +0500] "GET /a1vx.php HTTP/1.1" 404 5750 "-" "-"
20.63.64.130 - - [25/Aug/2026:17:12:59 +0500] "GET /pfm.php HTTP/1.1" 404 5750 "-" "-"
20.63.64.130 - - [25/Aug/2026:17:12:59 +0500] "GET /wp-admin/setup-config.php HTTP/1.1" 404 5750 "-" "-"
20.63.64.130 - - [25/Aug/2026:17:12:59 +0500] "GET /fw/34.php HTTP/1.1" 404 5750 "-" "-"
20.63.64.130 - - [25/Aug/2026:17:13:00 +0500] "GET /ty.php HTTP/1.1" 404 5750 "-" "-"
20.63.64.130 - - [25/Aug/2026:17:13:00 +0500] "GET /Jcrop.php HTTP/1.1" 404 5750 "-" "-"
20.63.64.130 - - [25/Aug/2026:17:13:01 +0500] "GET /karry.php HTTP/1.1" 404 5750 "-" "-"
20.63.64.130 - - [25/Aug/2026:17:13:01 +0500] "GET /reviall.php HTTP/1.1" 404 5750 "-" "-"
20.63.64.130 - - [25/Aug/2026:17:13:02 +0500] "GET /xwpg.php HTTP/1.1" 404 5750 "-" "-"
20.63.64.130 - - [25/Aug/2026:17:13:02 +0500] "GET /log.php HTTP/1.1" 404 5750 "-" "-"
20.63.64.130 - - [25/Aug/2026:17:13:02 +0500] "GET /wpupex.php HTTP/1.1" 404 5750 "-" "-"
20.63.64.130 - - [25/Aug/2026:17:13:03 +0500] "GET /000.php HTTP/1.1" 404 5750 "-" "-"
20.63.64.130 - - [25/Aug/2026:17:13:03 +0500] "GET /wp-content/options.php HTTP/1.1" 404 5750 "-" "-"
20.63.64.130 - - [25/Aug/2026:17:13:04 +0500] "GET /wp-rrtx.php HTTP/1.1" 404 5750 "-" "-"
20.63.64.130 - - [25/Aug/2026:17:13:04 +0500] "GET /wp-content/df.php HTTP/1.1" 404 5750 "-" "-"
20.63.64.130 - - [25/Aug/2026:17:13:05 +0500] "GET /wp-content/uploads/users.php HTTP/1.1" 404 5750 "-" "-"
20.63.64.130 - - [25/Aug/2026:17:13:05 +0500] "GET /nofile.php HTTP/1.1" 404 5750 "-" "-"
20.63.64.130 - - [25/Aug/2026:17:13:05 +0500] "GET /cok.php HTTP/1.1" 404 5750 "-" "-"
20.63.64.130 - - [25/Aug/2026:17:13:06 +0500] "GET /wg459o.php HTTP/1.1" 404 5750 "-" "-"
20.63.64.130 - - [25/Aug/2026:17:13:06 +0500] "GET /wp-content/uploads/panel.php HTTP/1.1" 404 5750 "-" "-"
20.63.64.130 - - [25/Aug/2026:17:13:07 +0500] "GET /gecko-new.php HTTP/1.1" 404 5750 "-" "-"
20.63.64.130 - - [25/Aug/2026:17:13:07 +0500] "GET /sxxb.php HTTP/1.1" 404 5750 "-" "-"
20.63.64.130 - - [25/Aug/2026:17:13:08 +0500] "GET /ws77.php HTTP/1.1" 404 5750 "-" "-"
20.63.64.130 - - [25/Aug/2026:17:13:08 +0500] "GET /fling.php?p= HTTP/1.1" 404 5750 "-" "-"
20.63.64.130 - - [25/Aug/2026:17:13:09 +0500] "GET /kj.php HTTP/1.1" 404 5750 "-" "-"
20.63.64.130 - - [25/Aug/2026:17:13:09 +0500] "GET /crgio.php HTTP/1.1" 404 5750 "-" "-"
20.63.64.130 - - [25/Aug/2026:17:13:09 +0500] "GET /css.php HTTP/1.1" 404 5750 "-" "-"
20.63.64.130 - - [25/Aug/2026:17:13:10 +0500] "GET /wp-content/xyn.php HTTP/1.1" 404 5750 "-" "-"
20.63.64.130 - - [25/Aug/2026:17:13:10 +0500] "GET /talkxkej.php HTTP/1.1" 404 5750 "-" "-"
20.63.64.130 - - [25/Aug/2026:17:13:11 +0500] "GET /nwflm.php HTTP/1.1" 404 5750 "-" "-"
52.54.249.218 - - [25/Aug/2026:17:13:27 +0500] "GET /uz/officially-uzb/ustav-uzb?start=10 HTTP/1.1" 508 288 "-" "Mozilla/5.0 AppleWebKit/537.36 (KHTML, like Gecko; compatible; Amazonbot/0.1; +https://developer.amazon.com/support/amazonbot) Chrome/119.0.6045.214 Safari/537.36"
113.170.168.188 - - [25/Aug/2026:17:13:35 +0500] "GET /ru/news-rus?template=yoo_master2&start=4 HTTP/1.1" 200 61727 "-" "Mozilla/5.0 (Windows NT 10.0; Win64; x64) AppleWebKit/537.36 (KHTML, like Gecko) Chrome/110.0.0.0 Safari/537.36"
171.251.238.213 - - [25/Aug/2026:17:13:42 +0500] "GET /media/com_proofreader/css/style.min.css HTTP/1.1" 200 9758 "https://eskijuva-bozori.uz/ru/news-rus?template=yoo_master2&start=4" "Mozilla/5.0 (Windows NT 10.0; Win64; x64) AppleWebKit/537.36 (KHTML, like Gecko) Chrome/110.0.0.0 Safari/537.36"
171.251.57.12 - - [25/Aug/2026:17:13:42 +0500] "GET /media/jui/js/bootstrap.min.js?bdca9f4aaac7efa5c50df0d08fc1d8dd HTTP/1.1" 200 29126 "https://eskijuva-bozori.uz/ru/news-rus?template=yoo_master2&start=4" "Mozilla/5.0 (Windows NT 10.0; Win64; x64) AppleWebKit/537.36 (KHTML, like Gecko) Chrome/110.0.0.0 Safari/537.36"
125.235.235.171 - - [25/Aug/2026:17:13:42 +0500] "GET /templates/yoo_master2/warp/vendor/uikit/js/components/tooltip.js HTTP/1.1" 200 3640 "https://eskijuva-bozori.uz/ru/news-rus?template=yoo_master2&start=4" "Mozilla/5.0 (Windows NT 10.0; Win64; x64) AppleWebKit/537.36 (KHTML, like Gecko) Chrome/110.0.0.0 Safari/537.36"
14.170.221.212 - - [25/Aug/2026:17:13:43 +0500] "GET /plugins/system/gspeech/includes/js/color.js HTTP/1.1" 200 1622 "https://eskijuva-bozori.uz/ru/news-rus?template=yoo_master2&start=4" "Mozilla/5.0 (Windows NT 10.0; Win64; x64) AppleWebKit/537.36 (KHTML, like Gecko) Chrome/110.0.0.0 Safari/537.36"
117.5.143.169 - - [25/Aug/2026:17:13:43 +0500] "GET /templates/yoo_master2/js/theme.js HTTP/1.1" 200 236 "https://eskijuva-bozori.uz/ru/news-rus?template=yoo_master2&start=4" "Mozilla/5.0 (Windows NT 10.0; Win64; x64) AppleWebKit/537.36 (KHTML, like Gecko) Chrome/110.0.0.0 Safari/537.36"
14.191.99.108 - - [25/Aug/2026:17:13:43 +0500] "GET /plugins/system/gspeech/includes/js/mediaelement-and-player.min.js HTTP/1.1" 200 37720 "https://eskijuva-bozori.uz/ru/news-rus?template=yoo_master2&start=4" "Mozilla/5.0 (Windows NT 10.0; Win64; x64) AppleWebKit/537.36 (KHTML, like Gecko) Chrome/110.0.0.0 Safari/537.36"
27.75.149.44 - - [25/Aug/2026:17:13:43 +0500] "GET /templates/yoo_master2/warp/js/social.js HTTP/1.1" 200 1481 "https://eskijuva-bozori.uz/ru/news-rus?template=yoo_master2&start=4" "Mozilla/5.0 (Windows NT 10.0; Win64; x64) AppleWebKit/537.36 (KHTML, like Gecko) Chrome/110.0.0.0 Safari/537.36"
14.248.62.192 - - [25/Aug/2026:17:13:43 +0500] "GET /plugins/system/gspeech/includes/js/jQueryRotate.2.1.js HTTP/1.1" 200 10309 "https://eskijuva-bozori.uz/ru/news-rus?template=yoo_master2&start=4" "Mozilla/5.0 (Windows NT 10.0; Win64; x64) AppleWebKit/537.36 (KHTML, like Gecko) Chrome/110.0.0.0 Safari/537.36"
123.20.65.188 - - [25/Aug/2026:17:13:43 +0500] "GET /plugins/system/gspeech/includes/js/gspeech.js?version=2.7.0 HTTP/1.1" 200 14024 "https://eskijuva-bozori.uz/ru/news-rus?template=yoo_master2&start=4" "Mozilla/5.0 (Windows NT 10.0; Win64; x64) AppleWebKit/537.36 (KHTML, like Gecko) Chrome/110.0.0.0 Safari/537.36"
117.5.143.237 - - [25/Aug/2026:17:13:43 +0500] "GET /templates/yoo_master2/css/custom.css HTTP/1.1" 200 3452 "https://eskijuva-bozori.uz/ru/news-rus?template=yoo_master2&start=4" "Mozilla/5.0 (Windows NT 10.0; Win64; x64) AppleWebKit/537.36 (KHTML, like Gecko) Chrome/110.0.0.0 Safari/537.36"
14.189.15.152 - - [25/Aug/2026:17:13:43 +0500] "GET /plugins/system/gspeech/includes/js/jquery-1.8.1.min.js HTTP/1.1" 200 92831 "https://eskijuva-bozori.uz/ru/news-rus?template=yoo_master2&start=4" "Mozilla/5.0 (Windows NT 10.0; Win64; x64) AppleWebKit/537.36 (KHTML, like Gecko) Chrome/110.0.0.0 Safari/537.36"
113.23.109.41 - - [25/Aug/2026:17:13:43 +0500] "GET /cache/widgetkit/uikit-29fbce3c.js HTTP/1.1" 200 97849 "https://eskijuva-bozori.uz/ru/news-rus?template=yoo_master2&start=4" "Mozilla/5.0 (Windows NT 10.0; Win64; x64) AppleWebKit/537.36 (KHTML, like Gecko) Chrome/110.0.0.0 Safari/537.36"
123.28.131.209 - - [25/Aug/2026:17:13:43 +0500] "GET /modules/mod_appstats/css/style.css HTTP/1.1" 200 674 "https://eskijuva-bozori.uz/ru/news-rus?template=yoo_master2&start=4" "Mozilla/5.0 (Windows NT 10.0; Win64; x64) AppleWebKit/537.36 (KHTML, like Gecko) Chrome/110.0.0.0 Safari/537.36"
123.28.203.61 - - [25/Aug/2026:17:13:43 +0500] "GET /media/ext_tss/assets/css/style.css HTTP/1.1" 200 2387 "https://eskijuva-bozori.uz/ru/news-rus?template=yoo_master2&start=4" "Mozilla/5.0 (Windows NT 10.0; Win64; x64) AppleWebKit/537.36 (KHTML, like Gecko) Chrome/110.0.0.0 Safari/537.36"
14.248.144.187 - - [25/Aug/2026:17:13:43 +0500] "GET /templates/yoo_master2/warp/vendor/uikit/js/uikit.js HTTP/1.1" 200 56240 "https://eskijuva-bozori.uz/ru/news-rus?template=yoo_master2&start=4" "Mozilla/5.0 (Windows NT 10.0; Win64; x64) AppleWebKit/537.36 (KHTML, like Gecko) Chrome/110.0.0.0 Safari/537.36"
113.173.83.251 - - [25/Aug/2026:17:13:43 +0500] "GET /plugins/system/gspeech/includes/css/gspeech.css HTTP/1.1" 200 16745 "https://eskijuva-bozori.uz/ru/news-rus?template=yoo_master2&start=4" "Mozilla/5.0 (Windows NT 10.0; Win64; x64) AppleWebKit/537.36 (KHTML, like Gecko) Chrome/110.0.0.0 Safari/537.36"
123.16.225.59 - - [25/Aug/2026:17:13:43 +0500] "GET /plugins/system/gspeech/includes/css/the-tooltip.css HTTP/1.1" 200 8914 "https://eskijuva-bozori.uz/ru/news-rus?template=yoo_master2&start=4" "Mozilla/5.0 (Windows NT 10.0; Win64; x64) AppleWebKit/537.36 (KHTML, like Gecko) Chrome/110.0.0.0 Safari/537.36"
171.225.195.45 - - [25/Aug/2026:17:13:43 +0500] "GET /media/mod_languages/css/template.css HTTP/1.1" 200 335 "https://eskijuva-bozori.uz/ru/news-rus?template=yoo_master2&start=4" "Mozilla/5.0 (Windows NT 10.0; Win64; x64) AppleWebKit/537.36 (KHTML, like Gecko) Chrome/110.0.0.0 Safari/537.36"
14.191.97.170 - - [25/Aug/2026:17:13:43 +0500] "GET /templates/yoo_master2/css/bootstrap.css HTTP/1.1" 200 183220 "https://eskijuva-bozori.uz/ru/news-rus?template=yoo_master2&start=4" "Mozilla/5.0 (Windows NT 10.0; Win64; x64) AppleWebKit/537.36 (KHTML, like Gecko) Chrome/110.0.0.0 Safari/537.36"
14.160.105.184 - - [25/Aug/2026:17:13:44 +0500] "GET /media/ext_tss/assets/js/script.js HTTP/1.1" 200 1117 "https://eskijuva-bozori.uz/ru/news-rus?template=yoo_master2&start=4" "Mozilla/5.0 (Windows NT 10.0; Win64; x64) AppleWebKit/537.36 (KHTML, like Gecko) Chrome/110.0.0.0 Safari/537.36"
14.191.232.49 - - [25/Aug/2026:17:13:44 +0500] "GET /cache/widgetkit/wk-scripts-55cd742d.js HTTP/1.1" 200 14055 "https://eskijuva-bozori.uz/ru/news-rus?template=yoo_master2&start=4" "Mozilla/5.0 (Windows NT 10.0; Win64; x64) AppleWebKit/537.36 (KHTML, like Gecko) Chrome/110.0.0.0 Safari/537.36"
113.22.10.114 - - [25/Aug/2026:17:13:44 +0500] "GET /media/jui/js/jquery.min.js?bdca9f4aaac7efa5c50df0d08fc1d8dd HTTP/1.1" 200 97646 "https://eskijuva-bozori.uz/ru/news-rus?template=yoo_master2&start=4" "Mozilla/5.0 (Windows NT 10.0; Win64; x64) AppleWebKit/537.36 (KHTML, like Gecko) Chrome/110.0.0.0 Safari/537.36"
42.116.248.74 - - [25/Aug/2026:17:13:44 +0500] "GET /plugins/system/gspeech/includes/js/gspeech_pro.js?version=2.7.0 HTTP/1.1" 200 15387 "https://eskijuva-bozori.uz/ru/news-rus?template=yoo_master2&start=4" "Mozilla/5.0 (Windows NT 10.0; Win64; x64) AppleWebKit/537.36 (KHTML, like Gecko) Chrome/110.0.0.0 Safari/537.36"
14.226.102.73 - - [25/Aug/2026:17:13:44 +0500] "GET /templates/yoo_master2/warp/vendor/uikit/js/components/autocomplete.js HTTP/1.1" 200 4169 "https://eskijuva-bozori.uz/ru/news-rus?template=yoo_master2&start=4" "Mozilla/5.0 (Windows NT 10.0; Win64; x64) AppleWebKit/537.36 (KHTML, like Gecko) Chrome/110.0.0.0 Safari/537.36"
14.187.65.252 - - [25/Aug/2026:17:13:45 +0500] "GET /media/jui/js/jquery-noconflict.js?bdca9f4aaac7efa5c50df0d08fc1d8dd HTTP/1.1" 200 21 "https://eskijuva-bozori.uz/ru/news-rus?template=yoo_master2&start=4" "Mozilla/5.0 (Windows NT 10.0; Win64; x64) AppleWebKit/537.36 (KHTML, like Gecko) Chrome/110.0.0.0 Safari/537.36"
171.252.198.51 - - [25/Aug/2026:17:13:46 +0500] "GET /templates/yoo_master2/warp/vendor/uikit/js/components/parallax.js HTTP/1.1" 200 5890 "https://eskijuva-bozori.uz/ru/news-rus?template=yoo_master2&start=4" "Mozilla/5.0 (Windows NT 10.0; Win64; x64) AppleWebKit/537.36 (KHTML, like Gecko) Chrome/110.0.0.0 Safari/537.36"
113.173.30.125 - - [25/Aug/2026:17:13:48 +0500] "GET /plugins/system/gspeech/includes/js/easing.js HTTP/1.1" 200 6170 "https://eskijuva-bozori.uz/ru/news-rus?template=yoo_master2&start=4" "Mozilla/5.0 (Windows NT 10.0; Win64; x64) AppleWebKit/537.36 (KHTML, like Gecko) Chrome/110.0.0.0 Safari/537.36"
14.186.79.28 - - [25/Aug/2026:17:13:51 +0500] "GET /media/jui/js/jquery-migrate.min.js?bdca9f4aaac7efa5c50df0d08fc1d8dd HTTP/1.1" 200 10056 "https://eskijuva-bozori.uz/ru/news-rus?template=yoo_master2&start=4" "Mozilla/5.0 (Windows NT 10.0; Win64; x64) AppleWebKit/537.36 (KHTML, like Gecko) Chrome/110.0.0.0 Safari/537.36"
34.30.223.149 - - [25/Aug/2026:17:13:56 +0500] "GET /ru/news-rus?format=feed&type=rss HTTP/1.1" 508 288 "-" "Mozilla/5.0 (Macintosh; Intel Mac OS X 10_15_7) AppleWebKit/537.36 (KHTML, like Gecko) Chrome/120.0.0.0 Safari/537.36"
113.172.53.197 - - [25/Aug/2026:17:13:45 +0500] "GET /templates/yoo_master2/css/theme.css HTTP/1.1" 200 202160 "https://eskijuva-bozori.uz/ru/news-rus?template=yoo_master2&start=4" "Mozilla/5.0 (Windows NT 10.0; Win64; x64) AppleWebKit/537.36 (KHTML, like Gecko) Chrome/110.0.0.0 Safari/537.36"
85.208.96.198 - - [25/Aug/2026:17:14:04 +0500] "GET /uz/votes-uzb?template=yoo_master2 HTTP/1.1" 200 63517 "-" "Mozilla/5.0 (compatible; SemrushBot/7~bl; +http://www.semrush.com/bot.html)"
85.208.96.199 - - [25/Aug/2026:17:14:10 +0500] "GET /uz/?Command=NOOP&InternalFile=..%2F..%2F..%2F..%2F..%2F..%2F..%2F..%2F..%2F..%2F..%2F..%2F..%2F..%2FWindows%2Fwin.ini&NewWebClient=1&start=20 HTTP/1.1" 508 288 "-" "Mozilla/5.0 (compatible; SemrushBot/7~bl; +http://www.semrush.com/bot.html)"
185.191.171.2 - - [25/Aug/2026:17:14:21 +0500] "GET /uz/facts-uzb/337-32-fact-02-04-2021 HTTP/1.1" 508 288 "-" "Mozilla/5.0 (compatible; SemrushBot/7~bl; +http://www.semrush.com/bot.html)"
52.6.97.88 - - [25/Aug/2026:17:14:21 +0500] "GET /uz/prospectus-uzb/467-bildirishnoma-01-07-2025-docx HTTP/1.1" 508 288 "-" "Mozilla/5.0 AppleWebKit/537.36 (KHTML, like Gecko; compatible; Amazonbot/0.1; +https://developer.amazon.com/support/amazonbot) Chrome/119.0.6045.214 Safari/537.36"
216.73.216.32 - - [25/Aug/2026:17:14:52 +0500] "GET /uz/?format=feed&r=s4t1i9n0k0s7t0o9n4e82&type=rss HTTP/1.1" 508 288 "-" "Mozilla/5.0 AppleWebKit/537.36 (KHTML, like Gecko; compatible; ClaudeBot/1.0; +claudebot@anthropic.com)"
216.73.216.32 - - [25/Aug/2026:17:15:16 +0500] "GET /shops/catherine/a3l1t7i3s9o0n7a2n6t34 HTTP/1.1" 301 - "-" "Mozilla/5.0 AppleWebKit/537.36 (KHTML, like Gecko; compatible; ClaudeBot/1.0; +claudebot@anthropic.com)"
216.73.216.32 - - [25/Aug/2026:17:15:20 +0500] "GET /uz/shops/catherine/a3l1t7i3s9o0n7a2n6t34 HTTP/1.1" 404 1248 "https://www.eskijuva-bozori.uz.uzbekgidroenergoqurilish.uz/shops/catherine/a3l1t7i3s9o0n7a2n6t34" "Mozilla/5.0 AppleWebKit/537.36 (KHTML, like Gecko; compatible; ClaudeBot/1.0; +claudebot@anthropic.com)"
9.129.22.22 - - [25/Aug/2026:17:15:25 +0500] "GET / HTTP/1.1" 301 - "-" "Mozilla/5.0 AppleWebKit/537.36 (KHTML, like Gecko); compatible; ChatGPT-User/1.0; +https://openai.com/bot"
51.83.9.92 - - [25/Aug/2026:17:16:07 +0500] "GET /robots.txt HTTP/1.1" 200 111 "-" "Mozilla/5.0 (compatible; MJ12bot/v1.4.8; http://mj12bot.com/)"
216.73.216.32 - - [25/Aug/2026:17:16:07 +0500] "GET /?%60=c3o3n9t7e1n2t2m5e8n1t HTTP/1.1" 301 - "-" "Mozilla/5.0 AppleWebKit/537.36 (KHTML, like Gecko; compatible; ClaudeBot/1.0; +claudebot@anthropic.com)"
216.73.216.32 - - [25/Aug/2026:17:16:11 +0500] "GET /uz/?%60=c3o3n9t7e1n2t2m5e8n1t HTTP/1.1" 200 68616 "https://www.eskijuva-bozori.uz.uzbekgidroenergoqurilish.uz/?%60=c3o3n9t7e1n2t2m5e8n1t" "Mozilla/5.0 AppleWebKit/537.36 (KHTML, like Gecko; compatible; ClaudeBot/1.0; +claudebot@anthropic.com)"
51.83.9.92 - - [25/Aug/2026:17:16:11 +0500] "GET /uz/?%60=p3r1o8t5o6p1h4y9t5o0l8ogy&start=40 HTTP/1.1" 200 68683 "-" "Mozilla/5.0 (compatible; MJ12bot/v1.4.8; http://mj12bot.com/)"
216.73.216.32 - - [25/Aug/2026:17:16:23 +0500] "GET /?%60=i3n3d7o4c4i4l6i2t8y35 HTTP/1.1" 508 288 "-" "Mozilla/5.0 AppleWebKit/537.36 (KHTML, like Gecko; compatible; ClaudeBot/1.0; +claudebot@anthropic.com)"
216.73.216.32 - - [25/Aug/2026:17:16:19 +0500] "GET /?%60=c3l3a0n1g7o4r78673 HTTP/1.1" 301 - "-" "Mozilla/5.0 AppleWebKit/537.36 (KHTML, like Gecko; compatible; ClaudeBot/1.0; +claudebot@anthropic.com)"
51.83.9.92 - - [25/Aug/2026:17:16:23 +0500] "GET /uz/?%60=p3r1o8t5o6p1h4y9t5o0l8ogy&start=44 HTTP/1.1" 200 69569 "-" "Mozilla/5.0 (compatible; MJ12bot/v1.4.8; http://mj12bot.com/)"
216.73.216.32 - - [25/Aug/2026:17:16:24 +0500] "GET /uz/?%60=c3l3a0n1g7o4r78673 HTTP/1.1" 200 68613 "https://www.eskijuva-bozori.uz.uzbekgidroenergoqurilish.uz/?%60=c3l3a0n1g7o4r78673" "Mozilla/5.0 AppleWebKit/537.36 (KHTML, like Gecko; compatible; ClaudeBot/1.0; +claudebot@anthropic.com)"
51.83.9.92 - - [25/Aug/2026:17:16:43 +0500] "GET /uz/?%60=p3r1o8t5o6p1h4y9t5o0l8ogy&start=48 HTTP/1.1" 200 68741 "-" "Mozilla/5.0 (compatible; MJ12bot/v1.4.8; http://mj12bot.com/)"
216.73.216.32 - - [25/Aug/2026:17:16:52 +0500] "GET /shops/bucked/i3m4p9r7e8g9n2a9t9i3on HTTP/1.1" 301 - "-" "Mozilla/5.0 AppleWebKit/537.36 (KHTML, like Gecko; compatible; ClaudeBot/1.0; +claudebot@anthropic.com)"
216.73.216.32 - - [25/Aug/2026:17:16:56 +0500] "GET /uz/shops/bucked/i3m4p9r7e8g9n2a9t9i3on HTTP/1.1" 404 1248 "https://www.eskijuva-bozori.uz.uzbekgidroenergoqurilish.uz/shops/bucked/i3m4p9r7e8g9n2a9t9i3on" "Mozilla/5.0 AppleWebKit/537.36 (KHTML, like Gecko; compatible; ClaudeBot/1.0; +claudebot@anthropic.com)"
51.83.9.92 - - [25/Aug/2026:17:16:59 +0500] "GET /uz/?r=e4x1t3r3o2v6e2r4t0e6d9 HTTP/1.1" 200 68391 "-" "Mozilla/5.0 (compatible; MJ12bot/v1.4.8; http://mj12bot.com/)"
51.83.9.92 - - [25/Aug/2026:17:17:15 +0500] "GET /uz/?r=e4x1t3r3o2v6e2r4t0e6d9&start=16 HTTP/1.1" 200 67848 "-" "Mozilla/5.0 (compatible; MJ12bot/v1.4.8; http://mj12bot.com/)"
216.73.216.32 - - [25/Aug/2026:17:17:21 +0500] "GET /?%60=m3a1n6i0h8o2t05541 HTTP/1.1" 301 - "-" "Mozilla/5.0 AppleWebKit/537.36 (KHTML, like Gecko; compatible; ClaudeBot/1.0; +claudebot@anthropic.com)"
51.83.9.92 - - [25/Aug/2026:17:17:27 +0500] "GET /uz/?r=e4x1t3r3o2v6e2r4t0e6d9&start=20 HTTP/1.1" 508 288 "-" "Mozilla/5.0 (compatible; MJ12bot/v1.4.8; http://mj12bot.com/)"
216.73.216.32 - - [25/Aug/2026:17:17:25 +0500] "GET /uz/?%60=m3a1n6i0h8o2t05541 HTTP/1.1" 200 68613 "https://www.eskijuva-bozori.uz.uzbekgidroenergoqurilish.uz/?%60=m3a1n6i0h8o2t05541" "Mozilla/5.0 AppleWebKit/537.36 (KHTML, like Gecko; compatible; ClaudeBot/1.0; +claudebot@anthropic.com)"
51.83.9.92 - - [25/Aug/2026:17:17:41 +0500] "GET /uz/?r=e4x1t3r3o2v6e2r4t0e6d9&start=24 HTTP/1.1" 200 67978 "-" "Mozilla/5.0 (compatible; MJ12bot/v1.4.8; http://mj12bot.com/)"
51.83.9.92 - - [25/Aug/2026:17:18:47 +0500] "GET /robots.txt HTTP/1.1" 200 111 "-" "Mozilla/5.0 (compatible; MJ12bot/v1.4.8; http://mj12bot.com/)"
51.83.9.92 - - [25/Aug/2026:17:18:50 +0500] "GET /uz/?%60=h3a3z6e2l8n7u1t6191&format=feed&type=atom HTTP/1.1" 200 8934 "-" "Mozilla/5.0 (compatible; MJ12bot/v1.4.8; http://mj12bot.com/)"
34.10.180.98 - - [25/Aug/2026:17:19:02 +0500] "GET /uz/about-org-uzb/strategy-uzb?template=accessibility HTTP/1.1" 200 32304 "-" "Mozilla/5.0 (Macintosh; Intel Mac OS X 10_15_7) AppleWebKit/537.36 (KHTML, like Gecko) Chrome/120.0.0.0 Safari/537.36"
51.83.9.92 - - [25/Aug/2026:17:19:03 +0500] "GET /uz/?%60=h3a3z6e2l8n7u1t6191&format=feed&type=rss HTTP/1.1" 200 5809 "-" "Mozilla/5.0 (compatible; MJ12bot/v1.4.8; http://mj12bot.com/)"
51.83.9.92 - - [25/Aug/2026:17:19:17 +0500] "GET /uz/?%60=h3a3z6e2l8n7u1t6191&start=12 HTTP/1.1" 508 288 "-" "Mozilla/5.0 (compatible; MJ12bot/v1.4.8; http://mj12bot.com/)"
51.83.9.92 - - [25/Aug/2026:17:19:30 +0500] "GET /uz/?%60=h3a3z6e2l8n7u1t6191&start=4 HTTP/1.1" 200 68005 "-" "Mozilla/5.0 (compatible; MJ12bot/v1.4.8; http://mj12bot.com/)"
137.131.29.163 - - [25/Aug/2026:17:19:42 +0500] "GET /uz/about-org-uzb/sajt-kharitasi HTTP/1.1" 200 58513 "-" "Mozilla/5.0 (X11; Linux aarch64) AppleWebKit/537.36 (KHTML, like Gecko) Chrome/139.0.0.0 Safari/537.36"
51.83.9.92 - - [25/Aug/2026:17:19:43 +0500] "GET /uz/?%60=h3a3z6e2l8n7u1t6191&start=52 HTTP/1.1" 200 69078 "-" "Mozilla/5.0 (compatible; MJ12bot/v1.4.8; http://mj12bot.com/)"
137.131.29.163 - - [25/Aug/2026:17:19:48 +0500] "GET /uz/about-org-uzb/sajt-kharitasi HTTP/1.1" 200 - "-" "Mozilla/5.0 (X11; Linux aarch64) AppleWebKit/537.36 (KHTML, like Gecko) Chrome/139.0.0.0 Safari/537.36"
216.73.216.32 - - [25/Aug/2026:17:19:49 +0500] "GET /?%60=l3o2p9h5i6u3s34219 HTTP/1.1" 301 - "-" "Mozilla/5.0 AppleWebKit/537.36 (KHTML, like Gecko; compatible; ClaudeBot/1.0; +claudebot@anthropic.com)"
216.73.216.32 - - [25/Aug/2026:17:19:53 +0500] "GET /uz/?%60=l3o2p9h5i6u3s34219 HTTP/1.1" 200 68603 "https://www.eskijuva-bozori.uz.uzbekgidroenergoqurilish.uz/?%60=l3o2p9h5i6u3s34219" "Mozilla/5.0 AppleWebKit/537.36 (KHTML, like Gecko; compatible; ClaudeBot/1.0; +claudebot@anthropic.com)"
51.83.9.92 - - [25/Aug/2026:17:19:58 +0500] "GET /uz/?%60=h3a3z6e2l8n7u1t6191&start=8 HTTP/1.1" 200 67658 "-" "Mozilla/5.0 (compatible; MJ12bot/v1.4.8; http://mj12bot.com/)"
51.83.9.92 - - [25/Aug/2026:17:20:13 +0500] "GET /uz/?%60=l3i1p7o6g2r9a5m1m6a4t0ic HTTP/1.1" 200 68413 "-" "Mozilla/5.0 (compatible; MJ12bot/v1.4.8; http://mj12bot.com/)"
51.83.9.92 - - [25/Aug/2026:17:20:29 +0500] "GET /uz/?%60=l3i1p7o6g2r9a5m1m6a4t0ic&format=feed&type=atom HTTP/1.1" 200 8939 "-" "Mozilla/5.0 (compatible; MJ12bot/v1.4.8; http://mj12bot.com/)"
216.73.216.32 - - [25/Aug/2026:17:20:41 +0500] "GET /?%60=p3a8r5t9i8t8i4o6n8e6d HTTP/1.1" 301 - "-" "Mozilla/5.0 AppleWebKit/537.36 (KHTML, like Gecko; compatible; ClaudeBot/1.0; +claudebot@anthropic.com)"
51.83.9.92 - - [25/Aug/2026:17:20:44 +0500] "GET /uz/?%60=l3i1p7o6g2r9a5m1m6a4t0ic&format=feed&type=rss HTTP/1.1" 200 5814 "-" "Mozilla/5.0 (compatible; MJ12bot/v1.4.8; http://mj12bot.com/)"
216.73.216.32 - - [25/Aug/2026:17:20:44 +0500] "GET /uz/?%60=p3a8r5t9i8t8i4o6n8e6d HTTP/1.1" 200 68606 "https://www.eskijuva-bozori.uz.uzbekgidroenergoqurilish.uz/?%60=p3a8r5t9i8t8i4o6n8e6d" "Mozilla/5.0 AppleWebKit/537.36 (KHTML, like Gecko; compatible; ClaudeBot/1.0; +claudebot@anthropic.com)"
216.73.216.32 - - [25/Aug/2026:17:20:52 +0500] "GET /shops/metier/t3r8o5l8l7o6p8672 HTTP/1.1" 301 - "-" "Mozilla/5.0 AppleWebKit/537.36 (KHTML, like Gecko; compatible; ClaudeBot/1.0; +claudebot@anthropic.com)"
34.171.68.95 - - [25/Aug/2026:17:20:53 +0500] "GET /ru/officially-rus/tenders-rus/131-audit-konkurs-03-08-16 HTTP/1.1" 200 58751 "-" "Mozilla/5.0 (Macintosh; Intel Mac OS X 10_15_7) AppleWebKit/537.36 (KHTML, like Gecko) Chrome/120.0.0.0 Safari/537.36"
216.73.216.32 - - [25/Aug/2026:17:20:57 +0500] "GET /uz/shops/metier/t3r8o5l8l7o6p8672 HTTP/1.1" 404 1248 "https://www.eskijuva-bozori.uz.uzbekgidroenergoqurilish.uz/shops/metier/t3r8o5l8l7o6p8672" "Mozilla/5.0 AppleWebKit/537.36 (KHTML, like Gecko; compatible; ClaudeBot/1.0; +claudebot@anthropic.com)"
51.83.9.92 - - [25/Aug/2026:17:21:00 +0500] "GET /uz/?%60=l3i1p7o6g2r9a5m1m6a4t0ic&start=12 HTTP/1.1" 200 68059 "-" "Mozilla/5.0 (compatible; MJ12bot/v1.4.8; http://mj12bot.com/)"
51.83.9.92 - - [25/Aug/2026:17:21:08 +0500] "GET /uz/?%60=l3i1p7o6g2r9a5m1m6a4t0ic&start=16 HTTP/1.1" 200 67870 "-" "Mozilla/5.0 (compatible; MJ12bot/v1.4.8; http://mj12bot.com/)"
51.83.9.92 - - [25/Aug/2026:17:21:24 +0500] "GET /uz/?%60=l3i1p7o6g2r9a5m1m6a4t0ic&start=20 HTTP/1.1" 200 68111 "-" "Mozilla/5.0 (compatible; MJ12bot/v1.4.8; http://mj12bot.com/)"
51.83.9.92 - - [25/Aug/2026:17:21:41 +0500] "GET /uz/?%60=l3i1p7o6g2r9a5m1m6a4t0ic&start=24 HTTP/1.1" 200 68010 "-" "Mozilla/5.0 (compatible; MJ12bot/v1.4.8; http://mj12bot.com/)"
216.73.216.32 - - [25/Aug/2026:17:21:54 +0500] "GET /?%60=s3t9r0a7w3w1o0r3m83 HTTP/1.1" 301 - "-" "Mozilla/5.0 AppleWebKit/537.36 (KHTML, like Gecko; compatible; ClaudeBot/1.0; +claudebot@anthropic.com)"
34.123.149.87 - - [25/Aug/2026:17:21:54 +0500] "GET /uz/component/search/?Itemid=144&format=opensearch&id=10 HTTP/1.1" 200 758 "-" "Mozilla/5.0 (Macintosh; Intel Mac OS X 10_15_7) AppleWebKit/537.36 (KHTML, like Gecko) Chrome/120.0.0.0 Safari/537.36"
51.83.9.92 - - [25/Aug/2026:17:21:58 +0500] "GET /uz/?%60=l3i1p7o6g2r9a5m1m6a4t0ic&start=28 HTTP/1.1" 200 68355 "-" "Mozilla/5.0 (compatible; MJ12bot/v1.4.8; http://mj12bot.com/)"
216.73.216.32 - - [25/Aug/2026:17:22:00 +0500] "GET /uz/?%60=s3t9r0a7w3w1o0r3m83 HTTP/1.1" 200 68604 "https://www.eskijuva-bozori.uz.uzbekgidroenergoqurilish.uz/?%60=s3t9r0a7w3w1o0r3m83" "Mozilla/5.0 AppleWebKit/537.36 (KHTML, like Gecko; compatible; ClaudeBot/1.0; +claudebot@anthropic.com)"
51.83.9.92 - - [25/Aug/2026:17:22:17 +0500] "GET /uz/?%60=l3i1p7o6g2r9a5m1m6a4t0ic&start=32 HTTP/1.1" 200 68358 "-" "Mozilla/5.0 (compatible; MJ12bot/v1.4.8; http://mj12bot.com/)"
216.73.216.32 - - [25/Aug/2026:17:22:23 +0500] "GET /deliberateness/d3i7s1c7o9v3e0r9i0n7g HTTP/1.1" 301 - "-" "Mozilla/5.0 AppleWebKit/537.36 (KHTML, like Gecko; compatible; ClaudeBot/1.0; +claudebot@anthropic.com)"
216.73.216.32 - - [25/Aug/2026:17:22:24 +0500] "GET /?%60=p3r2e6s9e6r2v5a4t9o9r0ies HTTP/1.1" 301 - "-" "Mozilla/5.0 AppleWebKit/537.36 (KHTML, like Gecko; compatible; ClaudeBot/1.0; +claudebot@anthropic.com)"
51.83.9.92 - - [25/Aug/2026:17:22:26 +0500] "GET /uz/?%60=l3i1p7o6g2r9a5m1m6a4t0ic&start=36 HTTP/1.1" 200 72283 "-" "Mozilla/5.0 (compatible; MJ12bot/v1.4.8; http://mj12bot.com/)"
216.73.216.32 - - [25/Aug/2026:17:22:27 +0500] "GET /uz/deliberateness/d3i7s1c7o9v3e0r9i0n7g HTTP/1.1" 404 1248 "https://www.eskijuva-bozori.uz.uzbekgidroenergoqurilish.uz/deliberateness/d3i7s1c7o9v3e0r9i0n7g" "Mozilla/5.0 AppleWebKit/537.36 (KHTML, like Gecko; compatible; ClaudeBot/1.0; +claudebot@anthropic.com)"
216.73.216.32 - - [25/Aug/2026:17:22:29 +0500] "GET /uz/?%60=p3r2e6s9e6r2v5a4t9o9r0ies HTTP/1.1" 200 68610 "https://www.eskijuva-bozori.uz.uzbekgidroenergoqurilish.uz/?%60=p3r2e6s9e6r2v5a4t9o9r0ies" "Mozilla/5.0 AppleWebKit/537.36 (KHTML, like Gecko; compatible; ClaudeBot/1.0; +claudebot@anthropic.com)"
216.73.216.32 - - [25/Aug/2026:17:22:35 +0500] "GET /?%60=i3n3s1t4a7n2c7i3n3g19 HTTP/1.1" 301 - "-" "Mozilla/5.0 AppleWebKit/537.36 (KHTML, like Gecko; compatible; ClaudeBot/1.0; +claudebot@anthropic.com)"
216.73.216.32 - - [25/Aug/2026:17:22:40 +0500] "GET /uz/?%60=i3n3s1t4a7n2c7i3n3g19 HTTP/1.1" 200 68606 "https://www.eskijuva-bozori.uz.uzbekgidroenergoqurilish.uz/?%60=i3n3s1t4a7n2c7i3n3g19" "Mozilla/5.0 AppleWebKit/537.36 (KHTML, like Gecko; compatible; ClaudeBot/1.0; +claudebot@anthropic.com)"
51.83.9.92 - - [25/Aug/2026:17:22:44 +0500] "GET /uz/?%60=l3i1p7o6g2r9a5m1m6a4t0ic&start=4 HTTP/1.1" 200 68010 "-" "Mozilla/5.0 (compatible; MJ12bot/v1.4.8; http://mj12bot.com/)"
216.73.216.32 - - [25/Aug/2026:17:23:00 +0500] "GET /metapodiale/h3e3l9i0o3l7a9t7e7r22 HTTP/1.1" 301 - "-" "Mozilla/5.0 AppleWebKit/537.36 (KHTML, like Gecko; compatible; ClaudeBot/1.0; +claudebot@anthropic.com)"
51.83.9.92 - - [25/Aug/2026:17:23:02 +0500] "GET /uz/?%60=l3i1p7o6g2r9a5m1m6a4t0ic&start=40 HTTP/1.1" 200 68700 "-" "Mozilla/5.0 (compatible; MJ12bot/v1.4.8; http://mj12bot.com/)"
216.73.216.32 - - [25/Aug/2026:17:23:04 +0500] "GET /uz/metapodiale/h3e3l9i0o3l7a9t7e7r22 HTTP/1.1" 404 1248 "https://www.eskijuva-bozori.uz.uzbekgidroenergoqurilish.uz/metapodiale/h3e3l9i0o3l7a9t7e7r22" "Mozilla/5.0 AppleWebKit/537.36 (KHTML, like Gecko; compatible; ClaudeBot/1.0; +claudebot@anthropic.com)"
51.83.9.92 - - [25/Aug/2026:17:23:20 +0500] "GET /uz/?%60=l3i1p7o6g2r9a5m1m6a4t0ic&start=44 HTTP/1.1" 508 288 "-" "Mozilla/5.0 (compatible; MJ12bot/v1.4.8; http://mj12bot.com/)"
185.191.171.19 - - [25/Aug/2026:17:23:28 +0500] "GET /ru/audit-rus/311-audit-2019-rus HTTP/1.1" 200 55727 "-" "Mozilla/5.0 (compatible; SemrushBot/7~bl; +http://www.semrush.com/bot.html)"
51.83.9.92 - - [25/Aug/2026:17:23:36 +0500] "GET /uz/?%60=l3i1p7o6g2r9a5m1m6a4t0ic&start=48 HTTP/1.1" 508 288 "-" "Mozilla/5.0 (compatible; MJ12bot/v1.4.8; http://mj12bot.com/)"
216.73.216.32 - - [25/Aug/2026:17:23:37 +0500] "GET /uz/?r=t4w2o1m6a9s4t1e8d732&start=48 HTTP/1.1" 200 68948 "-" "Mozilla/5.0 AppleWebKit/537.36 (KHTML, like Gecko; compatible; ClaudeBot/1.0; +claudebot@anthropic.com)"
136.119.35.120 - - [25/Aug/2026:17:23:49 +0500] "GET /uz/about-org-uzb/indexes-uzb/253-fin-activity-report-2018-uzb HTTP/1.1" 200 64086 "-" "Mozilla/5.0 (Macintosh; Intel Mac OS X 10_15_7) AppleWebKit/537.36 (KHTML, like Gecko) Chrome/120.0.0.0 Safari/537.36"
51.83.9.92 - - [25/Aug/2026:17:23:49 +0500] "GET /uz/?%60=l3i1p7o6g2r9a5m1m6a4t0ic&start=52 HTTP/1.1" 200 69083 "-" "Mozilla/5.0 (compatible; MJ12bot/v1.4.8; http://mj12bot.com/)"
34.56.53.225 - - [25/Aug/2026:17:23:59 +0500] "GET /ru/audit-rus/199-audit-2016-rus HTTP/1.1" 508 288 "-" "Mozilla/5.0 (Macintosh; Intel Mac OS X 10_15_7) AppleWebKit/537.36 (KHTML, like Gecko) Chrome/120.0.0.0 Safari/537.36"
216.73.216.32 - - [25/Aug/2026:17:23:57 +0500] "GET /uz/?format=feed&r=p4o8i5n2t8r3e6l905&type=rss HTTP/1.1" 200 6200 "-" "Mozilla/5.0 AppleWebKit/537.36 (KHTML, like Gecko; compatible; ClaudeBot/1.0; +claudebot@anthropic.com)"
51.83.9.92 - - [25/Aug/2026:17:24:11 +0500] "GET /uz/?%60=l3i1p7o6g2r9a5m1m6a4t0ic&start=8 HTTP/1.1" 508 288 "-" "Mozilla/5.0 (compatible; MJ12bot/v1.4.8; http://mj12bot.com/)"
216.73.216.32 - - [25/Aug/2026:17:24:17 +0500] "GET /shops/physicophilosophy/c3a1t6h6a2r0t1i7c7u2s1 HTTP/1.1" 508 288 "-" "Mozilla/5.0 AppleWebKit/537.36 (KHTML, like Gecko; compatible; ClaudeBot/1.0; +claudebot@anthropic.com)"
51.83.9.92 - - [25/Aug/2026:17:24:14 +0500] "GET /uz/?destination=node&start=20 HTTP/1.1" 200 68099 "-" "Mozilla/5.0 (compatible; MJ12bot/v1.4.8; http://mj12bot.com/)"
51.83.9.92 - - [25/Aug/2026:17:24:24 +0500] "GET /uz/?destination=node&start=36 HTTP/1.1" 200 72271 "-" "Mozilla/5.0 (compatible; MJ12bot/v1.4.8; http://mj12bot.com/)"
51.83.9.92 - - [25/Aug/2026:17:24:35 +0500] "GET /uz/?destination=node&start=40 HTTP/1.1" 200 68688 "-" "Mozilla/5.0 (compatible; MJ12bot/v1.4.8; http://mj12bot.com/)"
34.231.77.232 - - [25/Aug/2026:17:24:35 +0500] "GET /ru/officially-rus/arkhiv/69-umumiy-yigilishi-08-04-2015 HTTP/1.1" 200 61321 "-" "Mozilla/5.0 AppleWebKit/537.36 (KHTML, like Gecko; compatible; Amazonbot/0.1; +https://developer.amazon.com/support/amazonbot) Chrome/119.0.6045.214 Safari/537.36"
216.73.216.32 - - [25/Aug/2026:17:24:42 +0500] "GET /shops/reputedly/h3i1g8h1b9u7i1l8t436 HTTP/1.1" 301 - "-" "Mozilla/5.0 AppleWebKit/537.36 (KHTML, like Gecko; compatible; ClaudeBot/1.0; +claudebot@anthropic.com)"
51.83.9.92 - - [25/Aug/2026:17:24:42 +0500] "GET /uz/?destination=node&start=44 HTTP/1.1" 200 69574 "-" "Mozilla/5.0 (compatible; MJ12bot/v1.4.8; http://mj12bot.com/)"
216.73.216.32 - - [25/Aug/2026:17:24:46 +0500] "GET /uz/shops/reputedly/h3i1g8h1b9u7i1l8t436 HTTP/1.1" 404 1248 "https://www.eskijuva-bozori.uz.uzbekgidroenergoqurilish.uz/shops/reputedly/h3i1g8h1b9u7i1l8t436" "Mozilla/5.0 AppleWebKit/537.36 (KHTML, like Gecko; compatible; ClaudeBot/1.0; +claudebot@anthropic.com)"
34.56.53.225 - - [25/Aug/2026:17:24:53 +0500] "GET /ru/component/search/?Itemid=124&format=opensearch HTTP/1.1" 508 288 "-" "Mozilla/5.0 (Macintosh; Intel Mac OS X 10_15_7) AppleWebKit/537.36 (KHTML, like Gecko) Chrome/120.0.0.0 Safari/537.36"
51.83.9.92 - - [25/Aug/2026:17:24:51 +0500] "GET /uz/?function=call_user_func_array&s=index/thinkapp/invokefunction&vars[0]=phpinfo&start=24 HTTP/1.1" 200 68067 "-" "Mozilla/5.0 (compatible; MJ12bot/v1.4.8; http://mj12bot.com/)"
51.83.9.92 - - [25/Aug/2026:17:25:01 +0500] "GET /uz/?function=call_user_func_array&s=index/thinkapp/invokefunction&vars[0]=phpinfo&start=28 HTTP/1.1" 200 68412 "-" "Mozilla/5.0 (compatible; MJ12bot/v1.4.8; http://mj12bot.com/)"
216.73.216.32 - - [25/Aug/2026:17:25:08 +0500] "GET /?%60=l3e1c4t6i3o9n9a1r1y03 HTTP/1.1" 301 - "-" "Mozilla/5.0 AppleWebKit/537.36 (KHTML, like Gecko; compatible; ClaudeBot/1.0; +claudebot@anthropic.com)"
178.83.31.93 - - [25/Aug/2026:17:25:15 +0500] "GET /media/sourcerer/js/popup.js HTTP/1.1" 301 - "-" "Mozilla/5.0 (X11; Linux i686 on x86_64) AppleWebKit/537.36 (KHTML, like Gecko) Chrome/55.0.2901.92 Safari/537.36"
51.83.9.92 - - [25/Aug/2026:17:25:11 +0500] "GET /uz/?function=call_user_func_array&s=index/thinkapp/invokefunction&vars[0]=phpinfo&start=32 HTTP/1.1" 200 68415 "-" "Mozilla/5.0 (compatible; MJ12bot/v1.4.8; http://mj12bot.com/)"
216.73.216.32 - - [25/Aug/2026:17:25:13 +0500] "GET /uz/?%60=l3e1c4t6i3o9n9a1r1y03 HTTP/1.1" 200 68606 "https://www.eskijuva-bozori.uz.uzbekgidroenergoqurilish.uz/?%60=l3e1c4t6i3o9n9a1r1y03" "Mozilla/5.0 AppleWebKit/537.36 (KHTML, like Gecko; compatible; ClaudeBot/1.0; +claudebot@anthropic.com)"
178.83.31.93 - - [25/Aug/2026:17:25:17 +0500] "GET /uz/media/sourcerer/js/popup.js HTTP/1.1" 404 1216 "-" "Mozilla/5.0 (X11; Linux i686 on x86_64) AppleWebKit/537.36 (KHTML, like Gecko) Chrome/55.0.2901.92 Safari/537.36"
178.83.31.93 - - [25/Aug/2026:17:25:18 +0500] "GET /plugins/system/sourcerer/sourcerer.xml HTTP/1.1" 301 - "https://eskijuva-bozori.uz/uz/media/sourcerer/js/popup.js" "Mozilla/5.0 (X11; Linux i686 on x86_64) AppleWebKit/537.36 (KHTML, like Gecko) Chrome/55.0.2901.92 Safari/537.36"
178.83.31.93 - - [25/Aug/2026:17:25:21 +0500] "GET /uz/plugins/system/sourcerer/sourcerer.xml HTTP/1.1" 404 1216 "https://eskijuva-bozori.uz/uz/media/sourcerer/js/popup.js" "Mozilla/5.0 (X11; Linux i686 on x86_64) AppleWebKit/537.36 (KHTML, like Gecko) Chrome/55.0.2901.92 Safari/537.36"
34.123.149.87 - - [25/Aug/2026:17:25:20 +0500] "GET /uz/news-uzb/453-meeting-15-04-2025 HTTP/1.1" 200 57071 "-" "Mozilla/5.0 (Macintosh; Intel Mac OS X 10_15_7) AppleWebKit/537.36 (KHTML, like Gecko) Chrome/120.0.0.0 Safari/537.36"
185.191.171.11 - - [25/Aug/2026:17:25:42 +0500] "GET /ru/facts-rus/464-sush-fakt-06-24-05-2025-pdf HTTP/1.1" 200 55971 "-" "Mozilla/5.0 (compatible; SemrushBot/7~bl; +http://www.semrush.com/bot.html)"
51.83.9.92 - - [25/Aug/2026:17:25:52 +0500] "GET /uz/?r=e4x1t3r3o2v6e2r4t0e6d9 HTTP/1.1" 200 68409 "-" "Mozilla/5.0 (compatible; MJ12bot/v1.4.8; http://mj12bot.com/)"
51.83.9.92 - - [25/Aug/2026:17:26:28 +0500] "GET /uz/?r=e4x1t3r3o2v6e2r4t0e6d9&format=feed&type=atom HTTP/1.1" 200 8937 "-" "Mozilla/5.0 (compatible; MJ12bot/v1.4.8; http://mj12bot.com/)"
51.83.9.92 - - [25/Aug/2026:17:26:43 +0500] "GET /uz/?r=e4x1t3r3o2v6e2r4t0e6d9&format=feed&type=rss HTTP/1.1" 200 5812 "-" "Mozilla/5.0 (compatible; MJ12bot/v1.4.8; http://mj12bot.com/)"
51.83.9.92 - - [25/Aug/2026:17:26:58 +0500] "GET /uz/?r=e4x1t3r3o2v6e2r4t0e6d9&start=12 HTTP/1.1" 200 68167 "-" "Mozilla/5.0 (compatible; MJ12bot/v1.4.8; http://mj12bot.com/)"
51.83.9.92 - - [25/Aug/2026:17:27:16 +0500] "GET /uz/?r=e4x1t3r3o2v6e2r4t0e6d9&start=16 HTTP/1.1" 200 67770 "-" "Mozilla/5.0 (compatible; MJ12bot/v1.4.8; http://mj12bot.com/)"
85.208.96.193 - - [25/Aug/2026:17:27:21 +0500] "GET /uz/info-for-shareholders-uzb?template=accessibility HTTP/1.1" 200 34230 "-" "Mozilla/5.0 (compatible; SemrushBot/7~bl; +http://www.semrush.com/bot.html)"
51.83.9.92 - - [25/Aug/2026:17:27:24 +0500] "GET /uz/?r=e4x1t3r3o2v6e2r4t0e6d9&start=4 HTTP/1.1" 200 68006 "-" "Mozilla/5.0 (compatible; MJ12bot/v1.4.8; http://mj12bot.com/)"
51.83.9.92 - - [25/Aug/2026:17:27:42 +0500] "GET /uz/?r=e4x1t3r3o2v6e2r4t0e6d9&start=52 HTTP/1.1" 200 69079 "-" "Mozilla/5.0 (compatible; MJ12bot/v1.4.8; http://mj12bot.com/)"
51.83.9.92 - - [25/Aug/2026:17:27:58 +0500] "GET /uz/?r=e4x1t3r3o2v6e2r4t0e6d9&start=8 HTTP/1.1" 200 67656 "-" "Mozilla/5.0 (compatible; MJ12bot/v1.4.8; http://mj12bot.com/)"
51.83.9.92 - - [25/Aug/2026:17:28:16 +0500] "GET /uz/?r=m9y4r0r3h3a18877 HTTP/1.1" 200 68242 "-" "Mozilla/5.0 (compatible; MJ12bot/v1.4.8; http://mj12bot.com/)"
51.83.9.92 - - [25/Aug/2026:17:28:33 +0500] "GET /uz/?r=m9y4r0r3h3a18877&format=feed&type=atom HTTP/1.1" 200 8931 "-" "Mozilla/5.0 (compatible; MJ12bot/v1.4.8; http://mj12bot.com/)"
51.83.9.92 - - [25/Aug/2026:17:28:50 +0500] "GET /uz/?r=m9y4r0r3h3a18877&format=feed&type=rss HTTP/1.1" 200 5806 "-" "Mozilla/5.0 (compatible; MJ12bot/v1.4.8; http://mj12bot.com/)"
51.83.9.92 - - [25/Aug/2026:17:29:10 +0500] "GET /uz/?r=m9y4r0r3h3a18877&start=28 HTTP/1.1" 200 68345 "-" "Mozilla/5.0 (compatible; MJ12bot/v1.4.8; http://mj12bot.com/)"
51.83.9.92 - - [25/Aug/2026:17:29:27 +0500] "GET /uz/?r=m9y4r0r3h3a18877&start=32 HTTP/1.1" 200 68348 "-" "Mozilla/5.0 (compatible; MJ12bot/v1.4.8; http://mj12bot.com/)"
34.10.180.98 - - [25/Aug/2026:17:29:40 +0500] "GET /ru/?start=8 HTTP/1.1" 508 288 "-" "Mozilla/5.0 (Macintosh; Intel Mac OS X 10_15_7) AppleWebKit/537.36 (KHTML, like Gecko) Chrome/120.0.0.0 Safari/537.36"
51.83.9.92 - - [25/Aug/2026:17:29:39 +0500] "GET /uz/?r=m9y4r0r3h3a18877&start=36 HTTP/1.1" 200 72273 "-" "Mozilla/5.0 (compatible; MJ12bot/v1.4.8; http://mj12bot.com/)"
51.83.9.92 - - [25/Aug/2026:17:29:47 +0500] "GET /uz/?r=m9y4r0r3h3a18877&start=40 HTTP/1.1" 200 68690 "-" "Mozilla/5.0 (compatible; MJ12bot/v1.4.8; http://mj12bot.com/)"
85.208.96.195 - - [25/Aug/2026:17:30:00 +0500] "GET /ru/jsc-docs-rus/376-vn-kontrol-ru-docx HTTP/1.1" 200 54432 "-" "Mozilla/5.0 (compatible; SemrushBot/7~bl; +http://www.semrush.com/bot.html)"
51.83.9.92 - - [25/Aug/2026:17:30:03 +0500] "GET /uz/?r=m9y4r0r3h3a18877&start=44 HTTP/1.1" 200 69576 "-" "Mozilla/5.0 (compatible; MJ12bot/v1.4.8; http://mj12bot.com/)"
51.83.9.92 - - [25/Aug/2026:17:30:17 +0500] "GET /uz/?r=m9y4r0r3h3a18877&start=48 HTTP/1.1" 200 68982 "-" "Mozilla/5.0 (compatible; MJ12bot/v1.4.8; http://mj12bot.com/)"
216.73.216.32 - - [25/Aug/2026:17:30:37 +0500] "GET /uz/?author=17&start=44 HTTP/1.1" 200 69763 "-" "Mozilla/5.0 AppleWebKit/537.36 (KHTML, like Gecko; compatible; ClaudeBot/1.0; +claudebot@anthropic.com)"
51.83.9.92 - - [25/Aug/2026:17:30:42 +0500] "GET /uz/?r=m9y4r0r3h3a18877&start=52 HTTP/1.1" 200 69073 "-" "Mozilla/5.0 (compatible; MJ12bot/v1.4.8; http://mj12bot.com/)"
51.83.9.92 - - [25/Aug/2026:17:31:00 +0500] "GET /uz/?r=p4o8i5n2t8r3e6l905&start=48 HTTP/1.1" 200 68750 "-" "Mozilla/5.0 (compatible; MJ12bot/v1.4.8; http://mj12bot.com/)"
216.73.216.32 - - [25/Aug/2026:17:31:12 +0500] "GET /shops/finally/n3o1u6r2s1e3i4457 HTTP/1.1" 301 - "-" "Mozilla/5.0 AppleWebKit/537.36 (KHTML, like Gecko; compatible; ClaudeBot/1.0; +claudebot@anthropic.com)"
216.73.216.32 - - [25/Aug/2026:17:31:16 +0500] "GET /uz/shops/finally/n3o1u6r2s1e3i4457 HTTP/1.1" 404 1248 "https://www.eskijuva-bozori.uz.uzbekgidroenergoqurilish.uz/shops/finally/n3o1u6r2s1e3i4457" "Mozilla/5.0 AppleWebKit/537.36 (KHTML, like Gecko; compatible; ClaudeBot/1.0; +claudebot@anthropic.com)"
51.83.9.92 - - [25/Aug/2026:17:31:17 +0500] "GET /uz/?r=p9o3l1y2s8t5o0m9e78 HTTP/1.1" 200 68245 "-" "Mozilla/5.0 (compatible; MJ12bot/v1.4.8; http://mj12bot.com/)"
51.83.9.92 - - [25/Aug/2026:17:31:32 +0500] "GET /uz/?r=p9o3l1y2s8t5o0m9e78&format=feed&type=atom HTTP/1.1" 200 8934 "-" "Mozilla/5.0 (compatible; MJ12bot/v1.4.8; http://mj12bot.com/)"
51.83.9.92 - - [25/Aug/2026:17:31:47 +0500] "GET /uz/?r=p9o3l1y2s8t5o0m9e78&format=feed&type=rss HTTP/1.1" 200 5809 "-" "Mozilla/5.0 (compatible; MJ12bot/v1.4.8; http://mj12bot.com/)"
92.137.170.185 - - [25/Aug/2026:17:31:50 +0500] "GET /ru/?start=4&template=yoo_master2 HTTP/1.1" 200 65152 "-" "Mozilla/5.0 (Macintosh; Intel Mac OS X 10_15_7) AppleWebKit/537.36 (KHTML, like Gecko) Chrome/134.0.6998.88 Safari/537.36"
34.42.229.145 - - [25/Aug/2026:17:31:58 +0500] "GET /ru/info-for-shareholders-rus/275-kpe-2-2019-ej HTTP/1.1" 200 56083 "-" "Mozilla/5.0 (Macintosh; Intel Mac OS X 10_15_7) AppleWebKit/537.36 (KHTML, like Gecko) Chrome/120.0.0.0 Safari/537.36"
51.83.9.92 - - [25/Aug/2026:17:32:03 +0500] "GET /uz/?r=p9o3l1y2s8t5o0m9e78&start=40 HTTP/1.1" 200 68643 "-" "Mozilla/5.0 (compatible; MJ12bot/v1.4.8; http://mj12bot.com/)"
144.24.32.112 - - [25/Aug/2026:17:32:04 +0500] "GET /ru/affil-rus HTTP/1.1" 200 15601 "-" "Mozilla/5.0 (X11; Linux aarch64) AppleWebKit/537.36 (KHTML, like Gecko) Chrome/139.0.0.0 Safari/537.36"
144.24.32.112 - - [25/Aug/2026:17:32:08 +0500] "GET /ru/affil-rus HTTP/1.1" 200 54517 "-" "Mozilla/5.0 (X11; Linux aarch64) AppleWebKit/537.36 (KHTML, like Gecko) Chrome/139.0.0.0 Safari/537.36"
51.83.9.92 - - [25/Aug/2026:17:32:21 +0500] "GET /uz/?r=p9o3l1y2s8t5o0m9e78&start=44 HTTP/1.1" 200 69535 "-" "Mozilla/5.0 (compatible; MJ12bot/v1.4.8; http://mj12bot.com/)"
51.83.9.92 - - [25/Aug/2026:17:32:37 +0500] "GET /uz/?r=p9o3l1y2s8t5o0m9e78&start=48 HTTP/1.1" 200 68715 "-" "Mozilla/5.0 (compatible; MJ12bot/v1.4.8; http://mj12bot.com/)"
100.28.204.82 - - [25/Aug/2026:17:32:55 +0500] "GET /uz/10-uzbek?start=68 HTTP/1.1" 200 69927 "-" "Mozilla/5.0 AppleWebKit/537.36 (KHTML, like Gecko; compatible; Amazonbot/0.1; +https://developer.amazon.com/support/amazonbot) Chrome/119.0.6045.214 Safari/537.36"
51.83.9.92 - - [25/Aug/2026:17:33:07 +0500] "GET /uz/?vars[1][0]=1&start=20 HTTP/1.1" 200 68095 "-" "Mozilla/5.0 (compatible; MJ12bot/v1.4.8; http://mj12bot.com/)"
