216.73.216.32 - - [25/Aug/2026:21:25:03 +0500] "GET /uz/?r=d9e5m3o0n3i2a0c5i2s5m&start=8 HTTP/1.1" 200 67741 "-" "Mozilla/5.0 AppleWebKit/537.36 (KHTML, like Gecko; compatible; ClaudeBot/1.0; +claudebot@anthropic.com)"
216.73.216.32 - - [25/Aug/2026:21:25:12 +0500] "GET /uz/?r=d9e5m3o0n3i2a0c5i2s5m&start=4 HTTP/1.1" 200 68157 "-" "Mozilla/5.0 AppleWebKit/537.36 (KHTML, like Gecko; compatible; ClaudeBot/1.0; +claudebot@anthropic.com)"
51.75.116.156 - - [25/Aug/2026:21:25:13 +0500] "GET /uz/?r=j9a1c1k8p1u1d3d2i5n2g7 HTTP/1.1" 200 68353 "-" "Mozilla/5.0 (compatible; MJ12bot/v1.4.8; http://mj12bot.com/)"
216.73.216.32 - - [25/Aug/2026:21:25:20 +0500] "GET /?%60=n3o2w0h9e5r6e0154 HTTP/1.1" 508 288 "-" "Mozilla/5.0 AppleWebKit/537.36 (KHTML, like Gecko; compatible; ClaudeBot/1.0; +claudebot@anthropic.com)"
216.73.216.32 - - [25/Aug/2026:21:25:23 +0500] "GET /?%60=s3c3o4r0n7492216 HTTP/1.1" 508 288 "-" "Mozilla/5.0 AppleWebKit/537.36 (KHTML, like Gecko; compatible; ClaudeBot/1.0; +claudebot@anthropic.com)"
216.73.216.32 - - [25/Aug/2026:21:25:26 +0500] "GET /?%60=h3o3l4o3b2l8a1s0t548 HTTP/1.1" 508 288 "-" "Mozilla/5.0 AppleWebKit/537.36 (KHTML, like Gecko; compatible; ClaudeBot/1.0; +claudebot@anthropic.com)"
51.75.116.156 - - [25/Aug/2026:21:25:26 +0500] "GET /uz/?r=j9a1c1k8p1u1d3d2i5n2g7&format=feed&type=atom HTTP/1.1" 508 288 "-" "Mozilla/5.0 (compatible; MJ12bot/v1.4.8; http://mj12bot.com/)"
51.75.116.156 - - [25/Aug/2026:21:25:33 +0500] "GET /uz/?r=j9a1c1k8p1u1d3d2i5n2g7&format=feed&type=rss HTTP/1.1" 200 5812 "-" "Mozilla/5.0 (compatible; MJ12bot/v1.4.8; http://mj12bot.com/)"
51.75.116.156 - - [25/Aug/2026:21:25:53 +0500] "GET /uz/?r=j9a1c1k8p1u1d3d2i5n2g7&start=12 HTTP/1.1" 508 288 "-" "Mozilla/5.0 (compatible; MJ12bot/v1.4.8; http://mj12bot.com/)"
216.73.216.32 - - [25/Aug/2026:21:25:54 +0500] "GET /?%60=e3a2r4t5h4w0a6r4d303 HTTP/1.1" 508 288 "-" "Mozilla/5.0 AppleWebKit/537.36 (KHTML, like Gecko; compatible; ClaudeBot/1.0; +claudebot@anthropic.com)"
216.73.216.32 - - [25/Aug/2026:21:25:56 +0500] "GET /?%60=s3e3r7i8c2u2l9u5s599 HTTP/1.1" 301 - "-" "Mozilla/5.0 AppleWebKit/537.36 (KHTML, like Gecko; compatible; ClaudeBot/1.0; +claudebot@anthropic.com)"
216.73.216.32 - - [25/Aug/2026:21:26:00 +0500] "GET /uz/?%60=s3e3r7i8c2u2l9u5s599 HTTP/1.1" 200 68549 "https://www.eskijuva-bozori.uz.uzbekgidroenergoqurilish.uz/?%60=s3e3r7i8c2u2l9u5s599" "Mozilla/5.0 AppleWebKit/537.36 (KHTML, like Gecko; compatible; ClaudeBot/1.0; +claudebot@anthropic.com)"
51.75.116.156 - - [25/Aug/2026:21:26:05 +0500] "GET /uz/?r=j9a1c1k8p1u1d3d2i5n2g7&start=16 HTTP/1.1" 200 68802 "-" "Mozilla/5.0 (compatible; MJ12bot/v1.4.8; http://mj12bot.com/)"
192.178.6.98 - - [25/Aug/2026:21:26:24 +0500] "GET /docs/reports/2020/kpe-2-2020.doc HTTP/1.1" 200 43520 "-" "Mozilla/5.0 (Linux; Android 6.0.1; Nexus 5X Build/MMB29P) AppleWebKit/537.36 (KHTML, like Gecko) Chrome/151.0.7922.173 Mobile Safari/537.36 (compatible; Googlebot/2.1; +http://www.google.com/bot.html)"
51.75.116.156 - - [25/Aug/2026:21:26:25 +0500] "GET /uz/?r=j9a1c1k8p1u1d3d2i5n2g7&start=24 HTTP/1.1" 200 68090 "-" "Mozilla/5.0 (compatible; MJ12bot/v1.4.8; http://mj12bot.com/)"
216.73.216.108 - - [25/Aug/2026:21:26:26 +0500] "GET /uz/?r=t9h1r3e1a2t69058&start=28 HTTP/1.1" 200 68199 "-" "Mozilla/5.0 AppleWebKit/537.36 (KHTML, like Gecko; compatible; ClaudeBot/1.0; +claudebot@anthropic.com)"
51.75.116.156 - - [25/Aug/2026:21:26:45 +0500] "GET /uz/?r=j9a1c1k8p1u1d3d2i5n2g7&start=28 HTTP/1.1" 200 68233 "-" "Mozilla/5.0 (compatible; MJ12bot/v1.4.8; http://mj12bot.com/)"
51.75.116.156 - - [25/Aug/2026:21:27:05 +0500] "GET /uz/?r=j9a1c1k8p1u1d3d2i5n2g7&start=32 HTTP/1.1" 200 68330 "-" "Mozilla/5.0 (compatible; MJ12bot/v1.4.8; http://mj12bot.com/)"
51.75.116.156 - - [25/Aug/2026:21:27:23 +0500] "GET /uz/?r=j9a1c1k8p1u1d3d2i5n2g7&start=52 HTTP/1.1" 508 288 "-" "Mozilla/5.0 (compatible; MJ12bot/v1.4.8; http://mj12bot.com/)"
51.75.116.156 - - [25/Aug/2026:21:27:32 +0500] "GET /uz/?r=j9a1c1k8p1u1d3d2i5n2g7&start=8 HTTP/1.1" 200 67546 "-" "Mozilla/5.0 (compatible; MJ12bot/v1.4.8; http://mj12bot.com/)"
161.153.35.28 - - [25/Aug/2026:21:27:34 +0500] "GET /uz/contacts-uzb HTTP/1.1" 200 - "-" "Mozilla/5.0 (X11; Linux aarch64) AppleWebKit/537.36 (KHTML, like Gecko) Chrome/139.0.0.0 Safari/537.36"
216.73.216.32 - - [25/Aug/2026:21:27:42 +0500] "GET /?%60=d3u9p8l0e4x3b4334 HTTP/1.1" 508 288 "-" "Mozilla/5.0 AppleWebKit/537.36 (KHTML, like Gecko; compatible; ClaudeBot/1.0; +claudebot@anthropic.com)"
161.153.35.28 - - [25/Aug/2026:21:27:37 +0500] "GET /uz/contacts-uzb HTTP/1.1" 200 15978 "-" "Mozilla/5.0 (X11; Linux aarch64) AppleWebKit/537.36 (KHTML, like Gecko) Chrome/139.0.0.0 Safari/537.36"
51.75.116.156 - - [25/Aug/2026:21:27:41 +0500] "GET /uz/?r=m9o3i5l6i7n2g8588&start=24 HTTP/1.1" 200 68085 "-" "Mozilla/5.0 (compatible; MJ12bot/v1.4.8; http://mj12bot.com/)"
216.73.216.32 - - [25/Aug/2026:21:27:48 +0500] "GET /?%60=c3a2m6b5o8g5e85749 HTTP/1.1" 508 288 "-" "Mozilla/5.0 AppleWebKit/537.36 (KHTML, like Gecko; compatible; ClaudeBot/1.0; +claudebot@anthropic.com)"
20.203.141.11 - - [25/Aug/2026:21:27:51 +0500] "GET / HTTP/1.1" 301 - "-" "Mozilla/5.0 (Windows NT 10.0; Win64; x64) AppleWebKit/537.36 (KHTML, like Gecko) Chrome/120.0.0.0 Safari/537.36"
51.75.116.156 - - [25/Aug/2026:21:27:49 +0500] "GET /uz/?r=m9o3i5l6i7n2g8588&start=28 HTTP/1.1" 200 68228 "-" "Mozilla/5.0 (compatible; MJ12bot/v1.4.8; http://mj12bot.com/)"
51.75.116.156 - - [25/Aug/2026:21:27:58 +0500] "GET /uz/?r=m9o3i5l6i7n2g8588&start=32 HTTP/1.1" 200 68325 "-" "Mozilla/5.0 (compatible; MJ12bot/v1.4.8; http://mj12bot.com/)"
34.10.180.98 - - [25/Aug/2026:21:28:05 +0500] "GET /uz/news-uzb/351-meeting-31-03-2022 HTTP/1.1" 200 60400 "-" "Mozilla/5.0 (Macintosh; Intel Mac OS X 10_15_7) AppleWebKit/537.36 (KHTML, like Gecko) Chrome/120.0.0.0 Safari/537.36"
51.75.116.156 - - [25/Aug/2026:21:28:07 +0500] "GET /uz/?r=m9o3i5l6i7n2g8588&start=8 HTTP/1.1" 200 67541 "-" "Mozilla/5.0 (compatible; MJ12bot/v1.4.8; http://mj12bot.com/)"
185.191.171.2 - - [25/Aug/2026:21:28:31 +0500] "GET /uz/?function=call_user_func_array&s=index%2Fthink%5Capp%2Finvokefunction&start=16&vars%5B0%5D=phpinfo&vars%5B1%5D%5B0%5D=1 HTTP/1.1" 508 288 "-" "Mozilla/5.0 (compatible; SemrushBot/7~bl; +http://www.semrush.com/bot.html)"
51.75.116.156 - - [25/Aug/2026:21:28:35 +0500] "GET /uz/?r=s4e2r5a8p7h7s44072 HTTP/1.1" 200 68349 "-" "Mozilla/5.0 (compatible; MJ12bot/v1.4.8; http://mj12bot.com/)"
51.75.116.156 - - [25/Aug/2026:21:28:55 +0500] "GET /uz/?r=s4e2r5a8p7h7s44072&format=feed&type=atom HTTP/1.1" 508 288 "-" "Mozilla/5.0 (compatible; MJ12bot/v1.4.8; http://mj12bot.com/)"
51.75.116.156 - - [25/Aug/2026:21:29:02 +0500] "GET /uz/?r=s4e2r5a8p7h7s44072&format=feed&type=rss HTTP/1.1" 200 5808 "-" "Mozilla/5.0 (compatible; MJ12bot/v1.4.8; http://mj12bot.com/)"
51.75.116.156 - - [25/Aug/2026:21:29:19 +0500] "GET /uz/?r=s4e2r5a8p7h7s44072&start=12 HTTP/1.1" 508 288 "-" "Mozilla/5.0 (compatible; MJ12bot/v1.4.8; http://mj12bot.com/)"
51.75.116.156 - - [25/Aug/2026:21:29:33 +0500] "GET /uz/?r=s4e2r5a8p7h7s44072&start=16 HTTP/1.1" 508 288 "-" "Mozilla/5.0 (compatible; MJ12bot/v1.4.8; http://mj12bot.com/)"
85.208.96.209 - - [25/Aug/2026:21:29:31 +0500] "GET /uz/?destination=node&start=32 HTTP/1.1" 200 68322 "-" "Mozilla/5.0 (compatible; SemrushBot/7~bl; +http://www.semrush.com/bot.html)"
51.75.116.156 - - [25/Aug/2026:21:29:47 +0500] "GET /uz/?r=s4e2r5a8p7h7s44072&start=20 HTTP/1.1" 200 68261 "-" "Mozilla/5.0 (compatible; MJ12bot/v1.4.8; http://mj12bot.com/)"
34.123.149.87 - - [25/Aug/2026:21:29:57 +0500] "GET /uz/prospectus-uzb/188-prospectus-add-27-03-09-uzb HTTP/1.1" 508 288 "-" "Mozilla/5.0 (Macintosh; Intel Mac OS X 10_15_7) AppleWebKit/537.36 (KHTML, like Gecko) Chrome/120.0.0.0 Safari/537.36"
51.75.116.156 - - [25/Aug/2026:21:30:01 +0500] "GET /uz/?r=s4e2r5a8p7h7s44072&start=4 HTTP/1.1" 200 67958 "-" "Mozilla/5.0 (compatible; MJ12bot/v1.4.8; http://mj12bot.com/)"
129.153.93.235 - - [25/Aug/2026:21:30:15 +0500] "GET /ru/jsc-docs-rus/377-div-polit-ru-docx HTTP/1.1" 508 288 "-" "Mozilla/5.0 (X11; Linux aarch64) AppleWebKit/537.36 (KHTML, like Gecko) Chrome/139.0.0.0 Safari/537.36"
51.75.116.156 - - [25/Aug/2026:21:30:18 +0500] "GET /uz/?r=s4e2r5a8p7h7s44072&start=52 HTTP/1.1" 508 288 "-" "Mozilla/5.0 (compatible; MJ12bot/v1.4.8; http://mj12bot.com/)"
51.75.116.156 - - [25/Aug/2026:21:30:31 +0500] "GET /uz/?r=t9h1r3e1a2t69058 HTTP/1.1" 508 288 "-" "Mozilla/5.0 (compatible; MJ12bot/v1.4.8; http://mj12bot.com/)"
51.75.116.156 - - [25/Aug/2026:21:30:34 +0500] "GET /uz/?r=t9h1r3e1a2t69058&start=16 HTTP/1.1" 200 68796 "-" "Mozilla/5.0 (compatible; MJ12bot/v1.4.8; http://mj12bot.com/)"
51.75.116.156 - - [25/Aug/2026:21:30:56 +0500] "GET /uz/?r=t9h1r3e1a2t69058&start=40 HTTP/1.1" 200 68604 "-" "Mozilla/5.0 (compatible; MJ12bot/v1.4.8; http://mj12bot.com/)"
51.75.116.156 - - [25/Aug/2026:21:31:09 +0500] "GET /uz/?r=t9h1r3e1a2t69058&start=44 HTTP/1.1" 200 69501 "-" "Mozilla/5.0 (compatible; MJ12bot/v1.4.8; http://mj12bot.com/)"
34.56.53.225 - - [25/Aug/2026:21:31:12 +0500] "GET /uz/info-for-shareholders-uzb?start=10&template=accessibility HTTP/1.1" 200 34549 "-" "Mozilla/5.0 (Macintosh; Intel Mac OS X 10_15_7) AppleWebKit/537.36 (KHTML, like Gecko) Chrome/120.0.0.0 Safari/537.36"
51.75.116.156 - - [25/Aug/2026:21:31:49 +0500] "GET /uz/?r=t9h1r3e1a2t69058&start=48 HTTP/1.1" 200 68682 "-" "Mozilla/5.0 (compatible; MJ12bot/v1.4.8; http://mj12bot.com/)"
185.191.171.10 - - [25/Aug/2026:21:32:23 +0500] "GET /robots.txt HTTP/1.1" 200 111 "-" "Mozilla/5.0 (compatible; SemrushBot/7~bl; +http://www.semrush.com/bot.html)"
85.208.96.195 - - [25/Aug/2026:21:32:24 +0500] "GET /uz/officially-uzb/ustav-uzb/10-uzbek?start=10 HTTP/1.1" 200 67761 "-" "Mozilla/5.0 (compatible; SemrushBot/7~bl; +http://www.semrush.com/bot.html)"
51.75.116.156 - - [25/Aug/2026:21:32:26 +0500] "GET /uz/facts-uzb?start=60 HTTP/1.1" 200 68476 "-" "Mozilla/5.0 (compatible; MJ12bot/v1.4.8; http://mj12bot.com/)"
47.82.48.241 - - [25/Aug/2026:21:33:11 +0500] "GET /uz/?app=main&inc=core_auth&route=login HTTP/1.1" 200 68371 "-" "Mozilla/5.0 (Macintosh; Intel Mac OS X 10_15_7) AppleWebKit/537.36 (KHTML, like Gecko) Chrome/139.0.0.0 Safari/537.36"
185.191.171.4 - - [25/Aug/2026:21:35:31 +0500] "GET /uz/news-uzb/292-meeting-19-05-2020 HTTP/1.1" 200 61119 "-" "Mozilla/5.0 (compatible; SemrushBot/7~bl; +http://www.semrush.com/bot.html)"
34.123.149.87 - - [25/Aug/2026:21:35:53 +0500] "GET /uz/events-uzb?format=feed&type=rss HTTP/1.1" 200 34703 "-" "Mozilla/5.0 (Macintosh; Intel Mac OS X 10_15_7) AppleWebKit/537.36 (KHTML, like Gecko) Chrome/120.0.0.0 Safari/537.36"
47.128.41.55 - - [25/Aug/2026:21:36:41 +0500] "GET /robots.txt HTTP/1.1" 200 111 "-" "Mozilla/5.0 (iPhone; CPU iPhone OS 7_1_2 like Mac OS X) AppleWebKit/537.36 (KHTML, like Gecko) Version/7.0 Mobile Safari/537.36 (compatible; Bytespider; https://bytedance.sg.larkoffice.com/docx/K5bxdypulop3IIxrJb0lOjLVgFe)"
185.191.171.1 - - [25/Aug/2026:21:36:45 +0500] "GET /uz/12-uzbek/about-org-uzb/52-filials-uzb HTTP/1.1" 508 288 "-" "Mozilla/5.0 (compatible; SemrushBot/7~bl; +http://www.semrush.com/bot.html)"
34.42.229.145 - - [25/Aug/2026:21:36:48 +0500] "GET /uz/dividends-uzb?start=4 HTTP/1.1" 200 59862 "-" "Mozilla/5.0 (Macintosh; Intel Mac OS X 10_15_7) AppleWebKit/537.36 (KHTML, like Gecko) Chrome/120.0.0.0 Safari/537.36"
216.73.216.32 - - [25/Aug/2026:21:36:53 +0500] "GET /shops/buckthorn/e3n3n8i7c2h9e05746 HTTP/1.1" 301 - "-" "Mozilla/5.0 AppleWebKit/537.36 (KHTML, like Gecko; compatible; ClaudeBot/1.0; +claudebot@anthropic.com)"
216.73.216.32 - - [25/Aug/2026:21:36:58 +0500] "GET /uz/shops/buckthorn/e3n3n8i7c2h9e05746 HTTP/1.1" 404 1248 "https://www.eskijuva-bozori.uz.uzbekgidroenergoqurilish.uz/shops/buckthorn/e3n3n8i7c2h9e05746" "Mozilla/5.0 AppleWebKit/537.36 (KHTML, like Gecko; compatible; ClaudeBot/1.0; +claudebot@anthropic.com)"
34.171.68.95 - - [25/Aug/2026:21:37:00 +0500] "GET /uz/component/search/?Itemid=168&format=opensearch HTTP/1.1" 200 733 "-" "Mozilla/5.0 (Macintosh; Intel Mac OS X 10_15_7) AppleWebKit/537.36 (KHTML, like Gecko) Chrome/120.0.0.0 Safari/537.36"
216.73.216.32 - - [25/Aug/2026:21:37:08 +0500] "GET /heelless/b3a7s9k1e4t4h5i5l9t2ed HTTP/1.1" 301 - "-" "Mozilla/5.0 AppleWebKit/537.36 (KHTML, like Gecko; compatible; ClaudeBot/1.0; +claudebot@anthropic.com)"
216.73.216.32 - - [25/Aug/2026:21:37:12 +0500] "GET /uz/heelless/b3a7s9k1e4t4h5i5l9t2ed HTTP/1.1" 404 1248 "https://www.eskijuva-bozori.uz.uzbekgidroenergoqurilish.uz/heelless/b3a7s9k1e4t4h5i5l9t2ed" "Mozilla/5.0 AppleWebKit/537.36 (KHTML, like Gecko; compatible; ClaudeBot/1.0; +claudebot@anthropic.com)"
34.171.68.95 - - [25/Aug/2026:21:37:14 +0500] "GET /uz/component/search/?Itemid=175&catid=31&format=opensearch&id=430 HTTP/1.1" 200 757 "-" "Mozilla/5.0 (Macintosh; Intel Mac OS X 10_15_7) AppleWebKit/537.36 (KHTML, like Gecko) Chrome/120.0.0.0 Safari/537.36"
3.151.194.164 - - [25/Aug/2026:21:37:22 +0500] "GET / HTTP/1.1" 401 53 "-" "visionheight.com/scan Mozilla/5.0 (Macintosh; Intel Mac OS X 10_15_7) Chrome/126.0.0.0 Safari/537.36"
216.73.216.32 - - [25/Aug/2026:21:37:27 +0500] "GET /uz/?%60=o3y1s8t1e3r7g5r4e0e2n6&format=feed&type=rss HTTP/1.1" 200 6204 "-" "Mozilla/5.0 AppleWebKit/537.36 (KHTML, like Gecko; compatible; ClaudeBot/1.0; +claudebot@anthropic.com)"
34.61.96.6 - - [25/Aug/2026:21:37:34 +0500] "GET /uz/component/search/?Itemid=171&catid=25&format=opensearch&id=367 HTTP/1.1" 200 757 "-" "Mozilla/5.0 (Macintosh; Intel Mac OS X 10_15_7) AppleWebKit/537.36 (KHTML, like Gecko) Chrome/120.0.0.0 Safari/537.36"
216.73.216.32 - - [25/Aug/2026:21:37:41 +0500] "GET /shops/moronically/s3c2o9r8p1i2u3r8u4s2 HTTP/1.1" 301 - "-" "Mozilla/5.0 AppleWebKit/537.36 (KHTML, like Gecko; compatible; ClaudeBot/1.0; +claudebot@anthropic.com)"
216.73.216.32 - - [25/Aug/2026:21:37:46 +0500] "GET /uz/shops/moronically/s3c2o9r8p1i2u3r8u4s2 HTTP/1.1" 404 1248 "https://www.eskijuva-bozori.uz.uzbekgidroenergoqurilish.uz/shops/moronically/s3c2o9r8p1i2u3r8u4s2" "Mozilla/5.0 AppleWebKit/537.36 (KHTML, like Gecko; compatible; ClaudeBot/1.0; +claudebot@anthropic.com)"
216.73.216.32 - - [25/Aug/2026:21:38:07 +0500] "GET /?%60=i3m2m4a8t1e5r5i8a1t6e HTTP/1.1" 301 - "-" "Mozilla/5.0 AppleWebKit/537.36 (KHTML, like Gecko; compatible; ClaudeBot/1.0; +claudebot@anthropic.com)"
216.73.216.32 - - [25/Aug/2026:21:38:12 +0500] "GET /uz/?%60=i3m2m4a8t1e5r5i8a1t6e HTTP/1.1" 200 68529 "https://www.eskijuva-bozori.uz.uzbekgidroenergoqurilish.uz/?%60=i3m2m4a8t1e5r5i8a1t6e" "Mozilla/5.0 AppleWebKit/537.36 (KHTML, like Gecko; compatible; ClaudeBot/1.0; +claudebot@anthropic.com)"
114.119.159.87 - - [25/Aug/2026:21:39:23 +0500] "GET /uz/facts-uzb/464-sush-fakt-06-24-05-2025-pdf HTTP/1.1" 200 56849 "https://eskijuva-bozori.uz/uz/facts-uzb" "Mozilla/5.0 (Linux; Android 7.0;) AppleWebKit/537.36 (HTML, like Gecko) Mobile Safari/537.36 (compatible; PetalBot;+https://webmaster.petalsearch.com/site/petalbot)"
185.191.171.4 - - [25/Aug/2026:21:40:34 +0500] "GET /ru/about-org-rus/structure-rus/17-russian/shareholders-rus HTTP/1.1" 200 74915 "-" "Mozilla/5.0 (compatible; SemrushBot/7~bl; +http://www.semrush.com/bot.html)"
34.206.193.60 - - [25/Aug/2026:21:40:34 +0500] "GET /uz/about-org-uzb/indexes-uzb/12-uzbek/about-org-uzb/52-filials-uzb HTTP/1.1" 200 57891 "-" "Mozilla/5.0 AppleWebKit/537.36 (KHTML, like Gecko; compatible; Amazonbot/0.1; +https://developer.amazon.com/support/amazonbot) Chrome/119.0.6045.214 Safari/537.36"
85.208.96.211 - - [25/Aug/2026:21:40:40 +0500] "GET /uz/facts-uzb?start=30&template=yoo_master2 HTTP/1.1" 200 68487 "-" "Mozilla/5.0 (compatible; SemrushBot/7~bl; +http://www.semrush.com/bot.html)"
114.119.146.19 - - [25/Aug/2026:21:40:54 +0500] "GET /ru/facts-rus/107-36-fact-15-10-15 HTTP/1.1" 200 73355 "https://eskijuva-bozori.uz/ru/facts-rus?template=yoo_master2&start=75" "Mozilla/5.0 (Linux; Android 7.0;) AppleWebKit/537.36 (HTML, like Gecko) Mobile Safari/537.36 (compatible; PetalBot;+https://webmaster.petalsearch.com/site/petalbot)"
216.73.216.32 - - [25/Aug/2026:21:40:58 +0500] "GET /?%60=o3t3t0a3r0801395 HTTP/1.1" 301 - "-" "Mozilla/5.0 AppleWebKit/537.36 (KHTML, like Gecko; compatible; ClaudeBot/1.0; +claudebot@anthropic.com)"
94.154.43.74 - - [25/Aug/2026:21:41:00 +0500] "GET /.env HTTP/1.1" 301 - "-" "Mozilla/5.0 (Windows NT 10.0; Win64; x64) AppleWebKit/537.36 (KHTML, like Gecko) Chrome/147.0.0.0 Safari/537.36"
94.154.43.129 - - [25/Aug/2026:21:41:03 +0500] "GET /.env HTTP/1.1" 301 - "-" "Mozilla/5.0 (Windows NT 10.0; Win64; x64) AppleWebKit/537.36 (KHTML, like Gecko) Chrome/147.0.0.0 Safari/537.36"
216.73.216.32 - - [25/Aug/2026:21:41:04 +0500] "GET /uz/?%60=o3t3t0a3r0801395 HTTP/1.1" 200 68524 "https://www.eskijuva-bozori.uz.uzbekgidroenergoqurilish.uz/?%60=o3t3t0a3r0801395" "Mozilla/5.0 AppleWebKit/537.36 (KHTML, like Gecko; compatible; ClaudeBot/1.0; +claudebot@anthropic.com)"
94.154.43.158 - - [25/Aug/2026:21:41:07 +0500] "GET /uz/.env HTTP/1.1" 404 1248 "-" "Mozilla/5.0 (Windows NT 10.0; Win64; x64) AppleWebKit/537.36 (KHTML, like Gecko) Chrome/147.0.0.0 Safari/537.36"
94.154.43.180 - - [25/Aug/2026:21:41:08 +0500] "GET /uz/.env HTTP/1.1" 404 1216 "-" "Mozilla/5.0 (Windows NT 10.0; Win64; x64) AppleWebKit/537.36 (KHTML, like Gecko) Chrome/147.0.0.0 Safari/537.36"
35.169.240.53 - - [25/Aug/2026:21:41:12 +0500] "GET /ru/audit-rus/17-russian/shareholders-rus?format=feed&type=rss HTTP/1.1" 200 10824 "-" "Mozilla/5.0 AppleWebKit/537.36 (KHTML, like Gecko; compatible; Amazonbot/0.1; +https://developer.amazon.com/support/amazonbot) Chrome/119.0.6045.214 Safari/537.36"
216.73.216.32 - - [25/Aug/2026:21:41:13 +0500] "GET /shops/oenanthylidene/w3i2d7e6g7u1t81970 HTTP/1.1" 301 - "-" "Mozilla/5.0 AppleWebKit/537.36 (KHTML, like Gecko; compatible; ClaudeBot/1.0; +claudebot@anthropic.com)"
216.73.216.32 - - [25/Aug/2026:21:41:17 +0500] "GET /uz/shops/oenanthylidene/w3i2d7e6g7u1t81970 HTTP/1.1" 404 1248 "https://www.eskijuva-bozori.uz.uzbekgidroenergoqurilish.uz/shops/oenanthylidene/w3i2d7e6g7u1t81970" "Mozilla/5.0 AppleWebKit/537.36 (KHTML, like Gecko; compatible; ClaudeBot/1.0; +claudebot@anthropic.com)"
216.73.216.32 - - [25/Aug/2026:21:41:27 +0500] "GET /?%60=f3r1e5s1h2w4a0t1e6r56 HTTP/1.1" 301 - "-" "Mozilla/5.0 AppleWebKit/537.36 (KHTML, like Gecko; compatible; ClaudeBot/1.0; +claudebot@anthropic.com)"
216.73.216.32 - - [25/Aug/2026:21:41:32 +0500] "GET /uz/?%60=f3r1e5s1h2w4a0t1e6r56 HTTP/1.1" 200 68529 "https://www.eskijuva-bozori.uz.uzbekgidroenergoqurilish.uz/?%60=f3r1e5s1h2w4a0t1e6r56" "Mozilla/5.0 AppleWebKit/537.36 (KHTML, like Gecko; compatible; ClaudeBot/1.0; +claudebot@anthropic.com)"
216.73.216.32 - - [25/Aug/2026:21:42:08 +0500] "GET /owneroccupier/coagulant/357987388 HTTP/1.1" 301 - "-" "Mozilla/5.0 AppleWebKit/537.36 (KHTML, like Gecko; compatible; ClaudeBot/1.0; +claudebot@anthropic.com)"
216.73.216.32 - - [25/Aug/2026:21:42:12 +0500] "GET /uz/owneroccupier/coagulant/357987388 HTTP/1.1" 404 1248 "https://www.eskijuva-bozori.uz.uzbekgidroenergoqurilish.uz/owneroccupier/coagulant/357987388" "Mozilla/5.0 AppleWebKit/537.36 (KHTML, like Gecko; compatible; ClaudeBot/1.0; +claudebot@anthropic.com)"
34.30.223.149 - - [25/Aug/2026:21:43:34 +0500] "GET /uz/component/proofreader/ HTTP/1.1" 404 1216 "-" "Mozilla/5.0 (Macintosh; Intel Mac OS X 10_15_7) AppleWebKit/537.36 (KHTML, like Gecko) Chrome/120.0.0.0 Safari/537.36"
34.194.233.48 - - [25/Aug/2026:21:43:50 +0500] "GET /uz/?r=r9e3n5d8r2o9c3k904&start=52 HTTP/1.1" 200 69694 "-" "Mozilla/5.0 AppleWebKit/537.36 (KHTML, like Gecko; compatible; Amazonbot/0.1; +https://developer.amazon.com/support/amazonbot) Chrome/119.0.6045.214 Safari/537.36"
66.249.77.71 - - [25/Aug/2026:21:44:07 +0500] "GET /images/links/press_rus.gif HTTP/1.1" 200 6693 "-" "Googlebot-Image/1.0"
216.73.216.32 - - [25/Aug/2026:21:44:10 +0500] "GET /uz/?format=feed&r=a4e3r9o8h3y3d9r5o4d6y2namic&type=rss HTTP/1.1" 200 6209 "-" "Mozilla/5.0 AppleWebKit/537.36 (KHTML, like Gecko; compatible; ClaudeBot/1.0; +claudebot@anthropic.com)"
34.56.53.225 - - [25/Aug/2026:21:44:13 +0500] "GET /uz/news-uzb?start=20&template=accessibility HTTP/1.1" 200 35125 "-" "Mozilla/5.0 (Macintosh; Intel Mac OS X 10_15_7) AppleWebKit/537.36 (KHTML, like Gecko) Chrome/120.0.0.0 Safari/537.36"
216.73.216.32 - - [25/Aug/2026:21:44:46 +0500] "GET /uz/?format=feed&r=c4o1r2r1o2s2i8b8l6e37&type=atom HTTP/1.1" 200 9468 "-" "Mozilla/5.0 AppleWebKit/537.36 (KHTML, like Gecko; compatible; ClaudeBot/1.0; +claudebot@anthropic.com)"
216.73.216.32 - - [25/Aug/2026:21:45:00 +0500] "GET /uz/?format=feed&r=i4n2f4a8t0u2a4t9i5n2g&type=rss HTTP/1.1" 200 6203 "-" "Mozilla/5.0 AppleWebKit/537.36 (KHTML, like Gecko; compatible; ClaudeBot/1.0; +claudebot@anthropic.com)"
216.73.216.32 - - [25/Aug/2026:21:45:14 +0500] "GET /uz/?format=feed&r=f4o1u8l9l2y580498&type=atom HTTP/1.1" 200 9464 "-" "Mozilla/5.0 AppleWebKit/537.36 (KHTML, like Gecko; compatible; ClaudeBot/1.0; +claudebot@anthropic.com)"
44.221.105.234 - - [25/Aug/2026:21:45:17 +0500] "GET /uz/?r=w9e2e9k3w2a4m72867&start=4 HTTP/1.1" 200 67829 "-" "Mozilla/5.0 AppleWebKit/537.36 (KHTML, like Gecko; compatible; Amazonbot/0.1; +https://developer.amazon.com/support/amazonbot) Chrome/119.0.6045.214 Safari/537.36"
34.57.162.91 - - [25/Aug/2026:21:45:19 +0500] "GET /uz/component/search/?Itemid=149&format=opensearch HTTP/1.1" 200 745 "-" "Mozilla/5.0 (Macintosh; Intel Mac OS X 10_15_7) AppleWebKit/537.36 (KHTML, like Gecko) Chrome/120.0.0.0 Safari/537.36"
185.191.171.3 - - [25/Aug/2026:21:45:44 +0500] "GET /robots.txt HTTP/1.1" 200 111 "-" "Mozilla/5.0 (compatible; SemrushBot/7~bl; +http://www.semrush.com/bot.html)"
185.191.171.14 - - [25/Aug/2026:21:45:45 +0500] "GET /uz/about-org-uzb/indexes-uzb?start=10&template=eskijuva HTTP/1.1" 200 62213 "-" "Mozilla/5.0 (compatible; SemrushBot/7~bl; +http://www.semrush.com/bot.html)"
216.73.216.32 - - [25/Aug/2026:21:45:51 +0500] "GET /?%60=u3n3a3n8s2w0e0r8a1b7i8lity HTTP/1.1" 301 - "-" "Mozilla/5.0 AppleWebKit/537.36 (KHTML, like Gecko; compatible; ClaudeBot/1.0; +claudebot@anthropic.com)"
216.73.216.32 - - [25/Aug/2026:21:45:54 +0500] "GET /uz/?%60=u3n3a3n8s2w0e0r8a1b7i8lity HTTP/1.1" 508 288 "https://www.eskijuva-bozori.uz.uzbekgidroenergoqurilish.uz/?%60=u3n3a3n8s2w0e0r8a1b7i8lity" "Mozilla/5.0 AppleWebKit/537.36 (KHTML, like Gecko; compatible; ClaudeBot/1.0; +claudebot@anthropic.com)"
185.191.171.10 - - [25/Aug/2026:21:45:58 +0500] "GET /uz/news-uzb?template=eskijuva HTTP/1.1" 200 61224 "-" "Mozilla/5.0 (compatible; SemrushBot/7~bl; +http://www.semrush.com/bot.html)"
216.73.216.32 - - [25/Aug/2026:21:46:05 +0500] "GET /inceptively/c3o4u2n0t3e6r8v4a7i1l2 HTTP/1.1" 301 - "-" "Mozilla/5.0 AppleWebKit/537.36 (KHTML, like Gecko; compatible; ClaudeBot/1.0; +claudebot@anthropic.com)"
216.73.216.32 - - [25/Aug/2026:21:46:09 +0500] "GET /uz/inceptively/c3o4u2n0t3e6r8v4a7i1l2 HTTP/1.1" 404 1248 "https://www.eskijuva-bozori.uz.uzbekgidroenergoqurilish.uz/inceptively/c3o4u2n0t3e6r8v4a7i1l2" "Mozilla/5.0 AppleWebKit/537.36 (KHTML, like Gecko; compatible; ClaudeBot/1.0; +claudebot@anthropic.com)"
216.73.216.32 - - [25/Aug/2026:21:46:46 +0500] "GET /?%60=p3e1a4c5h4e6r76403 HTTP/1.1" 301 - "-" "Mozilla/5.0 AppleWebKit/537.36 (KHTML, like Gecko; compatible; ClaudeBot/1.0; +claudebot@anthropic.com)"
216.73.216.32 - - [25/Aug/2026:21:46:51 +0500] "GET /uz/?%60=p3e1a4c5h4e6r76403 HTTP/1.1" 200 68526 "https://www.eskijuva-bozori.uz.uzbekgidroenergoqurilish.uz/?%60=p3e1a4c5h4e6r76403" "Mozilla/5.0 AppleWebKit/537.36 (KHTML, like Gecko; compatible; ClaudeBot/1.0; +claudebot@anthropic.com)"
216.73.216.32 - - [25/Aug/2026:21:46:59 +0500] "GET /?%60=p3e4n2a0n2c4e99028 HTTP/1.1" 301 - "-" "Mozilla/5.0 AppleWebKit/537.36 (KHTML, like Gecko; compatible; ClaudeBot/1.0; +claudebot@anthropic.com)"
216.73.216.32 - - [25/Aug/2026:21:47:03 +0500] "GET /uz/?%60=p3e4n2a0n2c4e99028 HTTP/1.1" 200 68526 "https://www.eskijuva-bozori.uz.uzbekgidroenergoqurilish.uz/?%60=p3e4n2a0n2c4e99028" "Mozilla/5.0 AppleWebKit/537.36 (KHTML, like Gecko; compatible; ClaudeBot/1.0; +claudebot@anthropic.com)"
85.208.96.205 - - [25/Aug/2026:21:47:13 +0500] "GET /uz/?app=main&start=24 HTTP/1.1" 200 68082 "-" "Mozilla/5.0 (compatible; SemrushBot/7~bl; +http://www.semrush.com/bot.html)"
185.191.171.11 - - [25/Aug/2026:21:47:45 +0500] "GET /uz/officially-uzb/tenders-uzb/330-vacancy-director-2021-uzb HTTP/1.1" 200 61302 "-" "Mozilla/5.0 (compatible; SemrushBot/7~bl; +http://www.semrush.com/bot.html)"
57.141.20.61 - - [25/Aug/2026:21:47:57 +0500] "GET /uz/?function=call_user_func_array&s=index/think\\\\\\\\\\\\\\\\\\\\\\\\\\\\\\\\\\\\\\\\\\\\\\\\\\\\\\\\\\\\\\\\\\\\\\\\\\\\\\\\\\\\\\\\\\\\\\\\\\\\\\\\\\\\\\\\\\\\\\\\\\\\\\\\\\\\\\\\\\\\\\\\\\\\\\\\\\\\\\\\\\\\\\\\\\\\\\\\\\\\\\\\\\\\\\\\\\\\\\\\\\\\\\\\\\\\\\\\\\\\\\\\\\\\\\\\\\\\\\\\\\\\\\\\\\\\\\\\\\\\\\\\\\\\\\\\\\\\\\\\\\\\\\\\\\\\\\\\\\\\\\\\\\\\\\\\\\\\\\\\\\\\\\\\\\\\\\\\\\\\\\\\\\\\\\\\\\\\\\\\\\\\\\\\\\\\\\\\\\\\\\\\\\\\\\\\\\\\\\\\\\\\\\\\\\\\\\\\\\\\\\\\\\\\\\\\\\\\\\\\\\\\\\\\\\\\\\\\\\\\\\\\\\\\\\\\\\\\\\\\\\\\\\\\\\\\\\\\\\\\\\\\\\\\\\\\app/invokefunction&vars[0]=phpinfo&vars[1][0]=1&format=feed&type=rss HTTP/1.1" 200 6090 "-" "Mozilla/5.0 (Windows NT 10.0; Win64; x64) AppleWebKit/537.36 (KHTML, like Gecko) Chrome/145.0.0.0 Safari/537.36 (compatible; meta-webindexer/1.1 (+https://developers.facebook.com/docs/sharing/webmasters/crawler))"
34.42.229.145 - - [25/Aug/2026:21:47:57 +0500] "GET /uz/audit-uzb?template=yoo_master2 HTTP/1.1" 200 62726 "-" "Mozilla/5.0 (Macintosh; Intel Mac OS X 10_15_7) AppleWebKit/537.36 (KHTML, like Gecko) Chrome/120.0.0.0 Safari/537.36"
216.73.216.32 - - [25/Aug/2026:21:48:14 +0500] "GET /choux/f3u1d1d0l8i2n0g1162 HTTP/1.1" 301 - "-" "Mozilla/5.0 AppleWebKit/537.36 (KHTML, like Gecko; compatible; ClaudeBot/1.0; +claudebot@anthropic.com)"
216.73.216.32 - - [25/Aug/2026:21:48:18 +0500] "GET /uz/choux/f3u1d1d0l8i2n0g1162 HTTP/1.1" 404 1248 "https://www.eskijuva-bozori.uz.uzbekgidroenergoqurilish.uz/choux/f3u1d1d0l8i2n0g1162" "Mozilla/5.0 AppleWebKit/537.36 (KHTML, like Gecko; compatible; ClaudeBot/1.0; +claudebot@anthropic.com)"
216.73.216.32 - - [25/Aug/2026:21:48:28 +0500] "GET /shops/cindery/s3a2g6a1s6005568 HTTP/1.1" 301 - "-" "Mozilla/5.0 AppleWebKit/537.36 (KHTML, like Gecko; compatible; ClaudeBot/1.0; +claudebot@anthropic.com)"
216.73.216.32 - - [25/Aug/2026:21:48:33 +0500] "GET /uz/shops/cindery/s3a2g6a1s6005568 HTTP/1.1" 404 1248 "https://www.eskijuva-bozori.uz.uzbekgidroenergoqurilish.uz/shops/cindery/s3a2g6a1s6005568" "Mozilla/5.0 AppleWebKit/537.36 (KHTML, like Gecko; compatible; ClaudeBot/1.0; +claudebot@anthropic.com)"
216.73.216.32 - - [25/Aug/2026:21:48:43 +0500] "GET /spandex/p3i2p2r3a5818102 HTTP/1.1" 301 - "-" "Mozilla/5.0 AppleWebKit/537.36 (KHTML, like Gecko; compatible; ClaudeBot/1.0; +claudebot@anthropic.com)"
216.73.216.32 - - [25/Aug/2026:21:48:47 +0500] "GET /uz/spandex/p3i2p2r3a5818102 HTTP/1.1" 404 1248 "https://www.eskijuva-bozori.uz.uzbekgidroenergoqurilish.uz/spandex/p3i2p2r3a5818102" "Mozilla/5.0 AppleWebKit/537.36 (KHTML, like Gecko; compatible; ClaudeBot/1.0; +claudebot@anthropic.com)"
216.73.216.32 - - [25/Aug/2026:21:48:48 +0500] "GET /shops/selfactivity/d3e2v8i4l4l0i0n6g744 HTTP/1.1" 301 - "-" "Mozilla/5.0 AppleWebKit/537.36 (KHTML, like Gecko; compatible; ClaudeBot/1.0; +claudebot@anthropic.com)"
216.73.216.32 - - [25/Aug/2026:21:48:51 +0500] "GET /uz/shops/selfactivity/d3e2v8i4l4l0i0n6g744 HTTP/1.1" 404 1248 "https://www.eskijuva-bozori.uz.uzbekgidroenergoqurilish.uz/shops/selfactivity/d3e2v8i4l4l0i0n6g744" "Mozilla/5.0 AppleWebKit/537.36 (KHTML, like Gecko; compatible; ClaudeBot/1.0; +claudebot@anthropic.com)"
216.73.216.32 - - [25/Aug/2026:21:49:02 +0500] "GET /?%60=p3o3r9t8e5n4d3e8d543 HTTP/1.1" 301 - "-" "Mozilla/5.0 AppleWebKit/537.36 (KHTML, like Gecko; compatible; ClaudeBot/1.0; +claudebot@anthropic.com)"
216.73.216.32 - - [25/Aug/2026:21:49:08 +0500] "GET /uz/?%60=p3o3r9t8e5n4d3e8d543 HTTP/1.1" 200 68528 "https://www.eskijuva-bozori.uz.uzbekgidroenergoqurilish.uz/?%60=p3o3r9t8e5n4d3e8d543" "Mozilla/5.0 AppleWebKit/537.36 (KHTML, like Gecko; compatible; ClaudeBot/1.0; +claudebot@anthropic.com)"
216.73.216.32 - - [25/Aug/2026:21:49:16 +0500] "GET /?%60=d3e1b7a5u1c0h4m9e2n3t5 HTTP/1.1" 508 288 "-" "Mozilla/5.0 AppleWebKit/537.36 (KHTML, like Gecko; compatible; ClaudeBot/1.0; +claudebot@anthropic.com)"
185.191.171.7 - - [25/Aug/2026:21:49:18 +0500] "GET /uz/about-org-uzb/indexes-uzb/226-reports-2018-uzb HTTP/1.1" 200 58570 "-" "Mozilla/5.0 (compatible; SemrushBot/7~bl; +http://www.semrush.com/bot.html)"
34.123.149.87 - - [25/Aug/2026:21:49:27 +0500] "GET /uz/about-org-uzb/strategy-uzb?template=accessibility HTTP/1.1" 508 288 "-" "Mozilla/5.0 (Macintosh; Intel Mac OS X 10_15_7) AppleWebKit/537.36 (KHTML, like Gecko) Chrome/120.0.0.0 Safari/537.36"
216.73.216.32 - - [25/Aug/2026:21:49:50 +0500] "GET /?%60=p3o2p0e2t4009791 HTTP/1.1" 301 - "-" "Mozilla/5.0 AppleWebKit/537.36 (KHTML, like Gecko; compatible; ClaudeBot/1.0; +claudebot@anthropic.com)"
216.73.216.32 - - [25/Aug/2026:21:49:55 +0500] "GET /uz/?%60=p3o2p0e2t4009791 HTTP/1.1" 200 68496 "https://www.eskijuva-bozori.uz.uzbekgidroenergoqurilish.uz/?%60=p3o2p0e2t4009791" "Mozilla/5.0 AppleWebKit/537.36 (KHTML, like Gecko; compatible; ClaudeBot/1.0; +claudebot@anthropic.com)"
216.73.216.32 - - [25/Aug/2026:21:50:04 +0500] "GET /?%60=c3o9v8e6n0a8n3t3e3d HTTP/1.1" 301 - "-" "Mozilla/5.0 AppleWebKit/537.36 (KHTML, like Gecko; compatible; ClaudeBot/1.0; +claudebot@anthropic.com)"
216.73.216.32 - - [25/Aug/2026:21:50:08 +0500] "GET /uz/?%60=c3o9v8e6n0a8n3t3e3d HTTP/1.1" 200 68764 "https://www.eskijuva-bozori.uz.uzbekgidroenergoqurilish.uz/?%60=c3o9v8e6n0a8n3t3e3d" "Mozilla/5.0 AppleWebKit/537.36 (KHTML, like Gecko; compatible; ClaudeBot/1.0; +claudebot@anthropic.com)"
216.73.216.32 - - [25/Aug/2026:21:50:18 +0500] "GET /shops/stalkeyed/o3v2e6r6r6e9f7i1n4e61 HTTP/1.1" 508 288 "-" "Mozilla/5.0 AppleWebKit/537.36 (KHTML, like Gecko; compatible; ClaudeBot/1.0; +claudebot@anthropic.com)"
216.73.216.32 - - [25/Aug/2026:21:50:28 +0500] "GET /?%60=c3o3l5o8c6a5s2i6a728 HTTP/1.1" 301 - "-" "Mozilla/5.0 AppleWebKit/537.36 (KHTML, like Gecko; compatible; ClaudeBot/1.0; +claudebot@anthropic.com)"
207.46.13.150 - - [25/Aug/2026:21:50:30 +0500] "GET /uz/facts-uzb/261-08-fact-25-04-2019-io HTTP/1.1" 200 215587 "-" "Mozilla/5.0 AppleWebKit/537.36 (KHTML, like Gecko; compatible; bingbot/2.0; +http://www.bing.com/bingbot.htm) Chrome/116.0.1938.76 Safari/537.36"
216.73.216.32 - - [25/Aug/2026:21:50:32 +0500] "GET /uz/?%60=c3o3l5o8c6a5s2i6a728 HTTP/1.1" 200 68500 "https://www.eskijuva-bozori.uz.uzbekgidroenergoqurilish.uz/?%60=c3o3l5o8c6a5s2i6a728" "Mozilla/5.0 AppleWebKit/537.36 (KHTML, like Gecko; compatible; ClaudeBot/1.0; +claudebot@anthropic.com)"
57.141.20.3 - - [25/Aug/2026:21:50:42 +0500] "GET /uz/?function=call_user_func_array&s=index/think\\\\\\\\\\\\\\\\\\\\\\\\\\\\\\\\\\\\\\\\\\\\\\\\\\\\\\\\\\\\\\\\\\\\\\\\\\\\\\\\\\\\\\\\\\\\\\\\\\\\\\\\\\\\\\\\\\\\\\\\\\\\\\\\\\\\\\\\\\\\\\\\\\\\\\\\\\\\\\\\\\\\\\\\\\\\\\\\\\\\\\\\\\\\\\\\\\\\\\\\\\\\\\\\\\\\\\\\\\\\\\\\\\\\\\\\\\\\\\\\\\\\\\\\\\\\\\\\\\\\\\\\\\\\\\\\\\\\\\\\\\\\\\\\\\\\\\\\\\\\\\\\\\\\\\\\\\\\\\\\\\\\\\\\\\\\\\\\\\\\\\\\\\\\\\\\\\\\\\\\\\\\\\\\\\\\\\\\\\\\\\\\\\\\\\\\\\\\\\\\\\\\\\\\\\\\\\\\\\\\\\\\\\\\\\\\\\\\\\\\\\\\\\\\\\\\\\\\\\\\\\\\\\\\\\\\\\\\\\\\\\\\\\\\\\\\\\\\\\\\\\\\\\\\\\\\app/invokefunction&vars[0]=phpinfo&vars[1][0]=1&start=52 HTTP/1.1" 508 288 "-" "Mozilla/5.0 (Windows NT 10.0; Win64; x64) AppleWebKit/537.36 (KHTML, like Gecko) Chrome/145.0.0.0 Safari/537.36 (compatible; meta-webindexer/1.1 (+https://developers.facebook.com/docs/sharing/webmasters/crawler))"
216.73.216.32 - - [25/Aug/2026:21:50:42 +0500] "GET /?%60=b3i1r0g9a4n4d8e2r405 HTTP/1.1" 301 - "-" "Mozilla/5.0 AppleWebKit/537.36 (KHTML, like Gecko; compatible; ClaudeBot/1.0; +claudebot@anthropic.com)"
216.73.216.32 - - [25/Aug/2026:21:50:56 +0500] "GET /?%60=l3e2a3n4n6e7s4s8763 HTTP/1.1" 508 288 "-" "Mozilla/5.0 AppleWebKit/537.36 (KHTML, like Gecko; compatible; ClaudeBot/1.0; +claudebot@anthropic.com)"
216.73.216.32 - - [25/Aug/2026:21:50:49 +0500] "GET /uz/?%60=b3i1r0g9a4n4d8e2r405 HTTP/1.1" 200 68500 "https://www.eskijuva-bozori.uz.uzbekgidroenergoqurilish.uz/?%60=b3i1r0g9a4n4d8e2r405" "Mozilla/5.0 AppleWebKit/537.36 (KHTML, like Gecko; compatible; ClaudeBot/1.0; +claudebot@anthropic.com)"
216.73.216.32 - - [25/Aug/2026:21:51:01 +0500] "GET /shops/coagulated/t3e1s8t8u9d9i1n2e3s7 HTTP/1.1" 301 - "-" "Mozilla/5.0 AppleWebKit/537.36 (KHTML, like Gecko; compatible; ClaudeBot/1.0; +claudebot@anthropic.com)"
216.73.216.32 - - [25/Aug/2026:21:51:07 +0500] "GET /uz/shops/coagulated/t3e1s8t8u9d9i1n2e3s7 HTTP/1.1" 404 1248 "https://www.eskijuva-bozori.uz.uzbekgidroenergoqurilish.uz/shops/coagulated/t3e1s8t8u9d9i1n2e3s7" "Mozilla/5.0 AppleWebKit/537.36 (KHTML, like Gecko; compatible; ClaudeBot/1.0; +claudebot@anthropic.com)"
216.73.216.32 - - [25/Aug/2026:21:51:15 +0500] "GET /?%60=p3r4o2c0a1m2b8i6u9m45 HTTP/1.1" 301 - "-" "Mozilla/5.0 AppleWebKit/537.36 (KHTML, like Gecko; compatible; ClaudeBot/1.0; +claudebot@anthropic.com)"
216.73.216.32 - - [25/Aug/2026:21:51:21 +0500] "GET /uz/?%60=p3r4o2c0a1m2b8i6u9m45 HTTP/1.1" 200 68501 "https://www.eskijuva-bozori.uz.uzbekgidroenergoqurilish.uz/?%60=p3r4o2c0a1m2b8i6u9m45" "Mozilla/5.0 AppleWebKit/537.36 (KHTML, like Gecko; compatible; ClaudeBot/1.0; +claudebot@anthropic.com)"
216.73.216.32 - - [25/Aug/2026:21:51:29 +0500] "GET /shops/parcase/u3n4g2u6a0r8d23281 HTTP/1.1" 508 288 "-" "Mozilla/5.0 AppleWebKit/537.36 (KHTML, like Gecko; compatible; ClaudeBot/1.0; +claudebot@anthropic.com)"
85.208.96.207 - - [25/Aug/2026:21:51:23 +0500] "GET /ru/news-rus/10-vneseny-izmeneniya-v-polozhenie-o-poryadke-soversheniya-i-registratsii-sdelok-s-tsennymi-bumagami HTTP/1.1" 200 60228 "-" "Mozilla/5.0 (compatible; SemrushBot/7~bl; +http://www.semrush.com/bot.html)"
216.73.216.32 - - [25/Aug/2026:21:51:37 +0500] "GET /shops/highhole/u3n2d5e0r6450545 HTTP/1.1" 301 - "-" "Mozilla/5.0 AppleWebKit/537.36 (KHTML, like Gecko; compatible; ClaudeBot/1.0; +claudebot@anthropic.com)"
216.73.216.32 - - [25/Aug/2026:21:51:43 +0500] "GET /uz/shops/highhole/u3n2d5e0r6450545 HTTP/1.1" 404 1248 "https://www.eskijuva-bozori.uz.uzbekgidroenergoqurilish.uz/shops/highhole/u3n2d5e0r6450545" "Mozilla/5.0 AppleWebKit/537.36 (KHTML, like Gecko; compatible; ClaudeBot/1.0; +claudebot@anthropic.com)"
34.10.180.98 - - [25/Aug/2026:21:51:44 +0500] "GET /uz/component/search/?Itemid=173&catid=39&format=opensearch&id=210 HTTP/1.1" 200 757 "-" "Mozilla/5.0 (Macintosh; Intel Mac OS X 10_15_7) AppleWebKit/537.36 (KHTML, like Gecko) Chrome/120.0.0.0 Safari/537.36"
216.73.216.32 - - [25/Aug/2026:21:51:51 +0500] "GET /shops/witts/c3a5s0t7r0a4t9e377 HTTP/1.1" 301 - "-" "Mozilla/5.0 AppleWebKit/537.36 (KHTML, like Gecko; compatible; ClaudeBot/1.0; +claudebot@anthropic.com)"
216.73.216.32 - - [25/Aug/2026:21:51:56 +0500] "GET /uz/shops/witts/c3a5s0t7r0a4t9e377 HTTP/1.1" 404 1248 "https://www.eskijuva-bozori.uz.uzbekgidroenergoqurilish.uz/shops/witts/c3a5s0t7r0a4t9e377" "Mozilla/5.0 AppleWebKit/537.36 (KHTML, like Gecko; compatible; ClaudeBot/1.0; +claudebot@anthropic.com)"
216.73.216.32 - - [25/Aug/2026:21:52:05 +0500] "GET /?%60=n3i7c4k9e4r3511 HTTP/1.1" 301 - "-" "Mozilla/5.0 AppleWebKit/537.36 (KHTML, like Gecko; compatible; ClaudeBot/1.0; +claudebot@anthropic.com)"
216.73.216.32 - - [25/Aug/2026:21:52:11 +0500] "GET /uz/?%60=n3i7c4k9e4r3511 HTTP/1.1" 200 68495 "https://www.eskijuva-bozori.uz.uzbekgidroenergoqurilish.uz/?%60=n3i7c4k9e4r3511" "Mozilla/5.0 AppleWebKit/537.36 (KHTML, like Gecko; compatible; ClaudeBot/1.0; +claudebot@anthropic.com)"
34.123.149.87 - - [25/Aug/2026:21:53:09 +0500] "GET /uz/prospectus-uzb/467-bildirishnoma-01-07-2025-docx HTTP/1.1" 200 56478 "-" "Mozilla/5.0 (Macintosh; Intel Mac OS X 10_15_7) AppleWebKit/537.36 (KHTML, like Gecko) Chrome/120.0.0.0 Safari/537.36"
34.123.149.87 - - [25/Aug/2026:21:54:04 +0500] "GET /uz/affil-uzb HTTP/1.1" 508 288 "-" "Mozilla/5.0 (Macintosh; Intel Mac OS X 10_15_7) AppleWebKit/537.36 (KHTML, like Gecko) Chrome/120.0.0.0 Safari/537.36"
216.73.216.32 - - [25/Aug/2026:21:54:24 +0500] "GET /?%60=c3l1e5f9t0g5r0a2f2t49 HTTP/1.1" 301 - "-" "Mozilla/5.0 AppleWebKit/537.36 (KHTML, like Gecko; compatible; ClaudeBot/1.0; +claudebot@anthropic.com)"
216.73.216.32 - - [25/Aug/2026:21:54:32 +0500] "GET /uz/?%60=c3l1e5f9t0g5r0a2f2t49 HTTP/1.1" 508 288 "https://www.eskijuva-bozori.uz.uzbekgidroenergoqurilish.uz/?%60=c3l1e5f9t0g5r0a2f2t49" "Mozilla/5.0 AppleWebKit/537.36 (KHTML, like Gecko; compatible; ClaudeBot/1.0; +claudebot@anthropic.com)"
216.73.216.32 - - [25/Aug/2026:21:54:38 +0500] "GET /?%60=c3i3t6r3i9s526085 HTTP/1.1" 508 288 "-" "Mozilla/5.0 AppleWebKit/537.36 (KHTML, like Gecko; compatible; ClaudeBot/1.0; +claudebot@anthropic.com)"
85.208.96.199 - - [25/Aug/2026:21:54:29 +0500] "GET /uz/?author=17&start=24 HTTP/1.1" 200 67813 "-" "Mozilla/5.0 (compatible; SemrushBot/7~bl; +http://www.semrush.com/bot.html)"
216.73.216.32 - - [25/Aug/2026:21:54:51 +0500] "GET /?%60=m3e1r6c1u2r7i9f9y191 HTTP/1.1" 301 - "-" "Mozilla/5.0 AppleWebKit/537.36 (KHTML, like Gecko; compatible; ClaudeBot/1.0; +claudebot@anthropic.com)"
216.73.216.32 - - [25/Aug/2026:21:54:58 +0500] "GET /uz/?%60=m3e1r6c1u2r7i9f9y191 HTTP/1.1" 200 68500 "https://www.eskijuva-bozori.uz.uzbekgidroenergoqurilish.uz/?%60=m3e1r6c1u2r7i9f9y191" "Mozilla/5.0 AppleWebKit/537.36 (KHTML, like Gecko; compatible; ClaudeBot/1.0; +claudebot@anthropic.com)"
145.239.69.153 - - [25/Aug/2026:21:55:11 +0500] "GET /robots.txt HTTP/1.1" 200 111 "-" "Mozilla/5.0 (compatible; MJ12bot/v1.4.8; http://mj12bot.com/)"
216.73.216.32 - - [25/Aug/2026:21:55:11 +0500] "GET /shops/oafish/d3a1r8k4g8r9e9e9n414 HTTP/1.1" 301 - "-" "Mozilla/5.0 AppleWebKit/537.36 (KHTML, like Gecko; compatible; ClaudeBot/1.0; +claudebot@anthropic.com)"
145.239.69.153 - - [25/Aug/2026:21:55:15 +0500] "GET /uz/?function=call_user_func_array&s=index/think%5C%5C%5C%5C%5C%5C%5C%5C%5C%5C%5C%5C%5C%5C%5C%5C%5C%5C%5C%5C%5C%5C%5C%5C%5C%5C%5C%5C%5C%5C%5C%5C%5C%5C%5C%5C%5C%5C%5C%5C%5C%5C%5C%5C%5C%5C%5C%5C%5C%5C%5C%5C%5C%5C%5C%5C%5C%5C%5C%5C%5C%5C%5C%5Capp/invokefunction&vars[0]=phpinfo&vars[1][0]=1&start=28 HTTP/1.1" 200 70251 "-" "Mozilla/5.0 (compatible; MJ12bot/v1.4.8; http://mj12bot.com/)"
216.73.216.32 - - [25/Aug/2026:21:55:18 +0500] "GET /uz/shops/oafish/d3a1r8k4g8r9e9e9n414 HTTP/1.1" 404 1248 "https://www.eskijuva-bozori.uz.uzbekgidroenergoqurilish.uz/shops/oafish/d3a1r8k4g8r9e9e9n414" "Mozilla/5.0 AppleWebKit/537.36 (KHTML, like Gecko; compatible; ClaudeBot/1.0; +claudebot@anthropic.com)"
85.208.96.211 - - [25/Aug/2026:21:55:18 +0500] "GET /uz/?amp%3Bstart=12&start=32&template=yoo_master2 HTTP/1.1" 200 68547 "-" "Mozilla/5.0 (compatible; SemrushBot/7~bl; +http://www.semrush.com/bot.html)"
145.239.69.153 - - [25/Aug/2026:21:55:26 +0500] "GET /uz/?function=call_user_func_array&s=index/think%5C%5C%5C%5C%5C%5C%5C%5C%5C%5C%5C%5C%5C%5C%5C%5C%5C%5C%5C%5C%5C%5C%5C%5C%5C%5C%5C%5C%5C%5C%5C%5C%5C%5C%5C%5C%5C%5C%5C%5C%5C%5C%5C%5C%5C%5C%5C%5C%5C%5C%5C%5C%5C%5C%5C%5C%5C%5C%5C%5C%5C%5C%5C%5Capp/invokefunction&vars[0]=phpinfo&vars[1][0]=1&start=44 HTTP/1.1" 200 69952 "-" "Mozilla/5.0 (compatible; MJ12bot/v1.4.8; http://mj12bot.com/)"
145.239.69.153 - - [25/Aug/2026:21:56:00 +0500] "GET /robots.txt HTTP/1.1" 200 111 "-" "Mozilla/5.0 (compatible; MJ12bot/v1.4.8; http://mj12bot.com/)"
216.73.216.32 - - [25/Aug/2026:21:55:57 +0500] "GET /arctoidea/p3o2p5u1l6i7s9t2597 HTTP/1.1" 301 - "-" "Mozilla/5.0 AppleWebKit/537.36 (KHTML, like Gecko; compatible; ClaudeBot/1.0; +claudebot@anthropic.com)"
145.239.69.153 - - [25/Aug/2026:21:56:09 +0500] "GET /robots.txt HTTP/1.1" 200 111 "-" "Mozilla/5.0 (compatible; MJ12bot/v1.4.8; http://mj12bot.com/)"
216.73.216.32 - - [25/Aug/2026:21:56:04 +0500] "GET /uz/arctoidea/p3o2p5u1l6i7s9t2597 HTTP/1.1" 404 1248 "https://www.eskijuva-bozori.uz.uzbekgidroenergoqurilish.uz/arctoidea/p3o2p5u1l6i7s9t2597" "Mozilla/5.0 AppleWebKit/537.36 (KHTML, like Gecko; compatible; ClaudeBot/1.0; +claudebot@anthropic.com)"
216.73.216.32 - - [25/Aug/2026:21:56:11 +0500] "GET /?%60=c3r1y8o2p0h9o2b7i6a39 HTTP/1.1" 508 288 "-" "Mozilla/5.0 AppleWebKit/537.36 (KHTML, like Gecko; compatible; ClaudeBot/1.0; +claudebot@anthropic.com)"
145.239.69.153 - - [25/Aug/2026:21:56:13 +0500] "GET /uz/?function=call_user_func_array&s=index/think%5C%5C%5C%5C%5C%5C%5C%5C%5C%5C%5C%5C%5C%5C%5C%5C%5C%5C%5C%5C%5C%5C%5C%5C%5C%5C%5C%5C%5C%5C%5C%5C%5C%5C%5C%5C%5C%5C%5C%5C%5C%5C%5C%5C%5C%5C%5C%5C%5C%5C%5C%5C%5C%5C%5C%5C%5C%5C%5C%5C%5C%5C%5C%5Capp/invokefunction&vars[0]=phpinfo&vars[1][0]=1&start=28 HTTP/1.1" 508 288 "-" "Mozilla/5.0 (compatible; MJ12bot/v1.4.8; http://mj12bot.com/)"
145.239.69.153 - - [25/Aug/2026:21:56:04 +0500] "GET /uz/?phpinfo=16arSsAYV'%20OR%20178=(SELECT%20178%20FROM%20PG_SLEEP(15))--&start=20 HTTP/1.1" 200 68315 "-" "Mozilla/5.0 (compatible; MJ12bot/v1.4.8; http://mj12bot.com/)"
145.239.69.153 - - [25/Aug/2026:21:56:16 +0500] "GET /uz/?phpinfo=16arSsAYV'%20OR%20178=(SELECT%20178%20FROM%20PG_SLEEP(15))--&start=24 HTTP/1.1" 200 67874 "-" "Mozilla/5.0 (compatible; MJ12bot/v1.4.8; http://mj12bot.com/)"
145.239.69.153 - - [25/Aug/2026:21:56:16 +0500] "GET /uz/?function=call_user_func_array&s=index/think%5C%5C%5C%5C%5C%5C%5C%5C%5C%5C%5C%5C%5C%5C%5C%5C%5C%5C%5C%5C%5C%5C%5C%5C%5C%5C%5C%5C%5C%5C%5C%5C%5C%5C%5C%5C%5C%5C%5C%5C%5C%5C%5C%5C%5C%5C%5C%5C%5C%5C%5C%5C%5C%5C%5C%5C%5C%5C%5C%5C%5C%5C%5C%5Capp/invokefunction&vars[0]=phpinfo&vars[1][0]=1&start=44 HTTP/1.1" 200 69952 "-" "Mozilla/5.0 (compatible; MJ12bot/v1.4.8; http://mj12bot.com/)"
216.73.216.32 - - [25/Aug/2026:21:56:25 +0500] "GET /shops/globiferous/o3v5e0r5l8i3p7278 HTTP/1.1" 301 - "-" "Mozilla/5.0 AppleWebKit/537.36 (KHTML, like Gecko; compatible; ClaudeBot/1.0; +claudebot@anthropic.com)"
145.239.69.153 - - [25/Aug/2026:21:56:31 +0500] "GET /uz/?phpinfo=16arSsAYV'%20OR%20178=(SELECT%20178%20FROM%20PG_SLEEP(15))--&start=32 HTTP/1.1" 508 288 "-" "Mozilla/5.0 (compatible; MJ12bot/v1.4.8; http://mj12bot.com/)"
216.73.216.32 - - [25/Aug/2026:21:56:31 +0500] "GET /uz/shops/globiferous/o3v5e0r5l8i3p7278 HTTP/1.1" 508 288 "https://www.eskijuva-bozori.uz.uzbekgidroenergoqurilish.uz/shops/globiferous/o3v5e0r5l8i3p7278" "Mozilla/5.0 AppleWebKit/537.36 (KHTML, like Gecko; compatible; ClaudeBot/1.0; +claudebot@anthropic.com)"
216.73.216.32 - - [25/Aug/2026:21:56:31 +0500] "GET /?%60=d3i3s6p4o6r6t76179 HTTP/1.1" 301 - "-" "Mozilla/5.0 AppleWebKit/537.36 (KHTML, like Gecko; compatible; ClaudeBot/1.0; +claudebot@anthropic.com)"
216.73.216.32 - - [25/Aug/2026:21:56:43 +0500] "GET /shops/incorrigibleness/f3e3r1a9l0110228 HTTP/1.1" 508 288 "-" "Mozilla/5.0 AppleWebKit/537.36 (KHTML, like Gecko; compatible; ClaudeBot/1.0; +claudebot@anthropic.com)"
216.73.216.32 - - [25/Aug/2026:21:56:37 +0500] "GET /uz/?%60=d3i3s6p4o6r6t76179 HTTP/1.1" 200 68498 "https://www.eskijuva-bozori.uz.uzbekgidroenergoqurilish.uz/?%60=d3i3s6p4o6r6t76179" "Mozilla/5.0 AppleWebKit/537.36 (KHTML, like Gecko; compatible; ClaudeBot/1.0; +claudebot@anthropic.com)"
145.239.69.153 - - [25/Aug/2026:21:56:48 +0500] "GET /robots.txt HTTP/1.1" 200 111 "-" "Mozilla/5.0 (compatible; MJ12bot/v1.4.8; http://mj12bot.com/)"
145.239.69.153 - - [25/Aug/2026:21:56:51 +0500] "GET /uz/?phpinfo=16arSsAYV'%20OR%20178=(SELECT%20178%20FROM%20PG_SLEEP(15))--&start=20 HTTP/1.1" 508 288 "-" "Mozilla/5.0 (compatible; MJ12bot/v1.4.8; http://mj12bot.com/)"
145.239.69.153 - - [25/Aug/2026:21:56:55 +0500] "GET /uz/?phpinfo=16arSsAYV'%20OR%20178=(SELECT%20178%20FROM%20PG_SLEEP(15))--&start=24 HTTP/1.1" 200 67874 "-" "Mozilla/5.0 (compatible; MJ12bot/v1.4.8; http://mj12bot.com/)"
216.73.216.32 - - [25/Aug/2026:21:56:57 +0500] "GET /shops/fimacl/p3h1y9t5o5n7o0m7y821 HTTP/1.1" 301 - "-" "Mozilla/5.0 AppleWebKit/537.36 (KHTML, like Gecko; compatible; ClaudeBot/1.0; +claudebot@anthropic.com)"
216.73.216.32 - - [25/Aug/2026:21:57:04 +0500] "GET /uz/shops/fimacl/p3h1y9t5o5n7o0m7y821 HTTP/1.1" 404 1248 "https://www.eskijuva-bozori.uz.uzbekgidroenergoqurilish.uz/shops/fimacl/p3h1y9t5o5n7o0m7y821" "Mozilla/5.0 AppleWebKit/537.36 (KHTML, like Gecko; compatible; ClaudeBot/1.0; +claudebot@anthropic.com)"
145.239.69.153 - - [25/Aug/2026:21:57:04 +0500] "GET /uz/?phpinfo=16arSsAYV'%20OR%20178=(SELECT%20178%20FROM%20PG_SLEEP(15))--&start=28 HTTP/1.1" 200 70055 "-" "Mozilla/5.0 (compatible; MJ12bot/v1.4.8; http://mj12bot.com/)"
34.56.53.225 - - [25/Aug/2026:21:57:20 +0500] "GET /uz/prospectus-uzb?format=feed&type=rss HTTP/1.1" 508 288 "-" "Mozilla/5.0 (Macintosh; Intel Mac OS X 10_15_7) AppleWebKit/537.36 (KHTML, like Gecko) Chrome/120.0.0.0 Safari/537.36"
145.239.69.153 - - [25/Aug/2026:21:57:14 +0500] "GET /uz/?phpinfo=16arSsAYV'%20OR%20178=(SELECT%20178%20FROM%20PG_SLEEP(15))--&start=32 HTTP/1.1" 200 68906 "-" "Mozilla/5.0 (compatible; MJ12bot/v1.4.8; http://mj12bot.com/)"
145.239.69.153 - - [25/Aug/2026:21:58:13 +0500] "GET /uz/officially-uzb/tenders-uzb?template=eskijuva&start=12 HTTP/1.1" 508 288 "-" "Mozilla/5.0 (compatible; MJ12bot/v1.4.8; http://mj12bot.com/)"
216.73.216.32 - - [25/Aug/2026:21:58:12 +0500] "GET /?%60=s3u3b0l7u3x0a3t3i3o5n4 HTTP/1.1" 301 - "-" "Mozilla/5.0 AppleWebKit/537.36 (KHTML, like Gecko; compatible; ClaudeBot/1.0; +claudebot@anthropic.com)"
34.42.229.145 - - [25/Aug/2026:21:58:22 +0500] "GET /ru/officially-rus/norm-baza-rus HTTP/1.1" 508 288 "-" "Mozilla/5.0 (Macintosh; Intel Mac OS X 10_15_7) AppleWebKit/537.36 (KHTML, like Gecko) Chrome/120.0.0.0 Safari/537.36"
145.239.69.153 - - [25/Aug/2026:21:58:17 +0500] "GET /uz/officially-uzb/tenders-uzb?template=eskijuva&start=16 HTTP/1.1" 200 64665 "-" "Mozilla/5.0 (compatible; MJ12bot/v1.4.8; http://mj12bot.com/)"
216.73.216.32 - - [25/Aug/2026:21:58:18 +0500] "GET /uz/?%60=s3u3b0l7u3x0a3t3i3o5n4 HTTP/1.1" 200 68502 "https://www.eskijuva-bozori.uz.uzbekgidroenergoqurilish.uz/?%60=s3u3b0l7u3x0a3t3i3o5n4" "Mozilla/5.0 AppleWebKit/537.36 (KHTML, like Gecko; compatible; ClaudeBot/1.0; +claudebot@anthropic.com)"
216.73.216.32 - - [25/Aug/2026:21:58:26 +0500] "GET /?%60=i3n1t6e8r7d4i9g9i5t7a6tion HTTP/1.1" 301 - "-" "Mozilla/5.0 AppleWebKit/537.36 (KHTML, like Gecko; compatible; ClaudeBot/1.0; +claudebot@anthropic.com)"
145.239.69.153 - - [25/Aug/2026:21:58:28 +0500] "GET /uz/officially-uzb/tenders-uzb?template=eskijuva&start=4 HTTP/1.1" 200 62094 "-" "Mozilla/5.0 (compatible; MJ12bot/v1.4.8; http://mj12bot.com/)"
216.73.216.32 - - [25/Aug/2026:21:58:33 +0500] "GET /uz/?%60=i3n1t6e8r7d4i9g9i5t7a6tion HTTP/1.1" 200 68506 "https://www.eskijuva-bozori.uz.uzbekgidroenergoqurilish.uz/?%60=i3n1t6e8r7d4i9g9i5t7a6tion" "Mozilla/5.0 AppleWebKit/537.36 (KHTML, like Gecko; compatible; ClaudeBot/1.0; +claudebot@anthropic.com)"
145.239.69.153 - - [25/Aug/2026:21:58:41 +0500] "GET /uz/officially-uzb/tenders-uzb?template=eskijuva&start=12 HTTP/1.1" 508 288 "-" "Mozilla/5.0 (compatible; MJ12bot/v1.4.8; http://mj12bot.com/)"
145.239.69.153 - - [25/Aug/2026:21:58:38 +0500] "GET /uz/officially-uzb/tenders-uzb?template=eskijuva&start=8 HTTP/1.1" 200 63263 "-" "Mozilla/5.0 (compatible; MJ12bot/v1.4.8; http://mj12bot.com/)"
216.73.216.32 - - [25/Aug/2026:21:58:40 +0500] "GET /uz/?%60=f3a4n0t8a5s5t5i9c278&start=8 HTTP/1.1" 200 67925 "-" "Mozilla/5.0 AppleWebKit/537.36 (KHTML, like Gecko; compatible; ClaudeBot/1.0; +claudebot@anthropic.com)"
145.239.69.153 - - [25/Aug/2026:21:58:48 +0500] "GET /uz/?phpinfo=16arSsAYV'%20OR%20178=(SELECT%20178%20FROM%20PG_SLEEP(15))--&start=28 HTTP/1.1" 508 288 "-" "Mozilla/5.0 (compatible; MJ12bot/v1.4.8; http://mj12bot.com/)"
145.239.69.153 - - [25/Aug/2026:21:58:45 +0500] "GET /uz/officially-uzb/tenders-uzb?template=eskijuva&start=16 HTTP/1.1" 200 64494 "-" "Mozilla/5.0 (compatible; MJ12bot/v1.4.8; http://mj12bot.com/)"
145.239.69.153 - - [25/Aug/2026:21:58:54 +0500] "GET /uz/officially-uzb/tenders-uzb?template=eskijuva&start=4 HTTP/1.1" 200 61923 "-" "Mozilla/5.0 (compatible; MJ12bot/v1.4.8; http://mj12bot.com/)"
145.239.69.153 - - [25/Aug/2026:21:59:04 +0500] "GET /uz/officially-uzb/tenders-uzb?template=eskijuva&start=8 HTTP/1.1" 200 63092 "-" "Mozilla/5.0 (compatible; MJ12bot/v1.4.8; http://mj12bot.com/)"
216.73.216.32 - - [25/Aug/2026:21:59:40 +0500] "GET /shops/imaginariness/t3r1a3d5e4s3f0o4l9k22 HTTP/1.1" 301 - "-" "Mozilla/5.0 AppleWebKit/537.36 (KHTML, like Gecko; compatible; ClaudeBot/1.0; +claudebot@anthropic.com)"
216.73.216.32 - - [25/Aug/2026:21:59:46 +0500] "GET /uz/shops/imaginariness/t3r1a3d5e4s3f0o4l9k22 HTTP/1.1" 508 288 "https://www.eskijuva-bozori.uz.uzbekgidroenergoqurilish.uz/shops/imaginariness/t3r1a3d5e4s3f0o4l9k22" "Mozilla/5.0 AppleWebKit/537.36 (KHTML, like Gecko; compatible; ClaudeBot/1.0; +claudebot@anthropic.com)"
216.73.216.32 - - [25/Aug/2026:21:59:54 +0500] "GET /?%60=p3y1r8e1t5o1l2o9g6y64 HTTP/1.1" 508 288 "-" "Mozilla/5.0 AppleWebKit/537.36 (KHTML, like Gecko; compatible; ClaudeBot/1.0; +claudebot@anthropic.com)"
34.123.149.87 - - [25/Aug/2026:22:00:00 +0500] "GET /ru/component/search/?Itemid=328&catid=32&format=opensearch&id=441 HTTP/1.1" 508 288 "-" "Mozilla/5.0 (Macintosh; Intel Mac OS X 10_15_7) AppleWebKit/537.36 (KHTML, like Gecko) Chrome/120.0.0.0 Safari/537.36"
216.73.216.32 - - [25/Aug/2026:22:00:08 +0500] "GET /?%60=t3o2r0m7i9n1o9u2s731 HTTP/1.1" 301 - "-" "Mozilla/5.0 AppleWebKit/537.36 (KHTML, like Gecko; compatible; ClaudeBot/1.0; +claudebot@anthropic.com)"
216.73.216.32 - - [25/Aug/2026:22:00:13 +0500] "GET /uz/?%60=t3o2r0m7i9n1o9u2s731 HTTP/1.1" 200 68500 "https://www.eskijuva-bozori.uz.uzbekgidroenergoqurilish.uz/?%60=t3o2r0m7i9n1o9u2s731" "Mozilla/5.0 AppleWebKit/537.36 (KHTML, like Gecko; compatible; ClaudeBot/1.0; +claudebot@anthropic.com)"
85.208.96.212 - - [25/Aug/2026:22:00:41 +0500] "GET /ru/about-org-rus/direction-rus/11-russian/about-org-rus HTTP/1.1" 200 65548 "-" "Mozilla/5.0 (compatible; SemrushBot/7~bl; +http://www.semrush.com/bot.html)"
