20.48.147.90 - - [25/Aug/2026:20:30:28 +0500] "GET /wcas.php HTTP/1.1" 404 5752 "-" "-"
20.48.147.90 - - [25/Aug/2026:20:30:28 +0500] "GET /000.php HTTP/1.1" 404 5752 "-" "-"
20.48.147.90 - - [25/Aug/2026:20:30:29 +0500] "GET /tor.php HTTP/1.1" 404 5752 "-" "-"
20.48.147.90 - - [25/Aug/2026:20:30:29 +0500] "GET /ws37.php HTTP/1.1" 404 5752 "-" "-"
20.48.147.90 - - [25/Aug/2026:20:30:30 +0500] "GET /class20.php HTTP/1.1" 404 5752 "-" "-"
20.48.147.90 - - [25/Aug/2026:20:30:30 +0500] "GET /card.php HTTP/1.1" 404 5752 "-" "-"
216.73.216.32 - - [25/Aug/2026:20:30:24 +0500] "GET /uz/?%60=a3d2j7e9c3t0i8o6n243 HTTP/1.1" 200 68659 "https://www.eskijuva-bozori.uz.uzbekgidroenergoqurilish.uz/?%60=a3d2j7e9c3t0i8o6n243" "Mozilla/5.0 AppleWebKit/537.36 (KHTML, like Gecko; compatible; ClaudeBot/1.0; +claudebot@anthropic.com)"
20.48.147.90 - - [25/Aug/2026:20:30:30 +0500] "GET /031.php HTTP/1.1" 404 5752 "-" "-"
20.48.147.90 - - [25/Aug/2026:20:30:31 +0500] "GET /size.php HTTP/1.1" 404 5752 "-" "-"
20.48.147.90 - - [25/Aug/2026:20:30:31 +0500] "GET /error.php HTTP/1.1" 404 5752 "-" "-"
20.48.147.90 - - [25/Aug/2026:20:30:32 +0500] "GET /404.php HTTP/1.1" 404 5752 "-" "-"
20.48.147.90 - - [25/Aug/2026:20:30:32 +0500] "GET /file32.php HTTP/1.1" 404 5752 "-" "-"
20.48.147.90 - - [25/Aug/2026:20:30:32 +0500] "GET /lol.php HTTP/1.1" 404 5752 "-" "-"
20.48.147.90 - - [25/Aug/2026:20:30:33 +0500] "GET /haa.php HTTP/1.1" 404 5752 "-" "-"
20.48.147.90 - - [25/Aug/2026:20:30:34 +0500] "GET /333.php HTTP/1.1" 404 5752 "-" "-"
20.48.147.90 - - [25/Aug/2026:20:30:34 +0500] "GET /ws38.php HTTP/1.1" 404 5752 "-" "-"
20.48.147.90 - - [25/Aug/2026:20:30:34 +0500] "GET /xx.php HTTP/1.1" 404 5752 "-" "-"
20.48.147.90 - - [25/Aug/2026:20:30:35 +0500] "GET /klex.php HTTP/1.1" 404 5752 "-" "-"
20.48.147.90 - - [25/Aug/2026:20:30:35 +0500] "GET /tx38.php HTTP/1.1" 404 5752 "-" "-"
20.48.147.90 - - [25/Aug/2026:20:30:36 +0500] "GET /ilex.php HTTP/1.1" 404 5752 "-" "-"
20.48.147.90 - - [25/Aug/2026:20:30:36 +0500] "GET /file.php HTTP/1.1" 404 5752 "-" "-"
20.48.147.90 - - [25/Aug/2026:20:30:36 +0500] "GET /k.php HTTP/1.1" 404 5752 "-" "-"
20.48.147.90 - - [25/Aug/2026:20:30:37 +0500] "GET /alpa.php HTTP/1.1" 404 5752 "-" "-"
20.48.147.90 - - [25/Aug/2026:20:30:37 +0500] "GET /bless5.php HTTP/1.1" 404 5752 "-" "-"
20.48.147.90 - - [25/Aug/2026:20:30:38 +0500] "GET /bless3.php HTTP/1.1" 404 5752 "-" "-"
20.48.147.90 - - [25/Aug/2026:20:30:38 +0500] "GET /gmo.php HTTP/1.1" 404 5752 "-" "-"
20.48.147.90 - - [25/Aug/2026:20:30:38 +0500] "GET /12.php HTTP/1.1" 404 5752 "-" "-"
20.48.147.90 - - [25/Aug/2026:20:30:39 +0500] "GET /100.kb.php HTTP/1.1" 404 5752 "-" "-"
47.82.15.68 - - [25/Aug/2026:20:30:53 +0500] "GET /uz/facts-uzb/492-sush-fakt-32-07-04-2026-pdf HTTP/1.1" 508 288 "-" "Mozilla/5.0 (Macintosh; Intel Mac OS X 10_15_7) AppleWebKit/537.36 (KHTML, like Gecko) Chrome/147.0.0.0 Safari/537.36"
85.208.96.210 - - [25/Aug/2026:20:31:34 +0500] "GET /uz/about-org-uzb/indexes-uzb/290-reports-2020-uzb HTTP/1.1" 200 58224 "-" "Mozilla/5.0 (compatible; SemrushBot/7~bl; +http://www.semrush.com/bot.html)"
34.57.162.91 - - [25/Aug/2026:20:31:50 +0500] "GET /uz/korp-upr-uzb/314-corp-upr-rating-2019 HTTP/1.1" 200 55972 "-" "Mozilla/5.0 (Macintosh; Intel Mac OS X 10_15_7) AppleWebKit/537.36 (KHTML, like Gecko) Chrome/120.0.0.0 Safari/537.36"
216.73.216.32 - - [25/Aug/2026:20:32:01 +0500] "GET /calotte/knosp/u3n4o3b7t1r4u4s5i5v8eness HTTP/1.1" 508 288 "-" "Mozilla/5.0 AppleWebKit/537.36 (KHTML, like Gecko; compatible; ClaudeBot/1.0; +claudebot@anthropic.com)"
34.123.149.87 - - [25/Aug/2026:20:32:13 +0500] "GET /uz/korp-upr-uzb?start=10&template=accessibility HTTP/1.1" 508 288 "-" "Mozilla/5.0 (Macintosh; Intel Mac OS X 10_15_7) AppleWebKit/537.36 (KHTML, like Gecko) Chrome/120.0.0.0 Safari/537.36"
216.73.216.32 - - [25/Aug/2026:20:32:25 +0500] "GET /shops/anura/r3e3s7t2a2u3r5a5t4i8o6n HTTP/1.1" 301 - "-" "Mozilla/5.0 AppleWebKit/537.36 (KHTML, like Gecko; compatible; ClaudeBot/1.0; +claudebot@anthropic.com)"
216.73.216.32 - - [25/Aug/2026:20:32:32 +0500] "GET /uz/shops/anura/r3e3s7t2a2u3r5a5t4i8o6n HTTP/1.1" 404 1248 "https://www.eskijuva-bozori.uz.uzbekgidroenergoqurilish.uz/shops/anura/r3e3s7t2a2u3r5a5t4i8o6n" "Mozilla/5.0 AppleWebKit/537.36 (KHTML, like Gecko; compatible; ClaudeBot/1.0; +claudebot@anthropic.com)"
216.73.216.32 - - [25/Aug/2026:20:32:35 +0500] "GET /?%60=u3n2q1u9i6e4t09256 HTTP/1.1" 301 - "-" "Mozilla/5.0 AppleWebKit/537.36 (KHTML, like Gecko; compatible; ClaudeBot/1.0; +claudebot@anthropic.com)"
52.205.113.104 - - [25/Aug/2026:20:32:38 +0500] "GET /uz/?format=feed&ismobile=1&type=atom HTTP/1.1" 200 8942 "-" "Mozilla/5.0 AppleWebKit/537.36 (KHTML, like Gecko; compatible; Amazonbot/0.1; +https://developer.amazon.com/support/amazonbot) Chrome/119.0.6045.214 Safari/537.36"
216.73.216.32 - - [25/Aug/2026:20:32:41 +0500] "GET /uz/?%60=u3n2q1u9i6e4t09256 HTTP/1.1" 200 68657 "https://www.eskijuva-bozori.uz.uzbekgidroenergoqurilish.uz/?%60=u3n2q1u9i6e4t09256" "Mozilla/5.0 AppleWebKit/537.36 (KHTML, like Gecko; compatible; ClaudeBot/1.0; +claudebot@anthropic.com)"
216.73.216.32 - - [25/Aug/2026:20:32:59 +0500] "GET /?%60=l3a3c6h9r6y4m2a9t9o8r9y HTTP/1.1" 301 - "-" "Mozilla/5.0 AppleWebKit/537.36 (KHTML, like Gecko; compatible; ClaudeBot/1.0; +claudebot@anthropic.com)"
216.73.216.32 - - [25/Aug/2026:20:33:06 +0500] "GET /uz/?%60=l3a3c6h9r6y4m2a9t9o8r9y HTTP/1.1" 200 68662 "https://www.eskijuva-bozori.uz.uzbekgidroenergoqurilish.uz/?%60=l3a3c6h9r6y4m2a9t9o8r9y" "Mozilla/5.0 AppleWebKit/537.36 (KHTML, like Gecko; compatible; ClaudeBot/1.0; +claudebot@anthropic.com)"
216.73.216.32 - - [25/Aug/2026:20:33:23 +0500] "GET /uz/?r=t4w2o1m6a9s4t1e8d732&start=12 HTTP/1.1" 200 68639 "-" "Mozilla/5.0 AppleWebKit/537.36 (KHTML, like Gecko; compatible; ClaudeBot/1.0; +claudebot@anthropic.com)"
216.73.216.32 - - [25/Aug/2026:20:33:44 +0500] "GET /uz/?%60=p3r1o8t5o6p1h4y9t5o0l8ogy HTTP/1.1" 200 68706 "-" "Mozilla/5.0 AppleWebKit/537.36 (KHTML, like Gecko; compatible; ClaudeBot/1.0; +claudebot@anthropic.com)"
216.73.216.32 - - [25/Aug/2026:20:33:57 +0500] "GET /uz/?%60=l3i1p7o6g2r9a5m1m6a4t0ic HTTP/1.1" 200 68705 "-" "Mozilla/5.0 AppleWebKit/537.36 (KHTML, like Gecko; compatible; ClaudeBot/1.0; +claudebot@anthropic.com)"
34.42.229.145 - - [25/Aug/2026:20:34:11 +0500] "GET /uz/dividends-uzb?template=accessibility HTTP/1.1" 200 32212 "-" "Mozilla/5.0 (Macintosh; Intel Mac OS X 10_15_7) AppleWebKit/537.36 (KHTML, like Gecko) Chrome/120.0.0.0 Safari/537.36"
185.217.131.81 - - [25/Aug/2026:20:34:18 +0500] "GET / HTTP/1.1" 301 - "-" "Mozilla/5.0 (compatible; FalconBot/1.0)"
216.73.216.32 - - [25/Aug/2026:20:34:21 +0500] "GET /uz/?r=m9y4r0r3h3a18877&start=36 HTTP/1.1" 200 70295 "-" "Mozilla/5.0 AppleWebKit/537.36 (KHTML, like Gecko; compatible; ClaudeBot/1.0; +claudebot@anthropic.com)"
185.217.131.81 - - [25/Aug/2026:20:34:23 +0500] "GET /uz/ HTTP/1.1" 200 68699 "-" "Mozilla/5.0 (compatible; FalconBot/1.0)"
216.73.216.32 - - [25/Aug/2026:20:34:30 +0500] "GET /silicide/r3u3b6e4f3a0c6i6e2n9t7 HTTP/1.1" 301 - "-" "Mozilla/5.0 AppleWebKit/537.36 (KHTML, like Gecko; compatible; ClaudeBot/1.0; +claudebot@anthropic.com)"
185.217.131.81 - - [25/Aug/2026:20:34:30 +0500] "GET / HTTP/1.1" 301 - "-" "Mozilla/5.0 (compatible; FalconBot/1.0)"
185.217.131.81 - - [25/Aug/2026:20:34:35 +0500] "GET /uz/ HTTP/1.1" 200 68739 "-" "Mozilla/5.0 (compatible; FalconBot/1.0)"
216.73.216.32 - - [25/Aug/2026:20:34:36 +0500] "GET /uz/silicide/r3u3b6e4f3a0c6i6e2n9t7 HTTP/1.1" 404 1248 "https://www.eskijuva-bozori.uz.uzbekgidroenergoqurilish.uz/silicide/r3u3b6e4f3a0c6i6e2n9t7" "Mozilla/5.0 AppleWebKit/537.36 (KHTML, like Gecko; compatible; ClaudeBot/1.0; +claudebot@anthropic.com)"
216.73.216.32 - - [25/Aug/2026:20:34:53 +0500] "GET /?%60=p3o4d2u3r0a1s45489 HTTP/1.1" 301 - "-" "Mozilla/5.0 AppleWebKit/537.36 (KHTML, like Gecko; compatible; ClaudeBot/1.0; +claudebot@anthropic.com)"
216.73.216.32 - - [25/Aug/2026:20:34:57 +0500] "GET /uz/?%60=p3o4d2u3r0a1s45489 HTTP/1.1" 200 68699 "https://www.eskijuva-bozori.uz.uzbekgidroenergoqurilish.uz/?%60=p3o4d2u3r0a1s45489" "Mozilla/5.0 AppleWebKit/537.36 (KHTML, like Gecko; compatible; ClaudeBot/1.0; +claudebot@anthropic.com)"
34.123.149.87 - - [25/Aug/2026:20:34:58 +0500] "GET /ru/component/search/?Itemid=131&catid=29&format=opensearch&id=175 HTTP/1.1" 200 773 "-" "Mozilla/5.0 (Macintosh; Intel Mac OS X 10_15_7) AppleWebKit/537.36 (KHTML, like Gecko) Chrome/120.0.0.0 Safari/537.36"
216.73.216.32 - - [25/Aug/2026:20:35:17 +0500] "GET /?%60=s3t2y2l7o9g2r6a2p1h76 HTTP/1.1" 301 - "-" "Mozilla/5.0 AppleWebKit/537.36 (KHTML, like Gecko; compatible; ClaudeBot/1.0; +claudebot@anthropic.com)"
216.73.216.32 - - [25/Aug/2026:20:35:21 +0500] "GET /uz/?%60=s3t2y2l7o9g2r6a2p1h76 HTTP/1.1" 200 68702 "https://www.eskijuva-bozori.uz.uzbekgidroenergoqurilish.uz/?%60=s3t2y2l7o9g2r6a2p1h76" "Mozilla/5.0 AppleWebKit/537.36 (KHTML, like Gecko; compatible; ClaudeBot/1.0; +claudebot@anthropic.com)"
216.73.216.32 - - [25/Aug/2026:20:35:23 +0500] "GET /?%60=p3r3o0x5i5m3a3t0e078 HTTP/1.1" 301 - "-" "Mozilla/5.0 AppleWebKit/537.36 (KHTML, like Gecko; compatible; ClaudeBot/1.0; +claudebot@anthropic.com)"
216.73.216.32 - - [25/Aug/2026:20:35:26 +0500] "GET /uz/?%60=p3r3o0x5i5m3a3t0e078 HTTP/1.1" 200 68701 "https://www.eskijuva-bozori.uz.uzbekgidroenergoqurilish.uz/?%60=p3r3o0x5i5m3a3t0e078" "Mozilla/5.0 AppleWebKit/537.36 (KHTML, like Gecko; compatible; ClaudeBot/1.0; +claudebot@anthropic.com)"
185.191.171.2 - - [25/Aug/2026:20:35:27 +0500] "GET /ru/prospectus-rus/11-russian/about-org-rus HTTP/1.1" 200 62513 "-" "Mozilla/5.0 (compatible; SemrushBot/7~bl; +http://www.semrush.com/bot.html)"
216.73.216.32 - - [25/Aug/2026:20:35:47 +0500] "GET /?%60=g3r1o3o9p7e7r46084 HTTP/1.1" 301 - "-" "Mozilla/5.0 AppleWebKit/537.36 (KHTML, like Gecko; compatible; ClaudeBot/1.0; +claudebot@anthropic.com)"
216.73.216.32 - - [25/Aug/2026:20:35:53 +0500] "GET /shops/notion/c3o4o1k3b3o9o6k3865 HTTP/1.1" 301 - "-" "Mozilla/5.0 AppleWebKit/537.36 (KHTML, like Gecko; compatible; ClaudeBot/1.0; +claudebot@anthropic.com)"
216.73.216.32 - - [25/Aug/2026:20:35:52 +0500] "GET /uz/?%60=g3r1o3o9p7e7r46084 HTTP/1.1" 200 68699 "https://www.eskijuva-bozori.uz.uzbekgidroenergoqurilish.uz/?%60=g3r1o3o9p7e7r46084" "Mozilla/5.0 AppleWebKit/537.36 (KHTML, like Gecko; compatible; ClaudeBot/1.0; +claudebot@anthropic.com)"
216.73.216.32 - - [25/Aug/2026:20:35:59 +0500] "GET /uz/shops/notion/c3o4o1k3b3o9o6k3865 HTTP/1.1" 404 1248 "https://www.eskijuva-bozori.uz.uzbekgidroenergoqurilish.uz/shops/notion/c3o4o1k3b3o9o6k3865" "Mozilla/5.0 AppleWebKit/537.36 (KHTML, like Gecko; compatible; ClaudeBot/1.0; +claudebot@anthropic.com)"
216.73.216.32 - - [25/Aug/2026:20:36:17 +0500] "GET /heterostylism/pinnately/32740908251 HTTP/1.1" 301 - "-" "Mozilla/5.0 AppleWebKit/537.36 (KHTML, like Gecko; compatible; ClaudeBot/1.0; +claudebot@anthropic.com)"
216.73.216.32 - - [25/Aug/2026:20:36:22 +0500] "GET /uz/heterostylism/pinnately/32740908251 HTTP/1.1" 404 1248 "https://www.eskijuva-bozori.uz.uzbekgidroenergoqurilish.uz/heterostylism/pinnately/32740908251" "Mozilla/5.0 AppleWebKit/537.36 (KHTML, like Gecko; compatible; ClaudeBot/1.0; +claudebot@anthropic.com)"
216.73.216.32 - - [25/Aug/2026:20:36:43 +0500] "GET /shops/radiotelegraphic/d3i1s1p6r8a9i4s9a6b1l3e HTTP/1.1" 508 288 "-" "Mozilla/5.0 AppleWebKit/537.36 (KHTML, like Gecko; compatible; ClaudeBot/1.0; +claudebot@anthropic.com)"
34.56.53.225 - - [25/Aug/2026:20:36:45 +0500] "GET /uz/news-uzb?start=12 HTTP/1.1" 200 61812 "-" "Mozilla/5.0 (Macintosh; Intel Mac OS X 10_15_7) AppleWebKit/537.36 (KHTML, like Gecko) Chrome/120.0.0.0 Safari/537.36"
216.73.216.32 - - [25/Aug/2026:20:37:07 +0500] "GET /?%60=p3a7n6t2o3m5i1m6i5c6ally HTTP/1.1" 508 288 "-" "Mozilla/5.0 AppleWebKit/537.36 (KHTML, like Gecko; compatible; ClaudeBot/1.0; +claudebot@anthropic.com)"
216.73.216.32 - - [25/Aug/2026:20:37:13 +0500] "GET /?%60=a3p4p3r5o1x8i8m1a8t6ed HTTP/1.1" 301 - "-" "Mozilla/5.0 AppleWebKit/537.36 (KHTML, like Gecko; compatible; ClaudeBot/1.0; +claudebot@anthropic.com)"
216.73.216.32 - - [25/Aug/2026:20:37:17 +0500] "GET /uz/?%60=a3p4p3r5o1x8i8m1a8t6ed HTTP/1.1" 200 68703 "https://www.eskijuva-bozori.uz.uzbekgidroenergoqurilish.uz/?%60=a3p4p3r5o1x8i8m1a8t6ed" "Mozilla/5.0 AppleWebKit/537.36 (KHTML, like Gecko; compatible; ClaudeBot/1.0; +claudebot@anthropic.com)"
216.73.216.32 - - [25/Aug/2026:20:37:38 +0500] "GET /shops/monocephalous/f3r3a9c6t7i7o3n8a1l3l1y HTTP/1.1" 301 - "-" "Mozilla/5.0 AppleWebKit/537.36 (KHTML, like Gecko; compatible; ClaudeBot/1.0; +claudebot@anthropic.com)"
216.73.216.32 - - [25/Aug/2026:20:37:43 +0500] "GET /uz/shops/monocephalous/f3r3a9c6t7i7o3n8a1l3l1y HTTP/1.1" 404 1248 "https://www.eskijuva-bozori.uz.uzbekgidroenergoqurilish.uz/shops/monocephalous/f3r3a9c6t7i7o3n8a1l3l1y" "Mozilla/5.0 AppleWebKit/537.36 (KHTML, like Gecko; compatible; ClaudeBot/1.0; +claudebot@anthropic.com)"
216.73.216.32 - - [25/Aug/2026:20:38:20 +0500] "GET /uz/?r=j9a1c1k8p1u1d3d2i5n2g7&start=24 HTTP/1.1" 200 68372 "-" "Mozilla/5.0 AppleWebKit/537.36 (KHTML, like Gecko; compatible; ClaudeBot/1.0; +claudebot@anthropic.com)"
216.73.216.32 - - [25/Aug/2026:20:38:28 +0500] "GET /uz/?r=j9a1c1k8p1u1d3d2i5n2g7&start=28 HTTP/1.1" 200 68693 "-" "Mozilla/5.0 AppleWebKit/537.36 (KHTML, like Gecko; compatible; ClaudeBot/1.0; +claudebot@anthropic.com)"
216.73.216.32 - - [25/Aug/2026:20:38:34 +0500] "GET /shops/heteroauxin/d3i4s2c9o3u7r1t4s1h4i1p HTTP/1.1" 301 - "-" "Mozilla/5.0 AppleWebKit/537.36 (KHTML, like Gecko; compatible; ClaudeBot/1.0; +claudebot@anthropic.com)"
216.73.216.32 - - [25/Aug/2026:20:38:39 +0500] "GET /uz/shops/heteroauxin/d3i4s2c9o3u7r1t4s1h4i1p HTTP/1.1" 404 1248 "https://www.eskijuva-bozori.uz.uzbekgidroenergoqurilish.uz/shops/heteroauxin/d3i4s2c9o3u7r1t4s1h4i1p" "Mozilla/5.0 AppleWebKit/537.36 (KHTML, like Gecko; compatible; ClaudeBot/1.0; +claudebot@anthropic.com)"
216.73.216.32 - - [25/Aug/2026:20:38:47 +0500] "GET /uz/?r=b9i3t0u8m1i4n3i9z6e48 HTTP/1.1" 200 68700 "-" "Mozilla/5.0 AppleWebKit/537.36 (KHTML, like Gecko; compatible; ClaudeBot/1.0; +claudebot@anthropic.com)"
216.73.216.32 - - [25/Aug/2026:20:39:22 +0500] "GET /uz/?%60=p3r1o8t5o6p1h4y9t5o0l8ogy&start=12 HTTP/1.1" 200 68646 "-" "Mozilla/5.0 AppleWebKit/537.36 (KHTML, like Gecko; compatible; ClaudeBot/1.0; +claudebot@anthropic.com)"
216.73.216.32 - - [25/Aug/2026:20:39:28 +0500] "GET /uz/?%60=p3r1o8t5o6p1h4y9t5o0l8ogy&start=44 HTTP/1.1" 200 69788 "-" "Mozilla/5.0 AppleWebKit/537.36 (KHTML, like Gecko; compatible; ClaudeBot/1.0; +claudebot@anthropic.com)"
216.73.216.32 - - [25/Aug/2026:20:39:34 +0500] "GET /uz/?%60=p3r1o8t5o6p1h4y9t5o0l8ogy&start=40 HTTP/1.1" 200 68895 "-" "Mozilla/5.0 AppleWebKit/537.36 (KHTML, like Gecko; compatible; ClaudeBot/1.0; +claudebot@anthropic.com)"
216.73.216.32 - - [25/Aug/2026:20:39:40 +0500] "GET /uz/?%60=p3r1o8t5o6p1h4y9t5o0l8ogy&start=52 HTTP/1.1" 200 69329 "-" "Mozilla/5.0 AppleWebKit/537.36 (KHTML, like Gecko; compatible; ClaudeBot/1.0; +claudebot@anthropic.com)"
34.56.53.225 - - [25/Aug/2026:20:40:19 +0500] "GET /docs/ustav/ustav-19.05.2020.pdf HTTP/1.1" 200 4138729 "-" "Mozilla/5.0 (Macintosh; Intel Mac OS X 10_15_7) AppleWebKit/537.36 (KHTML, like Gecko) Chrome/120.0.0.0 Safari/537.36"
34.30.223.149 - - [25/Aug/2026:20:43:08 +0500] "GET /uz/officially-uzb/ustav-uzb/80-ustav-add-uzb-18-06-16 HTTP/1.1" 200 56308 "-" "Mozilla/5.0 (Macintosh; Intel Mac OS X 10_15_7) AppleWebKit/537.36 (KHTML, like Gecko) Chrome/120.0.0.0 Safari/537.36"
185.191.171.11 - - [25/Aug/2026:20:43:10 +0500] "GET /ru/audit-rus/11-russian/about-org-rus/297-direction-30-04-2020-rus HTTP/1.1" 200 59174 "-" "Mozilla/5.0 (compatible; SemrushBot/7~bl; +http://www.semrush.com/bot.html)"
34.56.124.53 - - [25/Aug/2026:20:43:59 +0500] "GET /ru/audit-rus?template=accessibility HTTP/1.1" 200 31672 "-" "Mozilla/5.0 (Macintosh; Intel Mac OS X 10_15_7) AppleWebKit/537.36 (KHTML, like Gecko) Chrome/120.0.0.0 Safari/537.36"
34.10.180.98 - - [25/Aug/2026:20:44:59 +0500] "GET /uz/info-for-shareholders-uzb/318-dividend-2019-2 HTTP/1.1" 200 58838 "-" "Mozilla/5.0 (Macintosh; Intel Mac OS X 10_15_7) AppleWebKit/537.36 (KHTML, like Gecko) Chrome/120.0.0.0 Safari/537.36"
85.208.96.209 - - [25/Aug/2026:20:45:22 +0500] "GET /uz/?3x=3x&start=32 HTTP/1.1" 200 68037 "-" "Mozilla/5.0 (compatible; SemrushBot/7~bl; +http://www.semrush.com/bot.html)"
100.28.49.152 - - [25/Aug/2026:20:45:34 +0500] "GET /uz/?format=feed&r=r9e3n5d8r2o9c3k904&type=rss HTTP/1.1" 200 5822 "-" "Mozilla/5.0 AppleWebKit/537.36 (KHTML, like Gecko; compatible; Amazonbot/0.1; +https://developer.amazon.com/support/amazonbot) Chrome/119.0.6045.214 Safari/537.36"
3.81.253.213 - - [25/Aug/2026:20:45:37 +0500] "GET /uz/?format=feed&r=w9e2e9k3w2a4m72867&type=atom HTTP/1.1" 200 8952 "-" "Mozilla/5.0 AppleWebKit/537.36 (KHTML, like Gecko; compatible; Amazonbot/0.1; +https://developer.amazon.com/support/amazonbot) Chrome/119.0.6045.214 Safari/537.36"
20.151.129.194 - - [25/Aug/2026:20:46:25 +0500] "GET /wp-content/plugins/hellopress/wp_filemanager.php HTTP/1.1" 401 36 "-" "-"
20.151.129.194 - - [25/Aug/2026:20:46:25 +0500] "GET /this_is_a_new_hello_world.php HTTP/1.1" 401 36 "-" "-"
20.151.129.194 - - [25/Aug/2026:20:46:26 +0500] "GET /filefuns.php HTTP/1.1" 401 36 "-" "-"
20.151.129.194 - - [25/Aug/2026:20:46:26 +0500] "GET /wp-cron.php HTTP/1.1" 401 36 "-" "-"
20.151.129.194 - - [25/Aug/2026:20:46:27 +0500] "GET /lock360.php HTTP/1.1" 401 36 "-" "-"
20.151.129.194 - - [25/Aug/2026:20:46:27 +0500] "GET /wp-theme.php HTTP/1.1" 401 36 "-" "-"
20.151.129.194 - - [25/Aug/2026:20:46:28 +0500] "GET /2d7433/index.php HTTP/1.1" 401 36 "-" "-"
20.151.129.194 - - [25/Aug/2026:20:46:28 +0500] "GET /wp-login.php HTTP/1.1" 401 36 "-" "-"
20.151.129.194 - - [25/Aug/2026:20:46:28 +0500] "GET /dd8fc3/admin.php HTTP/1.1" 401 36 "-" "-"
20.151.129.194 - - [25/Aug/2026:20:46:29 +0500] "GET /8950a6/admin.php HTTP/1.1" 401 36 "-" "-"
20.151.129.194 - - [25/Aug/2026:20:46:29 +0500] "GET /ammika.php HTTP/1.1" 401 36 "-" "-"
20.151.129.194 - - [25/Aug/2026:20:46:30 +0500] "GET /6b2b7b/admin.php HTTP/1.1" 401 36 "-" "-"
20.151.129.194 - - [25/Aug/2026:20:46:30 +0500] "GET /1ac325/admin.php HTTP/1.1" 401 36 "-" "-"
20.151.129.194 - - [25/Aug/2026:20:46:31 +0500] "GET /jqhrkutu.php HTTP/1.1" 401 36 "-" "-"
20.151.129.194 - - [25/Aug/2026:20:46:31 +0500] "GET /images.php HTTP/1.1" 401 36 "-" "-"
20.151.129.194 - - [25/Aug/2026:20:46:31 +0500] "GET /ops.php HTTP/1.1" 401 36 "-" "-"
20.151.129.194 - - [25/Aug/2026:20:46:32 +0500] "GET /4PJcpMFsD8B.php HTTP/1.1" 401 36 "-" "-"
20.151.129.194 - - [25/Aug/2026:20:46:32 +0500] "GET /3PJcpMFsD8B.php HTTP/1.1" 401 36 "-" "-"
20.151.129.194 - - [25/Aug/2026:20:46:33 +0500] "GET /9b97ec/index.php HTTP/1.1" 401 36 "-" "-"
20.151.129.194 - - [25/Aug/2026:20:46:33 +0500] "GET /b9007d/index.php HTTP/1.1" 401 36 "-" "-"
20.151.129.194 - - [25/Aug/2026:20:46:34 +0500] "GET /aaa.php HTTP/1.1" 401 36 "-" "-"
20.151.129.194 - - [25/Aug/2026:20:46:34 +0500] "GET /11.php HTTP/1.1" 401 36 "-" "-"
20.151.129.194 - - [25/Aug/2026:20:46:34 +0500] "GET /about.php HTTP/1.1" 401 36 "-" "-"
85.208.96.206 - - [25/Aug/2026:20:46:34 +0500] "GET /uz/about-org-uzb/indexes-uzb/253-fin-activity-report-2018-uzb HTTP/1.1" 508 288 "-" "Mozilla/5.0 (compatible; SemrushBot/7~bl; +http://www.semrush.com/bot.html)"
20.151.129.194 - - [25/Aug/2026:20:46:35 +0500] "GET /admin.php/admin.php HTTP/1.1" 401 36 "-" "-"
20.151.129.194 - - [25/Aug/2026:20:46:35 +0500] "GET /media.php HTTP/1.1" 401 36 "-" "-"
20.151.129.194 - - [25/Aug/2026:20:46:36 +0500] "GET /admin.php HTTP/1.1" 401 36 "-" "-"
20.151.129.194 - - [25/Aug/2026:20:46:36 +0500] "GET /mac.php HTTP/1.1" 401 36 "-" "-"
20.151.129.194 - - [25/Aug/2026:20:46:37 +0500] "GET /1.php HTTP/1.1" 401 36 "-" "-"
20.151.129.194 - - [25/Aug/2026:20:46:37 +0500] "GET /classwithtostring.php HTTP/1.1" 401 36 "-" "-"
20.151.129.194 - - [25/Aug/2026:20:46:37 +0500] "GET /wp-ws68.php HTTP/1.1" 401 36 "-" "-"
20.151.129.194 - - [25/Aug/2026:20:46:38 +0500] "GET /yj09.php HTTP/1.1" 401 36 "-" "-"
20.151.129.194 - - [25/Aug/2026:20:46:38 +0500] "GET /scxy.php HTTP/1.1" 401 36 "-" "-"
20.151.129.194 - - [25/Aug/2026:20:46:39 +0500] "GET /blurbs.php HTTP/1.1" 401 36 "-" "-"
20.151.129.194 - - [25/Aug/2026:20:46:39 +0500] "GET /bajah.php HTTP/1.1" 401 36 "-" "-"
20.151.129.194 - - [25/Aug/2026:20:46:40 +0500] "GET /domvf.php HTTP/1.1" 401 36 "-" "-"
20.151.129.194 - - [25/Aug/2026:20:46:40 +0500] "GET /fpwch.php HTTP/1.1" 401 36 "-" "-"
20.151.129.194 - - [25/Aug/2026:20:46:40 +0500] "GET /adminner.php HTTP/1.1" 401 36 "-" "-"
20.151.129.194 - - [25/Aug/2026:20:46:41 +0500] "GET /abcd.php HTTP/1.1" 401 36 "-" "-"
20.151.129.194 - - [25/Aug/2026:20:46:41 +0500] "GET /simple.php HTTP/1.1" 401 36 "-" "-"
20.151.129.194 - - [25/Aug/2026:20:46:42 +0500] "GET /wp-load.php HTTP/1.1" 401 36 "-" "-"
20.151.129.194 - - [25/Aug/2026:20:46:42 +0500] "GET /aaa.php HTTP/1.1" 401 36 "-" "-"
20.151.129.194 - - [25/Aug/2026:20:46:43 +0500] "GET /FWAZ.php HTTP/1.1" 401 36 "-" "-"
20.151.129.194 - - [25/Aug/2026:20:46:43 +0500] "GET /ccc.php HTTP/1.1" 401 36 "-" "-"
20.151.129.194 - - [25/Aug/2026:20:46:43 +0500] "GET /admin.php HTTP/1.1" 401 36 "-" "-"
20.151.129.194 - - [25/Aug/2026:20:46:44 +0500] "GET /reviall.php HTTP/1.1" 401 36 "-" "-"
20.151.129.194 - - [25/Aug/2026:20:46:44 +0500] "GET /hp2.php HTTP/1.1" 401 36 "-" "-"
20.151.129.194 - - [25/Aug/2026:20:46:45 +0500] "GET /too.php HTTP/1.1" 401 36 "-" "-"
20.151.129.194 - - [25/Aug/2026:20:46:45 +0500] "GET /kir.php HTTP/1.1" 401 36 "-" "-"
20.151.129.194 - - [25/Aug/2026:20:46:46 +0500] "GET /wp-includes/Requests/ HTTP/1.1" 401 36 "-" "-"
20.151.129.194 - - [25/Aug/2026:20:46:46 +0500] "GET /wp-admin/css/colors/modern/ HTTP/1.1" 401 36 "-" "-"
20.151.129.194 - - [25/Aug/2026:20:46:46 +0500] "GET /wp-includes/assets/ HTTP/1.1" 401 36 "-" "-"
20.151.129.194 - - [25/Aug/2026:20:46:47 +0500] "GET /wp-admin/css/colors/sunrise/ HTTP/1.1" 401 36 "-" "-"
20.151.129.194 - - [25/Aug/2026:20:46:47 +0500] "GET /wp-includes/l10n/ HTTP/1.1" 401 36 "-" "-"
20.151.129.194 - - [25/Aug/2026:20:46:48 +0500] "GET /wp-content/uploads/ HTTP/1.1" 401 36 "-" "-"
20.151.129.194 - - [25/Aug/2026:20:46:48 +0500] "GET /cgi-bin/index.php HTTP/1.1" 401 36 "-" "-"
20.151.129.194 - - [25/Aug/2026:20:46:49 +0500] "GET /wp-includes/css/dist/ HTTP/1.1" 401 36 "-" "-"
20.151.129.194 - - [25/Aug/2026:20:46:49 +0500] "GET /wp-includes/js/jquery/ HTTP/1.1" 401 36 "-" "-"
20.151.129.194 - - [25/Aug/2026:20:46:49 +0500] "GET /wp-content/admin.php HTTP/1.1" 401 36 "-" "-"
20.151.129.194 - - [25/Aug/2026:20:46:50 +0500] "GET /wp-content/themes/index.php HTTP/1.1" 401 36 "-" "-"
20.151.129.194 - - [25/Aug/2026:20:46:50 +0500] "GET /wp-includes/blocks/details/ HTTP/1.1" 401 36 "-" "-"
20.151.129.194 - - [25/Aug/2026:20:46:51 +0500] "GET /.well-known/about.php HTTP/1.1" 401 36 "-" "-"
20.151.129.194 - - [25/Aug/2026:20:46:51 +0500] "GET /wp-includes/ID3/about.php HTTP/1.1" 401 36 "-" "-"
20.151.129.194 - - [25/Aug/2026:20:46:51 +0500] "GET /wp-includes/Text/ HTTP/1.1" 401 36 "-" "-"
20.151.129.194 - - [25/Aug/2026:20:46:52 +0500] "GET /ts.php HTTP/1.1" 401 36 "-" "-"
20.151.129.194 - - [25/Aug/2026:20:46:52 +0500] "GET /bak.php HTTP/1.1" 401 36 "-" "-"
20.151.129.194 - - [25/Aug/2026:20:46:53 +0500] "GET /olik.php HTTP/1.1" 401 36 "-" "-"
20.151.129.194 - - [25/Aug/2026:20:46:53 +0500] "GET /about.php HTTP/1.1" 401 36 "-" "-"
20.151.129.194 - - [25/Aug/2026:20:46:54 +0500] "GET /3cf97/index.php HTTP/1.1" 401 36 "-" "-"
20.151.129.194 - - [25/Aug/2026:20:46:54 +0500] "GET /term.php HTTP/1.1" 401 36 "-" "-"
34.30.223.149 - - [25/Aug/2026:20:47:31 +0500] "GET /ru/officially-rus/tenders-rus?start=8 HTTP/1.1" 508 288 "-" "Mozilla/5.0 (Macintosh; Intel Mac OS X 10_15_7) AppleWebKit/537.36 (KHTML, like Gecko) Chrome/120.0.0.0 Safari/537.36"
185.191.171.19 - - [25/Aug/2026:20:48:29 +0500] "GET /uz/?function=call_user_func_array&s=index%2Fthink%2Fapp%2Finvokefunction&start=28&vars%5B0%5D=phpinfo HTTP/1.1" 508 288 "-" "Mozilla/5.0 (compatible; SemrushBot/7~bl; +http://www.semrush.com/bot.html)"
185.191.171.7 - - [25/Aug/2026:20:48:33 +0500] "GET /uz/facts-uzb/369-32-fact-31-03-2022 HTTP/1.1" 200 56717 "-" "Mozilla/5.0 (compatible; SemrushBot/7~bl; +http://www.semrush.com/bot.html)"
216.73.216.32 - - [25/Aug/2026:20:48:38 +0500] "GET /shops/scathed/f3r2o1s2h2982115 HTTP/1.1" 301 - "-" "Mozilla/5.0 AppleWebKit/537.36 (KHTML, like Gecko; compatible; ClaudeBot/1.0; +claudebot@anthropic.com)"
216.73.216.32 - - [25/Aug/2026:20:48:43 +0500] "GET /uz/shops/scathed/f3r2o1s2h2982115 HTTP/1.1" 404 1248 "https://www.eskijuva-bozori.uz.uzbekgidroenergoqurilish.uz/shops/scathed/f3r2o1s2h2982115" "Mozilla/5.0 AppleWebKit/537.36 (KHTML, like Gecko; compatible; ClaudeBot/1.0; +claudebot@anthropic.com)"
129.146.61.66 - - [25/Aug/2026:20:49:33 +0500] "GET /ru/facts-rus/464-sush-fakt-06-24-05-2025-pdf HTTP/1.1" 200 - "-" "Mozilla/5.0 (X11; Linux aarch64) AppleWebKit/537.36 (KHTML, like Gecko) Chrome/139.0.0.0 Safari/537.36"
129.146.61.66 - - [25/Aug/2026:20:49:37 +0500] "GET /ru/facts-rus/464-sush-fakt-06-24-05-2025-pdf HTTP/1.1" 200 - "-" "Mozilla/5.0 (X11; Linux aarch64) AppleWebKit/537.36 (KHTML, like Gecko) Chrome/139.0.0.0 Safari/537.36"
93.152.221.194 - - [25/Aug/2026:20:50:12 +0500] "GET / HTTP/1.1" 301 - "-" "Mozilla/5.0 (Windows NT 10.0; Win64; x64) AppleWebKit/537.36"
93.152.221.194 - - [25/Aug/2026:20:50:17 +0500] "GET /uz/ HTTP/1.1" 200 68547 "-" "Mozilla/5.0 (Windows NT 10.0; Win64; x64) AppleWebKit/537.36"
93.152.221.194 - - [25/Aug/2026:20:50:24 +0500] "POST /index.php?option=com_jce&task=profiles.import HTTP/1.1" 303 - "-" "Mozilla/5.0 (Windows NT 10.0; Win64; x64) AppleWebKit/537.36"
93.152.221.194 - - [25/Aug/2026:20:50:31 +0500] "GET /index.php HTTP/1.1" 301 - "-" "Mozilla/5.0 (Windows NT 10.0; Win64; x64) AppleWebKit/537.36"
34.10.180.98 - - [25/Aug/2026:20:50:42 +0500] "GET /uz/component/search/?Itemid=148&catid=34&format=opensearch&id=316 HTTP/1.1" 508 288 "-" "Mozilla/5.0 (Macintosh; Intel Mac OS X 10_15_7) AppleWebKit/537.36 (KHTML, like Gecko) Chrome/120.0.0.0 Safari/537.36"
93.152.221.194 - - [25/Aug/2026:20:50:39 +0500] "GET /uz/ HTTP/1.1" 200 68730 "-" "Mozilla/5.0 (Windows NT 10.0; Win64; x64) AppleWebKit/537.36"
93.152.221.194 - - [25/Aug/2026:20:50:48 +0500] "POST /index.php?option=com_jce&task=plugin.rpc&plugin=browser HTTP/1.1" 303 - "-" "Mozilla/5.0 (Windows NT 10.0; Win64; x64) AppleWebKit/537.36"
34.123.149.87 - - [25/Aug/2026:20:50:57 +0500] "GET /ru/officially-rus/ustav-rus/274-ustav25-04-2019-ru HTTP/1.1" 508 288 "-" "Mozilla/5.0 (Macintosh; Intel Mac OS X 10_15_7) AppleWebKit/537.36 (KHTML, like Gecko) Chrome/120.0.0.0 Safari/537.36"
93.152.221.194 - - [25/Aug/2026:20:50:55 +0500] "GET /index.php HTTP/1.1" 301 - "-" "Mozilla/5.0 (Windows NT 10.0; Win64; x64) AppleWebKit/537.36"
34.42.229.145 - - [25/Aug/2026:20:50:54 +0500] "GET /ru/audit-rus/199-audit-2016-rus HTTP/1.1" 200 54760 "-" "Mozilla/5.0 (Macintosh; Intel Mac OS X 10_15_7) AppleWebKit/537.36 (KHTML, like Gecko) Chrome/120.0.0.0 Safari/537.36"
93.152.221.194 - - [25/Aug/2026:20:51:02 +0500] "GET /uz/ HTTP/1.1" 200 68730 "-" "Mozilla/5.0 (Windows NT 10.0; Win64; x64) AppleWebKit/537.36"
93.152.221.194 - - [25/Aug/2026:20:51:08 +0500] "POST /index.php?option=com_jce&task=plugin.rpc&plugin=browser HTTP/1.1" 303 - "-" "Mozilla/5.0 (Windows NT 10.0; Win64; x64) AppleWebKit/537.36"
93.152.221.194 - - [25/Aug/2026:20:51:15 +0500] "GET /index.php HTTP/1.1" 301 - "-" "Mozilla/5.0 (Windows NT 10.0; Win64; x64) AppleWebKit/537.36"
93.152.221.194 - - [25/Aug/2026:20:51:21 +0500] "GET /uz/ HTTP/1.1" 200 68730 "-" "Mozilla/5.0 (Windows NT 10.0; Win64; x64) AppleWebKit/537.36"
93.152.221.194 - - [25/Aug/2026:20:51:30 +0500] "POST /index.php?option=com_jce&task=plugin.rpc&plugin=browser&profile_id=1 HTTP/1.1" 508 288 "-" "Mozilla/5.0 (Windows NT 10.0; Win64; x64) AppleWebKit/537.36"
93.152.221.194 - - [25/Aug/2026:20:51:31 +0500] "POST /index.php?option=com_jce&task=plugin.rpc&plugin=browser&profile_id=1 HTTP/1.1" 303 - "-" "Mozilla/5.0 (Windows NT 10.0; Win64; x64) AppleWebKit/537.36"
93.152.221.194 - - [25/Aug/2026:20:51:38 +0500] "GET /index.php HTTP/1.1" 301 - "-" "Mozilla/5.0 (Windows NT 10.0; Win64; x64) AppleWebKit/537.36"
93.152.221.194 - - [25/Aug/2026:20:51:45 +0500] "GET /uz/ HTTP/1.1" 508 288 "-" "Mozilla/5.0 (Windows NT 10.0; Win64; x64) AppleWebKit/537.36"
93.152.221.194 - - [25/Aug/2026:20:51:47 +0500] "POST /index.php?option=com_jce&task=plugin.rpc&plugin=browser&profile_id=2 HTTP/1.1" 303 - "-" "Mozilla/5.0 (Windows NT 10.0; Win64; x64) AppleWebKit/537.36"
93.152.221.194 - - [25/Aug/2026:20:51:55 +0500] "GET /index.php HTTP/1.1" 508 288 "-" "Mozilla/5.0 (Windows NT 10.0; Win64; x64) AppleWebKit/537.36"
93.152.221.194 - - [25/Aug/2026:20:51:55 +0500] "POST /index.php?option=com_jce&task=plugin.rpc&plugin=browser&profile_id=2 HTTP/1.1" 303 - "-" "Mozilla/5.0 (Windows NT 10.0; Win64; x64) AppleWebKit/537.36"
216.73.216.32 - - [25/Aug/2026:20:51:55 +0500] "GET /uz/?format=feed&r=d9e5m3o0n3i2a0c5i2s5m&type=atom HTTP/1.1" 200 9468 "-" "Mozilla/5.0 AppleWebKit/537.36 (KHTML, like Gecko; compatible; ClaudeBot/1.0; +claudebot@anthropic.com)"
93.152.221.194 - - [25/Aug/2026:20:52:03 +0500] "GET /index.php HTTP/1.1" 301 - "-" "Mozilla/5.0 (Windows NT 10.0; Win64; x64) AppleWebKit/537.36"
93.152.221.194 - - [25/Aug/2026:20:52:11 +0500] "GET /uz/ HTTP/1.1" 200 68730 "-" "Mozilla/5.0 (Windows NT 10.0; Win64; x64) AppleWebKit/537.36"
93.152.221.194 - - [25/Aug/2026:20:52:19 +0500] "POST /index.php?option=com_jce&task=plugin.rpc&plugin=browser&profile_id=3 HTTP/1.1" 508 288 "-" "Mozilla/5.0 (Windows NT 10.0; Win64; x64) AppleWebKit/537.36"
93.152.221.194 - - [25/Aug/2026:20:52:19 +0500] "POST /index.php?option=com_jce&task=plugin.rpc&plugin=browser&profile_id=3 HTTP/1.1" 508 288 "-" "Mozilla/5.0 (Windows NT 10.0; Win64; x64) AppleWebKit/537.36"
93.152.221.194 - - [25/Aug/2026:20:52:20 +0500] "POST /index.php?option=com_jce&task=plugin.rpc&plugin=browser&profile_id=4 HTTP/1.1" 508 288 "-" "Mozilla/5.0 (Windows NT 10.0; Win64; x64) AppleWebKit/537.36"
93.152.221.194 - - [25/Aug/2026:20:52:22 +0500] "POST /index.php?option=com_jce&task=plugin.rpc&plugin=browser&profile_id=4 HTTP/1.1" 508 288 "-" "Mozilla/5.0 (Windows NT 10.0; Win64; x64) AppleWebKit/537.36"
93.152.221.194 - - [25/Aug/2026:20:52:24 +0500] "POST /index.php?option=com_jce&task=plugin.rpc&plugin=browser&profile_id=5 HTTP/1.1" 508 288 "-" "Mozilla/5.0 (Windows NT 10.0; Win64; x64) AppleWebKit/537.36"
93.152.221.194 - - [25/Aug/2026:20:52:25 +0500] "POST /index.php?option=com_jce&task=plugin.rpc&plugin=browser&profile_id=5 HTTP/1.1" 508 288 "-" "Mozilla/5.0 (Windows NT 10.0; Win64; x64) AppleWebKit/537.36"
93.152.221.194 - - [25/Aug/2026:20:52:26 +0500] "POST /index.php?option=com_jce&task=plugin.rpc&plugin=browser HTTP/1.1" 508 288 "-" "Mozilla/5.0 (Windows NT 10.0; Win64; x64) AppleWebKit/537.36"
93.152.221.194 - - [25/Aug/2026:20:52:27 +0500] "POST /index.php?option=com_jce&task=plugin.rpc&plugin=browser HTTP/1.1" 303 - "-" "Mozilla/5.0 (Windows NT 10.0; Win64; x64) AppleWebKit/537.36"
93.152.221.194 - - [25/Aug/2026:20:52:35 +0500] "GET /index.php HTTP/1.1" 301 - "-" "Mozilla/5.0 (Windows NT 10.0; Win64; x64) AppleWebKit/537.36"
93.152.221.194 - - [25/Aug/2026:20:52:44 +0500] "GET /uz/ HTTP/1.1" 508 288 "-" "Mozilla/5.0 (Windows NT 10.0; Win64; x64) AppleWebKit/537.36"
93.152.221.194 - - [25/Aug/2026:20:52:46 +0500] "POST /index.php?option=com_jce&task=plugin.rpc&plugin=browser&profile_id=1 HTTP/1.1" 508 288 "-" "Mozilla/5.0 (Windows NT 10.0; Win64; x64) AppleWebKit/537.36"
93.152.221.194 - - [25/Aug/2026:20:52:48 +0500] "POST /index.php?option=com_jce&task=plugin.rpc&plugin=browser&profile_id=1 HTTP/1.1" 508 288 "-" "Mozilla/5.0 (Windows NT 10.0; Win64; x64) AppleWebKit/537.36"
93.152.221.194 - - [25/Aug/2026:20:52:49 +0500] "POST /index.php?option=com_jce&task=plugin.rpc&plugin=browser&profile_id=2 HTTP/1.1" 508 288 "-" "Mozilla/5.0 (Windows NT 10.0; Win64; x64) AppleWebKit/537.36"
93.152.221.194 - - [25/Aug/2026:20:52:49 +0500] "POST /index.php?option=com_jce&task=plugin.rpc&plugin=browser&profile_id=2 HTTP/1.1" 508 288 "-" "Mozilla/5.0 (Windows NT 10.0; Win64; x64) AppleWebKit/537.36"
93.152.221.194 - - [25/Aug/2026:20:52:50 +0500] "POST /index.php?option=com_jce&task=plugin.rpc&plugin=browser&profile_id=3 HTTP/1.1" 303 - "-" "Mozilla/5.0 (Windows NT 10.0; Win64; x64) AppleWebKit/537.36"
93.152.221.194 - - [25/Aug/2026:20:52:58 +0500] "GET /index.php HTTP/1.1" 301 - "-" "Mozilla/5.0 (Windows NT 10.0; Win64; x64) AppleWebKit/537.36"
93.152.221.194 - - [25/Aug/2026:20:53:09 +0500] "GET /uz/ HTTP/1.1" 508 288 "-" "Mozilla/5.0 (Windows NT 10.0; Win64; x64) AppleWebKit/537.36"
34.56.53.225 - - [25/Aug/2026:20:53:02 +0500] "GET /ru/dividends-rus/460-dividend-2024 HTTP/1.1" 200 57085 "-" "Mozilla/5.0 (Macintosh; Intel Mac OS X 10_15_7) AppleWebKit/537.36 (KHTML, like Gecko) Chrome/120.0.0.0 Safari/537.36"
93.152.221.194 - - [25/Aug/2026:20:53:10 +0500] "POST /index.php?option=com_jce&task=plugin.rpc&plugin=browser&profile_id=3 HTTP/1.1" 303 - "-" "Mozilla/5.0 (Windows NT 10.0; Win64; x64) AppleWebKit/537.36"
93.152.221.194 - - [25/Aug/2026:20:53:18 +0500] "GET /index.php HTTP/1.1" 301 - "-" "Mozilla/5.0 (Windows NT 10.0; Win64; x64) AppleWebKit/537.36"
93.152.221.194 - - [25/Aug/2026:20:53:27 +0500] "GET /uz/ HTTP/1.1" 200 68730 "-" "Mozilla/5.0 (Windows NT 10.0; Win64; x64) AppleWebKit/537.36"
23.21.179.27 - - [25/Aug/2026:20:53:42 +0500] "GET /uz/?start=52&vars[1][0]=1 HTTP/1.1" 508 288 "-" "Mozilla/5.0 AppleWebKit/537.36 (KHTML, like Gecko; compatible; Amazonbot/0.1; +https://developer.amazon.com/support/amazonbot) Chrome/119.0.6045.214 Safari/537.36"
216.73.216.32 - - [25/Aug/2026:20:53:42 +0500] "GET /?%60=t3r3a0c4h6y9d5o3s8a5urus HTTP/1.1" 508 288 "-" "Mozilla/5.0 AppleWebKit/537.36 (KHTML, like Gecko; compatible; ClaudeBot/1.0; +claudebot@anthropic.com)"
93.152.221.194 - - [25/Aug/2026:20:53:40 +0500] "POST /index.php?option=com_jce&task=plugin.rpc&plugin=browser&profile_id=4 HTTP/1.1" 303 - "-" "Mozilla/5.0 (Windows NT 10.0; Win64; x64) AppleWebKit/537.36"
93.152.221.194 - - [25/Aug/2026:20:53:48 +0500] "GET /index.php HTTP/1.1" 301 - "-" "Mozilla/5.0 (Windows NT 10.0; Win64; x64) AppleWebKit/537.36"
93.152.221.194 - - [25/Aug/2026:20:53:56 +0500] "GET /uz/ HTTP/1.1" 200 68730 "-" "Mozilla/5.0 (Windows NT 10.0; Win64; x64) AppleWebKit/537.36"
216.73.216.32 - - [25/Aug/2026:20:54:01 +0500] "GET /?%60=f3a3r0d1i6n2g6d6e5a7l4 HTTP/1.1" 301 - "-" "Mozilla/5.0 AppleWebKit/537.36 (KHTML, like Gecko; compatible; ClaudeBot/1.0; +claudebot@anthropic.com)"
93.152.221.194 - - [25/Aug/2026:20:54:07 +0500] "POST /index.php?option=com_jce&task=plugin.rpc&plugin=browser&profile_id=4 HTTP/1.1" 303 - "-" "Mozilla/5.0 (Windows NT 10.0; Win64; x64) AppleWebKit/537.36"
216.73.216.32 - - [25/Aug/2026:20:54:09 +0500] "GET /uz/?%60=f3a3r0d1i6n2g6d6e5a7l4 HTTP/1.1" 200 68551 "https://www.eskijuva-bozori.uz.uzbekgidroenergoqurilish.uz/?%60=f3a3r0d1i6n2g6d6e5a7l4" "Mozilla/5.0 AppleWebKit/537.36 (KHTML, like Gecko; compatible; ClaudeBot/1.0; +claudebot@anthropic.com)"
93.152.221.194 - - [25/Aug/2026:20:54:14 +0500] "GET /index.php HTTP/1.1" 301 - "-" "Mozilla/5.0 (Windows NT 10.0; Win64; x64) AppleWebKit/537.36"
216.73.216.32 - - [25/Aug/2026:20:54:21 +0500] "GET /shops/thicker/u3n7b4o9u2n1d3e6d4l9y HTTP/1.1" 301 - "-" "Mozilla/5.0 AppleWebKit/537.36 (KHTML, like Gecko; compatible; ClaudeBot/1.0; +claudebot@anthropic.com)"
216.73.216.32 - - [25/Aug/2026:20:54:28 +0500] "GET /uz/shops/thicker/u3n7b4o9u2n1d3e6d4l9y HTTP/1.1" 508 288 "https://www.eskijuva-bozori.uz.uzbekgidroenergoqurilish.uz/shops/thicker/u3n7b4o9u2n1d3e6d4l9y" "Mozilla/5.0 AppleWebKit/537.36 (KHTML, like Gecko; compatible; ClaudeBot/1.0; +claudebot@anthropic.com)"
93.152.221.194 - - [25/Aug/2026:20:54:22 +0500] "GET /uz/ HTTP/1.1" 200 68730 "-" "Mozilla/5.0 (Windows NT 10.0; Win64; x64) AppleWebKit/537.36"
93.152.221.194 - - [25/Aug/2026:20:54:31 +0500] "POST /index.php?option=com_jce&task=plugin.rpc&plugin=browser&profile_id=5 HTTP/1.1" 303 - "-" "Mozilla/5.0 (Windows NT 10.0; Win64; x64) AppleWebKit/537.36"
93.152.221.194 - - [25/Aug/2026:20:54:39 +0500] "GET /index.php HTTP/1.1" 508 288 "-" "Mozilla/5.0 (Windows NT 10.0; Win64; x64) AppleWebKit/537.36"
93.152.221.194 - - [25/Aug/2026:20:54:40 +0500] "POST /index.php?option=com_jce&task=plugin.rpc&plugin=browser&profile_id=5 HTTP/1.1" 303 - "-" "Mozilla/5.0 (Windows NT 10.0; Win64; x64) AppleWebKit/537.36"
93.152.221.194 - - [25/Aug/2026:20:54:47 +0500] "GET /index.php HTTP/1.1" 508 288 "-" "Mozilla/5.0 (Windows NT 10.0; Win64; x64) AppleWebKit/537.36"
34.30.223.149 - - [25/Aug/2026:20:54:44 +0500] "GET /ru/prospectus-rus/207-prospectus-13-09-01-rus HTTP/1.1" 200 55783 "-" "Mozilla/5.0 (Macintosh; Intel Mac OS X 10_15_7) AppleWebKit/537.36 (KHTML, like Gecko) Chrome/120.0.0.0 Safari/537.36"
93.152.221.194 - - [25/Aug/2026:20:54:48 +0500] "POST /index.php?option=com_jce&task=plugin.rpc&plugin=filemanager HTTP/1.1" 303 - "-" "Mozilla/5.0 (Windows NT 10.0; Win64; x64) AppleWebKit/537.36"
93.152.221.194 - - [25/Aug/2026:20:54:55 +0500] "GET /index.php HTTP/1.1" 301 - "-" "Mozilla/5.0 (Windows NT 10.0; Win64; x64) AppleWebKit/537.36"
216.73.216.32 - - [25/Aug/2026:20:55:00 +0500] "GET /shops/traducingly/h3a3g2i1a7r1c5h1y739 HTTP/1.1" 301 - "-" "Mozilla/5.0 AppleWebKit/537.36 (KHTML, like Gecko; compatible; ClaudeBot/1.0; +claudebot@anthropic.com)"
93.152.221.194 - - [25/Aug/2026:20:55:01 +0500] "GET /uz/ HTTP/1.1" 200 68730 "-" "Mozilla/5.0 (Windows NT 10.0; Win64; x64) AppleWebKit/537.36"
216.73.216.32 - - [25/Aug/2026:20:55:07 +0500] "GET /uz/shops/traducingly/h3a3g2i1a7r1c5h1y739 HTTP/1.1" 404 1248 "https://www.eskijuva-bozori.uz.uzbekgidroenergoqurilish.uz/shops/traducingly/h3a3g2i1a7r1c5h1y739" "Mozilla/5.0 AppleWebKit/537.36 (KHTML, like Gecko; compatible; ClaudeBot/1.0; +claudebot@anthropic.com)"
93.152.221.194 - - [25/Aug/2026:20:55:11 +0500] "POST /index.php?option=com_jce&task=plugin.rpc&plugin=filemanager HTTP/1.1" 303 - "-" "Mozilla/5.0 (Windows NT 10.0; Win64; x64) AppleWebKit/537.36"
93.152.221.194 - - [25/Aug/2026:20:55:18 +0500] "GET /index.php HTTP/1.1" 301 - "-" "Mozilla/5.0 (Windows NT 10.0; Win64; x64) AppleWebKit/537.36"
216.73.216.32 - - [25/Aug/2026:20:55:19 +0500] "GET /?%60=c3h2i4v1y4042326 HTTP/1.1" 301 - "-" "Mozilla/5.0 AppleWebKit/537.36 (KHTML, like Gecko; compatible; ClaudeBot/1.0; +claudebot@anthropic.com)"
216.73.216.32 - - [25/Aug/2026:20:55:25 +0500] "GET /uz/?%60=c3h2i4v1y4042326 HTTP/1.1" 508 288 "https://www.eskijuva-bozori.uz.uzbekgidroenergoqurilish.uz/?%60=c3h2i4v1y4042326" "Mozilla/5.0 AppleWebKit/537.36 (KHTML, like Gecko; compatible; ClaudeBot/1.0; +claudebot@anthropic.com)"
93.152.221.194 - - [25/Aug/2026:20:55:24 +0500] "GET /uz/ HTTP/1.1" 200 68730 "-" "Mozilla/5.0 (Windows NT 10.0; Win64; x64) AppleWebKit/537.36"
132.226.155.84 - - [25/Aug/2026:20:55:31 +0500] "GET /uz/about-org-uzb/direction-uzb HTTP/1.1" 200 15601 "-" "Mozilla/5.0 (X11; Linux aarch64) AppleWebKit/537.36 (KHTML, like Gecko) Chrome/139.0.0.0 Safari/537.36"
93.152.221.194 - - [25/Aug/2026:20:55:33 +0500] "POST /index.php?option=com_jce&task=plugin.rpc&plugin=filemanager&profile_id=1 HTTP/1.1" 303 - "-" "Mozilla/5.0 (Windows NT 10.0; Win64; x64) AppleWebKit/537.36"
93.152.221.194 - - [25/Aug/2026:20:55:39 +0500] "GET /index.php HTTP/1.1" 301 - "-" "Mozilla/5.0 (Windows NT 10.0; Win64; x64) AppleWebKit/537.36"
93.152.221.194 - - [25/Aug/2026:20:55:45 +0500] "GET /uz/ HTTP/1.1" 200 68730 "-" "Mozilla/5.0 (Windows NT 10.0; Win64; x64) AppleWebKit/537.36"
216.73.216.32 - - [25/Aug/2026:20:56:52 +0500] "GET /uz/?%60=l3i1p7o6g2r9a5m1m6a4t0ic&start=24 HTTP/1.1" 508 288 "-" "Mozilla/5.0 AppleWebKit/537.36 (KHTML, like Gecko; compatible; ClaudeBot/1.0; +claudebot@anthropic.com)"
216.73.216.32 - - [25/Aug/2026:20:56:57 +0500] "GET /uz/?r=e9x3t7r6e3m2i3t7y235&start=12 HTTP/1.1" 200 68637 "-" "Mozilla/5.0 AppleWebKit/537.36 (KHTML, like Gecko; compatible; ClaudeBot/1.0; +claudebot@anthropic.com)"
216.73.216.32 - - [25/Aug/2026:20:57:16 +0500] "GET /shops/diaphemetric/a3c3t9i9n8o2m0y4c7o9t3ic HTTP/1.1" 301 - "-" "Mozilla/5.0 AppleWebKit/537.36 (KHTML, like Gecko; compatible; ClaudeBot/1.0; +claudebot@anthropic.com)"
216.73.216.32 - - [25/Aug/2026:20:57:21 +0500] "GET /uz/shops/diaphemetric/a3c3t9i9n8o2m0y4c7o9t3ic HTTP/1.1" 404 1248 "https://www.eskijuva-bozori.uz.uzbekgidroenergoqurilish.uz/shops/diaphemetric/a3c3t9i9n8o2m0y4c7o9t3ic" "Mozilla/5.0 AppleWebKit/537.36 (KHTML, like Gecko; compatible; ClaudeBot/1.0; +claudebot@anthropic.com)"
34.171.68.95 - - [25/Aug/2026:20:57:27 +0500] "GET /uz/info-for-shareholders-uzb?format=feed&template=accessibility&type=atom HTTP/1.1" 200 14571 "-" "Mozilla/5.0 (Macintosh; Intel Mac OS X 10_15_7) AppleWebKit/537.36 (KHTML, like Gecko) Chrome/120.0.0.0 Safari/537.36"
3.212.205.90 - - [25/Aug/2026:20:57:49 +0500] "GET /uz/18-uzbek/shareholders-uzb?start=8 HTTP/1.1" 508 288 "-" "Mozilla/5.0 AppleWebKit/537.36 (KHTML, like Gecko; compatible; Amazonbot/0.1; +https://developer.amazon.com/support/amazonbot) Chrome/119.0.6045.214 Safari/537.36"
164.163.99.14 - - [25/Aug/2026:20:58:21 +0500] "GET /uz/officially-uzb/vacancies-uzb/112-director-vacancy-eng HTTP/1.1" 508 288 "https://www.eskijuva-bozori.uz/uz/officially-uzb/vacancies-uzb" "Mozilla/5.0 (Windows NT 10.0; Win64; x64) AppleWebKit/537.36 (KHTML, like Gecko) Chrome/142.0.0.0 Safari/537.36"
191.42.175.88 - - [25/Aug/2026:20:58:26 +0500] "GET /uz/officially-uzb/vacancies-uzb/112-director-vacancy-eng HTTP/1.1" 200 58669 "https://www.eskijuva-bozori.uz/uz/officially-uzb/vacancies-uzb" "Mozilla/5.0 (Windows NT 10.0; Win64; x64) AppleWebKit/537.36 (KHTML, like Gecko) Chrome/142.0.0.0 Safari/537.36"
185.191.171.13 - - [25/Aug/2026:21:00:02 +0500] "GET /ru/facts-rus/424-sush-fakt-36-01-04-2024 HTTP/1.1" 200 56126 "-" "Mozilla/5.0 (compatible; SemrushBot/7~bl; +http://www.semrush.com/bot.html)"
85.208.96.208 - - [25/Aug/2026:21:00:48 +0500] "GET /uz/?author=19&start=20 HTTP/1.1" 200 68030 "-" "Mozilla/5.0 (compatible; SemrushBot/7~bl; +http://www.semrush.com/bot.html)"
20.104.86.241 - - [25/Aug/2026:21:01:11 +0500] "GET /wp-content/plugins/hellopress/wp_filemanager.php HTTP/1.1" 401 36 "-" "-"
20.104.86.241 - - [25/Aug/2026:21:01:11 +0500] "GET /this_is_a_new_hello_world.php HTTP/1.1" 401 36 "-" "-"
20.104.86.241 - - [25/Aug/2026:21:01:11 +0500] "GET /filefuns.php HTTP/1.1" 401 36 "-" "-"
20.104.86.241 - - [25/Aug/2026:21:01:12 +0500] "GET /wp-cron.php HTTP/1.1" 401 36 "-" "-"
20.104.86.241 - - [25/Aug/2026:21:01:12 +0500] "GET /lock360.php HTTP/1.1" 401 36 "-" "-"
34.42.229.145 - - [25/Aug/2026:21:01:07 +0500] "GET /uz/korp-upr-uzb?format=feed&type=atom HTTP/1.1" 200 15639 "-" "Mozilla/5.0 (Macintosh; Intel Mac OS X 10_15_7) AppleWebKit/537.36 (KHTML, like Gecko) Chrome/120.0.0.0 Safari/537.36"
20.104.86.241 - - [25/Aug/2026:21:01:13 +0500] "GET /wp-theme.php HTTP/1.1" 401 36 "-" "-"
20.104.86.241 - - [25/Aug/2026:21:01:13 +0500] "GET /2d7433/index.php HTTP/1.1" 401 36 "-" "-"
20.104.86.241 - - [25/Aug/2026:21:01:14 +0500] "GET /wp-login.php HTTP/1.1" 401 36 "-" "-"
20.104.86.241 - - [25/Aug/2026:21:01:14 +0500] "GET /dd8fc3/admin.php HTTP/1.1" 401 36 "-" "-"
20.104.86.241 - - [25/Aug/2026:21:01:15 +0500] "GET /8950a6/admin.php HTTP/1.1" 401 36 "-" "-"
20.104.86.241 - - [25/Aug/2026:21:01:15 +0500] "GET /ammika.php HTTP/1.1" 401 36 "-" "-"
20.104.86.241 - - [25/Aug/2026:21:01:16 +0500] "GET /6b2b7b/admin.php HTTP/1.1" 401 36 "-" "-"
20.104.86.241 - - [25/Aug/2026:21:01:16 +0500] "GET /1ac325/admin.php HTTP/1.1" 401 36 "-" "-"
20.104.86.241 - - [25/Aug/2026:21:01:16 +0500] "GET /jqhrkutu.php HTTP/1.1" 401 36 "-" "-"
20.104.86.241 - - [25/Aug/2026:21:01:17 +0500] "GET /images.php HTTP/1.1" 401 36 "-" "-"
20.104.86.241 - - [25/Aug/2026:21:01:17 +0500] "GET /ops.php HTTP/1.1" 401 36 "-" "-"
20.104.86.241 - - [25/Aug/2026:21:01:18 +0500] "GET /4PJcpMFsD8B.php HTTP/1.1" 401 36 "-" "-"
20.104.86.241 - - [25/Aug/2026:21:01:18 +0500] "GET /3PJcpMFsD8B.php HTTP/1.1" 401 36 "-" "-"
20.104.86.241 - - [25/Aug/2026:21:01:19 +0500] "GET /9b97ec/index.php HTTP/1.1" 401 36 "-" "-"
20.104.86.241 - - [25/Aug/2026:21:01:19 +0500] "GET /b9007d/index.php HTTP/1.1" 401 36 "-" "-"
20.104.86.241 - - [25/Aug/2026:21:01:20 +0500] "GET /aaa.php HTTP/1.1" 401 36 "-" "-"
20.104.86.241 - - [25/Aug/2026:21:01:20 +0500] "GET /11.php HTTP/1.1" 401 36 "-" "-"
20.104.86.241 - - [25/Aug/2026:21:01:20 +0500] "GET /about.php HTTP/1.1" 401 36 "-" "-"
20.104.86.241 - - [25/Aug/2026:21:01:21 +0500] "GET /admin.php/admin.php HTTP/1.1" 401 36 "-" "-"
20.104.86.241 - - [25/Aug/2026:21:01:21 +0500] "GET /media.php HTTP/1.1" 401 36 "-" "-"
20.104.86.241 - - [25/Aug/2026:21:01:22 +0500] "GET /admin.php HTTP/1.1" 401 36 "-" "-"
20.104.86.241 - - [25/Aug/2026:21:01:22 +0500] "GET /mac.php HTTP/1.1" 401 36 "-" "-"
20.104.86.241 - - [25/Aug/2026:21:01:23 +0500] "GET /1.php HTTP/1.1" 401 36 "-" "-"
20.104.86.241 - - [25/Aug/2026:21:01:23 +0500] "GET /classwithtostring.php HTTP/1.1" 401 36 "-" "-"
20.104.86.241 - - [25/Aug/2026:21:01:24 +0500] "GET /wp-ws68.php HTTP/1.1" 401 36 "-" "-"
20.104.86.241 - - [25/Aug/2026:21:01:24 +0500] "GET /yj09.php HTTP/1.1" 401 36 "-" "-"
20.104.86.241 - - [25/Aug/2026:21:01:25 +0500] "GET /scxy.php HTTP/1.1" 401 36 "-" "-"
20.104.86.241 - - [25/Aug/2026:21:01:25 +0500] "GET /blurbs.php HTTP/1.1" 401 36 "-" "-"
20.104.86.241 - - [25/Aug/2026:21:01:26 +0500] "GET /bajah.php HTTP/1.1" 401 36 "-" "-"
20.104.86.241 - - [25/Aug/2026:21:01:27 +0500] "GET /domvf.php HTTP/1.1" 401 36 "-" "-"
20.104.86.241 - - [25/Aug/2026:21:01:27 +0500] "GET /fpwch.php HTTP/1.1" 401 36 "-" "-"
20.104.86.241 - - [25/Aug/2026:21:01:27 +0500] "GET /adminner.php HTTP/1.1" 401 36 "-" "-"
20.104.86.241 - - [25/Aug/2026:21:01:28 +0500] "GET /abcd.php HTTP/1.1" 401 36 "-" "-"
20.104.86.241 - - [25/Aug/2026:21:01:28 +0500] "GET /simple.php HTTP/1.1" 401 36 "-" "-"
20.104.86.241 - - [25/Aug/2026:21:01:29 +0500] "GET /wp-load.php HTTP/1.1" 401 36 "-" "-"
20.104.86.241 - - [25/Aug/2026:21:01:29 +0500] "GET /aaa.php HTTP/1.1" 401 36 "-" "-"
20.104.86.241 - - [25/Aug/2026:21:01:30 +0500] "GET /FWAZ.php HTTP/1.1" 401 36 "-" "-"
20.104.86.241 - - [25/Aug/2026:21:01:30 +0500] "GET /ccc.php HTTP/1.1" 401 36 "-" "-"
20.104.86.241 - - [25/Aug/2026:21:01:31 +0500] "GET /admin.php HTTP/1.1" 401 36 "-" "-"
20.104.86.241 - - [25/Aug/2026:21:01:31 +0500] "GET /reviall.php HTTP/1.1" 401 36 "-" "-"
20.104.86.241 - - [25/Aug/2026:21:01:31 +0500] "GET /hp2.php HTTP/1.1" 401 36 "-" "-"
20.104.86.241 - - [25/Aug/2026:21:01:32 +0500] "GET /too.php HTTP/1.1" 401 36 "-" "-"
20.104.86.241 - - [25/Aug/2026:21:01:32 +0500] "GET /kir.php HTTP/1.1" 401 36 "-" "-"
20.104.86.241 - - [25/Aug/2026:21:01:33 +0500] "GET /wp-includes/Requests/ HTTP/1.1" 401 36 "-" "-"
20.104.86.241 - - [25/Aug/2026:21:01:33 +0500] "GET /wp-admin/css/colors/modern/ HTTP/1.1" 401 36 "-" "-"
20.104.86.241 - - [25/Aug/2026:21:01:34 +0500] "GET /wp-includes/assets/ HTTP/1.1" 401 36 "-" "-"
20.104.86.241 - - [25/Aug/2026:21:01:34 +0500] "GET /wp-admin/css/colors/sunrise/ HTTP/1.1" 401 36 "-" "-"
20.104.86.241 - - [25/Aug/2026:21:01:35 +0500] "GET /wp-includes/l10n/ HTTP/1.1" 401 36 "-" "-"
216.73.216.32 - - [25/Aug/2026:21:01:31 +0500] "GET /steelyard/loadsman/a3d1v3e2r4t5i4s5e64 HTTP/1.1" 301 - "-" "Mozilla/5.0 AppleWebKit/537.36 (KHTML, like Gecko; compatible; ClaudeBot/1.0; +claudebot@anthropic.com)"
20.104.86.241 - - [25/Aug/2026:21:01:36 +0500] "GET /wp-content/uploads/ HTTP/1.1" 401 36 "-" "-"
20.104.86.241 - - [25/Aug/2026:21:01:36 +0500] "GET /cgi-bin/index.php HTTP/1.1" 401 36 "-" "-"
20.104.86.241 - - [25/Aug/2026:21:01:37 +0500] "GET /wp-includes/css/dist/ HTTP/1.1" 401 36 "-" "-"
20.104.86.241 - - [25/Aug/2026:21:01:37 +0500] "GET /wp-includes/js/jquery/ HTTP/1.1" 401 36 "-" "-"
20.104.86.241 - - [25/Aug/2026:21:01:37 +0500] "GET /wp-content/admin.php HTTP/1.1" 401 36 "-" "-"
20.104.86.241 - - [25/Aug/2026:21:01:38 +0500] "GET /wp-content/themes/index.php HTTP/1.1" 401 36 "-" "-"
20.104.86.241 - - [25/Aug/2026:21:01:38 +0500] "GET /wp-includes/blocks/details/ HTTP/1.1" 401 36 "-" "-"
20.104.86.241 - - [25/Aug/2026:21:01:39 +0500] "GET /.well-known/about.php HTTP/1.1" 401 36 "-" "-"
20.104.86.241 - - [25/Aug/2026:21:01:39 +0500] "GET /wp-includes/ID3/about.php HTTP/1.1" 401 36 "-" "-"
20.104.86.241 - - [25/Aug/2026:21:01:40 +0500] "GET /wp-includes/Text/ HTTP/1.1" 401 36 "-" "-"
216.73.216.32 - - [25/Aug/2026:21:01:36 +0500] "GET /uz/steelyard/loadsman/a3d1v3e2r4t5i4s5e64 HTTP/1.1" 404 1248 "https://www.eskijuva-bozori.uz.uzbekgidroenergoqurilish.uz/steelyard/loadsman/a3d1v3e2r4t5i4s5e64" "Mozilla/5.0 AppleWebKit/537.36 (KHTML, like Gecko; compatible; ClaudeBot/1.0; +claudebot@anthropic.com)"
20.104.86.241 - - [25/Aug/2026:21:01:40 +0500] "GET /ts.php HTTP/1.1" 401 36 "-" "-"
20.104.86.241 - - [25/Aug/2026:21:01:41 +0500] "GET /bak.php HTTP/1.1" 401 36 "-" "-"
20.104.86.241 - - [25/Aug/2026:21:01:41 +0500] "GET /olik.php HTTP/1.1" 401 36 "-" "-"
20.104.86.241 - - [25/Aug/2026:21:01:42 +0500] "GET /about.php HTTP/1.1" 401 36 "-" "-"
20.104.86.241 - - [25/Aug/2026:21:01:42 +0500] "GET /3cf97/index.php HTTP/1.1" 401 36 "-" "-"
20.104.86.241 - - [25/Aug/2026:21:01:43 +0500] "GET /term.php HTTP/1.1" 401 36 "-" "-"
207.46.13.154 - - [25/Aug/2026:21:01:35 +0500] "GET /uz/facts-uzb/404-sush-fakt-06-31-03-2023-pdf HTTP/1.1" 200 207329 "-" "Mozilla/5.0 AppleWebKit/537.36 (KHTML, like Gecko; compatible; bingbot/2.0; +http://www.bing.com/bingbot.htm) Chrome/116.0.1938.76 Safari/537.36"
66.249.77.71 - - [25/Aug/2026:21:01:47 +0500] "GET /images/links/gki-ru.png HTTP/1.1" 304 - "-" "Googlebot-Image/1.0"
