52.139.37.240 - - [25/Aug/2026:19:15:12 +0500] "GET /wp-content/min.php HTTP/1.1" 301 - "-" "Mozilla/5.0 (Windows NT 10.0; Win64; x64) AppleWebKit/537.36 (KHTML, like Gecko) Chrome/120.0.0.0 Safari/537.36"
20.104.50.220 - - [25/Aug/2026:19:15:17 +0500] "GET /wp-admin/css/mghnhykio.php/new.php HTTP/1.1" 404 5749 "-" "-"
20.104.50.220 - - [25/Aug/2026:19:15:17 +0500] "GET /files.php/new.php HTTP/1.1" 404 5749 "-" "-"
20.104.50.220 - - [25/Aug/2026:19:15:18 +0500] "GET /ty.php HTTP/1.1" 404 5749 "-" "-"
20.104.50.220 - - [25/Aug/2026:19:15:18 +0500] "GET /ton.php HTTP/1.1" 404 5749 "-" "-"
216.73.216.32 - - [25/Aug/2026:19:15:12 +0500] "GET /uz/shops/pennsylvanica/o3y3s5t3e1r7l4i2n7g19 HTTP/1.1" 404 1248 "https://www.eskijuva-bozori.uz.uzbekgidroenergoqurilish.uz/shops/pennsylvanica/o3y3s5t3e1r7l4i2n7g19" "Mozilla/5.0 AppleWebKit/537.36 (KHTML, like Gecko; compatible; ClaudeBot/1.0; +claudebot@anthropic.com)"
20.104.50.220 - - [25/Aug/2026:19:15:19 +0500] "GET /nfile.php HTTP/1.1" 404 5749 "-" "-"
20.104.50.220 - - [25/Aug/2026:19:15:19 +0500] "GET /wfile.php HTTP/1.1" 404 5749 "-" "-"
20.104.50.220 - - [25/Aug/2026:19:15:19 +0500] "GET /acp.php HTTP/1.1" 404 5749 "-" "-"
20.104.50.220 - - [25/Aug/2026:19:15:20 +0500] "GET /asas.php HTTP/1.1" 404 5749 "-" "-"
20.104.50.220 - - [25/Aug/2026:19:15:20 +0500] "GET /222.php HTTP/1.1" 404 5749 "-" "-"
20.104.50.220 - - [25/Aug/2026:19:15:21 +0500] "GET /wp-configs.php HTTP/1.1" 404 5749 "-" "-"
20.104.50.220 - - [25/Aug/2026:19:15:21 +0500] "GET /33.php HTTP/1.1" 404 5749 "-" "-"
20.104.50.220 - - [25/Aug/2026:19:15:22 +0500] "GET /555.php HTTP/1.1" 404 5749 "-" "-"
52.139.37.240 - - [25/Aug/2026:19:15:17 +0500] "GET /wp-content/plugins/beteng88/ws83.php HTTP/1.1" 301 - "-" "Mozilla/5.0 (Windows NT 10.0; Win64; x64) AppleWebKit/537.36 (KHTML, like Gecko) Chrome/120.0.0.0 Safari/537.36"
20.104.50.220 - - [25/Aug/2026:19:15:22 +0500] "GET /ppp.php HTTP/1.1" 404 5749 "-" "-"
20.104.50.220 - - [25/Aug/2026:19:15:22 +0500] "GET /file88.php HTTP/1.1" 404 5749 "-" "-"
216.73.216.32 - - [25/Aug/2026:19:15:17 +0500] "GET /shops/succedaneum/i3r3o8n1i3c5a7l7l6y44 HTTP/1.1" 301 - "-" "Mozilla/5.0 AppleWebKit/537.36 (KHTML, like Gecko; compatible; ClaudeBot/1.0; +claudebot@anthropic.com)"
20.104.50.220 - - [25/Aug/2026:19:15:23 +0500] "GET /file5.php HTTP/1.1" 404 5749 "-" "-"
20.104.50.220 - - [25/Aug/2026:19:15:23 +0500] "GET /ava.php HTTP/1.1" 404 5749 "-" "-"
20.104.50.220 - - [25/Aug/2026:19:15:24 +0500] "GET /403.php HTTP/1.1" 404 5749 "-" "-"
20.104.50.220 - - [25/Aug/2026:19:15:24 +0500] "GET /geck.php HTTP/1.1" 404 5749 "-" "-"
20.104.50.220 - - [25/Aug/2026:19:15:24 +0500] "GET /build.php HTTP/1.1" 404 5749 "-" "-"
20.104.50.220 - - [25/Aug/2026:19:15:25 +0500] "GET /p.php HTTP/1.1" 404 5749 "-" "-"
20.104.50.220 - - [25/Aug/2026:19:15:25 +0500] "GET /cc.php HTTP/1.1" 404 5749 "-" "-"
20.104.50.220 - - [25/Aug/2026:19:15:26 +0500] "GET /v1.php HTTP/1.1" 404 5749 "-" "-"
20.104.50.220 - - [25/Aug/2026:19:15:26 +0500] "GET /0x.php HTTP/1.1" 404 5749 "-" "-"
20.104.50.220 - - [25/Aug/2026:19:15:27 +0500] "GET /class629.php HTTP/1.1" 404 5749 "-" "-"
20.104.50.220 - - [25/Aug/2026:19:15:27 +0500] "GET /file21.php HTTP/1.1" 404 5749 "-" "-"
20.104.50.220 - - [25/Aug/2026:19:15:27 +0500] "GET /yellow.php HTTP/1.1" 404 5749 "-" "-"
52.139.37.240 - - [25/Aug/2026:19:15:22 +0500] "GET /ws37.php HTTP/1.1" 301 - "-" "Mozilla/5.0 (Windows NT 10.0; Win64; x64) AppleWebKit/537.36 (KHTML, like Gecko) Chrome/120.0.0.0 Safari/537.36"
20.104.50.220 - - [25/Aug/2026:19:15:28 +0500] "GET /777.php HTTP/1.1" 404 5749 "-" "-"
20.104.50.220 - - [25/Aug/2026:19:15:28 +0500] "GET /030.php HTTP/1.1" 404 5749 "-" "-"
20.104.50.220 - - [25/Aug/2026:19:15:29 +0500] "GET /cfile.php HTTP/1.1" 404 5749 "-" "-"
20.104.50.220 - - [25/Aug/2026:19:15:29 +0500] "GET /aaa.php HTTP/1.1" 404 5749 "-" "-"
216.73.216.32 - - [25/Aug/2026:19:15:23 +0500] "GET /uz/shops/succedaneum/i3r3o8n1i3c5a7l7l6y44 HTTP/1.1" 404 1248 "https://www.eskijuva-bozori.uz.uzbekgidroenergoqurilish.uz/shops/succedaneum/i3r3o8n1i3c5a7l7l6y44" "Mozilla/5.0 AppleWebKit/537.36 (KHTML, like Gecko; compatible; ClaudeBot/1.0; +claudebot@anthropic.com)"
20.104.50.220 - - [25/Aug/2026:19:15:29 +0500] "GET /class.php HTTP/1.1" 404 5749 "-" "-"
20.104.50.220 - - [25/Aug/2026:19:15:30 +0500] "GET /vee.php HTTP/1.1" 404 5749 "-" "-"
216.73.216.32 - - [25/Aug/2026:19:15:25 +0500] "GET /shops/acokanthera/e3t3i7q9u0e6t8t1e311 HTTP/1.1" 301 - "-" "Mozilla/5.0 AppleWebKit/537.36 (KHTML, like Gecko; compatible; ClaudeBot/1.0; +claudebot@anthropic.com)"
20.104.50.220 - - [25/Aug/2026:19:15:30 +0500] "GET /ws33.php HTTP/1.1" 404 5749 "-" "-"
20.104.50.220 - - [25/Aug/2026:19:15:31 +0500] "GET /menu.php HTTP/1.1" 404 5749 "-" "-"
20.104.50.220 - - [25/Aug/2026:19:15:31 +0500] "GET /1.php HTTP/1.1" 404 5749 "-" "-"
20.104.50.220 - - [25/Aug/2026:19:15:31 +0500] "GET /aa.php HTTP/1.1" 404 5749 "-" "-"
20.104.50.220 - - [25/Aug/2026:19:15:32 +0500] "GET /bolt.php HTTP/1.1" 404 5749 "-" "-"
20.104.50.220 - - [25/Aug/2026:19:15:32 +0500] "GET /v2.php HTTP/1.1" 404 5749 "-" "-"
20.104.50.220 - - [25/Aug/2026:19:15:33 +0500] "GET /class9.php HTTP/1.1" 404 5749 "-" "-"
20.104.50.220 - - [25/Aug/2026:19:15:33 +0500] "GET /abc.php HTTP/1.1" 404 5749 "-" "-"
52.139.37.240 - - [25/Aug/2026:19:15:28 +0500] "GET /new.php HTTP/1.1" 301 - "-" "Mozilla/5.0 (Windows NT 10.0; Win64; x64) AppleWebKit/537.36 (KHTML, like Gecko) Chrome/120.0.0.0 Safari/537.36"
20.104.50.220 - - [25/Aug/2026:19:15:34 +0500] "GET /f6.php HTTP/1.1" 404 5749 "-" "-"
52.139.37.240 - - [25/Aug/2026:19:15:34 +0500] "GET /wp-admin/js/widgets/ HTTP/1.1" 508 288 "-" "Mozilla/5.0 (Windows NT 10.0; Win64; x64) AppleWebKit/537.36 (KHTML, like Gecko) Chrome/120.0.0.0 Safari/537.36"
93.158.213.25 - - [25/Aug/2026:19:15:27 +0500] "GET /uz/?%60=p3r1o8t5o6p1h4y9t5o0l8ogy&start=36 HTTP/1.1" 200 69750 "-" "Mozilla/5.0 (compatible; MJ12bot/v1.4.8; http://mj12bot.com/)"
20.104.50.220 - - [25/Aug/2026:19:15:34 +0500] "GET /new4.php HTTP/1.1" 404 5749 "-" "-"
20.104.50.220 - - [25/Aug/2026:19:15:34 +0500] "GET /xxx.php HTTP/1.1" 404 5749 "-" "-"
20.104.50.220 - - [25/Aug/2026:19:15:35 +0500] "GET /moon3.php HTTP/1.1" 404 5749 "-" "-"
20.104.50.220 - - [25/Aug/2026:19:15:35 +0500] "GET /wb.php HTTP/1.1" 404 5749 "-" "-"
20.104.50.220 - - [25/Aug/2026:19:15:36 +0500] "GET /mlex.php HTTP/1.1" 404 5749 "-" "-"
20.104.50.220 - - [25/Aug/2026:19:15:36 +0500] "GET /tox.php HTTP/1.1" 404 5749 "-" "-"
20.104.50.220 - - [25/Aug/2026:19:15:36 +0500] "GET /v3.php HTTP/1.1" 404 5749 "-" "-"
20.104.50.220 - - [25/Aug/2026:19:15:37 +0500] "GET /wp-is.php HTTP/1.1" 404 5749 "-" "-"
216.73.216.32 - - [25/Aug/2026:19:15:30 +0500] "GET /uz/shops/acokanthera/e3t3i7q9u0e6t8t1e311 HTTP/1.1" 404 1248 "https://www.eskijuva-bozori.uz.uzbekgidroenergoqurilish.uz/shops/acokanthera/e3t3i7q9u0e6t8t1e311" "Mozilla/5.0 AppleWebKit/537.36 (KHTML, like Gecko; compatible; ClaudeBot/1.0; +claudebot@anthropic.com)"
20.104.50.220 - - [25/Aug/2026:19:15:37 +0500] "GET /lala.php HTTP/1.1" 404 5749 "-" "-"
20.104.50.220 - - [25/Aug/2026:19:15:38 +0500] "GET /fileas.php HTTP/1.1" 404 5749 "-" "-"
20.104.50.220 - - [25/Aug/2026:19:15:38 +0500] "GET /file8.php HTTP/1.1" 404 5749 "-" "-"
20.104.50.220 - - [25/Aug/2026:19:15:39 +0500] "GET /x7.php HTTP/1.1" 404 5749 "-" "-"
20.104.50.220 - - [25/Aug/2026:19:15:39 +0500] "GET /moon.php HTTP/1.1" 404 5749 "-" "-"
20.104.50.220 - - [25/Aug/2026:19:15:39 +0500] "GET /fs.php HTTP/1.1" 404 5749 "-" "-"
52.139.37.240 - - [25/Aug/2026:19:15:34 +0500] "GET /il.php HTTP/1.1" 301 - "-" "Mozilla/5.0 (Windows NT 10.0; Win64; x64) AppleWebKit/537.36 (KHTML, like Gecko) Chrome/120.0.0.0 Safari/537.36"
20.104.50.220 - - [25/Aug/2026:19:15:40 +0500] "GET /v4.php HTTP/1.1" 404 5749 "-" "-"
20.104.50.220 - - [25/Aug/2026:19:15:40 +0500] "GET /wto.php HTTP/1.1" 404 5749 "-" "-"
20.104.50.220 - - [25/Aug/2026:19:15:41 +0500] "GET /CLA.php HTTP/1.1" 404 5749 "-" "-"
20.104.50.220 - - [25/Aug/2026:19:15:41 +0500] "GET /file1.php HTTP/1.1" 404 5749 "-" "-"
20.104.50.220 - - [25/Aug/2026:19:15:41 +0500] "GET /pp.php HTTP/1.1" 404 5749 "-" "-"
20.104.50.220 - - [25/Aug/2026:19:15:42 +0500] "GET /mds.php HTTP/1.1" 404 5749 "-" "-"
20.104.50.220 - - [25/Aug/2026:19:15:42 +0500] "GET /0x0x.php HTTP/1.1" 404 5749 "-" "-"
216.73.216.32 - - [25/Aug/2026:19:15:37 +0500] "GET /?%60=n3e6g5o5t6i1o6u8s66 HTTP/1.1" 301 - "-" "Mozilla/5.0 AppleWebKit/537.36 (KHTML, like Gecko; compatible; ClaudeBot/1.0; +claudebot@anthropic.com)"
20.104.50.220 - - [25/Aug/2026:19:15:43 +0500] "GET /file17.php HTTP/1.1" 404 5749 "-" "-"
20.104.50.220 - - [25/Aug/2026:19:15:43 +0500] "GET /flower.php HTTP/1.1" 404 5749 "-" "-"
20.104.50.220 - - [25/Aug/2026:19:15:44 +0500] "GET /444.php HTTP/1.1" 404 5749 "-" "-"
20.104.50.220 - - [25/Aug/2026:19:15:44 +0500] "GET /finny.php HTTP/1.1" 404 5749 "-" "-"
20.104.50.220 - - [25/Aug/2026:19:15:44 +0500] "GET /x.php HTTP/1.1" 404 5749 "-" "-"
20.104.50.220 - - [25/Aug/2026:19:15:45 +0500] "GET /1aa.php HTTP/1.1" 404 5749 "-" "-"
52.139.37.240 - - [25/Aug/2026:19:15:40 +0500] "GET /images/index.php HTTP/1.1" 301 - "-" "Mozilla/5.0 (Windows NT 10.0; Win64; x64) AppleWebKit/537.36 (KHTML, like Gecko) Chrome/120.0.0.0 Safari/537.36"
20.104.50.220 - - [25/Aug/2026:19:15:45 +0500] "GET /2.php HTTP/1.1" 404 5749 "-" "-"
20.104.50.220 - - [25/Aug/2026:19:15:46 +0500] "GET /class19.php HTTP/1.1" 404 5749 "-" "-"
20.104.50.220 - - [25/Aug/2026:19:15:46 +0500] "GET /he.php HTTP/1.1" 404 5749 "-" "-"
20.104.50.220 - - [25/Aug/2026:19:15:46 +0500] "GET /bless11.php HTTP/1.1" 404 5749 "-" "-"
20.104.50.220 - - [25/Aug/2026:19:15:47 +0500] "GET /sko.php HTTP/1.1" 404 5749 "-" "-"
20.104.50.220 - - [25/Aug/2026:19:15:47 +0500] "GET /o.php HTTP/1.1" 404 5749 "-" "-"
20.104.50.220 - - [25/Aug/2026:19:15:48 +0500] "GET /ws34.php HTTP/1.1" 404 5749 "-" "-"
20.104.50.220 - - [25/Aug/2026:19:15:48 +0500] "GET /mini.php HTTP/1.1" 404 5749 "-" "-"
20.104.50.220 - - [25/Aug/2026:19:15:49 +0500] "GET /inde.php HTTP/1.1" 404 5749 "-" "-"
20.104.50.220 - - [25/Aug/2026:19:15:49 +0500] "GET /111.php HTTP/1.1" 404 5749 "-" "-"
20.104.50.220 - - [25/Aug/2026:19:15:49 +0500] "GET /xxxx.php HTTP/1.1" 404 5749 "-" "-"
20.104.50.220 - - [25/Aug/2026:19:15:50 +0500] "GET /an7.php HTTP/1.1" 404 5749 "-" "-"
20.104.50.220 - - [25/Aug/2026:19:15:50 +0500] "GET /666.php HTTP/1.1" 404 5749 "-" "-"
216.73.216.32 - - [25/Aug/2026:19:15:43 +0500] "GET /uz/?%60=n3e6g5o5t6i1o6u8s66 HTTP/1.1" 200 68658 "https://www.eskijuva-bozori.uz.uzbekgidroenergoqurilish.uz/?%60=n3e6g5o5t6i1o6u8s66" "Mozilla/5.0 AppleWebKit/537.36 (KHTML, like Gecko; compatible; ClaudeBot/1.0; +claudebot@anthropic.com)"
20.104.50.220 - - [25/Aug/2026:19:15:51 +0500] "GET /a.php HTTP/1.1" 404 5749 "-" "-"
52.139.37.240 - - [25/Aug/2026:19:15:45 +0500] "GET /lite.php HTTP/1.1" 301 - "-" "Mozilla/5.0 (Windows NT 10.0; Win64; x64) AppleWebKit/537.36 (KHTML, like Gecko) Chrome/120.0.0.0 Safari/537.36"
20.104.50.220 - - [25/Aug/2026:19:15:51 +0500] "GET /bless.php HTTP/1.1" 404 5749 "-" "-"
20.104.50.220 - - [25/Aug/2026:19:15:51 +0500] "GET /file9.php HTTP/1.1" 404 5749 "-" "-"
3.216.86.144 - - [25/Aug/2026:19:15:53 +0500] "GET /uz/prospectus-uzb/10-uzbek?start=20 HTTP/1.1" 508 288 "-" "Mozilla/5.0 AppleWebKit/537.36 (KHTML, like Gecko; compatible; Amazonbot/0.1; +https://developer.amazon.com/support/amazonbot) Chrome/119.0.6045.214 Safari/537.36"
216.73.216.32 - - [25/Aug/2026:19:15:49 +0500] "GET /?%60=a3n4n1u0l8a4r7i9t8y11 HTTP/1.1" 301 - "-" "Mozilla/5.0 AppleWebKit/537.36 (KHTML, like Gecko; compatible; ClaudeBot/1.0; +claudebot@anthropic.com)"
20.104.50.220 - - [25/Aug/2026:19:15:54 +0500] "GET /a2.php HTTP/1.1" 404 5749 "-" "-"
20.104.50.220 - - [25/Aug/2026:19:15:55 +0500] "GET /file4.php HTTP/1.1" 404 5749 "-" "-"
20.104.50.220 - - [25/Aug/2026:19:15:55 +0500] "GET /plss3.php HTTP/1.1" 404 5749 "-" "-"
93.158.213.25 - - [25/Aug/2026:19:15:49 +0500] "GET /uz/?%60=p3r1o8t5o6p1h4y9t5o0l8ogy&start=40 HTTP/1.1" 200 68699 "-" "Mozilla/5.0 (compatible; MJ12bot/v1.4.8; http://mj12bot.com/)"
20.104.50.220 - - [25/Aug/2026:19:15:56 +0500] "GET /file15.php HTTP/1.1" 404 5749 "-" "-"
20.104.50.220 - - [25/Aug/2026:19:15:56 +0500] "GET /wsd.php HTTP/1.1" 404 5749 "-" "-"
52.139.37.240 - - [25/Aug/2026:19:15:51 +0500] "GET /load.php HTTP/1.1" 301 - "-" "Mozilla/5.0 (Windows NT 10.0; Win64; x64) AppleWebKit/537.36 (KHTML, like Gecko) Chrome/120.0.0.0 Safari/537.36"
20.104.50.220 - - [25/Aug/2026:19:15:57 +0500] "GET /shell.php HTTP/1.1" 404 5749 "-" "-"
20.104.50.220 - - [25/Aug/2026:19:15:57 +0500] "GET /akk.php HTTP/1.1" 404 5749 "-" "-"
20.104.50.220 - - [25/Aug/2026:19:15:58 +0500] "GET /n.php HTTP/1.1" 404 5749 "-" "-"
20.104.50.220 - - [25/Aug/2026:19:15:58 +0500] "GET /ws36.php HTTP/1.1" 404 5749 "-" "-"
20.104.50.220 - - [25/Aug/2026:19:15:58 +0500] "GET /ws45.php HTTP/1.1" 404 5749 "-" "-"
20.104.50.220 - - [25/Aug/2026:19:15:59 +0500] "GET /file30.php HTTP/1.1" 404 5749 "-" "-"
20.104.50.220 - - [25/Aug/2026:19:15:59 +0500] "GET /racs3.php HTTP/1.1" 404 5749 "-" "-"
20.104.50.220 - - [25/Aug/2026:19:16:00 +0500] "GET /cccc.php HTTP/1.1" 404 5749 "-" "-"
20.104.50.220 - - [25/Aug/2026:19:16:00 +0500] "GET /file3.php HTTP/1.1" 404 5749 "-" "-"
20.104.50.220 - - [25/Aug/2026:19:16:01 +0500] "GET /mail.php HTTP/1.1" 404 5749 "-" "-"
20.104.50.220 - - [25/Aug/2026:19:16:01 +0500] "GET /lm13.php HTTP/1.1" 404 5749 "-" "-"
20.104.50.220 - - [25/Aug/2026:19:16:01 +0500] "GET /xeqdlun.php HTTP/1.1" 404 5749 "-" "-"
216.73.216.32 - - [25/Aug/2026:19:15:54 +0500] "GET /uz/?%60=a3n4n1u0l8a4r7i9t8y11 HTTP/1.1" 200 68660 "https://www.eskijuva-bozori.uz.uzbekgidroenergoqurilish.uz/?%60=a3n4n1u0l8a4r7i9t8y11" "Mozilla/5.0 AppleWebKit/537.36 (KHTML, like Gecko; compatible; ClaudeBot/1.0; +claudebot@anthropic.com)"
20.104.50.220 - - [25/Aug/2026:19:16:02 +0500] "GET /file18.php HTTP/1.1" 404 5749 "-" "-"
20.104.50.220 - - [25/Aug/2026:19:16:02 +0500] "GET /hook.php HTTP/1.1" 404 5749 "-" "-"
52.139.37.240 - - [25/Aug/2026:19:15:57 +0500] "GET /xda.php HTTP/1.1" 301 - "-" "Mozilla/5.0 (Windows NT 10.0; Win64; x64) AppleWebKit/537.36 (KHTML, like Gecko) Chrome/120.0.0.0 Safari/537.36"
20.104.50.220 - - [25/Aug/2026:19:16:03 +0500] "GET /ffile.php HTTP/1.1" 404 5749 "-" "-"
20.104.50.220 - - [25/Aug/2026:19:16:03 +0500] "GET /file2.php HTTP/1.1" 404 5749 "-" "-"
216.73.216.32 - - [25/Aug/2026:19:15:55 +0500] "GET /uz/?r=c9h2e3i6r9o1p5t5e6r30&start=16 HTTP/1.1" 200 68001 "-" "Mozilla/5.0 AppleWebKit/537.36 (KHTML, like Gecko; compatible; ClaudeBot/1.0; +claudebot@anthropic.com)"
20.104.50.220 - - [25/Aug/2026:19:16:03 +0500] "GET /xxw.php HTTP/1.1" 404 5749 "-" "-"
20.104.50.220 - - [25/Aug/2026:19:16:04 +0500] "GET /wcas.php HTTP/1.1" 404 5749 "-" "-"
20.104.50.220 - - [25/Aug/2026:19:16:04 +0500] "GET /000.php HTTP/1.1" 404 5749 "-" "-"
20.104.50.220 - - [25/Aug/2026:19:16:05 +0500] "GET /tor.php HTTP/1.1" 404 5749 "-" "-"
20.104.50.220 - - [25/Aug/2026:19:16:05 +0500] "GET /ws37.php HTTP/1.1" 404 5749 "-" "-"
20.104.50.220 - - [25/Aug/2026:19:16:05 +0500] "GET /class20.php HTTP/1.1" 404 5749 "-" "-"
20.104.50.220 - - [25/Aug/2026:19:16:06 +0500] "GET /card.php HTTP/1.1" 404 5749 "-" "-"
20.104.50.220 - - [25/Aug/2026:19:16:06 +0500] "GET /031.php HTTP/1.1" 404 5749 "-" "-"
20.104.50.220 - - [25/Aug/2026:19:16:07 +0500] "GET /size.php HTTP/1.1" 404 5749 "-" "-"
20.104.50.220 - - [25/Aug/2026:19:16:07 +0500] "GET /error.php HTTP/1.1" 404 5749 "-" "-"
20.104.50.220 - - [25/Aug/2026:19:16:07 +0500] "GET /404.php HTTP/1.1" 404 5749 "-" "-"
20.104.50.220 - - [25/Aug/2026:19:16:08 +0500] "GET /file32.php HTTP/1.1" 404 5749 "-" "-"
20.104.50.220 - - [25/Aug/2026:19:16:08 +0500] "GET /lol.php HTTP/1.1" 404 5749 "-" "-"
52.139.37.240 - - [25/Aug/2026:19:16:03 +0500] "GET /.trash7206/index.php HTTP/1.1" 301 - "-" "Mozilla/5.0 (Windows NT 10.0; Win64; x64) AppleWebKit/537.36 (KHTML, like Gecko) Chrome/120.0.0.0 Safari/537.36"
20.104.50.220 - - [25/Aug/2026:19:16:09 +0500] "GET /haa.php HTTP/1.1" 404 5749 "-" "-"
20.104.50.220 - - [25/Aug/2026:19:16:09 +0500] "GET /333.php HTTP/1.1" 404 5749 "-" "-"
20.104.50.220 - - [25/Aug/2026:19:16:09 +0500] "GET /ws38.php HTTP/1.1" 404 5749 "-" "-"
20.104.50.220 - - [25/Aug/2026:19:16:10 +0500] "GET /xx.php HTTP/1.1" 404 5749 "-" "-"
20.104.50.220 - - [25/Aug/2026:19:16:10 +0500] "GET /klex.php HTTP/1.1" 404 5749 "-" "-"
216.73.216.32 - - [25/Aug/2026:19:16:04 +0500] "GET /uz/?r=c9h2e3i6r9o1p5t5e6r30&start=24 HTTP/1.1" 200 68009 "-" "Mozilla/5.0 AppleWebKit/537.36 (KHTML, like Gecko; compatible; ClaudeBot/1.0; +claudebot@anthropic.com)"
20.104.50.220 - - [25/Aug/2026:19:16:11 +0500] "GET /tx38.php HTTP/1.1" 404 5749 "-" "-"
20.104.50.220 - - [25/Aug/2026:19:16:11 +0500] "GET /ilex.php HTTP/1.1" 404 5749 "-" "-"
20.104.50.220 - - [25/Aug/2026:19:16:11 +0500] "GET /file.php HTTP/1.1" 404 5749 "-" "-"
20.104.50.220 - - [25/Aug/2026:19:16:12 +0500] "GET /k.php HTTP/1.1" 404 5749 "-" "-"
20.104.50.220 - - [25/Aug/2026:19:16:12 +0500] "GET /alpa.php HTTP/1.1" 404 5749 "-" "-"
20.104.50.220 - - [25/Aug/2026:19:16:13 +0500] "GET /bless5.php HTTP/1.1" 404 5749 "-" "-"
20.104.50.220 - - [25/Aug/2026:19:16:13 +0500] "GET /bless3.php HTTP/1.1" 404 5749 "-" "-"
52.139.37.240 - - [25/Aug/2026:19:16:09 +0500] "GET /doc.php HTTP/1.1" 301 - "-" "Mozilla/5.0 (Windows NT 10.0; Win64; x64) AppleWebKit/537.36 (KHTML, like Gecko) Chrome/120.0.0.0 Safari/537.36"
20.104.50.220 - - [25/Aug/2026:19:16:14 +0500] "GET /gmo.php HTTP/1.1" 404 5749 "-" "-"
20.104.50.220 - - [25/Aug/2026:19:16:14 +0500] "GET /12.php HTTP/1.1" 404 5749 "-" "-"
20.104.50.220 - - [25/Aug/2026:19:16:14 +0500] "GET /100.kb.php HTTP/1.1" 404 5749 "-" "-"
93.158.213.25 - - [25/Aug/2026:19:16:09 +0500] "GET /uz/?%60=p3r1o8t5o6p1h4y9t5o0l8ogy&start=44 HTTP/1.1" 200 69609 "-" "Mozilla/5.0 (compatible; MJ12bot/v1.4.8; http://mj12bot.com/)"
216.73.216.32 - - [25/Aug/2026:19:16:13 +0500] "GET /?%60=v3u3l5n3e7r5a4t3i5o9n0 HTTP/1.1" 301 - "-" "Mozilla/5.0 AppleWebKit/537.36 (KHTML, like Gecko; compatible; ClaudeBot/1.0; +claudebot@anthropic.com)"
52.139.37.240 - - [25/Aug/2026:19:16:13 +0500] "GET /storage/index.php HTTP/1.1" 301 - "-" "Mozilla/5.0 (Windows NT 10.0; Win64; x64) AppleWebKit/537.36 (KHTML, like Gecko) Chrome/120.0.0.0 Safari/537.36"
52.139.37.240 - - [25/Aug/2026:19:16:19 +0500] "GET /wp-content.php HTTP/1.1" 301 - "-" "Mozilla/5.0 (Windows NT 10.0; Win64; x64) AppleWebKit/537.36 (KHTML, like Gecko) Chrome/120.0.0.0 Safari/537.36"
216.73.216.32 - - [25/Aug/2026:19:16:19 +0500] "GET /uz/?%60=v3u3l5n3e7r5a4t3i5o9n0 HTTP/1.1" 200 68661 "https://www.eskijuva-bozori.uz.uzbekgidroenergoqurilish.uz/?%60=v3u3l5n3e7r5a4t3i5o9n0" "Mozilla/5.0 AppleWebKit/537.36 (KHTML, like Gecko; compatible; ClaudeBot/1.0; +claudebot@anthropic.com)"
52.139.37.240 - - [25/Aug/2026:19:16:24 +0500] "GET /wp-includes/ID3/index.php HTTP/1.1" 301 - "-" "Mozilla/5.0 (Windows NT 10.0; Win64; x64) AppleWebKit/537.36 (KHTML, like Gecko) Chrome/120.0.0.0 Safari/537.36"
216.73.216.32 - - [25/Aug/2026:19:16:26 +0500] "GET /shops/allmouth/n3o1n8c6o1n9c5u0r411 HTTP/1.1" 301 - "-" "Mozilla/5.0 AppleWebKit/537.36 (KHTML, like Gecko; compatible; ClaudeBot/1.0; +claudebot@anthropic.com)"
52.139.37.240 - - [25/Aug/2026:19:16:29 +0500] "GET /wp-includes/block-bindings/ HTTP/1.1" 301 - "-" "Mozilla/5.0 (Windows NT 10.0; Win64; x64) AppleWebKit/537.36 (KHTML, like Gecko) Chrome/120.0.0.0 Safari/537.36"
52.4.238.8 - - [25/Aug/2026:19:16:29 +0500] "GET /uz/?start=32&vars[1][0]=1 HTTP/1.1" 200 68540 "-" "Mozilla/5.0 AppleWebKit/537.36 (KHTML, like Gecko; compatible; Amazonbot/0.1; +https://developer.amazon.com/support/amazonbot) Chrome/119.0.6045.214 Safari/537.36"
216.73.216.32 - - [25/Aug/2026:19:16:31 +0500] "GET /uz/shops/allmouth/n3o1n8c6o1n9c5u0r411 HTTP/1.1" 404 1248 "https://www.eskijuva-bozori.uz.uzbekgidroenergoqurilish.uz/shops/allmouth/n3o1n8c6o1n9c5u0r411" "Mozilla/5.0 AppleWebKit/537.36 (KHTML, like Gecko; compatible; ClaudeBot/1.0; +claudebot@anthropic.com)"
93.158.213.25 - - [25/Aug/2026:19:16:31 +0500] "GET /uz/?%60=p3r1o8t5o6p1h4y9t5o0l8ogy&start=48 HTTP/1.1" 200 68783 "-" "Mozilla/5.0 (compatible; MJ12bot/v1.4.8; http://mj12bot.com/)"
52.139.37.240 - - [25/Aug/2026:19:16:34 +0500] "GET /wp-includes/images/ HTTP/1.1" 301 - "-" "Mozilla/5.0 (Windows NT 10.0; Win64; x64) AppleWebKit/537.36 (KHTML, like Gecko) Chrome/120.0.0.0 Safari/537.36"
52.139.37.240 - - [25/Aug/2026:19:16:40 +0500] "GET /wp-includes/min.php HTTP/1.1" 508 288 "-" "Mozilla/5.0 (Windows NT 10.0; Win64; x64) AppleWebKit/537.36 (KHTML, like Gecko) Chrome/120.0.0.0 Safari/537.36"
52.139.37.240 - - [25/Aug/2026:19:16:40 +0500] "GET /filemanager.php HTTP/1.1" 508 288 "-" "Mozilla/5.0 (Windows NT 10.0; Win64; x64) AppleWebKit/537.36 (KHTML, like Gecko) Chrome/120.0.0.0 Safari/537.36"
52.139.37.240 - - [25/Aug/2026:19:16:40 +0500] "GET /wp-blog.php HTTP/1.1" 508 288 "-" "Mozilla/5.0 (Windows NT 10.0; Win64; x64) AppleWebKit/537.36 (KHTML, like Gecko) Chrome/120.0.0.0 Safari/537.36"
216.73.216.32 - - [25/Aug/2026:19:16:38 +0500] "GET /?%60=i3n3g9e3m1i8n6a6t6i0n1g HTTP/1.1" 301 - "-" "Mozilla/5.0 AppleWebKit/537.36 (KHTML, like Gecko; compatible; ClaudeBot/1.0; +claudebot@anthropic.com)"
52.139.37.240 - - [25/Aug/2026:19:16:40 +0500] "GET /xmlrpc.php HTTP/1.1" 301 - "-" "Mozilla/5.0 (Windows NT 10.0; Win64; x64) AppleWebKit/537.36 (KHTML, like Gecko) Chrome/120.0.0.0 Safari/537.36"
216.73.216.32 - - [25/Aug/2026:19:16:44 +0500] "GET /uz/?%60=i3n3g9e3m1i8n6a6t6i0n1g HTTP/1.1" 200 68662 "https://www.eskijuva-bozori.uz.uzbekgidroenergoqurilish.uz/?%60=i3n3g9e3m1i8n6a6t6i0n1g" "Mozilla/5.0 AppleWebKit/537.36 (KHTML, like Gecko; compatible; ClaudeBot/1.0; +claudebot@anthropic.com)"
52.139.37.240 - - [25/Aug/2026:19:16:47 +0500] "GET /lu4.php HTTP/1.1" 301 - "-" "Mozilla/5.0 (Windows NT 10.0; Win64; x64) AppleWebKit/537.36 (KHTML, like Gecko) Chrome/120.0.0.0 Safari/537.36"
216.73.216.32 - - [25/Aug/2026:19:16:50 +0500] "GET /uz/?r=j9a1c1k8p1u1d3d2i5n2g7&start=20 HTTP/1.1" 200 68641 "-" "Mozilla/5.0 AppleWebKit/537.36 (KHTML, like Gecko; compatible; ClaudeBot/1.0; +claudebot@anthropic.com)"
52.139.37.240 - - [25/Aug/2026:19:16:52 +0500] "GET /wp-admin/css/colors/blue/index.php HTTP/1.1" 301 - "-" "Mozilla/5.0 (Windows NT 10.0; Win64; x64) AppleWebKit/537.36 (KHTML, like Gecko) Chrome/120.0.0.0 Safari/537.36"
52.139.37.240 - - [25/Aug/2026:19:16:59 +0500] "GET /wp-content/plugins/index.php HTTP/1.1" 508 288 "-" "Mozilla/5.0 (Windows NT 10.0; Win64; x64) AppleWebKit/537.36 (KHTML, like Gecko) Chrome/120.0.0.0 Safari/537.36"
52.139.37.240 - - [25/Aug/2026:19:16:59 +0500] "GET /wp-content/upgrade/index.php HTTP/1.1" 508 288 "-" "Mozilla/5.0 (Windows NT 10.0; Win64; x64) AppleWebKit/537.36 (KHTML, like Gecko) Chrome/120.0.0.0 Safari/537.36"
52.139.37.240 - - [25/Aug/2026:19:16:59 +0500] "GET /.well-known/gecko-litespeed.php HTTP/1.1" 508 288 "-" "Mozilla/5.0 (Windows NT 10.0; Win64; x64) AppleWebKit/537.36 (KHTML, like Gecko) Chrome/120.0.0.0 Safari/537.36"
93.158.213.25 - - [25/Aug/2026:19:16:52 +0500] "GET /uz/?%60=p3r1o8t5o6p1h4y9t5o0l8ogy&start=52 HTTP/1.1" 200 69136 "-" "Mozilla/5.0 (compatible; MJ12bot/v1.4.8; http://mj12bot.com/)"
52.139.37.240 - - [25/Aug/2026:19:16:59 +0500] "GET /ant.php HTTP/1.1" 301 - "-" "Mozilla/5.0 (Windows NT 10.0; Win64; x64) AppleWebKit/537.36 (KHTML, like Gecko) Chrome/120.0.0.0 Safari/537.36"
93.158.213.25 - - [25/Aug/2026:19:17:03 +0500] "GET /uz/?function=call_user_func_array&s=index/think%5C%5C%5C%5C%5C%5C%5C%5C%5C%5C%5C%5C%5C%5C%5C%5C%5C%5C%5C%5C%5C%5C%5C%5C%5C%5C%5C%5C%5C%5C%5C%5C%5C%5C%5C%5C%5C%5C%5C%5C%5C%5C%5C%5C%5C%5C%5C%5C%5C%5C%5C%5C%5C%5C%5C%5C%5C%5C%5C%5C%5C%5C%5C%5C%5C%5C%5C%5C%5C%5C%5C%5C%5C%5C%5C%5C%5C%5C%5C%5C%5C%5C%5C%5C%5C%5C%5C%5C%5C%5C%5C%5C%5C%5C%5C%5C%5C%5C%5C%5C%5C%5C%5C%5C%5C%5C%5C%5C%5C%5C%5C%5C%5C%5C%5C%5C%5C%5C%5C%5C%5C%5C%5C%5C%5C%5C%5C%5Capp/invokefunction&vars[0]=phpinfo&vars[1][0]=1 HTTP/1.1" 200 68925 "-" "Mozilla/5.0 (compatible; MJ12bot/v1.4.8; http://mj12bot.com/)"
52.139.37.240 - - [25/Aug/2026:19:17:05 +0500] "GET /autoload_classmap.php HTTP/1.1" 301 - "-" "Mozilla/5.0 (Windows NT 10.0; Win64; x64) AppleWebKit/537.36 (KHTML, like Gecko) Chrome/120.0.0.0 Safari/537.36"
216.73.216.32 - - [25/Aug/2026:19:17:08 +0500] "GET /?%60=l3e1t6h0a9l4i1t7y640 HTTP/1.1" 301 - "-" "Mozilla/5.0 AppleWebKit/537.36 (KHTML, like Gecko; compatible; ClaudeBot/1.0; +claudebot@anthropic.com)"
52.139.37.240 - - [25/Aug/2026:19:17:11 +0500] "GET /storage/rip.php HTTP/1.1" 301 - "-" "Mozilla/5.0 (Windows NT 10.0; Win64; x64) AppleWebKit/537.36 (KHTML, like Gecko) Chrome/120.0.0.0 Safari/537.36"
216.73.216.32 - - [25/Aug/2026:19:17:15 +0500] "GET /uz/?%60=l3e1t6h0a9l4i1t7y640 HTTP/1.1" 200 68925 "https://www.eskijuva-bozori.uz.uzbekgidroenergoqurilish.uz/?%60=l3e1t6h0a9l4i1t7y640" "Mozilla/5.0 AppleWebKit/537.36 (KHTML, like Gecko; compatible; ClaudeBot/1.0; +claudebot@anthropic.com)"
52.139.37.240 - - [25/Aug/2026:19:17:17 +0500] "GET /tinyfilemanager.php HTTP/1.1" 301 - "-" "Mozilla/5.0 (Windows NT 10.0; Win64; x64) AppleWebKit/537.36 (KHTML, like Gecko) Chrome/120.0.0.0 Safari/537.36"
93.158.213.25 - - [25/Aug/2026:19:17:18 +0500] "GET /uz/?function=call_user_func_array&s=index/think%5C%5C%5C%5C%5C%5C%5C%5C%5C%5C%5C%5C%5C%5C%5C%5C%5C%5C%5C%5C%5C%5C%5C%5C%5C%5C%5C%5C%5C%5C%5C%5C%5C%5C%5C%5C%5C%5C%5C%5C%5C%5C%5C%5C%5C%5C%5C%5C%5C%5C%5C%5C%5C%5C%5C%5C%5C%5C%5C%5C%5C%5C%5C%5C%5C%5C%5C%5C%5C%5C%5C%5C%5C%5C%5C%5C%5C%5C%5C%5C%5C%5C%5C%5C%5C%5C%5C%5C%5C%5C%5C%5C%5C%5C%5C%5C%5C%5C%5C%5C%5C%5C%5C%5C%5C%5C%5C%5C%5C%5C%5C%5C%5C%5C%5C%5C%5C%5C%5C%5C%5C%5C%5C%5C%5C%5C%5C%5Capp/invokefunction&vars[0]=phpinfo&vars[1][0]=1&start=24 HTTP/1.1" 200 68276 "-" "Mozilla/5.0 (compatible; MJ12bot/v1.4.8; http://mj12bot.com/)"
216.73.216.32 - - [25/Aug/2026:19:17:20 +0500] "GET /uz/?%60=l3i1p7o6g2r9a5m1m6a4t0ic&format=feed&type=atom HTTP/1.1" 200 9471 "-" "Mozilla/5.0 AppleWebKit/537.36 (KHTML, like Gecko; compatible; ClaudeBot/1.0; +claudebot@anthropic.com)"
52.139.37.240 - - [25/Aug/2026:19:17:22 +0500] "GET /wp-includes/bk/ HTTP/1.1" 301 - "-" "Mozilla/5.0 (Windows NT 10.0; Win64; x64) AppleWebKit/537.36 (KHTML, like Gecko) Chrome/120.0.0.0 Safari/537.36"
93.158.213.25 - - [25/Aug/2026:19:17:27 +0500] "GET /uz/?function=call_user_func_array&s=index/think%5C%5C%5C%5C%5C%5C%5C%5C%5C%5C%5C%5C%5C%5C%5C%5C%5C%5C%5C%5C%5C%5C%5C%5C%5C%5C%5C%5C%5C%5C%5C%5C%5C%5C%5C%5C%5C%5C%5C%5C%5C%5C%5C%5C%5C%5C%5C%5C%5C%5C%5C%5C%5C%5C%5C%5C%5C%5C%5C%5C%5C%5C%5C%5C%5C%5C%5C%5C%5C%5C%5C%5C%5C%5C%5C%5C%5C%5C%5C%5C%5C%5C%5C%5C%5C%5C%5C%5C%5C%5C%5C%5C%5C%5C%5C%5C%5C%5C%5C%5C%5C%5C%5C%5C%5C%5C%5C%5C%5C%5C%5C%5C%5C%5C%5C%5C%5C%5C%5C%5C%5C%5C%5C%5C%5C%5C%5C%5Capp/invokefunction&vars[0]=phpinfo&vars[1][0]=1&start=28 HTTP/1.1" 508 288 "-" "Mozilla/5.0 (compatible; MJ12bot/v1.4.8; http://mj12bot.com/)"
52.139.37.240 - - [25/Aug/2026:19:17:26 +0500] "GET /403.php HTTP/1.1" 301 - "-" "Mozilla/5.0 (Windows NT 10.0; Win64; x64) AppleWebKit/537.36 (KHTML, like Gecko) Chrome/120.0.0.0 Safari/537.36"
216.73.216.32 - - [25/Aug/2026:19:17:26 +0500] "GET /uz/?%60=f3u1c5k1e6d9u9p0460&start=28 HTTP/1.1" 200 68524 "-" "Mozilla/5.0 AppleWebKit/537.36 (KHTML, like Gecko; compatible; ClaudeBot/1.0; +claudebot@anthropic.com)"
93.158.213.25 - - [25/Aug/2026:19:17:30 +0500] "GET /uz/?function=call_user_func_array&s=index/think%5C%5C%5C%5C%5C%5C%5C%5C%5C%5C%5C%5C%5C%5C%5C%5C%5C%5C%5C%5C%5C%5C%5C%5C%5C%5C%5C%5C%5C%5C%5C%5C%5C%5C%5C%5C%5C%5C%5C%5C%5C%5C%5C%5C%5C%5C%5C%5C%5C%5C%5C%5C%5C%5C%5C%5C%5C%5C%5C%5C%5C%5C%5C%5C%5C%5C%5C%5C%5C%5C%5C%5C%5C%5C%5C%5C%5C%5C%5C%5C%5C%5C%5C%5C%5C%5C%5C%5C%5C%5C%5C%5C%5C%5C%5C%5C%5C%5C%5C%5C%5C%5C%5C%5C%5C%5C%5C%5C%5C%5C%5C%5C%5C%5C%5C%5C%5C%5C%5C%5C%5C%5C%5C%5C%5C%5C%5C%5Capp/invokefunction&vars[0]=phpinfo&vars[1][0]=1&start=32 HTTP/1.1" 200 68818 "-" "Mozilla/5.0 (compatible; MJ12bot/v1.4.8; http://mj12bot.com/)"
52.139.37.240 - - [25/Aug/2026:19:17:32 +0500] "GET /av.php HTTP/1.1" 301 - "-" "Mozilla/5.0 (Windows NT 10.0; Win64; x64) AppleWebKit/537.36 (KHTML, like Gecko) Chrome/120.0.0.0 Safari/537.36"
52.139.37.240 - - [25/Aug/2026:19:17:37 +0500] "GET /wp-admin/includes/ HTTP/1.1" 301 - "-" "Mozilla/5.0 (Windows NT 10.0; Win64; x64) AppleWebKit/537.36 (KHTML, like Gecko) Chrome/120.0.0.0 Safari/537.36"
216.73.216.32 - - [25/Aug/2026:19:17:38 +0500] "GET /uz/?r=a9e4s1t7r7e4l8a0t1a98&start=16 HTTP/1.1" 200 68001 "-" "Mozilla/5.0 AppleWebKit/537.36 (KHTML, like Gecko; compatible; ClaudeBot/1.0; +claudebot@anthropic.com)"
52.139.37.240 - - [25/Aug/2026:19:17:41 +0500] "GET /wp-admin/index.php HTTP/1.1" 301 - "-" "Mozilla/5.0 (Windows NT 10.0; Win64; x64) AppleWebKit/537.36 (KHTML, like Gecko) Chrome/120.0.0.0 Safari/537.36"
52.139.37.240 - - [25/Aug/2026:19:17:46 +0500] "GET /wp-content/plugins/core-plugin/include.php HTTP/1.1" 301 - "-" "Mozilla/5.0 (Windows NT 10.0; Win64; x64) AppleWebKit/537.36 (KHTML, like Gecko) Chrome/120.0.0.0 Safari/537.36"
216.73.216.32 - - [25/Aug/2026:19:17:50 +0500] "GET /?%60=n3u7t0r6i1t9i2o0u0s9ly HTTP/1.1" 301 - "-" "Mozilla/5.0 AppleWebKit/537.36 (KHTML, like Gecko; compatible; ClaudeBot/1.0; +claudebot@anthropic.com)"
52.139.37.240 - - [25/Aug/2026:19:17:52 +0500] "GET /wp-content/themes/pridmag/b.php HTTP/1.1" 301 - "-" "Mozilla/5.0 (Windows NT 10.0; Win64; x64) AppleWebKit/537.36 (KHTML, like Gecko) Chrome/120.0.0.0 Safari/537.36"
93.158.213.25 - - [25/Aug/2026:19:17:50 +0500] "GET /uz/?function=call_user_func_array&s=index/think%5C%5C%5C%5C%5C%5C%5C%5C%5C%5C%5C%5C%5C%5C%5C%5C%5C%5C%5C%5C%5C%5C%5C%5C%5C%5C%5C%5C%5C%5C%5C%5C%5C%5C%5C%5C%5C%5C%5C%5C%5C%5C%5C%5C%5C%5C%5C%5C%5C%5C%5C%5C%5C%5C%5C%5C%5C%5C%5C%5C%5C%5C%5C%5C%5C%5C%5C%5C%5C%5C%5C%5C%5C%5C%5C%5C%5C%5C%5C%5C%5C%5C%5C%5C%5C%5C%5C%5C%5C%5C%5C%5C%5C%5C%5C%5C%5C%5C%5C%5C%5C%5C%5C%5C%5C%5C%5C%5C%5C%5C%5C%5C%5C%5C%5C%5C%5C%5C%5C%5C%5C%5C%5C%5C%5C%5C%5C%5Capp/invokefunction&vars[0]=phpinfo&vars[1][0]=1&start=40 HTTP/1.1" 200 69156 "-" "Mozilla/5.0 (compatible; MJ12bot/v1.4.8; http://mj12bot.com/)"
52.139.37.240 - - [25/Aug/2026:19:17:58 +0500] "GET /wp-includes/ HTTP/1.1" 301 - "-" "Mozilla/5.0 (Windows NT 10.0; Win64; x64) AppleWebKit/537.36 (KHTML, like Gecko) Chrome/120.0.0.0 Safari/537.36"
216.73.216.32 - - [25/Aug/2026:19:17:58 +0500] "GET /uz/?%60=n3u7t0r6i1t9i2o0u0s9ly HTTP/1.1" 200 68661 "https://www.eskijuva-bozori.uz.uzbekgidroenergoqurilish.uz/?%60=n3u7t0r6i1t9i2o0u0s9ly" "Mozilla/5.0 AppleWebKit/537.36 (KHTML, like Gecko; compatible; ClaudeBot/1.0; +claudebot@anthropic.com)"
216.73.216.32 - - [25/Aug/2026:19:18:08 +0500] "GET /uz/?r=a4s3p6e6r6g4i5l1l5u3s&start=4 HTTP/1.1" 508 288 "-" "Mozilla/5.0 AppleWebKit/537.36 (KHTML, like Gecko; compatible; ClaudeBot/1.0; +claudebot@anthropic.com)"
93.158.213.25 - - [25/Aug/2026:19:18:02 +0500] "GET /uz/?function=call_user_func_array&s=index/think%5C%5C%5C%5C%5C%5C%5C%5C%5C%5C%5C%5C%5C%5C%5C%5C%5C%5C%5C%5C%5C%5C%5C%5C%5C%5C%5C%5C%5C%5C%5C%5C%5C%5C%5C%5C%5C%5C%5C%5C%5C%5C%5C%5C%5C%5C%5C%5C%5C%5C%5C%5C%5C%5C%5C%5C%5C%5C%5C%5C%5C%5C%5C%5C%5C%5C%5C%5C%5C%5C%5C%5C%5C%5C%5C%5C%5C%5C%5C%5C%5C%5C%5C%5C%5C%5C%5C%5C%5C%5C%5C%5C%5C%5C%5C%5C%5C%5C%5C%5C%5C%5C%5C%5C%5C%5C%5C%5C%5C%5C%5C%5C%5C%5C%5C%5C%5C%5C%5C%5C%5C%5C%5C%5C%5C%5C%5C%5Capp/invokefunction&vars[0]=phpinfo&vars[1][0]=1&start=44 HTTP/1.1" 200 70066 "-" "Mozilla/5.0 (compatible; MJ12bot/v1.4.8; http://mj12bot.com/)"
52.139.37.240 - - [25/Aug/2026:19:18:03 +0500] "GET /wp-trackback.php HTTP/1.1" 301 - "-" "Mozilla/5.0 (Windows NT 10.0; Win64; x64) AppleWebKit/537.36 (KHTML, like Gecko) Chrome/120.0.0.0 Safari/537.36"
129.146.27.230 - - [25/Aug/2026:19:18:08 +0500] "GET /ru/news-rus?start=4 HTTP/1.1" 200 15601 "-" "Mozilla/5.0 (X11; Linux aarch64) AppleWebKit/537.36 (KHTML, like Gecko) Chrome/139.0.0.0 Safari/537.36"
52.139.37.240 - - [25/Aug/2026:19:18:09 +0500] "GET /ws.php HTTP/1.1" 301 - "-" "Mozilla/5.0 (Windows NT 10.0; Win64; x64) AppleWebKit/537.36 (KHTML, like Gecko) Chrome/120.0.0.0 Safari/537.36"
52.139.37.240 - - [25/Aug/2026:19:18:15 +0500] "GET /.bod/.ll/ HTTP/1.1" 508 288 "-" "Mozilla/5.0 (Windows NT 10.0; Win64; x64) AppleWebKit/537.36 (KHTML, like Gecko) Chrome/120.0.0.0 Safari/537.36"
52.139.37.240 - - [25/Aug/2026:19:18:15 +0500] "GET /0.php HTTP/1.1" 508 288 "-" "Mozilla/5.0 (Windows NT 10.0; Win64; x64) AppleWebKit/537.36 (KHTML, like Gecko) Chrome/120.0.0.0 Safari/537.36"
52.139.37.240 - - [25/Aug/2026:19:18:16 +0500] "GET /1index.php HTTP/1.1" 508 288 "-" "Mozilla/5.0 (Windows NT 10.0; Win64; x64) AppleWebKit/537.36 (KHTML, like Gecko) Chrome/120.0.0.0 Safari/537.36"
52.139.37.240 - - [25/Aug/2026:19:18:16 +0500] "GET /autoload_classmap/function.php HTTP/1.1" 508 288 "-" "Mozilla/5.0 (Windows NT 10.0; Win64; x64) AppleWebKit/537.36 (KHTML, like Gecko) Chrome/120.0.0.0 Safari/537.36"
93.158.213.25 - - [25/Aug/2026:19:18:13 +0500] "GET /uz/?function=call_user_func_array&s=index/think%5C%5C%5C%5C%5C%5C%5C%5C%5C%5C%5C%5C%5C%5C%5C%5C%5C%5C%5C%5C%5C%5C%5C%5C%5C%5C%5C%5C%5C%5C%5C%5C%5C%5C%5C%5C%5C%5C%5C%5C%5C%5C%5C%5C%5C%5C%5C%5C%5C%5C%5C%5C%5C%5C%5C%5C%5C%5C%5C%5C%5C%5C%5C%5C%5C%5C%5C%5C%5C%5C%5C%5C%5C%5C%5C%5C%5C%5C%5C%5C%5C%5C%5C%5C%5C%5C%5C%5C%5C%5C%5C%5C%5C%5C%5C%5C%5C%5C%5C%5C%5C%5C%5C%5C%5C%5C%5C%5C%5C%5C%5C%5C%5C%5C%5C%5C%5C%5C%5C%5C%5C%5C%5C%5C%5C%5C%5C%5Capp/invokefunction&vars[0]=phpinfo&vars[1][0]=1&start=48 HTTP/1.1" 200 69240 "-" "Mozilla/5.0 (compatible; MJ12bot/v1.4.8; http://mj12bot.com/)"
216.73.216.32 - - [25/Aug/2026:19:18:13 +0500] "GET /uz/?r=g9r1o8u1t7i5n7g1532&start=48 HTTP/1.1" 200 68971 "-" "Mozilla/5.0 AppleWebKit/537.36 (KHTML, like Gecko; compatible; ClaudeBot/1.0; +claudebot@anthropic.com)"
129.146.27.230 - - [25/Aug/2026:19:18:14 +0500] "GET /ru/news-rus?start=4 HTTP/1.1" 200 - "-" "Mozilla/5.0 (X11; Linux aarch64) AppleWebKit/537.36 (KHTML, like Gecko) Chrome/139.0.0.0 Safari/537.36"
52.139.37.240 - - [25/Aug/2026:19:18:16 +0500] "GET /dvve.php HTTP/1.1" 301 - "-" "Mozilla/5.0 (Windows NT 10.0; Win64; x64) AppleWebKit/537.36 (KHTML, like Gecko) Chrome/120.0.0.0 Safari/537.36"
216.73.216.108 - - [25/Aug/2026:19:18:15 +0500] "GET /uz/?r=f4o1u8l9l2y580498&start=52 HTTP/1.1" 200 69098 "-" "Mozilla/5.0 AppleWebKit/537.36 (KHTML, like Gecko; compatible; ClaudeBot/1.0; +claudebot@anthropic.com)"
52.139.37.240 - - [25/Aug/2026:19:18:21 +0500] "GET /wp-includes/PHPMailer/ HTTP/1.1" 301 - "-" "Mozilla/5.0 (Windows NT 10.0; Win64; x64) AppleWebKit/537.36 (KHTML, like Gecko) Chrome/120.0.0.0 Safari/537.36"
93.158.213.25 - - [25/Aug/2026:19:18:22 +0500] "GET /uz/?function=call_user_func_array&s=index/think%5C%5C%5C%5C%5C%5C%5C%5C%5C%5C%5C%5C%5C%5C%5C%5C%5C%5C%5C%5C%5C%5C%5C%5C%5C%5C%5C%5C%5C%5C%5C%5C%5C%5C%5C%5C%5C%5C%5C%5C%5C%5C%5C%5C%5C%5C%5C%5C%5C%5C%5C%5C%5C%5C%5C%5C%5C%5C%5C%5C%5C%5C%5C%5C%5C%5C%5C%5C%5C%5C%5C%5C%5C%5C%5C%5C%5C%5C%5C%5C%5C%5C%5C%5C%5C%5C%5C%5C%5C%5C%5C%5C%5C%5C%5C%5C%5C%5C%5C%5C%5C%5C%5C%5C%5C%5C%5C%5C%5C%5C%5C%5C%5C%5C%5C%5C%5C%5C%5C%5C%5C%5C%5C%5C%5C%5C%5C%5Capp/invokefunction&vars[0]=phpinfo&vars[1][0]=1&start=52 HTTP/1.1" 200 69593 "-" "Mozilla/5.0 (compatible; MJ12bot/v1.4.8; http://mj12bot.com/)"
216.73.216.108 - - [25/Aug/2026:19:18:23 +0500] "GET /uz/?format=feed&r=f4o1u8l9l2y580498&type=atom HTTP/1.1" 200 8856 "-" "Mozilla/5.0 AppleWebKit/537.36 (KHTML, like Gecko; compatible; ClaudeBot/1.0; +claudebot@anthropic.com)"
52.139.37.240 - - [25/Aug/2026:19:18:27 +0500] "GET /ws77.php HTTP/1.1" 301 - "-" "Mozilla/5.0 (Windows NT 10.0; Win64; x64) AppleWebKit/537.36 (KHTML, like Gecko) Chrome/120.0.0.0 Safari/537.36"
216.73.216.32 - - [25/Aug/2026:19:18:26 +0500] "GET /uz/?r=g9r1o8u1t7i5n7g1532&start=8 HTTP/1.1" 200 68184 "-" "Mozilla/5.0 AppleWebKit/537.36 (KHTML, like Gecko; compatible; ClaudeBot/1.0; +claudebot@anthropic.com)"
52.139.37.240 - - [25/Aug/2026:19:18:33 +0500] "GET /.well-known/acme-challenge/index.php HTTP/1.1" 301 - "-" "Mozilla/5.0 (Windows NT 10.0; Win64; x64) AppleWebKit/537.36 (KHTML, like Gecko) Chrome/120.0.0.0 Safari/537.36"
216.73.216.32 - - [25/Aug/2026:19:18:37 +0500] "GET /uz/?r=g9r1o8u1t7i5n7g1532&start=32 HTTP/1.1" 200 68549 "-" "Mozilla/5.0 AppleWebKit/537.36 (KHTML, like Gecko; compatible; ClaudeBot/1.0; +claudebot@anthropic.com)"
52.139.37.240 - - [25/Aug/2026:19:18:39 +0500] "GET /admin/function.php HTTP/1.1" 301 - "-" "Mozilla/5.0 (Windows NT 10.0; Win64; x64) AppleWebKit/537.36 (KHTML, like Gecko) Chrome/120.0.0.0 Safari/537.36"
216.73.216.32 - - [25/Aug/2026:19:18:43 +0500] "GET /uz/?r=g9r1o8u1t7i5n7g1532&start=4 HTTP/1.1" 200 68091 "-" "Mozilla/5.0 AppleWebKit/537.36 (KHTML, like Gecko; compatible; ClaudeBot/1.0; +claudebot@anthropic.com)"
52.139.37.240 - - [25/Aug/2026:19:18:44 +0500] "GET /wp-admin/css/index.php HTTP/1.1" 301 - "-" "Mozilla/5.0 (Windows NT 10.0; Win64; x64) AppleWebKit/537.36 (KHTML, like Gecko) Chrome/120.0.0.0 Safari/537.36"
93.158.213.25 - - [25/Aug/2026:19:18:46 +0500] "GET /uz/?r=a4e3r9o8h3y3d9r5o4d6y2namic&format=feed&type=atom HTTP/1.1" 200 8942 "-" "Mozilla/5.0 (compatible; MJ12bot/v1.4.8; http://mj12bot.com/)"
216.73.216.32 - - [25/Aug/2026:19:18:49 +0500] "GET /shops/acrodont/u3t1i0l7i1z4i1n6g238 HTTP/1.1" 301 - "-" "Mozilla/5.0 AppleWebKit/537.36 (KHTML, like Gecko; compatible; ClaudeBot/1.0; +claudebot@anthropic.com)"
52.139.37.240 - - [25/Aug/2026:19:18:49 +0500] "GET /wp-includes/css/ HTTP/1.1" 301 - "-" "Mozilla/5.0 (Windows NT 10.0; Win64; x64) AppleWebKit/537.36 (KHTML, like Gecko) Chrome/120.0.0.0 Safari/537.36"
52.139.37.240 - - [25/Aug/2026:19:18:53 +0500] "GET /xx.php HTTP/1.1" 301 - "-" "Mozilla/5.0 (Windows NT 10.0; Win64; x64) AppleWebKit/537.36 (KHTML, like Gecko) Chrome/120.0.0.0 Safari/537.36"
216.73.216.32 - - [25/Aug/2026:19:18:53 +0500] "GET /uz/shops/acrodont/u3t1i0l7i1z4i1n6g238 HTTP/1.1" 404 1248 "https://www.eskijuva-bozori.uz.uzbekgidroenergoqurilish.uz/shops/acrodont/u3t1i0l7i1z4i1n6g238" "Mozilla/5.0 AppleWebKit/537.36 (KHTML, like Gecko; compatible; ClaudeBot/1.0; +claudebot@anthropic.com)"
216.73.216.32 - - [25/Aug/2026:19:19:01 +0500] "GET /washerwomen/blintz/n3o1n9r6e0s0i4s2t3a9nce HTTP/1.1" 508 288 "-" "Mozilla/5.0 AppleWebKit/537.36 (KHTML, like Gecko; compatible; ClaudeBot/1.0; +claudebot@anthropic.com)"
52.139.37.240 - - [25/Aug/2026:19:18:57 +0500] "GET /wp-content/about.php HTTP/1.1" 301 - "-" "Mozilla/5.0 (Windows NT 10.0; Win64; x64) AppleWebKit/537.36 (KHTML, like Gecko) Chrome/120.0.0.0 Safari/537.36"
52.139.37.240 - - [25/Aug/2026:19:19:03 +0500] "GET /wp-includes/assets/index.php HTTP/1.1" 301 - "-" "Mozilla/5.0 (Windows NT 10.0; Win64; x64) AppleWebKit/537.36 (KHTML, like Gecko) Chrome/120.0.0.0 Safari/537.36"
93.158.213.25 - - [25/Aug/2026:19:19:03 +0500] "GET /uz/?r=a4e3r9o8h3y3d9r5o4d6y2namic&format=feed&type=rss HTTP/1.1" 200 5817 "-" "Mozilla/5.0 (compatible; MJ12bot/v1.4.8; http://mj12bot.com/)"
52.139.37.240 - - [25/Aug/2026:19:19:08 +0500] "GET /wp-the.php HTTP/1.1" 301 - "-" "Mozilla/5.0 (Windows NT 10.0; Win64; x64) AppleWebKit/537.36 (KHTML, like Gecko) Chrome/120.0.0.0 Safari/537.36"
52.139.37.240 - - [25/Aug/2026:19:19:12 +0500] "GET /ws81.php HTTP/1.1" 301 - "-" "Mozilla/5.0 (Windows NT 10.0; Win64; x64) AppleWebKit/537.36 (KHTML, like Gecko) Chrome/120.0.0.0 Safari/537.36"
52.139.37.240 - - [25/Aug/2026:19:19:16 +0500] "GET /a1.php HTTP/1.1" 301 - "-" "Mozilla/5.0 (Windows NT 10.0; Win64; x64) AppleWebKit/537.36 (KHTML, like Gecko) Chrome/120.0.0.0 Safari/537.36"
52.139.37.240 - - [25/Aug/2026:19:19:20 +0500] "GET /ca5.php HTTP/1.1" 301 - "-" "Mozilla/5.0 (Windows NT 10.0; Win64; x64) AppleWebKit/537.36 (KHTML, like Gecko) Chrome/120.0.0.0 Safari/537.36"
93.158.213.25 - - [25/Aug/2026:19:19:21 +0500] "GET /uz/?r=a4e3r9o8h3y3d9r5o4d6y2namic&start=12 HTTP/1.1" 200 68546 "-" "Mozilla/5.0 (compatible; MJ12bot/v1.4.8; http://mj12bot.com/)"
52.139.37.240 - - [25/Aug/2026:19:19:25 +0500] "GET /install.php HTTP/1.1" 301 - "-" "Mozilla/5.0 (Windows NT 10.0; Win64; x64) AppleWebKit/537.36 (KHTML, like Gecko) Chrome/120.0.0.0 Safari/537.36"
44.206.93.215 - - [25/Aug/2026:19:19:29 +0500] "GET /uz/?format=feed&r=p4o8i5n2t8r3e6l905&type=rss HTTP/1.1" 200 5822 "-" "Mozilla/5.0 AppleWebKit/537.36 (KHTML, like Gecko; compatible; Amazonbot/0.1; +https://developer.amazon.com/support/amazonbot) Chrome/119.0.6045.214 Safari/537.36"
52.139.37.240 - - [25/Aug/2026:19:19:30 +0500] "GET /radio.php HTTP/1.1" 301 - "-" "Mozilla/5.0 (Windows NT 10.0; Win64; x64) AppleWebKit/537.36 (KHTML, like Gecko) Chrome/120.0.0.0 Safari/537.36"
52.139.37.240 - - [25/Aug/2026:19:19:34 +0500] "GET /wp-admin/css/colors/modern/ HTTP/1.1" 508 288 "-" "Mozilla/5.0 (Windows NT 10.0; Win64; x64) AppleWebKit/537.36 (KHTML, like Gecko) Chrome/120.0.0.0 Safari/537.36"
52.139.37.240 - - [25/Aug/2026:19:19:34 +0500] "GET /wp-signin.php HTTP/1.1" 508 288 "-" "Mozilla/5.0 (Windows NT 10.0; Win64; x64) AppleWebKit/537.36 (KHTML, like Gecko) Chrome/120.0.0.0 Safari/537.36"
52.139.37.240 - - [25/Aug/2026:19:19:34 +0500] "GET /Ov-Simple1.php HTTP/1.1" 508 288 "-" "Mozilla/5.0 (Windows NT 10.0; Win64; x64) AppleWebKit/537.36 (KHTML, like Gecko) Chrome/120.0.0.0 Safari/537.36"
34.56.53.225 - - [25/Aug/2026:19:19:36 +0500] "GET /docs/2022/08-31.03.2022-uz-io.docx HTTP/1.1" 200 35003 "-" "Mozilla/5.0 (Macintosh; Intel Mac OS X 10_15_7) AppleWebKit/537.36 (KHTML, like Gecko) Chrome/120.0.0.0 Safari/537.36"
3.218.35.239 - - [25/Aug/2026:19:19:33 +0500] "GET /uz/?start=32&vars[1][0]=1 HTTP/1.1" 200 68351 "-" "Mozilla/5.0 AppleWebKit/537.36 (KHTML, like Gecko; compatible; Amazonbot/0.1; +https://developer.amazon.com/support/amazonbot) Chrome/119.0.6045.214 Safari/537.36"
52.139.37.240 - - [25/Aug/2026:19:19:35 +0500] "GET /ftde.php HTTP/1.1" 301 - "-" "Mozilla/5.0 (Windows NT 10.0; Win64; x64) AppleWebKit/537.36 (KHTML, like Gecko) Chrome/120.0.0.0 Safari/537.36"
52.139.37.240 - - [25/Aug/2026:19:19:40 +0500] "GET /hplfuns.php HTTP/1.1" 301 - "-" "Mozilla/5.0 (Windows NT 10.0; Win64; x64) AppleWebKit/537.36 (KHTML, like Gecko) Chrome/120.0.0.0 Safari/537.36"
93.158.213.25 - - [25/Aug/2026:19:19:40 +0500] "GET /uz/?r=a4e3r9o8h3y3d9r5o4d6y2namic&start=4 HTTP/1.1" 200 67903 "-" "Mozilla/5.0 (compatible; MJ12bot/v1.4.8; http://mj12bot.com/)"
52.139.37.240 - - [25/Aug/2026:19:19:44 +0500] "GET /log.php HTTP/1.1" 301 - "-" "Mozilla/5.0 (Windows NT 10.0; Win64; x64) AppleWebKit/537.36 (KHTML, like Gecko) Chrome/120.0.0.0 Safari/537.36"
52.139.37.240 - - [25/Aug/2026:19:19:49 +0500] "GET /txets.php HTTP/1.1" 301 - "-" "Mozilla/5.0 (Windows NT 10.0; Win64; x64) AppleWebKit/537.36 (KHTML, like Gecko) Chrome/120.0.0.0 Safari/537.36"
52.139.37.240 - - [25/Aug/2026:19:19:53 +0500] "GET /wp-admin.php HTTP/1.1" 301 - "-" "Mozilla/5.0 (Windows NT 10.0; Win64; x64) AppleWebKit/537.36 (KHTML, like Gecko) Chrome/120.0.0.0 Safari/537.36"
52.139.37.240 - - [25/Aug/2026:19:19:57 +0500] "GET /wp-admin/images/ HTTP/1.1" 301 - "-" "Mozilla/5.0 (Windows NT 10.0; Win64; x64) AppleWebKit/537.36 (KHTML, like Gecko) Chrome/120.0.0.0 Safari/537.36"
93.158.213.25 - - [25/Aug/2026:19:19:59 +0500] "GET /uz/?r=a4e3r9o8h3y3d9r5o4d6y2namic&start=52 HTTP/1.1" 200 69136 "-" "Mozilla/5.0 (compatible; MJ12bot/v1.4.8; http://mj12bot.com/)"
52.139.37.240 - - [25/Aug/2026:19:20:01 +0500] "GET /wp-admin/network/ HTTP/1.1" 301 - "-" "Mozilla/5.0 (Windows NT 10.0; Win64; x64) AppleWebKit/537.36 (KHTML, like Gecko) Chrome/120.0.0.0 Safari/537.36"
52.139.37.240 - - [25/Aug/2026:19:20:05 +0500] "GET /wp-config-sample.php HTTP/1.1" 301 - "-" "Mozilla/5.0 (Windows NT 10.0; Win64; x64) AppleWebKit/537.36 (KHTML, like Gecko) Chrome/120.0.0.0 Safari/537.36"
52.139.37.240 - - [25/Aug/2026:19:20:10 +0500] "GET /wp-content/packed.php HTTP/1.1" 508 288 "-" "Mozilla/5.0 (Windows NT 10.0; Win64; x64) AppleWebKit/537.36 (KHTML, like Gecko) Chrome/120.0.0.0 Safari/537.36"
52.139.37.240 - - [25/Aug/2026:19:20:10 +0500] "GET /wp-includes/IXR/ HTTP/1.1" 508 288 "-" "Mozilla/5.0 (Windows NT 10.0; Win64; x64) AppleWebKit/537.36 (KHTML, like Gecko) Chrome/120.0.0.0 Safari/537.36"
9.205.30.156 - - [25/Aug/2026:19:20:15 +0500] "GET / HTTP/1.1" 301 - "-" "Mozilla/5.0 AppleWebKit/537.36 (KHTML, like Gecko); compatible; ChatGPT-User/1.0; +https://openai.com/bot"
216.73.216.32 - - [25/Aug/2026:19:20:17 +0500] "GET /?%60=b3a3r1r4a5c1u0d8a729 HTTP/1.1" 301 - "-" "Mozilla/5.0 AppleWebKit/537.36 (KHTML, like Gecko; compatible; ClaudeBot/1.0; +claudebot@anthropic.com)"
93.158.213.25 - - [25/Aug/2026:19:20:16 +0500] "GET /uz/?r=a4e3r9o8h3y3d9r5o4d6y2namic&start=8 HTTP/1.1" 200 67996 "-" "Mozilla/5.0 (compatible; MJ12bot/v1.4.8; http://mj12bot.com/)"
216.73.216.32 - - [25/Aug/2026:19:20:23 +0500] "GET /uz/?%60=b3a3r1r4a5c1u0d8a729 HTTP/1.1" 200 68659 "https://www.eskijuva-bozori.uz.uzbekgidroenergoqurilish.uz/?%60=b3a3r1r4a5c1u0d8a729" "Mozilla/5.0 AppleWebKit/537.36 (KHTML, like Gecko; compatible; ClaudeBot/1.0; +claudebot@anthropic.com)"
93.158.213.25 - - [25/Aug/2026:19:20:36 +0500] "GET /uz/?r=e4x1t3r3o2v6e2r4t0e6d9&start=20 HTTP/1.1" 200 68445 "-" "Mozilla/5.0 (compatible; MJ12bot/v1.4.8; http://mj12bot.com/)"
52.203.152.231 - - [25/Aug/2026:19:20:49 +0500] "GET /uz/?start=28&vars[1][0]=1 HTTP/1.1" 200 68324 "-" "Mozilla/5.0 AppleWebKit/537.36 (KHTML, like Gecko; compatible; Amazonbot/0.1; +https://developer.amazon.com/support/amazonbot) Chrome/119.0.6045.214 Safari/537.36"
93.158.213.25 - - [25/Aug/2026:19:20:55 +0500] "GET /uz/?r=e4x1t3r3o2v6e2r4t0e6d9&start=24 HTTP/1.1" 200 68774 "-" "Mozilla/5.0 (compatible; MJ12bot/v1.4.8; http://mj12bot.com/)"
93.158.213.25 - - [25/Aug/2026:19:21:17 +0500] "GET /uz/?r=e4x1t3r3o2v6e2r4t0e6d9&start=28 HTTP/1.1" 200 68329 "-" "Mozilla/5.0 (compatible; MJ12bot/v1.4.8; http://mj12bot.com/)"
93.158.213.25 - - [25/Aug/2026:19:21:37 +0500] "GET /uz/?r=h9a4r0d9w9o1n59294&start=36 HTTP/1.1" 200 69741 "-" "Mozilla/5.0 (compatible; MJ12bot/v1.4.8; http://mj12bot.com/)"
5.46.112.245 - - [25/Aug/2026:19:21:53 +0500] "POST /xmlrpc.php HTTP/1.1" 508 288 "-" "Mozilla/5.0 (Windows NT 6.3; x64) AppleWebKit/537.36 (KHTML, like Gecko) Opera/63.0.0.0 Safari/537.36"
34.196.6.199 - - [25/Aug/2026:19:21:55 +0500] "GET /uz/18-uzbek/shareholders-uzb?start=12 HTTP/1.1" 508 288 "-" "Mozilla/5.0 AppleWebKit/537.36 (KHTML, like Gecko; compatible; Amazonbot/0.1; +https://developer.amazon.com/support/amazonbot) Chrome/119.0.6045.214 Safari/537.36"
93.158.213.25 - - [25/Aug/2026:19:21:47 +0500] "GET /uz/?r=h9a4r0d9w9o1n59294&start=40 HTTP/1.1" 200 68632 "-" "Mozilla/5.0 (compatible; MJ12bot/v1.4.8; http://mj12bot.com/)"
93.158.213.25 - - [25/Aug/2026:19:21:59 +0500] "GET /uz/?r=m9u8m0p9e1d56468&start=16 HTTP/1.1" 200 67694 "-" "Mozilla/5.0 (compatible; MJ12bot/v1.4.8; http://mj12bot.com/)"
93.158.213.25 - - [25/Aug/2026:19:22:21 +0500] "GET /uz/?r=p9o3l1y2s8t5o0m9e78&start=28 HTTP/1.1" 200 68326 "-" "Mozilla/5.0 (compatible; MJ12bot/v1.4.8; http://mj12bot.com/)"
93.158.213.25 - - [25/Aug/2026:19:22:44 +0500] "GET /uz/?r=p9o3l1y2s8t5o0m9e78&start=32 HTTP/1.1" 200 68353 "-" "Mozilla/5.0 (compatible; MJ12bot/v1.4.8; http://mj12bot.com/)"
216.73.216.108 - - [25/Aug/2026:19:22:46 +0500] "GET /uz/?r=f4o1u8l9l2y580498&start=12 HTTP/1.1" 200 68184 "-" "Mozilla/5.0 AppleWebKit/537.36 (KHTML, like Gecko; compatible; ClaudeBot/1.0; +claudebot@anthropic.com)"
93.158.213.25 - - [25/Aug/2026:19:22:58 +0500] "GET /uz/?r=p9o3l1y2s8t5o0m9e78&start=36 HTTP/1.1" 508 288 "-" "Mozilla/5.0 (compatible; MJ12bot/v1.4.8; http://mj12bot.com/)"
216.73.216.108 - - [25/Aug/2026:19:23:13 +0500] "GET /uz/?r=f4o1u8l9l2y580498&start=8 HTTP/1.1" 200 67958 "-" "Mozilla/5.0 AppleWebKit/537.36 (KHTML, like Gecko; compatible; ClaudeBot/1.0; +claudebot@anthropic.com)"
93.158.213.25 - - [25/Aug/2026:19:23:21 +0500] "GET /uz/?r=t9h1r3e1a2t69058&format=feed&type=atom HTTP/1.1" 200 8931 "-" "Mozilla/5.0 (compatible; MJ12bot/v1.4.8; http://mj12bot.com/)"
93.158.213.25 - - [25/Aug/2026:19:23:37 +0500] "GET /uz/?r=t9h1r3e1a2t69058&format=feed&type=rss HTTP/1.1" 508 288 "-" "Mozilla/5.0 (compatible; MJ12bot/v1.4.8; http://mj12bot.com/)"
216.73.216.108 - - [25/Aug/2026:19:23:43 +0500] "GET /uz/?format=feed&r=f4o1u8l9l2y580498&type=rss HTTP/1.1" 200 5751 "-" "Mozilla/5.0 AppleWebKit/537.36 (KHTML, like Gecko; compatible; ClaudeBot/1.0; +claudebot@anthropic.com)"
93.158.213.25 - - [25/Aug/2026:19:23:51 +0500] "GET /uz/?r=t9h1r3e1a2t69058&start=12 HTTP/1.1" 200 68211 "-" "Mozilla/5.0 (compatible; MJ12bot/v1.4.8; http://mj12bot.com/)"
93.158.213.25 - - [25/Aug/2026:19:24:06 +0500] "GET /uz/?r=t9h1r3e1a2t69058&start=4 HTTP/1.1" 200 67946 "-" "Mozilla/5.0 (compatible; MJ12bot/v1.4.8; http://mj12bot.com/)"
34.123.149.87 - - [25/Aug/2026:19:24:14 +0500] "GET /ru/audit-rus?format=feed&type=atom HTTP/1.1" 200 11646 "-" "Mozilla/5.0 (Macintosh; Intel Mac OS X 10_15_7) AppleWebKit/537.36 (KHTML, like Gecko) Chrome/120.0.0.0 Safari/537.36"
216.73.216.32 - - [25/Aug/2026:19:24:24 +0500] "GET /uz/?%60=h3a3z6e2l8n7u1t6191&start=12 HTTP/1.1" 200 68412 "-" "Mozilla/5.0 AppleWebKit/537.36 (KHTML, like Gecko; compatible; ClaudeBot/1.0; +claudebot@anthropic.com)"
93.158.213.25 - - [25/Aug/2026:19:24:26 +0500] "GET /uz/?r=t9h1r3e1a2t69058&start=52 HTTP/1.1" 200 69041 "-" "Mozilla/5.0 (compatible; MJ12bot/v1.4.8; http://mj12bot.com/)"
93.158.213.25 - - [25/Aug/2026:19:24:45 +0500] "GET /uz/?r=t9h1r3e1a2t69058&start=8 HTTP/1.1" 200 67985 "-" "Mozilla/5.0 (compatible; MJ12bot/v1.4.8; http://mj12bot.com/)"
216.73.216.32 - - [25/Aug/2026:19:24:48 +0500] "GET /tradesfolk/woodcutting/r3e1p6e6n7t9e8r2131 HTTP/1.1" 301 - "-" "Mozilla/5.0 AppleWebKit/537.36 (KHTML, like Gecko; compatible; ClaudeBot/1.0; +claudebot@anthropic.com)"
216.73.216.32 - - [25/Aug/2026:19:24:54 +0500] "GET /uz/tradesfolk/woodcutting/r3e1p6e6n7t9e8r2131 HTTP/1.1" 404 1248 "https://www.eskijuva-bozori.uz.uzbekgidroenergoqurilish.uz/tradesfolk/woodcutting/r3e1p6e6n7t9e8r2131" "Mozilla/5.0 AppleWebKit/537.36 (KHTML, like Gecko; compatible; ClaudeBot/1.0; +claudebot@anthropic.com)"
