52.139.37.240 - - [25/Aug/2026:20:06:51 +0500] "GET /doc.php HTTP/1.1" 508 288 "-" "Mozilla/5.0 (Windows NT 10.0; Win64; x64) AppleWebKit/537.36 (KHTML, like Gecko) Chrome/120.0.0.0 Safari/537.36"
52.139.37.240 - - [25/Aug/2026:20:06:51 +0500] "GET /storage/index.php HTTP/1.1" 508 288 "-" "Mozilla/5.0 (Windows NT 10.0; Win64; x64) AppleWebKit/537.36 (KHTML, like Gecko) Chrome/120.0.0.0 Safari/537.36"
52.139.37.240 - - [25/Aug/2026:20:06:51 +0500] "GET /wp-content.php HTTP/1.1" 508 288 "-" "Mozilla/5.0 (Windows NT 10.0; Win64; x64) AppleWebKit/537.36 (KHTML, like Gecko) Chrome/120.0.0.0 Safari/537.36"
52.139.37.240 - - [25/Aug/2026:20:06:51 +0500] "GET /wp-includes/ID3/index.php HTTP/1.1" 508 288 "-" "Mozilla/5.0 (Windows NT 10.0; Win64; x64) AppleWebKit/537.36 (KHTML, like Gecko) Chrome/120.0.0.0 Safari/537.36"
52.139.37.240 - - [25/Aug/2026:20:06:51 +0500] "GET /wp-includes/block-bindings/ HTTP/1.1" 508 288 "-" "Mozilla/5.0 (Windows NT 10.0; Win64; x64) AppleWebKit/537.36 (KHTML, like Gecko) Chrome/120.0.0.0 Safari/537.36"
52.139.37.240 - - [25/Aug/2026:20:06:51 +0500] "GET /wp-includes/images/ HTTP/1.1" 508 288 "-" "Mozilla/5.0 (Windows NT 10.0; Win64; x64) AppleWebKit/537.36 (KHTML, like Gecko) Chrome/120.0.0.0 Safari/537.36"
52.139.37.240 - - [25/Aug/2026:20:06:52 +0500] "GET /wp-includes/min.php HTTP/1.1" 508 288 "-" "Mozilla/5.0 (Windows NT 10.0; Win64; x64) AppleWebKit/537.36 (KHTML, like Gecko) Chrome/120.0.0.0 Safari/537.36"
52.139.37.240 - - [25/Aug/2026:20:06:52 +0500] "GET /filemanager.php HTTP/1.1" 508 288 "-" "Mozilla/5.0 (Windows NT 10.0; Win64; x64) AppleWebKit/537.36 (KHTML, like Gecko) Chrome/120.0.0.0 Safari/537.36"
52.139.37.240 - - [25/Aug/2026:20:06:52 +0500] "GET /wp-blog.php HTTP/1.1" 508 288 "-" "Mozilla/5.0 (Windows NT 10.0; Win64; x64) AppleWebKit/537.36 (KHTML, like Gecko) Chrome/120.0.0.0 Safari/537.36"
3.232.102.111 - - [25/Aug/2026:20:06:49 +0500] "GET /uz/?format=feed&type=atom&vars[1][0]=1 HTTP/1.1" 200 9457 "-" "Mozilla/5.0 AppleWebKit/537.36 (KHTML, like Gecko; compatible; Amazonbot/0.1; +https://developer.amazon.com/support/amazonbot) Chrome/119.0.6045.214 Safari/537.36"
52.139.37.240 - - [25/Aug/2026:20:06:52 +0500] "GET /xmlrpc.php HTTP/1.1" 301 - "-" "Mozilla/5.0 (Windows NT 10.0; Win64; x64) AppleWebKit/537.36 (KHTML, like Gecko) Chrome/120.0.0.0 Safari/537.36"
52.139.37.240 - - [25/Aug/2026:20:06:58 +0500] "GET /lu4.php HTTP/1.1" 301 - "-" "Mozilla/5.0 (Windows NT 10.0; Win64; x64) AppleWebKit/537.36 (KHTML, like Gecko) Chrome/120.0.0.0 Safari/537.36"
103.215.74.26 - - [25/Aug/2026:20:07:06 +0500] "POST / HTTP/1.1" 400 52 "-" "Mozilla/5.0 (Windows NT 10.0; Win64; x64) Chrome/120.0.0.0"
103.215.74.26 - - [25/Aug/2026:20:07:07 +0500] "POST / HTTP/1.1" 400 52 "-" "Mozilla/5.0 (Windows NT 10.0; Win64; x64) Chrome/120.0.0.0"
52.139.37.240 - - [25/Aug/2026:20:07:03 +0500] "GET /wp-admin/css/colors/blue/index.php HTTP/1.1" 301 - "-" "Mozilla/5.0 (Windows NT 10.0; Win64; x64) AppleWebKit/537.36 (KHTML, like Gecko) Chrome/120.0.0.0 Safari/537.36"
52.139.37.240 - - [25/Aug/2026:20:07:08 +0500] "GET /wp-content/plugins/index.php HTTP/1.1" 301 - "-" "Mozilla/5.0 (Windows NT 10.0; Win64; x64) AppleWebKit/537.36 (KHTML, like Gecko) Chrome/120.0.0.0 Safari/537.36"
52.139.37.240 - - [25/Aug/2026:20:07:15 +0500] "GET /wp-content/upgrade/index.php HTTP/1.1" 301 - "-" "Mozilla/5.0 (Windows NT 10.0; Win64; x64) AppleWebKit/537.36 (KHTML, like Gecko) Chrome/120.0.0.0 Safari/537.36"
52.139.37.240 - - [25/Aug/2026:20:07:20 +0500] "GET /.well-known/gecko-litespeed.php HTTP/1.1" 301 - "-" "Mozilla/5.0 (Windows NT 10.0; Win64; x64) AppleWebKit/537.36 (KHTML, like Gecko) Chrome/120.0.0.0 Safari/537.36"
52.139.37.240 - - [25/Aug/2026:20:07:24 +0500] "GET /ant.php HTTP/1.1" 301 - "-" "Mozilla/5.0 (Windows NT 10.0; Win64; x64) AppleWebKit/537.36 (KHTML, like Gecko) Chrome/120.0.0.0 Safari/537.36"
52.139.37.240 - - [25/Aug/2026:20:07:29 +0500] "GET /autoload_classmap.php HTTP/1.1" 301 - "-" "Mozilla/5.0 (Windows NT 10.0; Win64; x64) AppleWebKit/537.36 (KHTML, like Gecko) Chrome/120.0.0.0 Safari/537.36"
52.139.37.240 - - [25/Aug/2026:20:07:33 +0500] "GET /storage/rip.php HTTP/1.1" 301 - "-" "Mozilla/5.0 (Windows NT 10.0; Win64; x64) AppleWebKit/537.36 (KHTML, like Gecko) Chrome/120.0.0.0 Safari/537.36"
52.139.37.240 - - [25/Aug/2026:20:07:38 +0500] "GET /tinyfilemanager.php HTTP/1.1" 508 288 "-" "Mozilla/5.0 (Windows NT 10.0; Win64; x64) AppleWebKit/537.36 (KHTML, like Gecko) Chrome/120.0.0.0 Safari/537.36"
52.139.37.240 - - [25/Aug/2026:20:07:39 +0500] "GET /wp-includes/bk/ HTTP/1.1" 508 288 "-" "Mozilla/5.0 (Windows NT 10.0; Win64; x64) AppleWebKit/537.36 (KHTML, like Gecko) Chrome/120.0.0.0 Safari/537.36"
52.139.37.240 - - [25/Aug/2026:20:07:39 +0500] "GET /403.php HTTP/1.1" 508 288 "-" "Mozilla/5.0 (Windows NT 10.0; Win64; x64) AppleWebKit/537.36 (KHTML, like Gecko) Chrome/120.0.0.0 Safari/537.36"
52.139.37.240 - - [25/Aug/2026:20:07:39 +0500] "GET /av.php HTTP/1.1" 508 288 "-" "Mozilla/5.0 (Windows NT 10.0; Win64; x64) AppleWebKit/537.36 (KHTML, like Gecko) Chrome/120.0.0.0 Safari/537.36"
52.139.37.240 - - [25/Aug/2026:20:07:39 +0500] "GET /wp-admin/includes/ HTTP/1.1" 301 - "-" "Mozilla/5.0 (Windows NT 10.0; Win64; x64) AppleWebKit/537.36 (KHTML, like Gecko) Chrome/120.0.0.0 Safari/537.36"
52.139.37.240 - - [25/Aug/2026:20:07:45 +0500] "GET /wp-admin/index.php HTTP/1.1" 301 - "-" "Mozilla/5.0 (Windows NT 10.0; Win64; x64) AppleWebKit/537.36 (KHTML, like Gecko) Chrome/120.0.0.0 Safari/537.36"
52.139.37.240 - - [25/Aug/2026:20:07:49 +0500] "GET /wp-content/plugins/core-plugin/include.php HTTP/1.1" 301 - "-" "Mozilla/5.0 (Windows NT 10.0; Win64; x64) AppleWebKit/537.36 (KHTML, like Gecko) Chrome/120.0.0.0 Safari/537.36"
52.139.37.240 - - [25/Aug/2026:20:07:53 +0500] "GET /wp-content/themes/pridmag/b.php HTTP/1.1" 301 - "-" "Mozilla/5.0 (Windows NT 10.0; Win64; x64) AppleWebKit/537.36 (KHTML, like Gecko) Chrome/120.0.0.0 Safari/537.36"
52.139.37.240 - - [25/Aug/2026:20:08:00 +0500] "GET /wp-includes/ HTTP/1.1" 301 - "-" "Mozilla/5.0 (Windows NT 10.0; Win64; x64) AppleWebKit/537.36 (KHTML, like Gecko) Chrome/120.0.0.0 Safari/537.36"
103.215.74.26 - - [25/Aug/2026:20:08:07 +0500] "POST / HTTP/1.1" 400 52 "-" "Mozilla/5.0 (Windows NT 10.0; Win64; x64) Chrome/120.0.0.0"
52.139.37.240 - - [25/Aug/2026:20:08:03 +0500] "GET /wp-trackback.php HTTP/1.1" 301 - "-" "Mozilla/5.0 (Windows NT 10.0; Win64; x64) AppleWebKit/537.36 (KHTML, like Gecko) Chrome/120.0.0.0 Safari/537.36"
103.215.74.26 - - [25/Aug/2026:20:08:09 +0500] "POST / HTTP/1.1" 400 52 "-" "Mozilla/5.0 (Windows NT 10.0; Win64; x64) Chrome/120.0.0.0"
52.139.37.240 - - [25/Aug/2026:20:08:08 +0500] "GET /ws.php HTTP/1.1" 301 - "-" "Mozilla/5.0 (Windows NT 10.0; Win64; x64) AppleWebKit/537.36 (KHTML, like Gecko) Chrome/120.0.0.0 Safari/537.36"
52.139.37.240 - - [25/Aug/2026:20:08:14 +0500] "GET /.bod/.ll/ HTTP/1.1" 301 - "-" "Mozilla/5.0 (Windows NT 10.0; Win64; x64) AppleWebKit/537.36 (KHTML, like Gecko) Chrome/120.0.0.0 Safari/537.36"
52.139.37.240 - - [25/Aug/2026:20:08:18 +0500] "GET /0.php HTTP/1.1" 301 - "-" "Mozilla/5.0 (Windows NT 10.0; Win64; x64) AppleWebKit/537.36 (KHTML, like Gecko) Chrome/120.0.0.0 Safari/537.36"
52.139.37.240 - - [25/Aug/2026:20:08:23 +0500] "GET /1index.php HTTP/1.1" 301 - "-" "Mozilla/5.0 (Windows NT 10.0; Win64; x64) AppleWebKit/537.36 (KHTML, like Gecko) Chrome/120.0.0.0 Safari/537.36"
52.139.37.240 - - [25/Aug/2026:20:08:29 +0500] "GET /autoload_classmap/function.php HTTP/1.1" 301 - "-" "Mozilla/5.0 (Windows NT 10.0; Win64; x64) AppleWebKit/537.36 (KHTML, like Gecko) Chrome/120.0.0.0 Safari/537.36"
34.10.180.98 - - [25/Aug/2026:20:08:30 +0500] "GET /uz/component/search/?Itemid=175&format=opensearch&template=accessibility HTTP/1.1" 200 846 "-" "Mozilla/5.0 (Macintosh; Intel Mac OS X 10_15_7) AppleWebKit/537.36 (KHTML, like Gecko) Chrome/120.0.0.0 Safari/537.36"
52.139.37.240 - - [25/Aug/2026:20:08:34 +0500] "GET /dvve.php HTTP/1.1" 301 - "-" "Mozilla/5.0 (Windows NT 10.0; Win64; x64) AppleWebKit/537.36 (KHTML, like Gecko) Chrome/120.0.0.0 Safari/537.36"
52.139.37.240 - - [25/Aug/2026:20:08:39 +0500] "GET /wp-includes/PHPMailer/ HTTP/1.1" 301 - "-" "Mozilla/5.0 (Windows NT 10.0; Win64; x64) AppleWebKit/537.36 (KHTML, like Gecko) Chrome/120.0.0.0 Safari/537.36"
52.139.37.240 - - [25/Aug/2026:20:08:46 +0500] "GET /ws77.php HTTP/1.1" 301 - "-" "Mozilla/5.0 (Windows NT 10.0; Win64; x64) AppleWebKit/537.36 (KHTML, like Gecko) Chrome/120.0.0.0 Safari/537.36"
52.139.37.240 - - [25/Aug/2026:20:08:51 +0500] "GET /.well-known/acme-challenge/index.php HTTP/1.1" 301 - "-" "Mozilla/5.0 (Windows NT 10.0; Win64; x64) AppleWebKit/537.36 (KHTML, like Gecko) Chrome/120.0.0.0 Safari/537.36"
52.139.37.240 - - [25/Aug/2026:20:08:56 +0500] "GET /admin/function.php HTTP/1.1" 301 - "-" "Mozilla/5.0 (Windows NT 10.0; Win64; x64) AppleWebKit/537.36 (KHTML, like Gecko) Chrome/120.0.0.0 Safari/537.36"
52.139.37.240 - - [25/Aug/2026:20:09:01 +0500] "GET /wp-admin/css/index.php HTTP/1.1" 301 - "-" "Mozilla/5.0 (Windows NT 10.0; Win64; x64) AppleWebKit/537.36 (KHTML, like Gecko) Chrome/120.0.0.0 Safari/537.36"
52.139.37.240 - - [25/Aug/2026:20:09:04 +0500] "GET /wp-includes/css/ HTTP/1.1" 301 - "-" "Mozilla/5.0 (Windows NT 10.0; Win64; x64) AppleWebKit/537.36 (KHTML, like Gecko) Chrome/120.0.0.0 Safari/537.36"
52.139.37.240 - - [25/Aug/2026:20:09:09 +0500] "GET /xx.php HTTP/1.1" 301 - "-" "Mozilla/5.0 (Windows NT 10.0; Win64; x64) AppleWebKit/537.36 (KHTML, like Gecko) Chrome/120.0.0.0 Safari/537.36"
216.73.216.108 - - [25/Aug/2026:20:09:17 +0500] "GET /robots.txt HTTP/1.1" 200 111 "-" "Mozilla/5.0 AppleWebKit/537.36 (KHTML, like Gecko; compatible; ClaudeBot/1.0; +claudebot@anthropic.com)"
34.10.180.98 - - [25/Aug/2026:20:09:18 +0500] "GET /media/aridocsviewer/pdfjs/web/viewer.html?file=https://eskijuva-bozori.uz/docs/prospectus/prospectus-04-02-2005.pdf HTTP/1.1" 200 19712 "-" "Mozilla/5.0 (Macintosh; Intel Mac OS X 10_15_7) AppleWebKit/537.36 (KHTML, like Gecko) Chrome/120.0.0.0 Safari/537.36"
52.139.37.240 - - [25/Aug/2026:20:09:13 +0500] "GET /wp-content/about.php HTTP/1.1" 301 - "-" "Mozilla/5.0 (Windows NT 10.0; Win64; x64) AppleWebKit/537.36 (KHTML, like Gecko) Chrome/120.0.0.0 Safari/537.36"
216.73.216.108 - - [25/Aug/2026:20:09:17 +0500] "GET /uz/?r=f4o1u8l9l2y580498&start=16 HTTP/1.1" 200 67785 "-" "Mozilla/5.0 AppleWebKit/537.36 (KHTML, like Gecko; compatible; ClaudeBot/1.0; +claudebot@anthropic.com)"
52.139.37.240 - - [25/Aug/2026:20:09:19 +0500] "GET /wp-includes/assets/index.php HTTP/1.1" 301 - "-" "Mozilla/5.0 (Windows NT 10.0; Win64; x64) AppleWebKit/537.36 (KHTML, like Gecko) Chrome/120.0.0.0 Safari/537.36"
52.139.37.240 - - [25/Aug/2026:20:09:23 +0500] "GET /wp-the.php HTTP/1.1" 301 - "-" "Mozilla/5.0 (Windows NT 10.0; Win64; x64) AppleWebKit/537.36 (KHTML, like Gecko) Chrome/120.0.0.0 Safari/537.36"
52.139.37.240 - - [25/Aug/2026:20:09:28 +0500] "GET /ws81.php HTTP/1.1" 301 - "-" "Mozilla/5.0 (Windows NT 10.0; Win64; x64) AppleWebKit/537.36 (KHTML, like Gecko) Chrome/120.0.0.0 Safari/537.36"
52.139.37.240 - - [25/Aug/2026:20:09:33 +0500] "GET /a1.php HTTP/1.1" 301 - "-" "Mozilla/5.0 (Windows NT 10.0; Win64; x64) AppleWebKit/537.36 (KHTML, like Gecko) Chrome/120.0.0.0 Safari/537.36"
52.139.37.240 - - [25/Aug/2026:20:09:38 +0500] "GET /ca5.php HTTP/1.1" 301 - "-" "Mozilla/5.0 (Windows NT 10.0; Win64; x64) AppleWebKit/537.36 (KHTML, like Gecko) Chrome/120.0.0.0 Safari/537.36"
52.139.37.240 - - [25/Aug/2026:20:09:43 +0500] "GET /install.php HTTP/1.1" 301 - "-" "Mozilla/5.0 (Windows NT 10.0; Win64; x64) AppleWebKit/537.36 (KHTML, like Gecko) Chrome/120.0.0.0 Safari/537.36"
52.139.37.240 - - [25/Aug/2026:20:09:49 +0500] "GET /radio.php HTTP/1.1" 301 - "-" "Mozilla/5.0 (Windows NT 10.0; Win64; x64) AppleWebKit/537.36 (KHTML, like Gecko) Chrome/120.0.0.0 Safari/537.36"
52.139.37.240 - - [25/Aug/2026:20:09:54 +0500] "GET /wp-admin/css/colors/modern/ HTTP/1.1" 301 - "-" "Mozilla/5.0 (Windows NT 10.0; Win64; x64) AppleWebKit/537.36 (KHTML, like Gecko) Chrome/120.0.0.0 Safari/537.36"
216.73.216.108 - - [25/Aug/2026:20:09:55 +0500] "GET /uz/?r=t9h1r3e1a2t69058&start=8 HTTP/1.1" 200 67534 "-" "Mozilla/5.0 AppleWebKit/537.36 (KHTML, like Gecko; compatible; ClaudeBot/1.0; +claudebot@anthropic.com)"
52.139.37.240 - - [25/Aug/2026:20:09:59 +0500] "GET /wp-signin.php HTTP/1.1" 301 - "-" "Mozilla/5.0 (Windows NT 10.0; Win64; x64) AppleWebKit/537.36 (KHTML, like Gecko) Chrome/120.0.0.0 Safari/537.36"
185.191.171.17 - - [25/Aug/2026:20:09:59 +0500] "GET /ru/17-russian/shareholders-rus?start=16 HTTP/1.1" 200 66414 "-" "Mozilla/5.0 (compatible; SemrushBot/7~bl; +http://www.semrush.com/bot.html)"
52.139.37.240 - - [25/Aug/2026:20:10:04 +0500] "GET /Ov-Simple1.php HTTP/1.1" 301 - "-" "Mozilla/5.0 (Windows NT 10.0; Win64; x64) AppleWebKit/537.36 (KHTML, like Gecko) Chrome/120.0.0.0 Safari/537.36"
52.139.37.240 - - [25/Aug/2026:20:10:09 +0500] "GET /ftde.php HTTP/1.1" 301 - "-" "Mozilla/5.0 (Windows NT 10.0; Win64; x64) AppleWebKit/537.36 (KHTML, like Gecko) Chrome/120.0.0.0 Safari/537.36"
185.191.171.19 - - [25/Aug/2026:20:10:15 +0500] "GET /robots.txt HTTP/1.1" 200 111 "-" "Mozilla/5.0 (compatible; SemrushBot/7~bl; +http://www.semrush.com/bot.html)"
52.139.37.240 - - [25/Aug/2026:20:10:14 +0500] "GET /hplfuns.php HTTP/1.1" 301 - "-" "Mozilla/5.0 (Windows NT 10.0; Win64; x64) AppleWebKit/537.36 (KHTML, like Gecko) Chrome/120.0.0.0 Safari/537.36"
85.208.96.209 - - [25/Aug/2026:20:10:16 +0500] "GET /uz/officially-uzb/tenders-uzb/157-tender-audit-2016-uzb HTTP/1.1" 200 60087 "-" "Mozilla/5.0 (compatible; SemrushBot/7~bl; +http://www.semrush.com/bot.html)"
52.139.37.240 - - [25/Aug/2026:20:10:19 +0500] "GET /log.php HTTP/1.1" 301 - "-" "Mozilla/5.0 (Windows NT 10.0; Win64; x64) AppleWebKit/537.36 (KHTML, like Gecko) Chrome/120.0.0.0 Safari/537.36"
52.139.37.240 - - [25/Aug/2026:20:10:24 +0500] "GET /txets.php HTTP/1.1" 301 - "-" "Mozilla/5.0 (Windows NT 10.0; Win64; x64) AppleWebKit/537.36 (KHTML, like Gecko) Chrome/120.0.0.0 Safari/537.36"
52.139.37.240 - - [25/Aug/2026:20:10:29 +0500] "GET /wp-admin.php HTTP/1.1" 301 - "-" "Mozilla/5.0 (Windows NT 10.0; Win64; x64) AppleWebKit/537.36 (KHTML, like Gecko) Chrome/120.0.0.0 Safari/537.36"
216.73.216.32 - - [25/Aug/2026:20:10:37 +0500] "GET /shops/excuser/j3a3g7u2a1r1o4n3d3i87 HTTP/1.1" 508 288 "-" "Mozilla/5.0 AppleWebKit/537.36 (KHTML, like Gecko; compatible; ClaudeBot/1.0; +claudebot@anthropic.com)"
52.139.37.240 - - [25/Aug/2026:20:10:34 +0500] "GET /wp-admin/images/ HTTP/1.1" 301 - "-" "Mozilla/5.0 (Windows NT 10.0; Win64; x64) AppleWebKit/537.36 (KHTML, like Gecko) Chrome/120.0.0.0 Safari/537.36"
52.139.37.240 - - [25/Aug/2026:20:10:39 +0500] "GET /wp-admin/network/ HTTP/1.1" 301 - "-" "Mozilla/5.0 (Windows NT 10.0; Win64; x64) AppleWebKit/537.36 (KHTML, like Gecko) Chrome/120.0.0.0 Safari/537.36"
52.139.37.240 - - [25/Aug/2026:20:10:43 +0500] "GET /wp-config-sample.php HTTP/1.1" 301 - "-" "Mozilla/5.0 (Windows NT 10.0; Win64; x64) AppleWebKit/537.36 (KHTML, like Gecko) Chrome/120.0.0.0 Safari/537.36"
52.139.37.240 - - [25/Aug/2026:20:10:48 +0500] "GET /wp-content/packed.php HTTP/1.1" 301 - "-" "Mozilla/5.0 (Windows NT 10.0; Win64; x64) AppleWebKit/537.36 (KHTML, like Gecko) Chrome/120.0.0.0 Safari/537.36"
216.73.216.32 - - [25/Aug/2026:20:10:58 +0500] "GET /uz/?format=feed&r=d4a2u6p2h5i7n94338&type=rss HTTP/1.1" 508 288 "-" "Mozilla/5.0 AppleWebKit/537.36 (KHTML, like Gecko; compatible; ClaudeBot/1.0; +claudebot@anthropic.com)"
52.139.37.240 - - [25/Aug/2026:20:10:53 +0500] "GET /wp-includes/IXR/ HTTP/1.1" 301 - "-" "Mozilla/5.0 (Windows NT 10.0; Win64; x64) AppleWebKit/537.36 (KHTML, like Gecko) Chrome/120.0.0.0 Safari/537.36"
185.191.171.16 - - [25/Aug/2026:20:11:12 +0500] "GET /ru/2-uncategorised/372-acquisition-of-shares-uz HTTP/1.1" 508 288 "-" "Mozilla/5.0 (compatible; SemrushBot/7~bl; +http://www.semrush.com/bot.html)"
136.119.35.120 - - [25/Aug/2026:20:11:33 +0500] "GET /uz/about-org-uzb/strategy-uzb/481-biznes-plan-2026-ej-pdf HTTP/1.1" 200 56699 "-" "Mozilla/5.0 (Macintosh; Intel Mac OS X 10_15_7) AppleWebKit/537.36 (KHTML, like Gecko) Chrome/120.0.0.0 Safari/537.36"
216.73.216.108 - - [25/Aug/2026:20:11:46 +0500] "GET /uz/?r=t9h1r3e1a2t69058&start=12 HTTP/1.1" 200 68361 "-" "Mozilla/5.0 AppleWebKit/537.36 (KHTML, like Gecko; compatible; ClaudeBot/1.0; +claudebot@anthropic.com)"
216.73.216.32 - - [25/Aug/2026:20:11:56 +0500] "GET /?%60=v3a3s8t9i9t2y08934 HTTP/1.1" 508 288 "-" "Mozilla/5.0 AppleWebKit/537.36 (KHTML, like Gecko; compatible; ClaudeBot/1.0; +claudebot@anthropic.com)"
216.73.216.108 - - [25/Aug/2026:20:12:05 +0500] "GET /uz/?r=f4o1u8l9l2y580498 HTTP/1.1" 200 68365 "-" "Mozilla/5.0 AppleWebKit/537.36 (KHTML, like Gecko; compatible; ClaudeBot/1.0; +claudebot@anthropic.com)"
216.73.216.108 - - [25/Aug/2026:20:12:13 +0500] "GET /uz/?format=feed&r=t9h1r3e1a2t69058&type=rss HTTP/1.1" 200 5750 "-" "Mozilla/5.0 AppleWebKit/537.36 (KHTML, like Gecko; compatible; ClaudeBot/1.0; +claudebot@anthropic.com)"
34.57.162.91 - - [25/Aug/2026:20:12:39 +0500] "GET /ru/interactive-rus/faq-rus?template=accessibility HTTP/1.1" 508 288 "-" "Mozilla/5.0 (Macintosh; Intel Mac OS X 10_15_7) AppleWebKit/537.36 (KHTML, like Gecko) Chrome/120.0.0.0 Safari/537.36"
66.249.77.72 - - [25/Aug/2026:20:13:54 +0500] "GET /images/links/gki-ru.png HTTP/1.1" 200 3280 "-" "Googlebot-Image/1.0"
216.73.216.108 - - [25/Aug/2026:20:13:53 +0500] "GET /uz/?format=feed&r=t9h1r3e1a2t69058&type=atom HTTP/1.1" 200 8855 "-" "Mozilla/5.0 AppleWebKit/537.36 (KHTML, like Gecko; compatible; ClaudeBot/1.0; +claudebot@anthropic.com)"
216.73.216.108 - - [25/Aug/2026:20:15:49 +0500] "GET /uz/?r=f4o1u8l9l2y580498&start=24 HTTP/1.1" 200 67891 "-" "Mozilla/5.0 AppleWebKit/537.36 (KHTML, like Gecko; compatible; ClaudeBot/1.0; +claudebot@anthropic.com)"
47.128.61.91 - - [25/Aug/2026:20:16:01 +0500] "GET /robots.txt HTTP/1.1" 200 111 "-" "Mozilla/5.0 (iPhone; CPU iPhone OS 7_1_2 like Mac OS X) AppleWebKit/537.36 (KHTML, like Gecko) Version/7.0 Mobile Safari/537.36 (compatible; Bytespider; https://bytedance.sg.larkoffice.com/docx/K5bxdypulop3IIxrJb0lOjLVgFe)"
216.73.216.32 - - [25/Aug/2026:20:16:18 +0500] "GET /robots.txt HTTP/1.1" 200 111 "-" "Mozilla/5.0 AppleWebKit/537.36 (KHTML, like Gecko; compatible; ClaudeBot/1.0; +claudebot@anthropic.com)"
216.73.216.32 - - [25/Aug/2026:20:16:27 +0500] "GET /uz/?format=feed&r=a4e3r9o8h3y3d9r5o4d6y2namic&type=rss HTTP/1.1" 200 6209 "-" "Mozilla/5.0 AppleWebKit/537.36 (KHTML, like Gecko; compatible; ClaudeBot/1.0; +claudebot@anthropic.com)"
216.73.216.32 - - [25/Aug/2026:20:17:11 +0500] "GET /uz/?format=feed&r=e4x1t3r3o2v6e2r4t0e6d9&type=atom HTTP/1.1" 200 9469 "-" "Mozilla/5.0 AppleWebKit/537.36 (KHTML, like Gecko; compatible; ClaudeBot/1.0; +claudebot@anthropic.com)"
216.73.216.108 - - [25/Aug/2026:20:17:17 +0500] "GET /uz/?r=t9h1r3e1a2t69058&start=52 HTTP/1.1" 200 68991 "-" "Mozilla/5.0 AppleWebKit/537.36 (KHTML, like Gecko; compatible; ClaudeBot/1.0; +claudebot@anthropic.com)"
216.73.216.108 - - [25/Aug/2026:20:17:26 +0500] "GET /uz/?r=f4o1u8l9l2y580498&start=20 HTTP/1.1" 200 68160 "-" "Mozilla/5.0 AppleWebKit/537.36 (KHTML, like Gecko; compatible; ClaudeBot/1.0; +claudebot@anthropic.com)"
216.73.216.108 - - [25/Aug/2026:20:17:37 +0500] "GET /uz/?r=t9h1r3e1a2t69058 HTTP/1.1" 200 68364 "-" "Mozilla/5.0 AppleWebKit/537.36 (KHTML, like Gecko; compatible; ClaudeBot/1.0; +claudebot@anthropic.com)"
216.73.216.32 - - [25/Aug/2026:20:17:48 +0500] "GET /uz/?format=feed&r=p9o3l1y2s8t5o0m9e78&type=atom HTTP/1.1" 200 9466 "-" "Mozilla/5.0 AppleWebKit/537.36 (KHTML, like Gecko; compatible; ClaudeBot/1.0; +claudebot@anthropic.com)"
216.73.216.108 - - [25/Aug/2026:20:17:51 +0500] "GET /uz/?r=t9h1r3e1a2t69058&start=16 HTTP/1.1" 200 67642 "-" "Mozilla/5.0 AppleWebKit/537.36 (KHTML, like Gecko; compatible; ClaudeBot/1.0; +claudebot@anthropic.com)"
57.141.20.29 - - [25/Aug/2026:20:17:58 +0500] "GET /uz/?function=call_user_func_array&s=index/think\\\\\\\\\\\\\\\\\\\\\\\\\\\\\\\\\\\\\\\\\\\\\\\\\\\\\\\\\\\\\\\\\\\\\\\\\\\\\\\\\\\\\\\\\\\\\\\\\\\\\\\\\\\\\\\\\\\\\\\\\\\\\\\\\\\\\\\\\\\\\\\\\\\\\\\\\\\\\\\\\\\\\\\\\\\\\\\\\\\\\\\\\\\\\\\\\\\\\\\\\\\\\\\\\\\\\\\\\\\\\\\\\\\\\\\\\\\\\\\\\\\\\\\\\\\\\\\\\\\\\\\\\\\\\\\\\\\\\\\\\\\\\\\\\\\\\\\\\\\\\\\\\\\\\\\\\\\\\\\\\\\\\\\\\\\\\\\\\\\\\\\\\\\\\\\\\\\\\\\\\\\\\\\\\\\\\\\\\\\\\\\\\\\\\\\\\\\\\\\\\\\\\\\\\\\\\\\\\\\\\\\\\\\\\\\\\\\\\\\\\\\\\\\\\\\\\\\\\\\\\\\\\\\\\\\\\\\\\\\\\\\\\\\\\\\\\\\\\\\\\\\\\\\\\\\\app/invokefunction&vars[0]=phpinfo&vars[1][0]=1&format=feed&type=rss HTTP/1.1" 200 6482 "-" "Mozilla/5.0 (Macintosh; Intel Mac OS X 10_15_7) AppleWebKit/537.36 (KHTML, like Gecko) Chrome/145.0.0.0 Safari/537.36 (compatible; meta-webindexer/1.1 (+https://developers.facebook.com/docs/sharing/webmasters/crawler))"
216.73.216.32 - - [25/Aug/2026:20:18:12 +0500] "GET /?%60=s3e2r0o3s6i9t6y0756 HTTP/1.1" 301 - "-" "Mozilla/5.0 AppleWebKit/537.36 (KHTML, like Gecko; compatible; ClaudeBot/1.0; +claudebot@anthropic.com)"
216.73.216.32 - - [25/Aug/2026:20:18:17 +0500] "GET /uz/?%60=s3e2r0o3s6i9t6y0756 HTTP/1.1" 200 68658 "https://www.eskijuva-bozori.uz.uzbekgidroenergoqurilish.uz/?%60=s3e2r0o3s6i9t6y0756" "Mozilla/5.0 AppleWebKit/537.36 (KHTML, like Gecko; compatible; ClaudeBot/1.0; +claudebot@anthropic.com)"
216.73.216.32 - - [25/Aug/2026:20:18:21 +0500] "GET /uz/?format=feed&r=u4r3s6u0l3u6s58633&type=atom HTTP/1.1" 200 9465 "-" "Mozilla/5.0 AppleWebKit/537.36 (KHTML, like Gecko; compatible; ClaudeBot/1.0; +claudebot@anthropic.com)"
216.73.216.32 - - [25/Aug/2026:20:18:45 +0500] "GET /uz/?format=feed&r=a4e3r9o8h3y3d9r5o4d6y2namic&type=atom HTTP/1.1" 200 9474 "-" "Mozilla/5.0 AppleWebKit/537.36 (KHTML, like Gecko; compatible; ClaudeBot/1.0; +claudebot@anthropic.com)"
85.208.96.198 - - [25/Aug/2026:20:19:14 +0500] "GET /robots.txt HTTP/1.1" 200 111 "-" "Mozilla/5.0 (compatible; SemrushBot/7~bl; +http://www.semrush.com/bot.html)"
185.191.171.5 - - [25/Aug/2026:20:19:10 +0500] "GET /uz/?function=call_user_func_array&s=index%2Fthink%5C%5C%5C%5C%5C%5C%5C%5C%5C%5C%5C%5C%5C%5C%5C%5C%5C%5C%5C%5C%5C%5C%5C%5C%5C%5C%5C%5C%5C%5C%5C%5C%5C%5C%5C%5C%5C%5C%5C%5C%5C%5C%5C%5C%5C%5C%5C%5C%5C%5C%5C%5C%5C%5C%5C%5C%5C%5C%5C%5C%5C%5C%5C%5C%5C%5C%5C%5C%5C%5C%5C%5C%5C%5C%5C%5C%5C%5C%5C%5C%5C%5C%5C%5C%5C%5C%5C%5C%5C%5C%5C%5C%5C%5C%5C%5C%5C%5C%5C%5C%5C%5C%5C%5C%5C%5C%5C%5C%5C%5C%5C%5C%5C%5C%5C%5C%5C%5C%5C%5C%5C%5C%5C%5C%5C%5C%5C%5C%5C%5C%5C%5C%5C%5C%5C%5C%5C%5C%5C%5C%5C%5C%5C%5C%5C%5C%5C%5C%5C%5C%5C%5C%5C%5C%5C%5C%5C%5C%5C%5C%5C%5C%5C%5C%5C%5C%5C%5C%5C%5C%5C%5C%5C%5C%5C%5C%5C%5C%5C%5C%5C%5C%5C%5C%5C%5C%5C%5C%5C%5C%5C%5C%5C%5C%5C%5C%5C%5C%5C%5C%5C%5C%5C%5C%5C%5C%5C%5C%5C%5C%5C%5C%5C%5C%5C%5C%5C%5C%5C%5C%5C%5C%5C%5C%5C%5C%5C%5C%5C%5C%5C%5C%5C%5C%5C%5C%5C%5C%5C%5C%5C%5C%5C%5C%5C%5C%5C%5C%5C%5C%5C%5C%5C%5C%5C%5C%5C%5C%5C%5C%5C%5C%5C%5C%5C%5C%5C%5C%5C%5C%5C%5C%5C%5C%5C%5C%5C%5C%5C%5C%5C%5C%5C%5C%5C%5C%5C%5C%5C%5C%5C%5C%5C%5C%5C%5C%5C%5C%5C%5C%5C%5C%5C%5C%5C%5C%5C%5C%5C%5C%5C%5C%5C%5C%5C%5C%5C%5C%5C%5C%5C%5C%5C%5C%5C%5C%5C%5C%5C%5C%5C%5C%5C%5C%5C%5C%5C%5C%5C%5C%5C%5C%5C%5C%5C%5C%5C%5C%5C%5C%5C%5C%5C%5C%5C%5C%5C%5C%5C%5C%5C%5C%5C%5C%5C%5C%5C%5C%5C%5C%5C%5C%5C%5C%5C%5C%5C%5C%5C%5C%5C%5C%5C%5C%5C%5C%5C%5C%5C%5C%5C%5C%5C%5C%5C%5C%5C%5C%5C%5C%5C%5C%5C%5C%5C%5C%5C%5C%5C%5C%5C%5C%5C%5C%5C%5C%5C%5C%5C%5C%5C%5C%5C%5C%5C%5C%5C%5C%5C%5C%5C%5C%5C%5C%5C%5C%5C%5C%5C%5C%5C%5C%5C%5C%5C%5C%5C%5C%5C%5C%5C%5C%5C%5C%5C%5C%5C%5C%5C%5C%5C%5C%5C%5C%5C%5C%5C%5C%5C%5C%5C%5C%5C%5C%5C%5C%5C%5C%5C%5C%5C%5C%5C%5C%5C%5C%5C%5C%5C%5C%5C%5C%5C%5C%5C%5C%5C%5C%5C%5C%5C%5C%5C%5C%5C%5C%5C%5C%5C%5C%5C%5Capp%2Finvokefunction&start=12&vars%5B0%5D=phpinfo&vars%5B1%5D%5B0%5D=1 HTTP/1.1" 200 70025 "-" "Mozilla/5.0 (compatible; SemrushBot/7~bl; +http://www.semrush.com/bot.html)"
185.191.171.12 - - [25/Aug/2026:20:19:15 +0500] "GET /uz/facts-uzb/279-08-fact-20-11-2019-ns HTTP/1.1" 200 57466 "-" "Mozilla/5.0 (compatible; SemrushBot/7~bl; +http://www.semrush.com/bot.html)"
216.73.216.32 - - [25/Aug/2026:20:19:28 +0500] "GET /uz/?r=e4x1t3r3o2v6e2r4t0e6d9&start=44 HTTP/1.1" 508 288 "-" "Mozilla/5.0 AppleWebKit/537.36 (KHTML, like Gecko; compatible; ClaudeBot/1.0; +claudebot@anthropic.com)"
34.10.180.98 - - [25/Aug/2026:20:19:40 +0500] "GET /ru/facts-rus HTTP/1.1" 200 66817 "-" "Mozilla/5.0 (Macintosh; Intel Mac OS X 10_15_7) AppleWebKit/537.36 (KHTML, like Gecko) Chrome/120.0.0.0 Safari/537.36"
216.73.216.32 - - [25/Aug/2026:20:19:52 +0500] "GET /uz/?r=e4x1t3r3o2v6e2r4t0e6d9&start=40 HTTP/1.1" 200 68866 "-" "Mozilla/5.0 AppleWebKit/537.36 (KHTML, like Gecko; compatible; ClaudeBot/1.0; +claudebot@anthropic.com)"
185.191.171.10 - - [25/Aug/2026:20:20:03 +0500] "GET /ru/facts-rus/468-sush-fakt-25-24-05-2025-pdf HTTP/1.1" 508 288 "-" "Mozilla/5.0 (compatible; SemrushBot/7~bl; +http://www.semrush.com/bot.html)"
136.119.35.120 - - [25/Aug/2026:20:20:03 +0500] "GET /uz/prospectus-uzb HTTP/1.1" 200 62637 "-" "Mozilla/5.0 (Macintosh; Intel Mac OS X 10_15_7) AppleWebKit/537.36 (KHTML, like Gecko) Chrome/120.0.0.0 Safari/537.36"
216.73.216.32 - - [25/Aug/2026:20:21:09 +0500] "GET /?%60=s3a3l2l0o7w8n3e7s0s55 HTTP/1.1" 301 - "-" "Mozilla/5.0 AppleWebKit/537.36 (KHTML, like Gecko; compatible; ClaudeBot/1.0; +claudebot@anthropic.com)"
216.73.216.32 - - [25/Aug/2026:20:21:12 +0500] "GET /uz/?%60=s3a3l2l0o7w8n3e7s0s55 HTTP/1.1" 200 68660 "https://www.eskijuva-bozori.uz.uzbekgidroenergoqurilish.uz/?%60=s3a3l2l0o7w8n3e7s0s55" "Mozilla/5.0 AppleWebKit/537.36 (KHTML, like Gecko; compatible; ClaudeBot/1.0; +claudebot@anthropic.com)"
54.147.80.137 - - [25/Aug/2026:20:21:33 +0500] "GET /ru/?start=8&template=accessibility HTTP/1.1" 508 288 "-" "Mozilla/5.0 AppleWebKit/537.36 (KHTML, like Gecko; compatible; Amazonbot/0.1; +https://developer.amazon.com/support/amazonbot) Chrome/119.0.6045.214 Safari/537.36"
34.56.53.225 - - [25/Aug/2026:20:21:27 +0500] "GET /uz/about-org-uzb/indexes-uzb/18-uzbek/shareholders-uzb HTTP/1.1" 200 62236 "-" "Mozilla/5.0 (Macintosh; Intel Mac OS X 10_15_7) AppleWebKit/537.36 (KHTML, like Gecko) Chrome/120.0.0.0 Safari/537.36"
216.73.216.32 - - [25/Aug/2026:20:21:32 +0500] "GET /shops/traditive/s3e4m1e1n427311 HTTP/1.1" 301 - "-" "Mozilla/5.0 AppleWebKit/537.36 (KHTML, like Gecko; compatible; ClaudeBot/1.0; +claudebot@anthropic.com)"
114.119.152.128 - - [25/Aug/2026:20:21:36 +0500] "GET /uz/?amp%3Bstart=48&vars%5B1%5D%5B0%5D=1&start=52 HTTP/1.1" 200 69012 "https://eskijuva-bozori.uz/uz/?author=14&start=24" "Mozilla/5.0 (Linux; Android 7.0;) AppleWebKit/537.36 (HTML, like Gecko) Mobile Safari/537.36 (compatible; PetalBot;+https://webmaster.petalsearch.com/site/petalbot)"
216.73.216.32 - - [25/Aug/2026:20:21:37 +0500] "GET /uz/shops/traditive/s3e4m1e1n427311 HTTP/1.1" 404 1248 "https://www.eskijuva-bozori.uz.uzbekgidroenergoqurilish.uz/shops/traditive/s3e4m1e1n427311" "Mozilla/5.0 AppleWebKit/537.36 (KHTML, like Gecko; compatible; ClaudeBot/1.0; +claudebot@anthropic.com)"
185.191.171.7 - - [25/Aug/2026:20:21:38 +0500] "GET /uz/?amp%3Bstart=48&start=20&vars%5B1%5D%5B0%5D=1 HTTP/1.1" 200 68404 "-" "Mozilla/5.0 (compatible; SemrushBot/7~bl; +http://www.semrush.com/bot.html)"
20.205.121.237 - - [25/Aug/2026:20:21:41 +0500] "GET / HTTP/1.1" 301 - "-" "Mozilla/5.0 (Windows NT 10.0; Win64; x64) AppleWebKit/537.36 (KHTML, like Gecko) Chrome/120.0.0.0 Safari/537.36"
216.73.216.32 - - [25/Aug/2026:20:22:07 +0500] "GET /?%60=b3e2n6e6a4p3e8d3756 HTTP/1.1" 301 - "-" "Mozilla/5.0 AppleWebKit/537.36 (KHTML, like Gecko; compatible; ClaudeBot/1.0; +claudebot@anthropic.com)"
216.73.216.32 - - [25/Aug/2026:20:22:14 +0500] "GET /uz/?%60=b3e2n6e6a4p3e8d3756 HTTP/1.1" 200 68658 "https://www.eskijuva-bozori.uz.uzbekgidroenergoqurilish.uz/?%60=b3e2n6e6a4p3e8d3756" "Mozilla/5.0 AppleWebKit/537.36 (KHTML, like Gecko; compatible; ClaudeBot/1.0; +claudebot@anthropic.com)"
34.123.149.87 - - [25/Aug/2026:20:22:19 +0500] "GET /ru/info-for-shareholders-rus?format=feed&type=rss HTTP/1.1" 200 10260 "-" "Mozilla/5.0 (Macintosh; Intel Mac OS X 10_15_7) AppleWebKit/537.36 (KHTML, like Gecko) Chrome/120.0.0.0 Safari/537.36"
216.73.216.32 - - [25/Aug/2026:20:22:31 +0500] "GET /informity/p3e4n2t2i2c6e23622 HTTP/1.1" 301 - "-" "Mozilla/5.0 AppleWebKit/537.36 (KHTML, like Gecko; compatible; ClaudeBot/1.0; +claudebot@anthropic.com)"
216.73.216.32 - - [25/Aug/2026:20:22:36 +0500] "GET /uz/informity/p3e4n2t2i2c6e23622 HTTP/1.1" 404 1248 "https://www.eskijuva-bozori.uz.uzbekgidroenergoqurilish.uz/informity/p3e4n2t2i2c6e23622" "Mozilla/5.0 AppleWebKit/537.36 (KHTML, like Gecko; compatible; ClaudeBot/1.0; +claudebot@anthropic.com)"
216.73.216.32 - - [25/Aug/2026:20:22:39 +0500] "GET /brutalize/l3o4n0g5e8d726017 HTTP/1.1" 301 - "-" "Mozilla/5.0 AppleWebKit/537.36 (KHTML, like Gecko; compatible; ClaudeBot/1.0; +claudebot@anthropic.com)"
216.73.216.32 - - [25/Aug/2026:20:22:45 +0500] "GET /uz/brutalize/l3o4n0g5e8d726017 HTTP/1.1" 404 1248 "https://www.eskijuva-bozori.uz.uzbekgidroenergoqurilish.uz/brutalize/l3o4n0g5e8d726017" "Mozilla/5.0 AppleWebKit/537.36 (KHTML, like Gecko; compatible; ClaudeBot/1.0; +claudebot@anthropic.com)"
216.73.216.32 - - [25/Aug/2026:20:23:01 +0500] "GET /shops/speciosum/c3l3e3f4t5f1o7o8t1e9d1 HTTP/1.1" 301 - "-" "Mozilla/5.0 AppleWebKit/537.36 (KHTML, like Gecko; compatible; ClaudeBot/1.0; +claudebot@anthropic.com)"
216.73.216.32 - - [25/Aug/2026:20:23:05 +0500] "GET /uz/shops/speciosum/c3l3e3f4t5f1o7o8t1e9d1 HTTP/1.1" 404 1248 "https://www.eskijuva-bozori.uz.uzbekgidroenergoqurilish.uz/shops/speciosum/c3l3e3f4t5f1o7o8t1e9d1" "Mozilla/5.0 AppleWebKit/537.36 (KHTML, like Gecko; compatible; ClaudeBot/1.0; +claudebot@anthropic.com)"
216.73.216.32 - - [25/Aug/2026:20:23:09 +0500] "GET /?%60=o3v7i2c7e5l2l8718 HTTP/1.1" 301 - "-" "Mozilla/5.0 AppleWebKit/537.36 (KHTML, like Gecko; compatible; ClaudeBot/1.0; +claudebot@anthropic.com)"
34.123.149.87 - - [25/Aug/2026:20:23:12 +0500] "GET /uz/component/search/?Itemid=170&catid=20&format=opensearch&id=31 HTTP/1.1" 200 756 "-" "Mozilla/5.0 (Macintosh; Intel Mac OS X 10_15_7) AppleWebKit/537.36 (KHTML, like Gecko) Chrome/120.0.0.0 Safari/537.36"
216.73.216.32 - - [25/Aug/2026:20:23:13 +0500] "GET /uz/?%60=o3v7i2c7e5l2l8718 HTTP/1.1" 200 68656 "https://www.eskijuva-bozori.uz.uzbekgidroenergoqurilish.uz/?%60=o3v7i2c7e5l2l8718" "Mozilla/5.0 AppleWebKit/537.36 (KHTML, like Gecko; compatible; ClaudeBot/1.0; +claudebot@anthropic.com)"
216.73.216.32 - - [25/Aug/2026:20:23:33 +0500] "GET /?%60=a3l3i5e6n6a2b3l8e611 HTTP/1.1" 301 - "-" "Mozilla/5.0 AppleWebKit/537.36 (KHTML, like Gecko; compatible; ClaudeBot/1.0; +claudebot@anthropic.com)"
34.56.53.225 - - [25/Aug/2026:20:23:35 +0500] "GET /ru/component/search/?Itemid=165&format=opensearch HTTP/1.1" 200 830 "-" "Mozilla/5.0 (Macintosh; Intel Mac OS X 10_15_7) AppleWebKit/537.36 (KHTML, like Gecko) Chrome/120.0.0.0 Safari/537.36"
216.73.216.32 - - [25/Aug/2026:20:23:36 +0500] "GET /uz/?%60=a3l3i5e6n6a2b3l8e611 HTTP/1.1" 200 68659 "https://www.eskijuva-bozori.uz.uzbekgidroenergoqurilish.uz/?%60=a3l3i5e6n6a2b3l8e611" "Mozilla/5.0 AppleWebKit/537.36 (KHTML, like Gecko; compatible; ClaudeBot/1.0; +claudebot@anthropic.com)"
216.73.216.32 - - [25/Aug/2026:20:23:39 +0500] "GET /?%60=b3u1r3r5e7d938323 HTTP/1.1" 301 - "-" "Mozilla/5.0 AppleWebKit/537.36 (KHTML, like Gecko; compatible; ClaudeBot/1.0; +claudebot@anthropic.com)"
216.73.216.32 - - [25/Aug/2026:20:23:42 +0500] "GET /uz/?%60=b3u1r3r5e7d938323 HTTP/1.1" 200 68656 "https://www.eskijuva-bozori.uz.uzbekgidroenergoqurilish.uz/?%60=b3u1r3r5e7d938323" "Mozilla/5.0 AppleWebKit/537.36 (KHTML, like Gecko; compatible; ClaudeBot/1.0; +claudebot@anthropic.com)"
185.191.171.13 - - [25/Aug/2026:20:23:48 +0500] "GET /uz/about-org-uzb/strategy-uzb/10-uzbek HTTP/1.1" 200 65425 "-" "Mozilla/5.0 (compatible; SemrushBot/7~bl; +http://www.semrush.com/bot.html)"
34.61.96.6 - - [25/Aug/2026:20:23:53 +0500] "GET /ru/dividends-rus?start=12 HTTP/1.1" 200 132068 "-" "Mozilla/5.0 (Macintosh; Intel Mac OS X 10_15_7) AppleWebKit/537.36 (KHTML, like Gecko) Chrome/120.0.0.0 Safari/537.36"
216.73.216.32 - - [25/Aug/2026:20:24:03 +0500] "GET /shops/confated/t3r2u8e2s5t094249 HTTP/1.1" 301 - "-" "Mozilla/5.0 AppleWebKit/537.36 (KHTML, like Gecko; compatible; ClaudeBot/1.0; +claudebot@anthropic.com)"
94.154.43.146 - - [25/Aug/2026:20:24:03 +0500] "GET /.env HTTP/1.1" 301 - "-" "Mozilla/5.0 (Windows NT 10.0; Win64; x64) AppleWebKit/537.36 (KHTML, like Gecko) Chrome/147.0.0.0 Safari/537.36"
94.154.43.180 - - [25/Aug/2026:20:24:05 +0500] "GET /.env HTTP/1.1" 301 - "-" "Mozilla/5.0 (Windows NT 10.0; Win64; x64) AppleWebKit/537.36 (KHTML, like Gecko) Chrome/147.0.0.0 Safari/537.36"
216.73.216.32 - - [25/Aug/2026:20:24:07 +0500] "GET /uz/shops/confated/t3r2u8e2s5t094249 HTTP/1.1" 404 1248 "https://www.eskijuva-bozori.uz.uzbekgidroenergoqurilish.uz/shops/confated/t3r2u8e2s5t094249" "Mozilla/5.0 AppleWebKit/537.36 (KHTML, like Gecko; compatible; ClaudeBot/1.0; +claudebot@anthropic.com)"
94.154.43.129 - - [25/Aug/2026:20:24:07 +0500] "GET /uz/.env HTTP/1.1" 404 1248 "-" "Mozilla/5.0 (Windows NT 10.0; Win64; x64) AppleWebKit/537.36 (KHTML, like Gecko) Chrome/147.0.0.0 Safari/537.36"
94.154.43.158 - - [25/Aug/2026:20:24:09 +0500] "GET /uz/.env HTTP/1.1" 404 1216 "-" "Mozilla/5.0 (Windows NT 10.0; Win64; x64) AppleWebKit/537.36 (KHTML, like Gecko) Chrome/147.0.0.0 Safari/537.36"
216.73.216.32 - - [25/Aug/2026:20:24:09 +0500] "GET /shops/ligamental/p3a3n1o3p4e3u2s2354 HTTP/1.1" 301 - "-" "Mozilla/5.0 AppleWebKit/537.36 (KHTML, like Gecko; compatible; ClaudeBot/1.0; +claudebot@anthropic.com)"
216.73.216.32 - - [25/Aug/2026:20:24:12 +0500] "GET /uz/shops/ligamental/p3a3n1o3p4e3u2s2354 HTTP/1.1" 404 1248 "https://www.eskijuva-bozori.uz.uzbekgidroenergoqurilish.uz/shops/ligamental/p3a3n1o3p4e3u2s2354" "Mozilla/5.0 AppleWebKit/537.36 (KHTML, like Gecko; compatible; ClaudeBot/1.0; +claudebot@anthropic.com)"
216.73.216.32 - - [25/Aug/2026:20:24:36 +0500] "GET /shops/enation/s3h3e0w4b7r3e1a6d123 HTTP/1.1" 301 - "-" "Mozilla/5.0 AppleWebKit/537.36 (KHTML, like Gecko; compatible; ClaudeBot/1.0; +claudebot@anthropic.com)"
216.73.216.32 - - [25/Aug/2026:20:24:38 +0500] "GET /uz/shops/enation/s3h3e0w4b7r3e1a6d123 HTTP/1.1" 404 1248 "https://www.eskijuva-bozori.uz.uzbekgidroenergoqurilish.uz/shops/enation/s3h3e0w4b7r3e1a6d123" "Mozilla/5.0 AppleWebKit/537.36 (KHTML, like Gecko; compatible; ClaudeBot/1.0; +claudebot@anthropic.com)"
216.73.216.32 - - [25/Aug/2026:20:24:42 +0500] "GET /shewbread/reprehensively/31146400805 HTTP/1.1" 301 - "-" "Mozilla/5.0 AppleWebKit/537.36 (KHTML, like Gecko; compatible; ClaudeBot/1.0; +claudebot@anthropic.com)"
216.73.216.32 - - [25/Aug/2026:20:24:45 +0500] "GET /uz/shewbread/reprehensively/31146400805 HTTP/1.1" 404 1248 "https://www.eskijuva-bozori.uz.uzbekgidroenergoqurilish.uz/shewbread/reprehensively/31146400805" "Mozilla/5.0 AppleWebKit/537.36 (KHTML, like Gecko; compatible; ClaudeBot/1.0; +claudebot@anthropic.com)"
216.73.216.32 - - [25/Aug/2026:20:25:06 +0500] "GET /?%60=g3a2l6e2r6a904108 HTTP/1.1" 301 - "-" "Mozilla/5.0 AppleWebKit/537.36 (KHTML, like Gecko; compatible; ClaudeBot/1.0; +claudebot@anthropic.com)"
216.73.216.32 - - [25/Aug/2026:20:25:11 +0500] "GET /uz/?%60=g3a2l6e2r6a904108 HTTP/1.1" 200 68656 "https://www.eskijuva-bozori.uz.uzbekgidroenergoqurilish.uz/?%60=g3a2l6e2r6a904108" "Mozilla/5.0 AppleWebKit/537.36 (KHTML, like Gecko; compatible; ClaudeBot/1.0; +claudebot@anthropic.com)"
85.208.96.209 - - [25/Aug/2026:20:25:27 +0500] "GET /ru/affil-rus/17-russian/shareholders-rus/48-changes-rus HTTP/1.1" 200 60360 "-" "Mozilla/5.0 (compatible; SemrushBot/7~bl; +http://www.semrush.com/bot.html)"
85.208.96.203 - - [25/Aug/2026:20:26:05 +0500] "GET /uz/?amp%3Bstart=48&start=32&vars%5B1%5D%5B0%5D=1 HTTP/1.1" 200 68351 "-" "Mozilla/5.0 (compatible; SemrushBot/7~bl; +http://www.semrush.com/bot.html)"
216.73.216.32 - - [25/Aug/2026:20:26:12 +0500] "GET /?%60=c3o1n6i3m5e3n4e7999 HTTP/1.1" 301 - "-" "Mozilla/5.0 AppleWebKit/537.36 (KHTML, like Gecko; compatible; ClaudeBot/1.0; +claudebot@anthropic.com)"
216.73.216.32 - - [25/Aug/2026:20:26:16 +0500] "GET /uz/?%60=c3o1n6i3m5e3n4e7999 HTTP/1.1" 200 68658 "https://www.eskijuva-bozori.uz.uzbekgidroenergoqurilish.uz/?%60=c3o1n6i3m5e3n4e7999" "Mozilla/5.0 AppleWebKit/537.36 (KHTML, like Gecko; compatible; ClaudeBot/1.0; +claudebot@anthropic.com)"
216.73.216.32 - - [25/Aug/2026:20:26:36 +0500] "GET /fullface/c3h2o2p5p9i1n3g7582 HTTP/1.1" 301 - "-" "Mozilla/5.0 AppleWebKit/537.36 (KHTML, like Gecko; compatible; ClaudeBot/1.0; +claudebot@anthropic.com)"
216.73.216.32 - - [25/Aug/2026:20:26:40 +0500] "GET /uz/fullface/c3h2o2p5p9i1n3g7582 HTTP/1.1" 404 1248 "https://www.eskijuva-bozori.uz.uzbekgidroenergoqurilish.uz/fullface/c3h2o2p5p9i1n3g7582" "Mozilla/5.0 AppleWebKit/537.36 (KHTML, like Gecko; compatible; ClaudeBot/1.0; +claudebot@anthropic.com)"
216.73.216.32 - - [25/Aug/2026:20:27:17 +0500] "GET /?%60=t3e5s3t0i5c5u0l6a4t4e HTTP/1.1" 508 288 "-" "Mozilla/5.0 AppleWebKit/537.36 (KHTML, like Gecko; compatible; ClaudeBot/1.0; +claudebot@anthropic.com)"
216.73.216.32 - - [25/Aug/2026:20:27:41 +0500] "GET /?%60=a3f2g6h2a9n3i28306 HTTP/1.1" 508 288 "-" "Mozilla/5.0 AppleWebKit/537.36 (KHTML, like Gecko; compatible; ClaudeBot/1.0; +claudebot@anthropic.com)"
132.226.69.104 - - [25/Aug/2026:20:28:08 +0500] "GET /ru/info-for-shareholders-rus HTTP/1.1" 508 288 "-" "Mozilla/5.0 (X11; Linux aarch64) AppleWebKit/537.36 (KHTML, like Gecko) Chrome/139.0.0.0 Safari/537.36"
52.54.157.23 - - [25/Aug/2026:20:28:05 +0500] "GET /uz/korp-upr-uzb?amp&start=10 HTTP/1.1" 200 59428 "-" "Mozilla/5.0 AppleWebKit/537.36 (KHTML, like Gecko; compatible; Amazonbot/0.1; +https://developer.amazon.com/support/amazonbot) Chrome/119.0.6045.214 Safari/537.36"
216.73.216.32 - - [25/Aug/2026:20:29:25 +0500] "GET /?%60=z3o2a5n9t1h2a9r2i1a70 HTTP/1.1" 301 - "-" "Mozilla/5.0 AppleWebKit/537.36 (KHTML, like Gecko; compatible; ClaudeBot/1.0; +claudebot@anthropic.com)"
216.73.216.32 - - [25/Aug/2026:20:29:30 +0500] "GET /uz/?%60=z3o2a5n9t1h2a9r2i1a70 HTTP/1.1" 200 68660 "https://www.eskijuva-bozori.uz.uzbekgidroenergoqurilish.uz/?%60=z3o2a5n9t1h2a9r2i1a70" "Mozilla/5.0 AppleWebKit/537.36 (KHTML, like Gecko; compatible; ClaudeBot/1.0; +claudebot@anthropic.com)"
20.48.147.90 - - [25/Aug/2026:20:29:38 +0500] "GET /wp-content/plugins/hellopress/wp_filemanager.php HTTP/1.1" 404 5752 "-" "-"
20.48.147.90 - - [25/Aug/2026:20:29:38 +0500] "GET /this_is_a_new_hello_world.php HTTP/1.1" 404 5752 "-" "-"
20.48.147.90 - - [25/Aug/2026:20:29:39 +0500] "GET /doti.php HTTP/1.1" 404 5752 "-" "-"
20.48.147.90 - - [25/Aug/2026:20:29:39 +0500] "GET /naxc.php HTTP/1.1" 404 5752 "-" "-"
20.48.147.90 - - [25/Aug/2026:20:29:40 +0500] "GET /lib.php HTTP/1.1" 404 5752 "-" "-"
20.48.147.90 - - [25/Aug/2026:20:29:40 +0500] "GET /LegioN_LeakeRs.php HTTP/1.1" 404 5752 "-" "-"
20.48.147.90 - - [25/Aug/2026:20:29:41 +0500] "GET /LOGO/lib.php HTTP/1.1" 404 5752 "-" "-"
20.48.147.90 - - [25/Aug/2026:20:29:41 +0500] "GET /LegioN_LeakeRs.php HTTP/1.1" 404 5752 "-" "-"
20.48.147.90 - - [25/Aug/2026:20:29:42 +0500] "GET /naxc.php HTTP/1.1" 404 5752 "-" "-"
20.48.147.90 - - [25/Aug/2026:20:29:42 +0500] "GET /db.php/new.php HTTP/1.1" 404 5752 "-" "-"
20.48.147.90 - - [25/Aug/2026:20:29:42 +0500] "GET /info.php/new.php HTTP/1.1" 404 5752 "-" "-"
20.48.147.90 - - [25/Aug/2026:20:29:43 +0500] "GET /lib.php/new.php HTTP/1.1" 404 5752 "-" "-"
20.48.147.90 - - [25/Aug/2026:20:29:43 +0500] "GET /log.php/new.php HTTP/1.1" 404 5752 "-" "-"
20.48.147.90 - - [25/Aug/2026:20:29:44 +0500] "GET /wp-content/plugins/seoplugins/index.php/new.php HTTP/1.1" 404 5752 "-" "-"
20.48.147.90 - - [25/Aug/2026:20:29:44 +0500] "GET /admin.php/nope.php HTTP/1.1" 404 5752 "-" "-"
20.48.147.90 - - [25/Aug/2026:20:29:45 +0500] "GET /wp-admin/css/mghnhykio.php/new.php HTTP/1.1" 404 5752 "-" "-"
20.48.147.90 - - [25/Aug/2026:20:29:45 +0500] "GET /files.php/new.php HTTP/1.1" 404 5752 "-" "-"
20.48.147.90 - - [25/Aug/2026:20:29:45 +0500] "GET /ty.php HTTP/1.1" 404 5752 "-" "-"
20.48.147.90 - - [25/Aug/2026:20:29:46 +0500] "GET /ton.php HTTP/1.1" 404 5752 "-" "-"
20.48.147.90 - - [25/Aug/2026:20:29:46 +0500] "GET /nfile.php HTTP/1.1" 404 5752 "-" "-"
20.48.147.90 - - [25/Aug/2026:20:29:47 +0500] "GET /wfile.php HTTP/1.1" 404 5752 "-" "-"
20.48.147.90 - - [25/Aug/2026:20:29:47 +0500] "GET /acp.php HTTP/1.1" 404 5752 "-" "-"
20.48.147.90 - - [25/Aug/2026:20:29:47 +0500] "GET /asas.php HTTP/1.1" 404 5752 "-" "-"
20.48.147.90 - - [25/Aug/2026:20:29:48 +0500] "GET /222.php HTTP/1.1" 404 5752 "-" "-"
20.48.147.90 - - [25/Aug/2026:20:29:48 +0500] "GET /wp-configs.php HTTP/1.1" 404 5752 "-" "-"
20.48.147.90 - - [25/Aug/2026:20:29:49 +0500] "GET /33.php HTTP/1.1" 404 5752 "-" "-"
20.48.147.90 - - [25/Aug/2026:20:29:49 +0500] "GET /555.php HTTP/1.1" 404 5752 "-" "-"
20.48.147.90 - - [25/Aug/2026:20:29:49 +0500] "GET /ppp.php HTTP/1.1" 404 5752 "-" "-"
20.48.147.90 - - [25/Aug/2026:20:29:50 +0500] "GET /file88.php HTTP/1.1" 404 5752 "-" "-"
20.48.147.90 - - [25/Aug/2026:20:29:50 +0500] "GET /file5.php HTTP/1.1" 404 5752 "-" "-"
20.48.147.90 - - [25/Aug/2026:20:29:51 +0500] "GET /ava.php HTTP/1.1" 404 5752 "-" "-"
20.48.147.90 - - [25/Aug/2026:20:29:51 +0500] "GET /403.php HTTP/1.1" 404 5752 "-" "-"
20.48.147.90 - - [25/Aug/2026:20:29:51 +0500] "GET /geck.php HTTP/1.1" 404 5752 "-" "-"
20.48.147.90 - - [25/Aug/2026:20:29:52 +0500] "GET /build.php HTTP/1.1" 404 5752 "-" "-"
20.48.147.90 - - [25/Aug/2026:20:29:52 +0500] "GET /p.php HTTP/1.1" 404 5752 "-" "-"
20.48.147.90 - - [25/Aug/2026:20:29:53 +0500] "GET /cc.php HTTP/1.1" 404 5752 "-" "-"
20.48.147.90 - - [25/Aug/2026:20:29:53 +0500] "GET /v1.php HTTP/1.1" 404 5752 "-" "-"
20.48.147.90 - - [25/Aug/2026:20:29:53 +0500] "GET /0x.php HTTP/1.1" 404 5752 "-" "-"
216.73.216.32 - - [25/Aug/2026:20:29:48 +0500] "GET /semiproof/a3p4p2a9r1i2t8i9o9n27 HTTP/1.1" 301 - "-" "Mozilla/5.0 AppleWebKit/537.36 (KHTML, like Gecko; compatible; ClaudeBot/1.0; +claudebot@anthropic.com)"
20.48.147.90 - - [25/Aug/2026:20:29:54 +0500] "GET /class629.php HTTP/1.1" 404 5752 "-" "-"
20.48.147.90 - - [25/Aug/2026:20:29:54 +0500] "GET /file21.php HTTP/1.1" 404 5752 "-" "-"
20.48.147.90 - - [25/Aug/2026:20:29:55 +0500] "GET /yellow.php HTTP/1.1" 404 5752 "-" "-"
20.48.147.90 - - [25/Aug/2026:20:29:55 +0500] "GET /777.php HTTP/1.1" 404 5752 "-" "-"
216.73.216.32 - - [25/Aug/2026:20:29:55 +0500] "GET /shops/secluding/p3a2t7r9i4z0a3t8e750 HTTP/1.1" 508 288 "-" "Mozilla/5.0 AppleWebKit/537.36 (KHTML, like Gecko; compatible; ClaudeBot/1.0; +claudebot@anthropic.com)"
20.48.147.90 - - [25/Aug/2026:20:29:55 +0500] "GET /030.php HTTP/1.1" 404 5752 "-" "-"
20.48.147.90 - - [25/Aug/2026:20:29:56 +0500] "GET /cfile.php HTTP/1.1" 404 5752 "-" "-"
20.48.147.90 - - [25/Aug/2026:20:29:56 +0500] "GET /aaa.php HTTP/1.1" 404 5752 "-" "-"
20.48.147.90 - - [25/Aug/2026:20:29:57 +0500] "GET /class.php HTTP/1.1" 404 5752 "-" "-"
20.48.147.90 - - [25/Aug/2026:20:29:57 +0500] "GET /vee.php HTTP/1.1" 404 5752 "-" "-"
20.48.147.90 - - [25/Aug/2026:20:29:57 +0500] "GET /ws33.php HTTP/1.1" 404 5752 "-" "-"
20.48.147.90 - - [25/Aug/2026:20:29:58 +0500] "GET /menu.php HTTP/1.1" 404 5752 "-" "-"
20.48.147.90 - - [25/Aug/2026:20:29:58 +0500] "GET /1.php HTTP/1.1" 404 5752 "-" "-"
20.48.147.90 - - [25/Aug/2026:20:29:59 +0500] "GET /aa.php HTTP/1.1" 404 5752 "-" "-"
20.48.147.90 - - [25/Aug/2026:20:29:59 +0500] "GET /bolt.php HTTP/1.1" 404 5752 "-" "-"
20.48.147.90 - - [25/Aug/2026:20:29:59 +0500] "GET /v2.php HTTP/1.1" 404 5752 "-" "-"
216.73.216.32 - - [25/Aug/2026:20:29:54 +0500] "GET /uz/semiproof/a3p4p2a9r1i2t8i9o9n27 HTTP/1.1" 404 1248 "https://www.eskijuva-bozori.uz.uzbekgidroenergoqurilish.uz/semiproof/a3p4p2a9r1i2t8i9o9n27" "Mozilla/5.0 AppleWebKit/537.36 (KHTML, like Gecko; compatible; ClaudeBot/1.0; +claudebot@anthropic.com)"
20.48.147.90 - - [25/Aug/2026:20:30:00 +0500] "GET /class9.php HTTP/1.1" 404 5752 "-" "-"
20.48.147.90 - - [25/Aug/2026:20:30:00 +0500] "GET /abc.php HTTP/1.1" 404 5752 "-" "-"
20.48.147.90 - - [25/Aug/2026:20:30:01 +0500] "GET /f6.php HTTP/1.1" 404 5752 "-" "-"
20.48.147.90 - - [25/Aug/2026:20:30:01 +0500] "GET /new4.php HTTP/1.1" 404 5752 "-" "-"
20.48.147.90 - - [25/Aug/2026:20:30:01 +0500] "GET /xxx.php HTTP/1.1" 404 5752 "-" "-"
20.48.147.90 - - [25/Aug/2026:20:30:02 +0500] "GET /moon3.php HTTP/1.1" 404 5752 "-" "-"
20.48.147.90 - - [25/Aug/2026:20:30:02 +0500] "GET /wb.php HTTP/1.1" 404 5752 "-" "-"
20.48.147.90 - - [25/Aug/2026:20:30:03 +0500] "GET /mlex.php HTTP/1.1" 404 5752 "-" "-"
20.48.147.90 - - [25/Aug/2026:20:30:03 +0500] "GET /tox.php HTTP/1.1" 404 5752 "-" "-"
20.48.147.90 - - [25/Aug/2026:20:30:03 +0500] "GET /v3.php HTTP/1.1" 404 5752 "-" "-"
20.48.147.90 - - [25/Aug/2026:20:30:04 +0500] "GET /wp-is.php HTTP/1.1" 404 5752 "-" "-"
20.48.147.90 - - [25/Aug/2026:20:30:04 +0500] "GET /lala.php HTTP/1.1" 404 5752 "-" "-"
20.48.147.90 - - [25/Aug/2026:20:30:05 +0500] "GET /fileas.php HTTP/1.1" 404 5752 "-" "-"
20.48.147.90 - - [25/Aug/2026:20:30:05 +0500] "GET /file8.php HTTP/1.1" 404 5752 "-" "-"
20.48.147.90 - - [25/Aug/2026:20:30:06 +0500] "GET /x7.php HTTP/1.1" 404 5752 "-" "-"
20.48.147.90 - - [25/Aug/2026:20:30:06 +0500] "GET /moon.php HTTP/1.1" 404 5752 "-" "-"
20.48.147.90 - - [25/Aug/2026:20:30:06 +0500] "GET /fs.php HTTP/1.1" 404 5752 "-" "-"
20.48.147.90 - - [25/Aug/2026:20:30:07 +0500] "GET /v4.php HTTP/1.1" 404 5752 "-" "-"
20.48.147.90 - - [25/Aug/2026:20:30:07 +0500] "GET /wto.php HTTP/1.1" 404 5752 "-" "-"
20.48.147.90 - - [25/Aug/2026:20:30:08 +0500] "GET /CLA.php HTTP/1.1" 404 5752 "-" "-"
20.48.147.90 - - [25/Aug/2026:20:30:08 +0500] "GET /file1.php HTTP/1.1" 404 5752 "-" "-"
20.48.147.90 - - [25/Aug/2026:20:30:08 +0500] "GET /pp.php HTTP/1.1" 404 5752 "-" "-"
20.48.147.90 - - [25/Aug/2026:20:30:09 +0500] "GET /mds.php HTTP/1.1" 404 5752 "-" "-"
20.48.147.90 - - [25/Aug/2026:20:30:09 +0500] "GET /0x0x.php HTTP/1.1" 404 5752 "-" "-"
20.48.147.90 - - [25/Aug/2026:20:30:10 +0500] "GET /file17.php HTTP/1.1" 404 5752 "-" "-"
20.48.147.90 - - [25/Aug/2026:20:30:10 +0500] "GET /flower.php HTTP/1.1" 404 5752 "-" "-"
20.48.147.90 - - [25/Aug/2026:20:30:11 +0500] "GET /444.php HTTP/1.1" 404 5752 "-" "-"
20.48.147.90 - - [25/Aug/2026:20:30:11 +0500] "GET /finny.php HTTP/1.1" 404 5752 "-" "-"
20.48.147.90 - - [25/Aug/2026:20:30:11 +0500] "GET /x.php HTTP/1.1" 404 5752 "-" "-"
20.48.147.90 - - [25/Aug/2026:20:30:12 +0500] "GET /1aa.php HTTP/1.1" 404 5752 "-" "-"
20.48.147.90 - - [25/Aug/2026:20:30:12 +0500] "GET /2.php HTTP/1.1" 404 5752 "-" "-"
20.48.147.90 - - [25/Aug/2026:20:30:13 +0500] "GET /class19.php HTTP/1.1" 404 5752 "-" "-"
20.48.147.90 - - [25/Aug/2026:20:30:13 +0500] "GET /he.php HTTP/1.1" 404 5752 "-" "-"
20.48.147.90 - - [25/Aug/2026:20:30:13 +0500] "GET /bless11.php HTTP/1.1" 404 5752 "-" "-"
20.48.147.90 - - [25/Aug/2026:20:30:14 +0500] "GET /sko.php HTTP/1.1" 404 5752 "-" "-"
20.48.147.90 - - [25/Aug/2026:20:30:14 +0500] "GET /o.php HTTP/1.1" 404 5752 "-" "-"
20.48.147.90 - - [25/Aug/2026:20:30:15 +0500] "GET /ws34.php HTTP/1.1" 404 5752 "-" "-"
20.48.147.90 - - [25/Aug/2026:20:30:15 +0500] "GET /mini.php HTTP/1.1" 404 5752 "-" "-"
20.48.147.90 - - [25/Aug/2026:20:30:15 +0500] "GET /inde.php HTTP/1.1" 404 5752 "-" "-"
20.48.147.90 - - [25/Aug/2026:20:30:16 +0500] "GET /111.php HTTP/1.1" 404 5752 "-" "-"
20.48.147.90 - - [25/Aug/2026:20:30:16 +0500] "GET /xxxx.php HTTP/1.1" 404 5752 "-" "-"
20.48.147.90 - - [25/Aug/2026:20:30:17 +0500] "GET /an7.php HTTP/1.1" 404 5752 "-" "-"
20.48.147.90 - - [25/Aug/2026:20:30:17 +0500] "GET /666.php HTTP/1.1" 404 5752 "-" "-"
20.48.147.90 - - [25/Aug/2026:20:30:18 +0500] "GET /a.php HTTP/1.1" 404 5752 "-" "-"
20.48.147.90 - - [25/Aug/2026:20:30:18 +0500] "GET /bless.php HTTP/1.1" 404 5752 "-" "-"
20.48.147.90 - - [25/Aug/2026:20:30:18 +0500] "GET /file9.php HTTP/1.1" 404 5752 "-" "-"
20.48.147.90 - - [25/Aug/2026:20:30:19 +0500] "GET /a2.php HTTP/1.1" 404 5752 "-" "-"
20.48.147.90 - - [25/Aug/2026:20:30:19 +0500] "GET /file4.php HTTP/1.1" 404 5752 "-" "-"
20.48.147.90 - - [25/Aug/2026:20:30:20 +0500] "GET /plss3.php HTTP/1.1" 404 5752 "-" "-"
20.48.147.90 - - [25/Aug/2026:20:30:20 +0500] "GET /file15.php HTTP/1.1" 404 5752 "-" "-"
20.48.147.90 - - [25/Aug/2026:20:30:21 +0500] "GET /wsd.php HTTP/1.1" 404 5752 "-" "-"
20.48.147.90 - - [25/Aug/2026:20:30:21 +0500] "GET /shell.php HTTP/1.1" 404 5752 "-" "-"
20.48.147.90 - - [25/Aug/2026:20:30:22 +0500] "GET /akk.php HTTP/1.1" 404 5752 "-" "-"
20.48.147.90 - - [25/Aug/2026:20:30:22 +0500] "GET /n.php HTTP/1.1" 404 5752 "-" "-"
20.48.147.90 - - [25/Aug/2026:20:30:23 +0500] "GET /ws36.php HTTP/1.1" 404 5752 "-" "-"
20.48.147.90 - - [25/Aug/2026:20:30:23 +0500] "GET /ws45.php HTTP/1.1" 404 5752 "-" "-"
20.48.147.90 - - [25/Aug/2026:20:30:23 +0500] "GET /file30.php HTTP/1.1" 404 5752 "-" "-"
20.48.147.90 - - [25/Aug/2026:20:30:24 +0500] "GET /racs3.php HTTP/1.1" 404 5752 "-" "-"
216.73.216.32 - - [25/Aug/2026:20:30:20 +0500] "GET /?%60=a3d2j7e9c3t0i8o6n243 HTTP/1.1" 301 - "-" "Mozilla/5.0 AppleWebKit/537.36 (KHTML, like Gecko; compatible; ClaudeBot/1.0; +claudebot@anthropic.com)"
20.48.147.90 - - [25/Aug/2026:20:30:24 +0500] "GET /cccc.php HTTP/1.1" 404 5752 "-" "-"
20.48.147.90 - - [25/Aug/2026:20:30:25 +0500] "GET /file3.php HTTP/1.1" 404 5752 "-" "-"
20.48.147.90 - - [25/Aug/2026:20:30:25 +0500] "GET /mail.php HTTP/1.1" 404 5752 "-" "-"
20.48.147.90 - - [25/Aug/2026:20:30:25 +0500] "GET /lm13.php HTTP/1.1" 404 5752 "-" "-"
20.48.147.90 - - [25/Aug/2026:20:30:26 +0500] "GET /xeqdlun.php HTTP/1.1" 404 5752 "-" "-"
20.48.147.90 - - [25/Aug/2026:20:30:26 +0500] "GET /file18.php HTTP/1.1" 404 5752 "-" "-"
20.48.147.90 - - [25/Aug/2026:20:30:26 +0500] "GET /hook.php HTTP/1.1" 404 5752 "-" "-"
20.48.147.90 - - [25/Aug/2026:20:30:27 +0500] "GET /ffile.php HTTP/1.1" 404 5752 "-" "-"
20.48.147.90 - - [25/Aug/2026:20:30:27 +0500] "GET /file2.php HTTP/1.1" 404 5752 "-" "-"
20.48.147.90 - - [25/Aug/2026:20:30:28 +0500] "GET /xxw.php HTTP/1.1" 404 5752 "-" "-"
