93.158.213.25 - - [25/Aug/2026:19:24:54 +0500] "GET /uz/?s=index/think%5C%5C%5C%5C%5C%5C%5C%5C%5C%5C%5C%5C%5C%5C%5C%5Capp/invokefunction&function=call_user_func_array&vars[0]=phpinfo&vars[1][0]=1&start=16 HTTP/1.1" 200 67826 "-" "Mozilla/5.0 (compatible; MJ12bot/v1.4.8; http://mj12bot.com/)"
93.158.213.25 - - [25/Aug/2026:19:25:04 +0500] "GET /uz/?s=index/think%5C%5C%5C%5C%5C%5C%5C%5C%5C%5C%5C%5C%5C%5C%5C%5Capp/invokefunction&function=call_user_func_array&vars[0]=phpinfo&vars[1][0]=1&start=20 HTTP/1.1" 200 68571 "-" "Mozilla/5.0 (compatible; MJ12bot/v1.4.8; http://mj12bot.com/)"
93.158.213.25 - - [25/Aug/2026:19:25:13 +0500] "GET /uz/?s=index/think%5C%5C%5C%5C%5C%5C%5C%5C%5C%5C%5C%5C%5C%5C%5C%5Capp/invokefunction&function=call_user_func_array&vars[0]=phpinfo&vars[1][0]=1&start=24 HTTP/1.1" 200 68900 "-" "Mozilla/5.0 (compatible; MJ12bot/v1.4.8; http://mj12bot.com/)"
216.73.216.32 - - [25/Aug/2026:19:25:46 +0500] "GET /uz/component/search/?Itemid=117&%60=f3u1c5k1e6d9u9p0460&format=opensearch HTTP/1.1" 200 857 "-" "Mozilla/5.0 AppleWebKit/537.36 (KHTML, like Gecko; compatible; ClaudeBot/1.0; +claudebot@anthropic.com)"
144.24.35.25 - - [25/Aug/2026:19:25:58 +0500] "GET /uz/info-for-shareholders-uzb?start=20 HTTP/1.1" 508 288 "-" "Mozilla/5.0 (X11; Linux aarch64) AppleWebKit/537.36 (KHTML, like Gecko) Chrome/139.0.0.0 Safari/537.36"
216.73.216.108 - - [25/Aug/2026:19:26:06 +0500] "GET /uz/?r=f4o1u8l9l2y580498&start=4 HTTP/1.1" 200 67919 "-" "Mozilla/5.0 AppleWebKit/537.36 (KHTML, like Gecko; compatible; ClaudeBot/1.0; +claudebot@anthropic.com)"
216.73.216.32 - - [25/Aug/2026:19:26:17 +0500] "GET /shops/noose/u3n5e6x3t6i3n1g0u8i1shably HTTP/1.1" 508 288 "-" "Mozilla/5.0 AppleWebKit/537.36 (KHTML, like Gecko; compatible; ClaudeBot/1.0; +claudebot@anthropic.com)"
216.73.216.32 - - [25/Aug/2026:19:26:10 +0500] "GET /uz/?r=e9x3t7r6e3m2i3t7y235&start=4 HTTP/1.1" 200 68146 "-" "Mozilla/5.0 AppleWebKit/537.36 (KHTML, like Gecko; compatible; ClaudeBot/1.0; +claudebot@anthropic.com)"
34.10.180.98 - - [25/Aug/2026:19:26:22 +0500] "GET /uz/audit-uzb/10-uzbek HTTP/1.1" 200 66799 "-" "Mozilla/5.0 (Macintosh; Intel Mac OS X 10_15_7) AppleWebKit/537.36 (KHTML, like Gecko) Chrome/120.0.0.0 Safari/537.36"
216.73.216.32 - - [25/Aug/2026:19:26:44 +0500] "GET /scorn/contrastimulant/o3p3p8o5s5i3t8i7f1o6l9ious HTTP/1.1" 301 - "-" "Mozilla/5.0 AppleWebKit/537.36 (KHTML, like Gecko; compatible; ClaudeBot/1.0; +claudebot@anthropic.com)"
85.208.96.199 - - [25/Aug/2026:19:26:46 +0500] "GET /uz/facts-uzb?start=30&template=yoo_master2 HTTP/1.1" 200 68388 "-" "Mozilla/5.0 (compatible; SemrushBot/7~bl; +http://www.semrush.com/bot.html)"
216.73.216.32 - - [25/Aug/2026:19:26:50 +0500] "GET /uz/scorn/contrastimulant/o3p3p8o5s5i3t8i7f1o6l9ious HTTP/1.1" 404 1248 "https://www.eskijuva-bozori.uz.uzbekgidroenergoqurilish.uz/scorn/contrastimulant/o3p3p8o5s5i3t8i7f1o6l9ious" "Mozilla/5.0 AppleWebKit/537.36 (KHTML, like Gecko; compatible; ClaudeBot/1.0; +claudebot@anthropic.com)"
216.73.216.32 - - [25/Aug/2026:19:27:09 +0500] "GET /uz/?r=m9o3i5l6i7n2g8588&start=16 HTTP/1.1" 200 67891 "-" "Mozilla/5.0 AppleWebKit/537.36 (KHTML, like Gecko; compatible; ClaudeBot/1.0; +claudebot@anthropic.com)"
34.10.180.98 - - [25/Aug/2026:19:27:24 +0500] "GET /uz/facts-uzb/140-06-fact-15-11-16 HTTP/1.1" 508 288 "-" "Mozilla/5.0 (Macintosh; Intel Mac OS X 10_15_7) AppleWebKit/537.36 (KHTML, like Gecko) Chrome/120.0.0.0 Safari/537.36"
185.191.171.3 - - [25/Aug/2026:19:27:21 +0500] "GET /uz/votes-uzb/315-poll-19-05-2020 HTTP/1.1" 200 56725 "-" "Mozilla/5.0 (compatible; SemrushBot/7~bl; +http://www.semrush.com/bot.html)"
34.10.180.98 - - [25/Aug/2026:19:27:23 +0500] "GET /ru/news-rus?format=feed&type=atom HTTP/1.1" 200 9452 "-" "Mozilla/5.0 (Macintosh; Intel Mac OS X 10_15_7) AppleWebKit/537.36 (KHTML, like Gecko) Chrome/120.0.0.0 Safari/537.36"
35.254.159.230 - - [25/Aug/2026:19:28:37 +0500] "GET /uz/news-uzb?start=16&template=accessibility HTTP/1.1" 200 34104 "-" "Mozilla/5.0 (Macintosh; Intel Mac OS X 10_15_7) AppleWebKit/537.36 (KHTML, like Gecko) Chrome/120.0.0.0 Safari/537.36"
136.119.35.120 - - [25/Aug/2026:19:29:06 +0500] "GET /ru/component/search/?Itemid=163&format=opensearch HTTP/1.1" 508 288 "-" "Mozilla/5.0 (Macintosh; Intel Mac OS X 10_15_7) AppleWebKit/537.36 (KHTML, like Gecko) Chrome/120.0.0.0 Safari/537.36"
185.191.171.13 - - [25/Aug/2026:19:29:12 +0500] "GET /uz/?amp%3Bstart=48&start=48&vars%5B1%5D%5B0%5D=1 HTTP/1.1" 200 68961 "-" "Mozilla/5.0 (compatible; SemrushBot/7~bl; +http://www.semrush.com/bot.html)"
34.10.180.98 - - [25/Aug/2026:19:31:26 +0500] "GET /uz/dividends-uzb/460-dividend-2024 HTTP/1.1" 200 57957 "-" "Mozilla/5.0 (Macintosh; Intel Mac OS X 10_15_7) AppleWebKit/537.36 (KHTML, like Gecko) Chrome/120.0.0.0 Safari/537.36"
216.73.216.32 - - [25/Aug/2026:19:31:42 +0500] "GET /uz/?r=c4h5o7r6d1a74198 HTTP/1.1" 508 288 "-" "Mozilla/5.0 AppleWebKit/537.36 (KHTML, like Gecko; compatible; ClaudeBot/1.0; +claudebot@anthropic.com)"
34.10.180.98 - - [25/Aug/2026:19:31:53 +0500] "GET /docs/bussiness-plan-2018.pdf HTTP/1.1" 200 342184 "-" "Mozilla/5.0 (Macintosh; Intel Mac OS X 10_15_7) AppleWebKit/537.36 (KHTML, like Gecko) Chrome/120.0.0.0 Safari/537.36"
216.73.216.108 - - [25/Aug/2026:19:32:14 +0500] "GET /uz/?format=feed&r=s4e2r5a8p7h7s44072&type=rss HTTP/1.1" 200 5752 "-" "Mozilla/5.0 AppleWebKit/537.36 (KHTML, like Gecko; compatible; ClaudeBot/1.0; +claudebot@anthropic.com)"
185.191.171.6 - - [25/Aug/2026:19:32:52 +0500] "GET /uz/?function=call_user_func_array&s=index%2Fthink%2Fapp%2Finvokefunction&start=32&vars%5B0%5D=phpinfo&vars%5B1%5D%5B0%5D=1 HTTP/1.1" 508 288 "-" "Mozilla/5.0 (compatible; SemrushBot/7~bl; +http://www.semrush.com/bot.html)"
114.119.159.87 - - [25/Aug/2026:19:33:11 +0500] "GET /ru/korp-upr-rus HTTP/1.1" 508 288 "https://eskijuva-bozori.uz/ru/facts-rus/477-sush-fakt-40-20-11-2025-pdf" "Mozilla/5.0 (Linux; Android 7.0;) AppleWebKit/537.36 (HTML, like Gecko) Mobile Safari/537.36 (compatible; PetalBot;+https://webmaster.petalsearch.com/site/petalbot)"
34.196.6.199 - - [25/Aug/2026:19:33:06 +0500] "GET /ru/votes-rus?format=feed&type=atom HTTP/1.1" 200 12193 "-" "Mozilla/5.0 AppleWebKit/537.36 (KHTML, like Gecko; compatible; Amazonbot/0.1; +https://developer.amazon.com/support/amazonbot) Chrome/119.0.6045.214 Safari/537.36"
216.73.216.108 - - [25/Aug/2026:19:33:16 +0500] "GET /uz/?r=s4e2r5a8p7h7s44072&start=12 HTTP/1.1" 200 68185 "-" "Mozilla/5.0 AppleWebKit/537.36 (KHTML, like Gecko; compatible; ClaudeBot/1.0; +claudebot@anthropic.com)"
216.73.216.108 - - [25/Aug/2026:19:33:45 +0500] "GET /uz/?r=s4e2r5a8p7h7s44072&start=52 HTTP/1.1" 200 69015 "-" "Mozilla/5.0 AppleWebKit/537.36 (KHTML, like Gecko; compatible; ClaudeBot/1.0; +claudebot@anthropic.com)"
136.119.35.120 - - [25/Aug/2026:19:33:49 +0500] "GET /uz/about-org-uzb/information-on-the-financial?template=accessibility HTTP/1.1" 200 26406 "-" "Mozilla/5.0 (Macintosh; Intel Mac OS X 10_15_7) AppleWebKit/537.36 (KHTML, like Gecko) Chrome/120.0.0.0 Safari/537.36"
34.10.180.98 - - [25/Aug/2026:19:34:25 +0500] "GET /uz/officially-uzb/ustav-uzb?template=yoo_master2 HTTP/1.1" 200 63119 "-" "Mozilla/5.0 (Macintosh; Intel Mac OS X 10_15_7) AppleWebKit/537.36 (KHTML, like Gecko) Chrome/120.0.0.0 Safari/537.36"
114.119.138.59 - - [25/Aug/2026:19:34:35 +0500] "GET /docs/2023/sush_fakt-06-04.09.2023.doc HTTP/1.1" 200 97792 "https://eskijuva-bozori.uz/uz/facts-uzb/413-sush-fakt-06-04-09-2023-doc" "Mozilla/5.0 (Linux; Android 7.0;) AppleWebKit/537.36 (HTML, like Gecko) Mobile Safari/537.36 (compatible; PetalBot;+https://webmaster.petalsearch.com/site/petalbot)"
34.10.180.98 - - [25/Aug/2026:19:34:58 +0500] "GET /uz/news-uzb?template=yoo_master2 HTTP/1.1" 508 288 "-" "Mozilla/5.0 (Macintosh; Intel Mac OS X 10_15_7) AppleWebKit/537.36 (KHTML, like Gecko) Chrome/120.0.0.0 Safari/537.36"
136.119.35.120 - - [25/Aug/2026:19:35:05 +0500] "GET /ru/facts-rus?start=90 HTTP/1.1" 200 62329 "-" "Mozilla/5.0 (Macintosh; Intel Mac OS X 10_15_7) AppleWebKit/537.36 (KHTML, like Gecko) Chrome/120.0.0.0 Safari/537.36"
3.89.176.255 - - [25/Aug/2026:19:35:13 +0500] "GET /uz/?ismobile=1&start=48 HTTP/1.1" 200 68717 "-" "Mozilla/5.0 AppleWebKit/537.36 (KHTML, like Gecko; compatible; Amazonbot/0.1; +https://developer.amazon.com/support/amazonbot) Chrome/119.0.6045.214 Safari/537.36"
34.10.180.98 - - [25/Aug/2026:19:35:19 +0500] "GET /uz/officially-uzb/ustav-uzb HTTP/1.1" 200 63526 "-" "Mozilla/5.0 (Macintosh; Intel Mac OS X 10_15_7) AppleWebKit/537.36 (KHTML, like Gecko) Chrome/120.0.0.0 Safari/537.36"
185.191.171.12 - - [25/Aug/2026:19:35:36 +0500] "GET /uz/?start=20&template=accessibility HTTP/1.1" 508 288 "-" "Mozilla/5.0 (compatible; SemrushBot/7~bl; +http://www.semrush.com/bot.html)"
85.208.96.206 - - [25/Aug/2026:19:35:42 +0500] "GET /uz/?function=call_user_func_array&s=index%2Fthinkapp%2Finvokefunction&start=28&vars%5B0%5D=phpinfo&vars%5B1%5D%5B0%5D=1 HTTP/1.1" 508 288 "-" "Mozilla/5.0 (compatible; SemrushBot/7~bl; +http://www.semrush.com/bot.html)"
216.73.216.108 - - [25/Aug/2026:19:35:34 +0500] "GET /uz/?r=s4e2r5a8p7h7s44072&start=4 HTTP/1.1" 200 67920 "-" "Mozilla/5.0 AppleWebKit/537.36 (KHTML, like Gecko; compatible; ClaudeBot/1.0; +claudebot@anthropic.com)"
50.16.216.166 - - [25/Aug/2026:19:35:38 +0500] "GET /uz/?function=call_user_func_array&start=52 HTTP/1.1" 200 69059 "-" "Mozilla/5.0 AppleWebKit/537.36 (KHTML, like Gecko; compatible; Amazonbot/0.1; +https://developer.amazon.com/support/amazonbot) Chrome/119.0.6045.214 Safari/537.36"
216.73.216.108 - - [25/Aug/2026:19:36:00 +0500] "GET /uz/?r=s4e2r5a8p7h7s44072&start=8 HTTP/1.1" 200 67558 "-" "Mozilla/5.0 AppleWebKit/537.36 (KHTML, like Gecko; compatible; ClaudeBot/1.0; +claudebot@anthropic.com)"
216.73.216.32 - - [25/Aug/2026:19:36:23 +0500] "GET /shops/frighten/m3e1a0t7y577675 HTTP/1.1" 301 - "-" "Mozilla/5.0 AppleWebKit/537.36 (KHTML, like Gecko; compatible; ClaudeBot/1.0; +claudebot@anthropic.com)"
216.73.216.32 - - [25/Aug/2026:19:36:29 +0500] "GET /uz/shops/frighten/m3e1a0t7y577675 HTTP/1.1" 404 1248 "https://www.eskijuva-bozori.uz.uzbekgidroenergoqurilish.uz/shops/frighten/m3e1a0t7y577675" "Mozilla/5.0 AppleWebKit/537.36 (KHTML, like Gecko; compatible; ClaudeBot/1.0; +claudebot@anthropic.com)"
216.73.216.108 - - [25/Aug/2026:19:36:49 +0500] "GET /uz/?format=feed&r=s4e2r5a8p7h7s44072&type=atom HTTP/1.1" 200 8857 "-" "Mozilla/5.0 AppleWebKit/537.36 (KHTML, like Gecko; compatible; ClaudeBot/1.0; +claudebot@anthropic.com)"
34.123.149.87 - - [25/Aug/2026:19:36:55 +0500] "GET /uz/news-uzb/396-news-09-06-2022 HTTP/1.1" 200 58274 "-" "Mozilla/5.0 (Macintosh; Intel Mac OS X 10_15_7) AppleWebKit/537.36 (KHTML, like Gecko) Chrome/120.0.0.0 Safari/537.36"
54.235.191.179 - - [25/Aug/2026:19:37:34 +0500] "GET /ru/jsc-docs-rus/377-div-polit-ru-docx HTTP/1.1" 200 54722 "-" "Mozilla/5.0 AppleWebKit/537.36 (KHTML, like Gecko; compatible; Amazonbot/0.1; +https://developer.amazon.com/support/amazonbot) Chrome/119.0.6045.214 Safari/537.36"
34.10.180.98 - - [25/Aug/2026:19:37:47 +0500] "GET /uz/about-org-uzb/information-on-the-financial?template=yoo_master2 HTTP/1.1" 200 56830 "-" "Mozilla/5.0 (Macintosh; Intel Mac OS X 10_15_7) AppleWebKit/537.36 (KHTML, like Gecko) Chrome/120.0.0.0 Safari/537.36"
100.29.63.24 - - [25/Aug/2026:19:38:13 +0500] "GET /uz/?start=32&x=ooo HTTP/1.1" 508 288 "-" "Mozilla/5.0 AppleWebKit/537.36 (KHTML, like Gecko; compatible; Amazonbot/0.1; +https://developer.amazon.com/support/amazonbot) Chrome/119.0.6045.214 Safari/537.36"
52.45.77.169 - - [25/Aug/2026:19:38:10 +0500] "GET /uz/?amp&ismobile=1%27 HTTP/1.1" 200 68364 "-" "Mozilla/5.0 AppleWebKit/537.36 (KHTML, like Gecko; compatible; Amazonbot/0.1; +https://developer.amazon.com/support/amazonbot) Chrome/119.0.6045.214 Safari/537.36"
52.70.123.241 - - [25/Aug/2026:19:38:36 +0500] "GET /uz/?phpinfo=16arSsAYV&start=44 HTTP/1.1" 200 69598 "-" "Mozilla/5.0 AppleWebKit/537.36 (KHTML, like Gecko; compatible; Amazonbot/0.1; +https://developer.amazon.com/support/amazonbot) Chrome/119.0.6045.214 Safari/537.36"
34.56.124.53 - - [25/Aug/2026:19:38:42 +0500] "GET /docs/2025/ustav-25.11.2025-ejb.pdf HTTP/1.1" 200 1495663 "-" "Mozilla/5.0 (Macintosh; Intel Mac OS X 10_15_7) AppleWebKit/537.36 (KHTML, like Gecko) Chrome/120.0.0.0 Safari/537.36"
216.73.216.32 - - [25/Aug/2026:19:38:50 +0500] "GET /monstrosities/j3a1z9z3y1601572 HTTP/1.1" 301 - "-" "Mozilla/5.0 AppleWebKit/537.36 (KHTML, like Gecko; compatible; ClaudeBot/1.0; +claudebot@anthropic.com)"
216.73.216.32 - - [25/Aug/2026:19:38:56 +0500] "GET /uz/monstrosities/j3a1z9z3y1601572 HTTP/1.1" 404 1248 "https://www.eskijuva-bozori.uz.uzbekgidroenergoqurilish.uz/monstrosities/j3a1z9z3y1601572" "Mozilla/5.0 AppleWebKit/537.36 (KHTML, like Gecko; compatible; ClaudeBot/1.0; +claudebot@anthropic.com)"
185.191.171.15 - - [25/Aug/2026:19:39:08 +0500] "GET /robots.txt HTTP/1.1" 200 111 "-" "Mozilla/5.0 (compatible; SemrushBot/7~bl; +http://www.semrush.com/bot.html)"
3.213.213.161 - - [25/Aug/2026:19:39:06 +0500] "GET /uz/officially-uzb/tenders-uzb/285-konkurs-audit-2020uzb HTTP/1.1" 200 59305 "-" "Mozilla/5.0 AppleWebKit/537.36 (KHTML, like Gecko; compatible; Amazonbot/0.1; +https://developer.amazon.com/support/amazonbot) Chrome/119.0.6045.214 Safari/537.36"
85.208.96.194 - - [25/Aug/2026:19:39:09 +0500] "GET /ru/about-org-rus/strategy-rus/248-bussiness-plan-2019-rus HTTP/1.1" 200 56228 "-" "Mozilla/5.0 (compatible; SemrushBot/7~bl; +http://www.semrush.com/bot.html)"
192.178.6.100 - - [25/Aug/2026:19:39:29 +0500] "GET /ru/news-rus/17-russian/shareholders-rus?start=8 HTTP/1.1" 200 180140 "-" "Mozilla/5.0 (Linux; Android 6.0.1; Nexus 5X Build/MMB29P) AppleWebKit/537.36 (KHTML, like Gecko) Chrome/151.0.7922.137 Mobile Safari/537.36 (compatible; Googlebot/2.1; +http://www.google.com/bot.html)"
216.73.216.108 - - [25/Aug/2026:19:39:48 +0500] "GET /?r=p9y2r5a0m1i7d1o8i8d00 HTTP/1.1" 301 - "-" "Mozilla/5.0 AppleWebKit/537.36 (KHTML, like Gecko; compatible; ClaudeBot/1.0; +claudebot@anthropic.com)"
34.56.53.225 - - [25/Aug/2026:19:40:39 +0500] "GET /docs/2019/sush_fakt-36-20.11.2019.docx HTTP/1.1" 200 32389 "-" "Mozilla/5.0 (Macintosh; Intel Mac OS X 10_15_7) AppleWebKit/537.36 (KHTML, like Gecko) Chrome/120.0.0.0 Safari/537.36"
216.73.216.32 - - [25/Aug/2026:19:40:42 +0500] "GET /?%60=a3e2r9u2g5i2n7o8u7s04 HTTP/1.1" 301 - "-" "Mozilla/5.0 AppleWebKit/537.36 (KHTML, like Gecko; compatible; ClaudeBot/1.0; +claudebot@anthropic.com)"
216.73.216.32 - - [25/Aug/2026:19:40:49 +0500] "GET /uz/?%60=a3e2r9u2g5i2n7o8u7s04 HTTP/1.1" 200 68557 "https://www.eskijuva-bozori.uz.uzbekgidroenergoqurilish.uz/?%60=a3e2r9u2g5i2n7o8u7s04" "Mozilla/5.0 AppleWebKit/537.36 (KHTML, like Gecko; compatible; ClaudeBot/1.0; +claudebot@anthropic.com)"
216.73.216.32 - - [25/Aug/2026:19:41:25 +0500] "GET /?%60=m3a4g2n4e4t3i0s8t553 HTTP/1.1" 301 - "-" "Mozilla/5.0 AppleWebKit/537.36 (KHTML, like Gecko; compatible; ClaudeBot/1.0; +claudebot@anthropic.com)"
216.73.216.32 - - [25/Aug/2026:19:41:32 +0500] "GET /uz/?%60=m3a4g2n4e4t3i0s8t553 HTTP/1.1" 508 288 "https://www.eskijuva-bozori.uz.uzbekgidroenergoqurilish.uz/?%60=m3a4g2n4e4t3i0s8t553" "Mozilla/5.0 AppleWebKit/537.36 (KHTML, like Gecko; compatible; ClaudeBot/1.0; +claudebot@anthropic.com)"
80.31.201.145 - - [25/Aug/2026:19:41:38 +0500] "GET /ru/news-rus/17-russian/shareholders-rus?start=12 HTTP/1.1" 508 288 "-" "Mozilla/5.0 (Windows NT 10.0; WOW64; rv:130.0) Gecko/20100101 Firefox/130.0"
34.30.223.149 - - [25/Aug/2026:19:41:40 +0500] "GET / HTTP/1.1" 301 - "-" "Mozilla/5.0 (Macintosh; Intel Mac OS X 10_15_7) AppleWebKit/537.36 (KHTML, like Gecko) Chrome/120.0.0.0 Safari/537.36"
34.123.149.87 - - [25/Aug/2026:19:41:54 +0500] "GET /uz/about-org-uzb/indexes-uzb/10-uzbek?start=10 HTTP/1.1" 508 288 "-" "Mozilla/5.0 (Macintosh; Intel Mac OS X 10_15_7) AppleWebKit/537.36 (KHTML, like Gecko) Chrome/120.0.0.0 Safari/537.36"
4.204.200.136 - - [25/Aug/2026:19:41:54 +0500] "GET /wp-content/plugins/hellopress/wp_filemanager.php HTTP/1.1" 404 5750 "-" "-"
4.204.200.136 - - [25/Aug/2026:19:41:55 +0500] "GET /this_is_a_new_hello_world.php HTTP/1.1" 404 5750 "-" "-"
4.204.200.136 - - [25/Aug/2026:19:41:55 +0500] "GET /filefuns.php HTTP/1.1" 404 5750 "-" "-"
4.204.200.136 - - [25/Aug/2026:19:41:55 +0500] "GET /wp-cron.php HTTP/1.1" 404 5750 "-" "-"
4.204.200.136 - - [25/Aug/2026:19:41:56 +0500] "GET /lock360.php HTTP/1.1" 404 5750 "-" "-"
4.204.200.136 - - [25/Aug/2026:19:41:56 +0500] "GET /wp-theme.php HTTP/1.1" 404 5750 "-" "-"
4.204.200.136 - - [25/Aug/2026:19:41:57 +0500] "GET /2d7433/index.php HTTP/1.1" 404 5750 "-" "-"
4.204.200.136 - - [25/Aug/2026:19:41:57 +0500] "GET /wp-login.php HTTP/1.1" 404 5750 "-" "-"
4.204.200.136 - - [25/Aug/2026:19:41:57 +0500] "GET /dd8fc3/admin.php?p= HTTP/1.1" 404 5750 "-" "-"
4.204.200.136 - - [25/Aug/2026:19:41:58 +0500] "GET /8950a6/admin.php?p= HTTP/1.1" 404 5750 "-" "-"
4.204.200.136 - - [25/Aug/2026:19:41:58 +0500] "GET /ammika.php HTTP/1.1" 404 5750 "-" "-"
4.204.200.136 - - [25/Aug/2026:19:41:59 +0500] "GET /6b2b7b/admin.php HTTP/1.1" 404 5750 "-" "-"
4.204.200.136 - - [25/Aug/2026:19:41:59 +0500] "GET /1ac325/admin.php HTTP/1.1" 404 5750 "-" "-"
4.204.200.136 - - [25/Aug/2026:19:41:59 +0500] "GET /jqhrkutu.php HTTP/1.1" 404 5750 "-" "-"
4.204.200.136 - - [25/Aug/2026:19:42:00 +0500] "GET /images.php HTTP/1.1" 404 5750 "-" "-"
4.204.200.136 - - [25/Aug/2026:19:42:00 +0500] "GET /ops.php HTTP/1.1" 404 5750 "-" "-"
4.204.200.136 - - [25/Aug/2026:19:42:01 +0500] "GET /4PJcpMFsD8B.php HTTP/1.1" 404 5750 "-" "-"
4.204.200.136 - - [25/Aug/2026:19:42:01 +0500] "GET /3PJcpMFsD8B.php HTTP/1.1" 404 5750 "-" "-"
4.204.200.136 - - [25/Aug/2026:19:42:01 +0500] "GET /9b97ec/index.php HTTP/1.1" 404 5750 "-" "-"
4.204.200.136 - - [25/Aug/2026:19:42:02 +0500] "GET /b9007d/index.php HTTP/1.1" 404 5750 "-" "-"
4.204.200.136 - - [25/Aug/2026:19:42:02 +0500] "GET /aaa.php HTTP/1.1" 404 5750 "-" "-"
4.204.200.136 - - [25/Aug/2026:19:42:03 +0500] "GET /11.php?p= HTTP/1.1" 404 5750 "-" "-"
4.204.200.136 - - [25/Aug/2026:19:42:03 +0500] "GET /about.php HTTP/1.1" 404 5750 "-" "-"
4.204.200.136 - - [25/Aug/2026:19:42:04 +0500] "GET /admin.php/admin.php HTTP/1.1" 404 5750 "-" "-"
4.204.200.136 - - [25/Aug/2026:19:42:04 +0500] "GET /media.php HTTP/1.1" 404 5750 "-" "-"
4.204.200.136 - - [25/Aug/2026:19:42:04 +0500] "GET /admin.php HTTP/1.1" 404 5750 "-" "-"
4.204.200.136 - - [25/Aug/2026:19:42:05 +0500] "GET /mac.php HTTP/1.1" 404 5750 "-" "-"
4.204.200.136 - - [25/Aug/2026:19:42:05 +0500] "GET /1.php HTTP/1.1" 404 5750 "-" "-"
4.204.200.136 - - [25/Aug/2026:19:42:06 +0500] "GET /classwithtostring.php?p= HTTP/1.1" 404 5750 "-" "-"
4.204.200.136 - - [25/Aug/2026:19:42:06 +0500] "GET /wp-ws68.php?p= HTTP/1.1" 404 5750 "-" "-"
4.204.200.136 - - [25/Aug/2026:19:42:06 +0500] "GET /yj09.php HTTP/1.1" 404 5750 "-" "-"
4.204.200.136 - - [25/Aug/2026:19:42:07 +0500] "GET /scxy.php HTTP/1.1" 404 5750 "-" "-"
4.204.200.136 - - [25/Aug/2026:19:42:07 +0500] "GET /blurbs.php HTTP/1.1" 404 5750 "-" "-"
4.204.200.136 - - [25/Aug/2026:19:42:08 +0500] "GET /bajah.php HTTP/1.1" 404 5750 "-" "-"
4.204.200.136 - - [25/Aug/2026:19:42:08 +0500] "GET /domvf.php HTTP/1.1" 404 5750 "-" "-"
4.204.200.136 - - [25/Aug/2026:19:42:08 +0500] "GET /fpwch.php HTTP/1.1" 404 5750 "-" "-"
4.204.200.136 - - [25/Aug/2026:19:42:09 +0500] "GET /adminner.php HTTP/1.1" 404 5750 "-" "-"
4.204.200.136 - - [25/Aug/2026:19:42:09 +0500] "GET /abcd.php HTTP/1.1" 404 5750 "-" "-"
4.204.200.136 - - [25/Aug/2026:19:42:10 +0500] "GET /simple.php HTTP/1.1" 404 5750 "-" "-"
4.204.200.136 - - [25/Aug/2026:19:42:10 +0500] "GET /wp-load.php HTTP/1.1" 404 5750 "-" "-"
4.204.200.136 - - [25/Aug/2026:19:42:10 +0500] "GET /aaa.php?p= HTTP/1.1" 404 5750 "-" "-"
4.204.200.136 - - [25/Aug/2026:19:42:11 +0500] "GET /FWAZ.php HTTP/1.1" 404 5750 "-" "-"
4.204.200.136 - - [25/Aug/2026:19:42:11 +0500] "GET /ccc.php?p= HTTP/1.1" 404 5750 "-" "-"
4.204.200.136 - - [25/Aug/2026:19:42:12 +0500] "GET /admin.php?p= HTTP/1.1" 404 5750 "-" "-"
4.204.200.136 - - [25/Aug/2026:19:42:12 +0500] "GET /reviall.php HTTP/1.1" 404 5750 "-" "-"
4.204.200.136 - - [25/Aug/2026:19:42:13 +0500] "GET /hp2.php HTTP/1.1" 404 5750 "-" "-"
4.204.200.136 - - [25/Aug/2026:19:42:13 +0500] "GET /too.php HTTP/1.1" 404 5750 "-" "-"
4.204.200.136 - - [25/Aug/2026:19:42:13 +0500] "GET /kir.php HTTP/1.1" 404 5750 "-" "-"
4.204.200.136 - - [25/Aug/2026:19:42:14 +0500] "GET /wp-includes/Requests/ HTTP/1.1" 404 5750 "-" "-"
4.204.200.136 - - [25/Aug/2026:19:42:14 +0500] "GET /wp-admin/css/colors/modern/ HTTP/1.1" 404 5750 "-" "-"
4.204.200.136 - - [25/Aug/2026:19:42:15 +0500] "GET /wp-includes/assets/ HTTP/1.1" 404 5750 "-" "-"
4.204.200.136 - - [25/Aug/2026:19:42:15 +0500] "GET /wp-admin/css/colors/sunrise/ HTTP/1.1" 404 5750 "-" "-"
4.204.200.136 - - [25/Aug/2026:19:42:15 +0500] "GET /wp-includes/l10n/ HTTP/1.1" 404 5750 "-" "-"
4.204.200.136 - - [25/Aug/2026:19:42:16 +0500] "GET /wp-content/uploads/ HTTP/1.1" 404 5750 "-" "-"
4.204.200.136 - - [25/Aug/2026:19:42:16 +0500] "GET /cgi-bin/index.php HTTP/1.1" 404 5750 "-" "-"
4.204.200.136 - - [25/Aug/2026:19:42:17 +0500] "GET /wp-includes/css/dist/ HTTP/1.1" 404 5750 "-" "-"
4.204.200.136 - - [25/Aug/2026:19:42:17 +0500] "GET /wp-includes/js/jquery/ HTTP/1.1" 404 5750 "-" "-"
4.204.200.136 - - [25/Aug/2026:19:42:17 +0500] "GET /wp-content/admin.php HTTP/1.1" 404 5750 "-" "-"
4.204.200.136 - - [25/Aug/2026:19:42:18 +0500] "GET /wp-content/themes/index.php HTTP/1.1" 404 5750 "-" "-"
4.204.200.136 - - [25/Aug/2026:19:42:18 +0500] "GET /wp-includes/blocks/details/ HTTP/1.1" 404 5750 "-" "-"
4.204.200.136 - - [25/Aug/2026:19:42:19 +0500] "GET /.well-known/about.php HTTP/1.1" 404 5750 "-" "-"
4.204.200.136 - - [25/Aug/2026:19:42:19 +0500] "GET /wp-includes/ID3/about.php HTTP/1.1" 404 5750 "-" "-"
4.204.200.136 - - [25/Aug/2026:19:42:19 +0500] "GET /wp-includes/Text/ HTTP/1.1" 404 5750 "-" "-"
4.204.200.136 - - [25/Aug/2026:19:42:20 +0500] "GET /ts.php HTTP/1.1" 404 5750 "-" "-"
4.204.200.136 - - [25/Aug/2026:19:42:20 +0500] "GET /bak.php HTTP/1.1" 404 5750 "-" "-"
4.204.200.136 - - [25/Aug/2026:19:42:21 +0500] "GET /olik.php HTTP/1.1" 404 5750 "-" "-"
4.204.200.136 - - [25/Aug/2026:19:42:21 +0500] "GET /about.php HTTP/1.1" 404 5750 "-" "-"
4.204.200.136 - - [25/Aug/2026:19:42:21 +0500] "GET /3cf97/index.php HTTP/1.1" 404 5750 "-" "-"
4.204.200.136 - - [25/Aug/2026:19:42:22 +0500] "GET /term.php HTTP/1.1" 404 5750 "-" "-"
216.73.216.32 - - [25/Aug/2026:19:42:15 +0500] "GET /uz/?format=feed&r=m9u8m0p9e1d56468&type=atom HTTP/1.1" 200 9463 "-" "Mozilla/5.0 AppleWebKit/537.36 (KHTML, like Gecko; compatible; ClaudeBot/1.0; +claudebot@anthropic.com)"
18.214.251.19 - - [25/Aug/2026:19:42:37 +0500] "GET /uz/?__kds_flag=post&start=52 HTTP/1.1" 508 288 "-" "Mozilla/5.0 AppleWebKit/537.36 (KHTML, like Gecko; compatible; Amazonbot/0.1; +https://developer.amazon.com/support/amazonbot) Chrome/119.0.6045.214 Safari/537.36"
192.178.6.99 - - [25/Aug/2026:19:42:41 +0500] "GET /shops/handfasting/h9i3p4p2u7r6i2t9e519 HTTP/1.1" 508 288 "-" "Mozilla/5.0 (Linux; Android 6.0.1; Nexus 5X Build/MMB29P) AppleWebKit/537.36 (KHTML, like Gecko) Chrome/151.0.7922.137 Mobile Safari/537.36 (compatible; GoogleOther)"
216.73.216.32 - - [25/Aug/2026:19:42:54 +0500] "GET /?%60=e3c2l9a9m9p5s1y8669 HTTP/1.1" 301 - "-" "Mozilla/5.0 AppleWebKit/537.36 (KHTML, like Gecko; compatible; ClaudeBot/1.0; +claudebot@anthropic.com)"
34.30.223.149 - - [25/Aug/2026:19:42:54 +0500] "GET /uz/about-org-uzb/indexes-uzb/362-fin-activity-report-2021-uzb HTTP/1.1" 200 56371 "-" "Mozilla/5.0 (Macintosh; Intel Mac OS X 10_15_7) AppleWebKit/537.36 (KHTML, like Gecko) Chrome/120.0.0.0 Safari/537.36"
216.73.216.32 - - [25/Aug/2026:19:43:00 +0500] "GET /uz/?%60=e3c2l9a9m9p5s1y8669 HTTP/1.1" 200 68555 "https://www.eskijuva-bozori.uz.uzbekgidroenergoqurilish.uz/?%60=e3c2l9a9m9p5s1y8669" "Mozilla/5.0 AppleWebKit/537.36 (KHTML, like Gecko; compatible; ClaudeBot/1.0; +claudebot@anthropic.com)"
85.208.96.202 - - [25/Aug/2026:19:43:07 +0500] "GET /uz/?author=16&start=40 HTTP/1.1" 200 68502 "-" "Mozilla/5.0 (compatible; SemrushBot/7~bl; +http://www.semrush.com/bot.html)"
147.185.132.82 - - [25/Aug/2026:19:43:29 +0500] "GET / HTTP/1.1" 508 288 "-" "Hello from Palo Alto Networks, find out more about our scans in https://docs-cortex.paloaltonetworks.com/r/1/Cortex-Xpanse/Scanning-activity"
34.171.68.95 - - [25/Aug/2026:19:43:28 +0500] "GET /ru/info-for-shareholders-rus/256-kpe-4-2018-ej HTTP/1.1" 200 56101 "-" "Mozilla/5.0 (Macintosh; Intel Mac OS X 10_15_7) AppleWebKit/537.36 (KHTML, like Gecko) Chrome/120.0.0.0 Safari/537.36"
100.28.49.152 - - [25/Aug/2026:19:44:05 +0500] "GET /ru/officially-rus/vacancies-rus?format=feed&template=accessibility&type=rss HTTP/1.1" 508 288 "-" "Mozilla/5.0 AppleWebKit/537.36 (KHTML, like Gecko; compatible; Amazonbot/0.1; +https://developer.amazon.com/support/amazonbot) Chrome/119.0.6045.214 Safari/537.36"
54.210.152.179 - - [25/Aug/2026:19:44:21 +0500] "GET /uz/?function=call_user_func_array&s=index/think/app/invokefunction&start=16&vars[0]=phpinfo&vars[1][0]=1 HTTP/1.1" 200 68812 "-" "Mozilla/5.0 AppleWebKit/537.36 (KHTML, like Gecko; compatible; Amazonbot/0.1; +https://developer.amazon.com/support/amazonbot) Chrome/119.0.6045.214 Safari/537.36"
216.73.216.32 - - [25/Aug/2026:19:44:30 +0500] "GET /uz/?%60=p3a4d1e4l1l1a13959&format=feed&type=rss HTTP/1.1" 200 6200 "-" "Mozilla/5.0 AppleWebKit/537.36 (KHTML, like Gecko; compatible; ClaudeBot/1.0; +claudebot@anthropic.com)"
185.191.171.14 - - [25/Aug/2026:19:44:32 +0500] "GET /ru/jsc-docs-rus/383-osa-ru-docx HTTP/1.1" 200 54829 "-" "Mozilla/5.0 (compatible; SemrushBot/7~bl; +http://www.semrush.com/bot.html)"
52.4.238.8 - - [25/Aug/2026:19:45:01 +0500] "GET /ru/?format=feed&template=accessibility&type=atom HTTP/1.1" 200 9592 "-" "Mozilla/5.0 AppleWebKit/537.36 (KHTML, like Gecko; compatible; Amazonbot/0.1; +https://developer.amazon.com/support/amazonbot) Chrome/119.0.6045.214 Safari/537.36"
216.73.216.32 - - [25/Aug/2026:19:46:24 +0500] "GET /uz/?format=feed&r=t4w2o1m6a9s4t1e8d732&type=atom HTTP/1.1" 508 288 "-" "Mozilla/5.0 AppleWebKit/537.36 (KHTML, like Gecko; compatible; ClaudeBot/1.0; +claudebot@anthropic.com)"
185.191.171.18 - - [25/Aug/2026:19:47:10 +0500] "GET /uz/officially-uzb/ustav-uzb/10-uzbek?start=80 HTTP/1.1" 508 288 "-" "Mozilla/5.0 (compatible; SemrushBot/7~bl; +http://www.semrush.com/bot.html)"
40.77.167.203 - - [25/Aug/2026:19:47:32 +0500] "GET /robots.txt HTTP/1.1" 200 111 "-" "Mozilla/5.0 AppleWebKit/537.36 (KHTML, like Gecko; compatible; bingbot/2.0; +http://www.bing.com/bingbot.htm) Chrome/116.0.1938.76 Safari/537.36"
157.55.39.193 - - [25/Aug/2026:19:47:37 +0500] "GET /ru/facts-rus/75-06-fact-18-06-15 HTTP/1.1" 508 288 "-" "Mozilla/5.0 AppleWebKit/537.36 (KHTML, like Gecko; compatible; bingbot/2.0; +http://www.bing.com/bingbot.htm) Chrome/116.0.1938.76 Safari/537.36"
216.73.216.32 - - [25/Aug/2026:19:47:34 +0500] "GET /?%60=k3i2t8t8e1l489288 HTTP/1.1" 301 - "-" "Mozilla/5.0 AppleWebKit/537.36 (KHTML, like Gecko; compatible; ClaudeBot/1.0; +claudebot@anthropic.com)"
34.56.53.225 - - [25/Aug/2026:19:47:43 +0500] "GET /ru/about-org-rus/strategy-rus?format=feed&template=yoo_master2&type=atom HTTP/1.1" 200 180242 "-" "Mozilla/5.0 (Macintosh; Intel Mac OS X 10_15_7) AppleWebKit/537.36 (KHTML, like Gecko) Chrome/120.0.0.0 Safari/537.36"
216.73.216.32 - - [25/Aug/2026:19:47:42 +0500] "GET /uz/?%60=k3i2t8t8e1l489288 HTTP/1.1" 200 68642 "https://www.eskijuva-bozori.uz.uzbekgidroenergoqurilish.uz/?%60=k3i2t8t8e1l489288" "Mozilla/5.0 AppleWebKit/537.36 (KHTML, like Gecko; compatible; ClaudeBot/1.0; +claudebot@anthropic.com)"
216.73.216.32 - - [25/Aug/2026:19:48:05 +0500] "GET /uz/component/search/?Itemid=117&%60=e3s2p9o2u8s6a5l5393&format=opensearch HTTP/1.1" 200 857 "-" "Mozilla/5.0 AppleWebKit/537.36 (KHTML, like Gecko; compatible; ClaudeBot/1.0; +claudebot@anthropic.com)"
152.70.140.184 - - [25/Aug/2026:19:48:15 +0500] "GET /ru/korp-upr-rus/265-corp-upr-rating-2018 HTTP/1.1" 200 15601 "-" "Mozilla/5.0 (X11; Linux aarch64) AppleWebKit/537.36 (KHTML, like Gecko) Chrome/139.0.0.0 Safari/537.36"
152.70.140.184 - - [25/Aug/2026:19:48:21 +0500] "GET /ru/korp-upr-rus/265-corp-upr-rating-2018 HTTP/1.1" 200 15601 "-" "Mozilla/5.0 (X11; Linux aarch64) AppleWebKit/537.36 (KHTML, like Gecko) Chrome/139.0.0.0 Safari/537.36"
5.135.131.226 - - [25/Aug/2026:19:48:31 +0500] "GET /robots.txt HTTP/1.1" 200 111 "-" "Mozilla/5.0 (compatible; MJ12bot/v1.4.8; http://mj12bot.com/)"
5.135.131.226 - - [25/Aug/2026:19:48:35 +0500] "GET /ru/audit-rus/311-audit-2019-rus HTTP/1.1" 508 288 "-" "Mozilla/5.0 (compatible; MJ12bot/v1.4.8; http://mj12bot.com/)"
5.135.131.226 - - [25/Aug/2026:19:49:19 +0500] "GET /uz/?amp;start=48&vars[1][0]=1&start=24 HTTP/1.1" 508 288 "-" "Mozilla/5.0 (compatible; MJ12bot/v1.4.8; http://mj12bot.com/)"
114.119.153.172 - - [25/Aug/2026:19:49:21 +0500] "GET /uz/?function=call_user_func_array&vars%5B0%5D=phpinfo&vars%5B1%5D%5B0%5D=1&start=12 HTTP/1.1" 508 288 "https://eskijuva-bozori.uz/uz/?s=/home/page/uploadImg&start=8" "Mozilla/5.0 (Linux; Android 7.0;) AppleWebKit/537.36 (HTML, like Gecko) Mobile Safari/537.36 (compatible; PetalBot;+https://webmaster.petalsearch.com/site/petalbot)"
5.135.131.226 - - [25/Aug/2026:19:49:23 +0500] "GET /uz/?amp;start=48&vars[1][0]=1&start=40 HTTP/1.1" 200 68515 "-" "Mozilla/5.0 (compatible; MJ12bot/v1.4.8; http://mj12bot.com/)"
34.61.96.6 - - [25/Aug/2026:19:49:28 +0500] "GET /uz/officially-uzb/old-acts-uzb?format=feed&type=rss HTTP/1.1" 200 67047 "-" "Mozilla/5.0 (Macintosh; Intel Mac OS X 10_15_7) AppleWebKit/537.36 (KHTML, like Gecko) Chrome/120.0.0.0 Safari/537.36"
5.135.131.226 - - [25/Aug/2026:19:49:34 +0500] "GET /uz/?r=e4r2a8s4u1r4e55482&format=feed&type=atom HTTP/1.1" 200 8933 "-" "Mozilla/5.0 (compatible; MJ12bot/v1.4.8; http://mj12bot.com/)"
5.135.131.226 - - [25/Aug/2026:19:49:45 +0500] "GET /uz/?r=e4r2a8s4u1r4e55482&format=feed&type=rss HTTP/1.1" 508 288 "-" "Mozilla/5.0 (compatible; MJ12bot/v1.4.8; http://mj12bot.com/)"
5.135.131.226 - - [25/Aug/2026:19:49:49 +0500] "GET /uz/?r=e4r2a8s4u1r4e55482&start=12 HTTP/1.1" 508 288 "-" "Mozilla/5.0 (compatible; MJ12bot/v1.4.8; http://mj12bot.com/)"
216.73.216.108 - - [25/Aug/2026:19:49:50 +0500] "GET /shops/wyandot/p9a4l0e0o4r1n8i9t7h6o9logy HTTP/1.1" 508 288 "-" "Mozilla/5.0 AppleWebKit/537.36 (KHTML, like Gecko; compatible; ClaudeBot/1.0; +claudebot@anthropic.com)"
5.135.131.226 - - [25/Aug/2026:19:49:52 +0500] "GET /uz/?r=e4r2a8s4u1r4e55482&start=4 HTTP/1.1" 508 288 "-" "Mozilla/5.0 (compatible; MJ12bot/v1.4.8; http://mj12bot.com/)"
5.135.131.226 - - [25/Aug/2026:19:49:56 +0500] "GET /uz/?r=e4r2a8s4u1r4e55482&start=52 HTTP/1.1" 508 288 "-" "Mozilla/5.0 (compatible; MJ12bot/v1.4.8; http://mj12bot.com/)"
216.73.216.32 - - [25/Aug/2026:19:49:48 +0500] "GET /uz/?r=d9e5m3o0n3i2a0c5i2s5m&start=12 HTTP/1.1" 200 68652 "-" "Mozilla/5.0 AppleWebKit/537.36 (KHTML, like Gecko; compatible; ClaudeBot/1.0; +claudebot@anthropic.com)"
5.135.131.226 - - [25/Aug/2026:19:50:00 +0500] "GET /uz/?r=e4r2a8s4u1r4e55482&start=8 HTTP/1.1" 200 67586 "-" "Mozilla/5.0 (compatible; MJ12bot/v1.4.8; http://mj12bot.com/)"
5.135.131.226 - - [25/Aug/2026:19:50:13 +0500] "GET /uz/?r=m9o3i5l6i7n2g8588 HTTP/1.1" 200 68444 "-" "Mozilla/5.0 (compatible; MJ12bot/v1.4.8; http://mj12bot.com/)"
3.139.242.79 - - [25/Aug/2026:19:50:26 +0500] "GET /autodiscover/autodiscover.xml HTTP/1.1" 400 52 "http://autodiscover.eskijuva-bozori.uz/" "visionheight.com/scan Mozilla/5.0 (Macintosh; Intel Mac OS X 10_15_7) Chrome/126.0.0.0 Safari/537.36"
5.135.131.226 - - [25/Aug/2026:19:50:24 +0500] "GET /uz/?r=m9o3i5l6i7n2g8588&format=feed&type=atom HTTP/1.1" 200 8932 "-" "Mozilla/5.0 (compatible; MJ12bot/v1.4.8; http://mj12bot.com/)"
5.135.131.226 - - [25/Aug/2026:19:50:34 +0500] "GET /uz/?r=m9o3i5l6i7n2g8588&format=feed&type=rss HTTP/1.1" 508 288 "-" "Mozilla/5.0 (compatible; MJ12bot/v1.4.8; http://mj12bot.com/)"
5.135.131.226 - - [25/Aug/2026:19:50:37 +0500] "GET /uz/?r=m9o3i5l6i7n2g8588&start=12 HTTP/1.1" 200 68452 "-" "Mozilla/5.0 (compatible; MJ12bot/v1.4.8; http://mj12bot.com/)"
5.135.131.226 - - [25/Aug/2026:19:50:48 +0500] "GET /uz/?r=m9o3i5l6i7n2g8588&start=16 HTTP/1.1" 508 288 "-" "Mozilla/5.0 (compatible; MJ12bot/v1.4.8; http://mj12bot.com/)"
114.119.132.114 - - [25/Aug/2026:19:50:43 +0500] "GET /ru/facts-rus/305-36-fact-19-05-2020 HTTP/1.1" 200 55799 "https://eskijuva-bozori.uz/ru/facts-rus/305-36-fact-19-05-2020" "Mozilla/5.0 (Linux; Android 7.0;) AppleWebKit/537.36 (HTML, like Gecko) Mobile Safari/537.36 (compatible; PetalBot;+https://webmaster.petalsearch.com/site/petalbot)"
5.135.131.226 - - [25/Aug/2026:19:50:51 +0500] "GET /uz/?r=m9o3i5l6i7n2g8588&start=20 HTTP/1.1" 200 68212 "-" "Mozilla/5.0 (compatible; MJ12bot/v1.4.8; http://mj12bot.com/)"
5.135.131.226 - - [25/Aug/2026:19:51:03 +0500] "GET /uz/?r=m9o3i5l6i7n2g8588&start=4 HTTP/1.1" 200 67957 "-" "Mozilla/5.0 (compatible; MJ12bot/v1.4.8; http://mj12bot.com/)"
5.135.131.226 - - [25/Aug/2026:19:51:15 +0500] "GET /uz/?r=m9o3i5l6i7n2g8588&start=52 HTTP/1.1" 508 288 "-" "Mozilla/5.0 (compatible; MJ12bot/v1.4.8; http://mj12bot.com/)"
3.139.242.79 - - [25/Aug/2026:19:51:24 +0500] "GET / HTTP/1.1" 400 52 "-" "visionheight.com/scan Mozilla/5.0 (Macintosh; Intel Mac OS X 10_15_7) Chrome/126.0.0.0 Safari/537.36"
5.135.131.226 - - [25/Aug/2026:19:53:08 +0500] "GET /uz/about-org-uzb/indexes-uzb/44-indexes-2014-uzb HTTP/1.1" 508 288 "-" "Mozilla/5.0 (compatible; MJ12bot/v1.4.8; http://mj12bot.com/)"
5.135.131.226 - - [25/Aug/2026:19:53:38 +0500] "GET /uz/about-org-uzb/indexes-uzb/71-indexes-2015-1 HTTP/1.1" 508 288 "-" "Mozilla/5.0 (compatible; MJ12bot/v1.4.8; http://mj12bot.com/)"
66.249.77.71 - - [25/Aug/2026:19:53:51 +0500] "GET /images/content/prospectus-30-03-09/09.jpg HTTP/1.1" 200 20026 "-" "Googlebot-Image/1.0"
5.135.131.226 - - [25/Aug/2026:19:53:53 +0500] "GET /uz/about-org-uzb/indexes-uzb?template=yoo_master2 HTTP/1.1" 508 288 "-" "Mozilla/5.0 (compatible; MJ12bot/v1.4.8; http://mj12bot.com/)"
85.208.96.211 - - [25/Aug/2026:19:54:17 +0500] "GET /uz/about-org-uzb/indexes-uzb/12-uzbek/about-org-uzb?start=10 HTTP/1.1" 200 62488 "-" "Mozilla/5.0 (compatible; SemrushBot/7~bl; +http://www.semrush.com/bot.html)"
5.135.131.226 - - [25/Aug/2026:19:54:46 +0500] "GET /uz/about-org-uzb/strategy-uzb/98-bussiness-plan-2016-uzb HTTP/1.1" 508 288 "-" "Mozilla/5.0 (compatible; MJ12bot/v1.4.8; http://mj12bot.com/)"
216.73.216.108 - - [25/Aug/2026:19:54:55 +0500] "GET /?r=z9u3c1c5h2i3n0i2924 HTTP/1.1" 508 288 "-" "Mozilla/5.0 AppleWebKit/537.36 (KHTML, like Gecko; compatible; ClaudeBot/1.0; +claudebot@anthropic.com)"
5.135.131.226 - - [25/Aug/2026:19:55:15 +0500] "GET /uz/about-org-uzb/strategy-uzb?template=yoo_master2 HTTP/1.1" 508 288 "-" "Mozilla/5.0 (compatible; MJ12bot/v1.4.8; http://mj12bot.com/)"
5.135.131.226 - - [25/Aug/2026:19:55:30 +0500] "GET /uz/about-org-uzb/structure-uzb?template=yoo_master2 HTTP/1.1" 508 288 "-" "Mozilla/5.0 (compatible; MJ12bot/v1.4.8; http://mj12bot.com/)"
5.135.131.226 - - [25/Aug/2026:19:55:46 +0500] "GET /uz/acquisition-of-shares-uz?template=yoo_master2 HTTP/1.1" 200 57574 "-" "Mozilla/5.0 (compatible; MJ12bot/v1.4.8; http://mj12bot.com/)"
5.135.131.226 - - [25/Aug/2026:19:56:01 +0500] "GET /uz/affil-uzb?template=yoo_master2 HTTP/1.1" 508 288 "-" "Mozilla/5.0 (compatible; MJ12bot/v1.4.8; http://mj12bot.com/)"
5.135.131.226 - - [25/Aug/2026:19:56:10 +0500] "GET /uz/audit-uzb/115-audit-2013-uzb HTTP/1.1" 200 55721 "-" "Mozilla/5.0 (compatible; MJ12bot/v1.4.8; http://mj12bot.com/)"
5.135.131.226 - - [25/Aug/2026:19:56:31 +0500] "GET /uz/audit-uzb/36-audit-2014-uzb HTTP/1.1" 200 55545 "-" "Mozilla/5.0 (compatible; MJ12bot/v1.4.8; http://mj12bot.com/)"
161.153.93.247 - - [25/Aug/2026:19:56:46 +0500] "GET /uz/officially-uzb/tenders-uzb?start=12 HTTP/1.1" 508 288 "-" "Mozilla/5.0 (X11; Linux aarch64) AppleWebKit/537.36 (KHTML, like Gecko) Chrome/139.0.0.0 Safari/537.36"
34.123.149.87 - - [25/Aug/2026:19:56:47 +0500] "GET /uz/component/search/?Itemid=145&catid=42&format=opensearch&id=481 HTTP/1.1" 200 757 "-" "Mozilla/5.0 (Macintosh; Intel Mac OS X 10_15_7) AppleWebKit/537.36 (KHTML, like Gecko) Chrome/120.0.0.0 Safari/537.36"
5.135.131.226 - - [25/Aug/2026:19:57:04 +0500] "GET /uz/audit-uzb?template=yoo_master2 HTTP/1.1" 508 288 "-" "Mozilla/5.0 (compatible; MJ12bot/v1.4.8; http://mj12bot.com/)"
5.135.131.226 - - [25/Aug/2026:19:57:12 +0500] "GET /uz/comissions-uzb?template=yoo_master2 HTTP/1.1" 200 58661 "-" "Mozilla/5.0 (compatible; MJ12bot/v1.4.8; http://mj12bot.com/)"
5.135.131.226 - - [25/Aug/2026:19:57:35 +0500] "GET /uz/component/mijopolls/?template=yoo_master2 HTTP/1.1" 508 288 "-" "Mozilla/5.0 (compatible; MJ12bot/v1.4.8; http://mj12bot.com/)"
185.191.171.7 - - [25/Aug/2026:19:57:28 +0500] "GET /uz/events-uzb HTTP/1.1" 200 60258 "-" "Mozilla/5.0 (compatible; SemrushBot/7~bl; +http://www.semrush.com/bot.html)"
5.135.131.226 - - [25/Aug/2026:19:57:51 +0500] "GET /uz/component/mijopolls/poll/1-opros-rus HTTP/1.1" 200 60640 "-" "Mozilla/5.0 (compatible; MJ12bot/v1.4.8; http://mj12bot.com/)"
5.135.131.226 - - [25/Aug/2026:19:58:05 +0500] "GET /uz/contacts-uzb?template=yoo_master2 HTTP/1.1" 508 288 "-" "Mozilla/5.0 (compatible; MJ12bot/v1.4.8; http://mj12bot.com/)"
5.135.131.226 - - [25/Aug/2026:19:58:33 +0500] "GET /uz/dividends-uzb?template=yoo_master2 HTTP/1.1" 508 288 "-" "Mozilla/5.0 (compatible; MJ12bot/v1.4.8; http://mj12bot.com/)"
5.135.131.226 - - [25/Aug/2026:19:59:00 +0500] "GET /uz/events-uzb?template=yoo_master2 HTTP/1.1" 200 59809 "-" "Mozilla/5.0 (compatible; MJ12bot/v1.4.8; http://mj12bot.com/)"
5.135.131.226 - - [25/Aug/2026:19:59:25 +0500] "GET /uz/facts-uzb/53-emitentning-2013-jil-yakunlari-bujicha-jillik-hisoboti HTTP/1.1" 508 288 "-" "Mozilla/5.0 (compatible; MJ12bot/v1.4.8; http://mj12bot.com/)"
5.135.131.226 - - [25/Aug/2026:19:59:29 +0500] "GET /uz/facts-uzb/54-03-emitentning-olij-boshqaruv-organi-tomonidan-qabul-qilingan-qarorlar HTTP/1.1" 200 74650 "-" "Mozilla/5.0 (compatible; MJ12bot/v1.4.8; http://mj12bot.com/)"
5.135.131.226 - - [25/Aug/2026:19:59:38 +0500] "GET /uz/facts-uzb/55-05-mansabdor-shaxslarning-shaxsij-tarkibidagi-uzgarishlar HTTP/1.1" 200 60493 "-" "Mozilla/5.0 (compatible; MJ12bot/v1.4.8; http://mj12bot.com/)"
129.146.156.223 - - [25/Aug/2026:19:59:47 +0500] "GET /ru/officially-rus/ustav-rus/134-ustav-22-07-16-rus HTTP/1.1" 508 288 "-" "Mozilla/5.0 (X11; Linux aarch64) AppleWebKit/537.36 (KHTML, like Gecko) Chrome/139.0.0.0 Safari/537.36"
5.135.131.226 - - [25/Aug/2026:20:00:10 +0500] "GET /uz/facts-uzb?template=eskijuva&start=15 HTTP/1.1" 200 68538 "-" "Mozilla/5.0 (compatible; MJ12bot/v1.4.8; http://mj12bot.com/)"
5.135.131.226 - - [25/Aug/2026:20:00:25 +0500] "GET /uz/facts-uzb?template=eskijuva&start=30 HTTP/1.1" 508 288 "-" "Mozilla/5.0 (compatible; MJ12bot/v1.4.8; http://mj12bot.com/)"
5.135.131.226 - - [25/Aug/2026:20:00:28 +0500] "GET /uz/facts-uzb?template=eskijuva&start=45 HTTP/1.1" 200 68478 "-" "Mozilla/5.0 (compatible; MJ12bot/v1.4.8; http://mj12bot.com/)"
5.135.131.226 - - [25/Aug/2026:20:00:40 +0500] "GET /uz/facts-uzb?template=eskijuva&start=90 HTTP/1.1" 200 63232 "-" "Mozilla/5.0 (compatible; MJ12bot/v1.4.8; http://mj12bot.com/)"
66.249.77.97 - - [25/Aug/2026:20:01:12 +0500] "GET /robots.txt HTTP/1.1" 200 111 "-" "Mozilla/5.0 (compatible; Googlebot/2.1; +http://www.google.com/bot.html)"
66.249.77.98 - - [25/Aug/2026:20:01:12 +0500] "GET /media/ext_tss/assets/css/style.css HTTP/1.1" 200 2387 "http://eskijuva-bozori.uz/" "Mozilla/5.0 (compatible; Googlebot/2.1; +http://www.google.com/bot.html)"
5.135.131.226 - - [25/Aug/2026:20:01:30 +0500] "GET /uz/facts-uzb?template=yoo_master2 HTTP/1.1" 508 288 "-" "Mozilla/5.0 (compatible; MJ12bot/v1.4.8; http://mj12bot.com/)"
5.135.131.226 - - [25/Aug/2026:20:01:48 +0500] "GET /uz/info-for-shareholders-uzb/145-performance-indicators-1-kvartal-2016 HTTP/1.1" 508 288 "-" "Mozilla/5.0 (compatible; MJ12bot/v1.4.8; http://mj12bot.com/)"
5.135.131.226 - - [25/Aug/2026:20:02:03 +0500] "GET /uz/info-for-shareholders-uzb/146-performance-indicators-2-kvartal-2016 HTTP/1.1" 508 288 "-" "Mozilla/5.0 (compatible; MJ12bot/v1.4.8; http://mj12bot.com/)"
5.135.131.226 - - [25/Aug/2026:20:02:24 +0500] "GET /uz/info-for-shareholders-uzb/154-direction-payment HTTP/1.1" 200 58216 "-" "Mozilla/5.0 (compatible; MJ12bot/v1.4.8; http://mj12bot.com/)"
5.135.131.226 - - [25/Aug/2026:20:02:46 +0500] "GET /uz/info-for-shareholders-uzb/155-performance-indicators-2016-full HTTP/1.1" 200 59461 "-" "Mozilla/5.0 (compatible; MJ12bot/v1.4.8; http://mj12bot.com/)"
192.178.6.99 - - [25/Aug/2026:20:03:23 +0500] "GET /docs/reports/2020/balans-1-2-2020.xls HTTP/1.1" 200 53248 "-" "Mozilla/5.0 (Linux; Android 6.0.1; Nexus 5X Build/MMB29P) AppleWebKit/537.36 (KHTML, like Gecko) Chrome/151.0.7922.137 Mobile Safari/537.36 (compatible; Googlebot/2.1; +http://www.google.com/bot.html)"
5.135.131.226 - - [25/Aug/2026:20:04:11 +0500] "GET /uz/news-uzb/72-eski-juva-dehqo-bozori-aj-aktsiyadorlari-diqqatiga HTTP/1.1" 200 58162 "-" "Mozilla/5.0 (compatible; MJ12bot/v1.4.8; http://mj12bot.com/)"
185.191.171.15 - - [25/Aug/2026:20:04:31 +0500] "GET /uz/audit-uzb/10-uzbek HTTP/1.1" 508 288 "-" "Mozilla/5.0 (compatible; SemrushBot/7~bl; +http://www.semrush.com/bot.html)"
52.139.37.240 - - [25/Aug/2026:20:04:48 +0500] "GET /wp-admin/maint/index.php HTTP/1.1" 301 - "-" "Mozilla/5.0 (Windows NT 10.0; Win64; x64) AppleWebKit/537.36 (KHTML, like Gecko) Chrome/120.0.0.0 Safari/537.36"
52.139.37.240 - - [25/Aug/2026:20:04:55 +0500] "GET /wp-content/uploads/min.php HTTP/1.1" 301 - "-" "Mozilla/5.0 (Windows NT 10.0; Win64; x64) AppleWebKit/537.36 (KHTML, like Gecko) Chrome/120.0.0.0 Safari/537.36"
52.139.37.240 - - [25/Aug/2026:20:05:01 +0500] "GET /zoom1.php HTTP/1.1" 301 - "-" "Mozilla/5.0 (Windows NT 10.0; Win64; x64) AppleWebKit/537.36 (KHTML, like Gecko) Chrome/120.0.0.0 Safari/537.36"
52.139.37.240 - - [25/Aug/2026:20:05:07 +0500] "GET /lock360.php HTTP/1.1" 301 - "-" "Mozilla/5.0 (Windows NT 10.0; Win64; x64) AppleWebKit/537.36 (KHTML, like Gecko) Chrome/120.0.0.0 Safari/537.36"
52.139.37.240 - - [25/Aug/2026:20:05:15 +0500] "GET /r.php HTTP/1.1" 508 288 "-" "Mozilla/5.0 (Windows NT 10.0; Win64; x64) AppleWebKit/537.36 (KHTML, like Gecko) Chrome/120.0.0.0 Safari/537.36"
52.139.37.240 - - [25/Aug/2026:20:05:16 +0500] "GET /sf.php HTTP/1.1" 508 288 "-" "Mozilla/5.0 (Windows NT 10.0; Win64; x64) AppleWebKit/537.36 (KHTML, like Gecko) Chrome/120.0.0.0 Safari/537.36"
5.135.131.226 - - [25/Aug/2026:20:05:19 +0500] "GET /uz/officially-uzb/tenders-uzb?template=yoo_master2 HTTP/1.1" 508 288 "-" "Mozilla/5.0 (compatible; MJ12bot/v1.4.8; http://mj12bot.com/)"
52.139.37.240 - - [25/Aug/2026:20:05:16 +0500] "GET /7.php HTTP/1.1" 301 - "-" "Mozilla/5.0 (Windows NT 10.0; Win64; x64) AppleWebKit/537.36 (KHTML, like Gecko) Chrome/120.0.0.0 Safari/537.36"
52.139.37.240 - - [25/Aug/2026:20:05:23 +0500] "GET /b.php HTTP/1.1" 301 - "-" "Mozilla/5.0 (Windows NT 10.0; Win64; x64) AppleWebKit/537.36 (KHTML, like Gecko) Chrome/120.0.0.0 Safari/537.36"
52.139.37.240 - - [25/Aug/2026:20:05:29 +0500] "GET /buy.php HTTP/1.1" 301 - "-" "Mozilla/5.0 (Windows NT 10.0; Win64; x64) AppleWebKit/537.36 (KHTML, like Gecko) Chrome/120.0.0.0 Safari/537.36"
52.139.37.240 - - [25/Aug/2026:20:05:34 +0500] "GET /config.php HTTP/1.1" 301 - "-" "Mozilla/5.0 (Windows NT 10.0; Win64; x64) AppleWebKit/537.36 (KHTML, like Gecko) Chrome/120.0.0.0 Safari/537.36"
103.215.74.26 - - [25/Aug/2026:20:05:45 +0500] "POST /?rest_route=/batch/v1 HTTP/1.1" 400 52 "-" "Mozilla/5.0 (Windows NT 10.0; Win64; x64) AppleWebKit/537.36 (KHTML, like Gecko) Chrome/120.0.0.0 Safari/537.36"
52.139.37.240 - - [25/Aug/2026:20:05:39 +0500] "GET /num.php HTTP/1.1" 301 - "-" "Mozilla/5.0 (Windows NT 10.0; Win64; x64) AppleWebKit/537.36 (KHTML, like Gecko) Chrome/120.0.0.0 Safari/537.36"
52.139.37.240 - - [25/Aug/2026:20:05:45 +0500] "GET /areak1.php HTTP/1.1" 301 - "-" "Mozilla/5.0 (Windows NT 10.0; Win64; x64) AppleWebKit/537.36 (KHTML, like Gecko) Chrome/120.0.0.0 Safari/537.36"
52.139.37.240 - - [25/Aug/2026:20:05:51 +0500] "GET /vc.php HTTP/1.1" 301 - "-" "Mozilla/5.0 (Windows NT 10.0; Win64; x64) AppleWebKit/537.36 (KHTML, like Gecko) Chrome/120.0.0.0 Safari/537.36"
103.215.74.26 - - [25/Aug/2026:20:06:02 +0500] "POST /index.php?rest_route=/batch/v1 HTTP/1.1" 400 52 "-" "Mozilla/5.0 (Windows NT 10.0; Win64; x64) AppleWebKit/537.36 (KHTML, like Gecko) Chrome/120.0.0.0 Safari/537.36"
52.139.37.240 - - [25/Aug/2026:20:05:57 +0500] "GET /wp-content/plugins/admin.php HTTP/1.1" 301 - "-" "Mozilla/5.0 (Windows NT 10.0; Win64; x64) AppleWebKit/537.36 (KHTML, like Gecko) Chrome/120.0.0.0 Safari/537.36"
103.215.74.26 - - [25/Aug/2026:20:06:04 +0500] "POST /index.php?rest_route=%2Fbatch%2Fv1 HTTP/1.1" 400 52 "-" "Mozilla/5.0 (Windows NT 10.0; Win64; x64) AppleWebKit/537.36 (KHTML, like Gecko) Chrome/120.0.0.0 Safari/537.36"
52.139.37.240 - - [25/Aug/2026:20:06:02 +0500] "GET /core.php HTTP/1.1" 301 - "-" "Mozilla/5.0 (Windows NT 10.0; Win64; x64) AppleWebKit/537.36 (KHTML, like Gecko) Chrome/120.0.0.0 Safari/537.36"
52.139.37.240 - - [25/Aug/2026:20:06:07 +0500] "GET /wp-admin/css/colors/blue/ HTTP/1.1" 301 - "-" "Mozilla/5.0 (Windows NT 10.0; Win64; x64) AppleWebKit/537.36 (KHTML, like Gecko) Chrome/120.0.0.0 Safari/537.36"
52.139.37.240 - - [25/Aug/2026:20:06:13 +0500] "GET /wp-content/min.php HTTP/1.1" 301 - "-" "Mozilla/5.0 (Windows NT 10.0; Win64; x64) AppleWebKit/537.36 (KHTML, like Gecko) Chrome/120.0.0.0 Safari/537.36"
103.215.74.26 - - [25/Aug/2026:20:06:23 +0500] "GET /wp-json/gravitysmtp/v1/tests/mock-data?page=gravitysmtp-settings HTTP/1.1" 400 52 "-" "Mozilla/5.0 (Windows NT 10.0; Win64; x64) AppleWebKit/537.36 (KHTML, like Gecko) Chrome/120.0.0.0 Safari/537.36"
103.215.74.26 - - [25/Aug/2026:20:06:24 +0500] "POST / HTTP/1.1" 400 52 "-" "Mozilla/5.0 (Windows NT 10.0; Win64; x64) Chrome/120.0.0.0"
103.215.74.26 - - [25/Aug/2026:20:06:24 +0500] "GET / HTTP/1.1" 400 52 "-" "Mozilla/5.0 (Windows NT 10.0; Win64; x64) AppleWebKit/537.36 (KHTML, like Gecko) Chrome/131.0.0.0 Safari/537.36"
103.215.74.26 - - [25/Aug/2026:20:06:24 +0500] "GET /?rest_route=/gravitysmtp/v1/tests/mock-data&page=gravitysmtp-settings HTTP/1.1" 400 52 "-" "Mozilla/5.0 (Macintosh; Intel Mac OS X 10_15_7) AppleWebKit/605.1.15 (KHTML, like Gecko) Version/17.0 Safari/605.1.15"
52.139.37.240 - - [25/Aug/2026:20:06:19 +0500] "GET /wp-content/plugins/beteng88/ws83.php HTTP/1.1" 301 - "-" "Mozilla/5.0 (Windows NT 10.0; Win64; x64) AppleWebKit/537.36 (KHTML, like Gecko) Chrome/120.0.0.0 Safari/537.36"
103.215.74.26 - - [25/Aug/2026:20:06:25 +0500] "POST / HTTP/1.1" 400 52 "-" "Mozilla/5.0 (Windows NT 10.0; Win64; x64) Chrome/120.0.0.0"
103.215.74.26 - - [25/Aug/2026:20:06:25 +0500] "GET /livewire/update HTTP/1.1" 400 52 "-" "Mozilla/5.0"
103.215.74.26 - - [25/Aug/2026:20:06:25 +0500] "GET /wp-json/gravitysmtp/v1/tests/mock-data?page=gravitysmtp-connections HTTP/1.1" 400 52 "-" "Mozilla/5.0 (X11; Linux x86_64; rv:121.0) Gecko/20100101 Firefox/121.0"
52.139.37.240 - - [25/Aug/2026:20:06:25 +0500] "GET /ws37.php HTTP/1.1" 301 - "-" "Mozilla/5.0 (Windows NT 10.0; Win64; x64) AppleWebKit/537.36 (KHTML, like Gecko) Chrome/120.0.0.0 Safari/537.36"
52.139.37.240 - - [25/Aug/2026:20:06:30 +0500] "GET /new.php HTTP/1.1" 508 288 "-" "Mozilla/5.0 (Windows NT 10.0; Win64; x64) AppleWebKit/537.36 (KHTML, like Gecko) Chrome/120.0.0.0 Safari/537.36"
52.139.37.240 - - [25/Aug/2026:20:06:30 +0500] "GET /wp-admin/js/widgets/ HTTP/1.1" 508 288 "-" "Mozilla/5.0 (Windows NT 10.0; Win64; x64) AppleWebKit/537.36 (KHTML, like Gecko) Chrome/120.0.0.0 Safari/537.36"
52.139.37.240 - - [25/Aug/2026:20:06:31 +0500] "GET /il.php HTTP/1.1" 301 - "-" "Mozilla/5.0 (Windows NT 10.0; Win64; x64) AppleWebKit/537.36 (KHTML, like Gecko) Chrome/120.0.0.0 Safari/537.36"
103.215.74.26 - - [25/Aug/2026:20:06:43 +0500] "GET /?rest_route=/gravitysmtp/v1/tests/mock-data&page=gravitysmtp-connections HTTP/1.1" 400 52 "-" "Mozilla/5.0 (Windows NT 10.0; Win64; x64; rv:121.0) Gecko/20100101 Firefox/121.0"
52.139.37.240 - - [25/Aug/2026:20:06:37 +0500] "GET /images/index.php HTTP/1.1" 301 - "-" "Mozilla/5.0 (Windows NT 10.0; Win64; x64) AppleWebKit/537.36 (KHTML, like Gecko) Chrome/120.0.0.0 Safari/537.36"
103.215.74.26 - - [25/Aug/2026:20:06:45 +0500] "GET /index.php?rest_route=/gravitysmtp/v1/tests/mock-data&page=gravitysmtp-settings HTTP/1.1" 400 52 "-" "Mozilla/5.0 (iPhone; CPU iPhone OS 17_0 like Mac OS X) AppleWebKit/605.1.15 (KHTML, like Gecko) Version/17.0 Mobile/15E148 Safari/604.1"
66.249.77.73 - - [25/Aug/2026:20:06:45 +0500] "GET /images/content/prospectus-30-03-09/07.jpg HTTP/1.1" 200 159911 "-" "Googlebot-Image/1.0"
103.215.74.26 - - [25/Aug/2026:20:06:48 +0500] "GET /wp-json/gravitysmtp/v1/tests/mock-data HTTP/1.1" 400 52 "-" "Mozilla/5.0 (Linux; Android 13; SM-S918B) AppleWebKit/537.36 (KHTML, like Gecko) Chrome/120.0.0.0 Mobile Safari/537.36"
52.139.37.240 - - [25/Aug/2026:20:06:43 +0500] "GET /lite.php HTTP/1.1" 301 - "-" "Mozilla/5.0 (Windows NT 10.0; Win64; x64) AppleWebKit/537.36 (KHTML, like Gecko) Chrome/120.0.0.0 Safari/537.36"
52.139.37.240 - - [25/Aug/2026:20:06:50 +0500] "GET /load.php HTTP/1.1" 508 288 "-" "Mozilla/5.0 (Windows NT 10.0; Win64; x64) AppleWebKit/537.36 (KHTML, like Gecko) Chrome/120.0.0.0 Safari/537.36"
52.139.37.240 - - [25/Aug/2026:20:06:50 +0500] "GET /xda.php HTTP/1.1" 508 288 "-" "Mozilla/5.0 (Windows NT 10.0; Win64; x64) AppleWebKit/537.36 (KHTML, like Gecko) Chrome/120.0.0.0 Safari/537.36"
52.139.37.240 - - [25/Aug/2026:20:06:50 +0500] "GET /.trash7206/index.php HTTP/1.1" 508 288 "-" "Mozilla/5.0 (Windows NT 10.0; Win64; x64) AppleWebKit/537.36 (KHTML, like Gecko) Chrome/120.0.0.0 Safari/537.36"
